2024-03-24T09:40:02.478+0000 7fe02ffff700 1 -- 172.21.15.22:0/3784248098 learned_addr learned my addr 172.21.15.22:0/3784248098 (peer_addr_for_me v2:172.21.15.22:0/0)
2024-03-24T09:40:03.559 INFO:teuthology.orchestra.run.smithi022.stdout:/usr/bin/ceph: stderr
2024-03-24T09:40:02.478+0000 7fe02ffff700 1 -- 172.21.15.22:0/3784248098 --> [v2:172.21.15.22:3300/0,v1:172.21.15.22:6789/0] -- mon_subscribe({config=0+,monmap=0+}) v3 -- 0x7fe024009550 con 0x7fe030106550
2024-03-24T09:40:03.559 INFO:teuthology.orchestra.run.smithi022.stdout:/usr/bin/ceph: stderr
2024-03-24T09:40:02.478+0000 7fe02ffff700 1 --2- 172.21.15.22:0/3784248098 >> [v2:172.21.15.22:3300/0,v1:172.21.15.22:6789/0] conn(0x7fe030106550 0x7fe03019a1e0 secure :-1 s=READY pgs=42 cs=0 l=1 rev1=1 crypto rx=0x7fe024011710 tx=0x7fe0240047c0 comp rx=0 tx=0).ready entity=mon.0 client_cookie=0 server_cookie=0 in_seq=0 out_seq=0
2024-03-24T09:40:03.559 INFO:teuthology.orchestra.run.smithi022.stdout:/usr/bin/ceph: stderr
2024-03-24T09:40:02.478+0000 7fe02d7fa700 1 -- 172.21.15.22:0/3784248098 <== mon.0 v2:172.21.15.22:3300/0 1 ==== mon_map magic: 0 v1 ==== 229+0+0 (secure 0 0 0) 0x7fe024003b10 con 0x7fe030106550
2024-03-24T09:40:03.559 INFO:teuthology.orchestra.run.smithi022.stdout:/usr/bin/ceph: stderr
2024-03-24T09:40:02.479+0000 7fe02d7fa700 1 -- 172.21.15.22:0/3784248098 <== mon.0 v2:172.21.15.22:3300/0 2 ==== config(27 keys) v1 ==== 1042+0+0 (secure 0 0 0) 0x7fe02401b8c0 con 0x7fe030106550
2024-03-24T09:40:03.559 INFO:teuthology.orchestra.run.smithi022.stdout:/usr/bin/ceph: stderr
2024-03-24T09:40:02.479+0000 7fe036a5e700 1 -- 172.21.15.22:0/3784248098 --> [v2:172.21.15.22:3300/0,v1:172.21.15.22:6789/0] -- mon_subscribe({mgrmap=0+}) v3 -- 0x7fe03019a920 con 0x7fe030106550
2024-03-24T09:40:03.559 INFO:teuthology.orchestra.run.smithi022.stdout:/usr/bin/ceph: stderr
2024-03-24T09:40:02.479+0000 7fe02d7fa700 1 -- 172.21.15.22:0/3784248098 <== mon.0 v2:172.21.15.22:3300/0 3 ==== mon_map magic: 0 v1 ==== 229+0+0 (secure 0 0 0) 0x7fe024019770 con 0x7fe030106550
2024-03-24T09:40:03.559 INFO:teuthology.orchestra.run.smithi022.stdout:/usr/bin/ceph: stderr
2024-03-24T09:40:02.479+0000 7fe036a5e700 1 -- 172.21.15.22:0/3784248098 --> [v2:172.21.15.22:3300/0,v1:172.21.15.22:6789/0] -- mon_subscribe({osdmap=0}) v3 -- 0x7fe03019adc0 con 0x7fe030106550
2024-03-24T09:40:03.559 INFO:teuthology.orchestra.run.smithi022.stdout:/usr/bin/ceph: stderr
2024-03-24T09:40:02.479+0000 7fe02d7fa700 1 -- 172.21.15.22:0/3784248098 <== mon.0 v2:172.21.15.22:3300/0 4 ==== mgrmap(e 8) v1 ==== 45548+0+0 (secure 0 0 0) 0x7fe0240199a0 con 0x7fe030106550
2024-03-24T09:40:03.559 INFO:teuthology.orchestra.run.smithi022.stdout:/usr/bin/ceph: stderr
2024-03-24T09:40:02.480+0000 7fe036a5e700 1 -- 172.21.15.22:0/3784248098 --> [v2:172.21.15.22:3300/0,v1:172.21.15.22:6789/0] -- mon_command({"prefix": "get_command_descriptions"} v 0) v1 -- 0x7fe03010a8e0 con 0x7fe030106550
2024-03-24T09:40:03.559 INFO:teuthology.orchestra.run.smithi022.stdout:/usr/bin/ceph: stderr
2024-03-24T09:40:02.480+0000 7fe02d7fa700 1 --2- 172.21.15.22:0/3784248098 >> [v2:172.21.15.22:6800/3036078499,v1:172.21.15.22:6801/3036078499] conn(0x7fe018038770 0x7fe01803ac30 unknown :-1 s=NONE pgs=0 cs=0 l=1 rev1=0 crypto rx=0 tx=0 comp rx=0 tx=0).connect
2024-03-24T09:40:03.560 INFO:teuthology.orchestra.run.smithi022.stdout:/usr/bin/ceph: stderr
2024-03-24T09:40:02.480+0000 7fe02d7fa700 1 -- 172.21.15.22:0/3784248098 <== mon.0 v2:172.21.15.22:3300/0 5 ==== osd_map(2..2 src has 1..2) v4 ==== 940+0+0 (secure 0 0 0) 0x7fe02404c900 con 0x7fe030106550
2024-03-24T09:40:03.560 INFO:teuthology.orchestra.run.smithi022.stdout:/usr/bin/ceph: stderr
2024-03-24T09:40:02.480+0000 7fe02f7fe700 1 --2- 172.21.15.22:0/3784248098 >> [v2:172.21.15.22:6800/3036078499,v1:172.21.15.22:6801/3036078499] conn(0x7fe018038770 0x7fe01803ac30 unknown :-1 s=BANNER_CONNECTING pgs=0 cs=0 l=1 rev1=0 crypto rx=0 tx=0 comp rx=0 tx=0)._handle_peer_banner_payload supported=3 required=0
2024-03-24T09:40:03.560 INFO:teuthology.orchestra.run.smithi022.stdout:/usr/bin/ceph: stderr
2024-03-24T09:40:02.480+0000 7fe02f7fe700 1 --2- 172.21.15.22:0/3784248098 >> [v2:172.21.15.22:6800/3036078499,v1:172.21.15.22:6801/3036078499] conn(0x7fe018038770 0x7fe01803ac30 secure :-1 s=READY pgs=9 cs=0 l=1 rev1=1 crypto rx=0x7fe020006fd0 tx=0x7fe020006e40 comp rx=0 tx=0).ready entity=mgr.14120 client_cookie=0 server_cookie=0 in_seq=0 out_seq=0
2024-03-24T09:40:03.560 INFO:teuthology.orchestra.run.smithi022.stdout:/usr/bin/ceph: stderr
2024-03-24T09:40:02.485+0000 7fe02d7fa700 1 -- 172.21.15.22:0/3784248098 <== mon.0 v2:172.21.15.22:3300/0 6 ==== mon_command_ack([{"prefix": "get_command_descriptions"}]=0 v0) v1 ==== 72+0+182738 (secure 0 0 0) 0x7fe02401a750 con 0x7fe030106550
2024-03-24T09:40:03.560 INFO:teuthology.orchestra.run.smithi022.stdout:/usr/bin/ceph: stderr
2024-03-24T09:40:02.694+0000 7fe036a5e700 1 -- 172.21.15.22:0/3784248098 --> [v2:172.21.15.22:6800/3036078499,v1:172.21.15.22:6801/3036078499] -- mgr_command(tid 0: {"prefix": "cephadm generate-key", "target": ["mon-mgr", ""]}) v1 -- 0x7fe030102db0 con 0x7fe018038770
2024-03-24T09:40:03.560 INFO:teuthology.orchestra.run.smithi022.stdout:/usr/bin/ceph: stderr
2024-03-24T09:40:03.009+0000 7fe02d7fa700 1 -- 172.21.15.22:0/3784248098 <== mgr.14120 v2:172.21.15.22:6800/3036078499 1 ==== mgr_command_reply(tid 0: 0 ) v1 ==== 8+0+0 (secure 0 0 0) 0x7fe030102db0 con 0x7fe018038770
2024-03-24T09:40:03.560 INFO:teuthology.orchestra.run.smithi022.stdout:/usr/bin/ceph: stderr
2024-03-24T09:40:03.011+0000 7fe036a5e700 1 -- 172.21.15.22:0/3784248098 >> [v2:172.21.15.22:6800/3036078499,v1:172.21.15.22:6801/3036078499] conn(0x7fe018038770 msgr2=0x7fe01803ac30 secure :-1 s=STATE_CONNECTION_ESTABLISHED l=1).mark_down
2024-03-24T09:40:03.560 INFO:teuthology.orchestra.run.smithi022.stdout:/usr/bin/ceph: stderr
2024-03-24T09:40:03.011+0000 7fe036a5e700 1 --2- 172.21.15.22:0/3784248098 >> [v2:172.21.15.22:6800/3036078499,v1:172.21.15.22:6801/3036078499] conn(0x7fe018038770 0x7fe01803ac30 secure :-1 s=READY pgs=9 cs=0 l=1 rev1=1 crypto rx=0x7fe020006fd0 tx=0x7fe020006e40 comp rx=0 tx=0).stop
2024-03-24T09:40:03.560 INFO:teuthology.orchestra.run.smithi022.stdout:/usr/bin/ceph: stderr
2024-03-24T09:40:03.011+0000 7fe036a5e700 1 -- 172.21.15.22:0/3784248098 >> [v2:172.21.15.22:3300/0,v1:172.21.15.22:6789/0] conn(0x7fe030106550 msgr2=0x7fe03019a1e0 secure :-1 s=STATE_CONNECTION_ESTABLISHED l=1).mark_down
2024-03-24T09:40:03.560 INFO:teuthology.orchestra.run.smithi022.stdout:/usr/bin/ceph: stderr
2024-03-24T09:40:03.011+0000 7fe036a5e700 1 --2- 172.21.15.22:0/3784248098 >> [v2:172.21.15.22:3300/0,v1:172.21.15.22:6789/0] conn(0x7fe030106550 0x7fe03019a1e0 secure :-1 s=READY pgs=42 cs=0 l=1 rev1=1 crypto rx=0x7fe024011710 tx=0x7fe0240047c0 comp rx=0 tx=0).stop
2024-03-24T09:40:03.560 INFO:teuthology.orchestra.run.smithi022.stdout:/usr/bin/ceph: stderr
2024-03-24T09:40:03.011+0000 7fe036a5e700 1 -- 172.21.15.22:0/3784248098 shutdown_connections
2024-03-24T09:40:03.560 INFO:teuthology.orchestra.run.smithi022.stdout:/usr/bin/ceph: stderr
2024-03-24T09:40:03.011+0000 7fe036a5e700 1 --2- 172.21.15.22:0/3784248098 >> [v2:172.21.15.22:6800/3036078499,v1:172.21.15.22:6801/3036078499] conn(0x7fe018038770 0x7fe01803ac30 unknown :-1 s=CLOSED pgs=9 cs=0 l=1 rev1=1 crypto rx=0 tx=0 comp rx=0 tx=0).stop
2024-03-24T09:40:03.560 INFO:teuthology.orchestra.run.smithi022.stdout:/usr/bin/ceph: stderr
2024-03-24T09:40:03.011+0000 7fe036a5e700 1 --2- 172.21.15.22:0/3784248098 >> [v2:172.21.15.22:3300/0,v1:172.21.15.22:6789/0] conn(0x7fe030106550 0x7fe03019a1e0 unknown :-1 s=CLOSED pgs=42 cs=0 l=1 rev1=1 crypto rx=0 tx=0 comp rx=0 tx=0).stop
2024-03-24T09:40:03.560 INFO:teuthology.orchestra.run.smithi022.stdout:/usr/bin/ceph: stderr
2024-03-24T09:40:03.011+0000 7fe036a5e700 1 -- 172.21.15.22:0/3784248098 >> 172.21.15.22:0/3784248098 conn(0x7fe030101b10 msgr2=0x7fe0301026a0 unknown :-1 s=STATE_NONE l=0).mark_down
2024-03-24T09:40:03.560 INFO:teuthology.orchestra.run.smithi022.stdout:/usr/bin/ceph: stderr
2024-03-24T09:40:03.011+0000 7fe036a5e700 1 -- 172.21.15.22:0/3784248098 shutdown_connections
2024-03-24T09:40:03.561 INFO:teuthology.orchestra.run.smithi022.stdout:/usr/bin/ceph: stderr
2024-03-24T09:40:03.011+0000 7fe036a5e700 1 -- 172.21.15.22:0/3784248098 wait complete.
2024-03-24T09:40:04.282 INFO:journalctl@ceph.mon.smithi022.smithi022.stdout:Mar 24 09:40:04 smithi022 ceph-mon[29512]: from='client.14136 -' entity='client.admin' cmd=[{"prefix": "cephadm generate-key", "target": ["mon-mgr", ""]}]: dispatch
2024-03-24T09:40:04.282 INFO:journalctl@ceph.mon.smithi022.smithi022.stdout:Mar 24 09:40:04 smithi022 ceph-mon[29512]: Generating ssh key...
2024-03-24T09:40:04.755 INFO:teuthology.orchestra.run.smithi022.stdout:/usr/bin/ceph: stdout ssh-rsa AAAAB3NzaC1yc2EAAAADAQABAAABgQDDNcYlsM3foEXSl36/mFg/fy7bIaYscKfx79D+1lQ6b5DszL+AkkZZKMsTkQZjpQiKFn4gIDjgomzNLJxwJmslxl1eZpZUjHK9rHW4QACShEQdsU8Jn3rnhw9iZv6UdVEqVw/KNtO6jSdhsJaobCp8NjwNxB5sBqnuvTmSqClvHFqcaC+/cEpGrZQnjkni+kT8FlL+Mc7JrZRtRrpF/u3z2LpHUoyOcty88EyRn5vzKu4pqAuuzo9iD6of0NNhPTuI19EpjWVemSyTBi0PogQxw15sChCebC5UBJhqddUxhZ1T6H5RjCY3vl9edvGtV9YJ+rynjqfBUsBb3B5qS+WgI95IJ3dY7h4HVhKFX6s76GZ0AvfpJYngp9aZu36p1/IsW70UjwaIE7WO+HiyUGbPxoFq1xGGRbnKSALTbyzcR33LvJltGjPTuKs9eZTMUCSD0bPw3UAMfQrZ06DcdWYNZB4OYeofArGE9n4YqIkHEfV1AQgHH9SavVAvPA4LHaM= ceph-45356448-e9c2-11ee-95cd-87774f69a715
2024-03-24T09:40:04.755 INFO:teuthology.orchestra.run.smithi022.stdout:/usr/bin/ceph: stderr
2024-03-24T09:40:03.932+0000 7f5d8ae20700 1 Processor -- start
2024-03-24T09:40:04.755 INFO:teuthology.orchestra.run.smithi022.stdout:/usr/bin/ceph: stderr
2024-03-24T09:40:03.932+0000 7f5d8ae20700 1 -- start start
2024-03-24T09:40:04.755 INFO:teuthology.orchestra.run.smithi022.stdout:/usr/bin/ceph: stderr
2024-03-24T09:40:03.932+0000 7f5d8ae20700 1 --2- >> [v2:172.21.15.22:3300/0,v1:172.21.15.22:6789/0] conn(0x7f5d84107b60 0x7f5d84107f80 unknown :-1 s=NONE pgs=0 cs=0 l=0 rev1=0 crypto rx=0 tx=0 comp rx=0 tx=0).connect
2024-03-24T09:40:04.755 INFO:teuthology.orchestra.run.smithi022.stdout:/usr/bin/ceph: stderr
2024-03-24T09:40:03.932+0000 7f5d8ae20700 1 -- --> [v2:172.21.15.22:3300/0,v1:172.21.15.22:6789/0] -- mon_getmap magic: 0 v1 -- 0x7f5d84108550 con 0x7f5d84107b60
2024-03-24T09:40:04.756 INFO:teuthology.orchestra.run.smithi022.stdout:/usr/bin/ceph: stderr
2024-03-24T09:40:03.932+0000 7f5d88bbc700 1 --2- >> [v2:172.21.15.22:3300/0,v1:172.21.15.22:6789/0] conn(0x7f5d84107b60 0x7f5d84107f80 unknown :-1 s=BANNER_CONNECTING pgs=0 cs=0 l=0 rev1=0 crypto rx=0 tx=0 comp rx=0 tx=0)._handle_peer_banner_payload supported=3 required=0
2024-03-24T09:40:04.756 INFO:teuthology.orchestra.run.smithi022.stdout:/usr/bin/ceph: stderr
2024-03-24T09:40:03.932+0000 7f5d88bbc700 1 --2- >> [v2:172.21.15.22:3300/0,v1:172.21.15.22:6789/0] conn(0x7f5d84107b60 0x7f5d84107f80 unknown :-1 s=HELLO_CONNECTING pgs=0 cs=0 l=0 rev1=1 crypto rx=0 tx=0 comp rx=0 tx=0).handle_hello peer v2:172.21.15.22:3300/0 says I am v2:172.21.15.22:51004/0 (socket says 172.21.15.22:51004)
2024-03-24T09:40:04.756 INFO:teuthology.orchestra.run.smithi022.stdout:/usr/bin/ceph: stderr
2024-03-24T09:40:03.932+0000 7f5d88bbc700 1 -- 172.21.15.22:0/3045530892 learned_addr learned my addr 172.21.15.22:0/3045530892 (peer_addr_for_me v2:172.21.15.22:0/0)
2024-03-24T09:40:04.756 INFO:teuthology.orchestra.run.smithi022.stdout:/usr/bin/ceph: stderr
2024-03-24T09:40:03.932+0000 7f5d88bbc700 1 -- 172.21.15.22:0/3045530892 --> [v2:172.21.15.22:3300/0,v1:172.21.15.22:6789/0] -- mon_subscribe({config=0+,monmap=0+}) v3 -- 0x7f5d84108690 con 0x7f5d84107b60
2024-03-24T09:40:04.756 INFO:teuthology.orchestra.run.smithi022.stdout:/usr/bin/ceph: stderr
2024-03-24T09:40:03.933+0000 7f5d88bbc700 1 --2- 172.21.15.22:0/3045530892 >> [v2:172.21.15.22:3300/0,v1:172.21.15.22:6789/0] conn(0x7f5d84107b60 0x7f5d84107f80 secure :-1 s=READY pgs=43 cs=0 l=1 rev1=1 crypto rx=0x7f5d7c009e80 tx=0x7f5d7c00b330 comp rx=0 tx=0).ready entity=mon.0 client_cookie=d9a086180d087aa8 server_cookie=0 in_seq=0 out_seq=0
2024-03-24T09:40:04.756 INFO:teuthology.orchestra.run.smithi022.stdout:/usr/bin/ceph: stderr
2024-03-24T09:40:03.933+0000 7f5d837fe700 1 -- 172.21.15.22:0/3045530892 <== mon.0 v2:172.21.15.22:3300/0 1 ==== mon_map magic: 0 v1 ==== 229+0+0 (secure 0 0 0) 0x7f5d7c00e070 con 0x7f5d84107b60
2024-03-24T09:40:04.756 INFO:teuthology.orchestra.run.smithi022.stdout:/usr/bin/ceph: stderr
2024-03-24T09:40:03.933+0000 7f5d837fe700 1 -- 172.21.15.22:0/3045530892 <== mon.0 v2:172.21.15.22:3300/0 2 ==== config(27 keys) v1 ==== 1042+0+0 (secure 0 0 0) 0x7f5d7c00b8c0 con 0x7f5d84107b60
2024-03-24T09:40:04.756 INFO:teuthology.orchestra.run.smithi022.stdout:/usr/bin/ceph: stderr
2024-03-24T09:40:03.933+0000 7f5d837fe700 1 -- 172.21.15.22:0/3045530892 <== mon.0 v2:172.21.15.22:3300/0 3 ==== mon_map magic: 0 v1 ==== 229+0+0 (secure 0 0 0) 0x7f5d7c004440 con 0x7f5d84107b60
2024-03-24T09:40:04.756 INFO:teuthology.orchestra.run.smithi022.stdout:/usr/bin/ceph: stderr
2024-03-24T09:40:03.933+0000 7f5d8ae20700 1 -- 172.21.15.22:0/3045530892 >> [v2:172.21.15.22:3300/0,v1:172.21.15.22:6789/0] conn(0x7f5d84107b60 msgr2=0x7f5d84107f80 secure :-1 s=STATE_CONNECTION_ESTABLISHED l=1).mark_down
2024-03-24T09:40:04.756 INFO:teuthology.orchestra.run.smithi022.stdout:/usr/bin/ceph: stderr
2024-03-24T09:40:03.933+0000 7f5d8ae20700 1 --2- 172.21.15.22:0/3045530892 >> [v2:172.21.15.22:3300/0,v1:172.21.15.22:6789/0] conn(0x7f5d84107b60 0x7f5d84107f80 secure :-1 s=READY pgs=43 cs=0 l=1 rev1=1 crypto rx=0x7f5d7c009e80 tx=0x7f5d7c00b330 comp rx=0 tx=0).stop
2024-03-24T09:40:04.756 INFO:teuthology.orchestra.run.smithi022.stdout:/usr/bin/ceph: stderr
2024-03-24T09:40:03.933+0000 7f5d8ae20700 1 -- 172.21.15.22:0/3045530892 shutdown_connections
2024-03-24T09:40:04.756 INFO:teuthology.orchestra.run.smithi022.stdout:/usr/bin/ceph: stderr
2024-03-24T09:40:03.933+0000 7f5d8ae20700 1 --2- 172.21.15.22:0/3045530892 >> [v2:172.21.15.22:3300/0,v1:172.21.15.22:6789/0] conn(0x7f5d84107b60 0x7f5d84107f80 unknown :-1 s=CLOSED pgs=43 cs=0 l=1 rev1=1 crypto rx=0 tx=0 comp rx=0 tx=0).stop
2024-03-24T09:40:04.756 INFO:teuthology.orchestra.run.smithi022.stdout:/usr/bin/ceph: stderr
2024-03-24T09:40:03.933+0000 7f5d8ae20700 1 -- 172.21.15.22:0/3045530892 >> 172.21.15.22:0/3045530892 conn(0x7f5d841001a0 msgr2=0x7f5d841025c0 unknown :-1 s=STATE_NONE l=0).mark_down
2024-03-24T09:40:04.756 INFO:teuthology.orchestra.run.smithi022.stdout:/usr/bin/ceph: stderr
2024-03-24T09:40:03.933+0000 7f5d8ae20700 1 -- 172.21.15.22:0/3045530892 shutdown_connections
2024-03-24T09:40:04.757 INFO:teuthology.orchestra.run.smithi022.stdout:/usr/bin/ceph: stderr
2024-03-24T09:40:03.933+0000 7f5d8ae20700 1 -- 172.21.15.22:0/3045530892 wait complete.
2024-03-24T09:40:04.757 INFO:teuthology.orchestra.run.smithi022.stdout:/usr/bin/ceph: stderr
2024-03-24T09:40:03.934+0000 7f5d8ae20700 1 Processor -- start
2024-03-24T09:40:04.757 INFO:teuthology.orchestra.run.smithi022.stdout:/usr/bin/ceph: stderr
2024-03-24T09:40:03.934+0000 7f5d8ae20700 1 -- start start
2024-03-24T09:40:04.757 INFO:teuthology.orchestra.run.smithi022.stdout:/usr/bin/ceph: stderr
2024-03-24T09:40:03.934+0000 7f5d8ae20700 1 --2- >> [v2:172.21.15.22:3300/0,v1:172.21.15.22:6789/0] conn(0x7f5d84107b60 0x7f5d8419c410 unknown :-1 s=NONE pgs=0 cs=0 l=1 rev1=0 crypto rx=0 tx=0 comp rx=0 tx=0).connect
2024-03-24T09:40:04.757 INFO:teuthology.orchestra.run.smithi022.stdout:/usr/bin/ceph: stderr
2024-03-24T09:40:03.934+0000 7f5d8ae20700 1 -- --> [v2:172.21.15.22:3300/0,v1:172.21.15.22:6789/0] -- mon_getmap magic: 0 v1 -- 0x7f5d8419c950 con 0x7f5d84107b60
2024-03-24T09:40:04.757 INFO:teuthology.orchestra.run.smithi022.stdout:/usr/bin/ceph: stderr
2024-03-24T09:40:03.934+0000 7f5d88bbc700 1 --2- >> [v2:172.21.15.22:3300/0,v1:172.21.15.22:6789/0] conn(0x7f5d84107b60 0x7f5d8419c410 unknown :-1 s=BANNER_CONNECTING pgs=0 cs=0 l=1 rev1=0 crypto rx=0 tx=0 comp rx=0 tx=0)._handle_peer_banner_payload supported=3 required=0
2024-03-24T09:40:04.757 INFO:teuthology.orchestra.run.smithi022.stdout:/usr/bin/ceph: stderr
2024-03-24T09:40:03.934+0000 7f5d88bbc700 1 --2- >> [v2:172.21.15.22:3300/0,v1:172.21.15.22:6789/0] conn(0x7f5d84107b60 0x7f5d8419c410 unknown :-1 s=HELLO_CONNECTING pgs=0 cs=0 l=1 rev1=1 crypto rx=0 tx=0 comp rx=0 tx=0).handle_hello peer v2:172.21.15.22:3300/0 says I am v2:172.21.15.22:51006/0 (socket says 172.21.15.22:51006)
2024-03-24T09:40:04.757 INFO:teuthology.orchestra.run.smithi022.stdout:/usr/bin/ceph: stderr
2024-03-24T09:40:03.934+0000 7f5d88bbc700 1 -- 172.21.15.22:0/3420787693 learned_addr learned my addr 172.21.15.22:0/3420787693 (peer_addr_for_me v2:172.21.15.22:0/0)
2024-03-24T09:40:04.757 INFO:teuthology.orchestra.run.smithi022.stdout:/usr/bin/ceph: stderr
2024-03-24T09:40:03.935+0000 7f5d88bbc700 1 -- 172.21.15.22:0/3420787693 --> [v2:172.21.15.22:3300/0,v1:172.21.15.22:6789/0] -- mon_subscribe({config=0+,monmap=0+}) v3 -- 0x7f5d7c009b30 con 0x7f5d84107b60
2024-03-24T09:40:04.757 INFO:teuthology.orchestra.run.smithi022.stdout:/usr/bin/ceph: stderr
2024-03-24T09:40:03.935+0000 7f5d88bbc700 1 --2- 172.21.15.22:0/3420787693 >> [v2:172.21.15.22:3300/0,v1:172.21.15.22:6789/0] conn(0x7f5d84107b60 0x7f5d8419c410 secure :-1 s=READY pgs=44 cs=0 l=1 rev1=1 crypto rx=0x7f5d7c003c30 tx=0x7f5d7c003d10 comp rx=0 tx=0).ready entity=mon.0 client_cookie=0 server_cookie=0 in_seq=0 out_seq=0
2024-03-24T09:40:04.757 INFO:teuthology.orchestra.run.smithi022.stdout:/usr/bin/ceph: stderr
2024-03-24T09:40:03.935+0000 7f5d81ffb700 1 -- 172.21.15.22:0/3420787693 <== mon.0 v2:172.21.15.22:3300/0 1 ==== mon_map magic: 0 v1 ==== 229+0+0 (secure 0 0 0) 0x7f5d7c00e040 con 0x7f5d84107b60
2024-03-24T09:40:04.757 INFO:teuthology.orchestra.run.smithi022.stdout:/usr/bin/ceph: stderr
2024-03-24T09:40:03.935+0000 7f5d8ae20700 1 -- 172.21.15.22:0/3420787693 --> [v2:172.21.15.22:3300/0,v1:172.21.15.22:6789/0] -- mon_subscribe({mgrmap=0+}) v3 -- 0x7f5d8419cb50 con 0x7f5d84107b60
2024-03-24T09:40:04.757 INFO:teuthology.orchestra.run.smithi022.stdout:/usr/bin/ceph: stderr
2024-03-24T09:40:03.935+0000 7f5d81ffb700 1 -- 172.21.15.22:0/3420787693 <== mon.0 v2:172.21.15.22:3300/0 2 ==== config(27 keys) v1 ==== 1042+0+0 (secure 0 0 0) 0x7f5d7c00bc40 con 0x7f5d84107b60
2024-03-24T09:40:04.757 INFO:teuthology.orchestra.run.smithi022.stdout:/usr/bin/ceph: stderr
2024-03-24T09:40:03.935+0000 7f5d81ffb700 1 -- 172.21.15.22:0/3420787693 <== mon.0 v2:172.21.15.22:3300/0 3 ==== mon_map magic: 0 v1 ==== 229+0+0 (secure 0 0 0) 0x7f5d7c012750 con 0x7f5d84107b60
2024-03-24T09:40:04.757 INFO:teuthology.orchestra.run.smithi022.stdout:/usr/bin/ceph: stderr
2024-03-24T09:40:03.935+0000 7f5d8ae20700 1 -- 172.21.15.22:0/3420787693 --> [v2:172.21.15.22:3300/0,v1:172.21.15.22:6789/0] -- mon_subscribe({osdmap=0}) v3 -- 0x7f5d8419d050 con 0x7f5d84107b60
2024-03-24T09:40:04.757 INFO:teuthology.orchestra.run.smithi022.stdout:/usr/bin/ceph: stderr
2024-03-24T09:40:03.936+0000 7f5d81ffb700 1 -- 172.21.15.22:0/3420787693 <== mon.0 v2:172.21.15.22:3300/0 4 ==== mgrmap(e 8) v1 ==== 45548+0+0 (secure 0 0 0) 0x7f5d7c019040 con 0x7f5d84107b60
2024-03-24T09:40:04.758 INFO:teuthology.orchestra.run.smithi022.stdout:/usr/bin/ceph: stderr
2024-03-24T09:40:03.936+0000 7f5d81ffb700 1 --2- 172.21.15.22:0/3420787693 >> [v2:172.21.15.22:6800/3036078499,v1:172.21.15.22:6801/3036078499] conn(0x7f5d6c0386e0 0x7f5d6c03aba0 unknown :-1 s=NONE pgs=0 cs=0 l=1 rev1=0 crypto rx=0 tx=0 comp rx=0 tx=0).connect
2024-03-24T09:40:04.758 INFO:teuthology.orchestra.run.smithi022.stdout:/usr/bin/ceph: stderr
2024-03-24T09:40:03.936+0000 7f5d81ffb700 1 -- 172.21.15.22:0/3420787693 <== mon.0 v2:172.21.15.22:3300/0 5 ==== osd_map(2..2 src has 1..2) v4 ==== 940+0+0 (secure 0 0 0) 0x7f5d7c04c300 con 0x7f5d84107b60
2024-03-24T09:40:04.758 INFO:teuthology.orchestra.run.smithi022.stdout:/usr/bin/ceph: stderr
2024-03-24T09:40:03.936+0000 7f5d8ae20700 1 -- 172.21.15.22:0/3420787693 --> [v2:172.21.15.22:3300/0,v1:172.21.15.22:6789/0] -- mon_command({"prefix": "get_command_descriptions"} v 0) v1 -- 0x7f5d840623e0 con 0x7f5d84107b60
2024-03-24T09:40:04.758 INFO:teuthology.orchestra.run.smithi022.stdout:/usr/bin/ceph: stderr
2024-03-24T09:40:03.936+0000 7f5d83fff700 1 --2- 172.21.15.22:0/3420787693 >> [v2:172.21.15.22:6800/3036078499,v1:172.21.15.22:6801/3036078499] conn(0x7f5d6c0386e0 0x7f5d6c03aba0 unknown :-1 s=BANNER_CONNECTING pgs=0 cs=0 l=1 rev1=0 crypto rx=0 tx=0 comp rx=0 tx=0)._handle_peer_banner_payload supported=3 required=0
2024-03-24T09:40:04.758 INFO:teuthology.orchestra.run.smithi022.stdout:/usr/bin/ceph: stderr
2024-03-24T09:40:03.937+0000 7f5d83fff700 1 --2- 172.21.15.22:0/3420787693 >> [v2:172.21.15.22:6800/3036078499,v1:172.21.15.22:6801/3036078499] conn(0x7f5d6c0386e0 0x7f5d6c03aba0 secure :-1 s=READY pgs=10 cs=0 l=1 rev1=1 crypto rx=0x7f5d78006fd0 tx=0x7f5d78006e40 comp rx=0 tx=0).ready entity=mgr.14120 client_cookie=0 server_cookie=0 in_seq=0 out_seq=0
2024-03-24T09:40:04.758 INFO:teuthology.orchestra.run.smithi022.stdout:/usr/bin/ceph: stderr
2024-03-24T09:40:03.941+0000 7f5d81ffb700 1 -- 172.21.15.22:0/3420787693 <== mon.0 v2:172.21.15.22:3300/0 6 ==== mon_command_ack([{"prefix": "get_command_descriptions"}]=0 v0) v1 ==== 72+0+182738 (secure 0 0 0) 0x7f5d7c01f080 con 0x7f5d84107b60
2024-03-24T09:40:04.758 INFO:teuthology.orchestra.run.smithi022.stdout:/usr/bin/ceph: stderr
2024-03-24T09:40:04.147+0000 7f5d8ae20700 1 -- 172.21.15.22:0/3420787693 --> [v2:172.21.15.22:6800/3036078499,v1:172.21.15.22:6801/3036078499] -- mgr_command(tid 0: {"prefix": "cephadm get-pub-key", "target": ["mon-mgr", ""]}) v1 -- 0x7f5d84101300 con 0x7f5d6c0386e0
2024-03-24T09:40:04.758 INFO:teuthology.orchestra.run.smithi022.stdout:/usr/bin/ceph: stderr
2024-03-24T09:40:04.147+0000 7f5d81ffb700 1 -- 172.21.15.22:0/3420787693 <== mgr.14120 v2:172.21.15.22:6800/3036078499 1 ==== mgr_command_reply(tid 0: 0 ) v1 ==== 8+0+595 (secure 0 0 0) 0x7f5d84101300 con 0x7f5d6c0386e0
2024-03-24T09:40:04.758 INFO:teuthology.orchestra.run.smithi022.stdout:/usr/bin/ceph: stderr
2024-03-24T09:40:04.149+0000 7f5d8ae20700 1 -- 172.21.15.22:0/3420787693 >> [v2:172.21.15.22:6800/3036078499,v1:172.21.15.22:6801/3036078499] conn(0x7f5d6c0386e0 msgr2=0x7f5d6c03aba0 secure :-1 s=STATE_CONNECTION_ESTABLISHED l=1).mark_down
2024-03-24T09:40:04.758 INFO:teuthology.orchestra.run.smithi022.stdout:/usr/bin/ceph: stderr
2024-03-24T09:40:04.149+0000 7f5d8ae20700 1 --2- 172.21.15.22:0/3420787693 >> [v2:172.21.15.22:6800/3036078499,v1:172.21.15.22:6801/3036078499] conn(0x7f5d6c0386e0 0x7f5d6c03aba0 secure :-1 s=READY pgs=10 cs=0 l=1 rev1=1 crypto rx=0x7f5d78006fd0 tx=0x7f5d78006e40 comp rx=0 tx=0).stop
2024-03-24T09:40:04.758 INFO:teuthology.orchestra.run.smithi022.stdout:/usr/bin/ceph: stderr
2024-03-24T09:40:04.149+0000 7f5d8ae20700 1 -- 172.21.15.22:0/3420787693 >> [v2:172.21.15.22:3300/0,v1:172.21.15.22:6789/0] conn(0x7f5d84107b60 msgr2=0x7f5d8419c410 secure :-1 s=STATE_CONNECTION_ESTABLISHED l=1).mark_down
2024-03-24T09:40:04.758 INFO:teuthology.orchestra.run.smithi022.stdout:/usr/bin/ceph: stderr
2024-03-24T09:40:04.149+0000 7f5d8ae20700 1 --2- 172.21.15.22:0/3420787693 >> [v2:172.21.15.22:3300/0,v1:172.21.15.22:6789/0] conn(0x7f5d84107b60 0x7f5d8419c410 secure :-1 s=READY pgs=44 cs=0 l=1 rev1=1 crypto rx=0x7f5d7c003c30 tx=0x7f5d7c003d10 comp rx=0 tx=0).stop
2024-03-24T09:40:04.758 INFO:teuthology.orchestra.run.smithi022.stdout:/usr/bin/ceph: stderr
2024-03-24T09:40:04.149+0000 7f5d8ae20700 1 -- 172.21.15.22:0/3420787693 shutdown_connections
2024-03-24T09:40:04.758 INFO:teuthology.orchestra.run.smithi022.stdout:/usr/bin/ceph: stderr
2024-03-24T09:40:04.149+0000 7f5d8ae20700 1 --2- 172.21.15.22:0/3420787693 >> [v2:172.21.15.22:6800/3036078499,v1:172.21.15.22:6801/3036078499] conn(0x7f5d6c0386e0 0x7f5d6c03aba0 unknown :-1 s=CLOSED pgs=10 cs=0 l=1 rev1=1 crypto rx=0 tx=0 comp rx=0 tx=0).stop
2024-03-24T09:40:04.758 INFO:teuthology.orchestra.run.smithi022.stdout:/usr/bin/ceph: stderr
2024-03-24T09:40:04.149+0000 7f5d8ae20700 1 --2- 172.21.15.22:0/3420787693 >> [v2:172.21.15.22:3300/0,v1:172.21.15.22:6789/0] conn(0x7f5d84107b60 0x7f5d8419c410 unknown :-1 s=CLOSED pgs=44 cs=0 l=1 rev1=1 crypto rx=0 tx=0 comp rx=0 tx=0).stop
2024-03-24T09:40:04.759 INFO:teuthology.orchestra.run.smithi022.stdout:/usr/bin/ceph: stderr
2024-03-24T09:40:04.149+0000 7f5d8ae20700 1 -- 172.21.15.22:0/3420787693 >> 172.21.15.22:0/3420787693 conn(0x7f5d841001a0 msgr2=0x7f5d84100bf0 unknown :-1 s=STATE_NONE l=0).mark_down
2024-03-24T09:40:04.759 INFO:teuthology.orchestra.run.smithi022.stdout:/usr/bin/ceph: stderr
2024-03-24T09:40:04.150+0000 7f5d8ae20700 1 -- 172.21.15.22:0/3420787693 shutdown_connections
2024-03-24T09:40:04.759 INFO:teuthology.orchestra.run.smithi022.stdout:/usr/bin/ceph: stderr
2024-03-24T09:40:04.150+0000 7f5d8ae20700 1 -- 172.21.15.22:0/3420787693 wait complete.
2024-03-24T09:40:04.759 INFO:teuthology.orchestra.run.smithi022.stdout:Wrote public SSH key to /home/ubuntu/cephtest/ceph.pub
2024-03-24T09:40:04.759 INFO:teuthology.orchestra.run.smithi022.stdout:Adding key to root@localhost authorized_keys...
2024-03-24T09:40:04.759 INFO:teuthology.orchestra.run.smithi022.stdout:Adding host smithi022...
2024-03-24T09:40:06.235 INFO:journalctl@ceph.mon.smithi022.smithi022.stdout:Mar 24 09:40:06 smithi022 ceph-mon[29512]: from='client.14138 -' entity='client.admin' cmd=[{"prefix": "cephadm get-pub-key", "target": ["mon-mgr", ""]}]: dispatch
2024-03-24T09:40:07.440 INFO:journalctl@ceph.mon.smithi022.smithi022.stdout:Mar 24 09:40:07 smithi022 ceph-mon[29512]: from='client.14140 -' entity='client.admin' cmd=[{"prefix": "orch host add", "hostname": "smithi022", "addr": "172.21.15.22", "target": ["mon-mgr", ""]}]: dispatch
2024-03-24T09:40:07.440 INFO:journalctl@ceph.mon.smithi022.smithi022.stdout:Mar 24 09:40:07 smithi022 ceph-mon[29512]: Deploying cephadm binary to smithi022
2024-03-24T09:40:08.580 INFO:teuthology.orchestra.run.smithi022.stdout:/usr/bin/ceph: stdout Added host 'smithi022' with addr '172.21.15.22'
2024-03-24T09:40:08.580 INFO:teuthology.orchestra.run.smithi022.stdout:/usr/bin/ceph: stderr
2024-03-24T09:40:05.157+0000 7f391dafc700 1 Processor -- start
2024-03-24T09:40:08.580 INFO:teuthology.orchestra.run.smithi022.stdout:/usr/bin/ceph: stderr
2024-03-24T09:40:05.157+0000 7f391dafc700 1 -- start start
2024-03-24T09:40:08.580 INFO:teuthology.orchestra.run.smithi022.stdout:/usr/bin/ceph: stderr
2024-03-24T09:40:05.157+0000 7f391dafc700 1 --2- >> [v2:172.21.15.22:3300/0,v1:172.21.15.22:6789/0] conn(0x7f3918106530 0x7f3918106950 unknown :-1 s=NONE pgs=0 cs=0 l=0 rev1=0 crypto rx=0 tx=0 comp rx=0 tx=0).connect
2024-03-24T09:40:08.580 INFO:teuthology.orchestra.run.smithi022.stdout:/usr/bin/ceph: stderr
2024-03-24T09:40:05.157+0000 7f391dafc700 1 -- --> [v2:172.21.15.22:3300/0,v1:172.21.15.22:6789/0] -- mon_getmap magic: 0 v1 -- 0x7f3918106f20 con 0x7f3918106530
2024-03-24T09:40:08.580 INFO:teuthology.orchestra.run.smithi022.stdout:/usr/bin/ceph: stderr
2024-03-24T09:40:05.157+0000 7f39177fe700 1 --2- >> [v2:172.21.15.22:3300/0,v1:172.21.15.22:6789/0] conn(0x7f3918106530 0x7f3918106950 unknown :-1 s=BANNER_CONNECTING pgs=0 cs=0 l=0 rev1=0 crypto rx=0 tx=0 comp rx=0 tx=0)._handle_peer_banner_payload supported=3 required=0
2024-03-24T09:40:08.581 INFO:teuthology.orchestra.run.smithi022.stdout:/usr/bin/ceph: stderr
2024-03-24T09:40:05.157+0000 7f39177fe700 1 --2- >> [v2:172.21.15.22:3300/0,v1:172.21.15.22:6789/0] conn(0x7f3918106530 0x7f3918106950 unknown :-1 s=HELLO_CONNECTING pgs=0 cs=0 l=0 rev1=1 crypto rx=0 tx=0 comp rx=0 tx=0).handle_hello peer v2:172.21.15.22:3300/0 says I am v2:172.21.15.22:51008/0 (socket says 172.21.15.22:51008)
2024-03-24T09:40:08.581 INFO:teuthology.orchestra.run.smithi022.stdout:/usr/bin/ceph: stderr
2024-03-24T09:40:05.157+0000 7f39177fe700 1 -- 172.21.15.22:0/2615921626 learned_addr learned my addr 172.21.15.22:0/2615921626 (peer_addr_for_me v2:172.21.15.22:0/0)
2024-03-24T09:40:08.581 INFO:teuthology.orchestra.run.smithi022.stdout:/usr/bin/ceph: stderr
2024-03-24T09:40:05.157+0000 7f39177fe700 1 -- 172.21.15.22:0/2615921626 --> [v2:172.21.15.22:3300/0,v1:172.21.15.22:6789/0] -- mon_subscribe({config=0+,monmap=0+}) v3 -- 0x7f3918107690 con 0x7f3918106530
2024-03-24T09:40:08.581 INFO:teuthology.orchestra.run.smithi022.stdout:/usr/bin/ceph: stderr
2024-03-24T09:40:05.157+0000 7f39177fe700 1 --2- 172.21.15.22:0/2615921626 >> [v2:172.21.15.22:3300/0,v1:172.21.15.22:6789/0] conn(0x7f3918106530 0x7f3918106950 secure :-1 s=READY pgs=45 cs=0 l=1 rev1=1 crypto rx=0x7f39080098a0 tx=0x7f3908009bb0 comp rx=0 tx=0).ready entity=mon.0 client_cookie=a7f871812fe88bc6 server_cookie=0 in_seq=0 out_seq=0
2024-03-24T09:40:08.581 INFO:teuthology.orchestra.run.smithi022.stdout:/usr/bin/ceph: stderr
2024-03-24T09:40:05.158+0000 7f39167fc700 1 -- 172.21.15.22:0/2615921626 <== mon.0 v2:172.21.15.22:3300/0 1 ==== mon_map magic: 0 v1 ==== 229+0+0 (secure 0 0 0) 0x7f3908004180 con 0x7f3918106530
2024-03-24T09:40:08.581 INFO:teuthology.orchestra.run.smithi022.stdout:/usr/bin/ceph: stderr
2024-03-24T09:40:05.158+0000 7f39167fc700 1 -- 172.21.15.22:0/2615921626 <== mon.0 v2:172.21.15.22:3300/0 2 ==== config(27 keys) v1 ==== 1042+0+0 (secure 0 0 0) 0x7f39080042e0 con 0x7f3918106530
2024-03-24T09:40:08.581 INFO:teuthology.orchestra.run.smithi022.stdout:/usr/bin/ceph: stderr
2024-03-24T09:40:05.158+0000 7f39167fc700 1 -- 172.21.15.22:0/2615921626 <== mon.0 v2:172.21.15.22:3300/0 3 ==== mon_map magic: 0 v1 ==== 229+0+0 (secure 0 0 0) 0x7f3908011a70 con 0x7f3918106530
2024-03-24T09:40:08.581 INFO:teuthology.orchestra.run.smithi022.stdout:/usr/bin/ceph: stderr
2024-03-24T09:40:05.158+0000 7f391dafc700 1 -- 172.21.15.22:0/2615921626 >> [v2:172.21.15.22:3300/0,v1:172.21.15.22:6789/0] conn(0x7f3918106530 msgr2=0x7f3918106950 secure :-1 s=STATE_CONNECTION_ESTABLISHED l=1).mark_down
2024-03-24T09:40:08.581 INFO:teuthology.orchestra.run.smithi022.stdout:/usr/bin/ceph: stderr
2024-03-24T09:40:05.158+0000 7f391dafc700 1 --2- 172.21.15.22:0/2615921626 >> [v2:172.21.15.22:3300/0,v1:172.21.15.22:6789/0] conn(0x7f3918106530 0x7f3918106950 secure :-1 s=READY pgs=45 cs=0 l=1 rev1=1 crypto rx=0x7f39080098a0 tx=0x7f3908009bb0 comp rx=0 tx=0).stop
2024-03-24T09:40:08.581 INFO:teuthology.orchestra.run.smithi022.stdout:/usr/bin/ceph: stderr
2024-03-24T09:40:05.158+0000 7f391dafc700 1 -- 172.21.15.22:0/2615921626 shutdown_connections
2024-03-24T09:40:08.581 INFO:teuthology.orchestra.run.smithi022.stdout:/usr/bin/ceph: stderr
2024-03-24T09:40:05.158+0000 7f391dafc700 1 --2- 172.21.15.22:0/2615921626 >> [v2:172.21.15.22:3300/0,v1:172.21.15.22:6789/0] conn(0x7f3918106530 0x7f3918106950 unknown :-1 s=CLOSED pgs=45 cs=0 l=1 rev1=1 crypto rx=0 tx=0 comp rx=0 tx=0).stop
2024-03-24T09:40:08.581 INFO:teuthology.orchestra.run.smithi022.stdout:/usr/bin/ceph: stderr
2024-03-24T09:40:05.158+0000 7f391dafc700 1 -- 172.21.15.22:0/2615921626 >> 172.21.15.22:0/2615921626 conn(0x7f3918101b10 msgr2=0x7f3918103f30 unknown :-1 s=STATE_NONE l=0).mark_down
2024-03-24T09:40:08.581 INFO:teuthology.orchestra.run.smithi022.stdout:/usr/bin/ceph: stderr
2024-03-24T09:40:05.158+0000 7f391dafc700 1 -- 172.21.15.22:0/2615921626 shutdown_connections
2024-03-24T09:40:08.582 INFO:teuthology.orchestra.run.smithi022.stdout:/usr/bin/ceph: stderr
2024-03-24T09:40:05.158+0000 7f391dafc700 1 -- 172.21.15.22:0/2615921626 wait complete.
2024-03-24T09:40:08.582 INFO:teuthology.orchestra.run.smithi022.stdout:/usr/bin/ceph: stderr
2024-03-24T09:40:05.159+0000 7f391dafc700 1 Processor -- start
2024-03-24T09:40:08.582 INFO:teuthology.orchestra.run.smithi022.stdout:/usr/bin/ceph: stderr
2024-03-24T09:40:05.159+0000 7f391dafc700 1 -- start start
2024-03-24T09:40:08.582 INFO:teuthology.orchestra.run.smithi022.stdout:/usr/bin/ceph: stderr
2024-03-24T09:40:05.159+0000 7f391dafc700 1 --2- >> [v2:172.21.15.22:3300/0,v1:172.21.15.22:6789/0] conn(0x7f3918106530 0x7f391807bb00 unknown :-1 s=NONE pgs=0 cs=0 l=1 rev1=0 crypto rx=0 tx=0 comp rx=0 tx=0).connect
2024-03-24T09:40:08.582 INFO:teuthology.orchestra.run.smithi022.stdout:/usr/bin/ceph: stderr
2024-03-24T09:40:05.159+0000 7f391dafc700 1 -- --> [v2:172.21.15.22:3300/0,v1:172.21.15.22:6789/0] -- mon_getmap magic: 0 v1 -- 0x7f391807c040 con 0x7f3918106530
2024-03-24T09:40:08.582 INFO:teuthology.orchestra.run.smithi022.stdout:/usr/bin/ceph: stderr
2024-03-24T09:40:05.159+0000 7f39177fe700 1 --2- >> [v2:172.21.15.22:3300/0,v1:172.21.15.22:6789/0] conn(0x7f3918106530 0x7f391807bb00 unknown :-1 s=BANNER_CONNECTING pgs=0 cs=0 l=1 rev1=0 crypto rx=0 tx=0 comp rx=0 tx=0)._handle_peer_banner_payload supported=3 required=0
2024-03-24T09:40:08.582 INFO:teuthology.orchestra.run.smithi022.stdout:/usr/bin/ceph: stderr
2024-03-24T09:40:05.160+0000 7f39177fe700 1 --2- >> [v2:172.21.15.22:3300/0,v1:172.21.15.22:6789/0] conn(0x7f3918106530 0x7f391807bb00 unknown :-1 s=HELLO_CONNECTING pgs=0 cs=0 l=1 rev1=1 crypto rx=0 tx=0 comp rx=0 tx=0).handle_hello peer v2:172.21.15.22:3300/0 says I am v2:172.21.15.22:51014/0 (socket says 172.21.15.22:51014)
2024-03-24T09:40:08.582 INFO:teuthology.orchestra.run.smithi022.stdout:/usr/bin/ceph: stderr
2024-03-24T09:40:05.160+0000 7f39177fe700 1 -- 172.21.15.22:0/3209697766 learned_addr learned my addr 172.21.15.22:0/3209697766 (peer_addr_for_me v2:172.21.15.22:0/0)
2024-03-24T09:40:08.582 INFO:teuthology.orchestra.run.smithi022.stdout:/usr/bin/ceph: stderr
2024-03-24T09:40:05.160+0000 7f39177fe700 1 -- 172.21.15.22:0/3209697766 --> [v2:172.21.15.22:3300/0,v1:172.21.15.22:6789/0] -- mon_subscribe({config=0+,monmap=0+}) v3 -- 0x7f3908009550 con 0x7f3918106530
2024-03-24T09:40:08.582 INFO:teuthology.orchestra.run.smithi022.stdout:/usr/bin/ceph: stderr
2024-03-24T09:40:05.160+0000 7f39177fe700 1 --2- 172.21.15.22:0/3209697766 >> [v2:172.21.15.22:3300/0,v1:172.21.15.22:6789/0] conn(0x7f3918106530 0x7f391807bb00 secure :-1 s=READY pgs=46 cs=0 l=1 rev1=1 crypto rx=0x7f3908003df0 tx=0x7f39080047c0 comp rx=0 tx=0).ready entity=mon.0 client_cookie=0 server_cookie=0 in_seq=0 out_seq=0
2024-03-24T09:40:08.582 INFO:teuthology.orchestra.run.smithi022.stdout:/usr/bin/ceph: stderr
2024-03-24T09:40:05.160+0000 7f3914ff9700 1 -- 172.21.15.22:0/3209697766 <== mon.0 v2:172.21.15.22:3300/0 1 ==== mon_map magic: 0 v1 ==== 229+0+0 (secure 0 0 0) 0x7f3908003a00 con 0x7f3918106530
2024-03-24T09:40:08.582 INFO:teuthology.orchestra.run.smithi022.stdout:/usr/bin/ceph: stderr
2024-03-24T09:40:05.160+0000 7f391dafc700 1 -- 172.21.15.22:0/3209697766 --> [v2:172.21.15.22:3300/0,v1:172.21.15.22:6789/0] -- mon_subscribe({mgrmap=0+}) v3 -- 0x7f391807a280 con 0x7f3918106530
2024-03-24T09:40:08.582 INFO:teuthology.orchestra.run.smithi022.stdout:/usr/bin/ceph: stderr
2024-03-24T09:40:05.160+0000 7f3914ff9700 1 -- 172.21.15.22:0/3209697766 <== mon.0 v2:172.21.15.22:3300/0 2 ==== config(27 keys) v1 ==== 1042+0+0 (secure 0 0 0) 0x7f3908003b60 con 0x7f3918106530
2024-03-24T09:40:08.582 INFO:teuthology.orchestra.run.smithi022.stdout:/usr/bin/ceph: stderr
2024-03-24T09:40:05.160+0000 7f3914ff9700 1 -- 172.21.15.22:0/3209697766 <== mon.0 v2:172.21.15.22:3300/0 3 ==== mon_map magic: 0 v1 ==== 229+0+0 (secure 0 0 0) 0x7f3908023770 con 0x7f3918106530
2024-03-24T09:40:08.583 INFO:teuthology.orchestra.run.smithi022.stdout:/usr/bin/ceph: stderr
2024-03-24T09:40:05.160+0000 7f391dafc700 1 -- 172.21.15.22:0/3209697766 --> [v2:172.21.15.22:3300/0,v1:172.21.15.22:6789/0] -- mon_subscribe({osdmap=0}) v3 -- 0x7f391807a720 con 0x7f3918106530
2024-03-24T09:40:08.583 INFO:teuthology.orchestra.run.smithi022.stdout:/usr/bin/ceph: stderr
2024-03-24T09:40:05.161+0000 7f3914ff9700 1 -- 172.21.15.22:0/3209697766 <== mon.0 v2:172.21.15.22:3300/0 4 ==== mgrmap(e 8) v1 ==== 45548+0+0 (secure 0 0 0) 0x7f390802c3f0 con 0x7f3918106530
2024-03-24T09:40:08.583 INFO:teuthology.orchestra.run.smithi022.stdout:/usr/bin/ceph: stderr
2024-03-24T09:40:05.161+0000 7f3914ff9700 1 --2- 172.21.15.22:0/3209697766 >> [v2:172.21.15.22:6800/3036078499,v1:172.21.15.22:6801/3036078499] conn(0x7f3900038730 0x7f390003abf0 unknown :-1 s=NONE pgs=0 cs=0 l=1 rev1=0 crypto rx=0 tx=0 comp rx=0 tx=0).connect
2024-03-24T09:40:08.583 INFO:teuthology.orchestra.run.smithi022.stdout:/usr/bin/ceph: stderr
2024-03-24T09:40:05.161+0000 7f391dafc700 1 -- 172.21.15.22:0/3209697766 --> [v2:172.21.15.22:3300/0,v1:172.21.15.22:6789/0] -- mon_command({"prefix": "get_command_descriptions"} v 0) v1 -- 0x7f39180623e0 con 0x7f3918106530
2024-03-24T09:40:08.583 INFO:teuthology.orchestra.run.smithi022.stdout:/usr/bin/ceph: stderr
2024-03-24T09:40:05.161+0000 7f3914ff9700 1 -- 172.21.15.22:0/3209697766 <== mon.0 v2:172.21.15.22:3300/0 5 ==== osd_map(2..2 src has 1..2) v4 ==== 940+0+0 (secure 0 0 0) 0x7f390804c950 con 0x7f3918106530
2024-03-24T09:40:08.583 INFO:teuthology.orchestra.run.smithi022.stdout:/usr/bin/ceph: stderr
2024-03-24T09:40:05.161+0000 7f3916ffd700 1 --2- 172.21.15.22:0/3209697766 >> [v2:172.21.15.22:6800/3036078499,v1:172.21.15.22:6801/3036078499] conn(0x7f3900038730 0x7f390003abf0 unknown :-1 s=BANNER_CONNECTING pgs=0 cs=0 l=1 rev1=0 crypto rx=0 tx=0 comp rx=0 tx=0)._handle_peer_banner_payload supported=3 required=0
2024-03-24T09:40:08.583 INFO:teuthology.orchestra.run.smithi022.stdout:/usr/bin/ceph: stderr
2024-03-24T09:40:05.162+0000 7f3916ffd700 1 --2- 172.21.15.22:0/3209697766 >> [v2:172.21.15.22:6800/3036078499,v1:172.21.15.22:6801/3036078499] conn(0x7f3900038730 0x7f390003abf0 secure :-1 s=READY pgs=11 cs=0 l=1 rev1=1 crypto rx=0x7f390c006fd0 tx=0x7f390c006e40 comp rx=0 tx=0).ready entity=mgr.14120 client_cookie=0 server_cookie=0 in_seq=0 out_seq=0
2024-03-24T09:40:08.583 INFO:teuthology.orchestra.run.smithi022.stdout:/usr/bin/ceph: stderr
2024-03-24T09:40:05.166+0000 7f3914ff9700 1 -- 172.21.15.22:0/3209697766 <== mon.0 v2:172.21.15.22:3300/0 6 ==== mon_command_ack([{"prefix": "get_command_descriptions"}]=0 v0) v1 ==== 72+0+182738 (secure 0 0 0) 0x7f3908018940 con 0x7f3918106530
2024-03-24T09:40:08.583 INFO:teuthology.orchestra.run.smithi022.stdout:/usr/bin/ceph: stderr
2024-03-24T09:40:05.372+0000 7f391dafc700 1 -- 172.21.15.22:0/3209697766 --> [v2:172.21.15.22:6800/3036078499,v1:172.21.15.22:6801/3036078499] -- mgr_command(tid 0: {"prefix": "orch host add", "hostname": "smithi022", "addr": "172.21.15.22", "target": ["mon-mgr", ""]}) v1 -- 0x7f391807b180 con 0x7f3900038730
2024-03-24T09:40:08.583 INFO:teuthology.orchestra.run.smithi022.stdout:/usr/bin/ceph: stderr
2024-03-24T09:40:08.041+0000 7f3914ff9700 1 -- 172.21.15.22:0/3209697766 <== mgr.14120 v2:172.21.15.22:6800/3036078499 1 ==== mgr_command_reply(tid 0: 0 ) v1 ==== 8+0+48 (secure 0 0 0) 0x7f391807b180 con 0x7f3900038730
2024-03-24T09:40:08.583 INFO:teuthology.orchestra.run.smithi022.stdout:/usr/bin/ceph: stderr
2024-03-24T09:40:08.043+0000 7f391dafc700 1 -- 172.21.15.22:0/3209697766 >> [v2:172.21.15.22:6800/3036078499,v1:172.21.15.22:6801/3036078499] conn(0x7f3900038730 msgr2=0x7f390003abf0 secure :-1 s=STATE_CONNECTION_ESTABLISHED l=1).mark_down
2024-03-24T09:40:08.583 INFO:teuthology.orchestra.run.smithi022.stdout:/usr/bin/ceph: stderr
2024-03-24T09:40:08.043+0000 7f391dafc700 1 --2- 172.21.15.22:0/3209697766 >> [v2:172.21.15.22:6800/3036078499,v1:172.21.15.22:6801/3036078499] conn(0x7f3900038730 0x7f390003abf0 secure :-1 s=READY pgs=11 cs=0 l=1 rev1=1 crypto rx=0x7f390c006fd0 tx=0x7f390c006e40 comp rx=0 tx=0).stop
2024-03-24T09:40:08.583 INFO:teuthology.orchestra.run.smithi022.stdout:/usr/bin/ceph: stderr
2024-03-24T09:40:08.043+0000 7f391dafc700 1 -- 172.21.15.22:0/3209697766 >> [v2:172.21.15.22:3300/0,v1:172.21.15.22:6789/0] conn(0x7f3918106530 msgr2=0x7f391807bb00 secure :-1 s=STATE_CONNECTION_ESTABLISHED l=1).mark_down
2024-03-24T09:40:08.583 INFO:teuthology.orchestra.run.smithi022.stdout:/usr/bin/ceph: stderr
2024-03-24T09:40:08.043+0000 7f391dafc700 1 --2- 172.21.15.22:0/3209697766 >> [v2:172.21.15.22:3300/0,v1:172.21.15.22:6789/0] conn(0x7f3918106530 0x7f391807bb00 secure :-1 s=READY pgs=46 cs=0 l=1 rev1=1 crypto rx=0x7f3908003df0 tx=0x7f39080047c0 comp rx=0 tx=0).stop
2024-03-24T09:40:08.584 INFO:teuthology.orchestra.run.smithi022.stdout:/usr/bin/ceph: stderr
2024-03-24T09:40:08.043+0000 7f391dafc700 1 -- 172.21.15.22:0/3209697766 shutdown_connections
2024-03-24T09:40:08.584 INFO:teuthology.orchestra.run.smithi022.stdout:/usr/bin/ceph: stderr
2024-03-24T09:40:08.043+0000 7f391dafc700 1 --2- 172.21.15.22:0/3209697766 >> [v2:172.21.15.22:6800/3036078499,v1:172.21.15.22:6801/3036078499] conn(0x7f3900038730 0x7f390003abf0 unknown :-1 s=CLOSED pgs=11 cs=0 l=1 rev1=1 crypto rx=0 tx=0 comp rx=0 tx=0).stop
2024-03-24T09:40:08.584 INFO:teuthology.orchestra.run.smithi022.stdout:/usr/bin/ceph: stderr
2024-03-24T09:40:08.043+0000 7f391dafc700 1 --2- 172.21.15.22:0/3209697766 >> [v2:172.21.15.22:3300/0,v1:172.21.15.22:6789/0] conn(0x7f3918106530 0x7f391807bb00 unknown :-1 s=CLOSED pgs=46 cs=0 l=1 rev1=1 crypto rx=0 tx=0 comp rx=0 tx=0).stop
2024-03-24T09:40:08.584 INFO:teuthology.orchestra.run.smithi022.stdout:/usr/bin/ceph: stderr
2024-03-24T09:40:08.043+0000 7f391dafc700 1 -- 172.21.15.22:0/3209697766 >> 172.21.15.22:0/3209697766 conn(0x7f3918101b10 msgr2=0x7f3918102710 unknown :-1 s=STATE_NONE l=0).mark_down
2024-03-24T09:40:08.584 INFO:teuthology.orchestra.run.smithi022.stdout:/usr/bin/ceph: stderr
2024-03-24T09:40:08.043+0000 7f391dafc700 1 -- 172.21.15.22:0/3209697766 shutdown_connections
2024-03-24T09:40:08.584 INFO:teuthology.orchestra.run.smithi022.stdout:/usr/bin/ceph: stderr
2024-03-24T09:40:08.043+0000 7f391dafc700 1 -- 172.21.15.22:0/3209697766 wait complete.
2024-03-24T09:40:08.584 INFO:teuthology.orchestra.run.smithi022.stdout:Deploying mon service with default placement...
2024-03-24T09:40:09.282 INFO:journalctl@ceph.mon.smithi022.smithi022.stdout:Mar 24 09:40:09 smithi022 ceph-mon[29512]: from='mgr.14120 172.21.15.22:0/3193617044' entity='mgr.smithi022.emgmxz'
2024-03-24T09:40:09.285 INFO:journalctl@ceph.mon.smithi022.smithi022.stdout:Mar 24 09:40:09 smithi022 ceph-mon[29512]: Added host smithi022
2024-03-24T09:40:09.285 INFO:journalctl@ceph.mon.smithi022.smithi022.stdout:Mar 24 09:40:09 smithi022 ceph-mon[29512]: from='mgr.14120 172.21.15.22:0/3193617044' entity='mgr.smithi022.emgmxz' cmd=[{"prefix": "config dump", "format": "json"}]: dispatch
2024-03-24T09:40:10.550 INFO:teuthology.orchestra.run.smithi022.stdout:/usr/bin/ceph: stdout Scheduled mon update...
2024-03-24T09:40:10.550 INFO:teuthology.orchestra.run.smithi022.stdout:/usr/bin/ceph: stderr
2024-03-24T09:40:09.211+0000 7f390b4c5700 1 Processor -- start
2024-03-24T09:40:10.550 INFO:teuthology.orchestra.run.smithi022.stdout:/usr/bin/ceph: stderr
2024-03-24T09:40:09.212+0000 7f390b4c5700 1 -- start start
2024-03-24T09:40:10.550 INFO:teuthology.orchestra.run.smithi022.stdout:/usr/bin/ceph: stderr
2024-03-24T09:40:09.212+0000 7f390b4c5700 1 --2- >> [v2:172.21.15.22:3300/0,v1:172.21.15.22:6789/0] conn(0x7f3904104de0 0x7f3904105200 unknown :-1 s=NONE pgs=0 cs=0 l=0 rev1=0 crypto rx=0 tx=0 comp rx=0 tx=0).connect
2024-03-24T09:40:10.550 INFO:teuthology.orchestra.run.smithi022.stdout:/usr/bin/ceph: stderr
2024-03-24T09:40:09.212+0000 7f390b4c5700 1 -- --> [v2:172.21.15.22:3300/0,v1:172.21.15.22:6789/0] -- mon_getmap magic: 0 v1 -- 0x7f3904079e10 con 0x7f3904104de0
2024-03-24T09:40:10.551 INFO:teuthology.orchestra.run.smithi022.stdout:/usr/bin/ceph: stderr
2024-03-24T09:40:09.212+0000 7f3909261700 1 --2- >> [v2:172.21.15.22:3300/0,v1:172.21.15.22:6789/0] conn(0x7f3904104de0 0x7f3904105200 unknown :-1 s=BANNER_CONNECTING pgs=0 cs=0 l=0 rev1=0 crypto rx=0 tx=0 comp rx=0 tx=0)._handle_peer_banner_payload supported=3 required=0
2024-03-24T09:40:10.551 INFO:teuthology.orchestra.run.smithi022.stdout:/usr/bin/ceph: stderr
2024-03-24T09:40:09.212+0000 7f3909261700 1 --2- >> [v2:172.21.15.22:3300/0,v1:172.21.15.22:6789/0] conn(0x7f3904104de0 0x7f3904105200 unknown :-1 s=HELLO_CONNECTING pgs=0 cs=0 l=0 rev1=1 crypto rx=0 tx=0 comp rx=0 tx=0).handle_hello peer v2:172.21.15.22:3300/0 says I am v2:172.21.15.22:60422/0 (socket says 172.21.15.22:60422)
2024-03-24T09:40:10.551 INFO:teuthology.orchestra.run.smithi022.stdout:/usr/bin/ceph: stderr
2024-03-24T09:40:09.212+0000 7f3909261700 1 -- 172.21.15.22:0/1088575059 learned_addr learned my addr 172.21.15.22:0/1088575059 (peer_addr_for_me v2:172.21.15.22:0/0)
2024-03-24T09:40:10.551 INFO:teuthology.orchestra.run.smithi022.stdout:/usr/bin/ceph: stderr
2024-03-24T09:40:09.212+0000 7f3909261700 1 -- 172.21.15.22:0/1088575059 --> [v2:172.21.15.22:3300/0,v1:172.21.15.22:6789/0] -- mon_subscribe({config=0+,monmap=0+}) v3 -- 0x7f3904105740 con 0x7f3904104de0
2024-03-24T09:40:10.551 INFO:teuthology.orchestra.run.smithi022.stdout:/usr/bin/ceph: stderr
2024-03-24T09:40:09.213+0000 7f3909261700 1 --2- 172.21.15.22:0/1088575059 >> [v2:172.21.15.22:3300/0,v1:172.21.15.22:6789/0] conn(0x7f3904104de0 0x7f3904105200 secure :-1 s=READY pgs=47 cs=0 l=1 rev1=1 crypto rx=0x7f39000098a0 tx=0x7f3900009bb0 comp rx=0 tx=0).ready entity=mon.0 client_cookie=8a057cd8b47b3933 server_cookie=0 in_seq=0 out_seq=0
2024-03-24T09:40:10.551 INFO:teuthology.orchestra.run.smithi022.stdout:/usr/bin/ceph: stderr
2024-03-24T09:40:09.213+0000 7f38fbfff700 1 -- 172.21.15.22:0/1088575059 <== mon.0 v2:172.21.15.22:3300/0 1 ==== mon_map magic: 0 v1 ==== 229+0+0 (secure 0 0 0) 0x7f3900004180 con 0x7f3904104de0
2024-03-24T09:40:10.551 INFO:teuthology.orchestra.run.smithi022.stdout:/usr/bin/ceph: stderr
2024-03-24T09:40:09.213+0000 7f38fbfff700 1 -- 172.21.15.22:0/1088575059 <== mon.0 v2:172.21.15.22:3300/0 2 ==== config(27 keys) v1 ==== 1042+0+0 (secure 0 0 0) 0x7f39000042e0 con 0x7f3904104de0
2024-03-24T09:40:10.551 INFO:teuthology.orchestra.run.smithi022.stdout:/usr/bin/ceph: stderr
2024-03-24T09:40:09.213+0000 7f38fbfff700 1 -- 172.21.15.22:0/1088575059 <== mon.0 v2:172.21.15.22:3300/0 3 ==== mon_map magic: 0 v1 ==== 229+0+0 (secure 0 0 0) 0x7f3900011a70 con 0x7f3904104de0
2024-03-24T09:40:10.551 INFO:teuthology.orchestra.run.smithi022.stdout:/usr/bin/ceph: stderr
2024-03-24T09:40:09.213+0000 7f390b4c5700 1 -- 172.21.15.22:0/1088575059 >> [v2:172.21.15.22:3300/0,v1:172.21.15.22:6789/0] conn(0x7f3904104de0 msgr2=0x7f3904105200 secure :-1 s=STATE_CONNECTION_ESTABLISHED l=1).mark_down
2024-03-24T09:40:10.551 INFO:teuthology.orchestra.run.smithi022.stdout:/usr/bin/ceph: stderr
2024-03-24T09:40:09.213+0000 7f390b4c5700 1 --2- 172.21.15.22:0/1088575059 >> [v2:172.21.15.22:3300/0,v1:172.21.15.22:6789/0] conn(0x7f3904104de0 0x7f3904105200 secure :-1 s=READY pgs=47 cs=0 l=1 rev1=1 crypto rx=0x7f39000098a0 tx=0x7f3900009bb0 comp rx=0 tx=0).stop
2024-03-24T09:40:10.551 INFO:teuthology.orchestra.run.smithi022.stdout:/usr/bin/ceph: stderr
2024-03-24T09:40:09.213+0000 7f390b4c5700 1 -- 172.21.15.22:0/1088575059 shutdown_connections
2024-03-24T09:40:10.551 INFO:teuthology.orchestra.run.smithi022.stdout:/usr/bin/ceph: stderr
2024-03-24T09:40:09.213+0000 7f390b4c5700 1 --2- 172.21.15.22:0/1088575059 >> [v2:172.21.15.22:3300/0,v1:172.21.15.22:6789/0] conn(0x7f3904104de0 0x7f3904105200 unknown :-1 s=CLOSED pgs=47 cs=0 l=1 rev1=1 crypto rx=0 tx=0 comp rx=0 tx=0).stop
2024-03-24T09:40:10.551 INFO:teuthology.orchestra.run.smithi022.stdout:/usr/bin/ceph: stderr
2024-03-24T09:40:09.213+0000 7f390b4c5700 1 -- 172.21.15.22:0/1088575059 >> 172.21.15.22:0/1088575059 conn(0x7f3904100a00 msgr2=0x7f3904102e20 unknown :-1 s=STATE_NONE l=0).mark_down
2024-03-24T09:40:10.552 INFO:teuthology.orchestra.run.smithi022.stdout:/usr/bin/ceph: stderr
2024-03-24T09:40:09.213+0000 7f390b4c5700 1 -- 172.21.15.22:0/1088575059 shutdown_connections
2024-03-24T09:40:10.552 INFO:teuthology.orchestra.run.smithi022.stdout:/usr/bin/ceph: stderr
2024-03-24T09:40:09.213+0000 7f390b4c5700 1 -- 172.21.15.22:0/1088575059 wait complete.
2024-03-24T09:40:10.552 INFO:teuthology.orchestra.run.smithi022.stdout:/usr/bin/ceph: stderr
2024-03-24T09:40:09.214+0000 7f390b4c5700 1 Processor -- start
2024-03-24T09:40:10.552 INFO:teuthology.orchestra.run.smithi022.stdout:/usr/bin/ceph: stderr
2024-03-24T09:40:09.214+0000 7f390b4c5700 1 -- start start
2024-03-24T09:40:10.552 INFO:teuthology.orchestra.run.smithi022.stdout:/usr/bin/ceph: stderr
2024-03-24T09:40:09.214+0000 7f390b4c5700 1 --2- >> [v2:172.21.15.22:3300/0,v1:172.21.15.22:6789/0] conn(0x7f3904104de0 0x7f390419c400 unknown :-1 s=NONE pgs=0 cs=0 l=1 rev1=0 crypto rx=0 tx=0 comp rx=0 tx=0).connect
2024-03-24T09:40:10.552 INFO:teuthology.orchestra.run.smithi022.stdout:/usr/bin/ceph: stderr
2024-03-24T09:40:09.214+0000 7f390b4c5700 1 -- --> [v2:172.21.15.22:3300/0,v1:172.21.15.22:6789/0] -- mon_getmap magic: 0 v1 -- 0x7f390419c940 con 0x7f3904104de0
2024-03-24T09:40:10.552 INFO:teuthology.orchestra.run.smithi022.stdout:/usr/bin/ceph: stderr
2024-03-24T09:40:09.214+0000 7f3909261700 1 --2- >> [v2:172.21.15.22:3300/0,v1:172.21.15.22:6789/0] conn(0x7f3904104de0 0x7f390419c400 unknown :-1 s=BANNER_CONNECTING pgs=0 cs=0 l=1 rev1=0 crypto rx=0 tx=0 comp rx=0 tx=0)._handle_peer_banner_payload supported=3 required=0
2024-03-24T09:40:10.552 INFO:teuthology.orchestra.run.smithi022.stdout:/usr/bin/ceph: stderr
2024-03-24T09:40:09.214+0000 7f3909261700 1 --2- >> [v2:172.21.15.22:3300/0,v1:172.21.15.22:6789/0] conn(0x7f3904104de0 0x7f390419c400 unknown :-1 s=HELLO_CONNECTING pgs=0 cs=0 l=1 rev1=1 crypto rx=0 tx=0 comp rx=0 tx=0).handle_hello peer v2:172.21.15.22:3300/0 says I am v2:172.21.15.22:60436/0 (socket says 172.21.15.22:60436)
2024-03-24T09:40:10.552 INFO:teuthology.orchestra.run.smithi022.stdout:/usr/bin/ceph: stderr
2024-03-24T09:40:09.214+0000 7f3909261700 1 -- 172.21.15.22:0/3555245887 learned_addr learned my addr 172.21.15.22:0/3555245887 (peer_addr_for_me v2:172.21.15.22:0/0)
2024-03-24T09:40:10.552 INFO:teuthology.orchestra.run.smithi022.stdout:/usr/bin/ceph: stderr
2024-03-24T09:40:09.215+0000 7f3909261700 1 -- 172.21.15.22:0/3555245887 --> [v2:172.21.15.22:3300/0,v1:172.21.15.22:6789/0] -- mon_subscribe({config=0+,monmap=0+}) v3 -- 0x7f3900009550 con 0x7f3904104de0
