2024-03-24T09:40:18.317+0000 7f279e7fc700 1 -- 172.21.15.22:0/41555907 <== mon.0 v2:172.21.15.22:3300/0 2 ==== config(27 keys) v1 ==== 1109+0+0 (secure 0 0 0) 0x7f27a4003a10 con 0x7f27a81053f0
2024-03-24T09:40:19.143 INFO:teuthology.orchestra.run.smithi022.stdout:/usr/bin/ceph: stderr
2024-03-24T09:40:18.317+0000 7f27af965700 1 -- 172.21.15.22:0/41555907 --> [v2:172.21.15.22:3300/0,v1:172.21.15.22:6789/0] -- mon_subscribe({mgrmap=0+}) v3 -- 0x7f27a819cfd0 con 0x7f27a81053f0
2024-03-24T09:40:19.143 INFO:teuthology.orchestra.run.smithi022.stdout:/usr/bin/ceph: stderr
2024-03-24T09:40:18.317+0000 7f279e7fc700 1 -- 172.21.15.22:0/41555907 <== mon.0 v2:172.21.15.22:3300/0 3 ==== mon_map magic: 0 v1 ==== 229+0+0 (secure 0 0 0) 0x7f27a4019770 con 0x7f27a81053f0
2024-03-24T09:40:19.143 INFO:teuthology.orchestra.run.smithi022.stdout:/usr/bin/ceph: stderr
2024-03-24T09:40:18.317+0000 7f27af965700 1 -- 172.21.15.22:0/41555907 --> [v2:172.21.15.22:3300/0,v1:172.21.15.22:6789/0] -- mon_subscribe({osdmap=0}) v3 -- 0x7f27a819d410 con 0x7f27a81053f0
2024-03-24T09:40:19.143 INFO:teuthology.orchestra.run.smithi022.stdout:/usr/bin/ceph: stderr
2024-03-24T09:40:18.318+0000 7f279e7fc700 1 -- 172.21.15.22:0/41555907 <== mon.0 v2:172.21.15.22:3300/0 4 ==== mgrmap(e 8) v1 ==== 45548+0+0 (secure 0 0 0) 0x7f27a401a430 con 0x7f27a81053f0
2024-03-24T09:40:19.143 INFO:teuthology.orchestra.run.smithi022.stdout:/usr/bin/ceph: stderr
2024-03-24T09:40:18.318+0000 7f27af965700 1 -- 172.21.15.22:0/41555907 --> [v2:172.21.15.22:3300/0,v1:172.21.15.22:6789/0] -- mon_command({"prefix": "get_command_descriptions"} v 0) v1 -- 0x7f27a8109820 con 0x7f27a81053f0
2024-03-24T09:40:19.143 INFO:teuthology.orchestra.run.smithi022.stdout:/usr/bin/ceph: stderr
2024-03-24T09:40:18.318+0000 7f279e7fc700 1 --2- 172.21.15.22:0/41555907 >> [v2:172.21.15.22:6800/3036078499,v1:172.21.15.22:6801/3036078499] conn(0x7f2794038730 0x7f279403abf0 unknown :-1 s=NONE pgs=0 cs=0 l=1 rev1=0 crypto rx=0 tx=0 comp rx=0 tx=0).connect
2024-03-24T09:40:19.143 INFO:teuthology.orchestra.run.smithi022.stdout:/usr/bin/ceph: stderr
2024-03-24T09:40:18.318+0000 7f279e7fc700 1 -- 172.21.15.22:0/41555907 <== mon.0 v2:172.21.15.22:3300/0 5 ==== osd_map(2..2 src has 1..2) v4 ==== 940+0+0 (secure 0 0 0) 0x7f27a404c8b0 con 0x7f27a81053f0
2024-03-24T09:40:19.143 INFO:teuthology.orchestra.run.smithi022.stdout:/usr/bin/ceph: stderr
2024-03-24T09:40:18.318+0000 7f27acf00700 1 --2- 172.21.15.22:0/41555907 >> [v2:172.21.15.22:6800/3036078499,v1:172.21.15.22:6801/3036078499] conn(0x7f2794038730 0x7f279403abf0 unknown :-1 s=BANNER_CONNECTING pgs=0 cs=0 l=1 rev1=0 crypto rx=0 tx=0 comp rx=0 tx=0)._handle_peer_banner_payload supported=3 required=0
2024-03-24T09:40:19.143 INFO:teuthology.orchestra.run.smithi022.stdout:/usr/bin/ceph: stderr
2024-03-24T09:40:18.319+0000 7f27acf00700 1 --2- 172.21.15.22:0/41555907 >> [v2:172.21.15.22:6800/3036078499,v1:172.21.15.22:6801/3036078499] conn(0x7f2794038730 0x7f279403abf0 secure :-1 s=READY pgs=18 cs=0 l=1 rev1=1 crypto rx=0x7f2798006fd0 tx=0x7f2798006e40 comp rx=0 tx=0).ready entity=mgr.14120 client_cookie=0 server_cookie=0 in_seq=0 out_seq=0
2024-03-24T09:40:19.143 INFO:teuthology.orchestra.run.smithi022.stdout:/usr/bin/ceph: stderr
2024-03-24T09:40:18.323+0000 7f279e7fc700 1 -- 172.21.15.22:0/41555907 <== mon.0 v2:172.21.15.22:3300/0 6 ==== mon_command_ack([{"prefix": "get_command_descriptions"}]=0 v0) v1 ==== 72+0+182738 (secure 0 0 0) 0x7f27a4019df0 con 0x7f27a81053f0
2024-03-24T09:40:19.143 INFO:teuthology.orchestra.run.smithi022.stdout:/usr/bin/ceph: stderr
2024-03-24T09:40:18.539+0000 7f27af965700 1 -- 172.21.15.22:0/41555907 --> [v2:172.21.15.22:6800/3036078499,v1:172.21.15.22:6801/3036078499] -- mgr_command(tid 0: {"prefix": "orch apply", "service_type": "node-exporter", "target": ["mon-mgr", ""]}) v1 -- 0x7f27a8101c70 con 0x7f2794038730
2024-03-24T09:40:19.143 INFO:teuthology.orchestra.run.smithi022.stdout:/usr/bin/ceph: stderr
2024-03-24T09:40:18.543+0000 7f279e7fc700 1 -- 172.21.15.22:0/41555907 <== mgr.14120 v2:172.21.15.22:6800/3036078499 1 ==== mgr_command_reply(tid 0: 0 ) v1 ==== 8+0+34 (secure 0 0 0) 0x7f27a8101c70 con 0x7f2794038730
2024-03-24T09:40:19.143 INFO:teuthology.orchestra.run.smithi022.stdout:/usr/bin/ceph: stderr
2024-03-24T09:40:18.545+0000 7f27af965700 1 -- 172.21.15.22:0/41555907 >> [v2:172.21.15.22:6800/3036078499,v1:172.21.15.22:6801/3036078499] conn(0x7f2794038730 msgr2=0x7f279403abf0 secure :-1 s=STATE_CONNECTION_ESTABLISHED l=1).mark_down
2024-03-24T09:40:19.144 INFO:teuthology.orchestra.run.smithi022.stdout:/usr/bin/ceph: stderr
2024-03-24T09:40:18.545+0000 7f27af965700 1 --2- 172.21.15.22:0/41555907 >> [v2:172.21.15.22:6800/3036078499,v1:172.21.15.22:6801/3036078499] conn(0x7f2794038730 0x7f279403abf0 secure :-1 s=READY pgs=18 cs=0 l=1 rev1=1 crypto rx=0x7f2798006fd0 tx=0x7f2798006e40 comp rx=0 tx=0).stop
2024-03-24T09:40:19.144 INFO:teuthology.orchestra.run.smithi022.stdout:/usr/bin/ceph: stderr
2024-03-24T09:40:18.545+0000 7f27af965700 1 -- 172.21.15.22:0/41555907 >> [v2:172.21.15.22:3300/0,v1:172.21.15.22:6789/0] conn(0x7f27a81053f0 msgr2=0x7f27a80799b0 secure :-1 s=STATE_CONNECTION_ESTABLISHED l=1).mark_down
2024-03-24T09:40:19.144 INFO:teuthology.orchestra.run.smithi022.stdout:/usr/bin/ceph: stderr
2024-03-24T09:40:18.545+0000 7f27af965700 1 --2- 172.21.15.22:0/41555907 >> [v2:172.21.15.22:3300/0,v1:172.21.15.22:6789/0] conn(0x7f27a81053f0 0x7f27a80799b0 secure :-1 s=READY pgs=60 cs=0 l=1 rev1=1 crypto rx=0x7f27a4009fb0 tx=0x7f27a4011890 comp rx=0 tx=0).stop
2024-03-24T09:40:19.144 INFO:teuthology.orchestra.run.smithi022.stdout:/usr/bin/ceph: stderr
2024-03-24T09:40:18.545+0000 7f27af965700 1 -- 172.21.15.22:0/41555907 shutdown_connections
2024-03-24T09:40:19.144 INFO:teuthology.orchestra.run.smithi022.stdout:/usr/bin/ceph: stderr
2024-03-24T09:40:18.545+0000 7f27af965700 1 --2- 172.21.15.22:0/41555907 >> [v2:172.21.15.22:6800/3036078499,v1:172.21.15.22:6801/3036078499] conn(0x7f2794038730 0x7f279403abf0 unknown :-1 s=CLOSED pgs=18 cs=0 l=1 rev1=1 crypto rx=0 tx=0 comp rx=0 tx=0).stop
2024-03-24T09:40:19.144 INFO:teuthology.orchestra.run.smithi022.stdout:/usr/bin/ceph: stderr
2024-03-24T09:40:18.545+0000 7f27af965700 1 --2- 172.21.15.22:0/41555907 >> [v2:172.21.15.22:3300/0,v1:172.21.15.22:6789/0] conn(0x7f27a81053f0 0x7f27a80799b0 unknown :-1 s=CLOSED pgs=60 cs=0 l=1 rev1=1 crypto rx=0 tx=0 comp rx=0 tx=0).stop
2024-03-24T09:40:19.144 INFO:teuthology.orchestra.run.smithi022.stdout:/usr/bin/ceph: stderr
2024-03-24T09:40:18.545+0000 7f27af965700 1 -- 172.21.15.22:0/41555907 >> 172.21.15.22:0/41555907 conn(0x7f27a81009b0 msgr2=0x7f27a8101560 unknown :-1 s=STATE_NONE l=0).mark_down
2024-03-24T09:40:19.144 INFO:teuthology.orchestra.run.smithi022.stdout:/usr/bin/ceph: stderr
2024-03-24T09:40:18.545+0000 7f27af965700 1 -- 172.21.15.22:0/41555907 shutdown_connections
2024-03-24T09:40:19.144 INFO:teuthology.orchestra.run.smithi022.stdout:/usr/bin/ceph: stderr
2024-03-24T09:40:18.545+0000 7f27af965700 1 -- 172.21.15.22:0/41555907 wait complete.
2024-03-24T09:40:19.144 INFO:teuthology.orchestra.run.smithi022.stdout:Deploying alertmanager service with default placement...
2024-03-24T09:40:19.782 INFO:journalctl@ceph.mon.smithi022.smithi022.stdout:Mar 24 09:40:19 smithi022 ceph-mon[29512]: from='client.14154 -' entity='client.admin' cmd=[{"prefix": "orch apply", "service_type": "node-exporter", "target": ["mon-mgr", ""]}]: dispatch
2024-03-24T09:40:19.782 INFO:journalctl@ceph.mon.smithi022.smithi022.stdout:Mar 24 09:40:19 smithi022 ceph-mon[29512]: Saving service node-exporter spec with placement *
2024-03-24T09:40:19.782 INFO:journalctl@ceph.mon.smithi022.smithi022.stdout:Mar 24 09:40:19 smithi022 ceph-mon[29512]: from='mgr.14120 172.21.15.22:0/3193617044' entity='mgr.smithi022.emgmxz'
2024-03-24T09:40:20.327 INFO:teuthology.orchestra.run.smithi022.stdout:/usr/bin/ceph: stdout Scheduled alertmanager update...
2024-03-24T09:40:20.327 INFO:teuthology.orchestra.run.smithi022.stdout:/usr/bin/ceph: stderr
2024-03-24T09:40:19.565+0000 7f53ee80c700 1 Processor -- start
2024-03-24T09:40:20.327 INFO:teuthology.orchestra.run.smithi022.stdout:/usr/bin/ceph: stderr
2024-03-24T09:40:19.566+0000 7f53ee80c700 1 -- start start
2024-03-24T09:40:20.327 INFO:teuthology.orchestra.run.smithi022.stdout:/usr/bin/ceph: stderr
2024-03-24T09:40:19.566+0000 7f53ee80c700 1 --2- >> [v2:172.21.15.22:3300/0,v1:172.21.15.22:6789/0] conn(0x7f53e8106fb0 0x7f53e81093a0 unknown :-1 s=NONE pgs=0 cs=0 l=0 rev1=0 crypto rx=0 tx=0 comp rx=0 tx=0).connect
2024-03-24T09:40:20.327 INFO:teuthology.orchestra.run.smithi022.stdout:/usr/bin/ceph: stderr
2024-03-24T09:40:19.566+0000 7f53ee80c700 1 -- --> [v2:172.21.15.22:3300/0,v1:172.21.15.22:6789/0] -- mon_getmap magic: 0 v1 -- 0x7f53e8079e10 con 0x7f53e8106fb0
2024-03-24T09:40:20.328 INFO:teuthology.orchestra.run.smithi022.stdout:/usr/bin/ceph: stderr
2024-03-24T09:40:19.566+0000 7f53e7fff700 1 --2- >> [v2:172.21.15.22:3300/0,v1:172.21.15.22:6789/0] conn(0x7f53e8106fb0 0x7f53e81093a0 unknown :-1 s=BANNER_CONNECTING pgs=0 cs=0 l=0 rev1=0 crypto rx=0 tx=0 comp rx=0 tx=0)._handle_peer_banner_payload supported=3 required=0
2024-03-24T09:40:20.328 INFO:teuthology.orchestra.run.smithi022.stdout:/usr/bin/ceph: stderr
2024-03-24T09:40:19.566+0000 7f53e7fff700 1 --2- >> [v2:172.21.15.22:3300/0,v1:172.21.15.22:6789/0] conn(0x7f53e8106fb0 0x7f53e81093a0 unknown :-1 s=HELLO_CONNECTING pgs=0 cs=0 l=0 rev1=1 crypto rx=0 tx=0 comp rx=0 tx=0).handle_hello peer v2:172.21.15.22:3300/0 says I am v2:172.21.15.22:56064/0 (socket says 172.21.15.22:56064)
2024-03-24T09:40:20.328 INFO:teuthology.orchestra.run.smithi022.stdout:/usr/bin/ceph: stderr
2024-03-24T09:40:19.566+0000 7f53e7fff700 1 -- 172.21.15.22:0/3741364661 learned_addr learned my addr 172.21.15.22:0/3741364661 (peer_addr_for_me v2:172.21.15.22:0/0)
2024-03-24T09:40:20.328 INFO:teuthology.orchestra.run.smithi022.stdout:/usr/bin/ceph: stderr
2024-03-24T09:40:19.566+0000 7f53e7fff700 1 -- 172.21.15.22:0/3741364661 --> [v2:172.21.15.22:3300/0,v1:172.21.15.22:6789/0] -- mon_subscribe({config=0+,monmap=0+}) v3 -- 0x7f53e81098e0 con 0x7f53e8106fb0
2024-03-24T09:40:20.328 INFO:teuthology.orchestra.run.smithi022.stdout:/usr/bin/ceph: stderr
2024-03-24T09:40:19.566+0000 7f53e7fff700 1 --2- 172.21.15.22:0/3741364661 >> [v2:172.21.15.22:3300/0,v1:172.21.15.22:6789/0] conn(0x7f53e8106fb0 0x7f53e81093a0 secure :-1 s=READY pgs=61 cs=0 l=1 rev1=1 crypto rx=0x7f53d00098a0 tx=0x7f53d0009bb0 comp rx=0 tx=0).ready entity=mon.0 client_cookie=685e8169078bd6a7 server_cookie=0 in_seq=0 out_seq=0
2024-03-24T09:40:20.328 INFO:teuthology.orchestra.run.smithi022.stdout:/usr/bin/ceph: stderr
2024-03-24T09:40:19.567+0000 7f53e6ffd700 1 -- 172.21.15.22:0/3741364661 <== mon.0 v2:172.21.15.22:3300/0 1 ==== mon_map magic: 0 v1 ==== 229+0+0 (secure 0 0 0) 0x7f53d0004180 con 0x7f53e8106fb0
2024-03-24T09:40:20.328 INFO:teuthology.orchestra.run.smithi022.stdout:/usr/bin/ceph: stderr
2024-03-24T09:40:19.567+0000 7f53e6ffd700 1 -- 172.21.15.22:0/3741364661 <== mon.0 v2:172.21.15.22:3300/0 2 ==== config(27 keys) v1 ==== 1109+0+0 (secure 0 0 0) 0x7f53d00042e0 con 0x7f53e8106fb0
2024-03-24T09:40:20.328 INFO:teuthology.orchestra.run.smithi022.stdout:/usr/bin/ceph: stderr
2024-03-24T09:40:19.567+0000 7f53e6ffd700 1 -- 172.21.15.22:0/3741364661 <== mon.0 v2:172.21.15.22:3300/0 3 ==== mon_map magic: 0 v1 ==== 229+0+0 (secure 0 0 0) 0x7f53d0011b10 con 0x7f53e8106fb0
2024-03-24T09:40:20.328 INFO:teuthology.orchestra.run.smithi022.stdout:/usr/bin/ceph: stderr
2024-03-24T09:40:19.567+0000 7f53ee80c700 1 -- 172.21.15.22:0/3741364661 >> [v2:172.21.15.22:3300/0,v1:172.21.15.22:6789/0] conn(0x7f53e8106fb0 msgr2=0x7f53e81093a0 secure :-1 s=STATE_CONNECTION_ESTABLISHED l=1).mark_down
2024-03-24T09:40:20.328 INFO:teuthology.orchestra.run.smithi022.stdout:/usr/bin/ceph: stderr
2024-03-24T09:40:19.567+0000 7f53ee80c700 1 --2- 172.21.15.22:0/3741364661 >> [v2:172.21.15.22:3300/0,v1:172.21.15.22:6789/0] conn(0x7f53e8106fb0 0x7f53e81093a0 secure :-1 s=READY pgs=61 cs=0 l=1 rev1=1 crypto rx=0x7f53d00098a0 tx=0x7f53d0009bb0 comp rx=0 tx=0).stop
2024-03-24T09:40:20.328 INFO:teuthology.orchestra.run.smithi022.stdout:/usr/bin/ceph: stderr
2024-03-24T09:40:19.567+0000 7f53ee80c700 1 -- 172.21.15.22:0/3741364661 shutdown_connections
2024-03-24T09:40:20.328 INFO:teuthology.orchestra.run.smithi022.stdout:/usr/bin/ceph: stderr
2024-03-24T09:40:19.567+0000 7f53ee80c700 1 --2- 172.21.15.22:0/3741364661 >> [v2:172.21.15.22:3300/0,v1:172.21.15.22:6789/0] conn(0x7f53e8106fb0 0x7f53e81093a0 unknown :-1 s=CLOSED pgs=61 cs=0 l=1 rev1=1 crypto rx=0 tx=0 comp rx=0 tx=0).stop
2024-03-24T09:40:20.328 INFO:teuthology.orchestra.run.smithi022.stdout:/usr/bin/ceph: stderr
2024-03-24T09:40:19.567+0000 7f53ee80c700 1 -- 172.21.15.22:0/3741364661 >> 172.21.15.22:0/3741364661 conn(0x7f53e8100980 msgr2=0x7f53e8102da0 unknown :-1 s=STATE_NONE l=0).mark_down
2024-03-24T09:40:20.329 INFO:teuthology.orchestra.run.smithi022.stdout:/usr/bin/ceph: stderr
2024-03-24T09:40:19.567+0000 7f53ee80c700 1 -- 172.21.15.22:0/3741364661 shutdown_connections
2024-03-24T09:40:20.329 INFO:teuthology.orchestra.run.smithi022.stdout:/usr/bin/ceph: stderr
2024-03-24T09:40:19.567+0000 7f53ee80c700 1 -- 172.21.15.22:0/3741364661 wait complete.
2024-03-24T09:40:20.329 INFO:teuthology.orchestra.run.smithi022.stdout:/usr/bin/ceph: stderr
2024-03-24T09:40:19.568+0000 7f53ee80c700 1 Processor -- start
2024-03-24T09:40:20.329 INFO:teuthology.orchestra.run.smithi022.stdout:/usr/bin/ceph: stderr
2024-03-24T09:40:19.568+0000 7f53ee80c700 1 -- start start
2024-03-24T09:40:20.329 INFO:teuthology.orchestra.run.smithi022.stdout:/usr/bin/ceph: stderr
2024-03-24T09:40:19.568+0000 7f53ee80c700 1 --2- >> [v2:172.21.15.22:3300/0,v1:172.21.15.22:6789/0] conn(0x7f53e8106fb0 0x7f53e819a210 unknown :-1 s=NONE pgs=0 cs=0 l=1 rev1=0 crypto rx=0 tx=0 comp rx=0 tx=0).connect
2024-03-24T09:40:20.329 INFO:teuthology.orchestra.run.smithi022.stdout:/usr/bin/ceph: stderr
2024-03-24T09:40:19.568+0000 7f53ee80c700 1 -- --> [v2:172.21.15.22:3300/0,v1:172.21.15.22:6789/0] -- mon_getmap magic: 0 v1 -- 0x7f53e819a750 con 0x7f53e8106fb0
2024-03-24T09:40:20.329 INFO:teuthology.orchestra.run.smithi022.stdout:/usr/bin/ceph: stderr
2024-03-24T09:40:19.568+0000 7f53e7fff700 1 --2- >> [v2:172.21.15.22:3300/0,v1:172.21.15.22:6789/0] conn(0x7f53e8106fb0 0x7f53e819a210 unknown :-1 s=BANNER_CONNECTING pgs=0 cs=0 l=1 rev1=0 crypto rx=0 tx=0 comp rx=0 tx=0)._handle_peer_banner_payload supported=3 required=0
2024-03-24T09:40:20.329 INFO:teuthology.orchestra.run.smithi022.stdout:/usr/bin/ceph: stderr
2024-03-24T09:40:19.569+0000 7f53e7fff700 1 --2- >> [v2:172.21.15.22:3300/0,v1:172.21.15.22:6789/0] conn(0x7f53e8106fb0 0x7f53e819a210 unknown :-1 s=HELLO_CONNECTING pgs=0 cs=0 l=1 rev1=1 crypto rx=0 tx=0 comp rx=0 tx=0).handle_hello peer v2:172.21.15.22:3300/0 says I am v2:172.21.15.22:56074/0 (socket says 172.21.15.22:56074)
2024-03-24T09:40:20.329 INFO:teuthology.orchestra.run.smithi022.stdout:/usr/bin/ceph: stderr
2024-03-24T09:40:19.569+0000 7f53e7fff700 1 -- 172.21.15.22:0/2365657213 learned_addr learned my addr 172.21.15.22:0/2365657213 (peer_addr_for_me v2:172.21.15.22:0/0)
2024-03-24T09:40:20.329 INFO:teuthology.orchestra.run.smithi022.stdout:/usr/bin/ceph: stderr
2024-03-24T09:40:19.569+0000 7f53e7fff700 1 -- 172.21.15.22:0/2365657213 --> [v2:172.21.15.22:3300/0,v1:172.21.15.22:6789/0] -- mon_subscribe({config=0+,monmap=0+}) v3 -- 0x7f53d0009550 con 0x7f53e8106fb0
2024-03-24T09:40:20.329 INFO:teuthology.orchestra.run.smithi022.stdout:/usr/bin/ceph: stderr
2024-03-24T09:40:19.569+0000 7f53e7fff700 1 --2- 172.21.15.22:0/2365657213 >> [v2:172.21.15.22:3300/0,v1:172.21.15.22:6789/0] conn(0x7f53e8106fb0 0x7f53e819a210 secure :-1 s=READY pgs=62 cs=0 l=1 rev1=1 crypto rx=0x7f53d0009fb0 tx=0x7f53d0011890 comp rx=0 tx=0).ready entity=mon.0 client_cookie=0 server_cookie=0 in_seq=0 out_seq=0
2024-03-24T09:40:20.329 INFO:teuthology.orchestra.run.smithi022.stdout:/usr/bin/ceph: stderr
2024-03-24T09:40:19.569+0000 7f53e57fa700 1 -- 172.21.15.22:0/2365657213 <== mon.0 v2:172.21.15.22:3300/0 1 ==== mon_map magic: 0 v1 ==== 229+0+0 (secure 0 0 0) 0x7f53d00038b0 con 0x7f53e8106fb0
2024-03-24T09:40:20.329 INFO:teuthology.orchestra.run.smithi022.stdout:/usr/bin/ceph: stderr
2024-03-24T09:40:19.569+0000 7f53e57fa700 1 -- 172.21.15.22:0/2365657213 <== mon.0 v2:172.21.15.22:3300/0 2 ==== config(27 keys) v1 ==== 1109+0+0 (secure 0 0 0) 0x7f53d0003a10 con 0x7f53e8106fb0
2024-03-24T09:40:20.330 INFO:teuthology.orchestra.run.smithi022.stdout:/usr/bin/ceph: stderr
2024-03-24T09:40:19.569+0000 7f53ee80c700 1 -- 172.21.15.22:0/2365657213 --> [v2:172.21.15.22:3300/0,v1:172.21.15.22:6789/0] -- mon_subscribe({mgrmap=0+}) v3 -- 0x7f53e819a950 con 0x7f53e8106fb0
2024-03-24T09:40:20.330 INFO:teuthology.orchestra.run.smithi022.stdout:/usr/bin/ceph: stderr
2024-03-24T09:40:19.569+0000 7f53e57fa700 1 -- 172.21.15.22:0/2365657213 <== mon.0 v2:172.21.15.22:3300/0 3 ==== mon_map magic: 0 v1 ==== 229+0+0 (secure 0 0 0) 0x7f53d0019750 con 0x7f53e8106fb0
2024-03-24T09:40:20.330 INFO:teuthology.orchestra.run.smithi022.stdout:/usr/bin/ceph: stderr
2024-03-24T09:40:19.569+0000 7f53ee80c700 1 -- 172.21.15.22:0/2365657213 --> [v2:172.21.15.22:3300/0,v1:172.21.15.22:6789/0] -- mon_subscribe({osdmap=0}) v3 -- 0x7f53e819adf0 con 0x7f53e8106fb0
2024-03-24T09:40:20.330 INFO:teuthology.orchestra.run.smithi022.stdout:/usr/bin/ceph: stderr
2024-03-24T09:40:19.570+0000 7f53e57fa700 1 -- 172.21.15.22:0/2365657213 <== mon.0 v2:172.21.15.22:3300/0 4 ==== mgrmap(e 8) v1 ==== 45548+0+0 (secure 0 0 0) 0x7f53d00199c0 con 0x7f53e8106fb0
2024-03-24T09:40:20.330 INFO:teuthology.orchestra.run.smithi022.stdout:/usr/bin/ceph: stderr
2024-03-24T09:40:19.570+0000 7f53e57fa700 1 --2- 172.21.15.22:0/2365657213 >> [v2:172.21.15.22:6800/3036078499,v1:172.21.15.22:6801/3036078499] conn(0x7f53d40386e0 0x7f53d403aba0 unknown :-1 s=NONE pgs=0 cs=0 l=1 rev1=0 crypto rx=0 tx=0 comp rx=0 tx=0).connect
2024-03-24T09:40:20.330 INFO:teuthology.orchestra.run.smithi022.stdout:/usr/bin/ceph: stderr
2024-03-24T09:40:19.570+0000 7f53ee80c700 1 -- 172.21.15.22:0/2365657213 --> [v2:172.21.15.22:3300/0,v1:172.21.15.22:6789/0] -- mon_command({"prefix": "get_command_descriptions"} v 0) v1 -- 0x7f53e810a620 con 0x7f53e8106fb0
2024-03-24T09:40:20.330 INFO:teuthology.orchestra.run.smithi022.stdout:/usr/bin/ceph: stderr
2024-03-24T09:40:19.570+0000 7f53e57fa700 1 -- 172.21.15.22:0/2365657213 <== mon.0 v2:172.21.15.22:3300/0 5 ==== osd_map(2..2 src has 1..2) v4 ==== 940+0+0 (secure 0 0 0) 0x7f53d004cad0 con 0x7f53e8106fb0
2024-03-24T09:40:20.330 INFO:teuthology.orchestra.run.smithi022.stdout:/usr/bin/ceph: stderr
2024-03-24T09:40:19.570+0000 7f53e77fe700 1 --2- 172.21.15.22:0/2365657213 >> [v2:172.21.15.22:6800/3036078499,v1:172.21.15.22:6801/3036078499] conn(0x7f53d40386e0 0x7f53d403aba0 unknown :-1 s=BANNER_CONNECTING pgs=0 cs=0 l=1 rev1=0 crypto rx=0 tx=0 comp rx=0 tx=0)._handle_peer_banner_payload supported=3 required=0
2024-03-24T09:40:20.330 INFO:teuthology.orchestra.run.smithi022.stdout:/usr/bin/ceph: stderr
2024-03-24T09:40:19.571+0000 7f53e77fe700 1 --2- 172.21.15.22:0/2365657213 >> [v2:172.21.15.22:6800/3036078499,v1:172.21.15.22:6801/3036078499] conn(0x7f53d40386e0 0x7f53d403aba0 secure :-1 s=READY pgs=19 cs=0 l=1 rev1=1 crypto rx=0x7f53d8006fd0 tx=0x7f53d8006e40 comp rx=0 tx=0).ready entity=mgr.14120 client_cookie=0 server_cookie=0 in_seq=0 out_seq=0
2024-03-24T09:40:20.330 INFO:teuthology.orchestra.run.smithi022.stdout:/usr/bin/ceph: stderr
2024-03-24T09:40:19.575+0000 7f53e57fa700 1 -- 172.21.15.22:0/2365657213 <== mon.0 v2:172.21.15.22:3300/0 6 ==== mon_command_ack([{"prefix": "get_command_descriptions"}]=0 v0) v1 ==== 72+0+182738 (secure 0 0 0) 0x7f53d0010380 con 0x7f53e8106fb0
2024-03-24T09:40:20.330 INFO:teuthology.orchestra.run.smithi022.stdout:/usr/bin/ceph: stderr
2024-03-24T09:40:19.789+0000 7f53ee80c700 1 -- 172.21.15.22:0/2365657213 --> [v2:172.21.15.22:6800/3036078499,v1:172.21.15.22:6801/3036078499] -- mgr_command(tid 0: {"prefix": "orch apply", "service_type": "alertmanager", "target": ["mon-mgr", ""]}) v1 -- 0x7f53e8101c00 con 0x7f53d40386e0
2024-03-24T09:40:20.330 INFO:teuthology.orchestra.run.smithi022.stdout:/usr/bin/ceph: stderr
2024-03-24T09:40:19.793+0000 7f53e57fa700 1 -- 172.21.15.22:0/2365657213 <== mgr.14120 v2:172.21.15.22:6800/3036078499 1 ==== mgr_command_reply(tid 0: 0 ) v1 ==== 8+0+33 (secure 0 0 0) 0x7f53e8101c00 con 0x7f53d40386e0
2024-03-24T09:40:20.331 INFO:teuthology.orchestra.run.smithi022.stdout:/usr/bin/ceph: stderr
2024-03-24T09:40:19.795+0000 7f53ee80c700 1 -- 172.21.15.22:0/2365657213 >> [v2:172.21.15.22:6800/3036078499,v1:172.21.15.22:6801/3036078499] conn(0x7f53d40386e0 msgr2=0x7f53d403aba0 secure :-1 s=STATE_CONNECTION_ESTABLISHED l=1).mark_down
2024-03-24T09:40:20.331 INFO:teuthology.orchestra.run.smithi022.stdout:/usr/bin/ceph: stderr
2024-03-24T09:40:19.795+0000 7f53ee80c700 1 --2- 172.21.15.22:0/2365657213 >> [v2:172.21.15.22:6800/3036078499,v1:172.21.15.22:6801/3036078499] conn(0x7f53d40386e0 0x7f53d403aba0 secure :-1 s=READY pgs=19 cs=0 l=1 rev1=1 crypto rx=0x7f53d8006fd0 tx=0x7f53d8006e40 comp rx=0 tx=0).stop
2024-03-24T09:40:20.331 INFO:teuthology.orchestra.run.smithi022.stdout:/usr/bin/ceph: stderr
2024-03-24T09:40:19.795+0000 7f53ee80c700 1 -- 172.21.15.22:0/2365657213 >> [v2:172.21.15.22:3300/0,v1:172.21.15.22:6789/0] conn(0x7f53e8106fb0 msgr2=0x7f53e819a210 secure :-1 s=STATE_CONNECTION_ESTABLISHED l=1).mark_down
2024-03-24T09:40:20.331 INFO:teuthology.orchestra.run.smithi022.stdout:/usr/bin/ceph: stderr
2024-03-24T09:40:19.795+0000 7f53ee80c700 1 --2- 172.21.15.22:0/2365657213 >> [v2:172.21.15.22:3300/0,v1:172.21.15.22:6789/0] conn(0x7f53e8106fb0 0x7f53e819a210 secure :-1 s=READY pgs=62 cs=0 l=1 rev1=1 crypto rx=0x7f53d0009fb0 tx=0x7f53d0011890 comp rx=0 tx=0).stop
2024-03-24T09:40:20.331 INFO:teuthology.orchestra.run.smithi022.stdout:/usr/bin/ceph: stderr
2024-03-24T09:40:19.796+0000 7f53ee80c700 1 -- 172.21.15.22:0/2365657213 shutdown_connections
2024-03-24T09:40:20.331 INFO:teuthology.orchestra.run.smithi022.stdout:/usr/bin/ceph: stderr
2024-03-24T09:40:19.796+0000 7f53ee80c700 1 --2- 172.21.15.22:0/2365657213 >> [v2:172.21.15.22:6800/3036078499,v1:172.21.15.22:6801/3036078499] conn(0x7f53d40386e0 0x7f53d403aba0 unknown :-1 s=CLOSED pgs=19 cs=0 l=1 rev1=1 crypto rx=0 tx=0 comp rx=0 tx=0).stop
2024-03-24T09:40:20.331 INFO:teuthology.orchestra.run.smithi022.stdout:/usr/bin/ceph: stderr
2024-03-24T09:40:19.796+0000 7f53ee80c700 1 --2- 172.21.15.22:0/2365657213 >> [v2:172.21.15.22:3300/0,v1:172.21.15.22:6789/0] conn(0x7f53e8106fb0 0x7f53e819a210 unknown :-1 s=CLOSED pgs=62 cs=0 l=1 rev1=1 crypto rx=0 tx=0 comp rx=0 tx=0).stop
2024-03-24T09:40:20.331 INFO:teuthology.orchestra.run.smithi022.stdout:/usr/bin/ceph: stderr
2024-03-24T09:40:19.796+0000 7f53ee80c700 1 -- 172.21.15.22:0/2365657213 >> 172.21.15.22:0/2365657213 conn(0x7f53e8100980 msgr2=0x7f53e81014f0 unknown :-1 s=STATE_NONE l=0).mark_down
2024-03-24T09:40:20.331 INFO:teuthology.orchestra.run.smithi022.stdout:/usr/bin/ceph: stderr
2024-03-24T09:40:19.796+0000 7f53ee80c700 1 -- 172.21.15.22:0/2365657213 shutdown_connections
2024-03-24T09:40:20.331 INFO:teuthology.orchestra.run.smithi022.stdout:/usr/bin/ceph: stderr
2024-03-24T09:40:19.796+0000 7f53ee80c700 1 -- 172.21.15.22:0/2365657213 wait complete.
2024-03-24T09:40:20.947 INFO:journalctl@ceph.mon.smithi022.smithi022.stdout:Mar 24 09:40:20 smithi022 ceph-mon[29512]: from='client.14156 -' entity='client.admin' cmd=[{"prefix": "orch apply", "service_type": "alertmanager", "target": ["mon-mgr", ""]}]: dispatch
2024-03-24T09:40:20.947 INFO:journalctl@ceph.mon.smithi022.smithi022.stdout:Mar 24 09:40:20 smithi022 ceph-mon[29512]: Saving service alertmanager spec with placement count:1
2024-03-24T09:40:20.947 INFO:journalctl@ceph.mon.smithi022.smithi022.stdout:Mar 24 09:40:20 smithi022 ceph-mon[29512]: from='mgr.14120 172.21.15.22:0/3193617044' entity='mgr.smithi022.emgmxz'
2024-03-24T09:40:20.947 INFO:journalctl@ceph.mon.smithi022.smithi022.stdout:Mar 24 09:40:20 smithi022 ceph-mon[29512]: pgmap v4: 0 pgs: ; 0 B data, 0 B used, 0 B / 0 B avail
2024-03-24T09:40:21.549 INFO:teuthology.orchestra.run.smithi022.stdout:/usr/bin/ceph: stderr
2024-03-24T09:40:20.729+0000 7f80047d9700 1 Processor -- start
2024-03-24T09:40:21.549 INFO:teuthology.orchestra.run.smithi022.stdout:/usr/bin/ceph: stderr
2024-03-24T09:40:20.729+0000 7f80047d9700 1 -- start start
2024-03-24T09:40:21.549 INFO:teuthology.orchestra.run.smithi022.stdout:/usr/bin/ceph: stderr
2024-03-24T09:40:20.729+0000 7f80047d9700 1 --2- >> [v2:172.21.15.22:3300/0,v1:172.21.15.22:6789/0] conn(0x7f7ffc1053e0 0x7f7ffc105800 unknown :-1 s=NONE pgs=0 cs=0 l=0 rev1=0 crypto rx=0 tx=0 comp rx=0 tx=0).connect
2024-03-24T09:40:21.550 INFO:teuthology.orchestra.run.smithi022.stdout:/usr/bin/ceph: stderr
2024-03-24T09:40:20.729+0000 7f80047d9700 1 -- --> [v2:172.21.15.22:3300/0,v1:172.21.15.22:6789/0] -- mon_getmap magic: 0 v1 -- 0x7f7ffc105dd0 con 0x7f7ffc1053e0
2024-03-24T09:40:21.550 INFO:teuthology.orchestra.run.smithi022.stdout:/usr/bin/ceph: stderr
2024-03-24T09:40:20.730+0000 7f8002575700 1 --2- >> [v2:172.21.15.22:3300/0,v1:172.21.15.22:6789/0] conn(0x7f7ffc1053e0 0x7f7ffc105800 unknown :-1 s=BANNER_CONNECTING pgs=0 cs=0 l=0 rev1=0 crypto rx=0 tx=0 comp rx=0 tx=0)._handle_peer_banner_payload supported=3 required=0
2024-03-24T09:40:21.550 INFO:teuthology.orchestra.run.smithi022.stdout:/usr/bin/ceph: stderr
2024-03-24T09:40:20.730+0000 7f8002575700 1 --2- >> [v2:172.21.15.22:3300/0,v1:172.21.15.22:6789/0] conn(0x7f7ffc1053e0 0x7f7ffc105800 unknown :-1 s=HELLO_CONNECTING pgs=0 cs=0 l=0 rev1=1 crypto rx=0 tx=0 comp rx=0 tx=0).handle_hello peer v2:172.21.15.22:3300/0 says I am v2:172.21.15.22:56078/0 (socket says 172.21.15.22:56078)
2024-03-24T09:40:21.550 INFO:teuthology.orchestra.run.smithi022.stdout:/usr/bin/ceph: stderr
2024-03-24T09:40:20.730+0000 7f8002575700 1 -- 172.21.15.22:0/88336269 learned_addr learned my addr 172.21.15.22:0/88336269 (peer_addr_for_me v2:172.21.15.22:0/0)
2024-03-24T09:40:21.550 INFO:teuthology.orchestra.run.smithi022.stdout:/usr/bin/ceph: stderr
2024-03-24T09:40:20.730+0000 7f8002575700 1 -- 172.21.15.22:0/88336269 --> [v2:172.21.15.22:3300/0,v1:172.21.15.22:6789/0] -- mon_subscribe({config=0+,monmap=0+}) v3 -- 0x7f7ffc1065e0 con 0x7f7ffc1053e0
2024-03-24T09:40:21.550 INFO:teuthology.orchestra.run.smithi022.stdout:/usr/bin/ceph: stderr
2024-03-24T09:40:20.730+0000 7f8002575700 1 --2- 172.21.15.22:0/88336269 >> [v2:172.21.15.22:3300/0,v1:172.21.15.22:6789/0] conn(0x7f7ffc1053e0 0x7f7ffc105800 secure :-1 s=READY pgs=63 cs=0 l=1 rev1=1 crypto rx=0x7f7ff4009e80 tx=0x7f7ff400b330 comp rx=0 tx=0).ready entity=mon.0 client_cookie=d1ce974cdd278af5 server_cookie=0 in_seq=0 out_seq=0
2024-03-24T09:40:21.550 INFO:teuthology.orchestra.run.smithi022.stdout:/usr/bin/ceph: stderr
2024-03-24T09:40:20.730+0000 7f8001573700 1 -- 172.21.15.22:0/88336269 <== mon.0 v2:172.21.15.22:3300/0 1 ==== mon_map magic: 0 v1 ==== 229+0+0 (secure 0 0 0) 0x7f7ff400e070 con 0x7f7ffc1053e0
2024-03-24T09:40:21.550 INFO:teuthology.orchestra.run.smithi022.stdout:/usr/bin/ceph: stderr
2024-03-24T09:40:20.730+0000 7f8001573700 1 -- 172.21.15.22:0/88336269 <== mon.0 v2:172.21.15.22:3300/0 2 ==== config(27 keys) v1 ==== 1109+0+0 (secure 0 0 0) 0x7f7ff400b8c0 con 0x7f7ffc1053e0
2024-03-24T09:40:21.550 INFO:teuthology.orchestra.run.smithi022.stdout:/usr/bin/ceph: stderr
2024-03-24T09:40:20.730+0000 7f8001573700 1 -- 172.21.15.22:0/88336269 <== mon.0 v2:172.21.15.22:3300/0 3 ==== mon_map magic: 0 v1 ==== 229+0+0 (secure 0 0 0) 0x7f7ff40044d0 con 0x7f7ffc1053e0
2024-03-24T09:40:21.550 INFO:teuthology.orchestra.run.smithi022.stdout:/usr/bin/ceph: stderr
2024-03-24T09:40:20.731+0000 7f80047d9700 1 -- 172.21.15.22:0/88336269 >> [v2:172.21.15.22:3300/0,v1:172.21.15.22:6789/0] conn(0x7f7ffc1053e0 msgr2=0x7f7ffc105800 secure :-1 s=STATE_CONNECTION_ESTABLISHED l=1).mark_down
2024-03-24T09:40:21.550 INFO:teuthology.orchestra.run.smithi022.stdout:/usr/bin/ceph: stderr
2024-03-24T09:40:20.731+0000 7f80047d9700 1 --2- 172.21.15.22:0/88336269 >> [v2:172.21.15.22:3300/0,v1:172.21.15.22:6789/0] conn(0x7f7ffc1053e0 0x7f7ffc105800 secure :-1 s=READY pgs=63 cs=0 l=1 rev1=1 crypto rx=0x7f7ff4009e80 tx=0x7f7ff400b330 comp rx=0 tx=0).stop
2024-03-24T09:40:21.550 INFO:teuthology.orchestra.run.smithi022.stdout:/usr/bin/ceph: stderr
2024-03-24T09:40:20.731+0000 7f80047d9700 1 -- 172.21.15.22:0/88336269 shutdown_connections
2024-03-24T09:40:21.550 INFO:teuthology.orchestra.run.smithi022.stdout:/usr/bin/ceph: stderr
2024-03-24T09:40:20.731+0000 7f80047d9700 1 --2- 172.21.15.22:0/88336269 >> [v2:172.21.15.22:3300/0,v1:172.21.15.22:6789/0] conn(0x7f7ffc1053e0 0x7f7ffc105800 unknown :-1 s=CLOSED pgs=63 cs=0 l=1 rev1=1 crypto rx=0 tx=0 comp rx=0 tx=0).stop
2024-03-24T09:40:21.551 INFO:teuthology.orchestra.run.smithi022.stdout:/usr/bin/ceph: stderr
2024-03-24T09:40:20.731+0000 7f80047d9700 1 -- 172.21.15.22:0/88336269 >> 172.21.15.22:0/88336269 conn(0x7f7ffc100980 msgr2=0x7f7ffc102dc0 unknown :-1 s=STATE_NONE l=0).mark_down
2024-03-24T09:40:21.551 INFO:teuthology.orchestra.run.smithi022.stdout:/usr/bin/ceph: stderr
2024-03-24T09:40:20.731+0000 7f80047d9700 1 -- 172.21.15.22:0/88336269 shutdown_connections
2024-03-24T09:40:21.551 INFO:teuthology.orchestra.run.smithi022.stdout:/usr/bin/ceph: stderr
2024-03-24T09:40:20.731+0000 7f80047d9700 1 -- 172.21.15.22:0/88336269 wait complete.
2024-03-24T09:40:21.551 INFO:teuthology.orchestra.run.smithi022.stdout:/usr/bin/ceph: stderr
2024-03-24T09:40:20.731+0000 7f80047d9700 1 Processor -- start
2024-03-24T09:40:21.551 INFO:teuthology.orchestra.run.smithi022.stdout:/usr/bin/ceph: stderr
2024-03-24T09:40:20.732+0000 7f80047d9700 1 -- start start
2024-03-24T09:40:21.551 INFO:teuthology.orchestra.run.smithi022.stdout:/usr/bin/ceph: stderr
2024-03-24T09:40:20.732+0000 7f80047d9700 1 --2- >> [v2:172.21.15.22:3300/0,v1:172.21.15.22:6789/0] conn(0x7f7ffc1053e0 0x7f7ffc1904a0 unknown :-1 s=NONE pgs=0 cs=0 l=1 rev1=0 crypto rx=0 tx=0 comp rx=0 tx=0).connect
2024-03-24T09:40:21.551 INFO:teuthology.orchestra.run.smithi022.stdout:/usr/bin/ceph: stderr
2024-03-24T09:40:20.732+0000 7f80047d9700 1 -- --> [v2:172.21.15.22:3300/0,v1:172.21.15.22:6789/0] -- mon_getmap magic: 0 v1 -- 0x7f7ffc1909e0 con 0x7f7ffc1053e0
2024-03-24T09:40:21.551 INFO:teuthology.orchestra.run.smithi022.stdout:/usr/bin/ceph: stderr
2024-03-24T09:40:20.732+0000 7f8002575700 1 --2- >> [v2:172.21.15.22:3300/0,v1:172.21.15.22:6789/0] conn(0x7f7ffc1053e0 0x7f7ffc1904a0 unknown :-1 s=BANNER_CONNECTING pgs=0 cs=0 l=1 rev1=0 crypto rx=0 tx=0 comp rx=0 tx=0)._handle_peer_banner_payload supported=3 required=0
2024-03-24T09:40:21.551 INFO:teuthology.orchestra.run.smithi022.stdout:/usr/bin/ceph: stderr
2024-03-24T09:40:20.732+0000 7f8002575700 1 --2- >> [v2:172.21.15.22:3300/0,v1:172.21.15.22:6789/0] conn(0x7f7ffc1053e0 0x7f7ffc1904a0 unknown :-1 s=HELLO_CONNECTING pgs=0 cs=0 l=1 rev1=1 crypto rx=0 tx=0 comp rx=0 tx=0).handle_hello peer v2:172.21.15.22:3300/0 says I am v2:172.21.15.22:56082/0 (socket says 172.21.15.22:56082)
2024-03-24T09:40:21.551 INFO:teuthology.orchestra.run.smithi022.stdout:/usr/bin/ceph: stderr
2024-03-24T09:40:20.732+0000 7f8002575700 1 -- 172.21.15.22:0/460205707 learned_addr learned my addr 172.21.15.22:0/460205707 (peer_addr_for_me v2:172.21.15.22:0/0)
2024-03-24T09:40:21.551 INFO:teuthology.orchestra.run.smithi022.stdout:/usr/bin/ceph: stderr
2024-03-24T09:40:20.732+0000 7f8002575700 1 -- 172.21.15.22:0/460205707 --> [v2:172.21.15.22:3300/0,v1:172.21.15.22:6789/0] -- mon_subscribe({config=0+,monmap=0+}) v3 -- 0x7f7ff4009b30 con 0x7f7ffc1053e0
2024-03-24T09:40:21.551 INFO:teuthology.orchestra.run.smithi022.stdout:/usr/bin/ceph: stderr
2024-03-24T09:40:20.732+0000 7f8002575700 1 --2- 172.21.15.22:0/460205707 >> [v2:172.21.15.22:3300/0,v1:172.21.15.22:6789/0] conn(0x7f7ffc1053e0 0x7f7ffc1904a0 secure :-1 s=READY pgs=64 cs=0 l=1 rev1=1 crypto rx=0x7f7ff40072a0 tx=0x7f7ff400bf70 comp rx=0 tx=0).ready entity=mon.0 client_cookie=0 server_cookie=0 in_seq=0 out_seq=0
2024-03-24T09:40:21.551 INFO:teuthology.orchestra.run.smithi022.stdout:/usr/bin/ceph: stderr
2024-03-24T09:40:20.732+0000 7f7ffb7fe700 1 -- 172.21.15.22:0/460205707 <== mon.0 v2:172.21.15.22:3300/0 1 ==== mon_map magic: 0 v1 ==== 229+0+0 (secure 0 0 0) 0x7f7ff400e040 con 0x7f7ffc1053e0
2024-03-24T09:40:21.551 INFO:teuthology.orchestra.run.smithi022.stdout:/usr/bin/ceph: stderr
2024-03-24T09:40:20.732+0000 7f7ffb7fe700 1 -- 172.21.15.22:0/460205707 <== mon.0 v2:172.21.15.22:3300/0 2 ==== config(27 keys) v1 ==== 1109+0+0 (secure 0 0 0) 0x7f7ff4003dc0 con 0x7f7ffc1053e0
2024-03-24T09:40:21.551 INFO:teuthology.orchestra.run.smithi022.stdout:/usr/bin/ceph: stderr
2024-03-24T09:40:20.732+0000 7f80047d9700 1 -- 172.21.15.22:0/460205707 --> [v2:172.21.15.22:3300/0,v1:172.21.15.22:6789/0] -- mon_subscribe({mgrmap=0+}) v3 -- 0x7f7ffc18ec20 con 0x7f7ffc1053e0
2024-03-24T09:40:21.552 INFO:teuthology.orchestra.run.smithi022.stdout:/usr/bin/ceph: stderr
2024-03-24T09:40:20.732+0000 7f7ffb7fe700 1 -- 172.21.15.22:0/460205707 <== mon.0 v2:172.21.15.22:3300/0 3 ==== mon_map magic: 0 v1 ==== 229+0+0 (secure 0 0 0) 0x7f7ff4012600 con 0x7f7ffc1053e0
2024-03-24T09:40:21.552 INFO:teuthology.orchestra.run.smithi022.stdout:/usr/bin/ceph: stderr
2024-03-24T09:40:20.732+0000 7f80047d9700 1 -- 172.21.15.22:0/460205707 --> [v2:172.21.15.22:3300/0,v1:172.21.15.22:6789/0] -- mon_subscribe({osdmap=0}) v3 -- 0x7f7ffc18f120 con 0x7f7ffc1053e0
2024-03-24T09:40:21.552 INFO:teuthology.orchestra.run.smithi022.stdout:/usr/bin/ceph: stderr
2024-03-24T09:40:20.733+0000 7f7ffb7fe700 1 -- 172.21.15.22:0/460205707 <== mon.0 v2:172.21.15.22:3300/0 4 ==== mgrmap(e 8) v1 ==== 45548+0+0 (secure 0 0 0) 0x7f7ff4019040 con 0x7f7ffc1053e0
2024-03-24T09:40:21.552 INFO:teuthology.orchestra.run.smithi022.stdout:/usr/bin/ceph: stderr
2024-03-24T09:40:20.733+0000 7f7ffb7fe700 1 --2- 172.21.15.22:0/460205707 >> [v2:172.21.15.22:6800/3036078499,v1:172.21.15.22:6801/3036078499] conn(0x7f7fe40386c0 0x7f7fe403ab80 unknown :-1 s=NONE pgs=0 cs=0 l=1 rev1=0 crypto rx=0 tx=0 comp rx=0 tx=0).connect
2024-03-24T09:40:21.552 INFO:teuthology.orchestra.run.smithi022.stdout:/usr/bin/ceph: stderr
2024-03-24T09:40:20.733+0000 7f7ffb7fe700 1 -- 172.21.15.22:0/460205707 <== mon.0 v2:172.21.15.22:3300/0 5 ==== osd_map(2..2 src has 1..2) v4 ==== 940+0+0 (secure 0 0 0) 0x7f7ff404c2e0 con 0x7f7ffc1053e0
2024-03-24T09:40:21.552 INFO:teuthology.orchestra.run.smithi022.stdout:/usr/bin/ceph: stderr
2024-03-24T09:40:20.733+0000 7f80047d9700 1 -- 172.21.15.22:0/460205707 --> [v2:172.21.15.22:3300/0,v1:172.21.15.22:6789/0] -- mon_command({"prefix": "get_command_descriptions"} v 0) v1 -- 0x7f7ffc18fad0 con 0x7f7ffc1053e0
2024-03-24T09:40:21.552 INFO:teuthology.orchestra.run.smithi022.stdout:/usr/bin/ceph: stderr
2024-03-24T09:40:20.734+0000 7f8001d74700 1 --2- 172.21.15.22:0/460205707 >> [v2:172.21.15.22:6800/3036078499,v1:172.21.15.22:6801/3036078499] conn(0x7f7fe40386c0 0x7f7fe403ab80 unknown :-1 s=BANNER_CONNECTING pgs=0 cs=0 l=1 rev1=0 crypto rx=0 tx=0 comp rx=0 tx=0)._handle_peer_banner_payload supported=3 required=0
2024-03-24T09:40:21.552 INFO:teuthology.orchestra.run.smithi022.stdout:/usr/bin/ceph: stderr
2024-03-24T09:40:20.734+0000 7f8001d74700 1 --2- 172.21.15.22:0/460205707 >> [v2:172.21.15.22:6800/3036078499,v1:172.21.15.22:6801/3036078499] conn(0x7f7fe40386c0 0x7f7fe403ab80 secure :-1 s=READY pgs=20 cs=0 l=1 rev1=1 crypto rx=0x7f7ff0006fd0 tx=0x7f7ff0006e40 comp rx=0 tx=0).ready entity=mgr.14120 client_cookie=0 server_cookie=0 in_seq=0 out_seq=0
2024-03-24T09:40:21.552 INFO:teuthology.orchestra.run.smithi022.stdout:/usr/bin/ceph: stderr
2024-03-24T09:40:20.739+0000 7f7ffb7fe700 1 -- 172.21.15.22:0/460205707 <== mon.0 v2:172.21.15.22:3300/0 6 ==== mon_command_ack([{"prefix": "get_command_descriptions"}]=0 v0) v1 ==== 72+0+182738 (secure 0 0 0) 0x7f7ff401f080 con 0x7f7ffc1053e0
2024-03-24T09:40:21.552 INFO:teuthology.orchestra.run.smithi022.stdout:/usr/bin/ceph: stderr
2024-03-24T09:40:20.942+0000 7f80047d9700 1 -- 172.21.15.22:0/460205707 --> [v2:172.21.15.22:3300/0,v1:172.21.15.22:6789/0] -- mon_command([{prefix=config set, name=mgr/cephadm/container_init}] v 0) v1 -- 0x7f7ffc194400 con 0x7f7ffc1053e0
2024-03-24T09:40:21.552 INFO:teuthology.orchestra.run.smithi022.stdout:/usr/bin/ceph: stderr
2024-03-24T09:40:20.945+0000 7f7ffb7fe700 1 -- 172.21.15.22:0/460205707 <== mon.0 v2:172.21.15.22:3300/0 7 ==== mon_command_ack([{prefix=config set, name=mgr/cephadm/container_init}]=0 v7)=0 v7) v1 ==== 142+0+0 (secure 0 0 0) 0x7f7ff404a0d0 con 0x7f7ffc1053e0
2024-03-24T09:40:21.552 INFO:teuthology.orchestra.run.smithi022.stdout:/usr/bin/ceph: stderr
2024-03-24T09:40:20.947+0000 7f80047d9700 1 -- 172.21.15.22:0/460205707 >> [v2:172.21.15.22:6800/3036078499,v1:172.21.15.22:6801/3036078499] conn(0x7f7fe40386c0 msgr2=0x7f7fe403ab80 secure :-1 s=STATE_CONNECTION_ESTABLISHED l=1).mark_down
2024-03-24T09:40:21.552 INFO:teuthology.orchestra.run.smithi022.stdout:/usr/bin/ceph: stderr
2024-03-24T09:40:20.947+0000 7f80047d9700 1 --2- 172.21.15.22:0/460205707 >> [v2:172.21.15.22:6800/3036078499,v1:172.21.15.22:6801/3036078499] conn(0x7f7fe40386c0 0x7f7fe403ab80 secure :-1 s=READY pgs=20 cs=0 l=1 rev1=1 crypto rx=0x7f7ff0006fd0 tx=0x7f7ff0006e40 comp rx=0 tx=0).stop
2024-03-24T09:40:21.552 INFO:teuthology.orchestra.run.smithi022.stdout:/usr/bin/ceph: stderr
2024-03-24T09:40:20.947+0000 7f80047d9700 1 -- 172.21.15.22:0/460205707 >> [v2:172.21.15.22:3300/0,v1:172.21.15.22:6789/0] conn(0x7f7ffc1053e0 msgr2=0x7f7ffc1904a0 secure :-1 s=STATE_CONNECTION_ESTABLISHED l=1).mark_down
2024-03-24T09:40:21.552 INFO:teuthology.orchestra.run.smithi022.stdout:/usr/bin/ceph: stderr
2024-03-24T09:40:20.947+0000 7f80047d9700 1 --2- 172.21.15.22:0/460205707 >> [v2:172.21.15.22:3300/0,v1:172.21.15.22:6789/0] conn(0x7f7ffc1053e0 0x7f7ffc1904a0 secure :-1 s=READY pgs=64 cs=0 l=1 rev1=1 crypto rx=0x7f7ff40072a0 tx=0x7f7ff400bf70 comp rx=0 tx=0).stop
2024-03-24T09:40:21.553 INFO:teuthology.orchestra.run.smithi022.stdout:/usr/bin/ceph: stderr
2024-03-24T09:40:20.948+0000 7f80047d9700 1 -- 172.21.15.22:0/460205707 shutdown_connections
2024-03-24T09:40:21.553 INFO:teuthology.orchestra.run.smithi022.stdout:/usr/bin/ceph: stderr
2024-03-24T09:40:20.948+0000 7f80047d9700 1 --2- 172.21.15.22:0/460205707 >> [v2:172.21.15.22:6800/3036078499,v1:172.21.15.22:6801/3036078499] conn(0x7f7fe40386c0 0x7f7fe403ab80 unknown :-1 s=CLOSED pgs=20 cs=0 l=1 rev1=1 crypto rx=0 tx=0 comp rx=0 tx=0).stop
2024-03-24T09:40:21.553 INFO:teuthology.orchestra.run.smithi022.stdout:/usr/bin/ceph: stderr
2024-03-24T09:40:20.948+0000 7f80047d9700 1 --2- 172.21.15.22:0/460205707 >> [v2:172.21.15.22:3300/0,v1:172.21.15.22:6789/0] conn(0x7f7ffc1053e0 0x7f7ffc1904a0 unknown :-1 s=CLOSED pgs=64 cs=0 l=1 rev1=1 crypto rx=0 tx=0 comp rx=0 tx=0).stop
2024-03-24T09:40:21.553 INFO:teuthology.orchestra.run.smithi022.stdout:/usr/bin/ceph: stderr
2024-03-24T09:40:20.948+0000 7f80047d9700 1 -- 172.21.15.22:0/460205707 >> 172.21.15.22:0/460205707 conn(0x7f7ffc100980 msgr2=0x7f7ffc101840 unknown :-1 s=STATE_NONE l=0).mark_down
2024-03-24T09:40:21.553 INFO:teuthology.orchestra.run.smithi022.stdout:/usr/bin/ceph: stderr
2024-03-24T09:40:20.948+0000 7f80047d9700 1 -- 172.21.15.22:0/460205707 shutdown_connections
2024-03-24T09:40:21.553 INFO:teuthology.orchestra.run.smithi022.stdout:/usr/bin/ceph: stderr
2024-03-24T09:40:20.948+0000 7f80047d9700 1 -- 172.21.15.22:0/460205707 wait complete.
2024-03-24T09:40:22.032 INFO:journalctl@ceph.mon.smithi022.smithi022.stdout:Mar 24 09:40:21 smithi022 ceph-mon[29512]: from='client.? 172.21.15.22:0/460205707' entity='client.admin'
2024-03-24T09:40:22.713 INFO:teuthology.orchestra.run.smithi022.stdout:/usr/bin/ceph: stderr
2024-03-24T09:40:21.965+0000 7fb0e8fef700 1 Processor -- start
2024-03-24T09:40:22.713 INFO:teuthology.orchestra.run.smithi022.stdout:/usr/bin/ceph: stderr
2024-03-24T09:40:21.965+0000 7fb0e8fef700 1 -- start start
2024-03-24T09:40:22.714 INFO:teuthology.orchestra.run.smithi022.stdout:/usr/bin/ceph: stderr
2024-03-24T09:40:21.966+0000 7fb0e8fef700 1 --2- >> [v2:172.21.15.22:3300/0,v1:172.21.15.22:6789/0] conn(0x7fb0e4106510 0x7fb0e4106930 unknown :-1 s=NONE pgs=0 cs=0 l=0 rev1=0 crypto rx=0 tx=0 comp rx=0 tx=0).connect
2024-03-24T09:40:22.714 INFO:teuthology.orchestra.run.smithi022.stdout:/usr/bin/ceph: stderr
2024-03-24T09:40:21.966+0000 7fb0e8fef700 1 -- --> [v2:172.21.15.22:3300/0,v1:172.21.15.22:6789/0] -- mon_getmap magic: 0 v1 -- 0x7fb0e4106f00 con 0x7fb0e4106510
2024-03-24T09:40:22.714 INFO:teuthology.orchestra.run.smithi022.stdout:/usr/bin/ceph: stderr
2024-03-24T09:40:21.966+0000 7fb0e259c700 1 --2- >> [v2:172.21.15.22:3300/0,v1:172.21.15.22:6789/0] conn(0x7fb0e4106510 0x7fb0e4106930 unknown :-1 s=BANNER_CONNECTING pgs=0 cs=0 l=0 rev1=0 crypto rx=0 tx=0 comp rx=0 tx=0)._handle_peer_banner_payload supported=3 required=0
2024-03-24T09:40:22.714 INFO:teuthology.orchestra.run.smithi022.stdout:/usr/bin/ceph: stderr
2024-03-24T09:40:21.966+0000 7fb0e259c700 1 --2- >> [v2:172.21.15.22:3300/0,v1:172.21.15.22:6789/0] conn(0x7fb0e4106510 0x7fb0e4106930 unknown :-1 s=HELLO_CONNECTING pgs=0 cs=0 l=0 rev1=1 crypto rx=0 tx=0 comp rx=0 tx=0).handle_hello peer v2:172.21.15.22:3300/0 says I am v2:172.21.15.22:56086/0 (socket says 172.21.15.22:56086)
2024-03-24T09:40:22.714 INFO:teuthology.orchestra.run.smithi022.stdout:/usr/bin/ceph: stderr
2024-03-24T09:40:21.966+0000 7fb0e259c700 1 -- 172.21.15.22:0/137947716 learned_addr learned my addr 172.21.15.22:0/137947716 (peer_addr_for_me v2:172.21.15.22:0/0)
2024-03-24T09:40:22.714 INFO:teuthology.orchestra.run.smithi022.stdout:/usr/bin/ceph: stderr
2024-03-24T09:40:21.966+0000 7fb0e259c700 1 -- 172.21.15.22:0/137947716 --> [v2:172.21.15.22:3300/0,v1:172.21.15.22:6789/0] -- mon_subscribe({config=0+,monmap=0+}) v3 -- 0x7fb0e4107670 con 0x7fb0e4106510
2024-03-24T09:40:22.714 INFO:teuthology.orchestra.run.smithi022.stdout:/usr/bin/ceph: stderr
2024-03-24T09:40:21.966+0000 7fb0e259c700 1 --2- 172.21.15.22:0/137947716 >> [v2:172.21.15.22:3300/0,v1:172.21.15.22:6789/0] conn(0x7fb0e4106510 0x7fb0e4106930 secure :-1 s=READY pgs=65 cs=0 l=1 rev1=1 crypto rx=0x7fb0d40098a0 tx=0x7fb0d4009bb0 comp rx=0 tx=0).ready entity=mon.0 client_cookie=488ade7307fa7740 server_cookie=0 in_seq=0 out_seq=0
2024-03-24T09:40:22.714 INFO:teuthology.orchestra.run.smithi022.stdout:/usr/bin/ceph: stderr
2024-03-24T09:40:21.966+0000 7fb0e159a700 1 -- 172.21.15.22:0/137947716 <== mon.0 v2:172.21.15.22:3300/0 1 ==== mon_map magic: 0 v1 ==== 229+0+0 (secure 0 0 0) 0x7fb0d4004180 con 0x7fb0e4106510
2024-03-24T09:40:22.714 INFO:teuthology.orchestra.run.smithi022.stdout:/usr/bin/ceph: stderr
2024-03-24T09:40:21.966+0000 7fb0e159a700 1 -- 172.21.15.22:0/137947716 <== mon.0 v2:172.21.15.22:3300/0 2 ==== config(27 keys) v1 ==== 1109+0+0 (secure 0 0 0) 0x7fb0d40042e0 con 0x7fb0e4106510
2024-03-24T09:40:22.714 INFO:teuthology.orchestra.run.smithi022.stdout:/usr/bin/ceph: stderr
2024-03-24T09:40:21.966+0000 7fb0e159a700 1 -- 172.21.15.22:0/137947716 <== mon.0 v2:172.21.15.22:3300/0 3 ==== mon_map magic: 0 v1 ==== 229+0+0 (secure 0 0 0) 0x7fb0d4011b10 con 0x7fb0e4106510
2024-03-24T09:40:22.714 INFO:teuthology.orchestra.run.smithi022.stdout:/usr/bin/ceph: stderr
2024-03-24T09:40:21.967+0000 7fb0e8fef700 1 -- 172.21.15.22:0/137947716 >> [v2:172.21.15.22:3300/0,v1:172.21.15.22:6789/0] conn(0x7fb0e4106510 msgr2=0x7fb0e4106930 secure :-1 s=STATE_CONNECTION_ESTABLISHED l=1).mark_down
2024-03-24T09:40:22.714 INFO:teuthology.orchestra.run.smithi022.stdout:/usr/bin/ceph: stderr
2024-03-24T09:40:21.967+0000 7fb0e8fef700 1 --2- 172.21.15.22:0/137947716 >> [v2:172.21.15.22:3300/0,v1:172.21.15.22:6789/0] conn(0x7fb0e4106510 0x7fb0e4106930 secure :-1 s=READY pgs=65 cs=0 l=1 rev1=1 crypto rx=0x7fb0d40098a0 tx=0x7fb0d4009bb0 comp rx=0 tx=0).stop
2024-03-24T09:40:22.714 INFO:teuthology.orchestra.run.smithi022.stdout:/usr/bin/ceph: stderr
2024-03-24T09:40:21.967+0000 7fb0e8fef700 1 -- 172.21.15.22:0/137947716 shutdown_connections
2024-03-24T09:40:22.715 INFO:teuthology.orchestra.run.smithi022.stdout:/usr/bin/ceph: stderr
2024-03-24T09:40:21.967+0000 7fb0e8fef700 1 --2- 172.21.15.22:0/137947716 >> [v2:172.21.15.22:3300/0,v1:172.21.15.22:6789/0] conn(0x7fb0e4106510 0x7fb0e4106930 unknown :-1 s=CLOSED pgs=65 cs=0 l=1 rev1=1 crypto rx=0 tx=0 comp rx=0 tx=0).stop
2024-03-24T09:40:22.715 INFO:teuthology.orchestra.run.smithi022.stdout:/usr/bin/ceph: stderr
2024-03-24T09:40:21.967+0000 7fb0e8fef700 1 -- 172.21.15.22:0/137947716 >> 172.21.15.22:0/137947716 conn(0x7fb0e4101b10 msgr2=0x7fb0e4103f30 unknown :-1 s=STATE_NONE l=0).mark_down
2024-03-24T09:40:22.715 INFO:teuthology.orchestra.run.smithi022.stdout:/usr/bin/ceph: stderr
2024-03-24T09:40:21.967+0000 7fb0e8fef700 1 -- 172.21.15.22:0/137947716 shutdown_connections
2024-03-24T09:40:22.715 INFO:teuthology.orchestra.run.smithi022.stdout:/usr/bin/ceph: stderr
2024-03-24T09:40:21.967+0000 7fb0e8fef700 1 -- 172.21.15.22:0/137947716 wait complete.
2024-03-24T09:40:22.715 INFO:teuthology.orchestra.run.smithi022.stdout:/usr/bin/ceph: stderr
2024-03-24T09:40:21.968+0000 7fb0e8fef700 1 Processor -- start
2024-03-24T09:40:22.715 INFO:teuthology.orchestra.run.smithi022.stdout:/usr/bin/ceph: stderr
2024-03-24T09:40:21.968+0000 7fb0e8fef700 1 -- start start
2024-03-24T09:40:22.715 INFO:teuthology.orchestra.run.smithi022.stdout:/usr/bin/ceph: stderr
2024-03-24T09:40:21.968+0000 7fb0e8fef700 1 --2- >> [v2:172.21.15.22:3300/0,v1:172.21.15.22:6789/0] conn(0x7fb0e4106510 0x7fb0e407bb00 unknown :-1 s=NONE pgs=0 cs=0 l=1 rev1=0 crypto rx=0 tx=0 comp rx=0 tx=0).connect
2024-03-24T09:40:22.715 INFO:teuthology.orchestra.run.smithi022.stdout:/usr/bin/ceph: stderr
2024-03-24T09:40:21.968+0000 7fb0e8fef700 1 -- --> [v2:172.21.15.22:3300/0,v1:172.21.15.22:6789/0] -- mon_getmap magic: 0 v1 -- 0x7fb0e407c040 con 0x7fb0e4106510
2024-03-24T09:40:22.715 INFO:teuthology.orchestra.run.smithi022.stdout:/usr/bin/ceph: stderr
2024-03-24T09:40:21.968+0000 7fb0e259c700 1 --2- >> [v2:172.21.15.22:3300/0,v1:172.21.15.22:6789/0] conn(0x7fb0e4106510 0x7fb0e407bb00 unknown :-1 s=BANNER_CONNECTING pgs=0 cs=0 l=1 rev1=0 crypto rx=0 tx=0 comp rx=0 tx=0)._handle_peer_banner_payload supported=3 required=0
2024-03-24T09:40:22.715 INFO:teuthology.orchestra.run.smithi022.stdout:/usr/bin/ceph: stderr
2024-03-24T09:40:21.968+0000 7fb0e259c700 1 --2- >> [v2:172.21.15.22:3300/0,v1:172.21.15.22:6789/0] conn(0x7fb0e4106510 0x7fb0e407bb00 unknown :-1 s=HELLO_CONNECTING pgs=0 cs=0 l=1 rev1=1 crypto rx=0 tx=0 comp rx=0 tx=0).handle_hello peer v2:172.21.15.22:3300/0 says I am v2:172.21.15.22:56092/0 (socket says 172.21.15.22:56092)
2024-03-24T09:40:22.715 INFO:teuthology.orchestra.run.smithi022.stdout:/usr/bin/ceph: stderr
2024-03-24T09:40:21.968+0000 7fb0e259c700 1 -- 172.21.15.22:0/218822521 learned_addr learned my addr 172.21.15.22:0/218822521 (peer_addr_for_me v2:172.21.15.22:0/0)
2024-03-24T09:40:22.715 INFO:teuthology.orchestra.run.smithi022.stdout:/usr/bin/ceph: stderr
2024-03-24T09:40:21.969+0000 7fb0e259c700 1 -- 172.21.15.22:0/218822521 --> [v2:172.21.15.22:3300/0,v1:172.21.15.22:6789/0] -- mon_subscribe({config=0+,monmap=0+}) v3 -- 0x7fb0d4009550 con 0x7fb0e4106510
2024-03-24T09:40:22.715 INFO:teuthology.orchestra.run.smithi022.stdout:/usr/bin/ceph: stderr
2024-03-24T09:40:21.969+0000 7fb0e259c700 1 --2- 172.21.15.22:0/218822521 >> [v2:172.21.15.22:3300/0,v1:172.21.15.22:6789/0] conn(0x7fb0e4106510 0x7fb0e407bb00 secure :-1 s=READY pgs=66 cs=0 l=1 rev1=1 crypto rx=0x7fb0d40117b0 tx=0x7fb0d4011890 comp rx=0 tx=0).ready entity=mon.0 client_cookie=0 server_cookie=0 in_seq=0 out_seq=0
2024-03-24T09:40:22.715 INFO:teuthology.orchestra.run.smithi022.stdout:/usr/bin/ceph: stderr
2024-03-24T09:40:21.969+0000 7fb0d37fe700 1 -- 172.21.15.22:0/218822521 <== mon.0 v2:172.21.15.22:3300/0 1 ==== mon_map magic: 0 v1 ==== 229+0+0 (secure 0 0 0) 0x7fb0d40038b0 con 0x7fb0e4106510
2024-03-24T09:40:22.716 INFO:teuthology.orchestra.run.smithi022.stdout:/usr/bin/ceph: stderr
2024-03-24T09:40:21.969+0000 7fb0d37fe700 1 -- 172.21.15.22:0/218822521 <== mon.0 v2:172.21.15.22:3300/0 2 ==== config(27 keys) v1 ==== 1109+0+0 (secure 0 0 0) 0x7fb0d4003a10 con 0x7fb0e4106510
2024-03-24T09:40:22.716 INFO:teuthology.orchestra.run.smithi022.stdout:/usr/bin/ceph: stderr
2024-03-24T09:40:21.969+0000 7fb0e8fef700 1 -- 172.21.15.22:0/218822521 --> [v2:172.21.15.22:3300/0,v1:172.21.15.22:6789/0] -- mon_subscribe({mgrmap=0+}) v3 -- 0x7fb0e407a280 con 0x7fb0e4106510
2024-03-24T09:40:22.716 INFO:teuthology.orchestra.run.smithi022.stdout:/usr/bin/ceph: stderr
2024-03-24T09:40:21.969+0000 7fb0d37fe700 1 -- 172.21.15.22:0/218822521 <== mon.0 v2:172.21.15.22:3300/0 3 ==== mon_map magic: 0 v1 ==== 229+0+0 (secure 0 0 0) 0x7fb0d40246e0 con 0x7fb0e4106510
2024-03-24T09:40:22.716 INFO:teuthology.orchestra.run.smithi022.stdout:/usr/bin/ceph: stderr
2024-03-24T09:40:21.969+0000 7fb0e8fef700 1 -- 172.21.15.22:0/218822521 --> [v2:172.21.15.22:3300/0,v1:172.21.15.22:6789/0] -- mon_subscribe({osdmap=0}) v3 -- 0x7fb0e407a720 con 0x7fb0e4106510
2024-03-24T09:40:22.716 INFO:teuthology.orchestra.run.smithi022.stdout:/usr/bin/ceph: stderr
2024-03-24T09:40:21.970+0000 7fb0d37fe700 1 -- 172.21.15.22:0/218822521 <== mon.0 v2:172.21.15.22:3300/0 4 ==== mgrmap(e 8) v1 ==== 45548+0+0 (secure 0 0 0) 0x7fb0d402d3f0 con 0x7fb0e4106510
2024-03-24T09:40:22.716 INFO:teuthology.orchestra.run.smithi022.stdout:/usr/bin/ceph: stderr
2024-03-24T09:40:21.970+0000 7fb0d37fe700 1 --2- 172.21.15.22:0/218822521 >> [v2:172.21.15.22:6800/3036078499,v1:172.21.15.22:6801/3036078499] conn(0x7fb0cc038720 0x7fb0cc03abe0 unknown :-1 s=NONE pgs=0 cs=0 l=1 rev1=0 crypto rx=0 tx=0 comp rx=0 tx=0).connect
