2024-03-24T09:39:50.291+0000 7f7a837fe700 1 --2- >> [v2:172.21.15.22:3300/0,v1:172.21.15.22:6789/0] conn(0x7f7a84106550 0x7f7a84106970 unknown :-1 s=HELLO_CONNECTING pgs=0 cs=0 l=0 rev1=1 crypto rx=0 tx=0 comp rx=0 tx=0).handle_hello peer v2:172.21.15.22:3300/0 says I am v2:172.21.15.22:59646/0 (socket says 172.21.15.22:59646)
2024-03-24T09:39:51.677 INFO:teuthology.orchestra.run.smithi022.stdout:/usr/bin/ceph: stderr
2024-03-24T09:39:50.291+0000 7f7a837fe700 1 -- 172.21.15.22:0/1278215133 learned_addr learned my addr 172.21.15.22:0/1278215133 (peer_addr_for_me v2:172.21.15.22:0/0)
2024-03-24T09:39:51.677 INFO:teuthology.orchestra.run.smithi022.stdout:/usr/bin/ceph: stderr
2024-03-24T09:39:50.292+0000 7f7a837fe700 1 -- 172.21.15.22:0/1278215133 --> [v2:172.21.15.22:3300/0,v1:172.21.15.22:6789/0] -- mon_subscribe({config=0+,monmap=0+}) v3 -- 0x7f7a841076b0 con 0x7f7a84106550
2024-03-24T09:39:51.677 INFO:teuthology.orchestra.run.smithi022.stdout:/usr/bin/ceph: stderr
2024-03-24T09:39:50.292+0000 7f7a837fe700 1 --2- 172.21.15.22:0/1278215133 >> [v2:172.21.15.22:3300/0,v1:172.21.15.22:6789/0] conn(0x7f7a84106550 0x7f7a84106970 secure :-1 s=READY pgs=22 cs=0 l=1 rev1=1 crypto rx=0x7f7a740098a0 tx=0x7f7a74009bb0 comp rx=0 tx=0).ready entity=mon.0 client_cookie=28f3d8499e2acf0d server_cookie=0 in_seq=0 out_seq=0
2024-03-24T09:39:51.677 INFO:teuthology.orchestra.run.smithi022.stdout:/usr/bin/ceph: stderr
2024-03-24T09:39:50.292+0000 7f7a827fc700 1 -- 172.21.15.22:0/1278215133 <== mon.0 v2:172.21.15.22:3300/0 1 ==== mon_map magic: 0 v1 ==== 229+0+0 (secure 0 0 0) 0x7f7a74004180 con 0x7f7a84106550
2024-03-24T09:39:51.677 INFO:teuthology.orchestra.run.smithi022.stdout:/usr/bin/ceph: stderr
2024-03-24T09:39:50.292+0000 7f7a827fc700 1 -- 172.21.15.22:0/1278215133 <== mon.0 v2:172.21.15.22:3300/0 2 ==== config(27 keys) v1 ==== 1042+0+0 (secure 0 0 0) 0x7f7a740042e0 con 0x7f7a84106550
2024-03-24T09:39:51.677 INFO:teuthology.orchestra.run.smithi022.stdout:/usr/bin/ceph: stderr
2024-03-24T09:39:50.292+0000 7f7a827fc700 1 -- 172.21.15.22:0/1278215133 <== mon.0 v2:172.21.15.22:3300/0 3 ==== mon_map magic: 0 v1 ==== 229+0+0 (secure 0 0 0) 0x7f7a74011a70 con 0x7f7a84106550
2024-03-24T09:39:51.678 INFO:teuthology.orchestra.run.smithi022.stdout:/usr/bin/ceph: stderr
2024-03-24T09:39:50.292+0000 7f7a8a1ef700 1 -- 172.21.15.22:0/1278215133 >> [v2:172.21.15.22:3300/0,v1:172.21.15.22:6789/0] conn(0x7f7a84106550 msgr2=0x7f7a84106970 secure :-1 s=STATE_CONNECTION_ESTABLISHED l=1).mark_down
2024-03-24T09:39:51.678 INFO:teuthology.orchestra.run.smithi022.stdout:/usr/bin/ceph: stderr
2024-03-24T09:39:50.292+0000 7f7a8a1ef700 1 --2- 172.21.15.22:0/1278215133 >> [v2:172.21.15.22:3300/0,v1:172.21.15.22:6789/0] conn(0x7f7a84106550 0x7f7a84106970 secure :-1 s=READY pgs=22 cs=0 l=1 rev1=1 crypto rx=0x7f7a740098a0 tx=0x7f7a74009bb0 comp rx=0 tx=0).stop
2024-03-24T09:39:51.678 INFO:teuthology.orchestra.run.smithi022.stdout:/usr/bin/ceph: stderr
2024-03-24T09:39:50.292+0000 7f7a8a1ef700 1 -- 172.21.15.22:0/1278215133 shutdown_connections
2024-03-24T09:39:51.678 INFO:teuthology.orchestra.run.smithi022.stdout:/usr/bin/ceph: stderr
2024-03-24T09:39:50.292+0000 7f7a8a1ef700 1 --2- 172.21.15.22:0/1278215133 >> [v2:172.21.15.22:3300/0,v1:172.21.15.22:6789/0] conn(0x7f7a84106550 0x7f7a84106970 unknown :-1 s=CLOSED pgs=22 cs=0 l=1 rev1=1 crypto rx=0 tx=0 comp rx=0 tx=0).stop
2024-03-24T09:39:51.678 INFO:teuthology.orchestra.run.smithi022.stdout:/usr/bin/ceph: stderr
2024-03-24T09:39:50.292+0000 7f7a8a1ef700 1 -- 172.21.15.22:0/1278215133 >> 172.21.15.22:0/1278215133 conn(0x7f7a84101b10 msgr2=0x7f7a84103f30 unknown :-1 s=STATE_NONE l=0).mark_down
2024-03-24T09:39:51.678 INFO:teuthology.orchestra.run.smithi022.stdout:/usr/bin/ceph: stderr
2024-03-24T09:39:50.293+0000 7f7a8a1ef700 1 -- 172.21.15.22:0/1278215133 shutdown_connections
2024-03-24T09:39:51.678 INFO:teuthology.orchestra.run.smithi022.stdout:/usr/bin/ceph: stderr
2024-03-24T09:39:50.293+0000 7f7a8a1ef700 1 -- 172.21.15.22:0/1278215133 wait complete.
2024-03-24T09:39:51.678 INFO:teuthology.orchestra.run.smithi022.stdout:/usr/bin/ceph: stderr
2024-03-24T09:39:50.293+0000 7f7a8a1ef700 1 Processor -- start
2024-03-24T09:39:51.678 INFO:teuthology.orchestra.run.smithi022.stdout:/usr/bin/ceph: stderr
2024-03-24T09:39:50.293+0000 7f7a8a1ef700 1 -- start start
2024-03-24T09:39:51.678 INFO:teuthology.orchestra.run.smithi022.stdout:/usr/bin/ceph: stderr
2024-03-24T09:39:50.293+0000 7f7a8a1ef700 1 --2- >> [v2:172.21.15.22:3300/0,v1:172.21.15.22:6789/0] conn(0x7f7a84106550 0x7f7a8419a240 unknown :-1 s=NONE pgs=0 cs=0 l=1 rev1=0 crypto rx=0 tx=0 comp rx=0 tx=0).connect
2024-03-24T09:39:51.678 INFO:teuthology.orchestra.run.smithi022.stdout:/usr/bin/ceph: stderr
2024-03-24T09:39:50.293+0000 7f7a8a1ef700 1 -- --> [v2:172.21.15.22:3300/0,v1:172.21.15.22:6789/0] -- mon_getmap magic: 0 v1 -- 0x7f7a8419a780 con 0x7f7a84106550
2024-03-24T09:39:51.678 INFO:teuthology.orchestra.run.smithi022.stdout:/usr/bin/ceph: stderr
2024-03-24T09:39:50.293+0000 7f7a837fe700 1 --2- >> [v2:172.21.15.22:3300/0,v1:172.21.15.22:6789/0] conn(0x7f7a84106550 0x7f7a8419a240 unknown :-1 s=BANNER_CONNECTING pgs=0 cs=0 l=1 rev1=0 crypto rx=0 tx=0 comp rx=0 tx=0)._handle_peer_banner_payload supported=3 required=0
2024-03-24T09:39:51.678 INFO:teuthology.orchestra.run.smithi022.stdout:/usr/bin/ceph: stderr
2024-03-24T09:39:50.294+0000 7f7a837fe700 1 --2- >> [v2:172.21.15.22:3300/0,v1:172.21.15.22:6789/0] conn(0x7f7a84106550 0x7f7a8419a240 unknown :-1 s=HELLO_CONNECTING pgs=0 cs=0 l=1 rev1=1 crypto rx=0 tx=0 comp rx=0 tx=0).handle_hello peer v2:172.21.15.22:3300/0 says I am v2:172.21.15.22:59656/0 (socket says 172.21.15.22:59656)
2024-03-24T09:39:51.679 INFO:teuthology.orchestra.run.smithi022.stdout:/usr/bin/ceph: stderr
2024-03-24T09:39:50.294+0000 7f7a837fe700 1 -- 172.21.15.22:0/1649476045 learned_addr learned my addr 172.21.15.22:0/1649476045 (peer_addr_for_me v2:172.21.15.22:0/0)
2024-03-24T09:39:51.679 INFO:teuthology.orchestra.run.smithi022.stdout:/usr/bin/ceph: stderr
2024-03-24T09:39:50.294+0000 7f7a837fe700 1 -- 172.21.15.22:0/1649476045 --> [v2:172.21.15.22:3300/0,v1:172.21.15.22:6789/0] -- mon_subscribe({config=0+,monmap=0+}) v3 -- 0x7f7a74009550 con 0x7f7a84106550
2024-03-24T09:39:51.679 INFO:teuthology.orchestra.run.smithi022.stdout:/usr/bin/ceph: stderr
2024-03-24T09:39:50.294+0000 7f7a837fe700 1 --2- 172.21.15.22:0/1649476045 >> [v2:172.21.15.22:3300/0,v1:172.21.15.22:6789/0] conn(0x7f7a84106550 0x7f7a8419a240 secure :-1 s=READY pgs=23 cs=0 l=1 rev1=1 crypto rx=0x7f7a74011710 tx=0x7f7a740047c0 comp rx=0 tx=0).ready entity=mon.0 client_cookie=0 server_cookie=0 in_seq=0 out_seq=0
2024-03-24T09:39:51.679 INFO:teuthology.orchestra.run.smithi022.stdout:/usr/bin/ceph: stderr
2024-03-24T09:39:50.294+0000 7f7a80ff9700 1 -- 172.21.15.22:0/1649476045 <== mon.0 v2:172.21.15.22:3300/0 1 ==== mon_map magic: 0 v1 ==== 229+0+0 (secure 0 0 0) 0x7f7a74003b10 con 0x7f7a84106550
2024-03-24T09:39:51.679 INFO:teuthology.orchestra.run.smithi022.stdout:/usr/bin/ceph: stderr
2024-03-24T09:39:50.294+0000 7f7a80ff9700 1 -- 172.21.15.22:0/1649476045 <== mon.0 v2:172.21.15.22:3300/0 2 ==== config(27 keys) v1 ==== 1042+0+0 (secure 0 0 0) 0x7f7a7401b8c0 con 0x7f7a84106550
2024-03-24T09:39:51.679 INFO:teuthology.orchestra.run.smithi022.stdout:/usr/bin/ceph: stderr
2024-03-24T09:39:50.294+0000 7f7a8a1ef700 1 -- 172.21.15.22:0/1649476045 --> [v2:172.21.15.22:3300/0,v1:172.21.15.22:6789/0] -- mon_subscribe({mgrmap=0+}) v3 -- 0x7f7a8419a980 con 0x7f7a84106550
2024-03-24T09:39:51.679 INFO:teuthology.orchestra.run.smithi022.stdout:/usr/bin/ceph: stderr
2024-03-24T09:39:50.294+0000 7f7a80ff9700 1 -- 172.21.15.22:0/1649476045 <== mon.0 v2:172.21.15.22:3300/0 3 ==== mon_map magic: 0 v1 ==== 229+0+0 (secure 0 0 0) 0x7f7a74019710 con 0x7f7a84106550
2024-03-24T09:39:51.679 INFO:teuthology.orchestra.run.smithi022.stdout:/usr/bin/ceph: stderr
2024-03-24T09:39:50.294+0000 7f7a8a1ef700 1 -- 172.21.15.22:0/1649476045 --> [v2:172.21.15.22:3300/0,v1:172.21.15.22:6789/0] -- mon_subscribe({osdmap=0}) v3 -- 0x7f7a8419ae20 con 0x7f7a84106550
2024-03-24T09:39:51.679 INFO:teuthology.orchestra.run.smithi022.stdout:/usr/bin/ceph: stderr
2024-03-24T09:39:50.295+0000 7f7a80ff9700 1 -- 172.21.15.22:0/1649476045 <== mon.0 v2:172.21.15.22:3300/0 4 ==== mgrmap(e 4) v1 ==== 45537+0+0 (secure 0 0 0) 0x7f7a740198c0 con 0x7f7a84106550
2024-03-24T09:39:51.679 INFO:teuthology.orchestra.run.smithi022.stdout:/usr/bin/ceph: stderr
2024-03-24T09:39:50.295+0000 7f7a8a1ef700 1 -- 172.21.15.22:0/1649476045 --> [v2:172.21.15.22:3300/0,v1:172.21.15.22:6789/0] -- mon_command({"prefix": "get_command_descriptions"} v 0) v1 -- 0x7f7a8410a8e0 con 0x7f7a84106550
2024-03-24T09:39:51.679 INFO:teuthology.orchestra.run.smithi022.stdout:/usr/bin/ceph: stderr
2024-03-24T09:39:50.295+0000 7f7a80ff9700 1 --2- 172.21.15.22:0/1649476045 >> [v2:172.21.15.22:6800/2423771373,v1:172.21.15.22:6801/2423771373] conn(0x7f7a6c0386e0 0x7f7a6c03aba0 unknown :-1 s=NONE pgs=0 cs=0 l=1 rev1=0 crypto rx=0 tx=0 comp rx=0 tx=0).connect
2024-03-24T09:39:51.679 INFO:teuthology.orchestra.run.smithi022.stdout:/usr/bin/ceph: stderr
2024-03-24T09:39:50.295+0000 7f7a80ff9700 1 -- 172.21.15.22:0/1649476045 <== mon.0 v2:172.21.15.22:3300/0 5 ==== osd_map(1..1 src has 1..1) v4 ==== 725+0+0 (secure 0 0 0) 0x7f7a7404cc20 con 0x7f7a84106550
2024-03-24T09:39:51.679 INFO:teuthology.orchestra.run.smithi022.stdout:/usr/bin/ceph: stderr
2024-03-24T09:39:50.295+0000 7f7a82ffd700 1 --2- 172.21.15.22:0/1649476045 >> [v2:172.21.15.22:6800/2423771373,v1:172.21.15.22:6801/2423771373] conn(0x7f7a6c0386e0 0x7f7a6c03aba0 unknown :-1 s=BANNER_CONNECTING pgs=0 cs=0 l=1 rev1=0 crypto rx=0 tx=0 comp rx=0 tx=0)._handle_peer_banner_payload supported=3 required=0
2024-03-24T09:39:51.679 INFO:teuthology.orchestra.run.smithi022.stdout:/usr/bin/ceph: stderr
2024-03-24T09:39:50.296+0000 7f7a82ffd700 1 --2- 172.21.15.22:0/1649476045 >> [v2:172.21.15.22:6800/2423771373,v1:172.21.15.22:6801/2423771373] conn(0x7f7a6c0386e0 0x7f7a6c03aba0 secure :-1 s=READY pgs=8 cs=0 l=1 rev1=1 crypto rx=0x7f7a78006fd0 tx=0x7f7a78006e40 comp rx=0 tx=0).ready entity=mgr.14100 client_cookie=0 server_cookie=0 in_seq=0 out_seq=0
2024-03-24T09:39:51.680 INFO:teuthology.orchestra.run.smithi022.stdout:/usr/bin/ceph: stderr
2024-03-24T09:39:50.300+0000 7f7a80ff9700 1 -- 172.21.15.22:0/1649476045 <== mon.0 v2:172.21.15.22:3300/0 6 ==== mon_command_ack([{"prefix": "get_command_descriptions"}]=0 v0) v1 ==== 72+0+182738 (secure 0 0 0) 0x7f7a74018b80 con 0x7f7a84106550
2024-03-24T09:39:51.680 INFO:teuthology.orchestra.run.smithi022.stdout:/usr/bin/ceph: stderr
2024-03-24T09:39:50.556+0000 7f7a8a1ef700 1 -- 172.21.15.22:0/1649476045 --> [v2:172.21.15.22:3300/0,v1:172.21.15.22:6789/0] -- mon_command({"prefix": "mgr module enable", "module": "cephadm"} v 0) v1 -- 0x7f7a8419da80 con 0x7f7a84106550
2024-03-24T09:39:51.680 INFO:teuthology.orchestra.run.smithi022.stdout:/usr/bin/ceph: stderr
2024-03-24T09:39:51.069+0000 7f7a80ff9700 1 -- 172.21.15.22:0/1649476045 <== mon.0 v2:172.21.15.22:3300/0 7 ==== mgrmap(e 5) v1 ==== 45548+0+0 (secure 0 0 0) 0x7f7a7401a8f0 con 0x7f7a84106550
2024-03-24T09:39:51.680 INFO:teuthology.orchestra.run.smithi022.stdout:/usr/bin/ceph: stderr
2024-03-24T09:39:51.071+0000 7f7a80ff9700 1 -- 172.21.15.22:0/1649476045 <== mon.0 v2:172.21.15.22:3300/0 8 ==== mon_command_ack([{"prefix": "mgr module enable", "module": "cephadm"}]=0 v5) v1 ==== 86+0+0 (secure 0 0 0) 0x7f7a7404c640 con 0x7f7a84106550
2024-03-24T09:39:51.680 INFO:teuthology.orchestra.run.smithi022.stdout:/usr/bin/ceph: stderr
2024-03-24T09:39:51.073+0000 7f7a8a1ef700 1 -- 172.21.15.22:0/1649476045 >> [v2:172.21.15.22:6800/2423771373,v1:172.21.15.22:6801/2423771373] conn(0x7f7a6c0386e0 msgr2=0x7f7a6c03aba0 secure :-1 s=STATE_CONNECTION_ESTABLISHED l=1).mark_down
2024-03-24T09:39:51.680 INFO:teuthology.orchestra.run.smithi022.stdout:/usr/bin/ceph: stderr
2024-03-24T09:39:51.073+0000 7f7a8a1ef700 1 --2- 172.21.15.22:0/1649476045 >> [v2:172.21.15.22:6800/2423771373,v1:172.21.15.22:6801/2423771373] conn(0x7f7a6c0386e0 0x7f7a6c03aba0 secure :-1 s=READY pgs=8 cs=0 l=1 rev1=1 crypto rx=0x7f7a78006fd0 tx=0x7f7a78006e40 comp rx=0 tx=0).stop
2024-03-24T09:39:51.680 INFO:teuthology.orchestra.run.smithi022.stdout:/usr/bin/ceph: stderr
2024-03-24T09:39:51.073+0000 7f7a8a1ef700 1 -- 172.21.15.22:0/1649476045 >> [v2:172.21.15.22:3300/0,v1:172.21.15.22:6789/0] conn(0x7f7a84106550 msgr2=0x7f7a8419a240 secure :-1 s=STATE_CONNECTION_ESTABLISHED l=1).mark_down
2024-03-24T09:39:51.680 INFO:teuthology.orchestra.run.smithi022.stdout:/usr/bin/ceph: stderr
2024-03-24T09:39:51.073+0000 7f7a8a1ef700 1 --2- 172.21.15.22:0/1649476045 >> [v2:172.21.15.22:3300/0,v1:172.21.15.22:6789/0] conn(0x7f7a84106550 0x7f7a8419a240 secure :-1 s=READY pgs=23 cs=0 l=1 rev1=1 crypto rx=0x7f7a74011710 tx=0x7f7a740047c0 comp rx=0 tx=0).stop
2024-03-24T09:39:51.680 INFO:teuthology.orchestra.run.smithi022.stdout:/usr/bin/ceph: stderr
2024-03-24T09:39:51.073+0000 7f7a8a1ef700 1 -- 172.21.15.22:0/1649476045 shutdown_connections
2024-03-24T09:39:51.680 INFO:teuthology.orchestra.run.smithi022.stdout:/usr/bin/ceph: stderr
2024-03-24T09:39:51.073+0000 7f7a8a1ef700 1 --2- 172.21.15.22:0/1649476045 >> [v2:172.21.15.22:6800/2423771373,v1:172.21.15.22:6801/2423771373] conn(0x7f7a6c0386e0 0x7f7a6c03aba0 unknown :-1 s=CLOSED pgs=8 cs=0 l=1 rev1=1 crypto rx=0 tx=0 comp rx=0 tx=0).stop
2024-03-24T09:39:51.680 INFO:teuthology.orchestra.run.smithi022.stdout:/usr/bin/ceph: stderr
2024-03-24T09:39:51.073+0000 7f7a8a1ef700 1 --2- 172.21.15.22:0/1649476045 >> [v2:172.21.15.22:3300/0,v1:172.21.15.22:6789/0] conn(0x7f7a84106550 0x7f7a8419a240 unknown :-1 s=CLOSED pgs=23 cs=0 l=1 rev1=1 crypto rx=0 tx=0 comp rx=0 tx=0).stop
2024-03-24T09:39:51.680 INFO:teuthology.orchestra.run.smithi022.stdout:/usr/bin/ceph: stderr
2024-03-24T09:39:51.073+0000 7f7a8a1ef700 1 -- 172.21.15.22:0/1649476045 >> 172.21.15.22:0/1649476045 conn(0x7f7a84101b10 msgr2=0x7f7a84102670 unknown :-1 s=STATE_NONE l=0).mark_down
2024-03-24T09:39:51.681 INFO:teuthology.orchestra.run.smithi022.stdout:/usr/bin/ceph: stderr
2024-03-24T09:39:51.074+0000 7f7a8a1ef700 1 -- 172.21.15.22:0/1649476045 shutdown_connections
2024-03-24T09:39:51.681 INFO:teuthology.orchestra.run.smithi022.stdout:/usr/bin/ceph: stderr
2024-03-24T09:39:51.074+0000 7f7a8a1ef700 1 -- 172.21.15.22:0/1649476045 wait complete.
2024-03-24T09:39:52.267 INFO:journalctl@ceph.mon.smithi022.smithi022.stdout:Mar 24 09:39:52 smithi022 ceph-mon[29512]: from='client.? 172.21.15.22:0/1649476045' entity='client.admin' cmd='[{"prefix": "mgr module enable", "module": "cephadm"}]': finished
2024-03-24T09:39:52.267 INFO:journalctl@ceph.mon.smithi022.smithi022.stdout:Mar 24 09:39:52 smithi022 ceph-mon[29512]: mgrmap e5: smithi022.emgmxz(active, since 12s)
2024-03-24T09:39:52.950 INFO:teuthology.orchestra.run.smithi022.stdout:/usr/bin/ceph: stdout {
2024-03-24T09:39:52.950 INFO:teuthology.orchestra.run.smithi022.stdout:/usr/bin/ceph: stdout "epoch": 5,
2024-03-24T09:39:52.950 INFO:teuthology.orchestra.run.smithi022.stdout:/usr/bin/ceph: stdout "available": true,
2024-03-24T09:39:52.950 INFO:teuthology.orchestra.run.smithi022.stdout:/usr/bin/ceph: stdout "active_name": "smithi022.emgmxz",
2024-03-24T09:39:52.950 INFO:teuthology.orchestra.run.smithi022.stdout:/usr/bin/ceph: stdout "num_standby": 0
2024-03-24T09:39:52.950 INFO:teuthology.orchestra.run.smithi022.stdout:/usr/bin/ceph: stdout }
2024-03-24T09:39:52.950 INFO:teuthology.orchestra.run.smithi022.stdout:/usr/bin/ceph: stderr
2024-03-24T09:39:52.062+0000 7f69a226d700 1 Processor -- start
2024-03-24T09:39:52.950 INFO:teuthology.orchestra.run.smithi022.stdout:/usr/bin/ceph: stderr
2024-03-24T09:39:52.062+0000 7f69a226d700 1 -- start start
2024-03-24T09:39:52.950 INFO:teuthology.orchestra.run.smithi022.stdout:/usr/bin/ceph: stderr
2024-03-24T09:39:52.062+0000 7f69a226d700 1 --2- >> [v2:172.21.15.22:3300/0,v1:172.21.15.22:6789/0] conn(0x7f699c104db0 0x7f699c1051d0 unknown :-1 s=NONE pgs=0 cs=0 l=0 rev1=0 crypto rx=0 tx=0 comp rx=0 tx=0).connect
2024-03-24T09:39:52.950 INFO:teuthology.orchestra.run.smithi022.stdout:/usr/bin/ceph: stderr
2024-03-24T09:39:52.062+0000 7f69a226d700 1 -- --> [v2:172.21.15.22:3300/0,v1:172.21.15.22:6789/0] -- mon_getmap magic: 0 v1 -- 0x7f699c079e10 con 0x7f699c104db0
2024-03-24T09:39:52.951 INFO:teuthology.orchestra.run.smithi022.stdout:/usr/bin/ceph: stderr
2024-03-24T09:39:52.062+0000 7f699bfff700 1 --2- >> [v2:172.21.15.22:3300/0,v1:172.21.15.22:6789/0] conn(0x7f699c104db0 0x7f699c1051d0 unknown :-1 s=BANNER_CONNECTING pgs=0 cs=0 l=0 rev1=0 crypto rx=0 tx=0 comp rx=0 tx=0)._handle_peer_banner_payload supported=3 required=0
2024-03-24T09:39:52.951 INFO:teuthology.orchestra.run.smithi022.stdout:/usr/bin/ceph: stderr
2024-03-24T09:39:52.062+0000 7f699bfff700 1 --2- >> [v2:172.21.15.22:3300/0,v1:172.21.15.22:6789/0] conn(0x7f699c104db0 0x7f699c1051d0 unknown :-1 s=HELLO_CONNECTING pgs=0 cs=0 l=0 rev1=1 crypto rx=0 tx=0 comp rx=0 tx=0).handle_hello peer v2:172.21.15.22:3300/0 says I am v2:172.21.15.22:59674/0 (socket says 172.21.15.22:59674)
2024-03-24T09:39:52.951 INFO:teuthology.orchestra.run.smithi022.stdout:/usr/bin/ceph: stderr
2024-03-24T09:39:52.062+0000 7f699bfff700 1 -- 172.21.15.22:0/717933505 learned_addr learned my addr 172.21.15.22:0/717933505 (peer_addr_for_me v2:172.21.15.22:0/0)
2024-03-24T09:39:52.951 INFO:teuthology.orchestra.run.smithi022.stdout:/usr/bin/ceph: stderr
2024-03-24T09:39:52.062+0000 7f699bfff700 1 -- 172.21.15.22:0/717933505 --> [v2:172.21.15.22:3300/0,v1:172.21.15.22:6789/0] -- mon_subscribe({config=0+,monmap=0+}) v3 -- 0x7f699c105710 con 0x7f699c104db0
2024-03-24T09:39:52.951 INFO:teuthology.orchestra.run.smithi022.stdout:/usr/bin/ceph: stderr
2024-03-24T09:39:52.062+0000 7f699bfff700 1 --2- 172.21.15.22:0/717933505 >> [v2:172.21.15.22:3300/0,v1:172.21.15.22:6789/0] conn(0x7f699c104db0 0x7f699c1051d0 secure :-1 s=READY pgs=26 cs=0 l=1 rev1=1 crypto rx=0x7f698c0098a0 tx=0x7f698c009bb0 comp rx=0 tx=0).ready entity=mon.0 client_cookie=e89646f9a1c5f155 server_cookie=0 in_seq=0 out_seq=0
2024-03-24T09:39:52.951 INFO:teuthology.orchestra.run.smithi022.stdout:/usr/bin/ceph: stderr
2024-03-24T09:39:52.063+0000 7f699affd700 1 -- 172.21.15.22:0/717933505 <== mon.0 v2:172.21.15.22:3300/0 1 ==== mon_map magic: 0 v1 ==== 229+0+0 (secure 0 0 0) 0x7f698c004180 con 0x7f699c104db0
2024-03-24T09:39:52.951 INFO:teuthology.orchestra.run.smithi022.stdout:/usr/bin/ceph: stderr
2024-03-24T09:39:52.063+0000 7f699affd700 1 -- 172.21.15.22:0/717933505 <== mon.0 v2:172.21.15.22:3300/0 2 ==== config(27 keys) v1 ==== 1042+0+0 (secure 0 0 0) 0x7f698c0042e0 con 0x7f699c104db0
2024-03-24T09:39:52.951 INFO:teuthology.orchestra.run.smithi022.stdout:/usr/bin/ceph: stderr
2024-03-24T09:39:52.063+0000 7f699affd700 1 -- 172.21.15.22:0/717933505 <== mon.0 v2:172.21.15.22:3300/0 3 ==== mon_map magic: 0 v1 ==== 229+0+0 (secure 0 0 0) 0x7f698c011a70 con 0x7f699c104db0
2024-03-24T09:39:52.951 INFO:teuthology.orchestra.run.smithi022.stdout:/usr/bin/ceph: stderr
2024-03-24T09:39:52.063+0000 7f69a226d700 1 -- 172.21.15.22:0/717933505 >> [v2:172.21.15.22:3300/0,v1:172.21.15.22:6789/0] conn(0x7f699c104db0 msgr2=0x7f699c1051d0 secure :-1 s=STATE_CONNECTION_ESTABLISHED l=1).mark_down
2024-03-24T09:39:52.951 INFO:teuthology.orchestra.run.smithi022.stdout:/usr/bin/ceph: stderr
2024-03-24T09:39:52.063+0000 7f69a226d700 1 --2- 172.21.15.22:0/717933505 >> [v2:172.21.15.22:3300/0,v1:172.21.15.22:6789/0] conn(0x7f699c104db0 0x7f699c1051d0 secure :-1 s=READY pgs=26 cs=0 l=1 rev1=1 crypto rx=0x7f698c0098a0 tx=0x7f698c009bb0 comp rx=0 tx=0).stop
2024-03-24T09:39:52.951 INFO:teuthology.orchestra.run.smithi022.stdout:/usr/bin/ceph: stderr
2024-03-24T09:39:52.063+0000 7f69a226d700 1 -- 172.21.15.22:0/717933505 shutdown_connections
2024-03-24T09:39:52.951 INFO:teuthology.orchestra.run.smithi022.stdout:/usr/bin/ceph: stderr
2024-03-24T09:39:52.063+0000 7f69a226d700 1 --2- 172.21.15.22:0/717933505 >> [v2:172.21.15.22:3300/0,v1:172.21.15.22:6789/0] conn(0x7f699c104db0 0x7f699c1051d0 unknown :-1 s=CLOSED pgs=26 cs=0 l=1 rev1=1 crypto rx=0 tx=0 comp rx=0 tx=0).stop
2024-03-24T09:39:52.951 INFO:teuthology.orchestra.run.smithi022.stdout:/usr/bin/ceph: stderr
2024-03-24T09:39:52.063+0000 7f69a226d700 1 -- 172.21.15.22:0/717933505 >> 172.21.15.22:0/717933505 conn(0x7f699c100950 msgr2=0x7f699c102db0 unknown :-1 s=STATE_NONE l=0).mark_down
2024-03-24T09:39:52.952 INFO:teuthology.orchestra.run.smithi022.stdout:/usr/bin/ceph: stderr
2024-03-24T09:39:52.063+0000 7f69a226d700 1 -- 172.21.15.22:0/717933505 shutdown_connections
2024-03-24T09:39:52.952 INFO:teuthology.orchestra.run.smithi022.stdout:/usr/bin/ceph: stderr
2024-03-24T09:39:52.063+0000 7f69a226d700 1 -- 172.21.15.22:0/717933505 wait complete.
2024-03-24T09:39:52.952 INFO:teuthology.orchestra.run.smithi022.stdout:/usr/bin/ceph: stderr
2024-03-24T09:39:52.064+0000 7f69a226d700 1 Processor -- start
2024-03-24T09:39:52.952 INFO:teuthology.orchestra.run.smithi022.stdout:/usr/bin/ceph: stderr
2024-03-24T09:39:52.064+0000 7f69a226d700 1 -- start start
2024-03-24T09:39:52.952 INFO:teuthology.orchestra.run.smithi022.stdout:/usr/bin/ceph: stderr
2024-03-24T09:39:52.064+0000 7f69a226d700 1 --2- >> [v2:172.21.15.22:3300/0,v1:172.21.15.22:6789/0] conn(0x7f699c104db0 0x7f699c19c460 unknown :-1 s=NONE pgs=0 cs=0 l=1 rev1=0 crypto rx=0 tx=0 comp rx=0 tx=0).connect
2024-03-24T09:39:52.952 INFO:teuthology.orchestra.run.smithi022.stdout:/usr/bin/ceph: stderr
2024-03-24T09:39:52.064+0000 7f69a226d700 1 -- --> [v2:172.21.15.22:3300/0,v1:172.21.15.22:6789/0] -- mon_getmap magic: 0 v1 -- 0x7f699c19c9a0 con 0x7f699c104db0
2024-03-24T09:39:52.952 INFO:teuthology.orchestra.run.smithi022.stdout:/usr/bin/ceph: stderr
2024-03-24T09:39:52.064+0000 7f699bfff700 1 --2- >> [v2:172.21.15.22:3300/0,v1:172.21.15.22:6789/0] conn(0x7f699c104db0 0x7f699c19c460 unknown :-1 s=BANNER_CONNECTING pgs=0 cs=0 l=1 rev1=0 crypto rx=0 tx=0 comp rx=0 tx=0)._handle_peer_banner_payload supported=3 required=0
2024-03-24T09:39:52.952 INFO:teuthology.orchestra.run.smithi022.stdout:/usr/bin/ceph: stderr
2024-03-24T09:39:52.065+0000 7f699bfff700 1 --2- >> [v2:172.21.15.22:3300/0,v1:172.21.15.22:6789/0] conn(0x7f699c104db0 0x7f699c19c460 unknown :-1 s=HELLO_CONNECTING pgs=0 cs=0 l=1 rev1=1 crypto rx=0 tx=0 comp rx=0 tx=0).handle_hello peer v2:172.21.15.22:3300/0 says I am v2:172.21.15.22:59684/0 (socket says 172.21.15.22:59684)
2024-03-24T09:39:52.952 INFO:teuthology.orchestra.run.smithi022.stdout:/usr/bin/ceph: stderr
2024-03-24T09:39:52.065+0000 7f699bfff700 1 -- 172.21.15.22:0/1250067184 learned_addr learned my addr 172.21.15.22:0/1250067184 (peer_addr_for_me v2:172.21.15.22:0/0)
2024-03-24T09:39:52.952 INFO:teuthology.orchestra.run.smithi022.stdout:/usr/bin/ceph: stderr
2024-03-24T09:39:52.065+0000 7f699bfff700 1 -- 172.21.15.22:0/1250067184 --> [v2:172.21.15.22:3300/0,v1:172.21.15.22:6789/0] -- mon_subscribe({config=0+,monmap=0+}) v3 -- 0x7f698c009550 con 0x7f699c104db0
2024-03-24T09:39:52.952 INFO:teuthology.orchestra.run.smithi022.stdout:/usr/bin/ceph: stderr
2024-03-24T09:39:52.065+0000 7f699bfff700 1 --2- 172.21.15.22:0/1250067184 >> [v2:172.21.15.22:3300/0,v1:172.21.15.22:6789/0] conn(0x7f699c104db0 0x7f699c19c460 secure :-1 s=READY pgs=27 cs=0 l=1 rev1=1 crypto rx=0x7f698c011710 tx=0x7f698c0047c0 comp rx=0 tx=0).ready entity=mon.0 client_cookie=0 server_cookie=0 in_seq=0 out_seq=0
2024-03-24T09:39:52.952 INFO:teuthology.orchestra.run.smithi022.stdout:/usr/bin/ceph: stderr
2024-03-24T09:39:52.065+0000 7f69997fa700 1 -- 172.21.15.22:0/1250067184 <== mon.0 v2:172.21.15.22:3300/0 1 ==== mon_map magic: 0 v1 ==== 229+0+0 (secure 0 0 0) 0x7f698c003b10 con 0x7f699c104db0
2024-03-24T09:39:52.952 INFO:teuthology.orchestra.run.smithi022.stdout:/usr/bin/ceph: stderr
2024-03-24T09:39:52.065+0000 7f69997fa700 1 -- 172.21.15.22:0/1250067184 <== mon.0 v2:172.21.15.22:3300/0 2 ==== config(27 keys) v1 ==== 1042+0+0 (secure 0 0 0) 0x7f698c01b8c0 con 0x7f699c104db0
2024-03-24T09:39:52.952 INFO:teuthology.orchestra.run.smithi022.stdout:/usr/bin/ceph: stderr
2024-03-24T09:39:52.065+0000 7f69997fa700 1 -- 172.21.15.22:0/1250067184 <== mon.0 v2:172.21.15.22:3300/0 3 ==== mon_map magic: 0 v1 ==== 229+0+0 (secure 0 0 0) 0x7f698c0197e0 con 0x7f699c104db0
2024-03-24T09:39:52.953 INFO:teuthology.orchestra.run.smithi022.stdout:/usr/bin/ceph: stderr
2024-03-24T09:39:52.065+0000 7f69a226d700 1 -- 172.21.15.22:0/1250067184 --> [v2:172.21.15.22:3300/0,v1:172.21.15.22:6789/0] -- mon_subscribe({mgrmap=0+}) v3 -- 0x7f699c19cba0 con 0x7f699c104db0
2024-03-24T09:39:52.953 INFO:teuthology.orchestra.run.smithi022.stdout:/usr/bin/ceph: stderr
2024-03-24T09:39:52.065+0000 7f69a226d700 1 -- 172.21.15.22:0/1250067184 --> [v2:172.21.15.22:3300/0,v1:172.21.15.22:6789/0] -- mon_subscribe({osdmap=0}) v3 -- 0x7f699c19d040 con 0x7f699c104db0
2024-03-24T09:39:52.953 INFO:teuthology.orchestra.run.smithi022.stdout:/usr/bin/ceph: stderr
2024-03-24T09:39:52.066+0000 7f69997fa700 1 -- 172.21.15.22:0/1250067184 <== mon.0 v2:172.21.15.22:3300/0 4 ==== mgrmap(e 5) v1 ==== 45548+0+0 (secure 0 0 0) 0x7f698c019a20 con 0x7f699c104db0
2024-03-24T09:39:52.953 INFO:teuthology.orchestra.run.smithi022.stdout:/usr/bin/ceph: stderr
2024-03-24T09:39:52.066+0000 7f69a226d700 1 -- 172.21.15.22:0/1250067184 --> [v2:172.21.15.22:3300/0,v1:172.21.15.22:6789/0] -- mon_command({"prefix": "get_command_descriptions"} v 0) v1 -- 0x7f699c196130 con 0x7f699c104db0
2024-03-24T09:39:52.953 INFO:teuthology.orchestra.run.smithi022.stdout:/usr/bin/ceph: stderr
2024-03-24T09:39:52.066+0000 7f69997fa700 1 --2- 172.21.15.22:0/1250067184 >> [v2:172.21.15.22:6800/2423771373,v1:172.21.15.22:6801/2423771373] conn(0x7f6984038720 0x7f698403abe0 unknown :-1 s=NONE pgs=0 cs=0 l=1 rev1=0 crypto rx=0 tx=0 comp rx=0 tx=0).connect
2024-03-24T09:39:52.953 INFO:teuthology.orchestra.run.smithi022.stdout:/usr/bin/ceph: stderr
2024-03-24T09:39:52.066+0000 7f69997fa700 1 -- 172.21.15.22:0/1250067184 <== mon.0 v2:172.21.15.22:3300/0 5 ==== osd_map(1..1 src has 1..1) v4 ==== 725+0+0 (secure 0 0 0) 0x7f698c04c9c0 con 0x7f699c104db0
2024-03-24T09:39:52.953 INFO:teuthology.orchestra.run.smithi022.stdout:/usr/bin/ceph: stderr
2024-03-24T09:39:52.066+0000 7f699b7fe700 1 -- 172.21.15.22:0/1250067184 >> [v2:172.21.15.22:6800/2423771373,v1:172.21.15.22:6801/2423771373] conn(0x7f6984038720 msgr2=0x7f698403abe0 unknown :-1 s=STATE_CONNECTING_RE l=1).process reconnect failed to v2:172.21.15.22:6800/2423771373
2024-03-24T09:39:52.953 INFO:teuthology.orchestra.run.smithi022.stdout:/usr/bin/ceph: stderr
2024-03-24T09:39:52.066+0000 7f699b7fe700 1 --2- 172.21.15.22:0/1250067184 >> [v2:172.21.15.22:6800/2423771373,v1:172.21.15.22:6801/2423771373] conn(0x7f6984038720 0x7f698403abe0 unknown :-1 s=START_CONNECT pgs=0 cs=0 l=1 rev1=0 crypto rx=0 tx=0 comp rx=0 tx=0)._fault waiting 0.200000
2024-03-24T09:39:52.953 INFO:teuthology.orchestra.run.smithi022.stdout:/usr/bin/ceph: stderr
2024-03-24T09:39:52.071+0000 7f69997fa700 1 -- 172.21.15.22:0/1250067184 <== mon.0 v2:172.21.15.22:3300/0 6 ==== mon_command_ack([{"prefix": "get_command_descriptions"}]=0 v0) v1 ==== 72+0+182738 (secure 0 0 0) 0x7f698c018db0 con 0x7f699c104db0
2024-03-24T09:39:52.953 INFO:teuthology.orchestra.run.smithi022.stdout:/usr/bin/ceph: stderr
2024-03-24T09:39:52.267+0000 7f699b7fe700 1 -- 172.21.15.22:0/1250067184 >> [v2:172.21.15.22:6800/2423771373,v1:172.21.15.22:6801/2423771373] conn(0x7f6984038720 msgr2=0x7f698403abe0 unknown :-1 s=STATE_CONNECTING_RE l=1).process reconnect failed to v2:172.21.15.22:6800/2423771373
2024-03-24T09:39:52.953 INFO:teuthology.orchestra.run.smithi022.stdout:/usr/bin/ceph: stderr
2024-03-24T09:39:52.267+0000 7f699b7fe700 1 --2- 172.21.15.22:0/1250067184 >> [v2:172.21.15.22:6800/2423771373,v1:172.21.15.22:6801/2423771373] conn(0x7f6984038720 0x7f698403abe0 unknown :-1 s=START_CONNECT pgs=0 cs=0 l=1 rev1=0 crypto rx=0 tx=0 comp rx=0 tx=0)._fault waiting 0.400000
2024-03-24T09:39:52.953 INFO:teuthology.orchestra.run.smithi022.stdout:/usr/bin/ceph: stderr
2024-03-24T09:39:52.332+0000 7f69a226d700 1 -- 172.21.15.22:0/1250067184 --> [v2:172.21.15.22:3300/0,v1:172.21.15.22:6789/0] -- mon_command({"prefix": "mgr stat"} v 0) v1 -- 0x7f699c02ccb0 con 0x7f699c104db0
2024-03-24T09:39:52.953 INFO:teuthology.orchestra.run.smithi022.stdout:/usr/bin/ceph: stderr
2024-03-24T09:39:52.332+0000 7f69997fa700 1 -- 172.21.15.22:0/1250067184 <== mon.0 v2:172.21.15.22:3300/0 7 ==== mon_command_ack([{"prefix": "mgr stat"}]=0 v5) v1 ==== 56+0+103 (secure 0 0 0) 0x7f698c01f070 con 0x7f699c104db0
2024-03-24T09:39:52.953 INFO:teuthology.orchestra.run.smithi022.stdout:/usr/bin/ceph: stderr
2024-03-24T09:39:52.334+0000 7f69a226d700 1 -- 172.21.15.22:0/1250067184 >> [v2:172.21.15.22:6800/2423771373,v1:172.21.15.22:6801/2423771373] conn(0x7f6984038720 msgr2=0x7f698403abe0 unknown :-1 s=STATE_CONNECTING l=1).mark_down
2024-03-24T09:39:52.954 INFO:teuthology.orchestra.run.smithi022.stdout:/usr/bin/ceph: stderr
2024-03-24T09:39:52.334+0000 7f69a226d700 1 --2- 172.21.15.22:0/1250067184 >> [v2:172.21.15.22:6800/2423771373,v1:172.21.15.22:6801/2423771373] conn(0x7f6984038720 0x7f698403abe0 unknown :-1 s=START_CONNECT pgs=0 cs=0 l=1 rev1=0 crypto rx=0 tx=0 comp rx=0 tx=0).stop
2024-03-24T09:39:52.954 INFO:teuthology.orchestra.run.smithi022.stdout:/usr/bin/ceph: stderr
2024-03-24T09:39:52.334+0000 7f69a226d700 1 -- 172.21.15.22:0/1250067184 >> [v2:172.21.15.22:3300/0,v1:172.21.15.22:6789/0] conn(0x7f699c104db0 msgr2=0x7f699c19c460 secure :-1 s=STATE_CONNECTION_ESTABLISHED l=1).mark_down
2024-03-24T09:39:52.954 INFO:teuthology.orchestra.run.smithi022.stdout:/usr/bin/ceph: stderr
2024-03-24T09:39:52.334+0000 7f69a226d700 1 --2- 172.21.15.22:0/1250067184 >> [v2:172.21.15.22:3300/0,v1:172.21.15.22:6789/0] conn(0x7f699c104db0 0x7f699c19c460 secure :-1 s=READY pgs=27 cs=0 l=1 rev1=1 crypto rx=0x7f698c011710 tx=0x7f698c0047c0 comp rx=0 tx=0).stop
2024-03-24T09:39:52.954 INFO:teuthology.orchestra.run.smithi022.stdout:/usr/bin/ceph: stderr
2024-03-24T09:39:52.334+0000 7f69a226d700 1 -- 172.21.15.22:0/1250067184 shutdown_connections
2024-03-24T09:39:52.954 INFO:teuthology.orchestra.run.smithi022.stdout:/usr/bin/ceph: stderr
2024-03-24T09:39:52.334+0000 7f69a226d700 1 --2- 172.21.15.22:0/1250067184 >> [v2:172.21.15.22:6800/2423771373,v1:172.21.15.22:6801/2423771373] conn(0x7f6984038720 0x7f698403abe0 unknown :-1 s=CLOSED pgs=0 cs=0 l=1 rev1=0 crypto rx=0 tx=0 comp rx=0 tx=0).stop
2024-03-24T09:39:52.954 INFO:teuthology.orchestra.run.smithi022.stdout:/usr/bin/ceph: stderr
2024-03-24T09:39:52.334+0000 7f69a226d700 1 --2- 172.21.15.22:0/1250067184 >> [v2:172.21.15.22:3300/0,v1:172.21.15.22:6789/0] conn(0x7f699c104db0 0x7f699c19c460 unknown :-1 s=CLOSED pgs=27 cs=0 l=1 rev1=1 crypto rx=0 tx=0 comp rx=0 tx=0).stop
2024-03-24T09:39:52.954 INFO:teuthology.orchestra.run.smithi022.stdout:/usr/bin/ceph: stderr
2024-03-24T09:39:52.334+0000 7f69a226d700 1 -- 172.21.15.22:0/1250067184 >> 172.21.15.22:0/1250067184 conn(0x7f699c100950 msgr2=0x7f699c193270 unknown :-1 s=STATE_NONE l=0).mark_down
2024-03-24T09:39:52.954 INFO:teuthology.orchestra.run.smithi022.stdout:/usr/bin/ceph: stderr
2024-03-24T09:39:52.334+0000 7f69a226d700 1 -- 172.21.15.22:0/1250067184 shutdown_connections
2024-03-24T09:39:52.954 INFO:teuthology.orchestra.run.smithi022.stdout:/usr/bin/ceph: stderr
2024-03-24T09:39:52.334+0000 7f69a226d700 1 -- 172.21.15.22:0/1250067184 wait complete.
2024-03-24T09:39:52.954 INFO:teuthology.orchestra.run.smithi022.stdout:Waiting for the mgr to restart...
2024-03-24T09:39:52.954 INFO:teuthology.orchestra.run.smithi022.stdout:Waiting for mgr epoch 5...
2024-03-24T09:39:53.210 INFO:journalctl@ceph.mon.smithi022.smithi022.stdout:Mar 24 09:39:53 smithi022 ceph-mon[29512]: from='client.? 172.21.15.22:0/1250067184' entity='client.admin' cmd=[{"prefix": "mgr stat"}]: dispatch
2024-03-24T09:39:58.282 INFO:journalctl@ceph.mon.smithi022.smithi022.stdout:Mar 24 09:39:58 smithi022 ceph-mon[29512]: Active manager daemon smithi022.emgmxz restarted
2024-03-24T09:39:58.283 INFO:journalctl@ceph.mon.smithi022.smithi022.stdout:Mar 24 09:39:58 smithi022 ceph-mon[29512]: Activating manager daemon smithi022.emgmxz
2024-03-24T09:39:58.283 INFO:journalctl@ceph.mon.smithi022.smithi022.stdout:Mar 24 09:39:58 smithi022 ceph-mon[29512]: osdmap e2: 0 total, 0 up, 0 in
2024-03-24T09:39:58.283 INFO:journalctl@ceph.mon.smithi022.smithi022.stdout:Mar 24 09:39:58 smithi022 ceph-mon[29512]: mgrmap e6: smithi022.emgmxz(active, starting, since 0.00329196s)
2024-03-24T09:39:58.283 INFO:journalctl@ceph.mon.smithi022.smithi022.stdout:Mar 24 09:39:58 smithi022 ceph-mon[29512]: from='mgr.14120 172.21.15.22:0/3193617044' entity='mgr.smithi022.emgmxz' cmd=[{"prefix": "mon metadata", "id": "smithi022"}]: dispatch
2024-03-24T09:39:58.283 INFO:journalctl@ceph.mon.smithi022.smithi022.stdout:Mar 24 09:39:58 smithi022 ceph-mon[29512]: from='mgr.14120 172.21.15.22:0/3193617044' entity='mgr.smithi022.emgmxz' cmd=[{"prefix": "mgr metadata", "who": "smithi022.emgmxz", "id": "smithi022.emgmxz"}]: dispatch
2024-03-24T09:39:58.283 INFO:journalctl@ceph.mon.smithi022.smithi022.stdout:Mar 24 09:39:58 smithi022 ceph-mon[29512]: from='mgr.14120 172.21.15.22:0/3193617044' entity='mgr.smithi022.emgmxz' cmd=[{"prefix": "mds metadata"}]: dispatch
2024-03-24T09:39:58.283 INFO:journalctl@ceph.mon.smithi022.smithi022.stdout:Mar 24 09:39:58 smithi022 ceph-mon[29512]: from='mgr.14120 172.21.15.22:0/3193617044' entity='mgr.smithi022.emgmxz' cmd=[{"prefix": "osd metadata"}]: dispatch
2024-03-24T09:39:58.283 INFO:journalctl@ceph.mon.smithi022.smithi022.stdout:Mar 24 09:39:58 smithi022 ceph-mon[29512]: from='mgr.14120 172.21.15.22:0/3193617044' entity='mgr.smithi022.emgmxz' cmd=[{"prefix": "mon metadata"}]: dispatch
2024-03-24T09:39:58.283 INFO:journalctl@ceph.mon.smithi022.smithi022.stdout:Mar 24 09:39:58 smithi022 ceph-mon[29512]: Manager daemon smithi022.emgmxz is now available
2024-03-24T09:39:58.283 INFO:journalctl@ceph.mon.smithi022.smithi022.stdout:Mar 24 09:39:58 smithi022 ceph-mon[29512]: from='mgr.14120 172.21.15.22:0/3193617044' entity='mgr.smithi022.emgmxz'
2024-03-24T09:39:58.283 INFO:journalctl@ceph.mon.smithi022.smithi022.stdout:Mar 24 09:39:58 smithi022 ceph-mon[29512]: from='mgr.14120 172.21.15.22:0/3193617044' entity='mgr.smithi022.emgmxz'
2024-03-24T09:39:58.283 INFO:journalctl@ceph.mon.smithi022.smithi022.stdout:Mar 24 09:39:58 smithi022 ceph-mon[29512]: from='mgr.14120 172.21.15.22:0/3193617044' entity='mgr.smithi022.emgmxz' cmd=[{"prefix": "config dump", "format": "json"}]: dispatch
2024-03-24T09:39:58.283 INFO:journalctl@ceph.mon.smithi022.smithi022.stdout:Mar 24 09:39:58 smithi022 ceph-mon[29512]: from='mgr.14120 172.21.15.22:0/3193617044' entity='mgr.smithi022.emgmxz' cmd=[{"prefix": "config dump", "format": "json"}]: dispatch
2024-03-24T09:39:58.283 INFO:journalctl@ceph.mon.smithi022.smithi022.stdout:Mar 24 09:39:58 smithi022 ceph-mon[29512]: from='mgr.14120 172.21.15.22:0/3193617044' entity='mgr.smithi022.emgmxz' cmd=[{"prefix": "config dump", "format": "json"}]: dispatch
2024-03-24T09:39:59.282 INFO:journalctl@ceph.mon.smithi022.smithi022.stdout:Mar 24 09:39:59 smithi022 ceph-mon[29512]: Found migration_current of "None". Setting to last migration.
2024-03-24T09:39:59.282 INFO:journalctl@ceph.mon.smithi022.smithi022.stdout:Mar 24 09:39:59 smithi022 ceph-mon[29512]: from='mgr.14120 172.21.15.22:0/3193617044' entity='mgr.smithi022.emgmxz' cmd=[{"prefix":"config rm","who":"mgr","name":"mgr/rbd_support/smithi022.emgmxz/mirror_snapshot_schedule"}]: dispatch
2024-03-24T09:39:59.282 INFO:journalctl@ceph.mon.smithi022.smithi022.stdout:Mar 24 09:39:59 smithi022 ceph-mon[29512]: from='mgr.14120 172.21.15.22:0/3193617044' entity='mgr.smithi022.emgmxz' cmd=[{"prefix":"config rm","who":"mgr","name":"mgr/rbd_support/smithi022.emgmxz/trash_purge_schedule"}]: dispatch
2024-03-24T09:39:59.282 INFO:journalctl@ceph.mon.smithi022.smithi022.stdout:Mar 24 09:39:59 smithi022 ceph-mon[29512]: from='mgr.14120 172.21.15.22:0/3193617044' entity='mgr.smithi022.emgmxz'
2024-03-24T09:39:59.282 INFO:journalctl@ceph.mon.smithi022.smithi022.stdout:Mar 24 09:39:59 smithi022 ceph-mon[29512]: from='mgr.14120 172.21.15.22:0/3193617044' entity='mgr.smithi022.emgmxz'
2024-03-24T09:39:59.282 INFO:journalctl@ceph.mon.smithi022.smithi022.stdout:Mar 24 09:39:59 smithi022 ceph-mon[29512]: mgrmap e7: smithi022.emgmxz(active, since 1.00503s)
2024-03-24T09:39:59.591 INFO:teuthology.orchestra.run.smithi022.stdout:/usr/bin/ceph: stdout {
2024-03-24T09:39:59.591 INFO:teuthology.orchestra.run.smithi022.stdout:/usr/bin/ceph: stdout "mgrmap_epoch": 7,
2024-03-24T09:39:59.591 INFO:teuthology.orchestra.run.smithi022.stdout:/usr/bin/ceph: stdout "initialized": true
2024-03-24T09:39:59.591 INFO:teuthology.orchestra.run.smithi022.stdout:/usr/bin/ceph: stdout }
2024-03-24T09:39:59.591 INFO:teuthology.orchestra.run.smithi022.stdout:/usr/bin/ceph: stderr
2024-03-24T09:39:53.346+0000 7fe0a306d700 1 Processor -- start
2024-03-24T09:39:59.591 INFO:teuthology.orchestra.run.smithi022.stdout:/usr/bin/ceph: stderr
2024-03-24T09:39:53.346+0000 7fe0a306d700 1 -- start start
2024-03-24T09:39:59.591 INFO:teuthology.orchestra.run.smithi022.stdout:/usr/bin/ceph: stderr
2024-03-24T09:39:53.346+0000 7fe0a306d700 1 --2- >> [v2:172.21.15.22:3300/0,v1:172.21.15.22:6789/0] conn(0x7fe09c07bdc0 0x7fe09c07a2c0 unknown :-1 s=NONE pgs=0 cs=0 l=0 rev1=0 crypto rx=0 tx=0 comp rx=0 tx=0).connect
2024-03-24T09:39:59.591 INFO:teuthology.orchestra.run.smithi022.stdout:/usr/bin/ceph: stderr
2024-03-24T09:39:53.346+0000 7fe0a306d700 1 -- --> [v2:172.21.15.22:3300/0,v1:172.21.15.22:6789/0] -- mon_getmap magic: 0 v1 -- 0x7fe09c07a800 con 0x7fe09c07bdc0
2024-03-24T09:39:59.592 INFO:teuthology.orchestra.run.smithi022.stdout:/usr/bin/ceph: stderr
2024-03-24T09:39:53.346+0000 7fe0a0e09700 1 --2- >> [v2:172.21.15.22:3300/0,v1:172.21.15.22:6789/0] conn(0x7fe09c07bdc0 0x7fe09c07a2c0 unknown :-1 s=BANNER_CONNECTING pgs=0 cs=0 l=0 rev1=0 crypto rx=0 tx=0 comp rx=0 tx=0)._handle_peer_banner_payload supported=3 required=0
2024-03-24T09:39:59.592 INFO:teuthology.orchestra.run.smithi022.stdout:/usr/bin/ceph: stderr
2024-03-24T09:39:53.346+0000 7fe0a0e09700 1 --2- >> [v2:172.21.15.22:3300/0,v1:172.21.15.22:6789/0] conn(0x7fe09c07bdc0 0x7fe09c07a2c0 unknown :-1 s=HELLO_CONNECTING pgs=0 cs=0 l=0 rev1=1 crypto rx=0 tx=0 comp rx=0 tx=0).handle_hello peer v2:172.21.15.22:3300/0 says I am v2:172.21.15.22:59694/0 (socket says 172.21.15.22:59694)
2024-03-24T09:39:59.592 INFO:teuthology.orchestra.run.smithi022.stdout:/usr/bin/ceph: stderr
2024-03-24T09:39:53.346+0000 7fe0a0e09700 1 -- 172.21.15.22:0/322434660 learned_addr learned my addr 172.21.15.22:0/322434660 (peer_addr_for_me v2:172.21.15.22:0/0)
2024-03-24T09:39:59.592 INFO:teuthology.orchestra.run.smithi022.stdout:/usr/bin/ceph: stderr
2024-03-24T09:39:53.347+0000 7fe0a0e09700 1 -- 172.21.15.22:0/322434660 --> [v2:172.21.15.22:3300/0,v1:172.21.15.22:6789/0] -- mon_subscribe({config=0+,monmap=0+}) v3 -- 0x7fe09c07a940 con 0x7fe09c07bdc0
2024-03-24T09:39:59.592 INFO:teuthology.orchestra.run.smithi022.stdout:/usr/bin/ceph: stderr
2024-03-24T09:39:53.347+0000 7fe0a0e09700 1 --2- 172.21.15.22:0/322434660 >> [v2:172.21.15.22:3300/0,v1:172.21.15.22:6789/0] conn(0x7fe09c07bdc0 0x7fe09c07a2c0 secure :-1 s=READY pgs=28 cs=0 l=1 rev1=1 crypto rx=0x7fe0900098a0 tx=0x7fe090009bb0 comp rx=0 tx=0).ready entity=mon.0 client_cookie=1e3ae43c5fd14fa6 server_cookie=0 in_seq=0 out_seq=0
2024-03-24T09:39:59.592 INFO:teuthology.orchestra.run.smithi022.stdout:/usr/bin/ceph: stderr
2024-03-24T09:39:53.347+0000 7fe09b7fe700 1 -- 172.21.15.22:0/322434660 <== mon.0 v2:172.21.15.22:3300/0 1 ==== mon_map magic: 0 v1 ==== 229+0+0 (secure 0 0 0) 0x7fe090004180 con 0x7fe09c07bdc0
2024-03-24T09:39:59.592 INFO:teuthology.orchestra.run.smithi022.stdout:/usr/bin/ceph: stderr
2024-03-24T09:39:53.347+0000 7fe09b7fe700 1 -- 172.21.15.22:0/322434660 <== mon.0 v2:172.21.15.22:3300/0 2 ==== config(27 keys) v1 ==== 1042+0+0 (secure 0 0 0) 0x7fe0900042e0 con 0x7fe09c07bdc0
2024-03-24T09:39:59.592 INFO:teuthology.orchestra.run.smithi022.stdout:/usr/bin/ceph: stderr
2024-03-24T09:39:53.347+0000 7fe09b7fe700 1 -- 172.21.15.22:0/322434660 <== mon.0 v2:172.21.15.22:3300/0 3 ==== mon_map magic: 0 v1 ==== 229+0+0 (secure 0 0 0) 0x7fe090011a70 con 0x7fe09c07bdc0
2024-03-24T09:39:59.592 INFO:teuthology.orchestra.run.smithi022.stdout:/usr/bin/ceph: stderr
2024-03-24T09:39:53.348+0000 7fe0a306d700 1 -- 172.21.15.22:0/322434660 >> [v2:172.21.15.22:3300/0,v1:172.21.15.22:6789/0] conn(0x7fe09c07bdc0 msgr2=0x7fe09c07a2c0 secure :-1 s=STATE_CONNECTION_ESTABLISHED l=1).mark_down
2024-03-24T09:39:59.592 INFO:teuthology.orchestra.run.smithi022.stdout:/usr/bin/ceph: stderr
2024-03-24T09:39:53.348+0000 7fe0a306d700 1 --2- 172.21.15.22:0/322434660 >> [v2:172.21.15.22:3300/0,v1:172.21.15.22:6789/0] conn(0x7fe09c07bdc0 0x7fe09c07a2c0 secure :-1 s=READY pgs=28 cs=0 l=1 rev1=1 crypto rx=0x7fe0900098a0 tx=0x7fe090009bb0 comp rx=0 tx=0).stop
2024-03-24T09:39:59.592 INFO:teuthology.orchestra.run.smithi022.stdout:/usr/bin/ceph: stderr
2024-03-24T09:39:53.348+0000 7fe0a306d700 1 -- 172.21.15.22:0/322434660 shutdown_connections
2024-03-24T09:39:59.592 INFO:teuthology.orchestra.run.smithi022.stdout:/usr/bin/ceph: stderr
2024-03-24T09:39:53.348+0000 7fe0a306d700 1 --2- 172.21.15.22:0/322434660 >> [v2:172.21.15.22:3300/0,v1:172.21.15.22:6789/0] conn(0x7fe09c07bdc0 0x7fe09c07a2c0 unknown :-1 s=CLOSED pgs=28 cs=0 l=1 rev1=1 crypto rx=0 tx=0 comp rx=0 tx=0).stop
2024-03-24T09:39:59.592 INFO:teuthology.orchestra.run.smithi022.stdout:/usr/bin/ceph: stderr
2024-03-24T09:39:53.348+0000 7fe0a306d700 1 -- 172.21.15.22:0/322434660 >> 172.21.15.22:0/322434660 conn(0x7fe09c101b10 msgr2=0x7fe09c103f30 unknown :-1 s=STATE_NONE l=0).mark_down
2024-03-24T09:39:59.593 INFO:teuthology.orchestra.run.smithi022.stdout:/usr/bin/ceph: stderr
2024-03-24T09:39:53.348+0000 7fe0a306d700 1 -- 172.21.15.22:0/322434660 shutdown_connections
2024-03-24T09:39:59.593 INFO:teuthology.orchestra.run.smithi022.stdout:/usr/bin/ceph: stderr
2024-03-24T09:39:53.348+0000 7fe0a306d700 1 -- 172.21.15.22:0/322434660 wait complete.
2024-03-24T09:39:59.593 INFO:teuthology.orchestra.run.smithi022.stdout:/usr/bin/ceph: stderr
2024-03-24T09:39:53.348+0000 7fe0a306d700 1 Processor -- start
2024-03-24T09:39:59.593 INFO:teuthology.orchestra.run.smithi022.stdout:/usr/bin/ceph: stderr
2024-03-24T09:39:53.348+0000 7fe0a306d700 1 -- start start
2024-03-24T09:39:59.593 INFO:teuthology.orchestra.run.smithi022.stdout:/usr/bin/ceph: stderr
2024-03-24T09:39:53.348+0000 7fe0a306d700 1 --2- >> [v2:172.21.15.22:3300/0,v1:172.21.15.22:6789/0] conn(0x7fe09c07bdc0 0x7fe09c19c370 unknown :-1 s=NONE pgs=0 cs=0 l=1 rev1=0 crypto rx=0 tx=0 comp rx=0 tx=0).connect
2024-03-24T09:39:59.593 INFO:teuthology.orchestra.run.smithi022.stdout:/usr/bin/ceph: stderr
2024-03-24T09:39:53.348+0000 7fe0a306d700 1 -- --> [v2:172.21.15.22:3300/0,v1:172.21.15.22:6789/0] -- mon_getmap magic: 0 v1 -- 0x7fe09c19c8b0 con 0x7fe09c07bdc0
2024-03-24T09:39:59.593 INFO:teuthology.orchestra.run.smithi022.stdout:/usr/bin/ceph: stderr
2024-03-24T09:39:53.349+0000 7fe0a0e09700 1 --2- >> [v2:172.21.15.22:3300/0,v1:172.21.15.22:6789/0] conn(0x7fe09c07bdc0 0x7fe09c19c370 unknown :-1 s=BANNER_CONNECTING pgs=0 cs=0 l=1 rev1=0 crypto rx=0 tx=0 comp rx=0 tx=0)._handle_peer_banner_payload supported=3 required=0
2024-03-24T09:39:59.593 INFO:teuthology.orchestra.run.smithi022.stdout:/usr/bin/ceph: stderr
2024-03-24T09:39:53.349+0000 7fe0a0e09700 1 --2- >> [v2:172.21.15.22:3300/0,v1:172.21.15.22:6789/0] conn(0x7fe09c07bdc0 0x7fe09c19c370 unknown :-1 s=HELLO_CONNECTING pgs=0 cs=0 l=1 rev1=1 crypto rx=0 tx=0 comp rx=0 tx=0).handle_hello peer v2:172.21.15.22:3300/0 says I am v2:172.21.15.22:59710/0 (socket says 172.21.15.22:59710)
2024-03-24T09:39:59.593 INFO:teuthology.orchestra.run.smithi022.stdout:/usr/bin/ceph: stderr
2024-03-24T09:39:53.349+0000 7fe0a0e09700 1 -- 172.21.15.22:0/1336838769 learned_addr learned my addr 172.21.15.22:0/1336838769 (peer_addr_for_me v2:172.21.15.22:0/0)
2024-03-24T09:39:59.593 INFO:teuthology.orchestra.run.smithi022.stdout:/usr/bin/ceph: stderr
2024-03-24T09:39:53.349+0000 7fe0a0e09700 1 -- 172.21.15.22:0/1336838769 --> [v2:172.21.15.22:3300/0,v1:172.21.15.22:6789/0] -- mon_subscribe({config=0+,monmap=0+}) v3 -- 0x7fe090009550 con 0x7fe09c07bdc0
2024-03-24T09:39:59.593 INFO:teuthology.orchestra.run.smithi022.stdout:/usr/bin/ceph: stderr
2024-03-24T09:39:53.349+0000 7fe0a0e09700 1 --2- 172.21.15.22:0/1336838769 >> [v2:172.21.15.22:3300/0,v1:172.21.15.22:6789/0] conn(0x7fe09c07bdc0 0x7fe09c19c370 secure :-1 s=READY pgs=29 cs=0 l=1 rev1=1 crypto rx=0x7fe090011710 tx=0x7fe0900047c0 comp rx=0 tx=0).ready entity=mon.0 client_cookie=0 server_cookie=0 in_seq=0 out_seq=0
2024-03-24T09:39:59.593 INFO:teuthology.orchestra.run.smithi022.stdout:/usr/bin/ceph: stderr
2024-03-24T09:39:53.349+0000 7fe099ffb700 1 -- 172.21.15.22:0/1336838769 <== mon.0 v2:172.21.15.22:3300/0 1 ==== mon_map magic: 0 v1 ==== 229+0+0 (secure 0 0 0) 0x7fe090003b10 con 0x7fe09c07bdc0
2024-03-24T09:39:59.593 INFO:teuthology.orchestra.run.smithi022.stdout:/usr/bin/ceph: stderr
2024-03-24T09:39:53.349+0000 7fe099ffb700 1 -- 172.21.15.22:0/1336838769 <== mon.0 v2:172.21.15.22:3300/0 2 ==== config(27 keys) v1 ==== 1042+0+0 (secure 0 0 0) 0x7fe09001b8c0 con 0x7fe09c07bdc0
2024-03-24T09:39:59.593 INFO:teuthology.orchestra.run.smithi022.stdout:/usr/bin/ceph: stderr
2024-03-24T09:39:53.349+0000 7fe0a306d700 1 -- 172.21.15.22:0/1336838769 --> [v2:172.21.15.22:3300/0,v1:172.21.15.22:6789/0] -- mon_subscribe({mgrmap=0+}) v3 -- 0x7fe09c19cab0 con 0x7fe09c07bdc0
2024-03-24T09:39:59.594 INFO:teuthology.orchestra.run.smithi022.stdout:/usr/bin/ceph: stderr
2024-03-24T09:39:53.349+0000 7fe099ffb700 1 -- 172.21.15.22:0/1336838769 <== mon.0 v2:172.21.15.22:3300/0 3 ==== mon_map magic: 0 v1 ==== 229+0+0 (secure 0 0 0) 0x7fe0900197e0 con 0x7fe09c07bdc0
2024-03-24T09:39:59.594 INFO:teuthology.orchestra.run.smithi022.stdout:/usr/bin/ceph: stderr
2024-03-24T09:39:53.349+0000 7fe0a306d700 1 -- 172.21.15.22:0/1336838769 --> [v2:172.21.15.22:3300/0,v1:172.21.15.22:6789/0] -- mon_subscribe({osdmap=0}) v3 -- 0x7fe09c19cf50 con 0x7fe09c07bdc0
2024-03-24T09:39:59.594 INFO:teuthology.orchestra.run.smithi022.stdout:/usr/bin/ceph: stderr
2024-03-24T09:39:53.350+0000 7fe099ffb700 1 -- 172.21.15.22:0/1336838769 <== mon.0 v2:172.21.15.22:3300/0 4 ==== mgrmap(e 5) v1 ==== 45548+0+0 (secure 0 0 0) 0x7fe090019a20 con 0x7fe09c07bdc0
2024-03-24T09:39:59.594 INFO:teuthology.orchestra.run.smithi022.stdout:/usr/bin/ceph: stderr
2024-03-24T09:39:53.351+0000 7fe099ffb700 1 --2- 172.21.15.22:0/1336838769 >> [v2:172.21.15.22:6800/2423771373,v1:172.21.15.22:6801/2423771373] conn(0x7fe08c038720 0x7fe08c03abe0 unknown :-1 s=NONE pgs=0 cs=0 l=1 rev1=0 crypto rx=0 tx=0 comp rx=0 tx=0).connect
2024-03-24T09:39:59.594 INFO:teuthology.orchestra.run.smithi022.stdout:/usr/bin/ceph: stderr
2024-03-24T09:39:53.351+0000 7fe099ffb700 1 -- 172.21.15.22:0/1336838769 --> [v2:172.21.15.22:6800/2423771373,v1:172.21.15.22:6801/2423771373] -- command(tid 0: {"prefix": "get_command_descriptions"}) v1 -- 0x7fe08c03b2f0 con 0x7fe08c038720
2024-03-24T09:39:59.594 INFO:teuthology.orchestra.run.smithi022.stdout:/usr/bin/ceph: stderr
2024-03-24T09:39:53.351+0000 7fe099ffb700 1 -- 172.21.15.22:0/1336838769 <== mon.0 v2:172.21.15.22:3300/0 5 ==== osd_map(1..1 src has 1..1) v4 ==== 725+0+0 (secure 0 0 0) 0x7fe09004cba0 con 0x7fe09c07bdc0
2024-03-24T09:39:59.594 INFO:teuthology.orchestra.run.smithi022.stdout:/usr/bin/ceph: stderr
2024-03-24T09:39:53.351+0000 7fe09bfff700 1 -- 172.21.15.22:0/1336838769 >> [v2:172.21.15.22:6800/2423771373,v1:172.21.15.22:6801/2423771373] conn(0x7fe08c038720 msgr2=0x7fe08c03abe0 unknown :-1 s=STATE_CONNECTING_RE l=1).process reconnect failed to v2:172.21.15.22:6800/2423771373
2024-03-24T09:39:59.594 INFO:teuthology.orchestra.run.smithi022.stdout:/usr/bin/ceph: stderr
2024-03-24T09:39:53.351+0000 7fe09bfff700 1 --2- 172.21.15.22:0/1336838769 >> [v2:172.21.15.22:6800/2423771373,v1:172.21.15.22:6801/2423771373] conn(0x7fe08c038720 0x7fe08c03abe0 unknown :-1 s=START_CONNECT pgs=0 cs=0 l=1 rev1=0 crypto rx=0 tx=0 comp rx=0 tx=0)._fault waiting 0.200000
2024-03-24T09:39:59.594 INFO:teuthology.orchestra.run.smithi022.stdout:/usr/bin/ceph: stderr
2024-03-24T09:39:53.552+0000 7fe09bfff700 1 -- 172.21.15.22:0/1336838769 >> [v2:172.21.15.22:6800/2423771373,v1:172.21.15.22:6801/2423771373] conn(0x7fe08c038720 msgr2=0x7fe08c03abe0 unknown :-1 s=STATE_CONNECTING_RE l=1).process reconnect failed to v2:172.21.15.22:6800/2423771373
2024-03-24T09:39:59.594 INFO:teuthology.orchestra.run.smithi022.stdout:/usr/bin/ceph: stderr
2024-03-24T09:39:53.552+0000 7fe09bfff700 1 --2- 172.21.15.22:0/1336838769 >> [v2:172.21.15.22:6800/2423771373,v1:172.21.15.22:6801/2423771373] conn(0x7fe08c038720 0x7fe08c03abe0 unknown :-1 s=START_CONNECT pgs=0 cs=0 l=1 rev1=0 crypto rx=0 tx=0 comp rx=0 tx=0)._fault waiting 0.400000
2024-03-24T09:39:59.594 INFO:teuthology.orchestra.run.smithi022.stdout:/usr/bin/ceph: stderr
2024-03-24T09:39:53.953+0000 7fe09bfff700 1 -- 172.21.15.22:0/1336838769 >> [v2:172.21.15.22:6800/2423771373,v1:172.21.15.22:6801/2423771373] conn(0x7fe08c038720 msgr2=0x7fe08c03abe0 unknown :-1 s=STATE_CONNECTING_RE l=1).process reconnect failed to v2:172.21.15.22:6800/2423771373
2024-03-24T09:39:59.594 INFO:teuthology.orchestra.run.smithi022.stdout:/usr/bin/ceph: stderr
2024-03-24T09:39:53.953+0000 7fe09bfff700 1 --2- 172.21.15.22:0/1336838769 >> [v2:172.21.15.22:6800/2423771373,v1:172.21.15.22:6801/2423771373] conn(0x7fe08c038720 0x7fe08c03abe0 unknown :-1 s=START_CONNECT pgs=0 cs=0 l=1 rev1=0 crypto rx=0 tx=0 comp rx=0 tx=0)._fault waiting 0.800000
2024-03-24T09:39:59.594 INFO:teuthology.orchestra.run.smithi022.stdout:/usr/bin/ceph: stderr
