2024-03-24T10:31:16.927+0000 7f3997fff700 1 --2- >> [v2:172.21.15.23:3300/0,v1:172.21.15.23:6789/0] conn(0x7f3998108870 0x7f399819bba0 unknown :-1 s=BANNER_CONNECTING pgs=0 cs=0 l=1 rev1=0 crypto rx=0 tx=0 comp rx=0 tx=0)._handle_peer_banner_payload supported=3 required=0
2024-03-24T10:31:17.759 INFO:teuthology.orchestra.run.smithi023.stdout:/usr/bin/ceph: stderr
2024-03-24T10:31:16.927+0000 7f3997fff700 1 --2- >> [v2:172.21.15.23:3300/0,v1:172.21.15.23:6789/0] conn(0x7f3998108870 0x7f399819bba0 unknown :-1 s=HELLO_CONNECTING pgs=0 cs=0 l=1 rev1=1 crypto rx=0 tx=0 comp rx=0 tx=0).handle_hello peer v2:172.21.15.23:3300/0 says I am v2:172.21.15.23:53126/0 (socket says 172.21.15.23:53126)
2024-03-24T10:31:17.759 INFO:teuthology.orchestra.run.smithi023.stdout:/usr/bin/ceph: stderr
2024-03-24T10:31:16.927+0000 7f3997fff700 1 -- 172.21.15.23:0/4011960882 learned_addr learned my addr 172.21.15.23:0/4011960882 (peer_addr_for_me v2:172.21.15.23:0/0)
2024-03-24T10:31:17.759 INFO:teuthology.orchestra.run.smithi023.stdout:/usr/bin/ceph: stderr
2024-03-24T10:31:16.927+0000 7f3997fff700 1 -- 172.21.15.23:0/4011960882 --> [v2:172.21.15.23:3300/0,v1:172.21.15.23:6789/0] -- mon_subscribe({config=0+,monmap=0+}) -- 0x7f3988009550 con 0x7f3998108870
2024-03-24T10:31:17.760 INFO:teuthology.orchestra.run.smithi023.stdout:/usr/bin/ceph: stderr
2024-03-24T10:31:16.927+0000 7f3997fff700 1 --2- 172.21.15.23:0/4011960882 >> [v2:172.21.15.23:3300/0,v1:172.21.15.23:6789/0] conn(0x7f3998108870 0x7f399819bba0 secure :-1 s=READY pgs=71 cs=0 l=1 rev1=1 crypto rx=0x7f3988011740 tx=0x7f3988011b00 comp rx=0 tx=0).ready entity=mon.0 client_cookie=0 server_cookie=0 in_seq=0 out_seq=0
2024-03-24T10:31:17.760 INFO:teuthology.orchestra.run.smithi023.stdout:/usr/bin/ceph: stderr
2024-03-24T10:31:16.927+0000 7f39957fa700 1 -- 172.21.15.23:0/4011960882 <== mon.0 v2:172.21.15.23:3300/0 1 ==== mon_map magic: 0 ==== 205+0+0 (secure 0 0 0) 0x7f3988003b20 con 0x7f3998108870
2024-03-24T10:31:17.760 INFO:teuthology.orchestra.run.smithi023.stdout:/usr/bin/ceph: stderr
2024-03-24T10:31:16.927+0000 7f39957fa700 1 -- 172.21.15.23:0/4011960882 <== mon.0 v2:172.21.15.23:3300/0 2 ==== config(27 keys) ==== 1140+0+0 (secure 0 0 0) 0x7f398801a910 con 0x7f3998108870
2024-03-24T10:31:17.760 INFO:teuthology.orchestra.run.smithi023.stdout:/usr/bin/ceph: stderr
2024-03-24T10:31:16.927+0000 7f399e8c7700 1 -- 172.21.15.23:0/4011960882 --> [v2:172.21.15.23:3300/0,v1:172.21.15.23:6789/0] -- mon_subscribe({mgrmap=0+}) -- 0x7f399819c2e0 con 0x7f3998108870
2024-03-24T10:31:17.760 INFO:teuthology.orchestra.run.smithi023.stdout:/usr/bin/ceph: stderr
2024-03-24T10:31:16.927+0000 7f39957fa700 1 -- 172.21.15.23:0/4011960882 <== mon.0 v2:172.21.15.23:3300/0 3 ==== mon_map magic: 0 ==== 205+0+0 (secure 0 0 0) 0x7f39880248c0 con 0x7f3998108870
2024-03-24T10:31:17.760 INFO:teuthology.orchestra.run.smithi023.stdout:/usr/bin/ceph: stderr
2024-03-24T10:31:16.927+0000 7f399e8c7700 1 -- 172.21.15.23:0/4011960882 --> [v2:172.21.15.23:3300/0,v1:172.21.15.23:6789/0] -- mon_subscribe({osdmap=0}) -- 0x7f399819ce90 con 0x7f3998108870
2024-03-24T10:31:17.762 INFO:teuthology.orchestra.run.smithi023.stdout:/usr/bin/ceph: stderr
2024-03-24T10:31:16.928+0000 7f39957fa700 1 -- 172.21.15.23:0/4011960882 <== mon.0 v2:172.21.15.23:3300/0 4 ==== mgrmap(e 12) ==== 45941+0+0 (secure 0 0 0) 0x7f398802d3f0 con 0x7f3998108870
2024-03-24T10:31:17.762 INFO:teuthology.orchestra.run.smithi023.stdout:/usr/bin/ceph: stderr
2024-03-24T10:31:16.928+0000 7f39957fa700 1 --2- 172.21.15.23:0/4011960882 >> [v2:172.21.15.23:6800/2350021632,v1:172.21.15.23:6801/2350021632] conn(0x7f3984038f30 0x7f398403b3f0 unknown :-1 s=NONE pgs=0 cs=0 l=1 rev1=0 crypto rx=0 tx=0 comp rx=0 tx=0).connect
2024-03-24T10:31:17.762 INFO:teuthology.orchestra.run.smithi023.stdout:/usr/bin/ceph: stderr
2024-03-24T10:31:16.928+0000 7f399e8c7700 1 -- 172.21.15.23:0/4011960882 --> [v2:172.21.15.23:3300/0,v1:172.21.15.23:6789/0] -- mon_command({"prefix": "get_command_descriptions"} v 0) -- 0x7f3998063830 con 0x7f3998108870
2024-03-24T10:31:17.762 INFO:teuthology.orchestra.run.smithi023.stdout:/usr/bin/ceph: stderr
2024-03-24T10:31:16.928+0000 7f39957fa700 1 -- 172.21.15.23:0/4011960882 <== mon.0 v2:172.21.15.23:3300/0 5 ==== osd_map(3..3 src has 1..3) ==== 1155+0+0 (secure 0 0 0) 0x7f398804d770 con 0x7f3998108870
2024-03-24T10:31:17.762 INFO:teuthology.orchestra.run.smithi023.stdout:/usr/bin/ceph: stderr
2024-03-24T10:31:16.928+0000 7f39977fe700 1 --2- 172.21.15.23:0/4011960882 >> [v2:172.21.15.23:6800/2350021632,v1:172.21.15.23:6801/2350021632] conn(0x7f3984038f30 0x7f398403b3f0 unknown :-1 s=BANNER_CONNECTING pgs=0 cs=0 l=1 rev1=0 crypto rx=0 tx=0 comp rx=0 tx=0)._handle_peer_banner_payload supported=3 required=0
2024-03-24T10:31:17.762 INFO:teuthology.orchestra.run.smithi023.stdout:/usr/bin/ceph: stderr
2024-03-24T10:31:16.929+0000 7f39977fe700 1 --2- 172.21.15.23:0/4011960882 >> [v2:172.21.15.23:6800/2350021632,v1:172.21.15.23:6801/2350021632] conn(0x7f3984038f30 0x7f398403b3f0 secure :-1 s=READY pgs=7 cs=0 l=1 rev1=1 crypto rx=0x7f3980006fd0 tx=0x7f3980006e40 comp rx=0 tx=0).ready entity=mgr.14152 client_cookie=0 server_cookie=0 in_seq=0 out_seq=0
2024-03-24T10:31:17.762 INFO:teuthology.orchestra.run.smithi023.stdout:/usr/bin/ceph: stderr
2024-03-24T10:31:16.933+0000 7f39957fa700 1 -- 172.21.15.23:0/4011960882 <== mon.0 v2:172.21.15.23:3300/0 6 ==== mon_command_ack([{"prefix": "get_command_descriptions"}]=0 v0) ==== 72+0+184932 (secure 0 0 0) 0x7f3988010890 con 0x7f3998108870
2024-03-24T10:31:17.762 INFO:teuthology.orchestra.run.smithi023.stdout:/usr/bin/ceph: stderr
2024-03-24T10:31:17.152+0000 7f399e8c7700 1 -- 172.21.15.23:0/4011960882 --> [v2:172.21.15.23:6800/2350021632,v1:172.21.15.23:6801/2350021632] -- mgr_command(tid 0: {"prefix": "dashboard create-self-signed-cert", "target": ["mon-mgr", ""]}) -- 0x7f39981033d0 con 0x7f3984038f30
2024-03-24T10:31:17.762 INFO:teuthology.orchestra.run.smithi023.stdout:/usr/bin/ceph: stderr
2024-03-24T10:31:17.251+0000 7f39957fa700 1 -- 172.21.15.23:0/4011960882 <== mgr.14152 v2:172.21.15.23:6800/2350021632 1 ==== mgr_command_reply(tid 0: 0 ) ==== 8+0+32 (secure 0 0 0) 0x7f39981033d0 con 0x7f3984038f30
2024-03-24T10:31:17.763 INFO:teuthology.orchestra.run.smithi023.stdout:/usr/bin/ceph: stderr
2024-03-24T10:31:17.253+0000 7f399e8c7700 1 -- 172.21.15.23:0/4011960882 >> [v2:172.21.15.23:6800/2350021632,v1:172.21.15.23:6801/2350021632] conn(0x7f3984038f30 msgr2=0x7f398403b3f0 secure :-1 s=STATE_CONNECTION_ESTABLISHED l=1).mark_down
2024-03-24T10:31:17.763 INFO:teuthology.orchestra.run.smithi023.stdout:/usr/bin/ceph: stderr
2024-03-24T10:31:17.253+0000 7f399e8c7700 1 --2- 172.21.15.23:0/4011960882 >> [v2:172.21.15.23:6800/2350021632,v1:172.21.15.23:6801/2350021632] conn(0x7f3984038f30 0x7f398403b3f0 secure :-1 s=READY pgs=7 cs=0 l=1 rev1=1 crypto rx=0x7f3980006fd0 tx=0x7f3980006e40 comp rx=0 tx=0).stop
2024-03-24T10:31:17.763 INFO:teuthology.orchestra.run.smithi023.stdout:/usr/bin/ceph: stderr
2024-03-24T10:31:17.253+0000 7f399e8c7700 1 -- 172.21.15.23:0/4011960882 >> [v2:172.21.15.23:3300/0,v1:172.21.15.23:6789/0] conn(0x7f3998108870 msgr2=0x7f399819bba0 secure :-1 s=STATE_CONNECTION_ESTABLISHED l=1).mark_down
2024-03-24T10:31:17.763 INFO:teuthology.orchestra.run.smithi023.stdout:/usr/bin/ceph: stderr
2024-03-24T10:31:17.253+0000 7f399e8c7700 1 --2- 172.21.15.23:0/4011960882 >> [v2:172.21.15.23:3300/0,v1:172.21.15.23:6789/0] conn(0x7f3998108870 0x7f399819bba0 secure :-1 s=READY pgs=71 cs=0 l=1 rev1=1 crypto rx=0x7f3988011740 tx=0x7f3988011b00 comp rx=0 tx=0).stop
2024-03-24T10:31:17.763 INFO:teuthology.orchestra.run.smithi023.stdout:/usr/bin/ceph: stderr
2024-03-24T10:31:17.254+0000 7f399e8c7700 1 -- 172.21.15.23:0/4011960882 shutdown_connections
2024-03-24T10:31:17.763 INFO:teuthology.orchestra.run.smithi023.stdout:/usr/bin/ceph: stderr
2024-03-24T10:31:17.254+0000 7f399e8c7700 1 --2- 172.21.15.23:0/4011960882 >> [v2:172.21.15.23:6800/2350021632,v1:172.21.15.23:6801/2350021632] conn(0x7f3984038f30 0x7f398403b3f0 unknown :-1 s=CLOSED pgs=7 cs=0 l=1 rev1=1 crypto rx=0 tx=0 comp rx=0 tx=0).stop
2024-03-24T10:31:17.763 INFO:teuthology.orchestra.run.smithi023.stdout:/usr/bin/ceph: stderr
2024-03-24T10:31:17.254+0000 7f399e8c7700 1 --2- 172.21.15.23:0/4011960882 >> [v2:172.21.15.23:3300/0,v1:172.21.15.23:6789/0] conn(0x7f3998108870 0x7f399819bba0 unknown :-1 s=CLOSED pgs=71 cs=0 l=1 rev1=1 crypto rx=0 tx=0 comp rx=0 tx=0).stop
2024-03-24T10:31:17.763 INFO:teuthology.orchestra.run.smithi023.stdout:/usr/bin/ceph: stderr
2024-03-24T10:31:17.254+0000 7f399e8c7700 1 -- 172.21.15.23:0/4011960882 >> 172.21.15.23:0/4011960882 conn(0x7f3998102200 msgr2=0x7f3998102cc0 unknown :-1 s=STATE_NONE l=0).mark_down
2024-03-24T10:31:17.763 INFO:teuthology.orchestra.run.smithi023.stdout:/usr/bin/ceph: stderr
2024-03-24T10:31:17.254+0000 7f399e8c7700 1 -- 172.21.15.23:0/4011960882 shutdown_connections
2024-03-24T10:31:17.763 INFO:teuthology.orchestra.run.smithi023.stdout:/usr/bin/ceph: stderr
2024-03-24T10:31:17.254+0000 7f399e8c7700 1 -- 172.21.15.23:0/4011960882 wait complete.
2024-03-24T10:31:17.763 INFO:teuthology.orchestra.run.smithi023.stdout:Creating initial admin user...
2024-03-24T10:31:18.052 INFO:journalctl@ceph.mon.a.smithi023.stdout:Mar 24 10:31:17 smithi023 ceph-mon[32466]: mgrmap e12: x(active, since 2s)
2024-03-24T10:31:18.052 INFO:journalctl@ceph.mon.a.smithi023.stdout:Mar 24 10:31:17 smithi023 ceph-mon[32466]: from='mgr.14152 172.21.15.23:0/4134698612' entity='mgr.x'
2024-03-24T10:31:18.052 INFO:journalctl@ceph.mon.a.smithi023.stdout:Mar 24 10:31:17 smithi023 ceph-mon[32466]: from='client.14164 -' entity='client.admin' cmd=[{"prefix": "dashboard create-self-signed-cert", "target": ["mon-mgr", ""]}]: dispatch
2024-03-24T10:31:18.052 INFO:journalctl@ceph.mon.a.smithi023.stdout:Mar 24 10:31:17 smithi023 ceph-mon[32466]: from='mgr.14152 172.21.15.23:0/4134698612' entity='mgr.x'
2024-03-24T10:31:18.052 INFO:journalctl@ceph.mon.a.smithi023.stdout:Mar 24 10:31:17 smithi023 ceph-mon[32466]: from='mgr.14152 172.21.15.23:0/4134698612' entity='mgr.x'
2024-03-24T10:31:19.172 INFO:teuthology.orchestra.run.smithi023.stdout:/usr/bin/ceph: stdout {"username": "admin", "password": "$2b$12$wJ7nKU5s0.pI2847dgg9BupT5Ls9H1ux6mKHyDXRnmsrtfb/ikSBK", "roles": ["administrator"], "name": null, "email": null, "lastUpdate": 1711276278, "enabled": true, "pwdExpirationDate": null, "pwdUpdateRequired": true}
2024-03-24T10:31:19.172 INFO:teuthology.orchestra.run.smithi023.stdout:/usr/bin/ceph: stderr
2024-03-24T10:31:18.155+0000 7f8a9c7b7700 1 Processor -- start
2024-03-24T10:31:19.173 INFO:teuthology.orchestra.run.smithi023.stdout:/usr/bin/ceph: stderr
2024-03-24T10:31:18.155+0000 7f8a9c7b7700 1 -- start start
2024-03-24T10:31:19.173 INFO:teuthology.orchestra.run.smithi023.stdout:/usr/bin/ceph: stderr
2024-03-24T10:31:18.156+0000 7f8a9c7b7700 1 --2- >> [v2:172.21.15.23:3300/0,v1:172.21.15.23:6789/0] conn(0x7f8a94107d60 0x7f8a94108180 unknown :-1 s=NONE pgs=0 cs=0 l=0 rev1=0 crypto rx=0 tx=0 comp rx=0 tx=0).connect
2024-03-24T10:31:19.173 INFO:teuthology.orchestra.run.smithi023.stdout:/usr/bin/ceph: stderr
2024-03-24T10:31:18.156+0000 7f8a9c7b7700 1 -- --> [v2:172.21.15.23:3300/0,v1:172.21.15.23:6789/0] -- mon_getmap magic: 0 -- 0x7f8a94108750 con 0x7f8a94107d60
2024-03-24T10:31:19.173 INFO:teuthology.orchestra.run.smithi023.stdout:/usr/bin/ceph: stderr
2024-03-24T10:31:18.156+0000 7f8a9a553700 1 --2- >> [v2:172.21.15.23:3300/0,v1:172.21.15.23:6789/0] conn(0x7f8a94107d60 0x7f8a94108180 unknown :-1 s=BANNER_CONNECTING pgs=0 cs=0 l=0 rev1=0 crypto rx=0 tx=0 comp rx=0 tx=0)._handle_peer_banner_payload supported=3 required=0
2024-03-24T10:31:19.173 INFO:teuthology.orchestra.run.smithi023.stdout:/usr/bin/ceph: stderr
2024-03-24T10:31:18.156+0000 7f8a9a553700 1 --2- >> [v2:172.21.15.23:3300/0,v1:172.21.15.23:6789/0] conn(0x7f8a94107d60 0x7f8a94108180 unknown :-1 s=HELLO_CONNECTING pgs=0 cs=0 l=0 rev1=1 crypto rx=0 tx=0 comp rx=0 tx=0).handle_hello peer v2:172.21.15.23:3300/0 says I am v2:172.21.15.23:55892/0 (socket says 172.21.15.23:55892)
2024-03-24T10:31:19.173 INFO:teuthology.orchestra.run.smithi023.stdout:/usr/bin/ceph: stderr
2024-03-24T10:31:18.156+0000 7f8a9a553700 1 -- 172.21.15.23:0/1470138807 learned_addr learned my addr 172.21.15.23:0/1470138807 (peer_addr_for_me v2:172.21.15.23:0/0)
2024-03-24T10:31:19.173 INFO:teuthology.orchestra.run.smithi023.stdout:/usr/bin/ceph: stderr
2024-03-24T10:31:18.156+0000 7f8a9a553700 1 -- 172.21.15.23:0/1470138807 --> [v2:172.21.15.23:3300/0,v1:172.21.15.23:6789/0] -- mon_subscribe({config=0+,monmap=0+}) -- 0x7f8a94108f60 con 0x7f8a94107d60
2024-03-24T10:31:19.173 INFO:teuthology.orchestra.run.smithi023.stdout:/usr/bin/ceph: stderr
2024-03-24T10:31:18.156+0000 7f8a9a553700 1 --2- 172.21.15.23:0/1470138807 >> [v2:172.21.15.23:3300/0,v1:172.21.15.23:6789/0] conn(0x7f8a94107d60 0x7f8a94108180 secure :-1 s=READY pgs=72 cs=0 l=1 rev1=1 crypto rx=0x7f8a900098a0 tx=0x7f8a90009bb0 comp rx=0 tx=0).ready entity=mon.0 client_cookie=94e03ec9c8f730f server_cookie=0 in_seq=0 out_seq=0
2024-03-24T10:31:19.173 INFO:teuthology.orchestra.run.smithi023.stdout:/usr/bin/ceph: stderr
2024-03-24T10:31:18.156+0000 7f8a99551700 1 -- 172.21.15.23:0/1470138807 <== mon.0 v2:172.21.15.23:3300/0 1 ==== mon_map magic: 0 ==== 205+0+0 (secure 0 0 0) 0x7f8a90004160 con 0x7f8a94107d60
2024-03-24T10:31:19.173 INFO:teuthology.orchestra.run.smithi023.stdout:/usr/bin/ceph: stderr
2024-03-24T10:31:18.157+0000 7f8a99551700 1 -- 172.21.15.23:0/1470138807 <== mon.0 v2:172.21.15.23:3300/0 2 ==== config(27 keys) ==== 1140+0+0 (secure 0 0 0) 0x7f8a900042c0 con 0x7f8a94107d60
2024-03-24T10:31:19.173 INFO:teuthology.orchestra.run.smithi023.stdout:/usr/bin/ceph: stderr
2024-03-24T10:31:18.157+0000 7f8a99551700 1 -- 172.21.15.23:0/1470138807 <== mon.0 v2:172.21.15.23:3300/0 3 ==== mon_map magic: 0 ==== 205+0+0 (secure 0 0 0) 0x7f8a90011a80 con 0x7f8a94107d60
2024-03-24T10:31:19.173 INFO:teuthology.orchestra.run.smithi023.stdout:/usr/bin/ceph: stderr
2024-03-24T10:31:18.157+0000 7f8a9c7b7700 1 -- 172.21.15.23:0/1470138807 >> [v2:172.21.15.23:3300/0,v1:172.21.15.23:6789/0] conn(0x7f8a94107d60 msgr2=0x7f8a94108180 secure :-1 s=STATE_CONNECTION_ESTABLISHED l=1).mark_down
2024-03-24T10:31:19.173 INFO:teuthology.orchestra.run.smithi023.stdout:/usr/bin/ceph: stderr
2024-03-24T10:31:18.157+0000 7f8a9c7b7700 1 --2- 172.21.15.23:0/1470138807 >> [v2:172.21.15.23:3300/0,v1:172.21.15.23:6789/0] conn(0x7f8a94107d60 0x7f8a94108180 secure :-1 s=READY pgs=72 cs=0 l=1 rev1=1 crypto rx=0x7f8a900098a0 tx=0x7f8a90009bb0 comp rx=0 tx=0).stop
2024-03-24T10:31:19.174 INFO:teuthology.orchestra.run.smithi023.stdout:/usr/bin/ceph: stderr
2024-03-24T10:31:18.157+0000 7f8a9c7b7700 1 -- 172.21.15.23:0/1470138807 shutdown_connections
2024-03-24T10:31:19.174 INFO:teuthology.orchestra.run.smithi023.stdout:/usr/bin/ceph: stderr
2024-03-24T10:31:18.157+0000 7f8a9c7b7700 1 --2- 172.21.15.23:0/1470138807 >> [v2:172.21.15.23:3300/0,v1:172.21.15.23:6789/0] conn(0x7f8a94107d60 0x7f8a94108180 unknown :-1 s=CLOSED pgs=72 cs=0 l=1 rev1=1 crypto rx=0 tx=0 comp rx=0 tx=0).stop
2024-03-24T10:31:19.174 INFO:teuthology.orchestra.run.smithi023.stdout:/usr/bin/ceph: stderr
2024-03-24T10:31:18.157+0000 7f8a9c7b7700 1 -- 172.21.15.23:0/1470138807 >> 172.21.15.23:0/1470138807 conn(0x7f8a94103360 msgr2=0x7f8a94105780 unknown :-1 s=STATE_NONE l=0).mark_down
2024-03-24T10:31:19.174 INFO:teuthology.orchestra.run.smithi023.stdout:/usr/bin/ceph: stderr
2024-03-24T10:31:18.157+0000 7f8a9c7b7700 1 -- 172.21.15.23:0/1470138807 shutdown_connections
2024-03-24T10:31:19.174 INFO:teuthology.orchestra.run.smithi023.stdout:/usr/bin/ceph: stderr
2024-03-24T10:31:18.157+0000 7f8a9c7b7700 1 -- 172.21.15.23:0/1470138807 wait complete.
2024-03-24T10:31:19.174 INFO:teuthology.orchestra.run.smithi023.stdout:/usr/bin/ceph: stderr
2024-03-24T10:31:18.158+0000 7f8a9c7b7700 1 Processor -- start
2024-03-24T10:31:19.174 INFO:teuthology.orchestra.run.smithi023.stdout:/usr/bin/ceph: stderr
2024-03-24T10:31:18.158+0000 7f8a9c7b7700 1 -- start start
2024-03-24T10:31:19.174 INFO:teuthology.orchestra.run.smithi023.stdout:/usr/bin/ceph: stderr
2024-03-24T10:31:18.158+0000 7f8a9c7b7700 1 --2- >> [v2:172.21.15.23:3300/0,v1:172.21.15.23:6789/0] conn(0x7f8a94107d60 0x7f8a9419bc20 unknown :-1 s=NONE pgs=0 cs=0 l=1 rev1=0 crypto rx=0 tx=0 comp rx=0 tx=0).connect
2024-03-24T10:31:19.174 INFO:teuthology.orchestra.run.smithi023.stdout:/usr/bin/ceph: stderr
2024-03-24T10:31:18.158+0000 7f8a9c7b7700 1 -- --> [v2:172.21.15.23:3300/0,v1:172.21.15.23:6789/0] -- mon_getmap magic: 0 -- 0x7f8a9419c160 con 0x7f8a94107d60
2024-03-24T10:31:19.174 INFO:teuthology.orchestra.run.smithi023.stdout:/usr/bin/ceph: stderr
2024-03-24T10:31:18.159+0000 7f8a9a553700 1 --2- >> [v2:172.21.15.23:3300/0,v1:172.21.15.23:6789/0] conn(0x7f8a94107d60 0x7f8a9419bc20 unknown :-1 s=BANNER_CONNECTING pgs=0 cs=0 l=1 rev1=0 crypto rx=0 tx=0 comp rx=0 tx=0)._handle_peer_banner_payload supported=3 required=0
2024-03-24T10:31:19.174 INFO:teuthology.orchestra.run.smithi023.stdout:/usr/bin/ceph: stderr
2024-03-24T10:31:18.159+0000 7f8a9a553700 1 --2- >> [v2:172.21.15.23:3300/0,v1:172.21.15.23:6789/0] conn(0x7f8a94107d60 0x7f8a9419bc20 unknown :-1 s=HELLO_CONNECTING pgs=0 cs=0 l=1 rev1=1 crypto rx=0 tx=0 comp rx=0 tx=0).handle_hello peer v2:172.21.15.23:3300/0 says I am v2:172.21.15.23:55904/0 (socket says 172.21.15.23:55904)
2024-03-24T10:31:19.175 INFO:teuthology.orchestra.run.smithi023.stdout:/usr/bin/ceph: stderr
2024-03-24T10:31:18.159+0000 7f8a9a553700 1 -- 172.21.15.23:0/2960528589 learned_addr learned my addr 172.21.15.23:0/2960528589 (peer_addr_for_me v2:172.21.15.23:0/0)
2024-03-24T10:31:19.175 INFO:teuthology.orchestra.run.smithi023.stdout:/usr/bin/ceph: stderr
2024-03-24T10:31:18.159+0000 7f8a9a553700 1 -- 172.21.15.23:0/2960528589 --> [v2:172.21.15.23:3300/0,v1:172.21.15.23:6789/0] -- mon_subscribe({config=0+,monmap=0+}) -- 0x7f8a90009550 con 0x7f8a94107d60
2024-03-24T10:31:19.175 INFO:teuthology.orchestra.run.smithi023.stdout:/usr/bin/ceph: stderr
2024-03-24T10:31:18.159+0000 7f8a9a553700 1 --2- 172.21.15.23:0/2960528589 >> [v2:172.21.15.23:3300/0,v1:172.21.15.23:6789/0] conn(0x7f8a94107d60 0x7f8a9419bc20 secure :-1 s=READY pgs=73 cs=0 l=1 rev1=1 crypto rx=0x7f8a90011740 tx=0x7f8a90011b00 comp rx=0 tx=0).ready entity=mon.0 client_cookie=0 server_cookie=0 in_seq=0 out_seq=0
2024-03-24T10:31:19.175 INFO:teuthology.orchestra.run.smithi023.stdout:/usr/bin/ceph: stderr
2024-03-24T10:31:18.159+0000 7f8a8b7fe700 1 -- 172.21.15.23:0/2960528589 <== mon.0 v2:172.21.15.23:3300/0 1 ==== mon_map magic: 0 ==== 205+0+0 (secure 0 0 0) 0x7f8a900039e0 con 0x7f8a94107d60
2024-03-24T10:31:19.175 INFO:teuthology.orchestra.run.smithi023.stdout:/usr/bin/ceph: stderr
2024-03-24T10:31:18.159+0000 7f8a8b7fe700 1 -- 172.21.15.23:0/2960528589 <== mon.0 v2:172.21.15.23:3300/0 2 ==== config(27 keys) ==== 1140+0+0 (secure 0 0 0) 0x7f8a90003b40 con 0x7f8a94107d60
2024-03-24T10:31:19.175 INFO:teuthology.orchestra.run.smithi023.stdout:/usr/bin/ceph: stderr
2024-03-24T10:31:18.159+0000 7f8a9c7b7700 1 -- 172.21.15.23:0/2960528589 --> [v2:172.21.15.23:3300/0,v1:172.21.15.23:6789/0] -- mon_subscribe({mgrmap=0+}) -- 0x7f8a9419c360 con 0x7f8a94107d60
2024-03-24T10:31:19.175 INFO:teuthology.orchestra.run.smithi023.stdout:/usr/bin/ceph: stderr
2024-03-24T10:31:18.159+0000 7f8a8b7fe700 1 -- 172.21.15.23:0/2960528589 <== mon.0 v2:172.21.15.23:3300/0 3 ==== mon_map magic: 0 ==== 205+0+0 (secure 0 0 0) 0x7f8a90024710 con 0x7f8a94107d60
2024-03-24T10:31:19.175 INFO:teuthology.orchestra.run.smithi023.stdout:/usr/bin/ceph: stderr
2024-03-24T10:31:18.159+0000 7f8a9c7b7700 1 -- 172.21.15.23:0/2960528589 --> [v2:172.21.15.23:3300/0,v1:172.21.15.23:6789/0] -- mon_subscribe({osdmap=0}) -- 0x7f8a9419cf10 con 0x7f8a94107d60
2024-03-24T10:31:19.175 INFO:teuthology.orchestra.run.smithi023.stdout:/usr/bin/ceph: stderr
2024-03-24T10:31:18.160+0000 7f8a8b7fe700 1 -- 172.21.15.23:0/2960528589 <== mon.0 v2:172.21.15.23:3300/0 4 ==== mgrmap(e 12) ==== 45941+0+0 (secure 0 0 0) 0x7f8a900249f0 con 0x7f8a94107d60
2024-03-24T10:31:19.175 INFO:teuthology.orchestra.run.smithi023.stdout:/usr/bin/ceph: stderr
2024-03-24T10:31:18.160+0000 7f8a9c7b7700 1 -- 172.21.15.23:0/2960528589 --> [v2:172.21.15.23:3300/0,v1:172.21.15.23:6789/0] -- mon_command({"prefix": "get_command_descriptions"} v 0) -- 0x7f8a94063830 con 0x7f8a94107d60
2024-03-24T10:31:19.175 INFO:teuthology.orchestra.run.smithi023.stdout:/usr/bin/ceph: stderr
2024-03-24T10:31:18.160+0000 7f8a8b7fe700 1 --2- 172.21.15.23:0/2960528589 >> [v2:172.21.15.23:6800/2350021632,v1:172.21.15.23:6801/2350021632] conn(0x7f8a80038ee0 0x7f8a8003b3a0 unknown :-1 s=NONE pgs=0 cs=0 l=1 rev1=0 crypto rx=0 tx=0 comp rx=0 tx=0).connect
2024-03-24T10:31:19.175 INFO:teuthology.orchestra.run.smithi023.stdout:/usr/bin/ceph: stderr
2024-03-24T10:31:18.160+0000 7f8a8b7fe700 1 -- 172.21.15.23:0/2960528589 <== mon.0 v2:172.21.15.23:3300/0 5 ==== osd_map(3..3 src has 1..3) ==== 1155+0+0 (secure 0 0 0) 0x7f8a9004d310 con 0x7f8a94107d60
2024-03-24T10:31:19.175 INFO:teuthology.orchestra.run.smithi023.stdout:/usr/bin/ceph: stderr
2024-03-24T10:31:18.160+0000 7f8a99d52700 1 --2- 172.21.15.23:0/2960528589 >> [v2:172.21.15.23:6800/2350021632,v1:172.21.15.23:6801/2350021632] conn(0x7f8a80038ee0 0x7f8a8003b3a0 unknown :-1 s=BANNER_CONNECTING pgs=0 cs=0 l=1 rev1=0 crypto rx=0 tx=0 comp rx=0 tx=0)._handle_peer_banner_payload supported=3 required=0
2024-03-24T10:31:19.175 INFO:teuthology.orchestra.run.smithi023.stdout:/usr/bin/ceph: stderr
2024-03-24T10:31:18.161+0000 7f8a99d52700 1 --2- 172.21.15.23:0/2960528589 >> [v2:172.21.15.23:6800/2350021632,v1:172.21.15.23:6801/2350021632] conn(0x7f8a80038ee0 0x7f8a8003b3a0 secure :-1 s=READY pgs=8 cs=0 l=1 rev1=1 crypto rx=0x7f8a84006fd0 tx=0x7f8a84006e40 comp rx=0 tx=0).ready entity=mgr.14152 client_cookie=0 server_cookie=0 in_seq=0 out_seq=0
2024-03-24T10:31:19.176 INFO:teuthology.orchestra.run.smithi023.stdout:/usr/bin/ceph: stderr
2024-03-24T10:31:18.165+0000 7f8a8b7fe700 1 -- 172.21.15.23:0/2960528589 <== mon.0 v2:172.21.15.23:3300/0 6 ==== mon_command_ack([{"prefix": "get_command_descriptions"}]=0 v0) ==== 72+0+184932 (secure 0 0 0) 0x7f8a90022720 con 0x7f8a94107d60
2024-03-24T10:31:19.176 INFO:teuthology.orchestra.run.smithi023.stdout:/usr/bin/ceph: stderr
2024-03-24T10:31:18.404+0000 7f8a9c7b7700 1 -- 172.21.15.23:0/2960528589 --> [v2:172.21.15.23:6800/2350021632,v1:172.21.15.23:6801/2350021632] -- mgr_command(tid 0: {"prefix": "dashboard ac-user-create", "username": "admin", "rolename": "administrator", "force_password": true, "pwd_update_required": true, "target": ["mon-mgr", ""]}) -- 0x7f8a94063650 con 0x7f8a80038ee0
2024-03-24T10:31:19.176 INFO:teuthology.orchestra.run.smithi023.stdout:/usr/bin/ceph: stderr
2024-03-24T10:31:18.653+0000 7f8a8b7fe700 1 -- 172.21.15.23:0/2960528589 <== mgr.14152 v2:172.21.15.23:6800/2350021632 1 ==== mgr_command_reply(tid 0: 0 ) ==== 8+0+252 (secure 0 0 0) 0x7f8a94063650 con 0x7f8a80038ee0
2024-03-24T10:31:19.176 INFO:teuthology.orchestra.run.smithi023.stdout:/usr/bin/ceph: stderr
2024-03-24T10:31:18.655+0000 7f8a9c7b7700 1 -- 172.21.15.23:0/2960528589 >> [v2:172.21.15.23:6800/2350021632,v1:172.21.15.23:6801/2350021632] conn(0x7f8a80038ee0 msgr2=0x7f8a8003b3a0 secure :-1 s=STATE_CONNECTION_ESTABLISHED l=1).mark_down
2024-03-24T10:31:19.176 INFO:teuthology.orchestra.run.smithi023.stdout:/usr/bin/ceph: stderr
2024-03-24T10:31:18.655+0000 7f8a9c7b7700 1 --2- 172.21.15.23:0/2960528589 >> [v2:172.21.15.23:6800/2350021632,v1:172.21.15.23:6801/2350021632] conn(0x7f8a80038ee0 0x7f8a8003b3a0 secure :-1 s=READY pgs=8 cs=0 l=1 rev1=1 crypto rx=0x7f8a84006fd0 tx=0x7f8a84006e40 comp rx=0 tx=0).stop
2024-03-24T10:31:19.176 INFO:teuthology.orchestra.run.smithi023.stdout:/usr/bin/ceph: stderr
2024-03-24T10:31:18.655+0000 7f8a9c7b7700 1 -- 172.21.15.23:0/2960528589 >> [v2:172.21.15.23:3300/0,v1:172.21.15.23:6789/0] conn(0x7f8a94107d60 msgr2=0x7f8a9419bc20 secure :-1 s=STATE_CONNECTION_ESTABLISHED l=1).mark_down
2024-03-24T10:31:19.176 INFO:teuthology.orchestra.run.smithi023.stdout:/usr/bin/ceph: stderr
2024-03-24T10:31:18.655+0000 7f8a9c7b7700 1 --2- 172.21.15.23:0/2960528589 >> [v2:172.21.15.23:3300/0,v1:172.21.15.23:6789/0] conn(0x7f8a94107d60 0x7f8a9419bc20 secure :-1 s=READY pgs=73 cs=0 l=1 rev1=1 crypto rx=0x7f8a90011740 tx=0x7f8a90011b00 comp rx=0 tx=0).stop
2024-03-24T10:31:19.176 INFO:teuthology.orchestra.run.smithi023.stdout:/usr/bin/ceph: stderr
2024-03-24T10:31:18.655+0000 7f8a9c7b7700 1 -- 172.21.15.23:0/2960528589 shutdown_connections
2024-03-24T10:31:19.176 INFO:teuthology.orchestra.run.smithi023.stdout:/usr/bin/ceph: stderr
2024-03-24T10:31:18.655+0000 7f8a9c7b7700 1 --2- 172.21.15.23:0/2960528589 >> [v2:172.21.15.23:6800/2350021632,v1:172.21.15.23:6801/2350021632] conn(0x7f8a80038ee0 0x7f8a8003b3a0 unknown :-1 s=CLOSED pgs=8 cs=0 l=1 rev1=1 crypto rx=0 tx=0 comp rx=0 tx=0).stop
2024-03-24T10:31:19.176 INFO:teuthology.orchestra.run.smithi023.stdout:/usr/bin/ceph: stderr
2024-03-24T10:31:18.655+0000 7f8a9c7b7700 1 --2- 172.21.15.23:0/2960528589 >> [v2:172.21.15.23:3300/0,v1:172.21.15.23:6789/0] conn(0x7f8a94107d60 0x7f8a9419bc20 unknown :-1 s=CLOSED pgs=73 cs=0 l=1 rev1=1 crypto rx=0 tx=0 comp rx=0 tx=0).stop
2024-03-24T10:31:19.176 INFO:teuthology.orchestra.run.smithi023.stdout:/usr/bin/ceph: stderr
2024-03-24T10:31:18.655+0000 7f8a9c7b7700 1 -- 172.21.15.23:0/2960528589 >> 172.21.15.23:0/2960528589 conn(0x7f8a94103360 msgr2=0x7f8a94103e20 unknown :-1 s=STATE_NONE l=0).mark_down
2024-03-24T10:31:19.176 INFO:teuthology.orchestra.run.smithi023.stdout:/usr/bin/ceph: stderr
2024-03-24T10:31:18.655+0000 7f8a9c7b7700 1 -- 172.21.15.23:0/2960528589 shutdown_connections
2024-03-24T10:31:19.176 INFO:teuthology.orchestra.run.smithi023.stdout:/usr/bin/ceph: stderr
2024-03-24T10:31:18.655+0000 7f8a9c7b7700 1 -- 172.21.15.23:0/2960528589 wait complete.
2024-03-24T10:31:19.176 INFO:teuthology.orchestra.run.smithi023.stdout:Fetching dashboard port number...
2024-03-24T10:31:19.525 INFO:journalctl@ceph.mon.a.smithi023.stdout:Mar 24 10:31:19 smithi023 ceph-mon[32466]: from='mgr.14152 172.21.15.23:0/4134698612' entity='mgr.x'
2024-03-24T10:31:19.525 INFO:journalctl@ceph.mon.a.smithi023.stdout:Mar 24 10:31:19 smithi023 ceph-mon[32466]: from='client.14166 -' entity='client.admin' cmd=[{"prefix": "dashboard ac-user-create", "username": "admin", "rolename": "administrator", "force_password": true, "pwd_update_required": true, "target": ["mon-mgr", ""]}]: dispatch
2024-03-24T10:31:19.525 INFO:journalctl@ceph.mon.a.smithi023.stdout:Mar 24 10:31:19 smithi023 ceph-mon[32466]: from='mgr.14152 172.21.15.23:0/4134698612' entity='mgr.x'
2024-03-24T10:31:20.389 INFO:teuthology.orchestra.run.smithi023.stdout:/usr/bin/ceph: stdout 8443
2024-03-24T10:31:20.389 INFO:teuthology.orchestra.run.smithi023.stdout:/usr/bin/ceph: stderr
2024-03-24T10:31:19.568+0000 7f55de7b8700 1 Processor -- start
2024-03-24T10:31:20.390 INFO:teuthology.orchestra.run.smithi023.stdout:/usr/bin/ceph: stderr
2024-03-24T10:31:19.568+0000 7f55de7b8700 1 -- start start
2024-03-24T10:31:20.390 INFO:teuthology.orchestra.run.smithi023.stdout:/usr/bin/ceph: stderr
2024-03-24T10:31:19.568+0000 7f55de7b8700 1 --2- >> [v2:172.21.15.23:3300/0,v1:172.21.15.23:6789/0] conn(0x7f55d81060d0 0x7f55d81064f0 unknown :-1 s=NONE pgs=0 cs=0 l=0 rev1=0 crypto rx=0 tx=0 comp rx=0 tx=0).connect
2024-03-24T10:31:20.390 INFO:teuthology.orchestra.run.smithi023.stdout:/usr/bin/ceph: stderr
2024-03-24T10:31:19.568+0000 7f55de7b8700 1 -- --> [v2:172.21.15.23:3300/0,v1:172.21.15.23:6789/0] -- mon_getmap magic: 0 -- 0x7f55d8106ac0 con 0x7f55d81060d0
2024-03-24T10:31:20.390 INFO:teuthology.orchestra.run.smithi023.stdout:/usr/bin/ceph: stderr
2024-03-24T10:31:19.568+0000 7f55d7fff700 1 --2- >> [v2:172.21.15.23:3300/0,v1:172.21.15.23:6789/0] conn(0x7f55d81060d0 0x7f55d81064f0 unknown :-1 s=BANNER_CONNECTING pgs=0 cs=0 l=0 rev1=0 crypto rx=0 tx=0 comp rx=0 tx=0)._handle_peer_banner_payload supported=3 required=0
2024-03-24T10:31:20.390 INFO:teuthology.orchestra.run.smithi023.stdout:/usr/bin/ceph: stderr
2024-03-24T10:31:19.568+0000 7f55d7fff700 1 --2- >> [v2:172.21.15.23:3300/0,v1:172.21.15.23:6789/0] conn(0x7f55d81060d0 0x7f55d81064f0 unknown :-1 s=HELLO_CONNECTING pgs=0 cs=0 l=0 rev1=1 crypto rx=0 tx=0 comp rx=0 tx=0).handle_hello peer v2:172.21.15.23:3300/0 says I am v2:172.21.15.23:55918/0 (socket says 172.21.15.23:55918)
2024-03-24T10:31:20.390 INFO:teuthology.orchestra.run.smithi023.stdout:/usr/bin/ceph: stderr
2024-03-24T10:31:19.568+0000 7f55d7fff700 1 -- 172.21.15.23:0/2497548065 learned_addr learned my addr 172.21.15.23:0/2497548065 (peer_addr_for_me v2:172.21.15.23:0/0)
2024-03-24T10:31:20.390 INFO:teuthology.orchestra.run.smithi023.stdout:/usr/bin/ceph: stderr
2024-03-24T10:31:19.568+0000 7f55d7fff700 1 -- 172.21.15.23:0/2497548065 --> [v2:172.21.15.23:3300/0,v1:172.21.15.23:6789/0] -- mon_subscribe({config=0+,monmap=0+}) -- 0x7f55d8109070 con 0x7f55d81060d0
2024-03-24T10:31:20.390 INFO:teuthology.orchestra.run.smithi023.stdout:/usr/bin/ceph: stderr
2024-03-24T10:31:19.568+0000 7f55d7fff700 1 --2- 172.21.15.23:0/2497548065 >> [v2:172.21.15.23:3300/0,v1:172.21.15.23:6789/0] conn(0x7f55d81060d0 0x7f55d81064f0 secure :-1 s=READY pgs=74 cs=0 l=1 rev1=1 crypto rx=0x7f55c80098a0 tx=0x7f55c8009bb0 comp rx=0 tx=0).ready entity=mon.0 client_cookie=3d206d26c33b4446 server_cookie=0 in_seq=0 out_seq=0
2024-03-24T10:31:20.390 INFO:teuthology.orchestra.run.smithi023.stdout:/usr/bin/ceph: stderr
2024-03-24T10:31:19.569+0000 7f55d6ffd700 1 -- 172.21.15.23:0/2497548065 <== mon.0 v2:172.21.15.23:3300/0 1 ==== mon_map magic: 0 ==== 205+0+0 (secure 0 0 0) 0x7f55c8004160 con 0x7f55d81060d0
2024-03-24T10:31:20.390 INFO:teuthology.orchestra.run.smithi023.stdout:/usr/bin/ceph: stderr
2024-03-24T10:31:19.569+0000 7f55d6ffd700 1 -- 172.21.15.23:0/2497548065 <== mon.0 v2:172.21.15.23:3300/0 2 ==== config(27 keys) ==== 1140+0+0 (secure 0 0 0) 0x7f55c80042c0 con 0x7f55d81060d0
2024-03-24T10:31:20.390 INFO:teuthology.orchestra.run.smithi023.stdout:/usr/bin/ceph: stderr
2024-03-24T10:31:19.569+0000 7f55d6ffd700 1 -- 172.21.15.23:0/2497548065 <== mon.0 v2:172.21.15.23:3300/0 3 ==== mon_map magic: 0 ==== 205+0+0 (secure 0 0 0) 0x7f55c8011a80 con 0x7f55d81060d0
2024-03-24T10:31:20.390 INFO:teuthology.orchestra.run.smithi023.stdout:/usr/bin/ceph: stderr
2024-03-24T10:31:19.569+0000 7f55de7b8700 1 -- 172.21.15.23:0/2497548065 >> [v2:172.21.15.23:3300/0,v1:172.21.15.23:6789/0] conn(0x7f55d81060d0 msgr2=0x7f55d81064f0 secure :-1 s=STATE_CONNECTION_ESTABLISHED l=1).mark_down
2024-03-24T10:31:20.391 INFO:teuthology.orchestra.run.smithi023.stdout:/usr/bin/ceph: stderr
2024-03-24T10:31:19.569+0000 7f55de7b8700 1 --2- 172.21.15.23:0/2497548065 >> [v2:172.21.15.23:3300/0,v1:172.21.15.23:6789/0] conn(0x7f55d81060d0 0x7f55d81064f0 secure :-1 s=READY pgs=74 cs=0 l=1 rev1=1 crypto rx=0x7f55c80098a0 tx=0x7f55c8009bb0 comp rx=0 tx=0).stop
2024-03-24T10:31:20.391 INFO:teuthology.orchestra.run.smithi023.stdout:/usr/bin/ceph: stderr
2024-03-24T10:31:19.569+0000 7f55de7b8700 1 -- 172.21.15.23:0/2497548065 shutdown_connections
2024-03-24T10:31:20.391 INFO:teuthology.orchestra.run.smithi023.stdout:/usr/bin/ceph: stderr
2024-03-24T10:31:19.569+0000 7f55de7b8700 1 --2- 172.21.15.23:0/2497548065 >> [v2:172.21.15.23:3300/0,v1:172.21.15.23:6789/0] conn(0x7f55d81060d0 0x7f55d81064f0 unknown :-1 s=CLOSED pgs=74 cs=0 l=1 rev1=1 crypto rx=0 tx=0 comp rx=0 tx=0).stop
2024-03-24T10:31:20.391 INFO:teuthology.orchestra.run.smithi023.stdout:/usr/bin/ceph: stderr
2024-03-24T10:31:19.569+0000 7f55de7b8700 1 -- 172.21.15.23:0/2497548065 >> 172.21.15.23:0/2497548065 conn(0x7f55d81019d0 msgr2=0x7f55d8103df0 unknown :-1 s=STATE_NONE l=0).mark_down
2024-03-24T10:31:20.391 INFO:teuthology.orchestra.run.smithi023.stdout:/usr/bin/ceph: stderr
2024-03-24T10:31:19.569+0000 7f55de7b8700 1 -- 172.21.15.23:0/2497548065 shutdown_connections
2024-03-24T10:31:20.391 INFO:teuthology.orchestra.run.smithi023.stdout:/usr/bin/ceph: stderr
2024-03-24T10:31:19.569+0000 7f55de7b8700 1 -- 172.21.15.23:0/2497548065 wait complete.
2024-03-24T10:31:20.391 INFO:teuthology.orchestra.run.smithi023.stdout:/usr/bin/ceph: stderr
2024-03-24T10:31:19.570+0000 7f55de7b8700 1 Processor -- start
2024-03-24T10:31:20.391 INFO:teuthology.orchestra.run.smithi023.stdout:/usr/bin/ceph: stderr
2024-03-24T10:31:19.570+0000 7f55de7b8700 1 -- start start
2024-03-24T10:31:20.391 INFO:teuthology.orchestra.run.smithi023.stdout:/usr/bin/ceph: stderr
2024-03-24T10:31:19.570+0000 7f55de7b8700 1 --2- >> [v2:172.21.15.23:3300/0,v1:172.21.15.23:6789/0] conn(0x7f55d81060d0 0x7f55d819bb80 unknown :-1 s=NONE pgs=0 cs=0 l=1 rev1=0 crypto rx=0 tx=0 comp rx=0 tx=0).connect
2024-03-24T10:31:20.391 INFO:teuthology.orchestra.run.smithi023.stdout:/usr/bin/ceph: stderr
2024-03-24T10:31:19.570+0000 7f55de7b8700 1 -- --> [v2:172.21.15.23:3300/0,v1:172.21.15.23:6789/0] -- mon_getmap magic: 0 -- 0x7f55d819c0c0 con 0x7f55d81060d0
2024-03-24T10:31:20.391 INFO:teuthology.orchestra.run.smithi023.stdout:/usr/bin/ceph: stderr
2024-03-24T10:31:19.570+0000 7f55d7fff700 1 --2- >> [v2:172.21.15.23:3300/0,v1:172.21.15.23:6789/0] conn(0x7f55d81060d0 0x7f55d819bb80 unknown :-1 s=BANNER_CONNECTING pgs=0 cs=0 l=1 rev1=0 crypto rx=0 tx=0 comp rx=0 tx=0)._handle_peer_banner_payload supported=3 required=0
2024-03-24T10:31:20.391 INFO:teuthology.orchestra.run.smithi023.stdout:/usr/bin/ceph: stderr
2024-03-24T10:31:19.570+0000 7f55d7fff700 1 --2- >> [v2:172.21.15.23:3300/0,v1:172.21.15.23:6789/0] conn(0x7f55d81060d0 0x7f55d819bb80 unknown :-1 s=HELLO_CONNECTING pgs=0 cs=0 l=1 rev1=1 crypto rx=0 tx=0 comp rx=0 tx=0).handle_hello peer v2:172.21.15.23:3300/0 says I am v2:172.21.15.23:55932/0 (socket says 172.21.15.23:55932)
2024-03-24T10:31:20.391 INFO:teuthology.orchestra.run.smithi023.stdout:/usr/bin/ceph: stderr
2024-03-24T10:31:19.570+0000 7f55d7fff700 1 -- 172.21.15.23:0/3856566183 learned_addr learned my addr 172.21.15.23:0/3856566183 (peer_addr_for_me v2:172.21.15.23:0/0)
2024-03-24T10:31:20.391 INFO:teuthology.orchestra.run.smithi023.stdout:/usr/bin/ceph: stderr
2024-03-24T10:31:19.571+0000 7f55d7fff700 1 -- 172.21.15.23:0/3856566183 --> [v2:172.21.15.23:3300/0,v1:172.21.15.23:6789/0] -- mon_subscribe({config=0+,monmap=0+}) -- 0x7f55c8009550 con 0x7f55d81060d0
2024-03-24T10:31:20.392 INFO:teuthology.orchestra.run.smithi023.stdout:/usr/bin/ceph: stderr
2024-03-24T10:31:19.571+0000 7f55d7fff700 1 --2- 172.21.15.23:0/3856566183 >> [v2:172.21.15.23:3300/0,v1:172.21.15.23:6789/0] conn(0x7f55d81060d0 0x7f55d819bb80 secure :-1 s=READY pgs=75 cs=0 l=1 rev1=1 crypto rx=0x7f55c8011740 tx=0x7f55c8011b00 comp rx=0 tx=0).ready entity=mon.0 client_cookie=0 server_cookie=0 in_seq=0 out_seq=0
2024-03-24T10:31:20.392 INFO:teuthology.orchestra.run.smithi023.stdout:/usr/bin/ceph: stderr
2024-03-24T10:31:19.571+0000 7f55d57fa700 1 -- 172.21.15.23:0/3856566183 <== mon.0 v2:172.21.15.23:3300/0 1 ==== mon_map magic: 0 ==== 205+0+0 (secure 0 0 0) 0x7f55c8003b20 con 0x7f55d81060d0
2024-03-24T10:31:20.392 INFO:teuthology.orchestra.run.smithi023.stdout:/usr/bin/ceph: stderr
2024-03-24T10:31:19.571+0000 7f55d57fa700 1 -- 172.21.15.23:0/3856566183 <== mon.0 v2:172.21.15.23:3300/0 2 ==== config(27 keys) ==== 1140+0+0 (secure 0 0 0) 0x7f55c801a910 con 0x7f55d81060d0
2024-03-24T10:31:20.392 INFO:teuthology.orchestra.run.smithi023.stdout:/usr/bin/ceph: stderr
2024-03-24T10:31:19.571+0000 7f55de7b8700 1 -- 172.21.15.23:0/3856566183 --> [v2:172.21.15.23:3300/0,v1:172.21.15.23:6789/0] -- mon_subscribe({mgrmap=0+}) -- 0x7f55d819c2c0 con 0x7f55d81060d0
2024-03-24T10:31:20.392 INFO:teuthology.orchestra.run.smithi023.stdout:/usr/bin/ceph: stderr
2024-03-24T10:31:19.571+0000 7f55d57fa700 1 -- 172.21.15.23:0/3856566183 <== mon.0 v2:172.21.15.23:3300/0 3 ==== mon_map magic: 0 ==== 205+0+0 (secure 0 0 0) 0x7f55c80248c0 con 0x7f55d81060d0
2024-03-24T10:31:20.392 INFO:teuthology.orchestra.run.smithi023.stdout:/usr/bin/ceph: stderr
2024-03-24T10:31:19.571+0000 7f55de7b8700 1 -- 172.21.15.23:0/3856566183 --> [v2:172.21.15.23:3300/0,v1:172.21.15.23:6789/0] -- mon_subscribe({osdmap=0}) -- 0x7f55d819ce70 con 0x7f55d81060d0
2024-03-24T10:31:20.392 INFO:teuthology.orchestra.run.smithi023.stdout:/usr/bin/ceph: stderr
2024-03-24T10:31:19.572+0000 7f55d57fa700 1 -- 172.21.15.23:0/3856566183 <== mon.0 v2:172.21.15.23:3300/0 4 ==== mgrmap(e 12) ==== 45941+0+0 (secure 0 0 0) 0x7f55c802d3f0 con 0x7f55d81060d0
2024-03-24T10:31:20.392 INFO:teuthology.orchestra.run.smithi023.stdout:/usr/bin/ceph: stderr
2024-03-24T10:31:19.572+0000 7f55de7b8700 1 -- 172.21.15.23:0/3856566183 --> [v2:172.21.15.23:3300/0,v1:172.21.15.23:6789/0] -- mon_command({"prefix": "get_command_descriptions"} v 0) -- 0x7f55d8063830 con 0x7f55d81060d0
2024-03-24T10:31:20.392 INFO:teuthology.orchestra.run.smithi023.stdout:/usr/bin/ceph: stderr
2024-03-24T10:31:19.572+0000 7f55d57fa700 1 --2- 172.21.15.23:0/3856566183 >> [v2:172.21.15.23:6800/2350021632,v1:172.21.15.23:6801/2350021632] conn(0x7f55c0038f90 0x7f55c003b450 unknown :-1 s=NONE pgs=0 cs=0 l=1 rev1=0 crypto rx=0 tx=0 comp rx=0 tx=0).connect
2024-03-24T10:31:20.392 INFO:teuthology.orchestra.run.smithi023.stdout:/usr/bin/ceph: stderr
2024-03-24T10:31:19.572+0000 7f55d57fa700 1 -- 172.21.15.23:0/3856566183 <== mon.0 v2:172.21.15.23:3300/0 5 ==== osd_map(3..3 src has 1..3) ==== 1155+0+0 (secure 0 0 0) 0x7f55c804d5b0 con 0x7f55d81060d0
2024-03-24T10:31:20.392 INFO:teuthology.orchestra.run.smithi023.stdout:/usr/bin/ceph: stderr
2024-03-24T10:31:19.572+0000 7f55d77fe700 1 --2- 172.21.15.23:0/3856566183 >> [v2:172.21.15.23:6800/2350021632,v1:172.21.15.23:6801/2350021632] conn(0x7f55c0038f90 0x7f55c003b450 unknown :-1 s=BANNER_CONNECTING pgs=0 cs=0 l=1 rev1=0 crypto rx=0 tx=0 comp rx=0 tx=0)._handle_peer_banner_payload supported=3 required=0
2024-03-24T10:31:20.392 INFO:teuthology.orchestra.run.smithi023.stdout:/usr/bin/ceph: stderr
2024-03-24T10:31:19.572+0000 7f55d77fe700 1 --2- 172.21.15.23:0/3856566183 >> [v2:172.21.15.23:6800/2350021632,v1:172.21.15.23:6801/2350021632] conn(0x7f55c0038f90 0x7f55c003b450 secure :-1 s=READY pgs=9 cs=0 l=1 rev1=1 crypto rx=0x7f55cc006fd0 tx=0x7f55cc006e40 comp rx=0 tx=0).ready entity=mgr.14152 client_cookie=0 server_cookie=0 in_seq=0 out_seq=0
2024-03-24T10:31:20.392 INFO:teuthology.orchestra.run.smithi023.stdout:/usr/bin/ceph: stderr
2024-03-24T10:31:19.577+0000 7f55d57fa700 1 -- 172.21.15.23:0/3856566183 <== mon.0 v2:172.21.15.23:3300/0 6 ==== mon_command_ack([{"prefix": "get_command_descriptions"}]=0 v0) ==== 72+0+184932 (secure 0 0 0) 0x7f55c8010a70 con 0x7f55d81060d0
2024-03-24T10:31:20.393 INFO:teuthology.orchestra.run.smithi023.stdout:/usr/bin/ceph: stderr
2024-03-24T10:31:19.785+0000 7f55de7b8700 1 -- 172.21.15.23:0/3856566183 --> [v2:172.21.15.23:3300/0,v1:172.21.15.23:6789/0] -- mon_command({"prefix": "config get", "who": "mgr", "key": "mgr/dashboard/ssl_server_port"} v 0) -- 0x7f55d810c4e0 con 0x7f55d81060d0
2024-03-24T10:31:20.393 INFO:teuthology.orchestra.run.smithi023.stdout:/usr/bin/ceph: stderr
2024-03-24T10:31:19.785+0000 7f55d57fa700 1 -- 172.21.15.23:0/3856566183 <== mon.0 v2:172.21.15.23:3300/0 7 ==== mon_command_ack([{"prefix": "config get", "who": "mgr", "key": "mgr/dashboard/ssl_server_port"}]=0 v8) ==== 112+0+5 (secure 0 0 0) 0x7f55c8010ed0 con 0x7f55d81060d0
2024-03-24T10:31:20.393 INFO:teuthology.orchestra.run.smithi023.stdout:/usr/bin/ceph: stderr
2024-03-24T10:31:19.788+0000 7f55de7b8700 1 -- 172.21.15.23:0/3856566183 >> [v2:172.21.15.23:6800/2350021632,v1:172.21.15.23:6801/2350021632] conn(0x7f55c0038f90 msgr2=0x7f55c003b450 secure :-1 s=STATE_CONNECTION_ESTABLISHED l=1).mark_down
2024-03-24T10:31:20.393 INFO:teuthology.orchestra.run.smithi023.stdout:/usr/bin/ceph: stderr
2024-03-24T10:31:19.788+0000 7f55de7b8700 1 --2- 172.21.15.23:0/3856566183 >> [v2:172.21.15.23:6800/2350021632,v1:172.21.15.23:6801/2350021632] conn(0x7f55c0038f90 0x7f55c003b450 secure :-1 s=READY pgs=9 cs=0 l=1 rev1=1 crypto rx=0x7f55cc006fd0 tx=0x7f55cc006e40 comp rx=0 tx=0).stop
2024-03-24T10:31:20.393 INFO:teuthology.orchestra.run.smithi023.stdout:/usr/bin/ceph: stderr
2024-03-24T10:31:19.788+0000 7f55de7b8700 1 -- 172.21.15.23:0/3856566183 >> [v2:172.21.15.23:3300/0,v1:172.21.15.23:6789/0] conn(0x7f55d81060d0 msgr2=0x7f55d819bb80 secure :-1 s=STATE_CONNECTION_ESTABLISHED l=1).mark_down
2024-03-24T10:31:20.393 INFO:teuthology.orchestra.run.smithi023.stdout:/usr/bin/ceph: stderr
2024-03-24T10:31:19.788+0000 7f55de7b8700 1 --2- 172.21.15.23:0/3856566183 >> [v2:172.21.15.23:3300/0,v1:172.21.15.23:6789/0] conn(0x7f55d81060d0 0x7f55d819bb80 secure :-1 s=READY pgs=75 cs=0 l=1 rev1=1 crypto rx=0x7f55c8011740 tx=0x7f55c8011b00 comp rx=0 tx=0).stop
2024-03-24T10:31:20.393 INFO:teuthology.orchestra.run.smithi023.stdout:/usr/bin/ceph: stderr
2024-03-24T10:31:19.788+0000 7f55de7b8700 1 -- 172.21.15.23:0/3856566183 shutdown_connections
2024-03-24T10:31:20.393 INFO:teuthology.orchestra.run.smithi023.stdout:/usr/bin/ceph: stderr
2024-03-24T10:31:19.788+0000 7f55de7b8700 1 --2- 172.21.15.23:0/3856566183 >> [v2:172.21.15.23:6800/2350021632,v1:172.21.15.23:6801/2350021632] conn(0x7f55c0038f90 0x7f55c003b450 unknown :-1 s=CLOSED pgs=9 cs=0 l=1 rev1=1 crypto rx=0 tx=0 comp rx=0 tx=0).stop
2024-03-24T10:31:20.393 INFO:teuthology.orchestra.run.smithi023.stdout:/usr/bin/ceph: stderr
2024-03-24T10:31:19.788+0000 7f55de7b8700 1 --2- 172.21.15.23:0/3856566183 >> [v2:172.21.15.23:3300/0,v1:172.21.15.23:6789/0] conn(0x7f55d81060d0 0x7f55d819bb80 unknown :-1 s=CLOSED pgs=75 cs=0 l=1 rev1=1 crypto rx=0 tx=0 comp rx=0 tx=0).stop
2024-03-24T10:31:20.393 INFO:teuthology.orchestra.run.smithi023.stdout:/usr/bin/ceph: stderr
2024-03-24T10:31:19.788+0000 7f55de7b8700 1 -- 172.21.15.23:0/3856566183 >> 172.21.15.23:0/3856566183 conn(0x7f55d81019d0 msgr2=0x7f55d8102400 unknown :-1 s=STATE_NONE l=0).mark_down
2024-03-24T10:31:20.393 INFO:teuthology.orchestra.run.smithi023.stdout:/usr/bin/ceph: stderr
2024-03-24T10:31:19.788+0000 7f55de7b8700 1 -- 172.21.15.23:0/3856566183 shutdown_connections
2024-03-24T10:31:20.393 INFO:teuthology.orchestra.run.smithi023.stdout:/usr/bin/ceph: stderr
2024-03-24T10:31:19.788+0000 7f55de7b8700 1 -- 172.21.15.23:0/3856566183 wait complete.
2024-03-24T10:31:20.398 INFO:teuthology.orchestra.run.smithi023.stdout:Non-zero exit code 1 from systemctl is-enabled firewalld.service
2024-03-24T10:31:20.398 INFO:teuthology.orchestra.run.smithi023.stdout:systemctl: stdout disabled
2024-03-24T10:31:20.401 INFO:teuthology.orchestra.run.smithi023.stdout:Non-zero exit code 3 from systemctl is-active firewalld.service
2024-03-24T10:31:20.401 INFO:teuthology.orchestra.run.smithi023.stdout:systemctl: stdout inactive
2024-03-24T10:31:20.401 INFO:teuthology.orchestra.run.smithi023.stdout:firewalld.service is not enabled
2024-03-24T10:31:20.402 INFO:teuthology.orchestra.run.smithi023.stdout:Not possible to open ports <[8443]>. firewalld.service is not available
2024-03-24T10:31:20.402 INFO:teuthology.orchestra.run.smithi023.stdout:Ceph Dashboard is now available at:
2024-03-24T10:31:20.403 INFO:teuthology.orchestra.run.smithi023.stdout:
2024-03-24T10:31:20.403 INFO:teuthology.orchestra.run.smithi023.stdout: URL: https://smithi023.front.sepia.ceph.com:8443/
2024-03-24T10:31:20.403 INFO:teuthology.orchestra.run.smithi023.stdout: User: admin
2024-03-24T10:31:20.403 INFO:teuthology.orchestra.run.smithi023.stdout: Password: w8msiwc1ik
2024-03-24T10:31:20.403 INFO:teuthology.orchestra.run.smithi023.stdout:
2024-03-24T10:31:20.403 INFO:teuthology.orchestra.run.smithi023.stdout:Saving cluster configuration to /var/lib/ceph/4f8fb8f6-e9c9-11ee-95cd-87774f69a715/config directory
2024-03-24T10:31:20.404 INFO:teuthology.orchestra.run.smithi023.stdout:Enabling autotune for osd_memory_target
2024-03-24T10:31:20.418 INFO:journalctl@ceph.mon.a.smithi023.stdout:Mar 24 10:31:20 smithi023 ceph-mon[32466]: from='client.? 172.21.15.23:0/3856566183' entity='client.admin' cmd=[{"prefix": "config get", "who": "mgr", "key": "mgr/dashboard/ssl_server_port"}]: dispatch
2024-03-24T10:31:21.969 INFO:teuthology.orchestra.run.smithi023.stdout:/usr/bin/ceph: stderr
2024-03-24T10:31:21.182+0000 7fc042bc5700 1 Processor -- start
2024-03-24T10:31:21.969 INFO:teuthology.orchestra.run.smithi023.stdout:/usr/bin/ceph: stderr
2024-03-24T10:31:21.182+0000 7fc042bc5700 1 -- start start
2024-03-24T10:31:21.969 INFO:teuthology.orchestra.run.smithi023.stdout:/usr/bin/ceph: stderr
2024-03-24T10:31:21.182+0000 7fc042bc5700 1 --2- >> [v2:172.21.15.23:3300/0,v1:172.21.15.23:6789/0] conn(0x7fc03c107d60 0x7fc03c108180 unknown :-1 s=NONE pgs=0 cs=0 l=0 rev1=0 crypto rx=0 tx=0 comp rx=0 tx=0).connect
2024-03-24T10:31:21.969 INFO:teuthology.orchestra.run.smithi023.stdout:/usr/bin/ceph: stderr
2024-03-24T10:31:21.182+0000 7fc042bc5700 1 -- --> [v2:172.21.15.23:3300/0,v1:172.21.15.23:6789/0] -- mon_getmap magic: 0 -- 0x7fc03c108750 con 0x7fc03c107d60
2024-03-24T10:31:21.969 INFO:teuthology.orchestra.run.smithi023.stdout:/usr/bin/ceph: stderr
2024-03-24T10:31:21.182+0000 7fc040961700 1 --2- >> [v2:172.21.15.23:3300/0,v1:172.21.15.23:6789/0] conn(0x7fc03c107d60 0x7fc03c108180 unknown :-1 s=BANNER_CONNECTING pgs=0 cs=0 l=0 rev1=0 crypto rx=0 tx=0 comp rx=0 tx=0)._handle_peer_banner_payload supported=3 required=0
2024-03-24T10:31:21.969 INFO:teuthology.orchestra.run.smithi023.stdout:/usr/bin/ceph: stderr
2024-03-24T10:31:21.182+0000 7fc040961700 1 --2- >> [v2:172.21.15.23:3300/0,v1:172.21.15.23:6789/0] conn(0x7fc03c107d60 0x7fc03c108180 unknown :-1 s=HELLO_CONNECTING pgs=0 cs=0 l=0 rev1=1 crypto rx=0 tx=0 comp rx=0 tx=0).handle_hello peer v2:172.21.15.23:3300/0 says I am v2:172.21.15.23:55934/0 (socket says 172.21.15.23:55934)
2024-03-24T10:31:21.969 INFO:teuthology.orchestra.run.smithi023.stdout:/usr/bin/ceph: stderr
2024-03-24T10:31:21.182+0000 7fc040961700 1 -- 172.21.15.23:0/1719993854 learned_addr learned my addr 172.21.15.23:0/1719993854 (peer_addr_for_me v2:172.21.15.23:0/0)
2024-03-24T10:31:21.969 INFO:teuthology.orchestra.run.smithi023.stdout:/usr/bin/ceph: stderr
2024-03-24T10:31:21.182+0000 7fc040961700 1 -- 172.21.15.23:0/1719993854 --> [v2:172.21.15.23:3300/0,v1:172.21.15.23:6789/0] -- mon_subscribe({config=0+,monmap=0+}) -- 0x7fc03c108f60 con 0x7fc03c107d60
2024-03-24T10:31:21.969 INFO:teuthology.orchestra.run.smithi023.stdout:/usr/bin/ceph: stderr
2024-03-24T10:31:21.183+0000 7fc040961700 1 --2- 172.21.15.23:0/1719993854 >> [v2:172.21.15.23:3300/0,v1:172.21.15.23:6789/0] conn(0x7fc03c107d60 0x7fc03c108180 secure :-1 s=READY pgs=76 cs=0 l=1 rev1=1 crypto rx=0x7fc0300098a0 tx=0x7fc030009bb0 comp rx=0 tx=0).ready entity=mon.0 client_cookie=5b8d6edcd69e8764 server_cookie=0 in_seq=0 out_seq=0
2024-03-24T10:31:21.969 INFO:teuthology.orchestra.run.smithi023.stdout:/usr/bin/ceph: stderr
2024-03-24T10:31:21.183+0000 7fc03b7fe700 1 -- 172.21.15.23:0/1719993854 <== mon.0 v2:172.21.15.23:3300/0 1 ==== mon_map magic: 0 ==== 205+0+0 (secure 0 0 0) 0x7fc030004160 con 0x7fc03c107d60
2024-03-24T10:31:21.970 INFO:teuthology.orchestra.run.smithi023.stdout:/usr/bin/ceph: stderr
2024-03-24T10:31:21.183+0000 7fc03b7fe700 1 -- 172.21.15.23:0/1719993854 <== mon.0 v2:172.21.15.23:3300/0 2 ==== config(27 keys) ==== 1140+0+0 (secure 0 0 0) 0x7fc0300042c0 con 0x7fc03c107d60
2024-03-24T10:31:21.970 INFO:teuthology.orchestra.run.smithi023.stdout:/usr/bin/ceph: stderr
2024-03-24T10:31:21.183+0000 7fc03b7fe700 1 -- 172.21.15.23:0/1719993854 <== mon.0 v2:172.21.15.23:3300/0 3 ==== mon_map magic: 0 ==== 205+0+0 (secure 0 0 0) 0x7fc030011a80 con 0x7fc03c107d60
2024-03-24T10:31:21.970 INFO:teuthology.orchestra.run.smithi023.stdout:/usr/bin/ceph: stderr
2024-03-24T10:31:21.183+0000 7fc042bc5700 1 -- 172.21.15.23:0/1719993854 >> [v2:172.21.15.23:3300/0,v1:172.21.15.23:6789/0] conn(0x7fc03c107d60 msgr2=0x7fc03c108180 secure :-1 s=STATE_CONNECTION_ESTABLISHED l=1).mark_down
2024-03-24T10:31:21.970 INFO:teuthology.orchestra.run.smithi023.stdout:/usr/bin/ceph: stderr
2024-03-24T10:31:21.183+0000 7fc042bc5700 1 --2- 172.21.15.23:0/1719993854 >> [v2:172.21.15.23:3300/0,v1:172.21.15.23:6789/0] conn(0x7fc03c107d60 0x7fc03c108180 secure :-1 s=READY pgs=76 cs=0 l=1 rev1=1 crypto rx=0x7fc0300098a0 tx=0x7fc030009bb0 comp rx=0 tx=0).stop
2024-03-24T10:31:21.970 INFO:teuthology.orchestra.run.smithi023.stdout:/usr/bin/ceph: stderr
2024-03-24T10:31:21.183+0000 7fc042bc5700 1 -- 172.21.15.23:0/1719993854 shutdown_connections
2024-03-24T10:31:21.970 INFO:teuthology.orchestra.run.smithi023.stdout:/usr/bin/ceph: stderr
2024-03-24T10:31:21.183+0000 7fc042bc5700 1 --2- 172.21.15.23:0/1719993854 >> [v2:172.21.15.23:3300/0,v1:172.21.15.23:6789/0] conn(0x7fc03c107d60 0x7fc03c108180 unknown :-1 s=CLOSED pgs=76 cs=0 l=1 rev1=1 crypto rx=0 tx=0 comp rx=0 tx=0).stop
2024-03-24T10:31:21.970 INFO:teuthology.orchestra.run.smithi023.stdout:/usr/bin/ceph: stderr
2024-03-24T10:31:21.183+0000 7fc042bc5700 1 -- 172.21.15.23:0/1719993854 >> 172.21.15.23:0/1719993854 conn(0x7fc03c103360 msgr2=0x7fc03c105780 unknown :-1 s=STATE_NONE l=0).mark_down
2024-03-24T10:31:21.970 INFO:teuthology.orchestra.run.smithi023.stdout:/usr/bin/ceph: stderr
2024-03-24T10:31:21.183+0000 7fc042bc5700 1 -- 172.21.15.23:0/1719993854 shutdown_connections
2024-03-24T10:31:21.970 INFO:teuthology.orchestra.run.smithi023.stdout:/usr/bin/ceph: stderr
2024-03-24T10:31:21.183+0000 7fc042bc5700 1 -- 172.21.15.23:0/1719993854 wait complete.
2024-03-24T10:31:21.970 INFO:teuthology.orchestra.run.smithi023.stdout:/usr/bin/ceph: stderr
2024-03-24T10:31:21.184+0000 7fc042bc5700 1 Processor -- start
2024-03-24T10:31:21.970 INFO:teuthology.orchestra.run.smithi023.stdout:/usr/bin/ceph: stderr
2024-03-24T10:31:21.184+0000 7fc042bc5700 1 -- start start
2024-03-24T10:31:21.970 INFO:teuthology.orchestra.run.smithi023.stdout:/usr/bin/ceph: stderr
