2024-03-24T10:34:28.608+0000 7f9d01d9b700 1 --2- 172.21.15.26:0/163077874 >> [v2:172.21.15.26:6800/4217413357,v1:172.21.15.26:6801/4217413357] conn(0x7f9cec038770 0x7f9cec03ac30 unknown :-1 s=START_CONNECT pgs=0 cs=0 l=1 rev1=0 crypto rx=0 tx=0 comp rx=0 tx=0)._fault waiting 3.200000
2024-03-24T10:34:31.810 INFO:teuthology.orchestra.run.smithi026.stdout:/usr/bin/ceph: stderr
2024-03-24T10:34:30.201+0000 7f9cf37fe700 1 -- 172.21.15.26:0/163077874 <== mon.0 v2:172.21.15.26:3300/0 6 ==== mgrmap(e 6) v1 ==== 45315+0+0 (secure 0 0 0) 0x7f9cf400ed00 con 0x7f9d041053c0
2024-03-24T10:34:31.810 INFO:teuthology.orchestra.run.smithi026.stdout:/usr/bin/ceph: stderr
2024-03-24T10:34:30.202+0000 7f9cf37fe700 1 -- 172.21.15.26:0/163077874 >> [v2:172.21.15.26:6800/4217413357,v1:172.21.15.26:6801/4217413357] conn(0x7f9cec038770 msgr2=0x7f9cec03ac30 unknown :-1 s=STATE_CONNECTING l=1).mark_down
2024-03-24T10:34:31.811 INFO:teuthology.orchestra.run.smithi026.stdout:/usr/bin/ceph: stderr
2024-03-24T10:34:30.202+0000 7f9cf37fe700 1 --2- 172.21.15.26:0/163077874 >> [v2:172.21.15.26:6800/4217413357,v1:172.21.15.26:6801/4217413357] conn(0x7f9cec038770 0x7f9cec03ac30 unknown :-1 s=START_CONNECT pgs=0 cs=0 l=1 rev1=0 crypto rx=0 tx=0 comp rx=0 tx=0).stop
2024-03-24T10:34:31.811 INFO:teuthology.orchestra.run.smithi026.stdout:/usr/bin/ceph: stderr
2024-03-24T10:34:31.202+0000 7f9cf37fe700 1 -- 172.21.15.26:0/163077874 <== mon.0 v2:172.21.15.26:3300/0 7 ==== mgrmap(e 7) v1 ==== 45442+0+0 (secure 0 0 0) 0x7f9cf404e150 con 0x7f9d041053c0
2024-03-24T10:34:31.811 INFO:teuthology.orchestra.run.smithi026.stdout:/usr/bin/ceph: stderr
2024-03-24T10:34:31.203+0000 7f9cf37fe700 1 --2- 172.21.15.26:0/163077874 >> [v2:172.21.15.26:6800/3234553684,v1:172.21.15.26:6801/3234553684] conn(0x7f9cec03bfb0 0x7f9cec03e3a0 unknown :-1 s=NONE pgs=0 cs=0 l=1 rev1=0 crypto rx=0 tx=0 comp rx=0 tx=0).connect
2024-03-24T10:34:31.811 INFO:teuthology.orchestra.run.smithi026.stdout:/usr/bin/ceph: stderr
2024-03-24T10:34:31.203+0000 7f9cf37fe700 1 -- 172.21.15.26:0/163077874 --> [v2:172.21.15.26:6800/3234553684,v1:172.21.15.26:6801/3234553684] -- command(tid 0: {"prefix": "get_command_descriptions"}) v1 -- 0x7f9cec03b340 con 0x7f9cec03bfb0
2024-03-24T10:34:31.811 INFO:teuthology.orchestra.run.smithi026.stdout:/usr/bin/ceph: stderr
2024-03-24T10:34:31.203+0000 7f9d01d9b700 1 --2- 172.21.15.26:0/163077874 >> [v2:172.21.15.26:6800/3234553684,v1:172.21.15.26:6801/3234553684] conn(0x7f9cec03bfb0 0x7f9cec03e3a0 unknown :-1 s=BANNER_CONNECTING pgs=0 cs=0 l=1 rev1=0 crypto rx=0 tx=0 comp rx=0 tx=0)._handle_peer_banner_payload supported=3 required=0
2024-03-24T10:34:31.811 INFO:teuthology.orchestra.run.smithi026.stdout:/usr/bin/ceph: stderr
2024-03-24T10:34:31.204+0000 7f9d01d9b700 1 --2- 172.21.15.26:0/163077874 >> [v2:172.21.15.26:6800/3234553684,v1:172.21.15.26:6801/3234553684] conn(0x7f9cec03bfb0 0x7f9cec03e3a0 secure :-1 s=READY pgs=2 cs=0 l=1 rev1=1 crypto rx=0x7f9cf8003a10 tx=0x7f9cf80092b0 comp rx=0 tx=0).ready entity=mgr.14120 client_cookie=0 server_cookie=0 in_seq=0 out_seq=0
2024-03-24T10:34:31.811 INFO:teuthology.orchestra.run.smithi026.stdout:/usr/bin/ceph: stderr
2024-03-24T10:34:31.204+0000 7f9cf37fe700 1 -- 172.21.15.26:0/163077874 <== mgr.14120 v2:172.21.15.26:6800/3234553684 1 ==== command_reply(tid 0: 0 ) v1 ==== 8+0+6910 (secure 0 0 0) 0x7f9cec03b340 con 0x7f9cec03bfb0
2024-03-24T10:34:31.811 INFO:teuthology.orchestra.run.smithi026.stdout:/usr/bin/ceph: stderr
2024-03-24T10:34:31.211+0000 7f9d08d12700 1 -- 172.21.15.26:0/163077874 --> [v2:172.21.15.26:6800/3234553684,v1:172.21.15.26:6801/3234553684] -- command(tid 1: {"prefix": "mgr_status"}) v1 -- 0x7f9d040623e0 con 0x7f9cec03bfb0
2024-03-24T10:34:31.811 INFO:teuthology.orchestra.run.smithi026.stdout:/usr/bin/ceph: stderr
2024-03-24T10:34:31.211+0000 7f9cf37fe700 1 -- 172.21.15.26:0/163077874 <== mgr.14120 v2:172.21.15.26:6800/3234553684 2 ==== command_reply(tid 1: 0 ) v1 ==== 8+0+51 (secure 0 0 0) 0x7f9d040623e0 con 0x7f9cec03bfb0
2024-03-24T10:34:31.811 INFO:teuthology.orchestra.run.smithi026.stdout:/usr/bin/ceph: stderr
2024-03-24T10:34:31.211+0000 7f9d08d12700 1 -- 172.21.15.26:0/163077874 >> [v2:172.21.15.26:6800/3234553684,v1:172.21.15.26:6801/3234553684] conn(0x7f9cec03bfb0 msgr2=0x7f9cec03e3a0 secure :-1 s=STATE_CONNECTION_ESTABLISHED l=1).mark_down
2024-03-24T10:34:31.811 INFO:teuthology.orchestra.run.smithi026.stdout:/usr/bin/ceph: stderr
2024-03-24T10:34:31.211+0000 7f9d08d12700 1 --2- 172.21.15.26:0/163077874 >> [v2:172.21.15.26:6800/3234553684,v1:172.21.15.26:6801/3234553684] conn(0x7f9cec03bfb0 0x7f9cec03e3a0 secure :-1 s=READY pgs=2 cs=0 l=1 rev1=1 crypto rx=0x7f9cf8003a10 tx=0x7f9cf80092b0 comp rx=0 tx=0).stop
2024-03-24T10:34:31.811 INFO:teuthology.orchestra.run.smithi026.stdout:/usr/bin/ceph: stderr
2024-03-24T10:34:31.211+0000 7f9d08d12700 1 -- 172.21.15.26:0/163077874 >> [v2:172.21.15.26:3300/0,v1:172.21.15.26:6789/0] conn(0x7f9d041053c0 msgr2=0x7f9d04074140 secure :-1 s=STATE_CONNECTION_ESTABLISHED l=1).mark_down
2024-03-24T10:34:31.811 INFO:teuthology.orchestra.run.smithi026.stdout:/usr/bin/ceph: stderr
2024-03-24T10:34:31.211+0000 7f9d08d12700 1 --2- 172.21.15.26:0/163077874 >> [v2:172.21.15.26:3300/0,v1:172.21.15.26:6789/0] conn(0x7f9d041053c0 0x7f9d04074140 secure :-1 s=READY pgs=29 cs=0 l=1 rev1=1 crypto rx=0x7f9cf4011710 tx=0x7f9cf40047c0 comp rx=0 tx=0).stop
2024-03-24T10:34:31.812 INFO:teuthology.orchestra.run.smithi026.stdout:/usr/bin/ceph: stderr
2024-03-24T10:34:31.211+0000 7f9d08d12700 1 -- 172.21.15.26:0/163077874 shutdown_connections
2024-03-24T10:34:31.812 INFO:teuthology.orchestra.run.smithi026.stdout:/usr/bin/ceph: stderr
2024-03-24T10:34:31.211+0000 7f9d08d12700 1 --2- 172.21.15.26:0/163077874 >> [v2:172.21.15.26:6800/3234553684,v1:172.21.15.26:6801/3234553684] conn(0x7f9cec03bfb0 0x7f9cec03e3a0 unknown :-1 s=CLOSED pgs=2 cs=0 l=1 rev1=1 crypto rx=0 tx=0 comp rx=0 tx=0).stop
2024-03-24T10:34:31.812 INFO:teuthology.orchestra.run.smithi026.stdout:/usr/bin/ceph: stderr
2024-03-24T10:34:31.211+0000 7f9d08d12700 1 --2- 172.21.15.26:0/163077874 >> [v2:172.21.15.26:3300/0,v1:172.21.15.26:6789/0] conn(0x7f9d041053c0 0x7f9d04074140 unknown :-1 s=CLOSED pgs=29 cs=0 l=1 rev1=1 crypto rx=0 tx=0 comp rx=0 tx=0).stop
2024-03-24T10:34:31.812 INFO:teuthology.orchestra.run.smithi026.stdout:/usr/bin/ceph: stderr
2024-03-24T10:34:31.211+0000 7f9d08d12700 1 --2- 172.21.15.26:0/163077874 >> [v2:172.21.15.26:6800/4217413357,v1:172.21.15.26:6801/4217413357] conn(0x7f9cec038770 0x7f9cec03ac30 unknown :-1 s=CLOSED pgs=0 cs=0 l=1 rev1=0 crypto rx=0 tx=0 comp rx=0 tx=0).stop
2024-03-24T10:34:31.812 INFO:teuthology.orchestra.run.smithi026.stdout:/usr/bin/ceph: stderr
2024-03-24T10:34:31.211+0000 7f9d08d12700 1 -- 172.21.15.26:0/163077874 >> 172.21.15.26:0/163077874 conn(0x7f9d041009c0 msgr2=0x7f9d04101530 unknown :-1 s=STATE_NONE l=0).mark_down
2024-03-24T10:34:31.812 INFO:teuthology.orchestra.run.smithi026.stdout:/usr/bin/ceph: stderr
2024-03-24T10:34:31.211+0000 7f9d08d12700 1 -- 172.21.15.26:0/163077874 shutdown_connections
2024-03-24T10:34:31.812 INFO:teuthology.orchestra.run.smithi026.stdout:/usr/bin/ceph: stderr
2024-03-24T10:34:31.211+0000 7f9d08d12700 1 -- 172.21.15.26:0/163077874 wait complete.
2024-03-24T10:34:31.812 INFO:teuthology.orchestra.run.smithi026.stdout:mgr epoch 5 is available
2024-03-24T10:34:31.812 INFO:teuthology.orchestra.run.smithi026.stdout:Setting orchestrator backend to cephadm...
2024-03-24T10:34:32.451 INFO:journalctl@ceph.mon.smithi026.smithi026.stdout:Mar 24 10:34:32 smithi026 ceph-mon[29210]: from='client.14124 -' entity='client.admin' cmd=[{"prefix": "get_command_descriptions"}]: dispatch
2024-03-24T10:34:32.451 INFO:journalctl@ceph.mon.smithi026.smithi026.stdout:Mar 24 10:34:32 smithi026 ceph-mon[29210]: mgrmap e7: smithi026.bbjcru(active, since 1.00518s)
2024-03-24T10:34:32.451 INFO:journalctl@ceph.mon.smithi026.smithi026.stdout:Mar 24 10:34:32 smithi026 ceph-mon[29210]: from='client.14124 -' entity='client.admin' cmd=[{"prefix": "mgr_status"}]: dispatch
2024-03-24T10:34:32.451 INFO:journalctl@ceph.mon.smithi026.smithi026.stdout:Mar 24 10:34:32 smithi026 ceph-mon[29210]: from='mgr.14120 172.21.15.26:0/1305276224' entity='mgr.smithi026.bbjcru'
2024-03-24T10:34:32.451 INFO:journalctl@ceph.mon.smithi026.smithi026.stdout:Mar 24 10:34:32 smithi026 ceph-mon[29210]: from='mgr.14120 172.21.15.26:0/1305276224' entity='mgr.smithi026.bbjcru'
2024-03-24T10:34:33.027 INFO:teuthology.orchestra.run.smithi026.stdout:/usr/bin/ceph: stderr
2024-03-24T10:34:32.239+0000 7f224d421700 1 Processor -- start
2024-03-24T10:34:33.027 INFO:teuthology.orchestra.run.smithi026.stdout:/usr/bin/ceph: stderr
2024-03-24T10:34:32.239+0000 7f224d421700 1 -- start start
2024-03-24T10:34:33.027 INFO:teuthology.orchestra.run.smithi026.stdout:/usr/bin/ceph: stderr
2024-03-24T10:34:32.239+0000 7f224d421700 1 --2- >> [v2:172.21.15.26:3300/0,v1:172.21.15.26:6789/0] conn(0x7f2248106f70 0x7f2248109360 unknown :-1 s=NONE pgs=0 cs=0 l=0 rev1=0 crypto rx=0 tx=0 comp rx=0 tx=0).connect
2024-03-24T10:34:33.027 INFO:teuthology.orchestra.run.smithi026.stdout:/usr/bin/ceph: stderr
2024-03-24T10:34:32.239+0000 7f224d421700 1 -- --> [v2:172.21.15.26:3300/0,v1:172.21.15.26:6789/0] -- mon_getmap magic: 0 v1 -- 0x7f22480745b0 con 0x7f2248106f70
2024-03-24T10:34:33.027 INFO:teuthology.orchestra.run.smithi026.stdout:/usr/bin/ceph: stderr
2024-03-24T10:34:32.239+0000 7f2246ffd700 1 --2- >> [v2:172.21.15.26:3300/0,v1:172.21.15.26:6789/0] conn(0x7f2248106f70 0x7f2248109360 unknown :-1 s=BANNER_CONNECTING pgs=0 cs=0 l=0 rev1=0 crypto rx=0 tx=0 comp rx=0 tx=0)._handle_peer_banner_payload supported=3 required=0
2024-03-24T10:34:33.028 INFO:teuthology.orchestra.run.smithi026.stdout:/usr/bin/ceph: stderr
2024-03-24T10:34:32.239+0000 7f2246ffd700 1 --2- >> [v2:172.21.15.26:3300/0,v1:172.21.15.26:6789/0] conn(0x7f2248106f70 0x7f2248109360 unknown :-1 s=HELLO_CONNECTING pgs=0 cs=0 l=0 rev1=1 crypto rx=0 tx=0 comp rx=0 tx=0).handle_hello peer v2:172.21.15.26:3300/0 says I am v2:172.21.15.26:44512/0 (socket says 172.21.15.26:44512)
2024-03-24T10:34:33.028 INFO:teuthology.orchestra.run.smithi026.stdout:/usr/bin/ceph: stderr
2024-03-24T10:34:32.239+0000 7f2246ffd700 1 -- 172.21.15.26:0/2288246081 learned_addr learned my addr 172.21.15.26:0/2288246081 (peer_addr_for_me v2:172.21.15.26:0/0)
2024-03-24T10:34:33.028 INFO:teuthology.orchestra.run.smithi026.stdout:/usr/bin/ceph: stderr
2024-03-24T10:34:32.240+0000 7f2246ffd700 1 -- 172.21.15.26:0/2288246081 --> [v2:172.21.15.26:3300/0,v1:172.21.15.26:6789/0] -- mon_subscribe({config=0+,monmap=0+}) v3 -- 0x7f22481098a0 con 0x7f2248106f70
2024-03-24T10:34:33.028 INFO:teuthology.orchestra.run.smithi026.stdout:/usr/bin/ceph: stderr
2024-03-24T10:34:32.240+0000 7f2246ffd700 1 --2- 172.21.15.26:0/2288246081 >> [v2:172.21.15.26:3300/0,v1:172.21.15.26:6789/0] conn(0x7f2248106f70 0x7f2248109360 secure :-1 s=READY pgs=37 cs=0 l=1 rev1=1 crypto rx=0x7f22380098a0 tx=0x7f2238009bb0 comp rx=0 tx=0).ready entity=mon.0 client_cookie=89966e34bfe31159 server_cookie=0 in_seq=0 out_seq=0
2024-03-24T10:34:33.028 INFO:teuthology.orchestra.run.smithi026.stdout:/usr/bin/ceph: stderr
2024-03-24T10:34:32.240+0000 7f2245ffb700 1 -- 172.21.15.26:0/2288246081 <== mon.0 v2:172.21.15.26:3300/0 1 ==== mon_map magic: 0 v1 ==== 229+0+0 (secure 0 0 0) 0x7f2238004180 con 0x7f2248106f70
2024-03-24T10:34:33.028 INFO:teuthology.orchestra.run.smithi026.stdout:/usr/bin/ceph: stderr
2024-03-24T10:34:32.240+0000 7f2245ffb700 1 -- 172.21.15.26:0/2288246081 <== mon.0 v2:172.21.15.26:3300/0 2 ==== config(27 keys) v1 ==== 1042+0+0 (secure 0 0 0) 0x7f22380042e0 con 0x7f2248106f70
2024-03-24T10:34:33.028 INFO:teuthology.orchestra.run.smithi026.stdout:/usr/bin/ceph: stderr
2024-03-24T10:34:32.240+0000 7f2245ffb700 1 -- 172.21.15.26:0/2288246081 <== mon.0 v2:172.21.15.26:3300/0 3 ==== mon_map magic: 0 v1 ==== 229+0+0 (secure 0 0 0) 0x7f2238011a70 con 0x7f2248106f70
2024-03-24T10:34:33.028 INFO:teuthology.orchestra.run.smithi026.stdout:/usr/bin/ceph: stderr
2024-03-24T10:34:32.241+0000 7f224d421700 1 -- 172.21.15.26:0/2288246081 >> [v2:172.21.15.26:3300/0,v1:172.21.15.26:6789/0] conn(0x7f2248106f70 msgr2=0x7f2248109360 secure :-1 s=STATE_CONNECTION_ESTABLISHED l=1).mark_down
2024-03-24T10:34:33.028 INFO:teuthology.orchestra.run.smithi026.stdout:/usr/bin/ceph: stderr
2024-03-24T10:34:32.241+0000 7f224d421700 1 --2- 172.21.15.26:0/2288246081 >> [v2:172.21.15.26:3300/0,v1:172.21.15.26:6789/0] conn(0x7f2248106f70 0x7f2248109360 secure :-1 s=READY pgs=37 cs=0 l=1 rev1=1 crypto rx=0x7f22380098a0 tx=0x7f2238009bb0 comp rx=0 tx=0).stop
2024-03-24T10:34:33.028 INFO:teuthology.orchestra.run.smithi026.stdout:/usr/bin/ceph: stderr
2024-03-24T10:34:32.241+0000 7f224d421700 1 -- 172.21.15.26:0/2288246081 shutdown_connections
2024-03-24T10:34:33.028 INFO:teuthology.orchestra.run.smithi026.stdout:/usr/bin/ceph: stderr
2024-03-24T10:34:32.241+0000 7f224d421700 1 --2- 172.21.15.26:0/2288246081 >> [v2:172.21.15.26:3300/0,v1:172.21.15.26:6789/0] conn(0x7f2248106f70 0x7f2248109360 unknown :-1 s=CLOSED pgs=37 cs=0 l=1 rev1=1 crypto rx=0 tx=0 comp rx=0 tx=0).stop
2024-03-24T10:34:33.028 INFO:teuthology.orchestra.run.smithi026.stdout:/usr/bin/ceph: stderr
2024-03-24T10:34:32.241+0000 7f224d421700 1 -- 172.21.15.26:0/2288246081 >> 172.21.15.26:0/2288246081 conn(0x7f22481009c0 msgr2=0x7f2248102de0 unknown :-1 s=STATE_NONE l=0).mark_down
2024-03-24T10:34:33.028 INFO:teuthology.orchestra.run.smithi026.stdout:/usr/bin/ceph: stderr
2024-03-24T10:34:32.241+0000 7f224d421700 1 -- 172.21.15.26:0/2288246081 shutdown_connections
2024-03-24T10:34:33.029 INFO:teuthology.orchestra.run.smithi026.stdout:/usr/bin/ceph: stderr
2024-03-24T10:34:32.241+0000 7f224d421700 1 -- 172.21.15.26:0/2288246081 wait complete.
2024-03-24T10:34:33.029 INFO:teuthology.orchestra.run.smithi026.stdout:/usr/bin/ceph: stderr
2024-03-24T10:34:32.241+0000 7f224d421700 1 Processor -- start
2024-03-24T10:34:33.029 INFO:teuthology.orchestra.run.smithi026.stdout:/usr/bin/ceph: stderr
2024-03-24T10:34:32.241+0000 7f224d421700 1 -- start start
2024-03-24T10:34:33.029 INFO:teuthology.orchestra.run.smithi026.stdout:/usr/bin/ceph: stderr
2024-03-24T10:34:32.242+0000 7f224d421700 1 --2- >> [v2:172.21.15.26:3300/0,v1:172.21.15.26:6789/0] conn(0x7f2248106f70 0x7f224819a240 unknown :-1 s=NONE pgs=0 cs=0 l=1 rev1=0 crypto rx=0 tx=0 comp rx=0 tx=0).connect
2024-03-24T10:34:33.029 INFO:teuthology.orchestra.run.smithi026.stdout:/usr/bin/ceph: stderr
2024-03-24T10:34:32.242+0000 7f224d421700 1 -- --> [v2:172.21.15.26:3300/0,v1:172.21.15.26:6789/0] -- mon_getmap magic: 0 v1 -- 0x7f224819a780 con 0x7f2248106f70
2024-03-24T10:34:33.029 INFO:teuthology.orchestra.run.smithi026.stdout:/usr/bin/ceph: stderr
2024-03-24T10:34:32.242+0000 7f2246ffd700 1 --2- >> [v2:172.21.15.26:3300/0,v1:172.21.15.26:6789/0] conn(0x7f2248106f70 0x7f224819a240 unknown :-1 s=BANNER_CONNECTING pgs=0 cs=0 l=1 rev1=0 crypto rx=0 tx=0 comp rx=0 tx=0)._handle_peer_banner_payload supported=3 required=0
2024-03-24T10:34:33.029 INFO:teuthology.orchestra.run.smithi026.stdout:/usr/bin/ceph: stderr
2024-03-24T10:34:32.242+0000 7f2246ffd700 1 --2- >> [v2:172.21.15.26:3300/0,v1:172.21.15.26:6789/0] conn(0x7f2248106f70 0x7f224819a240 unknown :-1 s=HELLO_CONNECTING pgs=0 cs=0 l=1 rev1=1 crypto rx=0 tx=0 comp rx=0 tx=0).handle_hello peer v2:172.21.15.26:3300/0 says I am v2:172.21.15.26:44514/0 (socket says 172.21.15.26:44514)
2024-03-24T10:34:33.029 INFO:teuthology.orchestra.run.smithi026.stdout:/usr/bin/ceph: stderr
2024-03-24T10:34:32.242+0000 7f2246ffd700 1 -- 172.21.15.26:0/1363333180 learned_addr learned my addr 172.21.15.26:0/1363333180 (peer_addr_for_me v2:172.21.15.26:0/0)
2024-03-24T10:34:33.029 INFO:teuthology.orchestra.run.smithi026.stdout:/usr/bin/ceph: stderr
2024-03-24T10:34:32.242+0000 7f2246ffd700 1 -- 172.21.15.26:0/1363333180 --> [v2:172.21.15.26:3300/0,v1:172.21.15.26:6789/0] -- mon_subscribe({config=0+,monmap=0+}) v3 -- 0x7f2238009550 con 0x7f2248106f70
2024-03-24T10:34:33.029 INFO:teuthology.orchestra.run.smithi026.stdout:/usr/bin/ceph: stderr
2024-03-24T10:34:32.242+0000 7f2246ffd700 1 --2- 172.21.15.26:0/1363333180 >> [v2:172.21.15.26:3300/0,v1:172.21.15.26:6789/0] conn(0x7f2248106f70 0x7f224819a240 secure :-1 s=READY pgs=38 cs=0 l=1 rev1=1 crypto rx=0x7f2238011710 tx=0x7f22380047c0 comp rx=0 tx=0).ready entity=mon.0 client_cookie=0 server_cookie=0 in_seq=0 out_seq=0
2024-03-24T10:34:33.029 INFO:teuthology.orchestra.run.smithi026.stdout:/usr/bin/ceph: stderr
2024-03-24T10:34:32.242+0000 7f223ffff700 1 -- 172.21.15.26:0/1363333180 <== mon.0 v2:172.21.15.26:3300/0 1 ==== mon_map magic: 0 v1 ==== 229+0+0 (secure 0 0 0) 0x7f2238003b10 con 0x7f2248106f70
2024-03-24T10:34:33.029 INFO:teuthology.orchestra.run.smithi026.stdout:/usr/bin/ceph: stderr
2024-03-24T10:34:32.242+0000 7f224d421700 1 -- 172.21.15.26:0/1363333180 --> [v2:172.21.15.26:3300/0,v1:172.21.15.26:6789/0] -- mon_subscribe({mgrmap=0+}) v3 -- 0x7f224819a980 con 0x7f2248106f70
2024-03-24T10:34:33.029 INFO:teuthology.orchestra.run.smithi026.stdout:/usr/bin/ceph: stderr
2024-03-24T10:34:32.242+0000 7f223ffff700 1 -- 172.21.15.26:0/1363333180 <== mon.0 v2:172.21.15.26:3300/0 2 ==== config(27 keys) v1 ==== 1042+0+0 (secure 0 0 0) 0x7f223801b8c0 con 0x7f2248106f70
2024-03-24T10:34:33.029 INFO:teuthology.orchestra.run.smithi026.stdout:/usr/bin/ceph: stderr
2024-03-24T10:34:32.242+0000 7f223ffff700 1 -- 172.21.15.26:0/1363333180 <== mon.0 v2:172.21.15.26:3300/0 3 ==== mon_map magic: 0 v1 ==== 229+0+0 (secure 0 0 0) 0x7f22380197e0 con 0x7f2248106f70
2024-03-24T10:34:33.030 INFO:teuthology.orchestra.run.smithi026.stdout:/usr/bin/ceph: stderr
2024-03-24T10:34:32.242+0000 7f224d421700 1 -- 172.21.15.26:0/1363333180 --> [v2:172.21.15.26:3300/0,v1:172.21.15.26:6789/0] -- mon_subscribe({osdmap=0}) v3 -- 0x7f224819ae20 con 0x7f2248106f70
2024-03-24T10:34:33.030 INFO:teuthology.orchestra.run.smithi026.stdout:/usr/bin/ceph: stderr
2024-03-24T10:34:32.243+0000 7f223ffff700 1 -- 172.21.15.26:0/1363333180 <== mon.0 v2:172.21.15.26:3300/0 4 ==== mgrmap(e 7) v1 ==== 45442+0+0 (secure 0 0 0) 0x7f2238019a20 con 0x7f2248106f70
2024-03-24T10:34:33.030 INFO:teuthology.orchestra.run.smithi026.stdout:/usr/bin/ceph: stderr
2024-03-24T10:34:32.243+0000 7f224d421700 1 -- 172.21.15.26:0/1363333180 --> [v2:172.21.15.26:3300/0,v1:172.21.15.26:6789/0] -- mon_command({"prefix": "get_command_descriptions"} v 0) v1 -- 0x7f224810a5f0 con 0x7f2248106f70
2024-03-24T10:34:33.030 INFO:teuthology.orchestra.run.smithi026.stdout:/usr/bin/ceph: stderr
2024-03-24T10:34:32.243+0000 7f223ffff700 1 --2- 172.21.15.26:0/1363333180 >> [v2:172.21.15.26:6800/3234553684,v1:172.21.15.26:6801/3234553684] conn(0x7f2234038600 0x7f223403aac0 unknown :-1 s=NONE pgs=0 cs=0 l=1 rev1=0 crypto rx=0 tx=0 comp rx=0 tx=0).connect
2024-03-24T10:34:33.030 INFO:teuthology.orchestra.run.smithi026.stdout:/usr/bin/ceph: stderr
2024-03-24T10:34:32.243+0000 7f223ffff700 1 -- 172.21.15.26:0/1363333180 <== mon.0 v2:172.21.15.26:3300/0 5 ==== osd_map(2..2 src has 1..2) v4 ==== 940+0+0 (secure 0 0 0) 0x7f223804c940 con 0x7f2248106f70
2024-03-24T10:34:33.030 INFO:teuthology.orchestra.run.smithi026.stdout:/usr/bin/ceph: stderr
2024-03-24T10:34:32.243+0000 7f22467fc700 1 --2- 172.21.15.26:0/1363333180 >> [v2:172.21.15.26:6800/3234553684,v1:172.21.15.26:6801/3234553684] conn(0x7f2234038600 0x7f223403aac0 unknown :-1 s=BANNER_CONNECTING pgs=0 cs=0 l=1 rev1=0 crypto rx=0 tx=0 comp rx=0 tx=0)._handle_peer_banner_payload supported=3 required=0
2024-03-24T10:34:33.030 INFO:teuthology.orchestra.run.smithi026.stdout:/usr/bin/ceph: stderr
2024-03-24T10:34:32.244+0000 7f22467fc700 1 --2- 172.21.15.26:0/1363333180 >> [v2:172.21.15.26:6800/3234553684,v1:172.21.15.26:6801/3234553684] conn(0x7f2234038600 0x7f223403aac0 secure :-1 s=READY pgs=7 cs=0 l=1 rev1=1 crypto rx=0x7f2230006fd0 tx=0x7f2230006e40 comp rx=0 tx=0).ready entity=mgr.14120 client_cookie=0 server_cookie=0 in_seq=0 out_seq=0
2024-03-24T10:34:33.030 INFO:teuthology.orchestra.run.smithi026.stdout:/usr/bin/ceph: stderr
2024-03-24T10:34:32.248+0000 7f223ffff700 1 -- 172.21.15.26:0/1363333180 <== mon.0 v2:172.21.15.26:3300/0 6 ==== mon_command_ack([{"prefix": "get_command_descriptions"}]=0 v0) v1 ==== 72+0+182738 (secure 0 0 0) 0x7f2238018350 con 0x7f2248106f70
2024-03-24T10:34:33.030 INFO:teuthology.orchestra.run.smithi026.stdout:/usr/bin/ceph: stderr
2024-03-24T10:34:32.465+0000 7f224d421700 1 -- 172.21.15.26:0/1363333180 --> [v2:172.21.15.26:6800/3234553684,v1:172.21.15.26:6801/3234553684] -- mgr_command(tid 0: {"prefix": "orch set backend", "module_name": "cephadm", "target": ["mon-mgr", ""]}) v1 -- 0x7f2248101bc0 con 0x7f2234038600
2024-03-24T10:34:33.030 INFO:teuthology.orchestra.run.smithi026.stdout:/usr/bin/ceph: stderr
2024-03-24T10:34:32.474+0000 7f223ffff700 1 -- 172.21.15.26:0/1363333180 <== mgr.14120 v2:172.21.15.26:6800/3234553684 1 ==== mgr_command_reply(tid 0: 0 ) v1 ==== 8+0+0 (secure 0 0 0) 0x7f2248101bc0 con 0x7f2234038600
2024-03-24T10:34:33.030 INFO:teuthology.orchestra.run.smithi026.stdout:/usr/bin/ceph: stderr
2024-03-24T10:34:32.476+0000 7f224d421700 1 -- 172.21.15.26:0/1363333180 >> [v2:172.21.15.26:6800/3234553684,v1:172.21.15.26:6801/3234553684] conn(0x7f2234038600 msgr2=0x7f223403aac0 secure :-1 s=STATE_CONNECTION_ESTABLISHED l=1).mark_down
2024-03-24T10:34:33.030 INFO:teuthology.orchestra.run.smithi026.stdout:/usr/bin/ceph: stderr
2024-03-24T10:34:32.476+0000 7f224d421700 1 --2- 172.21.15.26:0/1363333180 >> [v2:172.21.15.26:6800/3234553684,v1:172.21.15.26:6801/3234553684] conn(0x7f2234038600 0x7f223403aac0 secure :-1 s=READY pgs=7 cs=0 l=1 rev1=1 crypto rx=0x7f2230006fd0 tx=0x7f2230006e40 comp rx=0 tx=0).stop
2024-03-24T10:34:33.031 INFO:teuthology.orchestra.run.smithi026.stdout:/usr/bin/ceph: stderr
2024-03-24T10:34:32.476+0000 7f224d421700 1 -- 172.21.15.26:0/1363333180 >> [v2:172.21.15.26:3300/0,v1:172.21.15.26:6789/0] conn(0x7f2248106f70 msgr2=0x7f224819a240 secure :-1 s=STATE_CONNECTION_ESTABLISHED l=1).mark_down
2024-03-24T10:34:33.031 INFO:teuthology.orchestra.run.smithi026.stdout:/usr/bin/ceph: stderr
2024-03-24T10:34:32.476+0000 7f224d421700 1 --2- 172.21.15.26:0/1363333180 >> [v2:172.21.15.26:3300/0,v1:172.21.15.26:6789/0] conn(0x7f2248106f70 0x7f224819a240 secure :-1 s=READY pgs=38 cs=0 l=1 rev1=1 crypto rx=0x7f2238011710 tx=0x7f22380047c0 comp rx=0 tx=0).stop
2024-03-24T10:34:33.031 INFO:teuthology.orchestra.run.smithi026.stdout:/usr/bin/ceph: stderr
2024-03-24T10:34:32.476+0000 7f224d421700 1 -- 172.21.15.26:0/1363333180 shutdown_connections
2024-03-24T10:34:33.031 INFO:teuthology.orchestra.run.smithi026.stdout:/usr/bin/ceph: stderr
2024-03-24T10:34:32.476+0000 7f224d421700 1 --2- 172.21.15.26:0/1363333180 >> [v2:172.21.15.26:6800/3234553684,v1:172.21.15.26:6801/3234553684] conn(0x7f2234038600 0x7f223403aac0 unknown :-1 s=CLOSED pgs=7 cs=0 l=1 rev1=1 crypto rx=0 tx=0 comp rx=0 tx=0).stop
2024-03-24T10:34:33.031 INFO:teuthology.orchestra.run.smithi026.stdout:/usr/bin/ceph: stderr
2024-03-24T10:34:32.476+0000 7f224d421700 1 --2- 172.21.15.26:0/1363333180 >> [v2:172.21.15.26:3300/0,v1:172.21.15.26:6789/0] conn(0x7f2248106f70 0x7f224819a240 unknown :-1 s=CLOSED pgs=38 cs=0 l=1 rev1=1 crypto rx=0 tx=0 comp rx=0 tx=0).stop
2024-03-24T10:34:33.031 INFO:teuthology.orchestra.run.smithi026.stdout:/usr/bin/ceph: stderr
2024-03-24T10:34:32.476+0000 7f224d421700 1 -- 172.21.15.26:0/1363333180 >> 172.21.15.26:0/1363333180 conn(0x7f22481009c0 msgr2=0x7f22481014b0 unknown :-1 s=STATE_NONE l=0).mark_down
2024-03-24T10:34:33.031 INFO:teuthology.orchestra.run.smithi026.stdout:/usr/bin/ceph: stderr
2024-03-24T10:34:32.477+0000 7f224d421700 1 -- 172.21.15.26:0/1363333180 shutdown_connections
2024-03-24T10:34:33.031 INFO:teuthology.orchestra.run.smithi026.stdout:/usr/bin/ceph: stderr
2024-03-24T10:34:32.477+0000 7f224d421700 1 -- 172.21.15.26:0/1363333180 wait complete.
2024-03-24T10:34:33.667 INFO:journalctl@ceph.mon.smithi026.smithi026.stdout:Mar 24 10:34:33 smithi026 ceph-mon[29210]: from='client.14132 -' entity='client.admin' cmd=[{"prefix": "orch set backend", "module_name": "cephadm", "target": ["mon-mgr", ""]}]: dispatch
2024-03-24T10:34:33.667 INFO:journalctl@ceph.mon.smithi026.smithi026.stdout:Mar 24 10:34:33 smithi026 ceph-mon[29210]: from='mgr.14120 172.21.15.26:0/1305276224' entity='mgr.smithi026.bbjcru'
2024-03-24T10:34:33.667 INFO:journalctl@ceph.mon.smithi026.smithi026.stdout:Mar 24 10:34:33 smithi026 ceph-mon[29210]: from='mgr.14120 172.21.15.26:0/1305276224' entity='mgr.smithi026.bbjcru' cmd=[{"prefix": "config dump", "format": "json"}]: dispatch
2024-03-24T10:34:33.668 INFO:journalctl@ceph.mon.smithi026.smithi026.stdout:Mar 24 10:34:33 smithi026 ceph-mon[29210]: [24/Mar/2024:10:34:32] ENGINE Bus STARTING
2024-03-24T10:34:33.668 INFO:journalctl@ceph.mon.smithi026.smithi026.stdout:Mar 24 10:34:33 smithi026 ceph-mon[29210]: [24/Mar/2024:10:34:33] ENGINE Serving on http://172.21.15.26:8765
2024-03-24T10:34:33.668 INFO:journalctl@ceph.mon.smithi026.smithi026.stdout:Mar 24 10:34:33 smithi026 ceph-mon[29210]: mgrmap e8: smithi026.bbjcru(active, since 3s)
2024-03-24T10:34:33.668 INFO:journalctl@ceph.mon.smithi026.smithi026.stdout:Mar 24 10:34:33 smithi026 ceph-mon[29210]: [24/Mar/2024:10:34:33] ENGINE Serving on https://172.21.15.26:7150
2024-03-24T10:34:33.668 INFO:journalctl@ceph.mon.smithi026.smithi026.stdout:Mar 24 10:34:33 smithi026 ceph-mon[29210]: [24/Mar/2024:10:34:33] ENGINE Bus STARTED
2024-03-24T10:34:33.668 INFO:journalctl@ceph.mon.smithi026.smithi026.stdout:Mar 24 10:34:33 smithi026 ceph-mon[29210]: from='mgr.14120 172.21.15.26:0/1305276224' entity='mgr.smithi026.bbjcru' cmd=[{"prefix": "config dump", "format": "json"}]: dispatch
2024-03-24T10:34:34.191 INFO:teuthology.orchestra.run.smithi026.stdout:/usr/bin/ceph: stdout value unchanged
2024-03-24T10:34:34.191 INFO:teuthology.orchestra.run.smithi026.stdout:/usr/bin/ceph: stderr
2024-03-24T10:34:33.453+0000 7f9667743700 1 Processor -- start
2024-03-24T10:34:34.191 INFO:teuthology.orchestra.run.smithi026.stdout:/usr/bin/ceph: stderr
2024-03-24T10:34:33.453+0000 7f9667743700 1 -- start start
2024-03-24T10:34:34.191 INFO:teuthology.orchestra.run.smithi026.stdout:/usr/bin/ceph: stderr
2024-03-24T10:34:33.453+0000 7f9667743700 1 --2- >> [v2:172.21.15.26:3300/0,v1:172.21.15.26:6789/0] conn(0x7f9660106530 0x7f9660106950 unknown :-1 s=NONE pgs=0 cs=0 l=0 rev1=0 crypto rx=0 tx=0 comp rx=0 tx=0).connect
2024-03-24T10:34:34.192 INFO:teuthology.orchestra.run.smithi026.stdout:/usr/bin/ceph: stderr
2024-03-24T10:34:33.453+0000 7f9667743700 1 -- --> [v2:172.21.15.26:3300/0,v1:172.21.15.26:6789/0] -- mon_getmap magic: 0 v1 -- 0x7f9660106f20 con 0x7f9660106530
2024-03-24T10:34:34.192 INFO:teuthology.orchestra.run.smithi026.stdout:/usr/bin/ceph: stderr
2024-03-24T10:34:33.454+0000 7f96654df700 1 --2- >> [v2:172.21.15.26:3300/0,v1:172.21.15.26:6789/0] conn(0x7f9660106530 0x7f9660106950 unknown :-1 s=BANNER_CONNECTING pgs=0 cs=0 l=0 rev1=0 crypto rx=0 tx=0 comp rx=0 tx=0)._handle_peer_banner_payload supported=3 required=0
2024-03-24T10:34:34.192 INFO:teuthology.orchestra.run.smithi026.stdout:/usr/bin/ceph: stderr
2024-03-24T10:34:33.454+0000 7f96654df700 1 --2- >> [v2:172.21.15.26:3300/0,v1:172.21.15.26:6789/0] conn(0x7f9660106530 0x7f9660106950 unknown :-1 s=HELLO_CONNECTING pgs=0 cs=0 l=0 rev1=1 crypto rx=0 tx=0 comp rx=0 tx=0).handle_hello peer v2:172.21.15.26:3300/0 says I am v2:172.21.15.26:35678/0 (socket says 172.21.15.26:35678)
2024-03-24T10:34:34.192 INFO:teuthology.orchestra.run.smithi026.stdout:/usr/bin/ceph: stderr
2024-03-24T10:34:33.454+0000 7f96654df700 1 -- 172.21.15.26:0/1420679173 learned_addr learned my addr 172.21.15.26:0/1420679173 (peer_addr_for_me v2:172.21.15.26:0/0)
2024-03-24T10:34:34.192 INFO:teuthology.orchestra.run.smithi026.stdout:/usr/bin/ceph: stderr
2024-03-24T10:34:33.454+0000 7f96654df700 1 -- 172.21.15.26:0/1420679173 --> [v2:172.21.15.26:3300/0,v1:172.21.15.26:6789/0] -- mon_subscribe({config=0+,monmap=0+}) v3 -- 0x7f9660107690 con 0x7f9660106530
2024-03-24T10:34:34.192 INFO:teuthology.orchestra.run.smithi026.stdout:/usr/bin/ceph: stderr
2024-03-24T10:34:33.454+0000 7f96654df700 1 --2- 172.21.15.26:0/1420679173 >> [v2:172.21.15.26:3300/0,v1:172.21.15.26:6789/0] conn(0x7f9660106530 0x7f9660106950 secure :-1 s=READY pgs=39 cs=0 l=1 rev1=1 crypto rx=0x7f9650009e80 tx=0x7f965000b330 comp rx=0 tx=0).ready entity=mon.0 client_cookie=ce841a164b8c7254 server_cookie=0 in_seq=0 out_seq=0
2024-03-24T10:34:34.192 INFO:teuthology.orchestra.run.smithi026.stdout:/usr/bin/ceph: stderr
2024-03-24T10:34:33.454+0000 7f965ffff700 1 -- 172.21.15.26:0/1420679173 <== mon.0 v2:172.21.15.26:3300/0 1 ==== mon_map magic: 0 v1 ==== 229+0+0 (secure 0 0 0) 0x7f965000e070 con 0x7f9660106530
2024-03-24T10:34:34.193 INFO:teuthology.orchestra.run.smithi026.stdout:/usr/bin/ceph: stderr
2024-03-24T10:34:33.454+0000 7f965ffff700 1 -- 172.21.15.26:0/1420679173 <== mon.0 v2:172.21.15.26:3300/0 2 ==== config(27 keys) v1 ==== 1042+0+0 (secure 0 0 0) 0x7f965000b8c0 con 0x7f9660106530
2024-03-24T10:34:34.193 INFO:teuthology.orchestra.run.smithi026.stdout:/usr/bin/ceph: stderr
2024-03-24T10:34:33.454+0000 7f965ffff700 1 -- 172.21.15.26:0/1420679173 <== mon.0 v2:172.21.15.26:3300/0 3 ==== mon_map magic: 0 v1 ==== 229+0+0 (secure 0 0 0) 0x7f9650004440 con 0x7f9660106530
2024-03-24T10:34:34.193 INFO:teuthology.orchestra.run.smithi026.stdout:/usr/bin/ceph: stderr
2024-03-24T10:34:33.455+0000 7f9667743700 1 -- 172.21.15.26:0/1420679173 >> [v2:172.21.15.26:3300/0,v1:172.21.15.26:6789/0] conn(0x7f9660106530 msgr2=0x7f9660106950 secure :-1 s=STATE_CONNECTION_ESTABLISHED l=1).mark_down
2024-03-24T10:34:34.193 INFO:teuthology.orchestra.run.smithi026.stdout:/usr/bin/ceph: stderr
2024-03-24T10:34:33.455+0000 7f9667743700 1 --2- 172.21.15.26:0/1420679173 >> [v2:172.21.15.26:3300/0,v1:172.21.15.26:6789/0] conn(0x7f9660106530 0x7f9660106950 secure :-1 s=READY pgs=39 cs=0 l=1 rev1=1 crypto rx=0x7f9650009e80 tx=0x7f965000b330 comp rx=0 tx=0).stop
2024-03-24T10:34:34.193 INFO:teuthology.orchestra.run.smithi026.stdout:/usr/bin/ceph: stderr
2024-03-24T10:34:33.455+0000 7f9667743700 1 -- 172.21.15.26:0/1420679173 shutdown_connections
2024-03-24T10:34:34.193 INFO:teuthology.orchestra.run.smithi026.stdout:/usr/bin/ceph: stderr
2024-03-24T10:34:33.455+0000 7f9667743700 1 --2- 172.21.15.26:0/1420679173 >> [v2:172.21.15.26:3300/0,v1:172.21.15.26:6789/0] conn(0x7f9660106530 0x7f9660106950 unknown :-1 s=CLOSED pgs=39 cs=0 l=1 rev1=1 crypto rx=0 tx=0 comp rx=0 tx=0).stop
2024-03-24T10:34:34.193 INFO:teuthology.orchestra.run.smithi026.stdout:/usr/bin/ceph: stderr
2024-03-24T10:34:33.455+0000 7f9667743700 1 -- 172.21.15.26:0/1420679173 >> 172.21.15.26:0/1420679173 conn(0x7f9660101b10 msgr2=0x7f9660103f30 unknown :-1 s=STATE_NONE l=0).mark_down
2024-03-24T10:34:34.193 INFO:teuthology.orchestra.run.smithi026.stdout:/usr/bin/ceph: stderr
2024-03-24T10:34:33.455+0000 7f9667743700 1 -- 172.21.15.26:0/1420679173 shutdown_connections
2024-03-24T10:34:34.193 INFO:teuthology.orchestra.run.smithi026.stdout:/usr/bin/ceph: stderr
2024-03-24T10:34:33.455+0000 7f9667743700 1 -- 172.21.15.26:0/1420679173 wait complete.
2024-03-24T10:34:34.193 INFO:teuthology.orchestra.run.smithi026.stdout:/usr/bin/ceph: stderr
2024-03-24T10:34:33.455+0000 7f9667743700 1 Processor -- start
2024-03-24T10:34:34.193 INFO:teuthology.orchestra.run.smithi026.stdout:/usr/bin/ceph: stderr
2024-03-24T10:34:33.455+0000 7f9667743700 1 -- start start
2024-03-24T10:34:34.194 INFO:teuthology.orchestra.run.smithi026.stdout:/usr/bin/ceph: stderr
2024-03-24T10:34:33.456+0000 7f9667743700 1 --2- >> [v2:172.21.15.26:3300/0,v1:172.21.15.26:6789/0] conn(0x7f9660106530 0x7f966019c3e0 unknown :-1 s=NONE pgs=0 cs=0 l=1 rev1=0 crypto rx=0 tx=0 comp rx=0 tx=0).connect
2024-03-24T10:34:34.194 INFO:teuthology.orchestra.run.smithi026.stdout:/usr/bin/ceph: stderr
2024-03-24T10:34:33.456+0000 7f9667743700 1 -- --> [v2:172.21.15.26:3300/0,v1:172.21.15.26:6789/0] -- mon_getmap magic: 0 v1 -- 0x7f966019c920 con 0x7f9660106530
2024-03-24T10:34:34.194 INFO:teuthology.orchestra.run.smithi026.stdout:/usr/bin/ceph: stderr
2024-03-24T10:34:33.456+0000 7f96654df700 1 --2- >> [v2:172.21.15.26:3300/0,v1:172.21.15.26:6789/0] conn(0x7f9660106530 0x7f966019c3e0 unknown :-1 s=BANNER_CONNECTING pgs=0 cs=0 l=1 rev1=0 crypto rx=0 tx=0 comp rx=0 tx=0)._handle_peer_banner_payload supported=3 required=0
2024-03-24T10:34:34.194 INFO:teuthology.orchestra.run.smithi026.stdout:/usr/bin/ceph: stderr
2024-03-24T10:34:33.456+0000 7f96654df700 1 --2- >> [v2:172.21.15.26:3300/0,v1:172.21.15.26:6789/0] conn(0x7f9660106530 0x7f966019c3e0 unknown :-1 s=HELLO_CONNECTING pgs=0 cs=0 l=1 rev1=1 crypto rx=0 tx=0 comp rx=0 tx=0).handle_hello peer v2:172.21.15.26:3300/0 says I am v2:172.21.15.26:35680/0 (socket says 172.21.15.26:35680)
2024-03-24T10:34:34.202 INFO:teuthology.orchestra.run.smithi026.stdout:/usr/bin/ceph: stderr
2024-03-24T10:34:33.456+0000 7f96654df700 1 -- 172.21.15.26:0/4211647282 learned_addr learned my addr 172.21.15.26:0/4211647282 (peer_addr_for_me v2:172.21.15.26:0/0)
2024-03-24T10:34:34.202 INFO:teuthology.orchestra.run.smithi026.stdout:/usr/bin/ceph: stderr
2024-03-24T10:34:33.456+0000 7f96654df700 1 -- 172.21.15.26:0/4211647282 --> [v2:172.21.15.26:3300/0,v1:172.21.15.26:6789/0] -- mon_subscribe({config=0+,monmap=0+}) v3 -- 0x7f9650009b30 con 0x7f9660106530
2024-03-24T10:34:34.202 INFO:teuthology.orchestra.run.smithi026.stdout:/usr/bin/ceph: stderr
2024-03-24T10:34:33.456+0000 7f96654df700 1 --2- 172.21.15.26:0/4211647282 >> [v2:172.21.15.26:3300/0,v1:172.21.15.26:6789/0] conn(0x7f9660106530 0x7f966019c3e0 secure :-1 s=READY pgs=40 cs=0 l=1 rev1=1 crypto rx=0x7f96500099e0 tx=0x7f9650003d00 comp rx=0 tx=0).ready entity=mon.0 client_cookie=0 server_cookie=0 in_seq=0 out_seq=0
2024-03-24T10:34:34.202 INFO:teuthology.orchestra.run.smithi026.stdout:/usr/bin/ceph: stderr
2024-03-24T10:34:33.456+0000 7f965e7fc700 1 -- 172.21.15.26:0/4211647282 <== mon.0 v2:172.21.15.26:3300/0 1 ==== mon_map magic: 0 v1 ==== 229+0+0 (secure 0 0 0) 0x7f965000e040 con 0x7f9660106530
2024-03-24T10:34:34.202 INFO:teuthology.orchestra.run.smithi026.stdout:/usr/bin/ceph: stderr
2024-03-24T10:34:33.456+0000 7f965e7fc700 1 -- 172.21.15.26:0/4211647282 <== mon.0 v2:172.21.15.26:3300/0 2 ==== config(27 keys) v1 ==== 1042+0+0 (secure 0 0 0) 0x7f965000bc40 con 0x7f9660106530
2024-03-24T10:34:34.202 INFO:teuthology.orchestra.run.smithi026.stdout:/usr/bin/ceph: stderr
2024-03-24T10:34:33.456+0000 7f9667743700 1 -- 172.21.15.26:0/4211647282 --> [v2:172.21.15.26:3300/0,v1:172.21.15.26:6789/0] -- mon_subscribe({mgrmap=0+}) v3 -- 0x7f966019cb20 con 0x7f9660106530
2024-03-24T10:34:34.203 INFO:teuthology.orchestra.run.smithi026.stdout:/usr/bin/ceph: stderr
2024-03-24T10:34:33.456+0000 7f965e7fc700 1 -- 172.21.15.26:0/4211647282 <== mon.0 v2:172.21.15.26:3300/0 3 ==== mon_map magic: 0 v1 ==== 229+0+0 (secure 0 0 0) 0x7f96500125e0 con 0x7f9660106530
2024-03-24T10:34:34.203 INFO:teuthology.orchestra.run.smithi026.stdout:/usr/bin/ceph: stderr
2024-03-24T10:34:33.456+0000 7f9667743700 1 -- 172.21.15.26:0/4211647282 --> [v2:172.21.15.26:3300/0,v1:172.21.15.26:6789/0] -- mon_subscribe({osdmap=0}) v3 -- 0x7f966019d020 con 0x7f9660106530
2024-03-24T10:34:34.203 INFO:teuthology.orchestra.run.smithi026.stdout:/usr/bin/ceph: stderr
2024-03-24T10:34:33.457+0000 7f965e7fc700 1 -- 172.21.15.26:0/4211647282 <== mon.0 v2:172.21.15.26:3300/0 4 ==== mgrmap(e 8) v1 ==== 45548+0+0 (secure 0 0 0) 0x7f9650019040 con 0x7f9660106530
2024-03-24T10:34:34.203 INFO:teuthology.orchestra.run.smithi026.stdout:/usr/bin/ceph: stderr
2024-03-24T10:34:33.457+0000 7f9667743700 1 -- 172.21.15.26:0/4211647282 --> [v2:172.21.15.26:3300/0,v1:172.21.15.26:6789/0] -- mon_command({"prefix": "get_command_descriptions"} v 0) v1 -- 0x7f96600623e0 con 0x7f9660106530
2024-03-24T10:34:34.203 INFO:teuthology.orchestra.run.smithi026.stdout:/usr/bin/ceph: stderr
2024-03-24T10:34:33.457+0000 7f965e7fc700 1 --2- 172.21.15.26:0/4211647282 >> [v2:172.21.15.26:6800/3234553684,v1:172.21.15.26:6801/3234553684] conn(0x7f9648038720 0x7f964803abe0 unknown :-1 s=NONE pgs=0 cs=0 l=1 rev1=0 crypto rx=0 tx=0 comp rx=0 tx=0).connect
2024-03-24T10:34:34.203 INFO:teuthology.orchestra.run.smithi026.stdout:/usr/bin/ceph: stderr
2024-03-24T10:34:33.457+0000 7f965e7fc700 1 -- 172.21.15.26:0/4211647282 <== mon.0 v2:172.21.15.26:3300/0 5 ==== osd_map(2..2 src has 1..2) v4 ==== 940+0+0 (secure 0 0 0) 0x7f965004c040 con 0x7f9660106530
2024-03-24T10:34:34.203 INFO:teuthology.orchestra.run.smithi026.stdout:/usr/bin/ceph: stderr
2024-03-24T10:34:33.457+0000 7f9664cde700 1 --2- 172.21.15.26:0/4211647282 >> [v2:172.21.15.26:6800/3234553684,v1:172.21.15.26:6801/3234553684] conn(0x7f9648038720 0x7f964803abe0 unknown :-1 s=BANNER_CONNECTING pgs=0 cs=0 l=1 rev1=0 crypto rx=0 tx=0 comp rx=0 tx=0)._handle_peer_banner_payload supported=3 required=0
2024-03-24T10:34:34.203 INFO:teuthology.orchestra.run.smithi026.stdout:/usr/bin/ceph: stderr
2024-03-24T10:34:33.458+0000 7f9664cde700 1 --2- 172.21.15.26:0/4211647282 >> [v2:172.21.15.26:6800/3234553684,v1:172.21.15.26:6801/3234553684] conn(0x7f9648038720 0x7f964803abe0 secure :-1 s=READY pgs=8 cs=0 l=1 rev1=1 crypto rx=0x7f9654006fd0 tx=0x7f9654006e40 comp rx=0 tx=0).ready entity=mgr.14120 client_cookie=0 server_cookie=0 in_seq=0 out_seq=0
2024-03-24T10:34:34.203 INFO:teuthology.orchestra.run.smithi026.stdout:/usr/bin/ceph: stderr
2024-03-24T10:34:33.462+0000 7f965e7fc700 1 -- 172.21.15.26:0/4211647282 <== mon.0 v2:172.21.15.26:3300/0 6 ==== mon_command_ack([{"prefix": "get_command_descriptions"}]=0 v0) v1 ==== 72+0+182738 (secure 0 0 0) 0x7f965001a570 con 0x7f9660106530
2024-03-24T10:34:34.203 INFO:teuthology.orchestra.run.smithi026.stdout:/usr/bin/ceph: stderr
2024-03-24T10:34:33.667+0000 7f9667743700 1 -- 172.21.15.26:0/4211647282 --> [v2:172.21.15.26:6800/3234553684,v1:172.21.15.26:6801/3234553684] -- mgr_command(tid 0: {"prefix": "cephadm set-user", "user": "root", "target": ["mon-mgr", ""]}) v1 -- 0x7f9660102cf0 con 0x7f9648038720
2024-03-24T10:34:34.203 INFO:teuthology.orchestra.run.smithi026.stdout:/usr/bin/ceph: stderr
2024-03-24T10:34:33.667+0000 7f965e7fc700 1 -- 172.21.15.26:0/4211647282 <== mgr.14120 v2:172.21.15.26:6800/3234553684 1 ==== mgr_command_reply(tid 0: 0 ) v1 ==== 8+0+16 (secure 0 0 0) 0x7f9660102cf0 con 0x7f9648038720
2024-03-24T10:34:34.203 INFO:teuthology.orchestra.run.smithi026.stdout:/usr/bin/ceph: stderr
2024-03-24T10:34:33.669+0000 7f9667743700 1 -- 172.21.15.26:0/4211647282 >> [v2:172.21.15.26:6800/3234553684,v1:172.21.15.26:6801/3234553684] conn(0x7f9648038720 msgr2=0x7f964803abe0 secure :-1 s=STATE_CONNECTION_ESTABLISHED l=1).mark_down
2024-03-24T10:34:34.204 INFO:teuthology.orchestra.run.smithi026.stdout:/usr/bin/ceph: stderr
2024-03-24T10:34:33.669+0000 7f9667743700 1 --2- 172.21.15.26:0/4211647282 >> [v2:172.21.15.26:6800/3234553684,v1:172.21.15.26:6801/3234553684] conn(0x7f9648038720 0x7f964803abe0 secure :-1 s=READY pgs=8 cs=0 l=1 rev1=1 crypto rx=0x7f9654006fd0 tx=0x7f9654006e40 comp rx=0 tx=0).stop
2024-03-24T10:34:34.204 INFO:teuthology.orchestra.run.smithi026.stdout:/usr/bin/ceph: stderr
2024-03-24T10:34:33.669+0000 7f9667743700 1 -- 172.21.15.26:0/4211647282 >> [v2:172.21.15.26:3300/0,v1:172.21.15.26:6789/0] conn(0x7f9660106530 msgr2=0x7f966019c3e0 secure :-1 s=STATE_CONNECTION_ESTABLISHED l=1).mark_down
2024-03-24T10:34:34.204 INFO:teuthology.orchestra.run.smithi026.stdout:/usr/bin/ceph: stderr
2024-03-24T10:34:33.669+0000 7f9667743700 1 --2- 172.21.15.26:0/4211647282 >> [v2:172.21.15.26:3300/0,v1:172.21.15.26:6789/0] conn(0x7f9660106530 0x7f966019c3e0 secure :-1 s=READY pgs=40 cs=0 l=1 rev1=1 crypto rx=0x7f96500099e0 tx=0x7f9650003d00 comp rx=0 tx=0).stop
2024-03-24T10:34:34.204 INFO:teuthology.orchestra.run.smithi026.stdout:/usr/bin/ceph: stderr
2024-03-24T10:34:33.669+0000 7f9667743700 1 -- 172.21.15.26:0/4211647282 shutdown_connections
2024-03-24T10:34:34.204 INFO:teuthology.orchestra.run.smithi026.stdout:/usr/bin/ceph: stderr
2024-03-24T10:34:33.669+0000 7f9667743700 1 --2- 172.21.15.26:0/4211647282 >> [v2:172.21.15.26:6800/3234553684,v1:172.21.15.26:6801/3234553684] conn(0x7f9648038720 0x7f964803abe0 unknown :-1 s=CLOSED pgs=8 cs=0 l=1 rev1=1 crypto rx=0 tx=0 comp rx=0 tx=0).stop
2024-03-24T10:34:34.204 INFO:teuthology.orchestra.run.smithi026.stdout:/usr/bin/ceph: stderr
2024-03-24T10:34:33.669+0000 7f9667743700 1 --2- 172.21.15.26:0/4211647282 >> [v2:172.21.15.26:3300/0,v1:172.21.15.26:6789/0] conn(0x7f9660106530 0x7f966019c3e0 unknown :-1 s=CLOSED pgs=40 cs=0 l=1 rev1=1 crypto rx=0 tx=0 comp rx=0 tx=0).stop
2024-03-24T10:34:34.204 INFO:teuthology.orchestra.run.smithi026.stdout:/usr/bin/ceph: stderr
2024-03-24T10:34:33.669+0000 7f9667743700 1 -- 172.21.15.26:0/4211647282 >> 172.21.15.26:0/4211647282 conn(0x7f9660101b10 msgr2=0x7f96601025e0 unknown :-1 s=STATE_NONE l=0).mark_down
2024-03-24T10:34:34.204 INFO:teuthology.orchestra.run.smithi026.stdout:/usr/bin/ceph: stderr
2024-03-24T10:34:33.670+0000 7f9667743700 1 -- 172.21.15.26:0/4211647282 shutdown_connections
2024-03-24T10:34:34.204 INFO:teuthology.orchestra.run.smithi026.stdout:/usr/bin/ceph: stderr
2024-03-24T10:34:33.670+0000 7f9667743700 1 -- 172.21.15.26:0/4211647282 wait complete.
2024-03-24T10:34:34.204 INFO:teuthology.orchestra.run.smithi026.stdout:Generating ssh key...
2024-03-24T10:34:34.610 INFO:journalctl@ceph.mon.smithi026.smithi026.stdout:Mar 24 10:34:34 smithi026 ceph-mon[29210]: from='client.14134 -' entity='client.admin' cmd=[{"prefix": "cephadm set-user", "user": "root", "target": ["mon-mgr", ""]}]: dispatch
2024-03-24T10:34:35.772 INFO:teuthology.orchestra.run.smithi026.stdout:/usr/bin/ceph: stderr
2024-03-24T10:34:34.636+0000 7f91fda8c700 1 Processor -- start
2024-03-24T10:34:35.772 INFO:teuthology.orchestra.run.smithi026.stdout:/usr/bin/ceph: stderr
2024-03-24T10:34:34.636+0000 7f91fda8c700 1 -- start start
2024-03-24T10:34:35.772 INFO:teuthology.orchestra.run.smithi026.stdout:/usr/bin/ceph: stderr
2024-03-24T10:34:34.636+0000 7f91fda8c700 1 --2- >> [v2:172.21.15.26:3300/0,v1:172.21.15.26:6789/0] conn(0x7f91f8105400 0x7f91f8105820 unknown :-1 s=NONE pgs=0 cs=0 l=0 rev1=0 crypto rx=0 tx=0 comp rx=0 tx=0).connect
2024-03-24T10:34:35.772 INFO:teuthology.orchestra.run.smithi026.stdout:/usr/bin/ceph: stderr
2024-03-24T10:34:34.636+0000 7f91fda8c700 1 -- --> [v2:172.21.15.26:3300/0,v1:172.21.15.26:6789/0] -- mon_getmap magic: 0 v1 -- 0x7f91f8105df0 con 0x7f91f8105400
2024-03-24T10:34:35.772 INFO:teuthology.orchestra.run.smithi026.stdout:/usr/bin/ceph: stderr
2024-03-24T10:34:34.636+0000 7f91f77fe700 1 --2- >> [v2:172.21.15.26:3300/0,v1:172.21.15.26:6789/0] conn(0x7f91f8105400 0x7f91f8105820 unknown :-1 s=BANNER_CONNECTING pgs=0 cs=0 l=0 rev1=0 crypto rx=0 tx=0 comp rx=0 tx=0)._handle_peer_banner_payload supported=3 required=0
2024-03-24T10:34:35.772 INFO:teuthology.orchestra.run.smithi026.stdout:/usr/bin/ceph: stderr
2024-03-24T10:34:34.636+0000 7f91f77fe700 1 --2- >> [v2:172.21.15.26:3300/0,v1:172.21.15.26:6789/0] conn(0x7f91f8105400 0x7f91f8105820 unknown :-1 s=HELLO_CONNECTING pgs=0 cs=0 l=0 rev1=1 crypto rx=0 tx=0 comp rx=0 tx=0).handle_hello peer v2:172.21.15.26:3300/0 says I am v2:172.21.15.26:35688/0 (socket says 172.21.15.26:35688)
2024-03-24T10:34:35.772 INFO:teuthology.orchestra.run.smithi026.stdout:/usr/bin/ceph: stderr
2024-03-24T10:34:34.636+0000 7f91f77fe700 1 -- 172.21.15.26:0/1387613193 learned_addr learned my addr 172.21.15.26:0/1387613193 (peer_addr_for_me v2:172.21.15.26:0/0)
2024-03-24T10:34:35.772 INFO:teuthology.orchestra.run.smithi026.stdout:/usr/bin/ceph: stderr
2024-03-24T10:34:34.636+0000 7f91f77fe700 1 -- 172.21.15.26:0/1387613193 --> [v2:172.21.15.26:3300/0,v1:172.21.15.26:6789/0] -- mon_subscribe({config=0+,monmap=0+}) v3 -- 0x7f91f8106600 con 0x7f91f8105400
2024-03-24T10:34:35.773 INFO:teuthology.orchestra.run.smithi026.stdout:/usr/bin/ceph: stderr
2024-03-24T10:34:34.637+0000 7f91f77fe700 1 --2- 172.21.15.26:0/1387613193 >> [v2:172.21.15.26:3300/0,v1:172.21.15.26:6789/0] conn(0x7f91f8105400 0x7f91f8105820 secure :-1 s=READY pgs=41 cs=0 l=1 rev1=1 crypto rx=0x7f91e80098a0 tx=0x7f91e8009bb0 comp rx=0 tx=0).ready entity=mon.0 client_cookie=f0009015a9e86f08 server_cookie=0 in_seq=0 out_seq=0
2024-03-24T10:34:35.773 INFO:teuthology.orchestra.run.smithi026.stdout:/usr/bin/ceph: stderr
2024-03-24T10:34:34.637+0000 7f91f67fc700 1 -- 172.21.15.26:0/1387613193 <== mon.0 v2:172.21.15.26:3300/0 1 ==== mon_map magic: 0 v1 ==== 229+0+0 (secure 0 0 0) 0x7f91e8004180 con 0x7f91f8105400
2024-03-24T10:34:35.773 INFO:teuthology.orchestra.run.smithi026.stdout:/usr/bin/ceph: stderr
2024-03-24T10:34:34.637+0000 7f91f67fc700 1 -- 172.21.15.26:0/1387613193 <== mon.0 v2:172.21.15.26:3300/0 2 ==== config(27 keys) v1 ==== 1042+0+0 (secure 0 0 0) 0x7f91e80042e0 con 0x7f91f8105400
2024-03-24T10:34:35.773 INFO:teuthology.orchestra.run.smithi026.stdout:/usr/bin/ceph: stderr
2024-03-24T10:34:34.637+0000 7f91f67fc700 1 -- 172.21.15.26:0/1387613193 <== mon.0 v2:172.21.15.26:3300/0 3 ==== mon_map magic: 0 v1 ==== 229+0+0 (secure 0 0 0) 0x7f91e8011a70 con 0x7f91f8105400
2024-03-24T10:34:35.773 INFO:teuthology.orchestra.run.smithi026.stdout:/usr/bin/ceph: stderr
2024-03-24T10:34:34.637+0000 7f91fda8c700 1 -- 172.21.15.26:0/1387613193 >> [v2:172.21.15.26:3300/0,v1:172.21.15.26:6789/0] conn(0x7f91f8105400 msgr2=0x7f91f8105820 secure :-1 s=STATE_CONNECTION_ESTABLISHED l=1).mark_down
2024-03-24T10:34:35.773 INFO:teuthology.orchestra.run.smithi026.stdout:/usr/bin/ceph: stderr
2024-03-24T10:34:34.637+0000 7f91fda8c700 1 --2- 172.21.15.26:0/1387613193 >> [v2:172.21.15.26:3300/0,v1:172.21.15.26:6789/0] conn(0x7f91f8105400 0x7f91f8105820 secure :-1 s=READY pgs=41 cs=0 l=1 rev1=1 crypto rx=0x7f91e80098a0 tx=0x7f91e8009bb0 comp rx=0 tx=0).stop
2024-03-24T10:34:35.773 INFO:teuthology.orchestra.run.smithi026.stdout:/usr/bin/ceph: stderr
2024-03-24T10:34:34.637+0000 7f91fda8c700 1 -- 172.21.15.26:0/1387613193 shutdown_connections
2024-03-24T10:34:35.773 INFO:teuthology.orchestra.run.smithi026.stdout:/usr/bin/ceph: stderr
2024-03-24T10:34:34.637+0000 7f91fda8c700 1 --2- 172.21.15.26:0/1387613193 >> [v2:172.21.15.26:3300/0,v1:172.21.15.26:6789/0] conn(0x7f91f8105400 0x7f91f8105820 unknown :-1 s=CLOSED pgs=41 cs=0 l=1 rev1=1 crypto rx=0 tx=0 comp rx=0 tx=0).stop
2024-03-24T10:34:35.773 INFO:teuthology.orchestra.run.smithi026.stdout:/usr/bin/ceph: stderr
2024-03-24T10:34:34.637+0000 7f91fda8c700 1 -- 172.21.15.26:0/1387613193 >> 172.21.15.26:0/1387613193 conn(0x7f91f8100a00 msgr2=0x7f91f8102e20 unknown :-1 s=STATE_NONE l=0).mark_down
2024-03-24T10:34:35.773 INFO:teuthology.orchestra.run.smithi026.stdout:/usr/bin/ceph: stderr
2024-03-24T10:34:34.638+0000 7f91fda8c700 1 -- 172.21.15.26:0/1387613193 shutdown_connections
2024-03-24T10:34:35.773 INFO:teuthology.orchestra.run.smithi026.stdout:/usr/bin/ceph: stderr
2024-03-24T10:34:34.638+0000 7f91fda8c700 1 -- 172.21.15.26:0/1387613193 wait complete.
2024-03-24T10:34:35.774 INFO:teuthology.orchestra.run.smithi026.stdout:/usr/bin/ceph: stderr
2024-03-24T10:34:34.638+0000 7f91fda8c700 1 Processor -- start
2024-03-24T10:34:35.774 INFO:teuthology.orchestra.run.smithi026.stdout:/usr/bin/ceph: stderr
2024-03-24T10:34:34.638+0000 7f91fda8c700 1 -- start start
2024-03-24T10:34:35.774 INFO:teuthology.orchestra.run.smithi026.stdout:/usr/bin/ceph: stderr
2024-03-24T10:34:34.639+0000 7f91fda8c700 1 --2- >> [v2:172.21.15.26:3300/0,v1:172.21.15.26:6789/0] conn(0x7f91f8105400 0x7f91f819a250 unknown :-1 s=NONE pgs=0 cs=0 l=1 rev1=0 crypto rx=0 tx=0 comp rx=0 tx=0).connect
2024-03-24T10:34:35.774 INFO:teuthology.orchestra.run.smithi026.stdout:/usr/bin/ceph: stderr
2024-03-24T10:34:34.639+0000 7f91fda8c700 1 -- --> [v2:172.21.15.26:3300/0,v1:172.21.15.26:6789/0] -- mon_getmap magic: 0 v1 -- 0x7f91f819a790 con 0x7f91f8105400
2024-03-24T10:34:35.775 INFO:teuthology.orchestra.run.smithi026.stdout:/usr/bin/ceph: stderr
2024-03-24T10:34:34.639+0000 7f91f77fe700 1 --2- >> [v2:172.21.15.26:3300/0,v1:172.21.15.26:6789/0] conn(0x7f91f8105400 0x7f91f819a250 unknown :-1 s=BANNER_CONNECTING pgs=0 cs=0 l=1 rev1=0 crypto rx=0 tx=0 comp rx=0 tx=0)._handle_peer_banner_payload supported=3 required=0
2024-03-24T10:34:35.775 INFO:teuthology.orchestra.run.smithi026.stdout:/usr/bin/ceph: stderr
2024-03-24T10:34:34.639+0000 7f91f77fe700 1 --2- >> [v2:172.21.15.26:3300/0,v1:172.21.15.26:6789/0] conn(0x7f91f8105400 0x7f91f819a250 unknown :-1 s=HELLO_CONNECTING pgs=0 cs=0 l=1 rev1=1 crypto rx=0 tx=0 comp rx=0 tx=0).handle_hello peer v2:172.21.15.26:3300/0 says I am v2:172.21.15.26:35696/0 (socket says 172.21.15.26:35696)
2024-03-24T10:34:35.775 INFO:teuthology.orchestra.run.smithi026.stdout:/usr/bin/ceph: stderr
2024-03-24T10:34:34.639+0000 7f91f77fe700 1 -- 172.21.15.26:0/503983843 learned_addr learned my addr 172.21.15.26:0/503983843 (peer_addr_for_me v2:172.21.15.26:0/0)
2024-03-24T10:34:35.775 INFO:teuthology.orchestra.run.smithi026.stdout:/usr/bin/ceph: stderr
2024-03-24T10:34:34.639+0000 7f91f77fe700 1 -- 172.21.15.26:0/503983843 --> [v2:172.21.15.26:3300/0,v1:172.21.15.26:6789/0] -- mon_subscribe({config=0+,monmap=0+}) v3 -- 0x7f91e8009550 con 0x7f91f8105400
2024-03-24T10:34:35.775 INFO:teuthology.orchestra.run.smithi026.stdout:/usr/bin/ceph: stderr
2024-03-24T10:34:34.639+0000 7f91f77fe700 1 --2- 172.21.15.26:0/503983843 >> [v2:172.21.15.26:3300/0,v1:172.21.15.26:6789/0] conn(0x7f91f8105400 0x7f91f819a250 secure :-1 s=READY pgs=42 cs=0 l=1 rev1=1 crypto rx=0x7f91e8011710 tx=0x7f91e80047c0 comp rx=0 tx=0).ready entity=mon.0 client_cookie=0 server_cookie=0 in_seq=0 out_seq=0
2024-03-24T10:34:35.775 INFO:teuthology.orchestra.run.smithi026.stdout:/usr/bin/ceph: stderr
2024-03-24T10:34:34.639+0000 7f91f4ff9700 1 -- 172.21.15.26:0/503983843 <== mon.0 v2:172.21.15.26:3300/0 1 ==== mon_map magic: 0 v1 ==== 229+0+0 (secure 0 0 0) 0x7f91e8003b10 con 0x7f91f8105400
