2024-03-24T10:36:18.995 INFO:teuthology.orchestra.run.smithi028.stdout:/usr/bin/ceph: stderr
2024-03-24T10:36:18.367+0000 7fe41af9e700 1 -- 172.21.15.28:0/3790958806 >> 172.21.15.28:0/3790958806 conn(0x7fe414102210 msgr2=0x7fe414103150 unknown :-1 s=STATE_NONE l=0).mark_down
2024-03-24T10:36:18.995 INFO:teuthology.orchestra.run.smithi028.stdout:/usr/bin/ceph: stderr
2024-03-24T10:36:18.367+0000 7fe41af9e700 1 -- 172.21.15.28:0/3790958806 shutdown_connections
2024-03-24T10:36:18.995 INFO:teuthology.orchestra.run.smithi028.stdout:/usr/bin/ceph: stderr
2024-03-24T10:36:18.367+0000 7fe41af9e700 1 -- 172.21.15.28:0/3790958806 wait complete.
2024-03-24T10:36:18.995 INFO:teuthology.orchestra.run.smithi028.stdout:Deploying unmanaged mon service...
2024-03-24T10:36:19.587 INFO:journalctl@ceph.mon.a.smithi028.stdout:Mar 24 10:36:19 smithi028 ceph-mon[32057]: from='mgr.14116 172.21.15.28:0/1763906985' entity='mgr.x'
2024-03-24T10:36:19.588 INFO:journalctl@ceph.mon.a.smithi028.stdout:Mar 24 10:36:19 smithi028 ceph-mon[32057]: Added host smithi028
2024-03-24T10:36:19.588 INFO:journalctl@ceph.mon.a.smithi028.stdout:Mar 24 10:36:19 smithi028 ceph-mon[32057]: from='mgr.14116 172.21.15.28:0/1763906985' entity='mgr.x' cmd=[{"prefix": "config dump", "format": "json"}]: dispatch
2024-03-24T10:36:20.296 INFO:teuthology.orchestra.run.smithi028.stdout:/usr/bin/ceph: stdout Scheduled mon update...
2024-03-24T10:36:20.297 INFO:teuthology.orchestra.run.smithi028.stdout:/usr/bin/ceph: stderr
2024-03-24T10:36:19.396+0000 7fe1f3535700 1 Processor -- start
2024-03-24T10:36:20.297 INFO:teuthology.orchestra.run.smithi028.stdout:/usr/bin/ceph: stderr
2024-03-24T10:36:19.396+0000 7fe1f3535700 1 -- start start
2024-03-24T10:36:20.297 INFO:teuthology.orchestra.run.smithi028.stdout:/usr/bin/ceph: stderr
2024-03-24T10:36:19.396+0000 7fe1f3535700 1 --2- >> [v2:172.21.15.28:3300/0,v1:172.21.15.28:6789/0] conn(0x7fe1ec109370 0x7fe1ec109790 unknown :-1 s=NONE pgs=0 cs=0 l=0 rev1=0 crypto rx=0 tx=0 comp rx=0 tx=0).connect
2024-03-24T10:36:20.297 INFO:teuthology.orchestra.run.smithi028.stdout:/usr/bin/ceph: stderr
2024-03-24T10:36:19.396+0000 7fe1f3535700 1 -- --> [v2:172.21.15.28:3300/0,v1:172.21.15.28:6789/0] -- mon_getmap magic: 0 -- 0x7fe1ec109d60 con 0x7fe1ec109370
2024-03-24T10:36:20.297 INFO:teuthology.orchestra.run.smithi028.stdout:/usr/bin/ceph: stderr
2024-03-24T10:36:19.396+0000 7fe1f12d1700 1 --2- >> [v2:172.21.15.28:3300/0,v1:172.21.15.28:6789/0] conn(0x7fe1ec109370 0x7fe1ec109790 unknown :-1 s=BANNER_CONNECTING pgs=0 cs=0 l=0 rev1=0 crypto rx=0 tx=0 comp rx=0 tx=0)._handle_peer_banner_payload supported=3 required=0
2024-03-24T10:36:20.297 INFO:teuthology.orchestra.run.smithi028.stdout:/usr/bin/ceph: stderr
2024-03-24T10:36:19.396+0000 7fe1f12d1700 1 --2- >> [v2:172.21.15.28:3300/0,v1:172.21.15.28:6789/0] conn(0x7fe1ec109370 0x7fe1ec109790 unknown :-1 s=HELLO_CONNECTING pgs=0 cs=0 l=0 rev1=1 crypto rx=0 tx=0 comp rx=0 tx=0).handle_hello peer v2:172.21.15.28:3300/0 says I am v2:172.21.15.28:47676/0 (socket says 172.21.15.28:47676)
2024-03-24T10:36:20.297 INFO:teuthology.orchestra.run.smithi028.stdout:/usr/bin/ceph: stderr
2024-03-24T10:36:19.397+0000 7fe1f12d1700 1 -- 172.21.15.28:0/3594430673 learned_addr learned my addr 172.21.15.28:0/3594430673 (peer_addr_for_me v2:172.21.15.28:0/0)
2024-03-24T10:36:20.297 INFO:teuthology.orchestra.run.smithi028.stdout:/usr/bin/ceph: stderr
2024-03-24T10:36:19.397+0000 7fe1f12d1700 1 -- 172.21.15.28:0/3594430673 --> [v2:172.21.15.28:3300/0,v1:172.21.15.28:6789/0] -- mon_subscribe({config=0+,monmap=0+}) -- 0x7fe1ec109ea0 con 0x7fe1ec109370
2024-03-24T10:36:20.297 INFO:teuthology.orchestra.run.smithi028.stdout:/usr/bin/ceph: stderr
2024-03-24T10:36:19.397+0000 7fe1f12d1700 1 --2- 172.21.15.28:0/3594430673 >> [v2:172.21.15.28:3300/0,v1:172.21.15.28:6789/0] conn(0x7fe1ec109370 0x7fe1ec109790 secure :-1 s=READY pgs=43 cs=0 l=1 rev1=1 crypto rx=0x7fe1e4009e80 tx=0x7fe1e400b330 comp rx=0 tx=0).ready entity=mon.0 client_cookie=5ef3aff6257d68c0 server_cookie=0 in_seq=0 out_seq=0
2024-03-24T10:36:20.297 INFO:teuthology.orchestra.run.smithi028.stdout:/usr/bin/ceph: stderr
2024-03-24T10:36:19.397+0000 7fe1ebfff700 1 -- 172.21.15.28:0/3594430673 <== mon.0 v2:172.21.15.28:3300/0 1 ==== mon_map magic: 0 ==== 205+0+0 (secure 0 0 0) 0x7fe1e400e070 con 0x7fe1ec109370
2024-03-24T10:36:20.297 INFO:teuthology.orchestra.run.smithi028.stdout:/usr/bin/ceph: stderr
2024-03-24T10:36:19.397+0000 7fe1ebfff700 1 -- 172.21.15.28:0/3594430673 <== mon.0 v2:172.21.15.28:3300/0 2 ==== config(28 keys) ==== 1140+0+0 (secure 0 0 0) 0x7fe1e400b8c0 con 0x7fe1ec109370
2024-03-24T10:36:20.297 INFO:teuthology.orchestra.run.smithi028.stdout:/usr/bin/ceph: stderr
2024-03-24T10:36:19.397+0000 7fe1ebfff700 1 -- 172.21.15.28:0/3594430673 <== mon.0 v2:172.21.15.28:3300/0 3 ==== mon_map magic: 0 ==== 205+0+0 (secure 0 0 0) 0x7fe1e4004650 con 0x7fe1ec109370
2024-03-24T10:36:20.298 INFO:teuthology.orchestra.run.smithi028.stdout:/usr/bin/ceph: stderr
2024-03-24T10:36:19.398+0000 7fe1f3535700 1 -- 172.21.15.28:0/3594430673 >> [v2:172.21.15.28:3300/0,v1:172.21.15.28:6789/0] conn(0x7fe1ec109370 msgr2=0x7fe1ec109790 secure :-1 s=STATE_CONNECTION_ESTABLISHED l=1).mark_down
2024-03-24T10:36:20.298 INFO:teuthology.orchestra.run.smithi028.stdout:/usr/bin/ceph: stderr
2024-03-24T10:36:19.398+0000 7fe1f3535700 1 --2- 172.21.15.28:0/3594430673 >> [v2:172.21.15.28:3300/0,v1:172.21.15.28:6789/0] conn(0x7fe1ec109370 0x7fe1ec109790 secure :-1 s=READY pgs=43 cs=0 l=1 rev1=1 crypto rx=0x7fe1e4009e80 tx=0x7fe1e400b330 comp rx=0 tx=0).stop
2024-03-24T10:36:20.298 INFO:teuthology.orchestra.run.smithi028.stdout:/usr/bin/ceph: stderr
2024-03-24T10:36:19.398+0000 7fe1f3535700 1 -- 172.21.15.28:0/3594430673 shutdown_connections
2024-03-24T10:36:20.298 INFO:teuthology.orchestra.run.smithi028.stdout:/usr/bin/ceph: stderr
2024-03-24T10:36:19.398+0000 7fe1f3535700 1 --2- 172.21.15.28:0/3594430673 >> [v2:172.21.15.28:3300/0,v1:172.21.15.28:6789/0] conn(0x7fe1ec109370 0x7fe1ec109790 unknown :-1 s=CLOSED pgs=43 cs=0 l=1 rev1=1 crypto rx=0 tx=0 comp rx=0 tx=0).stop
2024-03-24T10:36:20.298 INFO:teuthology.orchestra.run.smithi028.stdout:/usr/bin/ceph: stderr
2024-03-24T10:36:19.398+0000 7fe1f3535700 1 -- 172.21.15.28:0/3594430673 >> 172.21.15.28:0/3594430673 conn(0x7fe1ec1019d0 msgr2=0x7fe1ec103df0 unknown :-1 s=STATE_NONE l=0).mark_down
2024-03-24T10:36:20.298 INFO:teuthology.orchestra.run.smithi028.stdout:/usr/bin/ceph: stderr
2024-03-24T10:36:19.398+0000 7fe1f3535700 1 -- 172.21.15.28:0/3594430673 shutdown_connections
2024-03-24T10:36:20.298 INFO:teuthology.orchestra.run.smithi028.stdout:/usr/bin/ceph: stderr
2024-03-24T10:36:19.398+0000 7fe1f3535700 1 -- 172.21.15.28:0/3594430673 wait complete.
2024-03-24T10:36:20.298 INFO:teuthology.orchestra.run.smithi028.stdout:/usr/bin/ceph: stderr
2024-03-24T10:36:19.398+0000 7fe1f3535700 1 Processor -- start
2024-03-24T10:36:20.298 INFO:teuthology.orchestra.run.smithi028.stdout:/usr/bin/ceph: stderr
2024-03-24T10:36:19.398+0000 7fe1f3535700 1 -- start start
2024-03-24T10:36:20.298 INFO:teuthology.orchestra.run.smithi028.stdout:/usr/bin/ceph: stderr
2024-03-24T10:36:19.399+0000 7fe1f3535700 1 --2- >> [v2:172.21.15.28:3300/0,v1:172.21.15.28:6789/0] conn(0x7fe1ec109370 0x7fe1ec108990 unknown :-1 s=NONE pgs=0 cs=0 l=1 rev1=0 crypto rx=0 tx=0 comp rx=0 tx=0).connect
2024-03-24T10:36:20.298 INFO:teuthology.orchestra.run.smithi028.stdout:/usr/bin/ceph: stderr
2024-03-24T10:36:19.399+0000 7fe1f3535700 1 -- --> [v2:172.21.15.28:3300/0,v1:172.21.15.28:6789/0] -- mon_getmap magic: 0 -- 0x7fe1ec108ed0 con 0x7fe1ec109370
2024-03-24T10:36:20.298 INFO:teuthology.orchestra.run.smithi028.stdout:/usr/bin/ceph: stderr
2024-03-24T10:36:19.399+0000 7fe1f12d1700 1 --2- >> [v2:172.21.15.28:3300/0,v1:172.21.15.28:6789/0] conn(0x7fe1ec109370 0x7fe1ec108990 unknown :-1 s=BANNER_CONNECTING pgs=0 cs=0 l=1 rev1=0 crypto rx=0 tx=0 comp rx=0 tx=0)._handle_peer_banner_payload supported=3 required=0
2024-03-24T10:36:20.299 INFO:teuthology.orchestra.run.smithi028.stdout:/usr/bin/ceph: stderr
2024-03-24T10:36:19.399+0000 7fe1f12d1700 1 --2- >> [v2:172.21.15.28:3300/0,v1:172.21.15.28:6789/0] conn(0x7fe1ec109370 0x7fe1ec108990 unknown :-1 s=HELLO_CONNECTING pgs=0 cs=0 l=1 rev1=1 crypto rx=0 tx=0 comp rx=0 tx=0).handle_hello peer v2:172.21.15.28:3300/0 says I am v2:172.21.15.28:47686/0 (socket says 172.21.15.28:47686)
2024-03-24T10:36:20.299 INFO:teuthology.orchestra.run.smithi028.stdout:/usr/bin/ceph: stderr
2024-03-24T10:36:19.399+0000 7fe1f12d1700 1 -- 172.21.15.28:0/957338091 learned_addr learned my addr 172.21.15.28:0/957338091 (peer_addr_for_me v2:172.21.15.28:0/0)
2024-03-24T10:36:20.299 INFO:teuthology.orchestra.run.smithi028.stdout:/usr/bin/ceph: stderr
2024-03-24T10:36:19.399+0000 7fe1f12d1700 1 -- 172.21.15.28:0/957338091 --> [v2:172.21.15.28:3300/0,v1:172.21.15.28:6789/0] -- mon_subscribe({config=0+,monmap=0+}) -- 0x7fe1e4009b30 con 0x7fe1ec109370
2024-03-24T10:36:20.299 INFO:teuthology.orchestra.run.smithi028.stdout:/usr/bin/ceph: stderr
2024-03-24T10:36:19.399+0000 7fe1f12d1700 1 --2- 172.21.15.28:0/957338091 >> [v2:172.21.15.28:3300/0,v1:172.21.15.28:6789/0] conn(0x7fe1ec109370 0x7fe1ec108990 secure :-1 s=READY pgs=44 cs=0 l=1 rev1=1 crypto rx=0x7fe1e40040e0 tx=0x7fe1e4003d00 comp rx=0 tx=0).ready entity=mon.0 client_cookie=0 server_cookie=0 in_seq=0 out_seq=0
2024-03-24T10:36:20.299 INFO:teuthology.orchestra.run.smithi028.stdout:/usr/bin/ceph: stderr
2024-03-24T10:36:19.399+0000 7fe1ea7fc700 1 -- 172.21.15.28:0/957338091 <== mon.0 v2:172.21.15.28:3300/0 1 ==== mon_map magic: 0 ==== 205+0+0 (secure 0 0 0) 0x7fe1e400e040 con 0x7fe1ec109370
2024-03-24T10:36:20.299 INFO:teuthology.orchestra.run.smithi028.stdout:/usr/bin/ceph: stderr
2024-03-24T10:36:19.399+0000 7fe1ea7fc700 1 -- 172.21.15.28:0/957338091 <== mon.0 v2:172.21.15.28:3300/0 2 ==== config(28 keys) ==== 1140+0+0 (secure 0 0 0) 0x7fe1e400bc40 con 0x7fe1ec109370
2024-03-24T10:36:20.299 INFO:teuthology.orchestra.run.smithi028.stdout:/usr/bin/ceph: stderr
2024-03-24T10:36:19.399+0000 7fe1f3535700 1 -- 172.21.15.28:0/957338091 --> [v2:172.21.15.28:3300/0,v1:172.21.15.28:6789/0] -- mon_subscribe({mgrmap=0+}) -- 0x7fe1ec1070c0 con 0x7fe1ec109370
2024-03-24T10:36:20.299 INFO:teuthology.orchestra.run.smithi028.stdout:/usr/bin/ceph: stderr
2024-03-24T10:36:19.399+0000 7fe1ea7fc700 1 -- 172.21.15.28:0/957338091 <== mon.0 v2:172.21.15.28:3300/0 3 ==== mon_map magic: 0 ==== 205+0+0 (secure 0 0 0) 0x7fe1e4012780 con 0x7fe1ec109370
2024-03-24T10:36:20.299 INFO:teuthology.orchestra.run.smithi028.stdout:/usr/bin/ceph: stderr
2024-03-24T10:36:19.399+0000 7fe1f3535700 1 -- 172.21.15.28:0/957338091 --> [v2:172.21.15.28:3300/0,v1:172.21.15.28:6789/0] -- mon_subscribe({osdmap=0}) -- 0x7fe1ec1075c0 con 0x7fe1ec109370
2024-03-24T10:36:20.299 INFO:teuthology.orchestra.run.smithi028.stdout:/usr/bin/ceph: stderr
2024-03-24T10:36:19.400+0000 7fe1ea7fc700 1 -- 172.21.15.28:0/957338091 <== mon.0 v2:172.21.15.28:3300/0 4 ==== mgrmap(e 8) ==== 45928+0+0 (secure 0 0 0) 0x7fe1e40129b0 con 0x7fe1ec109370
2024-03-24T10:36:20.299 INFO:teuthology.orchestra.run.smithi028.stdout:/usr/bin/ceph: stderr
2024-03-24T10:36:19.400+0000 7fe1f3535700 1 -- 172.21.15.28:0/957338091 --> [v2:172.21.15.28:3300/0,v1:172.21.15.28:6789/0] -- mon_command({"prefix": "get_command_descriptions"} v 0) -- 0x7fe1ec063830 con 0x7fe1ec109370
2024-03-24T10:36:20.299 INFO:teuthology.orchestra.run.smithi028.stdout:/usr/bin/ceph: stderr
2024-03-24T10:36:19.400+0000 7fe1ea7fc700 1 --2- 172.21.15.28:0/957338091 >> [v2:172.21.15.28:6800/332963374,v1:172.21.15.28:6801/332963374] conn(0x7fe1d4038ee0 0x7fe1d403b3a0 unknown :-1 s=NONE pgs=0 cs=0 l=1 rev1=0 crypto rx=0 tx=0 comp rx=0 tx=0).connect
2024-03-24T10:36:20.299 INFO:teuthology.orchestra.run.smithi028.stdout:/usr/bin/ceph: stderr
2024-03-24T10:36:19.401+0000 7fe1ea7fc700 1 -- 172.21.15.28:0/957338091 <== mon.0 v2:172.21.15.28:3300/0 5 ==== osd_map(2..2 src has 1..2) ==== 940+0+0 (secure 0 0 0) 0x7fe1e404d0f0 con 0x7fe1ec109370
2024-03-24T10:36:20.300 INFO:teuthology.orchestra.run.smithi028.stdout:/usr/bin/ceph: stderr
2024-03-24T10:36:19.401+0000 7fe1f0ad0700 1 --2- 172.21.15.28:0/957338091 >> [v2:172.21.15.28:6800/332963374,v1:172.21.15.28:6801/332963374] conn(0x7fe1d4038ee0 0x7fe1d403b3a0 unknown :-1 s=BANNER_CONNECTING pgs=0 cs=0 l=1 rev1=0 crypto rx=0 tx=0 comp rx=0 tx=0)._handle_peer_banner_payload supported=3 required=0
2024-03-24T10:36:20.300 INFO:teuthology.orchestra.run.smithi028.stdout:/usr/bin/ceph: stderr
2024-03-24T10:36:19.401+0000 7fe1f0ad0700 1 --2- 172.21.15.28:0/957338091 >> [v2:172.21.15.28:6800/332963374,v1:172.21.15.28:6801/332963374] conn(0x7fe1d4038ee0 0x7fe1d403b3a0 secure :-1 s=READY pgs=12 cs=0 l=1 rev1=1 crypto rx=0x7fe1e0006fd0 tx=0x7fe1e0006e40 comp rx=0 tx=0).ready entity=mgr.14116 client_cookie=0 server_cookie=0 in_seq=0 out_seq=0
2024-03-24T10:36:20.300 INFO:teuthology.orchestra.run.smithi028.stdout:/usr/bin/ceph: stderr
2024-03-24T10:36:19.406+0000 7fe1ea7fc700 1 -- 172.21.15.28:0/957338091 <== mon.0 v2:172.21.15.28:3300/0 6 ==== mon_command_ack([{"prefix": "get_command_descriptions"}]=0 v0) ==== 72+0+184932 (secure 0 0 0) 0x7fe1e4011390 con 0x7fe1ec109370
2024-03-24T10:36:20.300 INFO:teuthology.orchestra.run.smithi028.stdout:/usr/bin/ceph: stderr
2024-03-24T10:36:19.631+0000 7fe1f3535700 1 -- 172.21.15.28:0/957338091 --> [v2:172.21.15.28:6800/332963374,v1:172.21.15.28:6801/332963374] -- mgr_command(tid 0: {"prefix": "orch apply", "service_type": "mon", "unmanaged": true, "target": ["mon-mgr", ""]}) -- 0x7fe1ec107d50 con 0x7fe1d4038ee0
2024-03-24T10:36:20.300 INFO:teuthology.orchestra.run.smithi028.stdout:/usr/bin/ceph: stderr
2024-03-24T10:36:19.635+0000 7fe1ea7fc700 1 -- 172.21.15.28:0/957338091 <== mgr.14116 v2:172.21.15.28:6800/332963374 1 ==== mgr_command_reply(tid 0: 0 ) ==== 8+0+24 (secure 0 0 0) 0x7fe1ec107d50 con 0x7fe1d4038ee0
2024-03-24T10:36:20.300 INFO:teuthology.orchestra.run.smithi028.stdout:/usr/bin/ceph: stderr
2024-03-24T10:36:19.637+0000 7fe1f3535700 1 -- 172.21.15.28:0/957338091 >> [v2:172.21.15.28:6800/332963374,v1:172.21.15.28:6801/332963374] conn(0x7fe1d4038ee0 msgr2=0x7fe1d403b3a0 secure :-1 s=STATE_CONNECTION_ESTABLISHED l=1).mark_down
2024-03-24T10:36:20.300 INFO:teuthology.orchestra.run.smithi028.stdout:/usr/bin/ceph: stderr
2024-03-24T10:36:19.637+0000 7fe1f3535700 1 --2- 172.21.15.28:0/957338091 >> [v2:172.21.15.28:6800/332963374,v1:172.21.15.28:6801/332963374] conn(0x7fe1d4038ee0 0x7fe1d403b3a0 secure :-1 s=READY pgs=12 cs=0 l=1 rev1=1 crypto rx=0x7fe1e0006fd0 tx=0x7fe1e0006e40 comp rx=0 tx=0).stop
2024-03-24T10:36:20.300 INFO:teuthology.orchestra.run.smithi028.stdout:/usr/bin/ceph: stderr
2024-03-24T10:36:19.637+0000 7fe1f3535700 1 -- 172.21.15.28:0/957338091 >> [v2:172.21.15.28:3300/0,v1:172.21.15.28:6789/0] conn(0x7fe1ec109370 msgr2=0x7fe1ec108990 secure :-1 s=STATE_CONNECTION_ESTABLISHED l=1).mark_down
2024-03-24T10:36:20.300 INFO:teuthology.orchestra.run.smithi028.stdout:/usr/bin/ceph: stderr
2024-03-24T10:36:19.637+0000 7fe1f3535700 1 --2- 172.21.15.28:0/957338091 >> [v2:172.21.15.28:3300/0,v1:172.21.15.28:6789/0] conn(0x7fe1ec109370 0x7fe1ec108990 secure :-1 s=READY pgs=44 cs=0 l=1 rev1=1 crypto rx=0x7fe1e40040e0 tx=0x7fe1e4003d00 comp rx=0 tx=0).stop
2024-03-24T10:36:20.301 INFO:teuthology.orchestra.run.smithi028.stdout:/usr/bin/ceph: stderr
2024-03-24T10:36:19.638+0000 7fe1f3535700 1 -- 172.21.15.28:0/957338091 shutdown_connections
2024-03-24T10:36:20.301 INFO:teuthology.orchestra.run.smithi028.stdout:/usr/bin/ceph: stderr
2024-03-24T10:36:19.638+0000 7fe1f3535700 1 --2- 172.21.15.28:0/957338091 >> [v2:172.21.15.28:6800/332963374,v1:172.21.15.28:6801/332963374] conn(0x7fe1d4038ee0 0x7fe1d403b3a0 unknown :-1 s=CLOSED pgs=12 cs=0 l=1 rev1=1 crypto rx=0 tx=0 comp rx=0 tx=0).stop
2024-03-24T10:36:20.301 INFO:teuthology.orchestra.run.smithi028.stdout:/usr/bin/ceph: stderr
2024-03-24T10:36:19.638+0000 7fe1f3535700 1 --2- 172.21.15.28:0/957338091 >> [v2:172.21.15.28:3300/0,v1:172.21.15.28:6789/0] conn(0x7fe1ec109370 0x7fe1ec108990 unknown :-1 s=CLOSED pgs=44 cs=0 l=1 rev1=1 crypto rx=0 tx=0 comp rx=0 tx=0).stop
2024-03-24T10:36:20.301 INFO:teuthology.orchestra.run.smithi028.stdout:/usr/bin/ceph: stderr
2024-03-24T10:36:19.638+0000 7fe1f3535700 1 -- 172.21.15.28:0/957338091 >> 172.21.15.28:0/957338091 conn(0x7fe1ec1019d0 msgr2=0x7fe1ec102580 unknown :-1 s=STATE_NONE l=0).mark_down
2024-03-24T10:36:20.301 INFO:teuthology.orchestra.run.smithi028.stdout:/usr/bin/ceph: stderr
2024-03-24T10:36:19.638+0000 7fe1f3535700 1 -- 172.21.15.28:0/957338091 shutdown_connections
2024-03-24T10:36:20.301 INFO:teuthology.orchestra.run.smithi028.stdout:/usr/bin/ceph: stderr
2024-03-24T10:36:19.638+0000 7fe1f3535700 1 -- 172.21.15.28:0/957338091 wait complete.
2024-03-24T10:36:20.301 INFO:teuthology.orchestra.run.smithi028.stdout:Deploying unmanaged mgr service...
2024-03-24T10:36:20.902 INFO:journalctl@ceph.mon.a.smithi028.stdout:Mar 24 10:36:20 smithi028 ceph-mon[32057]: from='client.14138 -' entity='client.admin' cmd=[{"prefix": "orch apply", "service_type": "mon", "unmanaged": true, "target": ["mon-mgr", ""]}]: dispatch
2024-03-24T10:36:20.903 INFO:journalctl@ceph.mon.a.smithi028.stdout:Mar 24 10:36:20 smithi028 ceph-mon[32057]: Saving service mon spec with placement count:5
2024-03-24T10:36:20.903 INFO:journalctl@ceph.mon.a.smithi028.stdout:Mar 24 10:36:20 smithi028 ceph-mon[32057]: from='mgr.14116 172.21.15.28:0/1763906985' entity='mgr.x'
2024-03-24T10:36:21.657 INFO:teuthology.orchestra.run.smithi028.stdout:/usr/bin/ceph: stdout Scheduled mgr update...
2024-03-24T10:36:21.657 INFO:teuthology.orchestra.run.smithi028.stdout:/usr/bin/ceph: stderr
2024-03-24T10:36:20.809+0000 7efc88b49700 1 Processor -- start
2024-03-24T10:36:21.657 INFO:teuthology.orchestra.run.smithi028.stdout:/usr/bin/ceph: stderr
2024-03-24T10:36:20.809+0000 7efc88b49700 1 -- start start
2024-03-24T10:36:21.658 INFO:teuthology.orchestra.run.smithi028.stdout:/usr/bin/ceph: stderr
2024-03-24T10:36:20.809+0000 7efc88b49700 1 --2- >> [v2:172.21.15.28:3300/0,v1:172.21.15.28:6789/0] conn(0x7efc84106040 0x7efc84106460 unknown :-1 s=NONE pgs=0 cs=0 l=0 rev1=0 crypto rx=0 tx=0 comp rx=0 tx=0).connect
2024-03-24T10:36:21.658 INFO:teuthology.orchestra.run.smithi028.stdout:/usr/bin/ceph: stderr
2024-03-24T10:36:20.809+0000 7efc88b49700 1 -- --> [v2:172.21.15.28:3300/0,v1:172.21.15.28:6789/0] -- mon_getmap magic: 0 -- 0x7efc84106a30 con 0x7efc84106040
2024-03-24T10:36:21.658 INFO:teuthology.orchestra.run.smithi028.stdout:/usr/bin/ceph: stderr
2024-03-24T10:36:20.809+0000 7efc8259c700 1 --2- >> [v2:172.21.15.28:3300/0,v1:172.21.15.28:6789/0] conn(0x7efc84106040 0x7efc84106460 unknown :-1 s=BANNER_CONNECTING pgs=0 cs=0 l=0 rev1=0 crypto rx=0 tx=0 comp rx=0 tx=0)._handle_peer_banner_payload supported=3 required=0
2024-03-24T10:36:21.658 INFO:teuthology.orchestra.run.smithi028.stdout:/usr/bin/ceph: stderr
2024-03-24T10:36:20.809+0000 7efc8259c700 1 --2- >> [v2:172.21.15.28:3300/0,v1:172.21.15.28:6789/0] conn(0x7efc84106040 0x7efc84106460 unknown :-1 s=HELLO_CONNECTING pgs=0 cs=0 l=0 rev1=1 crypto rx=0 tx=0 comp rx=0 tx=0).handle_hello peer v2:172.21.15.28:3300/0 says I am v2:172.21.15.28:47700/0 (socket says 172.21.15.28:47700)
2024-03-24T10:36:21.658 INFO:teuthology.orchestra.run.smithi028.stdout:/usr/bin/ceph: stderr
2024-03-24T10:36:20.809+0000 7efc8259c700 1 -- 172.21.15.28:0/1569068446 learned_addr learned my addr 172.21.15.28:0/1569068446 (peer_addr_for_me v2:172.21.15.28:0/0)
2024-03-24T10:36:21.658 INFO:teuthology.orchestra.run.smithi028.stdout:/usr/bin/ceph: stderr
2024-03-24T10:36:20.810+0000 7efc8259c700 1 -- 172.21.15.28:0/1569068446 --> [v2:172.21.15.28:3300/0,v1:172.21.15.28:6789/0] -- mon_subscribe({config=0+,monmap=0+}) -- 0x7efc84108fd0 con 0x7efc84106040
2024-03-24T10:36:21.658 INFO:teuthology.orchestra.run.smithi028.stdout:/usr/bin/ceph: stderr
2024-03-24T10:36:20.810+0000 7efc8259c700 1 --2- 172.21.15.28:0/1569068446 >> [v2:172.21.15.28:3300/0,v1:172.21.15.28:6789/0] conn(0x7efc84106040 0x7efc84106460 secure :-1 s=READY pgs=45 cs=0 l=1 rev1=1 crypto rx=0x7efc740098a0 tx=0x7efc74009bb0 comp rx=0 tx=0).ready entity=mon.0 client_cookie=c52b7c2fbf218ef7 server_cookie=0 in_seq=0 out_seq=0
2024-03-24T10:36:21.658 INFO:teuthology.orchestra.run.smithi028.stdout:/usr/bin/ceph: stderr
2024-03-24T10:36:20.810+0000 7efc8159a700 1 -- 172.21.15.28:0/1569068446 <== mon.0 v2:172.21.15.28:3300/0 1 ==== mon_map magic: 0 ==== 205+0+0 (secure 0 0 0) 0x7efc74004160 con 0x7efc84106040
2024-03-24T10:36:21.658 INFO:teuthology.orchestra.run.smithi028.stdout:/usr/bin/ceph: stderr
2024-03-24T10:36:20.810+0000 7efc8159a700 1 -- 172.21.15.28:0/1569068446 <== mon.0 v2:172.21.15.28:3300/0 2 ==== config(28 keys) ==== 1140+0+0 (secure 0 0 0) 0x7efc740042c0 con 0x7efc84106040
2024-03-24T10:36:21.658 INFO:teuthology.orchestra.run.smithi028.stdout:/usr/bin/ceph: stderr
2024-03-24T10:36:20.810+0000 7efc8159a700 1 -- 172.21.15.28:0/1569068446 <== mon.0 v2:172.21.15.28:3300/0 3 ==== mon_map magic: 0 ==== 205+0+0 (secure 0 0 0) 0x7efc74011b60 con 0x7efc84106040
2024-03-24T10:36:21.658 INFO:teuthology.orchestra.run.smithi028.stdout:/usr/bin/ceph: stderr
2024-03-24T10:36:20.811+0000 7efc88b49700 1 -- 172.21.15.28:0/1569068446 >> [v2:172.21.15.28:3300/0,v1:172.21.15.28:6789/0] conn(0x7efc84106040 msgr2=0x7efc84106460 secure :-1 s=STATE_CONNECTION_ESTABLISHED l=1).mark_down
2024-03-24T10:36:21.658 INFO:teuthology.orchestra.run.smithi028.stdout:/usr/bin/ceph: stderr
2024-03-24T10:36:20.811+0000 7efc88b49700 1 --2- 172.21.15.28:0/1569068446 >> [v2:172.21.15.28:3300/0,v1:172.21.15.28:6789/0] conn(0x7efc84106040 0x7efc84106460 secure :-1 s=READY pgs=45 cs=0 l=1 rev1=1 crypto rx=0x7efc740098a0 tx=0x7efc74009bb0 comp rx=0 tx=0).stop
2024-03-24T10:36:21.658 INFO:teuthology.orchestra.run.smithi028.stdout:/usr/bin/ceph: stderr
2024-03-24T10:36:20.811+0000 7efc88b49700 1 -- 172.21.15.28:0/1569068446 shutdown_connections
2024-03-24T10:36:21.659 INFO:teuthology.orchestra.run.smithi028.stdout:/usr/bin/ceph: stderr
2024-03-24T10:36:20.811+0000 7efc88b49700 1 --2- 172.21.15.28:0/1569068446 >> [v2:172.21.15.28:3300/0,v1:172.21.15.28:6789/0] conn(0x7efc84106040 0x7efc84106460 unknown :-1 s=CLOSED pgs=45 cs=0 l=1 rev1=1 crypto rx=0 tx=0 comp rx=0 tx=0).stop
2024-03-24T10:36:21.659 INFO:teuthology.orchestra.run.smithi028.stdout:/usr/bin/ceph: stderr
2024-03-24T10:36:20.811+0000 7efc88b49700 1 -- 172.21.15.28:0/1569068446 >> 172.21.15.28:0/1569068446 conn(0x7efc841019d0 msgr2=0x7efc84103df0 unknown :-1 s=STATE_NONE l=0).mark_down
2024-03-24T10:36:21.659 INFO:teuthology.orchestra.run.smithi028.stdout:/usr/bin/ceph: stderr
2024-03-24T10:36:20.811+0000 7efc88b49700 1 -- 172.21.15.28:0/1569068446 shutdown_connections
2024-03-24T10:36:21.659 INFO:teuthology.orchestra.run.smithi028.stdout:/usr/bin/ceph: stderr
2024-03-24T10:36:20.811+0000 7efc88b49700 1 -- 172.21.15.28:0/1569068446 wait complete.
2024-03-24T10:36:21.659 INFO:teuthology.orchestra.run.smithi028.stdout:/usr/bin/ceph: stderr
2024-03-24T10:36:20.812+0000 7efc88b49700 1 Processor -- start
2024-03-24T10:36:21.659 INFO:teuthology.orchestra.run.smithi028.stdout:/usr/bin/ceph: stderr
2024-03-24T10:36:20.812+0000 7efc88b49700 1 -- start start
2024-03-24T10:36:21.659 INFO:teuthology.orchestra.run.smithi028.stdout:/usr/bin/ceph: stderr
2024-03-24T10:36:20.812+0000 7efc88b49700 1 --2- >> [v2:172.21.15.28:3300/0,v1:172.21.15.28:6789/0] conn(0x7efc84106040 0x7efc84108850 unknown :-1 s=NONE pgs=0 cs=0 l=1 rev1=0 crypto rx=0 tx=0 comp rx=0 tx=0).connect
2024-03-24T10:36:21.659 INFO:teuthology.orchestra.run.smithi028.stdout:/usr/bin/ceph: stderr
2024-03-24T10:36:20.812+0000 7efc88b49700 1 -- --> [v2:172.21.15.28:3300/0,v1:172.21.15.28:6789/0] -- mon_getmap magic: 0 -- 0x7efc84108d90 con 0x7efc84106040
2024-03-24T10:36:21.659 INFO:teuthology.orchestra.run.smithi028.stdout:/usr/bin/ceph: stderr
2024-03-24T10:36:20.812+0000 7efc8259c700 1 --2- >> [v2:172.21.15.28:3300/0,v1:172.21.15.28:6789/0] conn(0x7efc84106040 0x7efc84108850 unknown :-1 s=BANNER_CONNECTING pgs=0 cs=0 l=1 rev1=0 crypto rx=0 tx=0 comp rx=0 tx=0)._handle_peer_banner_payload supported=3 required=0
2024-03-24T10:36:21.659 INFO:teuthology.orchestra.run.smithi028.stdout:/usr/bin/ceph: stderr
2024-03-24T10:36:20.812+0000 7efc8259c700 1 --2- >> [v2:172.21.15.28:3300/0,v1:172.21.15.28:6789/0] conn(0x7efc84106040 0x7efc84108850 unknown :-1 s=HELLO_CONNECTING pgs=0 cs=0 l=1 rev1=1 crypto rx=0 tx=0 comp rx=0 tx=0).handle_hello peer v2:172.21.15.28:3300/0 says I am v2:172.21.15.28:47702/0 (socket says 172.21.15.28:47702)
2024-03-24T10:36:21.659 INFO:teuthology.orchestra.run.smithi028.stdout:/usr/bin/ceph: stderr
2024-03-24T10:36:20.812+0000 7efc8259c700 1 -- 172.21.15.28:0/278822575 learned_addr learned my addr 172.21.15.28:0/278822575 (peer_addr_for_me v2:172.21.15.28:0/0)
2024-03-24T10:36:21.659 INFO:teuthology.orchestra.run.smithi028.stdout:/usr/bin/ceph: stderr
2024-03-24T10:36:20.812+0000 7efc8259c700 1 -- 172.21.15.28:0/278822575 --> [v2:172.21.15.28:3300/0,v1:172.21.15.28:6789/0] -- mon_subscribe({config=0+,monmap=0+}) -- 0x7efc74009550 con 0x7efc84106040
2024-03-24T10:36:21.659 INFO:teuthology.orchestra.run.smithi028.stdout:/usr/bin/ceph: stderr
2024-03-24T10:36:20.813+0000 7efc8259c700 1 --2- 172.21.15.28:0/278822575 >> [v2:172.21.15.28:3300/0,v1:172.21.15.28:6789/0] conn(0x7efc84106040 0x7efc84108850 secure :-1 s=READY pgs=46 cs=0 l=1 rev1=1 crypto rx=0x7efc74009520 tx=0x7efc74011bc0 comp rx=0 tx=0).ready entity=mon.0 client_cookie=0 server_cookie=0 in_seq=0 out_seq=0
2024-03-24T10:36:21.659 INFO:teuthology.orchestra.run.smithi028.stdout:/usr/bin/ceph: stderr
2024-03-24T10:36:20.813+0000 7efc737fe700 1 -- 172.21.15.28:0/278822575 <== mon.0 v2:172.21.15.28:3300/0 1 ==== mon_map magic: 0 ==== 205+0+0 (secure 0 0 0) 0x7efc74003b70 con 0x7efc84106040
2024-03-24T10:36:21.660 INFO:teuthology.orchestra.run.smithi028.stdout:/usr/bin/ceph: stderr
2024-03-24T10:36:20.813+0000 7efc737fe700 1 -- 172.21.15.28:0/278822575 <== mon.0 v2:172.21.15.28:3300/0 2 ==== config(28 keys) ==== 1140+0+0 (secure 0 0 0) 0x7efc74003cd0 con 0x7efc84106040
2024-03-24T10:36:21.660 INFO:teuthology.orchestra.run.smithi028.stdout:/usr/bin/ceph: stderr
2024-03-24T10:36:20.813+0000 7efc737fe700 1 -- 172.21.15.28:0/278822575 <== mon.0 v2:172.21.15.28:3300/0 3 ==== mon_map magic: 0 ==== 205+0+0 (secure 0 0 0) 0x7efc740247d0 con 0x7efc84106040
2024-03-24T10:36:21.660 INFO:teuthology.orchestra.run.smithi028.stdout:/usr/bin/ceph: stderr
2024-03-24T10:36:20.814+0000 7efc88b49700 1 -- 172.21.15.28:0/278822575 --> [v2:172.21.15.28:3300/0,v1:172.21.15.28:6789/0] -- mon_subscribe({mgrmap=0+}) -- 0x7efc84106f80 con 0x7efc84106040
2024-03-24T10:36:21.660 INFO:teuthology.orchestra.run.smithi028.stdout:/usr/bin/ceph: stderr
2024-03-24T10:36:20.814+0000 7efc88b49700 1 -- 172.21.15.28:0/278822575 --> [v2:172.21.15.28:3300/0,v1:172.21.15.28:6789/0] -- mon_subscribe({osdmap=0}) -- 0x7efc84107420 con 0x7efc84106040
2024-03-24T10:36:21.660 INFO:teuthology.orchestra.run.smithi028.stdout:/usr/bin/ceph: stderr
2024-03-24T10:36:20.815+0000 7efc737fe700 1 -- 172.21.15.28:0/278822575 <== mon.0 v2:172.21.15.28:3300/0 4 ==== mgrmap(e 8) ==== 45928+0+0 (secure 0 0 0) 0x7efc7401ac30 con 0x7efc84106040
2024-03-24T10:36:21.660 INFO:teuthology.orchestra.run.smithi028.stdout:/usr/bin/ceph: stderr
2024-03-24T10:36:20.815+0000 7efc737fe700 1 --2- 172.21.15.28:0/278822575 >> [v2:172.21.15.28:6800/332963374,v1:172.21.15.28:6801/332963374] conn(0x7efc6c038f30 0x7efc6c03b3f0 unknown :-1 s=NONE pgs=0 cs=0 l=1 rev1=0 crypto rx=0 tx=0 comp rx=0 tx=0).connect
2024-03-24T10:36:21.660 INFO:teuthology.orchestra.run.smithi028.stdout:/usr/bin/ceph: stderr
2024-03-24T10:36:20.815+0000 7efc88b49700 1 -- 172.21.15.28:0/278822575 --> [v2:172.21.15.28:3300/0,v1:172.21.15.28:6789/0] -- mon_command({"prefix": "get_command_descriptions"} v 0) -- 0x7efc8410c200 con 0x7efc84106040
2024-03-24T10:36:21.660 INFO:teuthology.orchestra.run.smithi028.stdout:/usr/bin/ceph: stderr
2024-03-24T10:36:20.815+0000 7efc737fe700 1 -- 172.21.15.28:0/278822575 <== mon.0 v2:172.21.15.28:3300/0 5 ==== osd_map(2..2 src has 1..2) ==== 940+0+0 (secure 0 0 0) 0x7efc7404cec0 con 0x7efc84106040
2024-03-24T10:36:21.660 INFO:teuthology.orchestra.run.smithi028.stdout:/usr/bin/ceph: stderr
2024-03-24T10:36:20.815+0000 7efc81d9b700 1 --2- 172.21.15.28:0/278822575 >> [v2:172.21.15.28:6800/332963374,v1:172.21.15.28:6801/332963374] conn(0x7efc6c038f30 0x7efc6c03b3f0 unknown :-1 s=BANNER_CONNECTING pgs=0 cs=0 l=1 rev1=0 crypto rx=0 tx=0 comp rx=0 tx=0)._handle_peer_banner_payload supported=3 required=0
2024-03-24T10:36:21.660 INFO:teuthology.orchestra.run.smithi028.stdout:/usr/bin/ceph: stderr
2024-03-24T10:36:20.815+0000 7efc81d9b700 1 --2- 172.21.15.28:0/278822575 >> [v2:172.21.15.28:6800/332963374,v1:172.21.15.28:6801/332963374] conn(0x7efc6c038f30 0x7efc6c03b3f0 secure :-1 s=READY pgs=13 cs=0 l=1 rev1=1 crypto rx=0x7efc78006fd0 tx=0x7efc78006e40 comp rx=0 tx=0).ready entity=mgr.14116 client_cookie=0 server_cookie=0 in_seq=0 out_seq=0
2024-03-24T10:36:21.660 INFO:teuthology.orchestra.run.smithi028.stdout:/usr/bin/ceph: stderr
2024-03-24T10:36:20.820+0000 7efc737fe700 1 -- 172.21.15.28:0/278822575 <== mon.0 v2:172.21.15.28:3300/0 6 ==== mon_command_ack([{"prefix": "get_command_descriptions"}]=0 v0) ==== 72+0+184932 (secure 0 0 0) 0x7efc74024930 con 0x7efc84106040
2024-03-24T10:36:21.660 INFO:teuthology.orchestra.run.smithi028.stdout:/usr/bin/ceph: stderr
2024-03-24T10:36:21.041+0000 7efc88b49700 1 -- 172.21.15.28:0/278822575 --> [v2:172.21.15.28:6800/332963374,v1:172.21.15.28:6801/332963374] -- mgr_command(tid 0: {"prefix": "orch apply", "service_type": "mgr", "unmanaged": true, "target": ["mon-mgr", ""]}) -- 0x7efc84107ac0 con 0x7efc6c038f30
2024-03-24T10:36:21.660 INFO:teuthology.orchestra.run.smithi028.stdout:/usr/bin/ceph: stderr
2024-03-24T10:36:21.046+0000 7efc737fe700 1 -- 172.21.15.28:0/278822575 <== mgr.14116 v2:172.21.15.28:6800/332963374 1 ==== mgr_command_reply(tid 0: 0 ) ==== 8+0+24 (secure 0 0 0) 0x7efc84107ac0 con 0x7efc6c038f30
2024-03-24T10:36:21.661 INFO:teuthology.orchestra.run.smithi028.stdout:/usr/bin/ceph: stderr
2024-03-24T10:36:21.048+0000 7efc88b49700 1 -- 172.21.15.28:0/278822575 >> [v2:172.21.15.28:6800/332963374,v1:172.21.15.28:6801/332963374] conn(0x7efc6c038f30 msgr2=0x7efc6c03b3f0 secure :-1 s=STATE_CONNECTION_ESTABLISHED l=1).mark_down
2024-03-24T10:36:21.661 INFO:teuthology.orchestra.run.smithi028.stdout:/usr/bin/ceph: stderr
2024-03-24T10:36:21.048+0000 7efc88b49700 1 --2- 172.21.15.28:0/278822575 >> [v2:172.21.15.28:6800/332963374,v1:172.21.15.28:6801/332963374] conn(0x7efc6c038f30 0x7efc6c03b3f0 secure :-1 s=READY pgs=13 cs=0 l=1 rev1=1 crypto rx=0x7efc78006fd0 tx=0x7efc78006e40 comp rx=0 tx=0).stop
2024-03-24T10:36:21.661 INFO:teuthology.orchestra.run.smithi028.stdout:/usr/bin/ceph: stderr
2024-03-24T10:36:21.048+0000 7efc88b49700 1 -- 172.21.15.28:0/278822575 >> [v2:172.21.15.28:3300/0,v1:172.21.15.28:6789/0] conn(0x7efc84106040 msgr2=0x7efc84108850 secure :-1 s=STATE_CONNECTION_ESTABLISHED l=1).mark_down
2024-03-24T10:36:21.661 INFO:teuthology.orchestra.run.smithi028.stdout:/usr/bin/ceph: stderr
2024-03-24T10:36:21.048+0000 7efc88b49700 1 --2- 172.21.15.28:0/278822575 >> [v2:172.21.15.28:3300/0,v1:172.21.15.28:6789/0] conn(0x7efc84106040 0x7efc84108850 secure :-1 s=READY pgs=46 cs=0 l=1 rev1=1 crypto rx=0x7efc74009520 tx=0x7efc74011bc0 comp rx=0 tx=0).stop
2024-03-24T10:36:21.661 INFO:teuthology.orchestra.run.smithi028.stdout:/usr/bin/ceph: stderr
2024-03-24T10:36:21.048+0000 7efc88b49700 1 -- 172.21.15.28:0/278822575 shutdown_connections
2024-03-24T10:36:21.661 INFO:teuthology.orchestra.run.smithi028.stdout:/usr/bin/ceph: stderr
2024-03-24T10:36:21.048+0000 7efc88b49700 1 --2- 172.21.15.28:0/278822575 >> [v2:172.21.15.28:6800/332963374,v1:172.21.15.28:6801/332963374] conn(0x7efc6c038f30 0x7efc6c03b3f0 unknown :-1 s=CLOSED pgs=13 cs=0 l=1 rev1=1 crypto rx=0 tx=0 comp rx=0 tx=0).stop
2024-03-24T10:36:21.661 INFO:teuthology.orchestra.run.smithi028.stdout:/usr/bin/ceph: stderr
2024-03-24T10:36:21.048+0000 7efc88b49700 1 --2- 172.21.15.28:0/278822575 >> [v2:172.21.15.28:3300/0,v1:172.21.15.28:6789/0] conn(0x7efc84106040 0x7efc84108850 unknown :-1 s=CLOSED pgs=46 cs=0 l=1 rev1=1 crypto rx=0 tx=0 comp rx=0 tx=0).stop
2024-03-24T10:36:21.661 INFO:teuthology.orchestra.run.smithi028.stdout:/usr/bin/ceph: stderr
2024-03-24T10:36:21.048+0000 7efc88b49700 1 -- 172.21.15.28:0/278822575 >> 172.21.15.28:0/278822575 conn(0x7efc841019d0 msgr2=0x7efc84102580 unknown :-1 s=STATE_NONE l=0).mark_down
2024-03-24T10:36:21.661 INFO:teuthology.orchestra.run.smithi028.stdout:/usr/bin/ceph: stderr
2024-03-24T10:36:21.048+0000 7efc88b49700 1 -- 172.21.15.28:0/278822575 shutdown_connections
2024-03-24T10:36:21.661 INFO:teuthology.orchestra.run.smithi028.stdout:/usr/bin/ceph: stderr
2024-03-24T10:36:21.048+0000 7efc88b49700 1 -- 172.21.15.28:0/278822575 wait complete.
2024-03-24T10:36:22.337 INFO:journalctl@ceph.mon.a.smithi028.stdout:Mar 24 10:36:22 smithi028 ceph-mon[32057]: from='client.14140 -' entity='client.admin' cmd=[{"prefix": "orch apply", "service_type": "mgr", "unmanaged": true, "target": ["mon-mgr", ""]}]: dispatch
2024-03-24T10:36:22.337 INFO:journalctl@ceph.mon.a.smithi028.stdout:Mar 24 10:36:22 smithi028 ceph-mon[32057]: Saving service mgr spec with placement count:2
2024-03-24T10:36:22.337 INFO:journalctl@ceph.mon.a.smithi028.stdout:Mar 24 10:36:22 smithi028 ceph-mon[32057]: from='mgr.14116 172.21.15.28:0/1763906985' entity='mgr.x'
2024-03-24T10:36:23.559 INFO:teuthology.orchestra.run.smithi028.stdout:/usr/bin/ceph: stderr
2024-03-24T10:36:22.736+0000 7fa032c46700 1 Processor -- start
2024-03-24T10:36:23.560 INFO:teuthology.orchestra.run.smithi028.stdout:/usr/bin/ceph: stderr
2024-03-24T10:36:22.736+0000 7fa032c46700 1 -- start start
2024-03-24T10:36:23.560 INFO:teuthology.orchestra.run.smithi028.stdout:/usr/bin/ceph: stderr
2024-03-24T10:36:22.736+0000 7fa032c46700 1 --2- >> [v2:172.21.15.28:3300/0,v1:172.21.15.28:6789/0] conn(0x7fa02c107d00 0x7fa02c108120 unknown :-1 s=NONE pgs=0 cs=0 l=0 rev1=0 crypto rx=0 tx=0 comp rx=0 tx=0).connect
2024-03-24T10:36:23.560 INFO:teuthology.orchestra.run.smithi028.stdout:/usr/bin/ceph: stderr
2024-03-24T10:36:22.736+0000 7fa032c46700 1 -- --> [v2:172.21.15.28:3300/0,v1:172.21.15.28:6789/0] -- mon_getmap magic: 0 -- 0x7fa02c1086f0 con 0x7fa02c107d00
2024-03-24T10:36:23.560 INFO:teuthology.orchestra.run.smithi028.stdout:/usr/bin/ceph: stderr
2024-03-24T10:36:22.736+0000 7fa0309e2700 1 --2- >> [v2:172.21.15.28:3300/0,v1:172.21.15.28:6789/0] conn(0x7fa02c107d00 0x7fa02c108120 unknown :-1 s=BANNER_CONNECTING pgs=0 cs=0 l=0 rev1=0 crypto rx=0 tx=0 comp rx=0 tx=0)._handle_peer_banner_payload supported=3 required=0
2024-03-24T10:36:23.560 INFO:teuthology.orchestra.run.smithi028.stdout:/usr/bin/ceph: stderr
2024-03-24T10:36:22.736+0000 7fa0309e2700 1 --2- >> [v2:172.21.15.28:3300/0,v1:172.21.15.28:6789/0] conn(0x7fa02c107d00 0x7fa02c108120 unknown :-1 s=HELLO_CONNECTING pgs=0 cs=0 l=0 rev1=1 crypto rx=0 tx=0 comp rx=0 tx=0).handle_hello peer v2:172.21.15.28:3300/0 says I am v2:172.21.15.28:47714/0 (socket says 172.21.15.28:47714)
2024-03-24T10:36:23.561 INFO:teuthology.orchestra.run.smithi028.stdout:/usr/bin/ceph: stderr
2024-03-24T10:36:22.736+0000 7fa0309e2700 1 -- 172.21.15.28:0/1582181809 learned_addr learned my addr 172.21.15.28:0/1582181809 (peer_addr_for_me v2:172.21.15.28:0/0)
2024-03-24T10:36:23.561 INFO:teuthology.orchestra.run.smithi028.stdout:/usr/bin/ceph: stderr
2024-03-24T10:36:22.736+0000 7fa0309e2700 1 -- 172.21.15.28:0/1582181809 --> [v2:172.21.15.28:3300/0,v1:172.21.15.28:6789/0] -- mon_subscribe({config=0+,monmap=0+}) -- 0x7fa02c108f00 con 0x7fa02c107d00
2024-03-24T10:36:23.561 INFO:teuthology.orchestra.run.smithi028.stdout:/usr/bin/ceph: stderr
2024-03-24T10:36:22.737+0000 7fa0309e2700 1 --2- 172.21.15.28:0/1582181809 >> [v2:172.21.15.28:3300/0,v1:172.21.15.28:6789/0] conn(0x7fa02c107d00 0x7fa02c108120 secure :-1 s=READY pgs=47 cs=0 l=1 rev1=1 crypto rx=0x7fa0200098a0 tx=0x7fa020009bb0 comp rx=0 tx=0).ready entity=mon.0 client_cookie=41e03f7fcb51e386 server_cookie=0 in_seq=0 out_seq=0
2024-03-24T10:36:23.561 INFO:teuthology.orchestra.run.smithi028.stdout:/usr/bin/ceph: stderr
2024-03-24T10:36:22.737+0000 7fa02b7fe700 1 -- 172.21.15.28:0/1582181809 <== mon.0 v2:172.21.15.28:3300/0 1 ==== mon_map magic: 0 ==== 205+0+0 (secure 0 0 0) 0x7fa020004160 con 0x7fa02c107d00
2024-03-24T10:36:23.561 INFO:teuthology.orchestra.run.smithi028.stdout:/usr/bin/ceph: stderr
2024-03-24T10:36:22.737+0000 7fa02b7fe700 1 -- 172.21.15.28:0/1582181809 <== mon.0 v2:172.21.15.28:3300/0 2 ==== config(28 keys) ==== 1171+0+0 (secure 0 0 0) 0x7fa0200042c0 con 0x7fa02c107d00
2024-03-24T10:36:23.561 INFO:teuthology.orchestra.run.smithi028.stdout:/usr/bin/ceph: stderr
2024-03-24T10:36:22.737+0000 7fa02b7fe700 1 -- 172.21.15.28:0/1582181809 <== mon.0 v2:172.21.15.28:3300/0 3 ==== mon_map magic: 0 ==== 205+0+0 (secure 0 0 0) 0x7fa020011b80 con 0x7fa02c107d00
2024-03-24T10:36:23.561 INFO:teuthology.orchestra.run.smithi028.stdout:/usr/bin/ceph: stderr
2024-03-24T10:36:22.737+0000 7fa032c46700 1 -- 172.21.15.28:0/1582181809 >> [v2:172.21.15.28:3300/0,v1:172.21.15.28:6789/0] conn(0x7fa02c107d00 msgr2=0x7fa02c108120 secure :-1 s=STATE_CONNECTION_ESTABLISHED l=1).mark_down
2024-03-24T10:36:23.561 INFO:teuthology.orchestra.run.smithi028.stdout:/usr/bin/ceph: stderr
2024-03-24T10:36:22.737+0000 7fa032c46700 1 --2- 172.21.15.28:0/1582181809 >> [v2:172.21.15.28:3300/0,v1:172.21.15.28:6789/0] conn(0x7fa02c107d00 0x7fa02c108120 secure :-1 s=READY pgs=47 cs=0 l=1 rev1=1 crypto rx=0x7fa0200098a0 tx=0x7fa020009bb0 comp rx=0 tx=0).stop
2024-03-24T10:36:23.561 INFO:teuthology.orchestra.run.smithi028.stdout:/usr/bin/ceph: stderr
2024-03-24T10:36:22.738+0000 7fa032c46700 1 -- 172.21.15.28:0/1582181809 shutdown_connections
2024-03-24T10:36:23.561 INFO:teuthology.orchestra.run.smithi028.stdout:/usr/bin/ceph: stderr
2024-03-24T10:36:22.738+0000 7fa032c46700 1 --2- 172.21.15.28:0/1582181809 >> [v2:172.21.15.28:3300/0,v1:172.21.15.28:6789/0] conn(0x7fa02c107d00 0x7fa02c108120 unknown :-1 s=CLOSED pgs=47 cs=0 l=1 rev1=1 crypto rx=0 tx=0 comp rx=0 tx=0).stop
2024-03-24T10:36:23.562 INFO:teuthology.orchestra.run.smithi028.stdout:/usr/bin/ceph: stderr
2024-03-24T10:36:22.738+0000 7fa032c46700 1 -- 172.21.15.28:0/1582181809 >> 172.21.15.28:0/1582181809 conn(0x7fa02c1032a0 msgr2=0x7fa02c1056e0 unknown :-1 s=STATE_NONE l=0).mark_down
2024-03-24T10:36:23.562 INFO:teuthology.orchestra.run.smithi028.stdout:/usr/bin/ceph: stderr
2024-03-24T10:36:22.738+0000 7fa032c46700 1 -- 172.21.15.28:0/1582181809 shutdown_connections
2024-03-24T10:36:23.562 INFO:teuthology.orchestra.run.smithi028.stdout:/usr/bin/ceph: stderr
2024-03-24T10:36:22.738+0000 7fa032c46700 1 -- 172.21.15.28:0/1582181809 wait complete.
2024-03-24T10:36:23.562 INFO:teuthology.orchestra.run.smithi028.stdout:/usr/bin/ceph: stderr
2024-03-24T10:36:22.738+0000 7fa032c46700 1 Processor -- start
2024-03-24T10:36:23.562 INFO:teuthology.orchestra.run.smithi028.stdout:/usr/bin/ceph: stderr
2024-03-24T10:36:22.738+0000 7fa032c46700 1 -- start start
2024-03-24T10:36:23.562 INFO:teuthology.orchestra.run.smithi028.stdout:/usr/bin/ceph: stderr
2024-03-24T10:36:22.738+0000 7fa032c46700 1 --2- >> [v2:172.21.15.28:3300/0,v1:172.21.15.28:6789/0] conn(0x7fa02c107d00 0x7fa02c19bb60 unknown :-1 s=NONE pgs=0 cs=0 l=1 rev1=0 crypto rx=0 tx=0 comp rx=0 tx=0).connect
2024-03-24T10:36:23.562 INFO:teuthology.orchestra.run.smithi028.stdout:/usr/bin/ceph: stderr
2024-03-24T10:36:22.738+0000 7fa032c46700 1 -- --> [v2:172.21.15.28:3300/0,v1:172.21.15.28:6789/0] -- mon_getmap magic: 0 -- 0x7fa02c19c0a0 con 0x7fa02c107d00
2024-03-24T10:36:23.562 INFO:teuthology.orchestra.run.smithi028.stdout:/usr/bin/ceph: stderr
2024-03-24T10:36:22.739+0000 7fa0309e2700 1 --2- >> [v2:172.21.15.28:3300/0,v1:172.21.15.28:6789/0] conn(0x7fa02c107d00 0x7fa02c19bb60 unknown :-1 s=BANNER_CONNECTING pgs=0 cs=0 l=1 rev1=0 crypto rx=0 tx=0 comp rx=0 tx=0)._handle_peer_banner_payload supported=3 required=0
2024-03-24T10:36:23.562 INFO:teuthology.orchestra.run.smithi028.stdout:/usr/bin/ceph: stderr
2024-03-24T10:36:22.739+0000 7fa0309e2700 1 --2- >> [v2:172.21.15.28:3300/0,v1:172.21.15.28:6789/0] conn(0x7fa02c107d00 0x7fa02c19bb60 unknown :-1 s=HELLO_CONNECTING pgs=0 cs=0 l=1 rev1=1 crypto rx=0 tx=0 comp rx=0 tx=0).handle_hello peer v2:172.21.15.28:3300/0 says I am v2:172.21.15.28:47716/0 (socket says 172.21.15.28:47716)
2024-03-24T10:36:23.562 INFO:teuthology.orchestra.run.smithi028.stdout:/usr/bin/ceph: stderr
2024-03-24T10:36:22.739+0000 7fa0309e2700 1 -- 172.21.15.28:0/3731674475 learned_addr learned my addr 172.21.15.28:0/3731674475 (peer_addr_for_me v2:172.21.15.28:0/0)
2024-03-24T10:36:23.562 INFO:teuthology.orchestra.run.smithi028.stdout:/usr/bin/ceph: stderr
2024-03-24T10:36:22.739+0000 7fa0309e2700 1 -- 172.21.15.28:0/3731674475 --> [v2:172.21.15.28:3300/0,v1:172.21.15.28:6789/0] -- mon_subscribe({config=0+,monmap=0+}) -- 0x7fa020009550 con 0x7fa02c107d00
2024-03-24T10:36:23.562 INFO:teuthology.orchestra.run.smithi028.stdout:/usr/bin/ceph: stderr
2024-03-24T10:36:22.739+0000 7fa0309e2700 1 --2- 172.21.15.28:0/3731674475 >> [v2:172.21.15.28:3300/0,v1:172.21.15.28:6789/0] conn(0x7fa02c107d00 0x7fa02c19bb60 secure :-1 s=READY pgs=48 cs=0 l=1 rev1=1 crypto rx=0x7fa020000c00 tx=0x7fa020011920 comp rx=0 tx=0).ready entity=mon.0 client_cookie=0 server_cookie=0 in_seq=0 out_seq=0
2024-03-24T10:36:23.563 INFO:teuthology.orchestra.run.smithi028.stdout:/usr/bin/ceph: stderr
2024-03-24T10:36:22.739+0000 7fa029ffb700 1 -- 172.21.15.28:0/3731674475 <== mon.0 v2:172.21.15.28:3300/0 1 ==== mon_map magic: 0 ==== 205+0+0 (secure 0 0 0) 0x7fa0200038b0 con 0x7fa02c107d00
2024-03-24T10:36:23.563 INFO:teuthology.orchestra.run.smithi028.stdout:/usr/bin/ceph: stderr
2024-03-24T10:36:22.739+0000 7fa029ffb700 1 -- 172.21.15.28:0/3731674475 <== mon.0 v2:172.21.15.28:3300/0 2 ==== config(28 keys) ==== 1171+0+0 (secure 0 0 0) 0x7fa020003a10 con 0x7fa02c107d00
2024-03-24T10:36:23.563 INFO:teuthology.orchestra.run.smithi028.stdout:/usr/bin/ceph: stderr
2024-03-24T10:36:22.739+0000 7fa032c46700 1 -- 172.21.15.28:0/3731674475 --> [v2:172.21.15.28:3300/0,v1:172.21.15.28:6789/0] -- mon_subscribe({mgrmap=0+}) -- 0x7fa02c19c2a0 con 0x7fa02c107d00
2024-03-24T10:36:23.563 INFO:teuthology.orchestra.run.smithi028.stdout:/usr/bin/ceph: stderr
2024-03-24T10:36:22.739+0000 7fa029ffb700 1 -- 172.21.15.28:0/3731674475 <== mon.0 v2:172.21.15.28:3300/0 3 ==== mon_map magic: 0 ==== 205+0+0 (secure 0 0 0) 0x7fa0200246c0 con 0x7fa02c107d00
2024-03-24T10:36:23.563 INFO:teuthology.orchestra.run.smithi028.stdout:/usr/bin/ceph: stderr
2024-03-24T10:36:22.739+0000 7fa032c46700 1 -- 172.21.15.28:0/3731674475 --> [v2:172.21.15.28:3300/0,v1:172.21.15.28:6789/0] -- mon_subscribe({osdmap=0}) -- 0x7fa02c19c740 con 0x7fa02c107d00
2024-03-24T10:36:23.563 INFO:teuthology.orchestra.run.smithi028.stdout:/usr/bin/ceph: stderr
2024-03-24T10:36:22.740+0000 7fa032c46700 1 -- 172.21.15.28:0/3731674475 --> [v2:172.21.15.28:3300/0,v1:172.21.15.28:6789/0] -- mon_command({"prefix": "get_command_descriptions"} v 0) -- 0x7fa02c10c130 con 0x7fa02c107d00
2024-03-24T10:36:23.563 INFO:teuthology.orchestra.run.smithi028.stdout:/usr/bin/ceph: stderr
2024-03-24T10:36:22.740+0000 7fa029ffb700 1 -- 172.21.15.28:0/3731674475 <== mon.0 v2:172.21.15.28:3300/0 4 ==== mgrmap(e 8) ==== 45928+0+0 (secure 0 0 0) 0x7fa02002d3f0 con 0x7fa02c107d00
2024-03-24T10:36:23.563 INFO:teuthology.orchestra.run.smithi028.stdout:/usr/bin/ceph: stderr
2024-03-24T10:36:22.741+0000 7fa029ffb700 1 --2- 172.21.15.28:0/3731674475 >> [v2:172.21.15.28:6800/332963374,v1:172.21.15.28:6801/332963374] conn(0x7fa01c038ee0 0x7fa01c03b3a0 unknown :-1 s=NONE pgs=0 cs=0 l=1 rev1=0 crypto rx=0 tx=0 comp rx=0 tx=0).connect
2024-03-24T10:36:23.563 INFO:teuthology.orchestra.run.smithi028.stdout:/usr/bin/ceph: stderr
2024-03-24T10:36:22.741+0000 7fa029ffb700 1 -- 172.21.15.28:0/3731674475 <== mon.0 v2:172.21.15.28:3300/0 5 ==== osd_map(2..2 src has 1..2) ==== 940+0+0 (secure 0 0 0) 0x7fa02004d040 con 0x7fa02c107d00
2024-03-24T10:36:23.563 INFO:teuthology.orchestra.run.smithi028.stdout:/usr/bin/ceph: stderr
2024-03-24T10:36:22.741+0000 7fa02bfff700 1 --2- 172.21.15.28:0/3731674475 >> [v2:172.21.15.28:6800/332963374,v1:172.21.15.28:6801/332963374] conn(0x7fa01c038ee0 0x7fa01c03b3a0 unknown :-1 s=BANNER_CONNECTING pgs=0 cs=0 l=1 rev1=0 crypto rx=0 tx=0 comp rx=0 tx=0)._handle_peer_banner_payload supported=3 required=0
2024-03-24T10:36:23.564 INFO:teuthology.orchestra.run.smithi028.stdout:/usr/bin/ceph: stderr
2024-03-24T10:36:22.741+0000 7fa02bfff700 1 --2- 172.21.15.28:0/3731674475 >> [v2:172.21.15.28:6800/332963374,v1:172.21.15.28:6801/332963374] conn(0x7fa01c038ee0 0x7fa01c03b3a0 secure :-1 s=READY pgs=14 cs=0 l=1 rev1=1 crypto rx=0x7fa018006fd0 tx=0x7fa018006e40 comp rx=0 tx=0).ready entity=mgr.14116 client_cookie=0 server_cookie=0 in_seq=0 out_seq=0
2024-03-24T10:36:23.564 INFO:teuthology.orchestra.run.smithi028.stdout:/usr/bin/ceph: stderr
2024-03-24T10:36:22.746+0000 7fa029ffb700 1 -- 172.21.15.28:0/3731674475 <== mon.0 v2:172.21.15.28:3300/0 6 ==== mon_command_ack([{"prefix": "get_command_descriptions"}]=0 v0) ==== 72+0+184932 (secure 0 0 0) 0x7fa020010740 con 0x7fa02c107d00
2024-03-24T10:36:23.564 INFO:teuthology.orchestra.run.smithi028.stdout:/usr/bin/ceph: stderr
2024-03-24T10:36:22.955+0000 7fa032c46700 1 -- 172.21.15.28:0/3731674475 --> [v2:172.21.15.28:3300/0,v1:172.21.15.28:6789/0] -- mon_command([{prefix=config set, name=mgr/cephadm/container_init}] v 0) -- 0x7fa02c10c340 con 0x7fa02c107d00
2024-03-24T10:36:23.564 INFO:teuthology.orchestra.run.smithi028.stdout:/usr/bin/ceph: stderr
2024-03-24T10:36:22.958+0000 7fa029ffb700 1 -- 172.21.15.28:0/3731674475 <== mon.0 v2:172.21.15.28:3300/0 7 ==== mon_command_ack([{prefix=config set, name=mgr/cephadm/container_init}]=0 v7)=0 v7) ==== 142+0+0 (secure 0 0 0) 0x7fa020010380 con 0x7fa02c107d00
2024-03-24T10:36:23.564 INFO:teuthology.orchestra.run.smithi028.stdout:/usr/bin/ceph: stderr
2024-03-24T10:36:22.960+0000 7fa032c46700 1 -- 172.21.15.28:0/3731674475 >> [v2:172.21.15.28:6800/332963374,v1:172.21.15.28:6801/332963374] conn(0x7fa01c038ee0 msgr2=0x7fa01c03b3a0 secure :-1 s=STATE_CONNECTION_ESTABLISHED l=1).mark_down
2024-03-24T10:36:23.564 INFO:teuthology.orchestra.run.smithi028.stdout:/usr/bin/ceph: stderr
2024-03-24T10:36:22.960+0000 7fa032c46700 1 --2- 172.21.15.28:0/3731674475 >> [v2:172.21.15.28:6800/332963374,v1:172.21.15.28:6801/332963374] conn(0x7fa01c038ee0 0x7fa01c03b3a0 secure :-1 s=READY pgs=14 cs=0 l=1 rev1=1 crypto rx=0x7fa018006fd0 tx=0x7fa018006e40 comp rx=0 tx=0).stop
2024-03-24T10:36:23.564 INFO:teuthology.orchestra.run.smithi028.stdout:/usr/bin/ceph: stderr
2024-03-24T10:36:22.960+0000 7fa032c46700 1 -- 172.21.15.28:0/3731674475 >> [v2:172.21.15.28:3300/0,v1:172.21.15.28:6789/0] conn(0x7fa02c107d00 msgr2=0x7fa02c19bb60 secure :-1 s=STATE_CONNECTION_ESTABLISHED l=1).mark_down
2024-03-24T10:36:23.564 INFO:teuthology.orchestra.run.smithi028.stdout:/usr/bin/ceph: stderr
2024-03-24T10:36:22.960+0000 7fa032c46700 1 --2- 172.21.15.28:0/3731674475 >> [v2:172.21.15.28:3300/0,v1:172.21.15.28:6789/0] conn(0x7fa02c107d00 0x7fa02c19bb60 secure :-1 s=READY pgs=48 cs=0 l=1 rev1=1 crypto rx=0x7fa020000c00 tx=0x7fa020011920 comp rx=0 tx=0).stop
2024-03-24T10:36:23.564 INFO:teuthology.orchestra.run.smithi028.stdout:/usr/bin/ceph: stderr
2024-03-24T10:36:22.960+0000 7fa032c46700 1 -- 172.21.15.28:0/3731674475 shutdown_connections
2024-03-24T10:36:23.564 INFO:teuthology.orchestra.run.smithi028.stdout:/usr/bin/ceph: stderr
2024-03-24T10:36:22.960+0000 7fa032c46700 1 --2- 172.21.15.28:0/3731674475 >> [v2:172.21.15.28:6800/332963374,v1:172.21.15.28:6801/332963374] conn(0x7fa01c038ee0 0x7fa01c03b3a0 unknown :-1 s=CLOSED pgs=14 cs=0 l=1 rev1=1 crypto rx=0 tx=0 comp rx=0 tx=0).stop
2024-03-24T10:36:23.565 INFO:teuthology.orchestra.run.smithi028.stdout:/usr/bin/ceph: stderr
2024-03-24T10:36:22.960+0000 7fa032c46700 1 --2- 172.21.15.28:0/3731674475 >> [v2:172.21.15.28:3300/0,v1:172.21.15.28:6789/0] conn(0x7fa02c107d00 0x7fa02c19bb60 unknown :-1 s=CLOSED pgs=48 cs=0 l=1 rev1=1 crypto rx=0 tx=0 comp rx=0 tx=0).stop
2024-03-24T10:36:23.565 INFO:teuthology.orchestra.run.smithi028.stdout:/usr/bin/ceph: stderr
2024-03-24T10:36:22.960+0000 7fa032c46700 1 -- 172.21.15.28:0/3731674475 >> 172.21.15.28:0/3731674475 conn(0x7fa02c1032a0 msgr2=0x7fa02c103e10 unknown :-1 s=STATE_NONE l=0).mark_down
2024-03-24T10:36:23.565 INFO:teuthology.orchestra.run.smithi028.stdout:/usr/bin/ceph: stderr
2024-03-24T10:36:22.961+0000 7fa032c46700 1 -- 172.21.15.28:0/3731674475 shutdown_connections
2024-03-24T10:36:23.565 INFO:teuthology.orchestra.run.smithi028.stdout:/usr/bin/ceph: stderr
2024-03-24T10:36:22.961+0000 7fa032c46700 1 -- 172.21.15.28:0/3731674475 wait complete.
2024-03-24T10:36:23.587 INFO:journalctl@ceph.mon.a.smithi028.stdout:Mar 24 10:36:23 smithi028 ceph-mon[32057]: from='mgr.14116 172.21.15.28:0/1763906985' entity='mgr.x'
2024-03-24T10:36:23.587 INFO:journalctl@ceph.mon.a.smithi028.stdout:Mar 24 10:36:23 smithi028 ceph-mon[32057]: from='client.? 172.21.15.28:0/3731674475' entity='client.admin'
2024-03-24T10:36:23.587 INFO:journalctl@ceph.mon.a.smithi028.stdout:Mar 24 10:36:23 smithi028 ceph-mon[32057]: from='mgr.14116 172.21.15.28:0/1763906985' entity='mgr.x'
2024-03-24T10:36:25.060 INFO:teuthology.orchestra.run.smithi028.stdout:/usr/bin/ceph: stderr
2024-03-24T10:36:24.022+0000 7efc1b19d700 1 Processor -- start
2024-03-24T10:36:25.060 INFO:teuthology.orchestra.run.smithi028.stdout:/usr/bin/ceph: stderr
2024-03-24T10:36:24.022+0000 7efc1b19d700 1 -- start start
2024-03-24T10:36:25.060 INFO:teuthology.orchestra.run.smithi028.stdout:/usr/bin/ceph: stderr
