2024-03-24T10:36:01.731+0000 7f363829b700 1 -- start start
2024-03-24T10:36:08.139 INFO:teuthology.orchestra.run.smithi028.stdout:/usr/bin/ceph: stderr
2024-03-24T10:36:01.731+0000 7f363829b700 1 --2- >> [v2:172.21.15.28:3300/0,v1:172.21.15.28:6789/0] conn(0x7f3630108830 0x7f363019bb60 unknown :-1 s=NONE pgs=0 cs=0 l=1 rev1=0 crypto rx=0 tx=0 comp rx=0 tx=0).connect
2024-03-24T10:36:08.139 INFO:teuthology.orchestra.run.smithi028.stdout:/usr/bin/ceph: stderr
2024-03-24T10:36:01.732+0000 7f363829b700 1 -- --> [v2:172.21.15.28:3300/0,v1:172.21.15.28:6789/0] -- mon_getmap magic: 0 -- 0x7f363019c0a0 con 0x7f3630108830
2024-03-24T10:36:08.140 INFO:teuthology.orchestra.run.smithi028.stdout:/usr/bin/ceph: stderr
2024-03-24T10:36:01.732+0000 7f3636037700 1 --2- >> [v2:172.21.15.28:3300/0,v1:172.21.15.28:6789/0] conn(0x7f3630108830 0x7f363019bb60 unknown :-1 s=BANNER_CONNECTING pgs=0 cs=0 l=1 rev1=0 crypto rx=0 tx=0 comp rx=0 tx=0)._handle_peer_banner_payload supported=3 required=0
2024-03-24T10:36:08.140 INFO:teuthology.orchestra.run.smithi028.stdout:/usr/bin/ceph: stderr
2024-03-24T10:36:01.732+0000 7f3636037700 1 --2- >> [v2:172.21.15.28:3300/0,v1:172.21.15.28:6789/0] conn(0x7f3630108830 0x7f363019bb60 unknown :-1 s=HELLO_CONNECTING pgs=0 cs=0 l=1 rev1=1 crypto rx=0 tx=0 comp rx=0 tx=0).handle_hello peer v2:172.21.15.28:3300/0 says I am v2:172.21.15.28:37960/0 (socket says 172.21.15.28:37960)
2024-03-24T10:36:08.140 INFO:teuthology.orchestra.run.smithi028.stdout:/usr/bin/ceph: stderr
2024-03-24T10:36:01.732+0000 7f3636037700 1 -- 172.21.15.28:0/1823345288 learned_addr learned my addr 172.21.15.28:0/1823345288 (peer_addr_for_me v2:172.21.15.28:0/0)
2024-03-24T10:36:08.140 INFO:teuthology.orchestra.run.smithi028.stdout:/usr/bin/ceph: stderr
2024-03-24T10:36:01.732+0000 7f3636037700 1 -- 172.21.15.28:0/1823345288 --> [v2:172.21.15.28:3300/0,v1:172.21.15.28:6789/0] -- mon_subscribe({config=0+,monmap=0+}) -- 0x7f362c009550 con 0x7f3630108830
2024-03-24T10:36:08.140 INFO:teuthology.orchestra.run.smithi028.stdout:/usr/bin/ceph: stderr
2024-03-24T10:36:01.732+0000 7f3636037700 1 --2- 172.21.15.28:0/1823345288 >> [v2:172.21.15.28:3300/0,v1:172.21.15.28:6789/0] conn(0x7f3630108830 0x7f363019bb60 secure :-1 s=READY pgs=25 cs=0 l=1 rev1=1 crypto rx=0x7f362c011670 tx=0x7f362c011bc0 comp rx=0 tx=0).ready entity=mon.0 client_cookie=0 server_cookie=0 in_seq=0 out_seq=0
2024-03-24T10:36:08.140 INFO:teuthology.orchestra.run.smithi028.stdout:/usr/bin/ceph: stderr
2024-03-24T10:36:01.732+0000 7f36277fe700 1 -- 172.21.15.28:0/1823345288 <== mon.0 v2:172.21.15.28:3300/0 1 ==== mon_map magic: 0 ==== 205+0+0 (secure 0 0 0) 0x7f362c003930 con 0x7f3630108830
2024-03-24T10:36:08.140 INFO:teuthology.orchestra.run.smithi028.stdout:/usr/bin/ceph: stderr
2024-03-24T10:36:01.732+0000 7f36277fe700 1 -- 172.21.15.28:0/1823345288 <== mon.0 v2:172.21.15.28:3300/0 2 ==== config(28 keys) ==== 1140+0+0 (secure 0 0 0) 0x7f362c003a90 con 0x7f3630108830
2024-03-24T10:36:08.140 INFO:teuthology.orchestra.run.smithi028.stdout:/usr/bin/ceph: stderr
2024-03-24T10:36:01.732+0000 7f363829b700 1 -- 172.21.15.28:0/1823345288 --> [v2:172.21.15.28:3300/0,v1:172.21.15.28:6789/0] -- mon_subscribe({mgrmap=0+}) -- 0x7f363019c2a0 con 0x7f3630108830
2024-03-24T10:36:08.140 INFO:teuthology.orchestra.run.smithi028.stdout:/usr/bin/ceph: stderr
2024-03-24T10:36:01.732+0000 7f363829b700 1 -- 172.21.15.28:0/1823345288 --> [v2:172.21.15.28:3300/0,v1:172.21.15.28:6789/0] -- mon_subscribe({osdmap=0}) -- 0x7f363019c740 con 0x7f3630108830
2024-03-24T10:36:08.141 INFO:teuthology.orchestra.run.smithi028.stdout:/usr/bin/ceph: stderr
2024-03-24T10:36:01.732+0000 7f36277fe700 1 -- 172.21.15.28:0/1823345288 <== mon.0 v2:172.21.15.28:3300/0 3 ==== mon_map magic: 0 ==== 205+0+0 (secure 0 0 0) 0x7f362c019630 con 0x7f3630108830
2024-03-24T10:36:08.141 INFO:teuthology.orchestra.run.smithi028.stdout:/usr/bin/ceph: stderr
2024-03-24T10:36:01.733+0000 7f36277fe700 1 -- 172.21.15.28:0/1823345288 <== mon.0 v2:172.21.15.28:3300/0 4 ==== mgrmap(e 5) ==== 45928+0+0 (secure 0 0 0) 0x7f362c019990 con 0x7f3630108830
2024-03-24T10:36:08.141 INFO:teuthology.orchestra.run.smithi028.stdout:/usr/bin/ceph: stderr
2024-03-24T10:36:01.733+0000 7f36277fe700 1 --2- 172.21.15.28:0/1823345288 >> [v2:172.21.15.28:6800/4226146584,v1:172.21.15.28:6801/4226146584] conn(0x7f361c038e90 0x7f361c03b350 unknown :-1 s=NONE pgs=0 cs=0 l=1 rev1=0 crypto rx=0 tx=0 comp rx=0 tx=0).connect
2024-03-24T10:36:08.141 INFO:teuthology.orchestra.run.smithi028.stdout:/usr/bin/ceph: stderr
2024-03-24T10:36:01.733+0000 7f36277fe700 1 -- 172.21.15.28:0/1823345288 --> [v2:172.21.15.28:6800/4226146584,v1:172.21.15.28:6801/4226146584] -- command(tid 0: {"prefix": "get_command_descriptions"}) -- 0x7f361c03ba60 con 0x7f361c038e90
2024-03-24T10:36:08.141 INFO:teuthology.orchestra.run.smithi028.stdout:/usr/bin/ceph: stderr
2024-03-24T10:36:01.733+0000 7f36277fe700 1 -- 172.21.15.28:0/1823345288 <== mon.0 v2:172.21.15.28:3300/0 5 ==== osd_map(1..1 src has 1..1) ==== 725+0+0 (secure 0 0 0) 0x7f362c04e090 con 0x7f3630108830
2024-03-24T10:36:08.141 INFO:teuthology.orchestra.run.smithi028.stdout:/usr/bin/ceph: stderr
2024-03-24T10:36:01.733+0000 7f3635836700 1 -- 172.21.15.28:0/1823345288 >> [v2:172.21.15.28:6800/4226146584,v1:172.21.15.28:6801/4226146584] conn(0x7f361c038e90 msgr2=0x7f361c03b350 unknown :-1 s=STATE_CONNECTING_RE l=1).process reconnect failed to v2:172.21.15.28:6800/4226146584
2024-03-24T10:36:08.141 INFO:teuthology.orchestra.run.smithi028.stdout:/usr/bin/ceph: stderr
2024-03-24T10:36:01.733+0000 7f3635836700 1 --2- 172.21.15.28:0/1823345288 >> [v2:172.21.15.28:6800/4226146584,v1:172.21.15.28:6801/4226146584] conn(0x7f361c038e90 0x7f361c03b350 unknown :-1 s=START_CONNECT pgs=0 cs=0 l=1 rev1=0 crypto rx=0 tx=0 comp rx=0 tx=0)._fault waiting 0.200000
2024-03-24T10:36:08.141 INFO:teuthology.orchestra.run.smithi028.stdout:/usr/bin/ceph: stderr
2024-03-24T10:36:01.934+0000 7f3635836700 1 -- 172.21.15.28:0/1823345288 >> [v2:172.21.15.28:6800/4226146584,v1:172.21.15.28:6801/4226146584] conn(0x7f361c038e90 msgr2=0x7f361c03b350 unknown :-1 s=STATE_CONNECTING_RE l=1).process reconnect failed to v2:172.21.15.28:6800/4226146584
2024-03-24T10:36:08.142 INFO:teuthology.orchestra.run.smithi028.stdout:/usr/bin/ceph: stderr
2024-03-24T10:36:01.934+0000 7f3635836700 1 --2- 172.21.15.28:0/1823345288 >> [v2:172.21.15.28:6800/4226146584,v1:172.21.15.28:6801/4226146584] conn(0x7f361c038e90 0x7f361c03b350 unknown :-1 s=START_CONNECT pgs=0 cs=0 l=1 rev1=0 crypto rx=0 tx=0 comp rx=0 tx=0)._fault waiting 0.400000
2024-03-24T10:36:08.142 INFO:teuthology.orchestra.run.smithi028.stdout:/usr/bin/ceph: stderr
2024-03-24T10:36:02.335+0000 7f3635836700 1 -- 172.21.15.28:0/1823345288 >> [v2:172.21.15.28:6800/4226146584,v1:172.21.15.28:6801/4226146584] conn(0x7f361c038e90 msgr2=0x7f361c03b350 unknown :-1 s=STATE_CONNECTING_RE l=1).process reconnect failed to v2:172.21.15.28:6800/4226146584
2024-03-24T10:36:08.142 INFO:teuthology.orchestra.run.smithi028.stdout:/usr/bin/ceph: stderr
2024-03-24T10:36:02.335+0000 7f3635836700 1 --2- 172.21.15.28:0/1823345288 >> [v2:172.21.15.28:6800/4226146584,v1:172.21.15.28:6801/4226146584] conn(0x7f361c038e90 0x7f361c03b350 unknown :-1 s=START_CONNECT pgs=0 cs=0 l=1 rev1=0 crypto rx=0 tx=0 comp rx=0 tx=0)._fault waiting 0.800000
2024-03-24T10:36:08.142 INFO:teuthology.orchestra.run.smithi028.stdout:/usr/bin/ceph: stderr
2024-03-24T10:36:03.136+0000 7f3635836700 1 -- 172.21.15.28:0/1823345288 >> [v2:172.21.15.28:6800/4226146584,v1:172.21.15.28:6801/4226146584] conn(0x7f361c038e90 msgr2=0x7f361c03b350 unknown :-1 s=STATE_CONNECTING_RE l=1).process reconnect failed to v2:172.21.15.28:6800/4226146584
2024-03-24T10:36:08.142 INFO:teuthology.orchestra.run.smithi028.stdout:/usr/bin/ceph: stderr
2024-03-24T10:36:03.136+0000 7f3635836700 1 --2- 172.21.15.28:0/1823345288 >> [v2:172.21.15.28:6800/4226146584,v1:172.21.15.28:6801/4226146584] conn(0x7f361c038e90 0x7f361c03b350 unknown :-1 s=START_CONNECT pgs=0 cs=0 l=1 rev1=0 crypto rx=0 tx=0 comp rx=0 tx=0)._fault waiting 1.600000
2024-03-24T10:36:08.142 INFO:teuthology.orchestra.run.smithi028.stdout:/usr/bin/ceph: stderr
2024-03-24T10:36:04.737+0000 7f3635836700 1 -- 172.21.15.28:0/1823345288 >> [v2:172.21.15.28:6800/4226146584,v1:172.21.15.28:6801/4226146584] conn(0x7f361c038e90 msgr2=0x7f361c03b350 unknown :-1 s=STATE_CONNECTING_RE l=1).process reconnect failed to v2:172.21.15.28:6800/4226146584
2024-03-24T10:36:08.142 INFO:teuthology.orchestra.run.smithi028.stdout:/usr/bin/ceph: stderr
2024-03-24T10:36:04.737+0000 7f3635836700 1 --2- 172.21.15.28:0/1823345288 >> [v2:172.21.15.28:6800/4226146584,v1:172.21.15.28:6801/4226146584] conn(0x7f361c038e90 0x7f361c03b350 unknown :-1 s=START_CONNECT pgs=0 cs=0 l=1 rev1=0 crypto rx=0 tx=0 comp rx=0 tx=0)._fault waiting 3.200000
2024-03-24T10:36:08.142 INFO:teuthology.orchestra.run.smithi028.stdout:/usr/bin/ceph: stderr
2024-03-24T10:36:06.506+0000 7f36277fe700 1 -- 172.21.15.28:0/1823345288 <== mon.0 v2:172.21.15.28:3300/0 6 ==== mgrmap(e 6) ==== 45695+0+0 (secure 0 0 0) 0x7f362c003c00 con 0x7f3630108830
2024-03-24T10:36:08.142 INFO:teuthology.orchestra.run.smithi028.stdout:/usr/bin/ceph: stderr
2024-03-24T10:36:06.506+0000 7f36277fe700 1 -- 172.21.15.28:0/1823345288 >> [v2:172.21.15.28:6800/4226146584,v1:172.21.15.28:6801/4226146584] conn(0x7f361c038e90 msgr2=0x7f361c03b350 unknown :-1 s=STATE_CONNECTING l=1).mark_down
2024-03-24T10:36:08.142 INFO:teuthology.orchestra.run.smithi028.stdout:/usr/bin/ceph: stderr
2024-03-24T10:36:06.506+0000 7f36277fe700 1 --2- 172.21.15.28:0/1823345288 >> [v2:172.21.15.28:6800/4226146584,v1:172.21.15.28:6801/4226146584] conn(0x7f361c038e90 0x7f361c03b350 unknown :-1 s=START_CONNECT pgs=0 cs=0 l=1 rev1=0 crypto rx=0 tx=0 comp rx=0 tx=0).stop
2024-03-24T10:36:08.143 INFO:teuthology.orchestra.run.smithi028.stdout:/usr/bin/ceph: stderr
2024-03-24T10:36:07.507+0000 7f36277fe700 1 -- 172.21.15.28:0/1823345288 <== mon.0 v2:172.21.15.28:3300/0 7 ==== mgrmap(e 7) ==== 45822+0+0 (secure 0 0 0) 0x7f362c04e790 con 0x7f3630108830
2024-03-24T10:36:08.143 INFO:teuthology.orchestra.run.smithi028.stdout:/usr/bin/ceph: stderr
2024-03-24T10:36:07.507+0000 7f36277fe700 1 --2- 172.21.15.28:0/1823345288 >> [v2:172.21.15.28:6800/332963374,v1:172.21.15.28:6801/332963374] conn(0x7f361c03c780 0x7f361c03eb70 unknown :-1 s=NONE pgs=0 cs=0 l=1 rev1=0 crypto rx=0 tx=0 comp rx=0 tx=0).connect
2024-03-24T10:36:08.143 INFO:teuthology.orchestra.run.smithi028.stdout:/usr/bin/ceph: stderr
2024-03-24T10:36:07.507+0000 7f36277fe700 1 -- 172.21.15.28:0/1823345288 --> [v2:172.21.15.28:6800/332963374,v1:172.21.15.28:6801/332963374] -- command(tid 0: {"prefix": "get_command_descriptions"}) -- 0x7f361c03ba60 con 0x7f361c03c780
2024-03-24T10:36:08.143 INFO:teuthology.orchestra.run.smithi028.stdout:/usr/bin/ceph: stderr
2024-03-24T10:36:07.508+0000 7f3635836700 1 --2- 172.21.15.28:0/1823345288 >> [v2:172.21.15.28:6800/332963374,v1:172.21.15.28:6801/332963374] conn(0x7f361c03c780 0x7f361c03eb70 unknown :-1 s=BANNER_CONNECTING pgs=0 cs=0 l=1 rev1=0 crypto rx=0 tx=0 comp rx=0 tx=0)._handle_peer_banner_payload supported=3 required=0
2024-03-24T10:36:08.143 INFO:teuthology.orchestra.run.smithi028.stdout:/usr/bin/ceph: stderr
2024-03-24T10:36:07.508+0000 7f3635836700 1 --2- 172.21.15.28:0/1823345288 >> [v2:172.21.15.28:6800/332963374,v1:172.21.15.28:6801/332963374] conn(0x7f361c03c780 0x7f361c03eb70 secure :-1 s=READY pgs=2 cs=0 l=1 rev1=1 crypto rx=0x7f3620003a10 tx=0x7f3620009290 comp rx=0 tx=0).ready entity=mgr.14116 client_cookie=0 server_cookie=0 in_seq=0 out_seq=0
2024-03-24T10:36:08.143 INFO:teuthology.orchestra.run.smithi028.stdout:/usr/bin/ceph: stderr
2024-03-24T10:36:07.509+0000 7f36277fe700 1 -- 172.21.15.28:0/1823345288 <== mgr.14116 v2:172.21.15.28:6800/332963374 1 ==== command_reply(tid 0: 0 ) ==== 8+0+7774 (secure 0 0 0) 0x7f361c03ba60 con 0x7f361c03c780
2024-03-24T10:36:08.143 INFO:teuthology.orchestra.run.smithi028.stdout:/usr/bin/ceph: stderr
2024-03-24T10:36:07.516+0000 7f363829b700 1 -- 172.21.15.28:0/1823345288 --> [v2:172.21.15.28:6800/332963374,v1:172.21.15.28:6801/332963374] -- command(tid 1: {"prefix": "mgr_status"}) -- 0x7f363010bfc0 con 0x7f361c03c780
2024-03-24T10:36:08.143 INFO:teuthology.orchestra.run.smithi028.stdout:/usr/bin/ceph: stderr
2024-03-24T10:36:07.516+0000 7f36277fe700 1 -- 172.21.15.28:0/1823345288 <== mgr.14116 v2:172.21.15.28:6800/332963374 2 ==== command_reply(tid 1: 0 ) ==== 8+0+51 (secure 0 0 0) 0x7f363010bfc0 con 0x7f361c03c780
2024-03-24T10:36:08.143 INFO:teuthology.orchestra.run.smithi028.stdout:/usr/bin/ceph: stderr
2024-03-24T10:36:07.516+0000 7f363829b700 1 -- 172.21.15.28:0/1823345288 >> [v2:172.21.15.28:6800/332963374,v1:172.21.15.28:6801/332963374] conn(0x7f361c03c780 msgr2=0x7f361c03eb70 secure :-1 s=STATE_CONNECTION_ESTABLISHED l=1).mark_down
2024-03-24T10:36:08.143 INFO:teuthology.orchestra.run.smithi028.stdout:/usr/bin/ceph: stderr
2024-03-24T10:36:07.516+0000 7f363829b700 1 --2- 172.21.15.28:0/1823345288 >> [v2:172.21.15.28:6800/332963374,v1:172.21.15.28:6801/332963374] conn(0x7f361c03c780 0x7f361c03eb70 secure :-1 s=READY pgs=2 cs=0 l=1 rev1=1 crypto rx=0x7f3620003a10 tx=0x7f3620009290 comp rx=0 tx=0).stop
2024-03-24T10:36:08.143 INFO:teuthology.orchestra.run.smithi028.stdout:/usr/bin/ceph: stderr
2024-03-24T10:36:07.516+0000 7f363829b700 1 -- 172.21.15.28:0/1823345288 >> [v2:172.21.15.28:3300/0,v1:172.21.15.28:6789/0] conn(0x7f3630108830 msgr2=0x7f363019bb60 secure :-1 s=STATE_CONNECTION_ESTABLISHED l=1).mark_down
2024-03-24T10:36:08.143 INFO:teuthology.orchestra.run.smithi028.stdout:/usr/bin/ceph: stderr
2024-03-24T10:36:07.516+0000 7f363829b700 1 --2- 172.21.15.28:0/1823345288 >> [v2:172.21.15.28:3300/0,v1:172.21.15.28:6789/0] conn(0x7f3630108830 0x7f363019bb60 secure :-1 s=READY pgs=25 cs=0 l=1 rev1=1 crypto rx=0x7f362c011670 tx=0x7f362c011bc0 comp rx=0 tx=0).stop
2024-03-24T10:36:08.143 INFO:teuthology.orchestra.run.smithi028.stdout:/usr/bin/ceph: stderr
2024-03-24T10:36:07.516+0000 7f363829b700 1 -- 172.21.15.28:0/1823345288 shutdown_connections
2024-03-24T10:36:08.144 INFO:teuthology.orchestra.run.smithi028.stdout:/usr/bin/ceph: stderr
2024-03-24T10:36:07.516+0000 7f363829b700 1 --2- 172.21.15.28:0/1823345288 >> [v2:172.21.15.28:6800/332963374,v1:172.21.15.28:6801/332963374] conn(0x7f361c03c780 0x7f361c03eb70 unknown :-1 s=CLOSED pgs=2 cs=0 l=1 rev1=1 crypto rx=0 tx=0 comp rx=0 tx=0).stop
2024-03-24T10:36:08.144 INFO:teuthology.orchestra.run.smithi028.stdout:/usr/bin/ceph: stderr
2024-03-24T10:36:07.516+0000 7f363829b700 1 --2- 172.21.15.28:0/1823345288 >> [v2:172.21.15.28:3300/0,v1:172.21.15.28:6789/0] conn(0x7f3630108830 0x7f363019bb60 unknown :-1 s=CLOSED pgs=25 cs=0 l=1 rev1=1 crypto rx=0 tx=0 comp rx=0 tx=0).stop
2024-03-24T10:36:08.144 INFO:teuthology.orchestra.run.smithi028.stdout:/usr/bin/ceph: stderr
2024-03-24T10:36:07.516+0000 7f363829b700 1 --2- 172.21.15.28:0/1823345288 >> [v2:172.21.15.28:6800/4226146584,v1:172.21.15.28:6801/4226146584] conn(0x7f361c038e90 0x7f361c03b350 unknown :-1 s=CLOSED pgs=0 cs=0 l=1 rev1=0 crypto rx=0 tx=0 comp rx=0 tx=0).stop
2024-03-24T10:36:08.144 INFO:teuthology.orchestra.run.smithi028.stdout:/usr/bin/ceph: stderr
2024-03-24T10:36:07.516+0000 7f363829b700 1 -- 172.21.15.28:0/1823345288 >> 172.21.15.28:0/1823345288 conn(0x7f3630102260 msgr2=0x7f3630102e10 unknown :-1 s=STATE_NONE l=0).mark_down
2024-03-24T10:36:08.144 INFO:teuthology.orchestra.run.smithi028.stdout:/usr/bin/ceph: stderr
2024-03-24T10:36:07.516+0000 7f363829b700 1 -- 172.21.15.28:0/1823345288 shutdown_connections
2024-03-24T10:36:08.144 INFO:teuthology.orchestra.run.smithi028.stdout:/usr/bin/ceph: stderr
2024-03-24T10:36:07.516+0000 7f363829b700 1 -- 172.21.15.28:0/1823345288 wait complete.
2024-03-24T10:36:08.144 INFO:teuthology.orchestra.run.smithi028.stdout:mgr epoch 5 is available
2024-03-24T10:36:08.144 INFO:teuthology.orchestra.run.smithi028.stdout:Setting orchestrator backend to cephadm...
2024-03-24T10:36:08.824 INFO:journalctl@ceph.mon.a.smithi028.stdout:Mar 24 10:36:08 smithi028 ceph-mon[32057]: [24/Mar/2024:10:36:07] ENGINE Serving on https://172.21.15.28:7150
2024-03-24T10:36:08.824 INFO:journalctl@ceph.mon.a.smithi028.stdout:Mar 24 10:36:08 smithi028 ceph-mon[32057]: [24/Mar/2024:10:36:07] ENGINE Bus STARTED
2024-03-24T10:36:08.824 INFO:journalctl@ceph.mon.a.smithi028.stdout:Mar 24 10:36:08 smithi028 ceph-mon[32057]: from='mgr.14116 172.21.15.28:0/1763906985' entity='mgr.x' cmd=[{"prefix": "config dump", "format": "json"}]: dispatch
2024-03-24T10:36:09.380 INFO:teuthology.orchestra.run.smithi028.stdout:/usr/bin/ceph: stderr
2024-03-24T10:36:08.591+0000 7fbc106b3700 1 Processor -- start
2024-03-24T10:36:09.380 INFO:teuthology.orchestra.run.smithi028.stdout:/usr/bin/ceph: stderr
2024-03-24T10:36:08.591+0000 7fbc106b3700 1 -- start start
2024-03-24T10:36:09.380 INFO:teuthology.orchestra.run.smithi028.stdout:/usr/bin/ceph: stderr
2024-03-24T10:36:08.591+0000 7fbc106b3700 1 --2- >> [v2:172.21.15.28:3300/0,v1:172.21.15.28:6789/0] conn(0x7fbc08107d80 0x7fbc081081a0 unknown :-1 s=NONE pgs=0 cs=0 l=0 rev1=0 crypto rx=0 tx=0 comp rx=0 tx=0).connect
2024-03-24T10:36:09.380 INFO:teuthology.orchestra.run.smithi028.stdout:/usr/bin/ceph: stderr
2024-03-24T10:36:08.591+0000 7fbc106b3700 1 -- --> [v2:172.21.15.28:3300/0,v1:172.21.15.28:6789/0] -- mon_getmap magic: 0 -- 0x7fbc08108770 con 0x7fbc08107d80
2024-03-24T10:36:09.380 INFO:teuthology.orchestra.run.smithi028.stdout:/usr/bin/ceph: stderr
2024-03-24T10:36:08.591+0000 7fbc0e44f700 1 --2- >> [v2:172.21.15.28:3300/0,v1:172.21.15.28:6789/0] conn(0x7fbc08107d80 0x7fbc081081a0 unknown :-1 s=BANNER_CONNECTING pgs=0 cs=0 l=0 rev1=0 crypto rx=0 tx=0 comp rx=0 tx=0)._handle_peer_banner_payload supported=3 required=0
2024-03-24T10:36:09.381 INFO:teuthology.orchestra.run.smithi028.stdout:/usr/bin/ceph: stderr
2024-03-24T10:36:08.591+0000 7fbc0e44f700 1 --2- >> [v2:172.21.15.28:3300/0,v1:172.21.15.28:6789/0] conn(0x7fbc08107d80 0x7fbc081081a0 unknown :-1 s=HELLO_CONNECTING pgs=0 cs=0 l=0 rev1=1 crypto rx=0 tx=0 comp rx=0 tx=0).handle_hello peer v2:172.21.15.28:3300/0 says I am v2:172.21.15.28:46098/0 (socket says 172.21.15.28:46098)
2024-03-24T10:36:09.381 INFO:teuthology.orchestra.run.smithi028.stdout:/usr/bin/ceph: stderr
2024-03-24T10:36:08.591+0000 7fbc0e44f700 1 -- 172.21.15.28:0/4021005670 learned_addr learned my addr 172.21.15.28:0/4021005670 (peer_addr_for_me v2:172.21.15.28:0/0)
2024-03-24T10:36:09.381 INFO:teuthology.orchestra.run.smithi028.stdout:/usr/bin/ceph: stderr
2024-03-24T10:36:08.591+0000 7fbc0e44f700 1 -- 172.21.15.28:0/4021005670 --> [v2:172.21.15.28:3300/0,v1:172.21.15.28:6789/0] -- mon_subscribe({config=0+,monmap=0+}) -- 0x7fbc08108f30 con 0x7fbc08107d80
2024-03-24T10:36:09.381 INFO:teuthology.orchestra.run.smithi028.stdout:/usr/bin/ceph: stderr
2024-03-24T10:36:08.592+0000 7fbc0e44f700 1 --2- 172.21.15.28:0/4021005670 >> [v2:172.21.15.28:3300/0,v1:172.21.15.28:6789/0] conn(0x7fbc08107d80 0x7fbc081081a0 secure :-1 s=READY pgs=33 cs=0 l=1 rev1=1 crypto rx=0x7fbc040098a0 tx=0x7fbc04009bb0 comp rx=0 tx=0).ready entity=mon.0 client_cookie=8dc2883205ef5168 server_cookie=0 in_seq=0 out_seq=0
2024-03-24T10:36:09.381 INFO:teuthology.orchestra.run.smithi028.stdout:/usr/bin/ceph: stderr
2024-03-24T10:36:08.592+0000 7fbc0d44d700 1 -- 172.21.15.28:0/4021005670 <== mon.0 v2:172.21.15.28:3300/0 1 ==== mon_map magic: 0 ==== 205+0+0 (secure 0 0 0) 0x7fbc04004160 con 0x7fbc08107d80
2024-03-24T10:36:09.381 INFO:teuthology.orchestra.run.smithi028.stdout:/usr/bin/ceph: stderr
2024-03-24T10:36:08.592+0000 7fbc0d44d700 1 -- 172.21.15.28:0/4021005670 <== mon.0 v2:172.21.15.28:3300/0 2 ==== config(28 keys) ==== 1140+0+0 (secure 0 0 0) 0x7fbc040042c0 con 0x7fbc08107d80
2024-03-24T10:36:09.381 INFO:teuthology.orchestra.run.smithi028.stdout:/usr/bin/ceph: stderr
2024-03-24T10:36:08.592+0000 7fbc0d44d700 1 -- 172.21.15.28:0/4021005670 <== mon.0 v2:172.21.15.28:3300/0 3 ==== mon_map magic: 0 ==== 205+0+0 (secure 0 0 0) 0x7fbc04011b60 con 0x7fbc08107d80
2024-03-24T10:36:09.381 INFO:teuthology.orchestra.run.smithi028.stdout:/usr/bin/ceph: stderr
2024-03-24T10:36:08.592+0000 7fbc106b3700 1 -- 172.21.15.28:0/4021005670 >> [v2:172.21.15.28:3300/0,v1:172.21.15.28:6789/0] conn(0x7fbc08107d80 msgr2=0x7fbc081081a0 secure :-1 s=STATE_CONNECTION_ESTABLISHED l=1).mark_down
2024-03-24T10:36:09.381 INFO:teuthology.orchestra.run.smithi028.stdout:/usr/bin/ceph: stderr
2024-03-24T10:36:08.592+0000 7fbc106b3700 1 --2- 172.21.15.28:0/4021005670 >> [v2:172.21.15.28:3300/0,v1:172.21.15.28:6789/0] conn(0x7fbc08107d80 0x7fbc081081a0 secure :-1 s=READY pgs=33 cs=0 l=1 rev1=1 crypto rx=0x7fbc040098a0 tx=0x7fbc04009bb0 comp rx=0 tx=0).stop
2024-03-24T10:36:09.381 INFO:teuthology.orchestra.run.smithi028.stdout:/usr/bin/ceph: stderr
2024-03-24T10:36:08.593+0000 7fbc106b3700 1 -- 172.21.15.28:0/4021005670 shutdown_connections
2024-03-24T10:36:09.381 INFO:teuthology.orchestra.run.smithi028.stdout:/usr/bin/ceph: stderr
2024-03-24T10:36:08.593+0000 7fbc106b3700 1 --2- 172.21.15.28:0/4021005670 >> [v2:172.21.15.28:3300/0,v1:172.21.15.28:6789/0] conn(0x7fbc08107d80 0x7fbc081081a0 unknown :-1 s=CLOSED pgs=33 cs=0 l=1 rev1=1 crypto rx=0 tx=0 comp rx=0 tx=0).stop
2024-03-24T10:36:09.381 INFO:teuthology.orchestra.run.smithi028.stdout:/usr/bin/ceph: stderr
2024-03-24T10:36:08.593+0000 7fbc106b3700 1 -- 172.21.15.28:0/4021005670 >> 172.21.15.28:0/4021005670 conn(0x7fbc08103340 msgr2=0x7fbc08105760 unknown :-1 s=STATE_NONE l=0).mark_down
2024-03-24T10:36:09.381 INFO:teuthology.orchestra.run.smithi028.stdout:/usr/bin/ceph: stderr
2024-03-24T10:36:08.593+0000 7fbc106b3700 1 -- 172.21.15.28:0/4021005670 shutdown_connections
2024-03-24T10:36:09.381 INFO:teuthology.orchestra.run.smithi028.stdout:/usr/bin/ceph: stderr
2024-03-24T10:36:08.593+0000 7fbc106b3700 1 -- 172.21.15.28:0/4021005670 wait complete.
2024-03-24T10:36:09.382 INFO:teuthology.orchestra.run.smithi028.stdout:/usr/bin/ceph: stderr
2024-03-24T10:36:08.593+0000 7fbc106b3700 1 Processor -- start
2024-03-24T10:36:09.382 INFO:teuthology.orchestra.run.smithi028.stdout:/usr/bin/ceph: stderr
2024-03-24T10:36:08.593+0000 7fbc106b3700 1 -- start start
2024-03-24T10:36:09.382 INFO:teuthology.orchestra.run.smithi028.stdout:/usr/bin/ceph: stderr
2024-03-24T10:36:08.593+0000 7fbc106b3700 1 --2- >> [v2:172.21.15.28:3300/0,v1:172.21.15.28:6789/0] conn(0x7fbc08107d80 0x7fbc0819bb70 unknown :-1 s=NONE pgs=0 cs=0 l=1 rev1=0 crypto rx=0 tx=0 comp rx=0 tx=0).connect
2024-03-24T10:36:09.382 INFO:teuthology.orchestra.run.smithi028.stdout:/usr/bin/ceph: stderr
2024-03-24T10:36:08.593+0000 7fbc106b3700 1 -- --> [v2:172.21.15.28:3300/0,v1:172.21.15.28:6789/0] -- mon_getmap magic: 0 -- 0x7fbc0819c0b0 con 0x7fbc08107d80
2024-03-24T10:36:09.382 INFO:teuthology.orchestra.run.smithi028.stdout:/usr/bin/ceph: stderr
2024-03-24T10:36:08.594+0000 7fbc0e44f700 1 --2- >> [v2:172.21.15.28:3300/0,v1:172.21.15.28:6789/0] conn(0x7fbc08107d80 0x7fbc0819bb70 unknown :-1 s=BANNER_CONNECTING pgs=0 cs=0 l=1 rev1=0 crypto rx=0 tx=0 comp rx=0 tx=0)._handle_peer_banner_payload supported=3 required=0
2024-03-24T10:36:09.382 INFO:teuthology.orchestra.run.smithi028.stdout:/usr/bin/ceph: stderr
2024-03-24T10:36:08.594+0000 7fbc0e44f700 1 --2- >> [v2:172.21.15.28:3300/0,v1:172.21.15.28:6789/0] conn(0x7fbc08107d80 0x7fbc0819bb70 unknown :-1 s=HELLO_CONNECTING pgs=0 cs=0 l=1 rev1=1 crypto rx=0 tx=0 comp rx=0 tx=0).handle_hello peer v2:172.21.15.28:3300/0 says I am v2:172.21.15.28:46100/0 (socket says 172.21.15.28:46100)
2024-03-24T10:36:09.382 INFO:teuthology.orchestra.run.smithi028.stdout:/usr/bin/ceph: stderr
2024-03-24T10:36:08.594+0000 7fbc0e44f700 1 -- 172.21.15.28:0/1586389764 learned_addr learned my addr 172.21.15.28:0/1586389764 (peer_addr_for_me v2:172.21.15.28:0/0)
2024-03-24T10:36:09.382 INFO:teuthology.orchestra.run.smithi028.stdout:/usr/bin/ceph: stderr
2024-03-24T10:36:08.594+0000 7fbc0e44f700 1 -- 172.21.15.28:0/1586389764 --> [v2:172.21.15.28:3300/0,v1:172.21.15.28:6789/0] -- mon_subscribe({config=0+,monmap=0+}) -- 0x7fbc04009550 con 0x7fbc08107d80
2024-03-24T10:36:09.382 INFO:teuthology.orchestra.run.smithi028.stdout:/usr/bin/ceph: stderr
2024-03-24T10:36:08.594+0000 7fbc0e44f700 1 --2- 172.21.15.28:0/1586389764 >> [v2:172.21.15.28:3300/0,v1:172.21.15.28:6789/0] conn(0x7fbc08107d80 0x7fbc0819bb70 secure :-1 s=READY pgs=34 cs=0 l=1 rev1=1 crypto rx=0x7fbc04003fb0 tx=0x7fbc04011bc0 comp rx=0 tx=0).ready entity=mon.0 client_cookie=0 server_cookie=0 in_seq=0 out_seq=0
2024-03-24T10:36:09.382 INFO:teuthology.orchestra.run.smithi028.stdout:/usr/bin/ceph: stderr
2024-03-24T10:36:08.594+0000 7fbbff7fe700 1 -- 172.21.15.28:0/1586389764 <== mon.0 v2:172.21.15.28:3300/0 1 ==== mon_map magic: 0 ==== 205+0+0 (secure 0 0 0) 0x7fbc04003af0 con 0x7fbc08107d80
2024-03-24T10:36:09.382 INFO:teuthology.orchestra.run.smithi028.stdout:/usr/bin/ceph: stderr
2024-03-24T10:36:08.594+0000 7fbbff7fe700 1 -- 172.21.15.28:0/1586389764 <== mon.0 v2:172.21.15.28:3300/0 2 ==== config(28 keys) ==== 1140+0+0 (secure 0 0 0) 0x7fbc04003c50 con 0x7fbc08107d80
2024-03-24T10:36:09.382 INFO:teuthology.orchestra.run.smithi028.stdout:/usr/bin/ceph: stderr
2024-03-24T10:36:08.594+0000 7fbc106b3700 1 -- 172.21.15.28:0/1586389764 --> [v2:172.21.15.28:3300/0,v1:172.21.15.28:6789/0] -- mon_subscribe({mgrmap=0+}) -- 0x7fbc0819c2b0 con 0x7fbc08107d80
2024-03-24T10:36:09.382 INFO:teuthology.orchestra.run.smithi028.stdout:/usr/bin/ceph: stderr
2024-03-24T10:36:08.594+0000 7fbbff7fe700 1 -- 172.21.15.28:0/1586389764 <== mon.0 v2:172.21.15.28:3300/0 3 ==== mon_map magic: 0 ==== 205+0+0 (secure 0 0 0) 0x7fbc04024760 con 0x7fbc08107d80
2024-03-24T10:36:09.383 INFO:teuthology.orchestra.run.smithi028.stdout:/usr/bin/ceph: stderr
2024-03-24T10:36:08.594+0000 7fbc106b3700 1 -- 172.21.15.28:0/1586389764 --> [v2:172.21.15.28:3300/0,v1:172.21.15.28:6789/0] -- mon_subscribe({osdmap=0}) -- 0x7fbc0819c750 con 0x7fbc08107d80
2024-03-24T10:36:09.383 INFO:teuthology.orchestra.run.smithi028.stdout:/usr/bin/ceph: stderr
2024-03-24T10:36:08.595+0000 7fbbff7fe700 1 -- 172.21.15.28:0/1586389764 <== mon.0 v2:172.21.15.28:3300/0 4 ==== mgrmap(e 8) ==== 45928+0+0 (secure 0 0 0) 0x7fbc0402d3f0 con 0x7fbc08107d80
2024-03-24T10:36:09.383 INFO:teuthology.orchestra.run.smithi028.stdout:/usr/bin/ceph: stderr
2024-03-24T10:36:08.595+0000 7fbbff7fe700 1 --2- 172.21.15.28:0/1586389764 >> [v2:172.21.15.28:6800/332963374,v1:172.21.15.28:6801/332963374] conn(0x7fbbf4038ee0 0x7fbbf403b3a0 unknown :-1 s=NONE pgs=0 cs=0 l=1 rev1=0 crypto rx=0 tx=0 comp rx=0 tx=0).connect
2024-03-24T10:36:09.383 INFO:teuthology.orchestra.run.smithi028.stdout:/usr/bin/ceph: stderr
2024-03-24T10:36:08.595+0000 7fbc106b3700 1 -- 172.21.15.28:0/1586389764 --> [v2:172.21.15.28:3300/0,v1:172.21.15.28:6789/0] -- mon_command({"prefix": "get_command_descriptions"} v 0) -- 0x7fbc0810c160 con 0x7fbc08107d80
2024-03-24T10:36:09.383 INFO:teuthology.orchestra.run.smithi028.stdout:/usr/bin/ceph: stderr
2024-03-24T10:36:08.595+0000 7fbbff7fe700 1 -- 172.21.15.28:0/1586389764 <== mon.0 v2:172.21.15.28:3300/0 5 ==== osd_map(2..2 src has 1..2) ==== 940+0+0 (secure 0 0 0) 0x7fbc0404cff0 con 0x7fbc08107d80
2024-03-24T10:36:09.383 INFO:teuthology.orchestra.run.smithi028.stdout:/usr/bin/ceph: stderr
2024-03-24T10:36:08.595+0000 7fbc0dc4e700 1 --2- 172.21.15.28:0/1586389764 >> [v2:172.21.15.28:6800/332963374,v1:172.21.15.28:6801/332963374] conn(0x7fbbf4038ee0 0x7fbbf403b3a0 unknown :-1 s=BANNER_CONNECTING pgs=0 cs=0 l=1 rev1=0 crypto rx=0 tx=0 comp rx=0 tx=0)._handle_peer_banner_payload supported=3 required=0
2024-03-24T10:36:09.383 INFO:teuthology.orchestra.run.smithi028.stdout:/usr/bin/ceph: stderr
2024-03-24T10:36:08.596+0000 7fbc0dc4e700 1 --2- 172.21.15.28:0/1586389764 >> [v2:172.21.15.28:6800/332963374,v1:172.21.15.28:6801/332963374] conn(0x7fbbf4038ee0 0x7fbbf403b3a0 secure :-1 s=READY pgs=7 cs=0 l=1 rev1=1 crypto rx=0x7fbbf8006fd0 tx=0x7fbbf8006e40 comp rx=0 tx=0).ready entity=mgr.14116 client_cookie=0 server_cookie=0 in_seq=0 out_seq=0
2024-03-24T10:36:09.383 INFO:teuthology.orchestra.run.smithi028.stdout:/usr/bin/ceph: stderr
2024-03-24T10:36:08.601+0000 7fbbff7fe700 1 -- 172.21.15.28:0/1586389764 <== mon.0 v2:172.21.15.28:3300/0 6 ==== mon_command_ack([{"prefix": "get_command_descriptions"}]=0 v0) ==== 72+0+184932 (secure 0 0 0) 0x7fbc0402d6f0 con 0x7fbc08107d80
2024-03-24T10:36:09.383 INFO:teuthology.orchestra.run.smithi028.stdout:/usr/bin/ceph: stderr
2024-03-24T10:36:08.824+0000 7fbc106b3700 1 -- 172.21.15.28:0/1586389764 --> [v2:172.21.15.28:6800/332963374,v1:172.21.15.28:6801/332963374] -- mgr_command(tid 0: {"prefix": "orch set backend", "module_name": "cephadm", "target": ["mon-mgr", ""]}) -- 0x7fbc081045e0 con 0x7fbbf4038ee0
2024-03-24T10:36:09.383 INFO:teuthology.orchestra.run.smithi028.stdout:/usr/bin/ceph: stderr
2024-03-24T10:36:08.830+0000 7fbbff7fe700 1 -- 172.21.15.28:0/1586389764 <== mgr.14116 v2:172.21.15.28:6800/332963374 1 ==== mgr_command_reply(tid 0: 0 ) ==== 8+0+0 (secure 0 0 0) 0x7fbc081045e0 con 0x7fbbf4038ee0
2024-03-24T10:36:09.384 INFO:teuthology.orchestra.run.smithi028.stdout:/usr/bin/ceph: stderr
2024-03-24T10:36:08.832+0000 7fbc106b3700 1 -- 172.21.15.28:0/1586389764 >> [v2:172.21.15.28:6800/332963374,v1:172.21.15.28:6801/332963374] conn(0x7fbbf4038ee0 msgr2=0x7fbbf403b3a0 secure :-1 s=STATE_CONNECTION_ESTABLISHED l=1).mark_down
2024-03-24T10:36:09.384 INFO:teuthology.orchestra.run.smithi028.stdout:/usr/bin/ceph: stderr
2024-03-24T10:36:08.832+0000 7fbc106b3700 1 --2- 172.21.15.28:0/1586389764 >> [v2:172.21.15.28:6800/332963374,v1:172.21.15.28:6801/332963374] conn(0x7fbbf4038ee0 0x7fbbf403b3a0 secure :-1 s=READY pgs=7 cs=0 l=1 rev1=1 crypto rx=0x7fbbf8006fd0 tx=0x7fbbf8006e40 comp rx=0 tx=0).stop
2024-03-24T10:36:09.384 INFO:teuthology.orchestra.run.smithi028.stdout:/usr/bin/ceph: stderr
2024-03-24T10:36:08.832+0000 7fbc106b3700 1 -- 172.21.15.28:0/1586389764 >> [v2:172.21.15.28:3300/0,v1:172.21.15.28:6789/0] conn(0x7fbc08107d80 msgr2=0x7fbc0819bb70 secure :-1 s=STATE_CONNECTION_ESTABLISHED l=1).mark_down
2024-03-24T10:36:09.384 INFO:teuthology.orchestra.run.smithi028.stdout:/usr/bin/ceph: stderr
2024-03-24T10:36:08.832+0000 7fbc106b3700 1 --2- 172.21.15.28:0/1586389764 >> [v2:172.21.15.28:3300/0,v1:172.21.15.28:6789/0] conn(0x7fbc08107d80 0x7fbc0819bb70 secure :-1 s=READY pgs=34 cs=0 l=1 rev1=1 crypto rx=0x7fbc04003fb0 tx=0x7fbc04011bc0 comp rx=0 tx=0).stop
2024-03-24T10:36:09.384 INFO:teuthology.orchestra.run.smithi028.stdout:/usr/bin/ceph: stderr
2024-03-24T10:36:08.832+0000 7fbc106b3700 1 -- 172.21.15.28:0/1586389764 shutdown_connections
2024-03-24T10:36:09.384 INFO:teuthology.orchestra.run.smithi028.stdout:/usr/bin/ceph: stderr
2024-03-24T10:36:08.832+0000 7fbc106b3700 1 --2- 172.21.15.28:0/1586389764 >> [v2:172.21.15.28:6800/332963374,v1:172.21.15.28:6801/332963374] conn(0x7fbbf4038ee0 0x7fbbf403b3a0 unknown :-1 s=CLOSED pgs=7 cs=0 l=1 rev1=1 crypto rx=0 tx=0 comp rx=0 tx=0).stop
2024-03-24T10:36:09.384 INFO:teuthology.orchestra.run.smithi028.stdout:/usr/bin/ceph: stderr
2024-03-24T10:36:08.832+0000 7fbc106b3700 1 --2- 172.21.15.28:0/1586389764 >> [v2:172.21.15.28:3300/0,v1:172.21.15.28:6789/0] conn(0x7fbc08107d80 0x7fbc0819bb70 unknown :-1 s=CLOSED pgs=34 cs=0 l=1 rev1=1 crypto rx=0 tx=0 comp rx=0 tx=0).stop
2024-03-24T10:36:09.384 INFO:teuthology.orchestra.run.smithi028.stdout:/usr/bin/ceph: stderr
2024-03-24T10:36:08.832+0000 7fbc106b3700 1 -- 172.21.15.28:0/1586389764 >> 172.21.15.28:0/1586389764 conn(0x7fbc08103340 msgr2=0x7fbc08103ed0 unknown :-1 s=STATE_NONE l=0).mark_down
2024-03-24T10:36:09.384 INFO:teuthology.orchestra.run.smithi028.stdout:/usr/bin/ceph: stderr
2024-03-24T10:36:08.832+0000 7fbc106b3700 1 -- 172.21.15.28:0/1586389764 shutdown_connections
2024-03-24T10:36:09.384 INFO:teuthology.orchestra.run.smithi028.stdout:/usr/bin/ceph: stderr
2024-03-24T10:36:08.832+0000 7fbc106b3700 1 -- 172.21.15.28:0/1586389764 wait complete.
2024-03-24T10:36:09.774 INFO:journalctl@ceph.mon.a.smithi028.stdout:Mar 24 10:36:09 smithi028 ceph-mon[32057]: mgrmap e8: x(active, since 2s)
2024-03-24T10:36:09.774 INFO:journalctl@ceph.mon.a.smithi028.stdout:Mar 24 10:36:09 smithi028 ceph-mon[32057]: from='client.14128 -' entity='client.admin' cmd=[{"prefix": "orch set backend", "module_name": "cephadm", "target": ["mon-mgr", ""]}]: dispatch
2024-03-24T10:36:09.774 INFO:journalctl@ceph.mon.a.smithi028.stdout:Mar 24 10:36:09 smithi028 ceph-mon[32057]: from='mgr.14116 172.21.15.28:0/1763906985' entity='mgr.x'
2024-03-24T10:36:09.774 INFO:journalctl@ceph.mon.a.smithi028.stdout:Mar 24 10:36:09 smithi028 ceph-mon[32057]: from='mgr.14116 172.21.15.28:0/1763906985' entity='mgr.x' cmd=[{"prefix": "config dump", "format": "json"}]: dispatch
2024-03-24T10:36:10.587 INFO:journalctl@ceph.mon.a.smithi028.stdout:Mar 24 10:36:10 smithi028 ceph-mon[32057]: from='client.14130 -' entity='client.admin' cmd=[{"prefix": "cephadm set-user", "user": "root", "target": ["mon-mgr", ""]}]: dispatch
2024-03-24T10:36:10.603 INFO:teuthology.orchestra.run.smithi028.stdout:/usr/bin/ceph: stdout value unchanged
2024-03-24T10:36:10.603 INFO:teuthology.orchestra.run.smithi028.stdout:/usr/bin/ceph: stderr
2024-03-24T10:36:09.801+0000 7fcf57299700 1 Processor -- start
2024-03-24T10:36:10.604 INFO:teuthology.orchestra.run.smithi028.stdout:/usr/bin/ceph: stderr
2024-03-24T10:36:09.802+0000 7fcf57299700 1 -- start start
2024-03-24T10:36:10.604 INFO:teuthology.orchestra.run.smithi028.stdout:/usr/bin/ceph: stderr
2024-03-24T10:36:09.802+0000 7fcf57299700 1 --2- >> [v2:172.21.15.28:3300/0,v1:172.21.15.28:6789/0] conn(0x7fcf50107d80 0x7fcf501081a0 unknown :-1 s=NONE pgs=0 cs=0 l=0 rev1=0 crypto rx=0 tx=0 comp rx=0 tx=0).connect
2024-03-24T10:36:10.604 INFO:teuthology.orchestra.run.smithi028.stdout:/usr/bin/ceph: stderr
2024-03-24T10:36:09.802+0000 7fcf57299700 1 -- --> [v2:172.21.15.28:3300/0,v1:172.21.15.28:6789/0] -- mon_getmap magic: 0 -- 0x7fcf50108770 con 0x7fcf50107d80
2024-03-24T10:36:10.604 INFO:teuthology.orchestra.run.smithi028.stdout:/usr/bin/ceph: stderr
2024-03-24T10:36:09.802+0000 7fcf55035700 1 --2- >> [v2:172.21.15.28:3300/0,v1:172.21.15.28:6789/0] conn(0x7fcf50107d80 0x7fcf501081a0 unknown :-1 s=BANNER_CONNECTING pgs=0 cs=0 l=0 rev1=0 crypto rx=0 tx=0 comp rx=0 tx=0)._handle_peer_banner_payload supported=3 required=0
2024-03-24T10:36:10.604 INFO:teuthology.orchestra.run.smithi028.stdout:/usr/bin/ceph: stderr
2024-03-24T10:36:09.802+0000 7fcf55035700 1 --2- >> [v2:172.21.15.28:3300/0,v1:172.21.15.28:6789/0] conn(0x7fcf50107d80 0x7fcf501081a0 unknown :-1 s=HELLO_CONNECTING pgs=0 cs=0 l=0 rev1=1 crypto rx=0 tx=0 comp rx=0 tx=0).handle_hello peer v2:172.21.15.28:3300/0 says I am v2:172.21.15.28:46114/0 (socket says 172.21.15.28:46114)
2024-03-24T10:36:10.604 INFO:teuthology.orchestra.run.smithi028.stdout:/usr/bin/ceph: stderr
2024-03-24T10:36:09.802+0000 7fcf55035700 1 -- 172.21.15.28:0/4268399366 learned_addr learned my addr 172.21.15.28:0/4268399366 (peer_addr_for_me v2:172.21.15.28:0/0)
2024-03-24T10:36:10.604 INFO:teuthology.orchestra.run.smithi028.stdout:/usr/bin/ceph: stderr
2024-03-24T10:36:09.802+0000 7fcf55035700 1 -- 172.21.15.28:0/4268399366 --> [v2:172.21.15.28:3300/0,v1:172.21.15.28:6789/0] -- mon_subscribe({config=0+,monmap=0+}) -- 0x7fcf50108f30 con 0x7fcf50107d80
2024-03-24T10:36:10.604 INFO:teuthology.orchestra.run.smithi028.stdout:/usr/bin/ceph: stderr
2024-03-24T10:36:09.802+0000 7fcf55035700 1 --2- 172.21.15.28:0/4268399366 >> [v2:172.21.15.28:3300/0,v1:172.21.15.28:6789/0] conn(0x7fcf50107d80 0x7fcf501081a0 secure :-1 s=READY pgs=35 cs=0 l=1 rev1=1 crypto rx=0x7fcf400098a0 tx=0x7fcf40009bb0 comp rx=0 tx=0).ready entity=mon.0 client_cookie=4d5cae2949eaa8cd server_cookie=0 in_seq=0 out_seq=0
2024-03-24T10:36:10.605 INFO:teuthology.orchestra.run.smithi028.stdout:/usr/bin/ceph: stderr
2024-03-24T10:36:09.803+0000 7fcf47fff700 1 -- 172.21.15.28:0/4268399366 <== mon.0 v2:172.21.15.28:3300/0 1 ==== mon_map magic: 0 ==== 205+0+0 (secure 0 0 0) 0x7fcf40004160 con 0x7fcf50107d80
2024-03-24T10:36:10.605 INFO:teuthology.orchestra.run.smithi028.stdout:/usr/bin/ceph: stderr
2024-03-24T10:36:09.803+0000 7fcf47fff700 1 -- 172.21.15.28:0/4268399366 <== mon.0 v2:172.21.15.28:3300/0 2 ==== config(28 keys) ==== 1140+0+0 (secure 0 0 0) 0x7fcf400042c0 con 0x7fcf50107d80
2024-03-24T10:36:10.605 INFO:teuthology.orchestra.run.smithi028.stdout:/usr/bin/ceph: stderr
2024-03-24T10:36:09.803+0000 7fcf47fff700 1 -- 172.21.15.28:0/4268399366 <== mon.0 v2:172.21.15.28:3300/0 3 ==== mon_map magic: 0 ==== 205+0+0 (secure 0 0 0) 0x7fcf40011b60 con 0x7fcf50107d80
2024-03-24T10:36:10.605 INFO:teuthology.orchestra.run.smithi028.stdout:/usr/bin/ceph: stderr
2024-03-24T10:36:09.803+0000 7fcf57299700 1 -- 172.21.15.28:0/4268399366 >> [v2:172.21.15.28:3300/0,v1:172.21.15.28:6789/0] conn(0x7fcf50107d80 msgr2=0x7fcf501081a0 secure :-1 s=STATE_CONNECTION_ESTABLISHED l=1).mark_down
2024-03-24T10:36:10.605 INFO:teuthology.orchestra.run.smithi028.stdout:/usr/bin/ceph: stderr
2024-03-24T10:36:09.803+0000 7fcf57299700 1 --2- 172.21.15.28:0/4268399366 >> [v2:172.21.15.28:3300/0,v1:172.21.15.28:6789/0] conn(0x7fcf50107d80 0x7fcf501081a0 secure :-1 s=READY pgs=35 cs=0 l=1 rev1=1 crypto rx=0x7fcf400098a0 tx=0x7fcf40009bb0 comp rx=0 tx=0).stop
2024-03-24T10:36:10.605 INFO:teuthology.orchestra.run.smithi028.stdout:/usr/bin/ceph: stderr
2024-03-24T10:36:09.803+0000 7fcf57299700 1 -- 172.21.15.28:0/4268399366 shutdown_connections
2024-03-24T10:36:10.605 INFO:teuthology.orchestra.run.smithi028.stdout:/usr/bin/ceph: stderr
2024-03-24T10:36:09.803+0000 7fcf57299700 1 --2- 172.21.15.28:0/4268399366 >> [v2:172.21.15.28:3300/0,v1:172.21.15.28:6789/0] conn(0x7fcf50107d80 0x7fcf501081a0 unknown :-1 s=CLOSED pgs=35 cs=0 l=1 rev1=1 crypto rx=0 tx=0 comp rx=0 tx=0).stop
2024-03-24T10:36:10.605 INFO:teuthology.orchestra.run.smithi028.stdout:/usr/bin/ceph: stderr
2024-03-24T10:36:09.803+0000 7fcf57299700 1 -- 172.21.15.28:0/4268399366 >> 172.21.15.28:0/4268399366 conn(0x7fcf50103340 msgr2=0x7fcf50105760 unknown :-1 s=STATE_NONE l=0).mark_down
2024-03-24T10:36:10.605 INFO:teuthology.orchestra.run.smithi028.stdout:/usr/bin/ceph: stderr
2024-03-24T10:36:09.803+0000 7fcf57299700 1 -- 172.21.15.28:0/4268399366 shutdown_connections
2024-03-24T10:36:10.605 INFO:teuthology.orchestra.run.smithi028.stdout:/usr/bin/ceph: stderr
2024-03-24T10:36:09.803+0000 7fcf57299700 1 -- 172.21.15.28:0/4268399366 wait complete.
2024-03-24T10:36:10.605 INFO:teuthology.orchestra.run.smithi028.stdout:/usr/bin/ceph: stderr
2024-03-24T10:36:09.804+0000 7fcf57299700 1 Processor -- start
2024-03-24T10:36:10.605 INFO:teuthology.orchestra.run.smithi028.stdout:/usr/bin/ceph: stderr
2024-03-24T10:36:09.804+0000 7fcf57299700 1 -- start start
2024-03-24T10:36:10.605 INFO:teuthology.orchestra.run.smithi028.stdout:/usr/bin/ceph: stderr
2024-03-24T10:36:09.804+0000 7fcf57299700 1 --2- >> [v2:172.21.15.28:3300/0,v1:172.21.15.28:6789/0] conn(0x7fcf50107d80 0x7fcf5007db90 unknown :-1 s=NONE pgs=0 cs=0 l=1 rev1=0 crypto rx=0 tx=0 comp rx=0 tx=0).connect
2024-03-24T10:36:10.606 INFO:teuthology.orchestra.run.smithi028.stdout:/usr/bin/ceph: stderr
2024-03-24T10:36:09.804+0000 7fcf57299700 1 -- --> [v2:172.21.15.28:3300/0,v1:172.21.15.28:6789/0] -- mon_getmap magic: 0 -- 0x7fcf5007e0d0 con 0x7fcf50107d80
2024-03-24T10:36:10.606 INFO:teuthology.orchestra.run.smithi028.stdout:/usr/bin/ceph: stderr
2024-03-24T10:36:09.804+0000 7fcf55035700 1 --2- >> [v2:172.21.15.28:3300/0,v1:172.21.15.28:6789/0] conn(0x7fcf50107d80 0x7fcf5007db90 unknown :-1 s=BANNER_CONNECTING pgs=0 cs=0 l=1 rev1=0 crypto rx=0 tx=0 comp rx=0 tx=0)._handle_peer_banner_payload supported=3 required=0
2024-03-24T10:36:10.606 INFO:teuthology.orchestra.run.smithi028.stdout:/usr/bin/ceph: stderr
2024-03-24T10:36:09.804+0000 7fcf55035700 1 --2- >> [v2:172.21.15.28:3300/0,v1:172.21.15.28:6789/0] conn(0x7fcf50107d80 0x7fcf5007db90 unknown :-1 s=HELLO_CONNECTING pgs=0 cs=0 l=1 rev1=1 crypto rx=0 tx=0 comp rx=0 tx=0).handle_hello peer v2:172.21.15.28:3300/0 says I am v2:172.21.15.28:46122/0 (socket says 172.21.15.28:46122)
2024-03-24T10:36:10.606 INFO:teuthology.orchestra.run.smithi028.stdout:/usr/bin/ceph: stderr
2024-03-24T10:36:09.804+0000 7fcf55035700 1 -- 172.21.15.28:0/2536359158 learned_addr learned my addr 172.21.15.28:0/2536359158 (peer_addr_for_me v2:172.21.15.28:0/0)
2024-03-24T10:36:10.606 INFO:teuthology.orchestra.run.smithi028.stdout:/usr/bin/ceph: stderr
2024-03-24T10:36:09.805+0000 7fcf55035700 1 -- 172.21.15.28:0/2536359158 --> [v2:172.21.15.28:3300/0,v1:172.21.15.28:6789/0] -- mon_subscribe({config=0+,monmap=0+}) -- 0x7fcf40009550 con 0x7fcf50107d80
2024-03-24T10:36:10.606 INFO:teuthology.orchestra.run.smithi028.stdout:/usr/bin/ceph: stderr
2024-03-24T10:36:09.805+0000 7fcf55035700 1 --2- 172.21.15.28:0/2536359158 >> [v2:172.21.15.28:3300/0,v1:172.21.15.28:6789/0] conn(0x7fcf50107d80 0x7fcf5007db90 secure :-1 s=READY pgs=36 cs=0 l=1 rev1=1 crypto rx=0x7fcf40009520 tx=0x7fcf40011be0 comp rx=0 tx=0).ready entity=mon.0 client_cookie=0 server_cookie=0 in_seq=0 out_seq=0
2024-03-24T10:36:10.606 INFO:teuthology.orchestra.run.smithi028.stdout:/usr/bin/ceph: stderr
2024-03-24T10:36:09.805+0000 7fcf467fc700 1 -- 172.21.15.28:0/2536359158 <== mon.0 v2:172.21.15.28:3300/0 1 ==== mon_map magic: 0 ==== 205+0+0 (secure 0 0 0) 0x7fcf40003af0 con 0x7fcf50107d80
2024-03-24T10:36:10.606 INFO:teuthology.orchestra.run.smithi028.stdout:/usr/bin/ceph: stderr
2024-03-24T10:36:09.805+0000 7fcf57299700 1 -- 172.21.15.28:0/2536359158 --> [v2:172.21.15.28:3300/0,v1:172.21.15.28:6789/0] -- mon_subscribe({mgrmap=0+}) -- 0x7fcf5007c2c0 con 0x7fcf50107d80
2024-03-24T10:36:10.606 INFO:teuthology.orchestra.run.smithi028.stdout:/usr/bin/ceph: stderr
2024-03-24T10:36:09.805+0000 7fcf467fc700 1 -- 172.21.15.28:0/2536359158 <== mon.0 v2:172.21.15.28:3300/0 2 ==== config(28 keys) ==== 1140+0+0 (secure 0 0 0) 0x7fcf40003c50 con 0x7fcf50107d80
2024-03-24T10:36:10.606 INFO:teuthology.orchestra.run.smithi028.stdout:/usr/bin/ceph: stderr
2024-03-24T10:36:09.805+0000 7fcf467fc700 1 -- 172.21.15.28:0/2536359158 <== mon.0 v2:172.21.15.28:3300/0 3 ==== mon_map magic: 0 ==== 205+0+0 (secure 0 0 0) 0x7fcf40019760 con 0x7fcf50107d80
2024-03-24T10:36:10.606 INFO:teuthology.orchestra.run.smithi028.stdout:/usr/bin/ceph: stderr
2024-03-24T10:36:09.805+0000 7fcf57299700 1 -- 172.21.15.28:0/2536359158 --> [v2:172.21.15.28:3300/0,v1:172.21.15.28:6789/0] -- mon_subscribe({osdmap=0}) -- 0x7fcf5007c760 con 0x7fcf50107d80
2024-03-24T10:36:10.606 INFO:teuthology.orchestra.run.smithi028.stdout:/usr/bin/ceph: stderr
2024-03-24T10:36:09.806+0000 7fcf467fc700 1 -- 172.21.15.28:0/2536359158 <== mon.0 v2:172.21.15.28:3300/0 4 ==== mgrmap(e 8) ==== 45928+0+0 (secure 0 0 0) 0x7fcf4001a430 con 0x7fcf50107d80
2024-03-24T10:36:10.606 INFO:teuthology.orchestra.run.smithi028.stdout:/usr/bin/ceph: stderr
2024-03-24T10:36:09.806+0000 7fcf57299700 1 -- 172.21.15.28:0/2536359158 --> [v2:172.21.15.28:3300/0,v1:172.21.15.28:6789/0] -- mon_command({"prefix": "get_command_descriptions"} v 0) -- 0x7fcf5010c160 con 0x7fcf50107d80
2024-03-24T10:36:10.606 INFO:teuthology.orchestra.run.smithi028.stdout:/usr/bin/ceph: stderr
2024-03-24T10:36:09.806+0000 7fcf467fc700 1 --2- 172.21.15.28:0/2536359158 >> [v2:172.21.15.28:6800/332963374,v1:172.21.15.28:6801/332963374] conn(0x7fcf3c038ee0 0x7fcf3c03b3a0 unknown :-1 s=NONE pgs=0 cs=0 l=1 rev1=0 crypto rx=0 tx=0 comp rx=0 tx=0).connect
2024-03-24T10:36:10.607 INFO:teuthology.orchestra.run.smithi028.stdout:/usr/bin/ceph: stderr
2024-03-24T10:36:09.806+0000 7fcf467fc700 1 -- 172.21.15.28:0/2536359158 <== mon.0 v2:172.21.15.28:3300/0 5 ==== osd_map(2..2 src has 1..2) ==== 940+0+0 (secure 0 0 0) 0x7fcf4004d180 con 0x7fcf50107d80
2024-03-24T10:36:10.607 INFO:teuthology.orchestra.run.smithi028.stdout:/usr/bin/ceph: stderr
2024-03-24T10:36:09.806+0000 7fcf54834700 1 --2- 172.21.15.28:0/2536359158 >> [v2:172.21.15.28:6800/332963374,v1:172.21.15.28:6801/332963374] conn(0x7fcf3c038ee0 0x7fcf3c03b3a0 unknown :-1 s=BANNER_CONNECTING pgs=0 cs=0 l=1 rev1=0 crypto rx=0 tx=0 comp rx=0 tx=0)._handle_peer_banner_payload supported=3 required=0
2024-03-24T10:36:10.607 INFO:teuthology.orchestra.run.smithi028.stdout:/usr/bin/ceph: stderr
2024-03-24T10:36:09.806+0000 7fcf54834700 1 --2- 172.21.15.28:0/2536359158 >> [v2:172.21.15.28:6800/332963374,v1:172.21.15.28:6801/332963374] conn(0x7fcf3c038ee0 0x7fcf3c03b3a0 secure :-1 s=READY pgs=8 cs=0 l=1 rev1=1 crypto rx=0x7fcf4c006fd0 tx=0x7fcf4c006e40 comp rx=0 tx=0).ready entity=mgr.14116 client_cookie=0 server_cookie=0 in_seq=0 out_seq=0
2024-03-24T10:36:10.607 INFO:teuthology.orchestra.run.smithi028.stdout:/usr/bin/ceph: stderr
2024-03-24T10:36:09.811+0000 7fcf467fc700 1 -- 172.21.15.28:0/2536359158 <== mon.0 v2:172.21.15.28:3300/0 6 ==== mon_command_ack([{"prefix": "get_command_descriptions"}]=0 v0) ==== 72+0+184932 (secure 0 0 0) 0x7fcf4000b3e0 con 0x7fcf50107d80
2024-03-24T10:36:10.607 INFO:teuthology.orchestra.run.smithi028.stdout:/usr/bin/ceph: stderr
2024-03-24T10:36:10.019+0000 7fcf57299700 1 -- 172.21.15.28:0/2536359158 --> [v2:172.21.15.28:6800/332963374,v1:172.21.15.28:6801/332963374] -- mgr_command(tid 0: {"prefix": "cephadm set-user", "user": "root", "target": ["mon-mgr", ""]}) -- 0x7fcf5007ce50 con 0x7fcf3c038ee0
2024-03-24T10:36:10.607 INFO:teuthology.orchestra.run.smithi028.stdout:/usr/bin/ceph: stderr
2024-03-24T10:36:10.020+0000 7fcf467fc700 1 -- 172.21.15.28:0/2536359158 <== mgr.14116 v2:172.21.15.28:6800/332963374 1 ==== mgr_command_reply(tid 0: 0 ) ==== 8+0+16 (secure 0 0 0) 0x7fcf5007ce50 con 0x7fcf3c038ee0
2024-03-24T10:36:10.607 INFO:teuthology.orchestra.run.smithi028.stdout:/usr/bin/ceph: stderr
2024-03-24T10:36:10.022+0000 7fcf57299700 1 -- 172.21.15.28:0/2536359158 >> [v2:172.21.15.28:6800/332963374,v1:172.21.15.28:6801/332963374] conn(0x7fcf3c038ee0 msgr2=0x7fcf3c03b3a0 secure :-1 s=STATE_CONNECTION_ESTABLISHED l=1).mark_down
2024-03-24T10:36:10.607 INFO:teuthology.orchestra.run.smithi028.stdout:/usr/bin/ceph: stderr
2024-03-24T10:36:10.022+0000 7fcf57299700 1 --2- 172.21.15.28:0/2536359158 >> [v2:172.21.15.28:6800/332963374,v1:172.21.15.28:6801/332963374] conn(0x7fcf3c038ee0 0x7fcf3c03b3a0 secure :-1 s=READY pgs=8 cs=0 l=1 rev1=1 crypto rx=0x7fcf4c006fd0 tx=0x7fcf4c006e40 comp rx=0 tx=0).stop
2024-03-24T10:36:10.607 INFO:teuthology.orchestra.run.smithi028.stdout:/usr/bin/ceph: stderr
2024-03-24T10:36:10.022+0000 7fcf57299700 1 -- 172.21.15.28:0/2536359158 >> [v2:172.21.15.28:3300/0,v1:172.21.15.28:6789/0] conn(0x7fcf50107d80 msgr2=0x7fcf5007db90 secure :-1 s=STATE_CONNECTION_ESTABLISHED l=1).mark_down
2024-03-24T10:36:10.607 INFO:teuthology.orchestra.run.smithi028.stdout:/usr/bin/ceph: stderr
2024-03-24T10:36:10.022+0000 7fcf57299700 1 --2- 172.21.15.28:0/2536359158 >> [v2:172.21.15.28:3300/0,v1:172.21.15.28:6789/0] conn(0x7fcf50107d80 0x7fcf5007db90 secure :-1 s=READY pgs=36 cs=0 l=1 rev1=1 crypto rx=0x7fcf40009520 tx=0x7fcf40011be0 comp rx=0 tx=0).stop
2024-03-24T10:36:10.607 INFO:teuthology.orchestra.run.smithi028.stdout:/usr/bin/ceph: stderr
2024-03-24T10:36:10.022+0000 7fcf57299700 1 -- 172.21.15.28:0/2536359158 shutdown_connections
2024-03-24T10:36:10.607 INFO:teuthology.orchestra.run.smithi028.stdout:/usr/bin/ceph: stderr
2024-03-24T10:36:10.022+0000 7fcf57299700 1 --2- 172.21.15.28:0/2536359158 >> [v2:172.21.15.28:6800/332963374,v1:172.21.15.28:6801/332963374] conn(0x7fcf3c038ee0 0x7fcf3c03b3a0 unknown :-1 s=CLOSED pgs=8 cs=0 l=1 rev1=1 crypto rx=0 tx=0 comp rx=0 tx=0).stop
2024-03-24T10:36:10.607 INFO:teuthology.orchestra.run.smithi028.stdout:/usr/bin/ceph: stderr
2024-03-24T10:36:10.022+0000 7fcf57299700 1 --2- 172.21.15.28:0/2536359158 >> [v2:172.21.15.28:3300/0,v1:172.21.15.28:6789/0] conn(0x7fcf50107d80 0x7fcf5007db90 unknown :-1 s=CLOSED pgs=36 cs=0 l=1 rev1=1 crypto rx=0 tx=0 comp rx=0 tx=0).stop
2024-03-24T10:36:10.608 INFO:teuthology.orchestra.run.smithi028.stdout:/usr/bin/ceph: stderr
2024-03-24T10:36:10.022+0000 7fcf57299700 1 -- 172.21.15.28:0/2536359158 >> 172.21.15.28:0/2536359158 conn(0x7fcf50103340 msgr2=0x7fcf50103ef0 unknown :-1 s=STATE_NONE l=0).mark_down
2024-03-24T10:36:10.608 INFO:teuthology.orchestra.run.smithi028.stdout:/usr/bin/ceph: stderr
2024-03-24T10:36:10.022+0000 7fcf57299700 1 -- 172.21.15.28:0/2536359158 shutdown_connections
2024-03-24T10:36:10.608 INFO:teuthology.orchestra.run.smithi028.stdout:/usr/bin/ceph: stderr
2024-03-24T10:36:10.023+0000 7fcf57299700 1 -- 172.21.15.28:0/2536359158 wait complete.
2024-03-24T10:36:10.608 INFO:teuthology.orchestra.run.smithi028.stdout:Generating ssh key...
2024-03-24T10:36:11.837 INFO:journalctl@ceph.mon.a.smithi028.stdout:Mar 24 10:36:11 smithi028 ceph-mon[32057]: from='client.14132 -' entity='client.admin' cmd=[{"prefix": "cephadm generate-key", "target": ["mon-mgr", ""]}]: dispatch
2024-03-24T10:36:11.837 INFO:journalctl@ceph.mon.a.smithi028.stdout:Mar 24 10:36:11 smithi028 ceph-mon[32057]: Generating ssh key...
2024-03-24T10:36:11.838 INFO:journalctl@ceph.mgr.x.smithi028.stdout:Mar 24 10:36:11 smithi028 ceph-1dda9cb2-e9ca-11ee-95cd-87774f69a715-mgr-x[32289]: Generating public/private rsa key pair.
2024-03-24T10:36:11.838 INFO:journalctl@ceph.mgr.x.smithi028.stdout:Mar 24 10:36:11 smithi028 ceph-1dda9cb2-e9ca-11ee-95cd-87774f69a715-mgr-x[32289]: Your identification has been saved in /tmp/tmpr2cwbfnh/key.
2024-03-24T10:36:11.838 INFO:journalctl@ceph.mgr.x.smithi028.stdout:Mar 24 10:36:11 smithi028 ceph-1dda9cb2-e9ca-11ee-95cd-87774f69a715-mgr-x[32289]: Your public key has been saved in /tmp/tmpr2cwbfnh/key.pub.
2024-03-24T10:36:11.838 INFO:journalctl@ceph.mgr.x.smithi028.stdout:Mar 24 10:36:11 smithi028 ceph-1dda9cb2-e9ca-11ee-95cd-87774f69a715-mgr-x[32289]: The key fingerprint is:
