2024-03-24T10:36:39.326+0000 7f775d3bd700 1 -- 172.21.15.60:0/703281246 --> [v2:172.21.15.60:3300/0,v1:172.21.15.60:6789/0] -- mon_subscribe({osdmap=0}) v3 -- 0x7f775819ad80 con 0x7f7758105470
2024-03-24T10:36:40.067 INFO:teuthology.orchestra.run.smithi060.stdout:/usr/bin/ceph: stderr
2024-03-24T10:36:39.326+0000 7f774ffff700 1 -- 172.21.15.60:0/703281246 <== mon.0 v2:172.21.15.60:3300/0 4 ==== mgrmap(e 1) v1 ==== 660+0+0 (secure 0 0 0) 0x7f774002d3f0 con 0x7f7758105470
2024-03-24T10:36:40.067 INFO:teuthology.orchestra.run.smithi060.stdout:/usr/bin/ceph: stderr
2024-03-24T10:36:39.326+0000 7f774ffff700 1 -- 172.21.15.60:0/703281246 <== mon.0 v2:172.21.15.60:3300/0 5 ==== osd_map(1..1 src has 1..1) v4 ==== 725+0+0 (secure 0 0 0) 0x7f7740019400 con 0x7f7758105470
2024-03-24T10:36:40.068 INFO:teuthology.orchestra.run.smithi060.stdout:/usr/bin/ceph: stderr
2024-03-24T10:36:39.327+0000 7f775d3bd700 1 -- 172.21.15.60:0/703281246 --> [v2:172.21.15.60:3300/0,v1:172.21.15.60:6789/0] -- mon_command({"prefix": "get_command_descriptions"} v 0) v1 -- 0x7f77580623c0 con 0x7f7758105470
2024-03-24T10:36:40.068 INFO:teuthology.orchestra.run.smithi060.stdout:/usr/bin/ceph: stderr
2024-03-24T10:36:39.329+0000 7f774ffff700 1 -- 172.21.15.60:0/703281246 <== mon.0 v2:172.21.15.60:3300/0 6 ==== mon_command_ack([{"prefix": "get_command_descriptions"}]=0 v0) v1 ==== 72+0+72446 (secure 0 0 0) 0x7f7740024a20 con 0x7f7758105470
2024-03-24T10:36:40.068 INFO:teuthology.orchestra.run.smithi060.stdout:/usr/bin/ceph: stderr
2024-03-24T10:36:39.331+0000 7f774ffff700 1 -- 172.21.15.60:0/703281246 <== mon.0 v2:172.21.15.60:3300/0 7 ==== mgrmap(e 2) v1 ==== 45039+0+0 (secure 0 0 0) 0x7f7740024440 con 0x7f7758105470
2024-03-24T10:36:40.068 INFO:teuthology.orchestra.run.smithi060.stdout:/usr/bin/ceph: stderr
2024-03-24T10:36:39.411+0000 7f775d3bd700 1 -- 172.21.15.60:0/703281246 --> [v2:172.21.15.60:3300/0,v1:172.21.15.60:6789/0] -- mon_command({"prefix": "status", "format": "json-pretty"} v 0) v1 -- 0x7f7758109920 con 0x7f7758105470
2024-03-24T10:36:40.068 INFO:teuthology.orchestra.run.smithi060.stdout:/usr/bin/ceph: stderr
2024-03-24T10:36:39.411+0000 7f774ffff700 1 -- 172.21.15.60:0/703281246 <== mon.0 v2:172.21.15.60:3300/0 8 ==== mon_command_ack([{"prefix": "status", "format": "json-pretty"}]=0 v0) v1 ==== 79+0+1247 (secure 0 0 0) 0x7f7740024bc0 con 0x7f7758105470
2024-03-24T10:36:40.068 INFO:teuthology.orchestra.run.smithi060.stdout:/usr/bin/ceph: stderr
2024-03-24T10:36:39.412+0000 7f775d3bd700 1 -- 172.21.15.60:0/703281246 >> [v2:172.21.15.60:3300/0,v1:172.21.15.60:6789/0] conn(0x7f7758105470 msgr2=0x7f775819a1a0 secure :-1 s=STATE_CONNECTION_ESTABLISHED l=1).mark_down
2024-03-24T10:36:40.068 INFO:teuthology.orchestra.run.smithi060.stdout:/usr/bin/ceph: stderr
2024-03-24T10:36:39.412+0000 7f775d3bd700 1 --2- 172.21.15.60:0/703281246 >> [v2:172.21.15.60:3300/0,v1:172.21.15.60:6789/0] conn(0x7f7758105470 0x7f775819a1a0 secure :-1 s=READY pgs=10 cs=0 l=1 rev1=1 crypto rx=0x7f7740000c00 tx=0x7f7740011ab0 comp rx=0 tx=0).stop
2024-03-24T10:36:40.068 INFO:teuthology.orchestra.run.smithi060.stdout:/usr/bin/ceph: stderr
2024-03-24T10:36:39.412+0000 7f775d3bd700 1 -- 172.21.15.60:0/703281246 shutdown_connections
2024-03-24T10:36:40.068 INFO:teuthology.orchestra.run.smithi060.stdout:/usr/bin/ceph: stderr
2024-03-24T10:36:39.412+0000 7f775d3bd700 1 --2- 172.21.15.60:0/703281246 >> [v2:172.21.15.60:3300/0,v1:172.21.15.60:6789/0] conn(0x7f7758105470 0x7f775819a1a0 unknown :-1 s=CLOSED pgs=10 cs=0 l=1 rev1=1 crypto rx=0 tx=0 comp rx=0 tx=0).stop
2024-03-24T10:36:40.068 INFO:teuthology.orchestra.run.smithi060.stdout:/usr/bin/ceph: stderr
2024-03-24T10:36:39.412+0000 7f775d3bd700 1 -- 172.21.15.60:0/703281246 >> 172.21.15.60:0/703281246 conn(0x7f77581009f0 msgr2=0x7f77580740f0 unknown :-1 s=STATE_NONE l=0).mark_down
2024-03-24T10:36:40.068 INFO:teuthology.orchestra.run.smithi060.stdout:/usr/bin/ceph: stderr
2024-03-24T10:36:39.412+0000 7f775d3bd700 1 -- 172.21.15.60:0/703281246 shutdown_connections
2024-03-24T10:36:40.069 INFO:teuthology.orchestra.run.smithi060.stdout:/usr/bin/ceph: stderr
2024-03-24T10:36:39.412+0000 7f775d3bd700 1 -- 172.21.15.60:0/703281246 wait complete.
2024-03-24T10:36:40.069 INFO:teuthology.orchestra.run.smithi060.stdout:mgr not available, waiting (3/15)...
2024-03-24T10:36:40.734 INFO:journalctl@ceph.mon.smithi060.smithi060.stdout:Mar 24 10:36:40 smithi060 ceph-mon[29018]: from='client.? 172.21.15.60:0/703281246' entity='client.admin' cmd=[{"prefix": "status", "format": "json-pretty"}]: dispatch
2024-03-24T10:36:40.734 INFO:journalctl@ceph.mon.smithi060.smithi060.stdout:Mar 24 10:36:40 smithi060 ceph-mon[29018]: mgrmap e3: smithi060.jzybpv(active, since 1.00684s)
2024-03-24T10:36:42.464 INFO:journalctl@ceph.mon.smithi060.smithi060.stdout:Mar 24 10:36:42 smithi060 ceph-mon[29018]: mgrmap e4: smithi060.jzybpv(active, since 2s)
2024-03-24T10:36:43.373 INFO:teuthology.orchestra.run.smithi060.stdout:/usr/bin/ceph: stdout
2024-03-24T10:36:43.373 INFO:teuthology.orchestra.run.smithi060.stdout:/usr/bin/ceph: stdout {
2024-03-24T10:36:43.373 INFO:teuthology.orchestra.run.smithi060.stdout:/usr/bin/ceph: stdout "fsid": "4267cc94-e9ca-11ee-95cd-87774f69a715",
2024-03-24T10:36:43.373 INFO:teuthology.orchestra.run.smithi060.stdout:/usr/bin/ceph: stdout "health": {
2024-03-24T10:36:43.373 INFO:teuthology.orchestra.run.smithi060.stdout:/usr/bin/ceph: stdout "status": "HEALTH_OK",
2024-03-24T10:36:43.373 INFO:teuthology.orchestra.run.smithi060.stdout:/usr/bin/ceph: stdout "checks": {},
2024-03-24T10:36:43.373 INFO:teuthology.orchestra.run.smithi060.stdout:/usr/bin/ceph: stdout "mutes": []
2024-03-24T10:36:43.373 INFO:teuthology.orchestra.run.smithi060.stdout:/usr/bin/ceph: stdout },
2024-03-24T10:36:43.373 INFO:teuthology.orchestra.run.smithi060.stdout:/usr/bin/ceph: stdout "election_epoch": 5,
2024-03-24T10:36:43.373 INFO:teuthology.orchestra.run.smithi060.stdout:/usr/bin/ceph: stdout "quorum": [
2024-03-24T10:36:43.373 INFO:teuthology.orchestra.run.smithi060.stdout:/usr/bin/ceph: stdout 0
2024-03-24T10:36:43.374 INFO:teuthology.orchestra.run.smithi060.stdout:/usr/bin/ceph: stdout ],
2024-03-24T10:36:43.374 INFO:teuthology.orchestra.run.smithi060.stdout:/usr/bin/ceph: stdout "quorum_names": [
2024-03-24T10:36:43.374 INFO:teuthology.orchestra.run.smithi060.stdout:/usr/bin/ceph: stdout "smithi060"
2024-03-24T10:36:43.374 INFO:teuthology.orchestra.run.smithi060.stdout:/usr/bin/ceph: stdout ],
2024-03-24T10:36:43.374 INFO:teuthology.orchestra.run.smithi060.stdout:/usr/bin/ceph: stdout "quorum_age": 23,
2024-03-24T10:36:43.374 INFO:teuthology.orchestra.run.smithi060.stdout:/usr/bin/ceph: stdout "monmap": {
2024-03-24T10:36:43.374 INFO:teuthology.orchestra.run.smithi060.stdout:/usr/bin/ceph: stdout "epoch": 1,
2024-03-24T10:36:43.374 INFO:teuthology.orchestra.run.smithi060.stdout:/usr/bin/ceph: stdout "min_mon_release_name": "reef",
2024-03-24T10:36:43.374 INFO:teuthology.orchestra.run.smithi060.stdout:/usr/bin/ceph: stdout "num_mons": 1
2024-03-24T10:36:43.374 INFO:teuthology.orchestra.run.smithi060.stdout:/usr/bin/ceph: stdout },
2024-03-24T10:36:43.374 INFO:teuthology.orchestra.run.smithi060.stdout:/usr/bin/ceph: stdout "osdmap": {
2024-03-24T10:36:43.374 INFO:teuthology.orchestra.run.smithi060.stdout:/usr/bin/ceph: stdout "epoch": 1,
2024-03-24T10:36:43.374 INFO:teuthology.orchestra.run.smithi060.stdout:/usr/bin/ceph: stdout "num_osds": 0,
2024-03-24T10:36:43.374 INFO:teuthology.orchestra.run.smithi060.stdout:/usr/bin/ceph: stdout "num_up_osds": 0,
2024-03-24T10:36:43.375 INFO:teuthology.orchestra.run.smithi060.stdout:/usr/bin/ceph: stdout "osd_up_since": 0,
2024-03-24T10:36:43.375 INFO:teuthology.orchestra.run.smithi060.stdout:/usr/bin/ceph: stdout "num_in_osds": 0,
2024-03-24T10:36:43.375 INFO:teuthology.orchestra.run.smithi060.stdout:/usr/bin/ceph: stdout "osd_in_since": 0,
2024-03-24T10:36:43.375 INFO:teuthology.orchestra.run.smithi060.stdout:/usr/bin/ceph: stdout "num_remapped_pgs": 0
2024-03-24T10:36:43.375 INFO:teuthology.orchestra.run.smithi060.stdout:/usr/bin/ceph: stdout },
2024-03-24T10:36:43.375 INFO:teuthology.orchestra.run.smithi060.stdout:/usr/bin/ceph: stdout "pgmap": {
2024-03-24T10:36:43.375 INFO:teuthology.orchestra.run.smithi060.stdout:/usr/bin/ceph: stdout "pgs_by_state": [],
2024-03-24T10:36:43.375 INFO:teuthology.orchestra.run.smithi060.stdout:/usr/bin/ceph: stdout "num_pgs": 0,
2024-03-24T10:36:43.375 INFO:teuthology.orchestra.run.smithi060.stdout:/usr/bin/ceph: stdout "num_pools": 0,
2024-03-24T10:36:43.375 INFO:teuthology.orchestra.run.smithi060.stdout:/usr/bin/ceph: stdout "num_objects": 0,
2024-03-24T10:36:43.375 INFO:teuthology.orchestra.run.smithi060.stdout:/usr/bin/ceph: stdout "data_bytes": 0,
2024-03-24T10:36:43.375 INFO:teuthology.orchestra.run.smithi060.stdout:/usr/bin/ceph: stdout "bytes_used": 0,
2024-03-24T10:36:43.375 INFO:teuthology.orchestra.run.smithi060.stdout:/usr/bin/ceph: stdout "bytes_avail": 0,
2024-03-24T10:36:43.375 INFO:teuthology.orchestra.run.smithi060.stdout:/usr/bin/ceph: stdout "bytes_total": 0
2024-03-24T10:36:43.375 INFO:teuthology.orchestra.run.smithi060.stdout:/usr/bin/ceph: stdout },
2024-03-24T10:36:43.376 INFO:teuthology.orchestra.run.smithi060.stdout:/usr/bin/ceph: stdout "fsmap": {
2024-03-24T10:36:43.376 INFO:teuthology.orchestra.run.smithi060.stdout:/usr/bin/ceph: stdout "epoch": 1,
2024-03-24T10:36:43.376 INFO:teuthology.orchestra.run.smithi060.stdout:/usr/bin/ceph: stdout "by_rank": [],
2024-03-24T10:36:43.376 INFO:teuthology.orchestra.run.smithi060.stdout:/usr/bin/ceph: stdout "up:standby": 0
2024-03-24T10:36:43.376 INFO:teuthology.orchestra.run.smithi060.stdout:/usr/bin/ceph: stdout },
2024-03-24T10:36:43.376 INFO:teuthology.orchestra.run.smithi060.stdout:/usr/bin/ceph: stdout "mgrmap": {
2024-03-24T10:36:43.376 INFO:teuthology.orchestra.run.smithi060.stdout:/usr/bin/ceph: stdout "available": true,
2024-03-24T10:36:43.376 INFO:teuthology.orchestra.run.smithi060.stdout:/usr/bin/ceph: stdout "num_standbys": 0,
2024-03-24T10:36:43.376 INFO:teuthology.orchestra.run.smithi060.stdout:/usr/bin/ceph: stdout "modules": [
2024-03-24T10:36:43.376 INFO:teuthology.orchestra.run.smithi060.stdout:/usr/bin/ceph: stdout "iostat",
2024-03-24T10:36:43.376 INFO:teuthology.orchestra.run.smithi060.stdout:/usr/bin/ceph: stdout "nfs",
2024-03-24T10:36:43.376 INFO:teuthology.orchestra.run.smithi060.stdout:/usr/bin/ceph: stdout "restful"
2024-03-24T10:36:43.376 INFO:teuthology.orchestra.run.smithi060.stdout:/usr/bin/ceph: stdout ],
2024-03-24T10:36:43.376 INFO:teuthology.orchestra.run.smithi060.stdout:/usr/bin/ceph: stdout "services": {}
2024-03-24T10:36:43.376 INFO:teuthology.orchestra.run.smithi060.stdout:/usr/bin/ceph: stdout },
2024-03-24T10:36:43.376 INFO:teuthology.orchestra.run.smithi060.stdout:/usr/bin/ceph: stdout "servicemap": {
2024-03-24T10:36:43.377 INFO:teuthology.orchestra.run.smithi060.stdout:/usr/bin/ceph: stdout "epoch": 1,
2024-03-24T10:36:43.377 INFO:teuthology.orchestra.run.smithi060.stdout:/usr/bin/ceph: stdout "modified": "2024-03-24T10:36:14.728554+0000",
2024-03-24T10:36:43.377 INFO:teuthology.orchestra.run.smithi060.stdout:/usr/bin/ceph: stdout "services": {}
2024-03-24T10:36:43.377 INFO:teuthology.orchestra.run.smithi060.stdout:/usr/bin/ceph: stdout },
2024-03-24T10:36:43.377 INFO:teuthology.orchestra.run.smithi060.stdout:/usr/bin/ceph: stdout "progress_events": {}
2024-03-24T10:36:43.377 INFO:teuthology.orchestra.run.smithi060.stdout:/usr/bin/ceph: stdout }
2024-03-24T10:36:43.377 INFO:teuthology.orchestra.run.smithi060.stdout:/usr/bin/ceph: stderr
2024-03-24T10:36:42.482+0000 7ff3be166700 1 Processor -- start
2024-03-24T10:36:43.377 INFO:teuthology.orchestra.run.smithi060.stdout:/usr/bin/ceph: stderr
2024-03-24T10:36:42.482+0000 7ff3be166700 1 -- start start
2024-03-24T10:36:43.377 INFO:teuthology.orchestra.run.smithi060.stdout:/usr/bin/ceph: stderr
2024-03-24T10:36:42.482+0000 7ff3be166700 1 --2- >> [v2:172.21.15.60:3300/0,v1:172.21.15.60:6789/0] conn(0x7ff3b8106560 0x7ff3b8106980 unknown :-1 s=NONE pgs=0 cs=0 l=0 rev1=0 crypto rx=0 tx=0 comp rx=0 tx=0).connect
2024-03-24T10:36:43.377 INFO:teuthology.orchestra.run.smithi060.stdout:/usr/bin/ceph: stderr
2024-03-24T10:36:42.482+0000 7ff3be166700 1 -- --> [v2:172.21.15.60:3300/0,v1:172.21.15.60:6789/0] -- mon_getmap magic: 0 v1 -- 0x7ff3b8106f50 con 0x7ff3b8106560
2024-03-24T10:36:43.377 INFO:teuthology.orchestra.run.smithi060.stdout:/usr/bin/ceph: stderr
2024-03-24T10:36:42.482+0000 7ff3b77fe700 1 --2- >> [v2:172.21.15.60:3300/0,v1:172.21.15.60:6789/0] conn(0x7ff3b8106560 0x7ff3b8106980 unknown :-1 s=BANNER_CONNECTING pgs=0 cs=0 l=0 rev1=0 crypto rx=0 tx=0 comp rx=0 tx=0)._handle_peer_banner_payload supported=3 required=0
2024-03-24T10:36:43.377 INFO:teuthology.orchestra.run.smithi060.stdout:/usr/bin/ceph: stderr
2024-03-24T10:36:42.482+0000 7ff3b77fe700 1 --2- >> [v2:172.21.15.60:3300/0,v1:172.21.15.60:6789/0] conn(0x7ff3b8106560 0x7ff3b8106980 unknown :-1 s=HELLO_CONNECTING pgs=0 cs=0 l=0 rev1=1 crypto rx=0 tx=0 comp rx=0 tx=0).handle_hello peer v2:172.21.15.60:3300/0 says I am v2:172.21.15.60:48214/0 (socket says 172.21.15.60:48214)
2024-03-24T10:36:43.377 INFO:teuthology.orchestra.run.smithi060.stdout:/usr/bin/ceph: stderr
2024-03-24T10:36:42.482+0000 7ff3b77fe700 1 -- 172.21.15.60:0/607703875 learned_addr learned my addr 172.21.15.60:0/607703875 (peer_addr_for_me v2:172.21.15.60:0/0)
2024-03-24T10:36:43.377 INFO:teuthology.orchestra.run.smithi060.stdout:/usr/bin/ceph: stderr
2024-03-24T10:36:42.482+0000 7ff3b77fe700 1 -- 172.21.15.60:0/607703875 --> [v2:172.21.15.60:3300/0,v1:172.21.15.60:6789/0] -- mon_subscribe({config=0+,monmap=0+}) v3 -- 0x7ff3b8107760 con 0x7ff3b8106560
2024-03-24T10:36:43.377 INFO:teuthology.orchestra.run.smithi060.stdout:/usr/bin/ceph: stderr
2024-03-24T10:36:42.483+0000 7ff3b77fe700 1 --2- 172.21.15.60:0/607703875 >> [v2:172.21.15.60:3300/0,v1:172.21.15.60:6789/0] conn(0x7ff3b8106560 0x7ff3b8106980 secure :-1 s=READY pgs=18 cs=0 l=1 rev1=1 crypto rx=0x7ff3a80098a0 tx=0x7ff3a8009bb0 comp rx=0 tx=0).ready entity=mon.0 client_cookie=fc2b2e0afd0e836 server_cookie=0 in_seq=0 out_seq=0
2024-03-24T10:36:43.378 INFO:teuthology.orchestra.run.smithi060.stdout:/usr/bin/ceph: stderr
2024-03-24T10:36:42.483+0000 7ff3b67fc700 1 -- 172.21.15.60:0/607703875 <== mon.0 v2:172.21.15.60:3300/0 1 ==== mon_map magic: 0 v1 ==== 229+0+0 (secure 0 0 0) 0x7ff3a8004180 con 0x7ff3b8106560
2024-03-24T10:36:43.378 INFO:teuthology.orchestra.run.smithi060.stdout:/usr/bin/ceph: stderr
2024-03-24T10:36:42.483+0000 7ff3b67fc700 1 -- 172.21.15.60:0/607703875 <== mon.0 v2:172.21.15.60:3300/0 2 ==== config(27 keys) v1 ==== 1037+0+0 (secure 0 0 0) 0x7ff3a80042e0 con 0x7ff3b8106560
2024-03-24T10:36:43.378 INFO:teuthology.orchestra.run.smithi060.stdout:/usr/bin/ceph: stderr
2024-03-24T10:36:42.483+0000 7ff3b67fc700 1 -- 172.21.15.60:0/607703875 <== mon.0 v2:172.21.15.60:3300/0 3 ==== mon_map magic: 0 v1 ==== 229+0+0 (secure 0 0 0) 0x7ff3a8011a50 con 0x7ff3b8106560
2024-03-24T10:36:43.378 INFO:teuthology.orchestra.run.smithi060.stdout:/usr/bin/ceph: stderr
2024-03-24T10:36:42.483+0000 7ff3be166700 1 -- 172.21.15.60:0/607703875 >> [v2:172.21.15.60:3300/0,v1:172.21.15.60:6789/0] conn(0x7ff3b8106560 msgr2=0x7ff3b8106980 secure :-1 s=STATE_CONNECTION_ESTABLISHED l=1).mark_down
2024-03-24T10:36:43.378 INFO:teuthology.orchestra.run.smithi060.stdout:/usr/bin/ceph: stderr
2024-03-24T10:36:42.483+0000 7ff3be166700 1 --2- 172.21.15.60:0/607703875 >> [v2:172.21.15.60:3300/0,v1:172.21.15.60:6789/0] conn(0x7ff3b8106560 0x7ff3b8106980 secure :-1 s=READY pgs=18 cs=0 l=1 rev1=1 crypto rx=0x7ff3a80098a0 tx=0x7ff3a8009bb0 comp rx=0 tx=0).stop
2024-03-24T10:36:43.378 INFO:teuthology.orchestra.run.smithi060.stdout:/usr/bin/ceph: stderr
2024-03-24T10:36:42.483+0000 7ff3be166700 1 -- 172.21.15.60:0/607703875 shutdown_connections
2024-03-24T10:36:43.378 INFO:teuthology.orchestra.run.smithi060.stdout:/usr/bin/ceph: stderr
2024-03-24T10:36:42.483+0000 7ff3be166700 1 --2- 172.21.15.60:0/607703875 >> [v2:172.21.15.60:3300/0,v1:172.21.15.60:6789/0] conn(0x7ff3b8106560 0x7ff3b8106980 unknown :-1 s=CLOSED pgs=18 cs=0 l=1 rev1=1 crypto rx=0 tx=0 comp rx=0 tx=0).stop
2024-03-24T10:36:43.378 INFO:teuthology.orchestra.run.smithi060.stdout:/usr/bin/ceph: stderr
2024-03-24T10:36:42.483+0000 7ff3be166700 1 -- 172.21.15.60:0/607703875 >> 172.21.15.60:0/607703875 conn(0x7ff3b8101b40 msgr2=0x7ff3b8103f60 unknown :-1 s=STATE_NONE l=0).mark_down
2024-03-24T10:36:43.378 INFO:teuthology.orchestra.run.smithi060.stdout:/usr/bin/ceph: stderr
2024-03-24T10:36:42.483+0000 7ff3be166700 1 -- 172.21.15.60:0/607703875 shutdown_connections
2024-03-24T10:36:43.378 INFO:teuthology.orchestra.run.smithi060.stdout:/usr/bin/ceph: stderr
2024-03-24T10:36:42.483+0000 7ff3be166700 1 -- 172.21.15.60:0/607703875 wait complete.
2024-03-24T10:36:43.378 INFO:teuthology.orchestra.run.smithi060.stdout:/usr/bin/ceph: stderr
2024-03-24T10:36:42.484+0000 7ff3be166700 1 Processor -- start
2024-03-24T10:36:43.378 INFO:teuthology.orchestra.run.smithi060.stdout:/usr/bin/ceph: stderr
2024-03-24T10:36:42.484+0000 7ff3be166700 1 -- start start
2024-03-24T10:36:43.378 INFO:teuthology.orchestra.run.smithi060.stdout:/usr/bin/ceph: stderr
2024-03-24T10:36:42.484+0000 7ff3be166700 1 --2- >> [v2:172.21.15.60:3300/0,v1:172.21.15.60:6789/0] conn(0x7ff3b8106560 0x7ff3b807bc30 unknown :-1 s=NONE pgs=0 cs=0 l=1 rev1=0 crypto rx=0 tx=0 comp rx=0 tx=0).connect
2024-03-24T10:36:43.378 INFO:teuthology.orchestra.run.smithi060.stdout:/usr/bin/ceph: stderr
2024-03-24T10:36:42.484+0000 7ff3be166700 1 -- --> [v2:172.21.15.60:3300/0,v1:172.21.15.60:6789/0] -- mon_getmap magic: 0 v1 -- 0x7ff3b807c170 con 0x7ff3b8106560
2024-03-24T10:36:43.378 INFO:teuthology.orchestra.run.smithi060.stdout:/usr/bin/ceph: stderr
2024-03-24T10:36:42.485+0000 7ff3b77fe700 1 --2- >> [v2:172.21.15.60:3300/0,v1:172.21.15.60:6789/0] conn(0x7ff3b8106560 0x7ff3b807bc30 unknown :-1 s=BANNER_CONNECTING pgs=0 cs=0 l=1 rev1=0 crypto rx=0 tx=0 comp rx=0 tx=0)._handle_peer_banner_payload supported=3 required=0
2024-03-24T10:36:43.379 INFO:teuthology.orchestra.run.smithi060.stdout:/usr/bin/ceph: stderr
2024-03-24T10:36:42.485+0000 7ff3b77fe700 1 --2- >> [v2:172.21.15.60:3300/0,v1:172.21.15.60:6789/0] conn(0x7ff3b8106560 0x7ff3b807bc30 unknown :-1 s=HELLO_CONNECTING pgs=0 cs=0 l=1 rev1=1 crypto rx=0 tx=0 comp rx=0 tx=0).handle_hello peer v2:172.21.15.60:3300/0 says I am v2:172.21.15.60:48216/0 (socket says 172.21.15.60:48216)
2024-03-24T10:36:43.379 INFO:teuthology.orchestra.run.smithi060.stdout:/usr/bin/ceph: stderr
2024-03-24T10:36:42.485+0000 7ff3b77fe700 1 -- 172.21.15.60:0/3249013658 learned_addr learned my addr 172.21.15.60:0/3249013658 (peer_addr_for_me v2:172.21.15.60:0/0)
2024-03-24T10:36:43.379 INFO:teuthology.orchestra.run.smithi060.stdout:/usr/bin/ceph: stderr
2024-03-24T10:36:42.485+0000 7ff3b77fe700 1 -- 172.21.15.60:0/3249013658 --> [v2:172.21.15.60:3300/0,v1:172.21.15.60:6789/0] -- mon_subscribe({config=0+,monmap=0+}) v3 -- 0x7ff3a8009550 con 0x7ff3b8106560
2024-03-24T10:36:43.379 INFO:teuthology.orchestra.run.smithi060.stdout:/usr/bin/ceph: stderr
2024-03-24T10:36:42.485+0000 7ff3b77fe700 1 --2- 172.21.15.60:0/3249013658 >> [v2:172.21.15.60:3300/0,v1:172.21.15.60:6789/0] conn(0x7ff3b8106560 0x7ff3b807bc30 secure :-1 s=READY pgs=19 cs=0 l=1 rev1=1 crypto rx=0x7ff3a8000c00 tx=0x7ff3a8011ab0 comp rx=0 tx=0).ready entity=mon.0 client_cookie=0 server_cookie=0 in_seq=0 out_seq=0
2024-03-24T10:36:43.379 INFO:teuthology.orchestra.run.smithi060.stdout:/usr/bin/ceph: stderr
2024-03-24T10:36:42.485+0000 7ff3b4ff9700 1 -- 172.21.15.60:0/3249013658 <== mon.0 v2:172.21.15.60:3300/0 1 ==== mon_map magic: 0 v1 ==== 229+0+0 (secure 0 0 0) 0x7ff3a8003b90 con 0x7ff3b8106560
2024-03-24T10:36:43.379 INFO:teuthology.orchestra.run.smithi060.stdout:/usr/bin/ceph: stderr
2024-03-24T10:36:42.485+0000 7ff3b4ff9700 1 -- 172.21.15.60:0/3249013658 <== mon.0 v2:172.21.15.60:3300/0 2 ==== config(27 keys) v1 ==== 1037+0+0 (secure 0 0 0) 0x7ff3a80248b0 con 0x7ff3b8106560
2024-03-24T10:36:43.380 INFO:teuthology.orchestra.run.smithi060.stdout:/usr/bin/ceph: stderr
2024-03-24T10:36:42.485+0000 7ff3be166700 1 -- 172.21.15.60:0/3249013658 --> [v2:172.21.15.60:3300/0,v1:172.21.15.60:6789/0] -- mon_subscribe({mgrmap=0+}) v3 -- 0x7ff3b807a280 con 0x7ff3b8106560
2024-03-24T10:36:43.380 INFO:teuthology.orchestra.run.smithi060.stdout:/usr/bin/ceph: stderr
2024-03-24T10:36:42.485+0000 7ff3b4ff9700 1 -- 172.21.15.60:0/3249013658 <== mon.0 v2:172.21.15.60:3300/0 3 ==== mon_map magic: 0 v1 ==== 229+0+0 (secure 0 0 0) 0x7ff3a801a8e0 con 0x7ff3b8106560
2024-03-24T10:36:43.380 INFO:teuthology.orchestra.run.smithi060.stdout:/usr/bin/ceph: stderr
2024-03-24T10:36:42.485+0000 7ff3be166700 1 -- 172.21.15.60:0/3249013658 --> [v2:172.21.15.60:3300/0,v1:172.21.15.60:6789/0] -- mon_subscribe({osdmap=0}) v3 -- 0x7ff3b807a720 con 0x7ff3b8106560
2024-03-24T10:36:43.380 INFO:teuthology.orchestra.run.smithi060.stdout:/usr/bin/ceph: stderr
2024-03-24T10:36:42.486+0000 7ff3b4ff9700 1 -- 172.21.15.60:0/3249013658 <== mon.0 v2:172.21.15.60:3300/0 4 ==== mgrmap(e 4) v1 ==== 45272+0+0 (secure 0 0 0) 0x7ff3a801aba0 con 0x7ff3b8106560
2024-03-24T10:36:43.380 INFO:teuthology.orchestra.run.smithi060.stdout:/usr/bin/ceph: stderr
2024-03-24T10:36:42.486+0000 7ff3b4ff9700 1 --2- 172.21.15.60:0/3249013658 >> [v2:172.21.15.60:6800/621961810,v1:172.21.15.60:6801/621961810] conn(0x7ff3a00382d0 0x7ff3a003a790 unknown :-1 s=NONE pgs=0 cs=0 l=1 rev1=0 crypto rx=0 tx=0 comp rx=0 tx=0).connect
2024-03-24T10:36:43.380 INFO:teuthology.orchestra.run.smithi060.stdout:/usr/bin/ceph: stderr
2024-03-24T10:36:42.486+0000 7ff3be166700 1 -- 172.21.15.60:0/3249013658 --> [v2:172.21.15.60:3300/0,v1:172.21.15.60:6789/0] -- mon_command({"prefix": "get_command_descriptions"} v 0) v1 -- 0x7ff3b80623c0 con 0x7ff3b8106560
2024-03-24T10:36:43.380 INFO:teuthology.orchestra.run.smithi060.stdout:/usr/bin/ceph: stderr
2024-03-24T10:36:42.486+0000 7ff3b4ff9700 1 -- 172.21.15.60:0/3249013658 <== mon.0 v2:172.21.15.60:3300/0 5 ==== osd_map(1..1 src has 1..1) v4 ==== 725+0+0 (secure 0 0 0) 0x7ff3a804c120 con 0x7ff3b8106560
2024-03-24T10:36:43.380 INFO:teuthology.orchestra.run.smithi060.stdout:/usr/bin/ceph: stderr
2024-03-24T10:36:42.486+0000 7ff3b6ffd700 1 --2- 172.21.15.60:0/3249013658 >> [v2:172.21.15.60:6800/621961810,v1:172.21.15.60:6801/621961810] conn(0x7ff3a00382d0 0x7ff3a003a790 unknown :-1 s=BANNER_CONNECTING pgs=0 cs=0 l=1 rev1=0 crypto rx=0 tx=0 comp rx=0 tx=0)._handle_peer_banner_payload supported=3 required=0
2024-03-24T10:36:43.380 INFO:teuthology.orchestra.run.smithi060.stdout:/usr/bin/ceph: stderr
2024-03-24T10:36:42.487+0000 7ff3b6ffd700 1 --2- 172.21.15.60:0/3249013658 >> [v2:172.21.15.60:6800/621961810,v1:172.21.15.60:6801/621961810] conn(0x7ff3a00382d0 0x7ff3a003a790 secure :-1 s=READY pgs=6 cs=0 l=1 rev1=1 crypto rx=0x7ff3ac006fd0 tx=0x7ff3ac006e40 comp rx=0 tx=0).ready entity=mgr.14100 client_cookie=0 server_cookie=0 in_seq=0 out_seq=0
2024-03-24T10:36:43.380 INFO:teuthology.orchestra.run.smithi060.stdout:/usr/bin/ceph: stderr
2024-03-24T10:36:42.491+0000 7ff3b4ff9700 1 -- 172.21.15.60:0/3249013658 <== mon.0 v2:172.21.15.60:3300/0 6 ==== mon_command_ack([{"prefix": "get_command_descriptions"}]=0 v0) v1 ==== 72+0+180422 (secure 0 0 0) 0x7ff3a807f0e0 con 0x7ff3b8106560
2024-03-24T10:36:43.380 INFO:teuthology.orchestra.run.smithi060.stdout:/usr/bin/ceph: stderr
2024-03-24T10:36:42.771+0000 7ff3be166700 1 -- 172.21.15.60:0/3249013658 --> [v2:172.21.15.60:3300/0,v1:172.21.15.60:6789/0] -- mon_command({"prefix": "status", "format": "json-pretty"} v 0) v1 -- 0x7ff3b810a9e0 con 0x7ff3b8106560
2024-03-24T10:36:43.380 INFO:teuthology.orchestra.run.smithi060.stdout:/usr/bin/ceph: stderr
2024-03-24T10:36:42.772+0000 7ff3b4ff9700 1 -- 172.21.15.60:0/3249013658 <== mon.0 v2:172.21.15.60:3300/0 7 ==== mon_command_ack([{"prefix": "status", "format": "json-pretty"}]=0 v0) v1 ==== 79+0+1246 (secure 0 0 0) 0x7ff3a80189a0 con 0x7ff3b8106560
2024-03-24T10:36:43.380 INFO:teuthology.orchestra.run.smithi060.stdout:/usr/bin/ceph: stderr
2024-03-24T10:36:42.774+0000 7ff3be166700 1 -- 172.21.15.60:0/3249013658 >> [v2:172.21.15.60:6800/621961810,v1:172.21.15.60:6801/621961810] conn(0x7ff3a00382d0 msgr2=0x7ff3a003a790 secure :-1 s=STATE_CONNECTION_ESTABLISHED l=1).mark_down
2024-03-24T10:36:43.380 INFO:teuthology.orchestra.run.smithi060.stdout:/usr/bin/ceph: stderr
2024-03-24T10:36:42.774+0000 7ff3be166700 1 --2- 172.21.15.60:0/3249013658 >> [v2:172.21.15.60:6800/621961810,v1:172.21.15.60:6801/621961810] conn(0x7ff3a00382d0 0x7ff3a003a790 secure :-1 s=READY pgs=6 cs=0 l=1 rev1=1 crypto rx=0x7ff3ac006fd0 tx=0x7ff3ac006e40 comp rx=0 tx=0).stop
2024-03-24T10:36:43.380 INFO:teuthology.orchestra.run.smithi060.stdout:/usr/bin/ceph: stderr
2024-03-24T10:36:42.774+0000 7ff3be166700 1 -- 172.21.15.60:0/3249013658 >> [v2:172.21.15.60:3300/0,v1:172.21.15.60:6789/0] conn(0x7ff3b8106560 msgr2=0x7ff3b807bc30 secure :-1 s=STATE_CONNECTION_ESTABLISHED l=1).mark_down
2024-03-24T10:36:43.381 INFO:teuthology.orchestra.run.smithi060.stdout:/usr/bin/ceph: stderr
2024-03-24T10:36:42.774+0000 7ff3be166700 1 --2- 172.21.15.60:0/3249013658 >> [v2:172.21.15.60:3300/0,v1:172.21.15.60:6789/0] conn(0x7ff3b8106560 0x7ff3b807bc30 secure :-1 s=READY pgs=19 cs=0 l=1 rev1=1 crypto rx=0x7ff3a8000c00 tx=0x7ff3a8011ab0 comp rx=0 tx=0).stop
2024-03-24T10:36:43.381 INFO:teuthology.orchestra.run.smithi060.stdout:/usr/bin/ceph: stderr
2024-03-24T10:36:42.774+0000 7ff3be166700 1 -- 172.21.15.60:0/3249013658 shutdown_connections
2024-03-24T10:36:43.381 INFO:teuthology.orchestra.run.smithi060.stdout:/usr/bin/ceph: stderr
2024-03-24T10:36:42.774+0000 7ff3be166700 1 --2- 172.21.15.60:0/3249013658 >> [v2:172.21.15.60:6800/621961810,v1:172.21.15.60:6801/621961810] conn(0x7ff3a00382d0 0x7ff3a003a790 unknown :-1 s=CLOSED pgs=6 cs=0 l=1 rev1=1 crypto rx=0 tx=0 comp rx=0 tx=0).stop
2024-03-24T10:36:43.381 INFO:teuthology.orchestra.run.smithi060.stdout:/usr/bin/ceph: stderr
2024-03-24T10:36:42.774+0000 7ff3be166700 1 --2- 172.21.15.60:0/3249013658 >> [v2:172.21.15.60:3300/0,v1:172.21.15.60:6789/0] conn(0x7ff3b8106560 0x7ff3b807bc30 unknown :-1 s=CLOSED pgs=19 cs=0 l=1 rev1=1 crypto rx=0 tx=0 comp rx=0 tx=0).stop
2024-03-24T10:36:43.381 INFO:teuthology.orchestra.run.smithi060.stdout:/usr/bin/ceph: stderr
2024-03-24T10:36:42.774+0000 7ff3be166700 1 -- 172.21.15.60:0/3249013658 >> 172.21.15.60:0/3249013658 conn(0x7ff3b8101b40 msgr2=0x7ff3b8102870 unknown :-1 s=STATE_NONE l=0).mark_down
2024-03-24T10:36:43.381 INFO:teuthology.orchestra.run.smithi060.stdout:/usr/bin/ceph: stderr
2024-03-24T10:36:42.774+0000 7ff3be166700 1 -- 172.21.15.60:0/3249013658 shutdown_connections
2024-03-24T10:36:43.381 INFO:teuthology.orchestra.run.smithi060.stdout:/usr/bin/ceph: stderr
2024-03-24T10:36:42.774+0000 7ff3be166700 1 -- 172.21.15.60:0/3249013658 wait complete.
2024-03-24T10:36:43.381 INFO:teuthology.orchestra.run.smithi060.stdout:mgr is available
2024-03-24T10:36:43.645 INFO:journalctl@ceph.mon.smithi060.smithi060.stdout:Mar 24 10:36:43 smithi060 ceph-mon[29018]: from='client.? 172.21.15.60:0/3249013658' entity='client.admin' cmd=[{"prefix": "status", "format": "json-pretty"}]: dispatch
2024-03-24T10:36:44.516 INFO:teuthology.orchestra.run.smithi060.stdout:/usr/bin/ceph: stdout
2024-03-24T10:36:44.559 INFO:teuthology.orchestra.run.smithi060.stdout:/usr/bin/ceph: stdout [global]
2024-03-24T10:36:44.560 INFO:teuthology.orchestra.run.smithi060.stdout:/usr/bin/ceph: stdout fsid = 4267cc94-e9ca-11ee-95cd-87774f69a715
2024-03-24T10:36:44.560 INFO:teuthology.orchestra.run.smithi060.stdout:/usr/bin/ceph: stdout mon_osd_allow_pg_remap = true
2024-03-24T10:36:44.560 INFO:teuthology.orchestra.run.smithi060.stdout:/usr/bin/ceph: stdout mon_osd_allow_primary_affinity = true
2024-03-24T10:36:44.560 INFO:teuthology.orchestra.run.smithi060.stdout:/usr/bin/ceph: stdout mon_warn_on_no_sortbitwise = false
2024-03-24T10:36:44.560 INFO:teuthology.orchestra.run.smithi060.stdout:/usr/bin/ceph: stdout osd_crush_chooseleaf_type = 0
2024-03-24T10:36:44.560 INFO:teuthology.orchestra.run.smithi060.stdout:/usr/bin/ceph: stdout
2024-03-24T10:36:44.560 INFO:teuthology.orchestra.run.smithi060.stdout:/usr/bin/ceph: stdout [mgr]
2024-03-24T10:36:44.560 INFO:teuthology.orchestra.run.smithi060.stdout:/usr/bin/ceph: stdout mgr/telemetry/nag = false
2024-03-24T10:36:44.560 INFO:teuthology.orchestra.run.smithi060.stdout:/usr/bin/ceph: stdout
2024-03-24T10:36:44.560 INFO:teuthology.orchestra.run.smithi060.stdout:/usr/bin/ceph: stdout [osd]
2024-03-24T10:36:44.560 INFO:teuthology.orchestra.run.smithi060.stdout:/usr/bin/ceph: stdout mon_osd_backfillfull_ratio = 0.85
2024-03-24T10:36:44.560 INFO:teuthology.orchestra.run.smithi060.stdout:/usr/bin/ceph: stdout mon_osd_full_ratio = 0.9
2024-03-24T10:36:44.560 INFO:teuthology.orchestra.run.smithi060.stdout:/usr/bin/ceph: stdout mon_osd_nearfull_ratio = 0.8
2024-03-24T10:36:44.560 INFO:teuthology.orchestra.run.smithi060.stdout:/usr/bin/ceph: stdout osd_map_max_advance = 10
2024-03-24T10:36:44.561 INFO:teuthology.orchestra.run.smithi060.stdout:/usr/bin/ceph: stdout osd_sloppy_crc = true
2024-03-24T10:36:44.561 INFO:teuthology.orchestra.run.smithi060.stdout:/usr/bin/ceph: stderr
2024-03-24T10:36:43.747+0000 7f2dd248c700 1 Processor -- start
2024-03-24T10:36:44.561 INFO:teuthology.orchestra.run.smithi060.stdout:/usr/bin/ceph: stderr
2024-03-24T10:36:43.747+0000 7f2dd248c700 1 -- start start
2024-03-24T10:36:44.561 INFO:teuthology.orchestra.run.smithi060.stdout:/usr/bin/ceph: stderr
2024-03-24T10:36:43.747+0000 7f2dd248c700 1 --2- >> [v2:172.21.15.60:3300/0,v1:172.21.15.60:6789/0] conn(0x7f2dcc106560 0x7f2dcc106980 unknown :-1 s=NONE pgs=0 cs=0 l=0 rev1=0 crypto rx=0 tx=0 comp rx=0 tx=0).connect
2024-03-24T10:36:44.561 INFO:teuthology.orchestra.run.smithi060.stdout:/usr/bin/ceph: stderr
2024-03-24T10:36:43.747+0000 7f2dd248c700 1 -- --> [v2:172.21.15.60:3300/0,v1:172.21.15.60:6789/0] -- mon_getmap magic: 0 v1 -- 0x7f2dcc106f50 con 0x7f2dcc106560
2024-03-24T10:36:44.561 INFO:teuthology.orchestra.run.smithi060.stdout:/usr/bin/ceph: stderr
2024-03-24T10:36:43.747+0000 7f2dcbfff700 1 --2- >> [v2:172.21.15.60:3300/0,v1:172.21.15.60:6789/0] conn(0x7f2dcc106560 0x7f2dcc106980 unknown :-1 s=BANNER_CONNECTING pgs=0 cs=0 l=0 rev1=0 crypto rx=0 tx=0 comp rx=0 tx=0)._handle_peer_banner_payload supported=3 required=0
2024-03-24T10:36:44.561 INFO:teuthology.orchestra.run.smithi060.stdout:/usr/bin/ceph: stderr
2024-03-24T10:36:43.747+0000 7f2dcbfff700 1 --2- >> [v2:172.21.15.60:3300/0,v1:172.21.15.60:6789/0] conn(0x7f2dcc106560 0x7f2dcc106980 unknown :-1 s=HELLO_CONNECTING pgs=0 cs=0 l=0 rev1=1 crypto rx=0 tx=0 comp rx=0 tx=0).handle_hello peer v2:172.21.15.60:3300/0 says I am v2:172.21.15.60:48218/0 (socket says 172.21.15.60:48218)
2024-03-24T10:36:44.561 INFO:teuthology.orchestra.run.smithi060.stdout:/usr/bin/ceph: stderr
2024-03-24T10:36:43.747+0000 7f2dcbfff700 1 -- 172.21.15.60:0/707341471 learned_addr learned my addr 172.21.15.60:0/707341471 (peer_addr_for_me v2:172.21.15.60:0/0)
2024-03-24T10:36:44.561 INFO:teuthology.orchestra.run.smithi060.stdout:/usr/bin/ceph: stderr
2024-03-24T10:36:43.747+0000 7f2dcbfff700 1 -- 172.21.15.60:0/707341471 --> [v2:172.21.15.60:3300/0,v1:172.21.15.60:6789/0] -- mon_subscribe({config=0+,monmap=0+}) v3 -- 0x7f2dcc107760 con 0x7f2dcc106560
2024-03-24T10:36:44.561 INFO:teuthology.orchestra.run.smithi060.stdout:/usr/bin/ceph: stderr
2024-03-24T10:36:43.747+0000 7f2dcbfff700 1 --2- 172.21.15.60:0/707341471 >> [v2:172.21.15.60:3300/0,v1:172.21.15.60:6789/0] conn(0x7f2dcc106560 0x7f2dcc106980 secure :-1 s=READY pgs=20 cs=0 l=1 rev1=1 crypto rx=0x7f2dbc0098a0 tx=0x7f2dbc009bb0 comp rx=0 tx=0).ready entity=mon.0 client_cookie=e6285925ad4bb38f server_cookie=0 in_seq=0 out_seq=0
2024-03-24T10:36:44.561 INFO:teuthology.orchestra.run.smithi060.stdout:/usr/bin/ceph: stderr
2024-03-24T10:36:43.747+0000 7f2dcaffd700 1 -- 172.21.15.60:0/707341471 <== mon.0 v2:172.21.15.60:3300/0 1 ==== mon_map magic: 0 v1 ==== 229+0+0 (secure 0 0 0) 0x7f2dbc004180 con 0x7f2dcc106560
2024-03-24T10:36:44.561 INFO:teuthology.orchestra.run.smithi060.stdout:/usr/bin/ceph: stderr
2024-03-24T10:36:43.748+0000 7f2dcaffd700 1 -- 172.21.15.60:0/707341471 <== mon.0 v2:172.21.15.60:3300/0 2 ==== config(27 keys) v1 ==== 1037+0+0 (secure 0 0 0) 0x7f2dbc0042e0 con 0x7f2dcc106560
2024-03-24T10:36:44.561 INFO:teuthology.orchestra.run.smithi060.stdout:/usr/bin/ceph: stderr
2024-03-24T10:36:43.748+0000 7f2dcaffd700 1 -- 172.21.15.60:0/707341471 <== mon.0 v2:172.21.15.60:3300/0 3 ==== mon_map magic: 0 v1 ==== 229+0+0 (secure 0 0 0) 0x7f2dbc011a50 con 0x7f2dcc106560
2024-03-24T10:36:44.561 INFO:teuthology.orchestra.run.smithi060.stdout:/usr/bin/ceph: stderr
2024-03-24T10:36:43.748+0000 7f2dd248c700 1 -- 172.21.15.60:0/707341471 >> [v2:172.21.15.60:3300/0,v1:172.21.15.60:6789/0] conn(0x7f2dcc106560 msgr2=0x7f2dcc106980 secure :-1 s=STATE_CONNECTION_ESTABLISHED l=1).mark_down
2024-03-24T10:36:44.562 INFO:teuthology.orchestra.run.smithi060.stdout:/usr/bin/ceph: stderr
2024-03-24T10:36:43.748+0000 7f2dd248c700 1 --2- 172.21.15.60:0/707341471 >> [v2:172.21.15.60:3300/0,v1:172.21.15.60:6789/0] conn(0x7f2dcc106560 0x7f2dcc106980 secure :-1 s=READY pgs=20 cs=0 l=1 rev1=1 crypto rx=0x7f2dbc0098a0 tx=0x7f2dbc009bb0 comp rx=0 tx=0).stop
2024-03-24T10:36:44.562 INFO:teuthology.orchestra.run.smithi060.stdout:/usr/bin/ceph: stderr
2024-03-24T10:36:43.748+0000 7f2dd248c700 1 -- 172.21.15.60:0/707341471 shutdown_connections
2024-03-24T10:36:44.562 INFO:teuthology.orchestra.run.smithi060.stdout:/usr/bin/ceph: stderr
2024-03-24T10:36:43.748+0000 7f2dd248c700 1 --2- 172.21.15.60:0/707341471 >> [v2:172.21.15.60:3300/0,v1:172.21.15.60:6789/0] conn(0x7f2dcc106560 0x7f2dcc106980 unknown :-1 s=CLOSED pgs=20 cs=0 l=1 rev1=1 crypto rx=0 tx=0 comp rx=0 tx=0).stop
2024-03-24T10:36:44.562 INFO:teuthology.orchestra.run.smithi060.stdout:/usr/bin/ceph: stderr
2024-03-24T10:36:43.748+0000 7f2dd248c700 1 -- 172.21.15.60:0/707341471 >> 172.21.15.60:0/707341471 conn(0x7f2dcc101b40 msgr2=0x7f2dcc103f60 unknown :-1 s=STATE_NONE l=0).mark_down
2024-03-24T10:36:44.562 INFO:teuthology.orchestra.run.smithi060.stdout:/usr/bin/ceph: stderr
2024-03-24T10:36:43.748+0000 7f2dd248c700 1 -- 172.21.15.60:0/707341471 shutdown_connections
2024-03-24T10:36:44.562 INFO:teuthology.orchestra.run.smithi060.stdout:/usr/bin/ceph: stderr
2024-03-24T10:36:43.748+0000 7f2dd248c700 1 -- 172.21.15.60:0/707341471 wait complete.
2024-03-24T10:36:44.562 INFO:teuthology.orchestra.run.smithi060.stdout:/usr/bin/ceph: stderr
2024-03-24T10:36:43.749+0000 7f2dd248c700 1 Processor -- start
2024-03-24T10:36:44.562 INFO:teuthology.orchestra.run.smithi060.stdout:/usr/bin/ceph: stderr
2024-03-24T10:36:43.749+0000 7f2dd248c700 1 -- start start
2024-03-24T10:36:44.562 INFO:teuthology.orchestra.run.smithi060.stdout:/usr/bin/ceph: stderr
2024-03-24T10:36:43.749+0000 7f2dd248c700 1 --2- >> [v2:172.21.15.60:3300/0,v1:172.21.15.60:6789/0] conn(0x7f2dcc106560 0x7f2dcc07bc30 unknown :-1 s=NONE pgs=0 cs=0 l=1 rev1=0 crypto rx=0 tx=0 comp rx=0 tx=0).connect
2024-03-24T10:36:44.562 INFO:teuthology.orchestra.run.smithi060.stdout:/usr/bin/ceph: stderr
2024-03-24T10:36:43.749+0000 7f2dd248c700 1 -- --> [v2:172.21.15.60:3300/0,v1:172.21.15.60:6789/0] -- mon_getmap magic: 0 v1 -- 0x7f2dcc07c170 con 0x7f2dcc106560
2024-03-24T10:36:44.562 INFO:teuthology.orchestra.run.smithi060.stdout:/usr/bin/ceph: stderr
2024-03-24T10:36:43.749+0000 7f2dcbfff700 1 --2- >> [v2:172.21.15.60:3300/0,v1:172.21.15.60:6789/0] conn(0x7f2dcc106560 0x7f2dcc07bc30 unknown :-1 s=BANNER_CONNECTING pgs=0 cs=0 l=1 rev1=0 crypto rx=0 tx=0 comp rx=0 tx=0)._handle_peer_banner_payload supported=3 required=0
2024-03-24T10:36:44.562 INFO:teuthology.orchestra.run.smithi060.stdout:/usr/bin/ceph: stderr
2024-03-24T10:36:43.749+0000 7f2dcbfff700 1 --2- >> [v2:172.21.15.60:3300/0,v1:172.21.15.60:6789/0] conn(0x7f2dcc106560 0x7f2dcc07bc30 unknown :-1 s=HELLO_CONNECTING pgs=0 cs=0 l=1 rev1=1 crypto rx=0 tx=0 comp rx=0 tx=0).handle_hello peer v2:172.21.15.60:3300/0 says I am v2:172.21.15.60:48224/0 (socket says 172.21.15.60:48224)
2024-03-24T10:36:44.562 INFO:teuthology.orchestra.run.smithi060.stdout:/usr/bin/ceph: stderr
2024-03-24T10:36:43.749+0000 7f2dcbfff700 1 -- 172.21.15.60:0/1686215350 learned_addr learned my addr 172.21.15.60:0/1686215350 (peer_addr_for_me v2:172.21.15.60:0/0)
2024-03-24T10:36:44.562 INFO:teuthology.orchestra.run.smithi060.stdout:/usr/bin/ceph: stderr
2024-03-24T10:36:43.750+0000 7f2dcbfff700 1 -- 172.21.15.60:0/1686215350 --> [v2:172.21.15.60:3300/0,v1:172.21.15.60:6789/0] -- mon_subscribe({config=0+,monmap=0+}) v3 -- 0x7f2dbc009550 con 0x7f2dcc106560
2024-03-24T10:36:44.563 INFO:teuthology.orchestra.run.smithi060.stdout:/usr/bin/ceph: stderr
2024-03-24T10:36:43.750+0000 7f2dcbfff700 1 --2- 172.21.15.60:0/1686215350 >> [v2:172.21.15.60:3300/0,v1:172.21.15.60:6789/0] conn(0x7f2dcc106560 0x7f2dcc07bc30 secure :-1 s=READY pgs=21 cs=0 l=1 rev1=1 crypto rx=0x7f2dbc009520 tx=0x7f2dbc011ab0 comp rx=0 tx=0).ready entity=mon.0 client_cookie=0 server_cookie=0 in_seq=0 out_seq=0
2024-03-24T10:36:44.563 INFO:teuthology.orchestra.run.smithi060.stdout:/usr/bin/ceph: stderr
2024-03-24T10:36:43.750+0000 7f2dc97fa700 1 -- 172.21.15.60:0/1686215350 <== mon.0 v2:172.21.15.60:3300/0 1 ==== mon_map magic: 0 v1 ==== 229+0+0 (secure 0 0 0) 0x7f2dbc003a80 con 0x7f2dcc106560
2024-03-24T10:36:44.563 INFO:teuthology.orchestra.run.smithi060.stdout:/usr/bin/ceph: stderr
2024-03-24T10:36:43.750+0000 7f2dc97fa700 1 -- 172.21.15.60:0/1686215350 <== mon.0 v2:172.21.15.60:3300/0 2 ==== config(27 keys) v1 ==== 1037+0+0 (secure 0 0 0) 0x7f2dbc003be0 con 0x7f2dcc106560
2024-03-24T10:36:44.563 INFO:teuthology.orchestra.run.smithi060.stdout:/usr/bin/ceph: stderr
2024-03-24T10:36:43.750+0000 7f2dd248c700 1 -- 172.21.15.60:0/1686215350 --> [v2:172.21.15.60:3300/0,v1:172.21.15.60:6789/0] -- mon_subscribe({mgrmap=0+}) v3 -- 0x7f2dcc07a280 con 0x7f2dcc106560
2024-03-24T10:36:44.563 INFO:teuthology.orchestra.run.smithi060.stdout:/usr/bin/ceph: stderr
2024-03-24T10:36:43.750+0000 7f2dc97fa700 1 -- 172.21.15.60:0/1686215350 <== mon.0 v2:172.21.15.60:3300/0 3 ==== mon_map magic: 0 v1 ==== 229+0+0 (secure 0 0 0) 0x7f2dbc0197b0 con 0x7f2dcc106560
2024-03-24T10:36:44.563 INFO:teuthology.orchestra.run.smithi060.stdout:/usr/bin/ceph: stderr
2024-03-24T10:36:43.750+0000 7f2dd248c700 1 -- 172.21.15.60:0/1686215350 --> [v2:172.21.15.60:3300/0,v1:172.21.15.60:6789/0] -- mon_subscribe({osdmap=0}) v3 -- 0x7f2dcc07a720 con 0x7f2dcc106560
2024-03-24T10:36:44.563 INFO:teuthology.orchestra.run.smithi060.stdout:/usr/bin/ceph: stderr
2024-03-24T10:36:43.751+0000 7f2dc97fa700 1 -- 172.21.15.60:0/1686215350 <== mon.0 v2:172.21.15.60:3300/0 4 ==== mgrmap(e 4) v1 ==== 45272+0+0 (secure 0 0 0) 0x7f2dbc019a70 con 0x7f2dcc106560
2024-03-24T10:36:44.563 INFO:teuthology.orchestra.run.smithi060.stdout:/usr/bin/ceph: stderr
2024-03-24T10:36:43.751+0000 7f2dc97fa700 1 --2- 172.21.15.60:0/1686215350 >> [v2:172.21.15.60:6800/621961810,v1:172.21.15.60:6801/621961810] conn(0x7f2db4038280 0x7f2db403a740 unknown :-1 s=NONE pgs=0 cs=0 l=1 rev1=0 crypto rx=0 tx=0 comp rx=0 tx=0).connect
2024-03-24T10:36:44.563 INFO:teuthology.orchestra.run.smithi060.stdout:/usr/bin/ceph: stderr
2024-03-24T10:36:43.751+0000 7f2dc97fa700 1 -- 172.21.15.60:0/1686215350 <== mon.0 v2:172.21.15.60:3300/0 5 ==== osd_map(1..1 src has 1..1) v4 ==== 725+0+0 (secure 0 0 0) 0x7f2dbc04c530 con 0x7f2dcc106560
2024-03-24T10:36:44.563 INFO:teuthology.orchestra.run.smithi060.stdout:/usr/bin/ceph: stderr
2024-03-24T10:36:43.751+0000 7f2dd248c700 1 -- 172.21.15.60:0/1686215350 --> [v2:172.21.15.60:3300/0,v1:172.21.15.60:6789/0] -- mon_command({"prefix": "get_command_descriptions"} v 0) v1 -- 0x7f2dcc0623c0 con 0x7f2dcc106560
2024-03-24T10:36:44.563 INFO:teuthology.orchestra.run.smithi060.stdout:/usr/bin/ceph: stderr
2024-03-24T10:36:43.751+0000 7f2dcb7fe700 1 --2- 172.21.15.60:0/1686215350 >> [v2:172.21.15.60:6800/621961810,v1:172.21.15.60:6801/621961810] conn(0x7f2db4038280 0x7f2db403a740 unknown :-1 s=BANNER_CONNECTING pgs=0 cs=0 l=1 rev1=0 crypto rx=0 tx=0 comp rx=0 tx=0)._handle_peer_banner_payload supported=3 required=0
2024-03-24T10:36:44.563 INFO:teuthology.orchestra.run.smithi060.stdout:/usr/bin/ceph: stderr
2024-03-24T10:36:43.751+0000 7f2dcb7fe700 1 --2- 172.21.15.60:0/1686215350 >> [v2:172.21.15.60:6800/621961810,v1:172.21.15.60:6801/621961810] conn(0x7f2db4038280 0x7f2db403a740 secure :-1 s=READY pgs=7 cs=0 l=1 rev1=1 crypto rx=0x7f2dc0006fd0 tx=0x7f2dc0006e40 comp rx=0 tx=0).ready entity=mgr.14100 client_cookie=0 server_cookie=0 in_seq=0 out_seq=0
2024-03-24T10:36:44.563 INFO:teuthology.orchestra.run.smithi060.stdout:/usr/bin/ceph: stderr
2024-03-24T10:36:43.756+0000 7f2dc97fa700 1 -- 172.21.15.60:0/1686215350 <== mon.0 v2:172.21.15.60:3300/0 6 ==== mon_command_ack([{"prefix": "get_command_descriptions"}]=0 v0) v1 ==== 72+0+180422 (secure 0 0 0) 0x7f2dbc02c3a0 con 0x7f2dcc106560
2024-03-24T10:36:44.563 INFO:teuthology.orchestra.run.smithi060.stdout:/usr/bin/ceph: stderr
2024-03-24T10:36:43.950+0000 7f2dd248c700 1 -- 172.21.15.60:0/1686215350 --> [v2:172.21.15.60:3300/0,v1:172.21.15.60:6789/0] -- mon_command({"prefix": "config assimilate-conf"} v 0) v1 -- 0x7f2dcc10a960 con 0x7f2dcc106560
2024-03-24T10:36:44.564 INFO:teuthology.orchestra.run.smithi060.stdout:/usr/bin/ceph: stderr
2024-03-24T10:36:43.951+0000 7f2dc97fa700 1 -- 172.21.15.60:0/1686215350 <== mon.0 v2:172.21.15.60:3300/0 7 ==== mon_command_ack([{"prefix": "config assimilate-conf"}]=0 v3) v1 ==== 70+0+373 (secure 0 0 0) 0x7f2dbc0172b0 con 0x7f2dcc106560
2024-03-24T10:36:44.564 INFO:teuthology.orchestra.run.smithi060.stdout:/usr/bin/ceph: stderr
2024-03-24T10:36:43.953+0000 7f2dd248c700 1 -- 172.21.15.60:0/1686215350 >> [v2:172.21.15.60:6800/621961810,v1:172.21.15.60:6801/621961810] conn(0x7f2db4038280 msgr2=0x7f2db403a740 secure :-1 s=STATE_CONNECTION_ESTABLISHED l=1).mark_down
2024-03-24T10:36:44.564 INFO:teuthology.orchestra.run.smithi060.stdout:/usr/bin/ceph: stderr
2024-03-24T10:36:43.953+0000 7f2dd248c700 1 --2- 172.21.15.60:0/1686215350 >> [v2:172.21.15.60:6800/621961810,v1:172.21.15.60:6801/621961810] conn(0x7f2db4038280 0x7f2db403a740 secure :-1 s=READY pgs=7 cs=0 l=1 rev1=1 crypto rx=0x7f2dc0006fd0 tx=0x7f2dc0006e40 comp rx=0 tx=0).stop
2024-03-24T10:36:44.564 INFO:teuthology.orchestra.run.smithi060.stdout:/usr/bin/ceph: stderr
2024-03-24T10:36:43.953+0000 7f2dd248c700 1 -- 172.21.15.60:0/1686215350 >> [v2:172.21.15.60:3300/0,v1:172.21.15.60:6789/0] conn(0x7f2dcc106560 msgr2=0x7f2dcc07bc30 secure :-1 s=STATE_CONNECTION_ESTABLISHED l=1).mark_down
2024-03-24T10:36:44.564 INFO:teuthology.orchestra.run.smithi060.stdout:/usr/bin/ceph: stderr
2024-03-24T10:36:43.953+0000 7f2dd248c700 1 --2- 172.21.15.60:0/1686215350 >> [v2:172.21.15.60:3300/0,v1:172.21.15.60:6789/0] conn(0x7f2dcc106560 0x7f2dcc07bc30 secure :-1 s=READY pgs=21 cs=0 l=1 rev1=1 crypto rx=0x7f2dbc009520 tx=0x7f2dbc011ab0 comp rx=0 tx=0).stop
2024-03-24T10:36:44.564 INFO:teuthology.orchestra.run.smithi060.stdout:/usr/bin/ceph: stderr
2024-03-24T10:36:43.953+0000 7f2dd248c700 1 -- 172.21.15.60:0/1686215350 shutdown_connections
2024-03-24T10:36:44.564 INFO:teuthology.orchestra.run.smithi060.stdout:/usr/bin/ceph: stderr
2024-03-24T10:36:43.953+0000 7f2dd248c700 1 --2- 172.21.15.60:0/1686215350 >> [v2:172.21.15.60:6800/621961810,v1:172.21.15.60:6801/621961810] conn(0x7f2db4038280 0x7f2db403a740 unknown :-1 s=CLOSED pgs=7 cs=0 l=1 rev1=1 crypto rx=0 tx=0 comp rx=0 tx=0).stop
2024-03-24T10:36:44.564 INFO:teuthology.orchestra.run.smithi060.stdout:/usr/bin/ceph: stderr
2024-03-24T10:36:43.953+0000 7f2dd248c700 1 --2- 172.21.15.60:0/1686215350 >> [v2:172.21.15.60:3300/0,v1:172.21.15.60:6789/0] conn(0x7f2dcc106560 0x7f2dcc07bc30 unknown :-1 s=CLOSED pgs=21 cs=0 l=1 rev1=1 crypto rx=0 tx=0 comp rx=0 tx=0).stop
2024-03-24T10:36:44.564 INFO:teuthology.orchestra.run.smithi060.stdout:/usr/bin/ceph: stderr
2024-03-24T10:36:43.953+0000 7f2dd248c700 1 -- 172.21.15.60:0/1686215350 >> 172.21.15.60:0/1686215350 conn(0x7f2dcc101b40 msgr2=0x7f2dcc102900 unknown :-1 s=STATE_NONE l=0).mark_down
2024-03-24T10:36:44.564 INFO:teuthology.orchestra.run.smithi060.stdout:/usr/bin/ceph: stderr
2024-03-24T10:36:43.953+0000 7f2dd248c700 1 -- 172.21.15.60:0/1686215350 shutdown_connections
2024-03-24T10:36:44.564 INFO:teuthology.orchestra.run.smithi060.stdout:/usr/bin/ceph: stderr
2024-03-24T10:36:43.954+0000 7f2dd248c700 1 -- 172.21.15.60:0/1686215350 wait complete.
2024-03-24T10:36:44.564 INFO:teuthology.orchestra.run.smithi060.stdout:Enabling cephadm module...
2024-03-24T10:36:44.637 INFO:journalctl@ceph.mon.smithi060.smithi060.stdout:Mar 24 10:36:44 smithi060 ceph-mon[29018]: from='client.? 172.21.15.60:0/1686215350' entity='client.admin' cmd=[{"prefix": "config assimilate-conf"}]: dispatch
2024-03-24T10:36:45.984 INFO:journalctl@ceph.mon.smithi060.smithi060.stdout:Mar 24 10:36:45 smithi060 ceph-mon[29018]: from='client.? 172.21.15.60:0/3423647303' entity='client.admin' cmd=[{"prefix": "mgr module enable", "module": "cephadm"}]: dispatch
2024-03-24T10:36:46.020 INFO:teuthology.orchestra.run.smithi060.stdout:/usr/bin/ceph: stderr
2024-03-24T10:36:44.940+0000 7fda8ada1700 1 Processor -- start
2024-03-24T10:36:46.020 INFO:teuthology.orchestra.run.smithi060.stdout:/usr/bin/ceph: stderr
2024-03-24T10:36:44.940+0000 7fda8ada1700 1 -- start start
2024-03-24T10:36:46.020 INFO:teuthology.orchestra.run.smithi060.stdout:/usr/bin/ceph: stderr
2024-03-24T10:36:44.940+0000 7fda8ada1700 1 --2- >> [v2:172.21.15.60:3300/0,v1:172.21.15.60:6789/0] conn(0x7fda84106a00 0x7fda84106e20 unknown :-1 s=NONE pgs=0 cs=0 l=0 rev1=0 crypto rx=0 tx=0 comp rx=0 tx=0).connect
2024-03-24T10:36:46.020 INFO:teuthology.orchestra.run.smithi060.stdout:/usr/bin/ceph: stderr
2024-03-24T10:36:44.940+0000 7fda8ada1700 1 -- --> [v2:172.21.15.60:3300/0,v1:172.21.15.60:6789/0] -- mon_getmap magic: 0 v1 -- 0x7fda841073f0 con 0x7fda84106a00
2024-03-24T10:36:46.020 INFO:teuthology.orchestra.run.smithi060.stdout:/usr/bin/ceph: stderr
2024-03-24T10:36:44.940+0000 7fda88b3d700 1 --2- >> [v2:172.21.15.60:3300/0,v1:172.21.15.60:6789/0] conn(0x7fda84106a00 0x7fda84106e20 unknown :-1 s=BANNER_CONNECTING pgs=0 cs=0 l=0 rev1=0 crypto rx=0 tx=0 comp rx=0 tx=0)._handle_peer_banner_payload supported=3 required=0
2024-03-24T10:36:46.020 INFO:teuthology.orchestra.run.smithi060.stdout:/usr/bin/ceph: stderr
2024-03-24T10:36:44.940+0000 7fda88b3d700 1 --2- >> [v2:172.21.15.60:3300/0,v1:172.21.15.60:6789/0] conn(0x7fda84106a00 0x7fda84106e20 unknown :-1 s=HELLO_CONNECTING pgs=0 cs=0 l=0 rev1=1 crypto rx=0 tx=0 comp rx=0 tx=0).handle_hello peer v2:172.21.15.60:3300/0 says I am v2:172.21.15.60:48234/0 (socket says 172.21.15.60:48234)
2024-03-24T10:36:46.020 INFO:teuthology.orchestra.run.smithi060.stdout:/usr/bin/ceph: stderr
2024-03-24T10:36:44.940+0000 7fda88b3d700 1 -- 172.21.15.60:0/2484389281 learned_addr learned my addr 172.21.15.60:0/2484389281 (peer_addr_for_me v2:172.21.15.60:0/0)
2024-03-24T10:36:46.021 INFO:teuthology.orchestra.run.smithi060.stdout:/usr/bin/ceph: stderr
2024-03-24T10:36:44.941+0000 7fda88b3d700 1 -- 172.21.15.60:0/2484389281 --> [v2:172.21.15.60:3300/0,v1:172.21.15.60:6789/0] -- mon_subscribe({config=0+,monmap=0+}) v3 -- 0x7fda84107530 con 0x7fda84106a00
2024-03-24T10:36:46.021 INFO:teuthology.orchestra.run.smithi060.stdout:/usr/bin/ceph: stderr
2024-03-24T10:36:44.941+0000 7fda88b3d700 1 --2- 172.21.15.60:0/2484389281 >> [v2:172.21.15.60:3300/0,v1:172.21.15.60:6789/0] conn(0x7fda84106a00 0x7fda84106e20 secure :-1 s=READY pgs=22 cs=0 l=1 rev1=1 crypto rx=0x7fda780098a0 tx=0x7fda78009bb0 comp rx=0 tx=0).ready entity=mon.0 client_cookie=df8adaacac1046a server_cookie=0 in_seq=0 out_seq=0
2024-03-24T10:36:46.021 INFO:teuthology.orchestra.run.smithi060.stdout:/usr/bin/ceph: stderr
2024-03-24T10:36:44.941+0000 7fda837fe700 1 -- 172.21.15.60:0/2484389281 <== mon.0 v2:172.21.15.60:3300/0 1 ==== mon_map magic: 0 v1 ==== 229+0+0 (secure 0 0 0) 0x7fda78004180 con 0x7fda84106a00
2024-03-24T10:36:46.021 INFO:teuthology.orchestra.run.smithi060.stdout:/usr/bin/ceph: stderr
2024-03-24T10:36:44.941+0000 7fda837fe700 1 -- 172.21.15.60:0/2484389281 <== mon.0 v2:172.21.15.60:3300/0 2 ==== config(27 keys) v1 ==== 1037+0+0 (secure 0 0 0) 0x7fda780042e0 con 0x7fda84106a00
2024-03-24T10:36:46.021 INFO:teuthology.orchestra.run.smithi060.stdout:/usr/bin/ceph: stderr
2024-03-24T10:36:44.941+0000 7fda837fe700 1 -- 172.21.15.60:0/2484389281 <== mon.0 v2:172.21.15.60:3300/0 3 ==== mon_map magic: 0 v1 ==== 229+0+0 (secure 0 0 0) 0x7fda78011a50 con 0x7fda84106a00
2024-03-24T10:36:46.021 INFO:teuthology.orchestra.run.smithi060.stdout:/usr/bin/ceph: stderr
2024-03-24T10:36:44.942+0000 7fda8ada1700 1 -- 172.21.15.60:0/2484389281 >> [v2:172.21.15.60:3300/0,v1:172.21.15.60:6789/0] conn(0x7fda84106a00 msgr2=0x7fda84106e20 secure :-1 s=STATE_CONNECTION_ESTABLISHED l=1).mark_down
2024-03-24T10:36:46.021 INFO:teuthology.orchestra.run.smithi060.stdout:/usr/bin/ceph: stderr
2024-03-24T10:36:44.942+0000 7fda8ada1700 1 --2- 172.21.15.60:0/2484389281 >> [v2:172.21.15.60:3300/0,v1:172.21.15.60:6789/0] conn(0x7fda84106a00 0x7fda84106e20 secure :-1 s=READY pgs=22 cs=0 l=1 rev1=1 crypto rx=0x7fda780098a0 tx=0x7fda78009bb0 comp rx=0 tx=0).stop
2024-03-24T10:36:46.021 INFO:teuthology.orchestra.run.smithi060.stdout:/usr/bin/ceph: stderr
2024-03-24T10:36:44.942+0000 7fda8ada1700 1 -- 172.21.15.60:0/2484389281 shutdown_connections
2024-03-24T10:36:46.021 INFO:teuthology.orchestra.run.smithi060.stdout:/usr/bin/ceph: stderr
2024-03-24T10:36:44.942+0000 7fda8ada1700 1 --2- 172.21.15.60:0/2484389281 >> [v2:172.21.15.60:3300/0,v1:172.21.15.60:6789/0] conn(0x7fda84106a00 0x7fda84106e20 unknown :-1 s=CLOSED pgs=22 cs=0 l=1 rev1=1 crypto rx=0 tx=0 comp rx=0 tx=0).stop
