2024-03-24T10:37:05.741+0000 7ff0b3275700 1 --2- 172.21.15.82:0/1603135895 >> [v2:172.21.15.82:3300/0,v1:172.21.15.82:6789/0] conn(0x7ff0ac07dde0 0x7ff0ac07c2e0 unknown :-1 s=CLOSED pgs=39 cs=0 l=1 rev1=1 crypto rx=0 tx=0 comp rx=0 tx=0).stop
2024-03-24T10:37:06.602 INFO:teuthology.orchestra.run.smithi082.stdout:/usr/bin/ceph: stderr
2024-03-24T10:37:05.741+0000 7ff0b3275700 1 -- 172.21.15.82:0/1603135895 >> 172.21.15.82:0/1603135895 conn(0x7ff0ac103780 msgr2=0x7ff0ac105ba0 unknown :-1 s=STATE_NONE l=0).mark_down
2024-03-24T10:37:06.602 INFO:teuthology.orchestra.run.smithi082.stdout:/usr/bin/ceph: stderr
2024-03-24T10:37:05.742+0000 7ff0b3275700 1 -- 172.21.15.82:0/1603135895 shutdown_connections
2024-03-24T10:37:06.603 INFO:teuthology.orchestra.run.smithi082.stdout:/usr/bin/ceph: stderr
2024-03-24T10:37:05.742+0000 7ff0b3275700 1 -- 172.21.15.82:0/1603135895 wait complete.
2024-03-24T10:37:06.603 INFO:teuthology.orchestra.run.smithi082.stdout:/usr/bin/ceph: stderr
2024-03-24T10:37:05.742+0000 7ff0b3275700 1 Processor -- start
2024-03-24T10:37:06.603 INFO:teuthology.orchestra.run.smithi082.stdout:/usr/bin/ceph: stderr
2024-03-24T10:37:05.742+0000 7ff0b3275700 1 -- start start
2024-03-24T10:37:06.603 INFO:teuthology.orchestra.run.smithi082.stdout:/usr/bin/ceph: stderr
2024-03-24T10:37:05.742+0000 7ff0b3275700 1 --2- >> [v2:172.21.15.82:3300/0,v1:172.21.15.82:6789/0] conn(0x7ff0ac07dde0 0x7ff0ac19e110 unknown :-1 s=NONE pgs=0 cs=0 l=1 rev1=0 crypto rx=0 tx=0 comp rx=0 tx=0).connect
2024-03-24T10:37:06.603 INFO:teuthology.orchestra.run.smithi082.stdout:/usr/bin/ceph: stderr
2024-03-24T10:37:05.742+0000 7ff0b3275700 1 -- --> [v2:172.21.15.82:3300/0,v1:172.21.15.82:6789/0] -- mon_getmap magic: 0 -- 0x7ff0ac19e650 con 0x7ff0ac07dde0
2024-03-24T10:37:06.603 INFO:teuthology.orchestra.run.smithi082.stdout:/usr/bin/ceph: stderr
2024-03-24T10:37:05.742+0000 7ff0b1011700 1 --2- >> [v2:172.21.15.82:3300/0,v1:172.21.15.82:6789/0] conn(0x7ff0ac07dde0 0x7ff0ac19e110 unknown :-1 s=BANNER_CONNECTING pgs=0 cs=0 l=1 rev1=0 crypto rx=0 tx=0 comp rx=0 tx=0)._handle_peer_banner_payload supported=3 required=0
2024-03-24T10:37:06.603 INFO:teuthology.orchestra.run.smithi082.stdout:/usr/bin/ceph: stderr
2024-03-24T10:37:05.742+0000 7ff0b1011700 1 --2- >> [v2:172.21.15.82:3300/0,v1:172.21.15.82:6789/0] conn(0x7ff0ac07dde0 0x7ff0ac19e110 unknown :-1 s=HELLO_CONNECTING pgs=0 cs=0 l=1 rev1=1 crypto rx=0 tx=0 comp rx=0 tx=0).handle_hello peer v2:172.21.15.82:3300/0 says I am v2:172.21.15.82:35930/0 (socket says 172.21.15.82:35930)
2024-03-24T10:37:06.603 INFO:teuthology.orchestra.run.smithi082.stdout:/usr/bin/ceph: stderr
2024-03-24T10:37:05.742+0000 7ff0b1011700 1 -- 172.21.15.82:0/1376598804 learned_addr learned my addr 172.21.15.82:0/1376598804 (peer_addr_for_me v2:172.21.15.82:0/0)
2024-03-24T10:37:06.603 INFO:teuthology.orchestra.run.smithi082.stdout:/usr/bin/ceph: stderr
2024-03-24T10:37:05.743+0000 7ff0b1011700 1 -- 172.21.15.82:0/1376598804 --> [v2:172.21.15.82:3300/0,v1:172.21.15.82:6789/0] -- mon_subscribe({config=0+,monmap=0+}) -- 0x7ff0a8009550 con 0x7ff0ac07dde0
2024-03-24T10:37:06.603 INFO:teuthology.orchestra.run.smithi082.stdout:/usr/bin/ceph: stderr
2024-03-24T10:37:05.743+0000 7ff0b1011700 1 --2- 172.21.15.82:0/1376598804 >> [v2:172.21.15.82:3300/0,v1:172.21.15.82:6789/0] conn(0x7ff0ac07dde0 0x7ff0ac19e110 secure :-1 s=READY pgs=40 cs=0 l=1 rev1=1 crypto rx=0x7ff0a8000c00 tx=0x7ff0a8011ca0 comp rx=0 tx=0).ready entity=mon.0 client_cookie=0 server_cookie=0 in_seq=0 out_seq=0
2024-03-24T10:37:06.603 INFO:teuthology.orchestra.run.smithi082.stdout:/usr/bin/ceph: stderr
2024-03-24T10:37:05.743+0000 7ff0a27fc700 1 -- 172.21.15.82:0/1376598804 <== mon.0 v2:172.21.15.82:3300/0 1 ==== mon_map magic: 0 ==== 205+0+0 (secure 0 0 0) 0x7ff0a80039e0 con 0x7ff0ac07dde0
2024-03-24T10:37:06.603 INFO:teuthology.orchestra.run.smithi082.stdout:/usr/bin/ceph: stderr
2024-03-24T10:37:05.743+0000 7ff0a27fc700 1 -- 172.21.15.82:0/1376598804 <== mon.0 v2:172.21.15.82:3300/0 2 ==== config(29 keys) ==== 1178+0+0 (secure 0 0 0) 0x7ff0a8011e90 con 0x7ff0ac07dde0
2024-03-24T10:37:06.604 INFO:teuthology.orchestra.run.smithi082.stdout:/usr/bin/ceph: stderr
2024-03-24T10:37:05.743+0000 7ff0b3275700 1 -- 172.21.15.82:0/1376598804 --> [v2:172.21.15.82:3300/0,v1:172.21.15.82:6789/0] -- mon_subscribe({mgrmap=0+}) -- 0x7ff0ac19e850 con 0x7ff0ac07dde0
2024-03-24T10:37:06.604 INFO:teuthology.orchestra.run.smithi082.stdout:/usr/bin/ceph: stderr
2024-03-24T10:37:05.743+0000 7ff0a27fc700 1 -- 172.21.15.82:0/1376598804 <== mon.0 v2:172.21.15.82:3300/0 3 ==== mon_map magic: 0 ==== 205+0+0 (secure 0 0 0) 0x7ff0a8024630 con 0x7ff0ac07dde0
2024-03-24T10:37:06.604 INFO:teuthology.orchestra.run.smithi082.stdout:/usr/bin/ceph: stderr
2024-03-24T10:37:05.743+0000 7ff0b3275700 1 -- 172.21.15.82:0/1376598804 --> [v2:172.21.15.82:3300/0,v1:172.21.15.82:6789/0] -- mon_subscribe({osdmap=0}) -- 0x7ff0ac19ecf0 con 0x7ff0ac07dde0
2024-03-24T10:37:06.604 INFO:teuthology.orchestra.run.smithi082.stdout:/usr/bin/ceph: stderr
2024-03-24T10:37:05.744+0000 7ff0a27fc700 1 -- 172.21.15.82:0/1376598804 <== mon.0 v2:172.21.15.82:3300/0 4 ==== mgrmap(e 8) ==== 45928+0+0 (secure 0 0 0) 0x7ff0a80248a0 con 0x7ff0ac07dde0
2024-03-24T10:37:06.604 INFO:teuthology.orchestra.run.smithi082.stdout:/usr/bin/ceph: stderr
2024-03-24T10:37:05.744+0000 7ff0a27fc700 1 --2- 172.21.15.82:0/1376598804 >> [v2:172.21.15.82:6800/3080664091,v1:172.21.15.82:6801/3080664091] conn(0x7ff098038f30 0x7ff09803b3f0 unknown :-1 s=NONE pgs=0 cs=0 l=1 rev1=0 crypto rx=0 tx=0 comp rx=0 tx=0).connect
2024-03-24T10:37:06.604 INFO:teuthology.orchestra.run.smithi082.stdout:/usr/bin/ceph: stderr
2024-03-24T10:37:05.744+0000 7ff0a27fc700 1 -- 172.21.15.82:0/1376598804 <== mon.0 v2:172.21.15.82:3300/0 5 ==== osd_map(2..2 src has 1..2) ==== 940+0+0 (secure 0 0 0) 0x7ff0a804cd20 con 0x7ff0ac07dde0
2024-03-24T10:37:06.604 INFO:teuthology.orchestra.run.smithi082.stdout:/usr/bin/ceph: stderr
2024-03-24T10:37:05.744+0000 7ff0b3275700 1 -- 172.21.15.82:0/1376598804 --> [v2:172.21.15.82:3300/0,v1:172.21.15.82:6789/0] -- mon_command({"prefix": "get_command_descriptions"} v 0) -- 0x7ff0ac10e4f0 con 0x7ff0ac07dde0
2024-03-24T10:37:06.604 INFO:teuthology.orchestra.run.smithi082.stdout:/usr/bin/ceph: stderr
2024-03-24T10:37:05.744+0000 7ff0b0810700 1 --2- 172.21.15.82:0/1376598804 >> [v2:172.21.15.82:6800/3080664091,v1:172.21.15.82:6801/3080664091] conn(0x7ff098038f30 0x7ff09803b3f0 unknown :-1 s=BANNER_CONNECTING pgs=0 cs=0 l=1 rev1=0 crypto rx=0 tx=0 comp rx=0 tx=0)._handle_peer_banner_payload supported=3 required=0
2024-03-24T10:37:06.604 INFO:teuthology.orchestra.run.smithi082.stdout:/usr/bin/ceph: stderr
2024-03-24T10:37:05.744+0000 7ff0b0810700 1 --2- 172.21.15.82:0/1376598804 >> [v2:172.21.15.82:6800/3080664091,v1:172.21.15.82:6801/3080664091] conn(0x7ff098038f30 0x7ff09803b3f0 secure :-1 s=READY pgs=8 cs=0 l=1 rev1=1 crypto rx=0x7ff09c006fd0 tx=0x7ff09c006e40 comp rx=0 tx=0).ready entity=mgr.14120 client_cookie=0 server_cookie=0 in_seq=0 out_seq=0
2024-03-24T10:37:06.604 INFO:teuthology.orchestra.run.smithi082.stdout:/usr/bin/ceph: stderr
2024-03-24T10:37:05.749+0000 7ff0a27fc700 1 -- 172.21.15.82:0/1376598804 <== mon.0 v2:172.21.15.82:3300/0 6 ==== mon_command_ack([{"prefix": "get_command_descriptions"}]=0 v0) ==== 72+0+184932 (secure 0 0 0) 0x7ff0a8018c20 con 0x7ff0ac07dde0
2024-03-24T10:37:06.604 INFO:teuthology.orchestra.run.smithi082.stdout:/usr/bin/ceph: stderr
2024-03-24T10:37:05.947+0000 7ff0b3275700 1 -- 172.21.15.82:0/1376598804 --> [v2:172.21.15.82:6800/3080664091,v1:172.21.15.82:6801/3080664091] -- mgr_command(tid 0: {"prefix": "cephadm set-user", "user": "root", "target": ["mon-mgr", ""]}) -- 0x7ff0ac104a00 con 0x7ff098038f30
2024-03-24T10:37:06.604 INFO:teuthology.orchestra.run.smithi082.stdout:/usr/bin/ceph: stderr
2024-03-24T10:37:05.947+0000 7ff0a27fc700 1 -- 172.21.15.82:0/1376598804 <== mgr.14120 v2:172.21.15.82:6800/3080664091 1 ==== mgr_command_reply(tid 0: 0 ) ==== 8+0+16 (secure 0 0 0) 0x7ff0ac104a00 con 0x7ff098038f30
2024-03-24T10:37:06.604 INFO:teuthology.orchestra.run.smithi082.stdout:/usr/bin/ceph: stderr
2024-03-24T10:37:05.949+0000 7ff0b3275700 1 -- 172.21.15.82:0/1376598804 >> [v2:172.21.15.82:6800/3080664091,v1:172.21.15.82:6801/3080664091] conn(0x7ff098038f30 msgr2=0x7ff09803b3f0 secure :-1 s=STATE_CONNECTION_ESTABLISHED l=1).mark_down
2024-03-24T10:37:06.604 INFO:teuthology.orchestra.run.smithi082.stdout:/usr/bin/ceph: stderr
2024-03-24T10:37:05.949+0000 7ff0b3275700 1 --2- 172.21.15.82:0/1376598804 >> [v2:172.21.15.82:6800/3080664091,v1:172.21.15.82:6801/3080664091] conn(0x7ff098038f30 0x7ff09803b3f0 secure :-1 s=READY pgs=8 cs=0 l=1 rev1=1 crypto rx=0x7ff09c006fd0 tx=0x7ff09c006e40 comp rx=0 tx=0).stop
2024-03-24T10:37:06.605 INFO:teuthology.orchestra.run.smithi082.stdout:/usr/bin/ceph: stderr
2024-03-24T10:37:05.949+0000 7ff0b3275700 1 -- 172.21.15.82:0/1376598804 >> [v2:172.21.15.82:3300/0,v1:172.21.15.82:6789/0] conn(0x7ff0ac07dde0 msgr2=0x7ff0ac19e110 secure :-1 s=STATE_CONNECTION_ESTABLISHED l=1).mark_down
2024-03-24T10:37:06.605 INFO:teuthology.orchestra.run.smithi082.stdout:/usr/bin/ceph: stderr
2024-03-24T10:37:05.949+0000 7ff0b3275700 1 --2- 172.21.15.82:0/1376598804 >> [v2:172.21.15.82:3300/0,v1:172.21.15.82:6789/0] conn(0x7ff0ac07dde0 0x7ff0ac19e110 secure :-1 s=READY pgs=40 cs=0 l=1 rev1=1 crypto rx=0x7ff0a8000c00 tx=0x7ff0a8011ca0 comp rx=0 tx=0).stop
2024-03-24T10:37:06.605 INFO:teuthology.orchestra.run.smithi082.stdout:/usr/bin/ceph: stderr
2024-03-24T10:37:05.949+0000 7ff0b3275700 1 -- 172.21.15.82:0/1376598804 shutdown_connections
2024-03-24T10:37:06.605 INFO:teuthology.orchestra.run.smithi082.stdout:/usr/bin/ceph: stderr
2024-03-24T10:37:05.949+0000 7ff0b3275700 1 --2- 172.21.15.82:0/1376598804 >> [v2:172.21.15.82:6800/3080664091,v1:172.21.15.82:6801/3080664091] conn(0x7ff098038f30 0x7ff09803b3f0 unknown :-1 s=CLOSED pgs=8 cs=0 l=1 rev1=1 crypto rx=0 tx=0 comp rx=0 tx=0).stop
2024-03-24T10:37:06.605 INFO:teuthology.orchestra.run.smithi082.stdout:/usr/bin/ceph: stderr
2024-03-24T10:37:05.949+0000 7ff0b3275700 1 --2- 172.21.15.82:0/1376598804 >> [v2:172.21.15.82:3300/0,v1:172.21.15.82:6789/0] conn(0x7ff0ac07dde0 0x7ff0ac19e110 unknown :-1 s=CLOSED pgs=40 cs=0 l=1 rev1=1 crypto rx=0 tx=0 comp rx=0 tx=0).stop
2024-03-24T10:37:06.605 INFO:teuthology.orchestra.run.smithi082.stdout:/usr/bin/ceph: stderr
2024-03-24T10:37:05.949+0000 7ff0b3275700 1 -- 172.21.15.82:0/1376598804 >> 172.21.15.82:0/1376598804 conn(0x7ff0ac103780 msgr2=0x7ff0ac1042f0 unknown :-1 s=STATE_NONE l=0).mark_down
2024-03-24T10:37:06.605 INFO:teuthology.orchestra.run.smithi082.stdout:/usr/bin/ceph: stderr
2024-03-24T10:37:05.949+0000 7ff0b3275700 1 -- 172.21.15.82:0/1376598804 shutdown_connections
2024-03-24T10:37:06.605 INFO:teuthology.orchestra.run.smithi082.stdout:/usr/bin/ceph: stderr
2024-03-24T10:37:05.949+0000 7ff0b3275700 1 -- 172.21.15.82:0/1376598804 wait complete.
2024-03-24T10:37:06.605 INFO:teuthology.orchestra.run.smithi082.stdout:Generating ssh key...
2024-03-24T10:37:06.913 INFO:journalctl@ceph.mon.a.smithi082.stdout:Mar 24 10:37:06 smithi082 ceph-mon[32629]: from='client.14132 -' entity='client.admin' cmd=[{"prefix": "orch set backend", "module_name": "cephadm", "target": ["mon-mgr", ""]}]: dispatch
2024-03-24T10:37:08.049 INFO:journalctl@ceph.mon.a.smithi082.stdout:Mar 24 10:37:07 smithi082 ceph-mon[32629]: from='client.14134 -' entity='client.admin' cmd=[{"prefix": "cephadm set-user", "user": "root", "target": ["mon-mgr", ""]}]: dispatch
2024-03-24T10:37:08.050 INFO:journalctl@ceph.mgr.x.smithi082.stdout:Mar 24 10:37:07 smithi082 ceph-2bccff90-e9ca-11ee-95cd-87774f69a715-mgr-x[32860]: Generating public/private rsa key pair.
2024-03-24T10:37:08.050 INFO:journalctl@ceph.mgr.x.smithi082.stdout:Mar 24 10:37:07 smithi082 ceph-2bccff90-e9ca-11ee-95cd-87774f69a715-mgr-x[32860]: Your identification has been saved in /tmp/tmpiq07ajhf/key.
2024-03-24T10:37:08.050 INFO:journalctl@ceph.mgr.x.smithi082.stdout:Mar 24 10:37:07 smithi082 ceph-2bccff90-e9ca-11ee-95cd-87774f69a715-mgr-x[32860]: Your public key has been saved in /tmp/tmpiq07ajhf/key.pub.
2024-03-24T10:37:08.050 INFO:journalctl@ceph.mgr.x.smithi082.stdout:Mar 24 10:37:07 smithi082 ceph-2bccff90-e9ca-11ee-95cd-87774f69a715-mgr-x[32860]: The key fingerprint is:
2024-03-24T10:37:08.050 INFO:journalctl@ceph.mgr.x.smithi082.stdout:Mar 24 10:37:07 smithi082 ceph-2bccff90-e9ca-11ee-95cd-87774f69a715-mgr-x[32860]: SHA256:kABgWbIPyXH35U7Jg1aN582nU6oB73sLgVk4w+986Z0 ceph-2bccff90-e9ca-11ee-95cd-87774f69a715
2024-03-24T10:37:08.050 INFO:journalctl@ceph.mgr.x.smithi082.stdout:Mar 24 10:37:07 smithi082 ceph-2bccff90-e9ca-11ee-95cd-87774f69a715-mgr-x[32860]: The key's randomart image is:
2024-03-24T10:37:08.050 INFO:journalctl@ceph.mgr.x.smithi082.stdout:Mar 24 10:37:07 smithi082 ceph-2bccff90-e9ca-11ee-95cd-87774f69a715-mgr-x[32860]: +---[RSA 3072]----+
2024-03-24T10:37:08.050 INFO:journalctl@ceph.mgr.x.smithi082.stdout:Mar 24 10:37:07 smithi082 ceph-2bccff90-e9ca-11ee-95cd-87774f69a715-mgr-x[32860]: |.=++.. oo |
2024-03-24T10:37:08.050 INFO:journalctl@ceph.mgr.x.smithi082.stdout:Mar 24 10:37:07 smithi082 ceph-2bccff90-e9ca-11ee-95cd-87774f69a715-mgr-x[32860]: |o.* ....B.oo |
2024-03-24T10:37:08.050 INFO:journalctl@ceph.mgr.x.smithi082.stdout:Mar 24 10:37:07 smithi082 ceph-2bccff90-e9ca-11ee-95cd-87774f69a715-mgr-x[32860]: | = o+ @o.o |
2024-03-24T10:37:08.050 INFO:journalctl@ceph.mgr.x.smithi082.stdout:Mar 24 10:37:07 smithi082 ceph-2bccff90-e9ca-11ee-95cd-87774f69a715-mgr-x[32860]: | o ..o.O. o o |
2024-03-24T10:37:08.050 INFO:journalctl@ceph.mgr.x.smithi082.stdout:Mar 24 10:37:07 smithi082 ceph-2bccff90-e9ca-11ee-95cd-87774f69a715-mgr-x[32860]: | . S+oo = |
2024-03-24T10:37:08.051 INFO:journalctl@ceph.mgr.x.smithi082.stdout:Mar 24 10:37:07 smithi082 ceph-2bccff90-e9ca-11ee-95cd-87774f69a715-mgr-x[32860]: | oo.+. |
2024-03-24T10:37:08.051 INFO:journalctl@ceph.mgr.x.smithi082.stdout:Mar 24 10:37:07 smithi082 ceph-2bccff90-e9ca-11ee-95cd-87774f69a715-mgr-x[32860]: | .+oo. |
2024-03-24T10:37:08.051 INFO:journalctl@ceph.mgr.x.smithi082.stdout:Mar 24 10:37:07 smithi082 ceph-2bccff90-e9ca-11ee-95cd-87774f69a715-mgr-x[32860]: | o+.. .|
2024-03-24T10:37:08.051 INFO:journalctl@ceph.mgr.x.smithi082.stdout:Mar 24 10:37:07 smithi082 ceph-2bccff90-e9ca-11ee-95cd-87774f69a715-mgr-x[32860]: | .oo.E |
2024-03-24T10:37:08.051 INFO:journalctl@ceph.mgr.x.smithi082.stdout:Mar 24 10:37:07 smithi082 ceph-2bccff90-e9ca-11ee-95cd-87774f69a715-mgr-x[32860]: +----[SHA256]-----+
2024-03-24T10:37:08.333 INFO:teuthology.orchestra.run.smithi082.stdout:/usr/bin/ceph: stderr
2024-03-24T10:37:07.009+0000 7f1d5cfe6700 1 Processor -- start
2024-03-24T10:37:08.333 INFO:teuthology.orchestra.run.smithi082.stdout:/usr/bin/ceph: stderr
2024-03-24T10:37:07.009+0000 7f1d5cfe6700 1 -- start start
2024-03-24T10:37:08.333 INFO:teuthology.orchestra.run.smithi082.stdout:/usr/bin/ceph: stderr
2024-03-24T10:37:07.009+0000 7f1d5cfe6700 1 --2- >> [v2:172.21.15.82:3300/0,v1:172.21.15.82:6789/0] conn(0x7f1d581062d0 0x7f1d581066f0 unknown :-1 s=NONE pgs=0 cs=0 l=0 rev1=0 crypto rx=0 tx=0 comp rx=0 tx=0).connect
2024-03-24T10:37:08.333 INFO:teuthology.orchestra.run.smithi082.stdout:/usr/bin/ceph: stderr
2024-03-24T10:37:07.009+0000 7f1d5cfe6700 1 -- --> [v2:172.21.15.82:3300/0,v1:172.21.15.82:6789/0] -- mon_getmap magic: 0 -- 0x7f1d58106cc0 con 0x7f1d581062d0
2024-03-24T10:37:08.333 INFO:teuthology.orchestra.run.smithi082.stdout:/usr/bin/ceph: stderr
2024-03-24T10:37:07.010+0000 7f1d5659c700 1 --2- >> [v2:172.21.15.82:3300/0,v1:172.21.15.82:6789/0] conn(0x7f1d581062d0 0x7f1d581066f0 unknown :-1 s=BANNER_CONNECTING pgs=0 cs=0 l=0 rev1=0 crypto rx=0 tx=0 comp rx=0 tx=0)._handle_peer_banner_payload supported=3 required=0
2024-03-24T10:37:08.333 INFO:teuthology.orchestra.run.smithi082.stdout:/usr/bin/ceph: stderr
2024-03-24T10:37:07.010+0000 7f1d5659c700 1 --2- >> [v2:172.21.15.82:3300/0,v1:172.21.15.82:6789/0] conn(0x7f1d581062d0 0x7f1d581066f0 unknown :-1 s=HELLO_CONNECTING pgs=0 cs=0 l=0 rev1=1 crypto rx=0 tx=0 comp rx=0 tx=0).handle_hello peer v2:172.21.15.82:3300/0 says I am v2:172.21.15.82:43492/0 (socket says 172.21.15.82:43492)
2024-03-24T10:37:08.334 INFO:teuthology.orchestra.run.smithi082.stdout:/usr/bin/ceph: stderr
2024-03-24T10:37:07.010+0000 7f1d5659c700 1 -- 172.21.15.82:0/2697484336 learned_addr learned my addr 172.21.15.82:0/2697484336 (peer_addr_for_me v2:172.21.15.82:0/0)
2024-03-24T10:37:08.334 INFO:teuthology.orchestra.run.smithi082.stdout:/usr/bin/ceph: stderr
2024-03-24T10:37:07.010+0000 7f1d5659c700 1 -- 172.21.15.82:0/2697484336 --> [v2:172.21.15.82:3300/0,v1:172.21.15.82:6789/0] -- mon_subscribe({config=0+,monmap=0+}) -- 0x7f1d58106e00 con 0x7f1d581062d0
2024-03-24T10:37:08.334 INFO:teuthology.orchestra.run.smithi082.stdout:/usr/bin/ceph: stderr
2024-03-24T10:37:07.010+0000 7f1d5659c700 1 --2- 172.21.15.82:0/2697484336 >> [v2:172.21.15.82:3300/0,v1:172.21.15.82:6789/0] conn(0x7f1d581062d0 0x7f1d581066f0 secure :-1 s=READY pgs=41 cs=0 l=1 rev1=1 crypto rx=0x7f1d4c0098a0 tx=0x7f1d4c009bb0 comp rx=0 tx=0).ready entity=mon.0 client_cookie=4816f08613b76947 server_cookie=0 in_seq=0 out_seq=0
2024-03-24T10:37:08.334 INFO:teuthology.orchestra.run.smithi082.stdout:/usr/bin/ceph: stderr
2024-03-24T10:37:07.010+0000 7f1d5559a700 1 -- 172.21.15.82:0/2697484336 <== mon.0 v2:172.21.15.82:3300/0 1 ==== mon_map magic: 0 ==== 205+0+0 (secure 0 0 0) 0x7f1d4c004160 con 0x7f1d581062d0
2024-03-24T10:37:08.334 INFO:teuthology.orchestra.run.smithi082.stdout:/usr/bin/ceph: stderr
2024-03-24T10:37:07.010+0000 7f1d5559a700 1 -- 172.21.15.82:0/2697484336 <== mon.0 v2:172.21.15.82:3300/0 2 ==== config(29 keys) ==== 1178+0+0 (secure 0 0 0) 0x7f1d4c0042c0 con 0x7f1d581062d0
2024-03-24T10:37:08.334 INFO:teuthology.orchestra.run.smithi082.stdout:/usr/bin/ceph: stderr
2024-03-24T10:37:07.010+0000 7f1d5559a700 1 -- 172.21.15.82:0/2697484336 <== mon.0 v2:172.21.15.82:3300/0 3 ==== mon_map magic: 0 ==== 205+0+0 (secure 0 0 0) 0x7f1d4c011c20 con 0x7f1d581062d0
2024-03-24T10:37:08.334 INFO:teuthology.orchestra.run.smithi082.stdout:/usr/bin/ceph: stderr
2024-03-24T10:37:07.011+0000 7f1d5cfe6700 1 -- 172.21.15.82:0/2697484336 >> [v2:172.21.15.82:3300/0,v1:172.21.15.82:6789/0] conn(0x7f1d581062d0 msgr2=0x7f1d581066f0 secure :-1 s=STATE_CONNECTION_ESTABLISHED l=1).mark_down
2024-03-24T10:37:08.334 INFO:teuthology.orchestra.run.smithi082.stdout:/usr/bin/ceph: stderr
2024-03-24T10:37:07.011+0000 7f1d5cfe6700 1 --2- 172.21.15.82:0/2697484336 >> [v2:172.21.15.82:3300/0,v1:172.21.15.82:6789/0] conn(0x7f1d581062d0 0x7f1d581066f0 secure :-1 s=READY pgs=41 cs=0 l=1 rev1=1 crypto rx=0x7f1d4c0098a0 tx=0x7f1d4c009bb0 comp rx=0 tx=0).stop
2024-03-24T10:37:08.334 INFO:teuthology.orchestra.run.smithi082.stdout:/usr/bin/ceph: stderr
2024-03-24T10:37:07.011+0000 7f1d5cfe6700 1 -- 172.21.15.82:0/2697484336 shutdown_connections
2024-03-24T10:37:08.334 INFO:teuthology.orchestra.run.smithi082.stdout:/usr/bin/ceph: stderr
2024-03-24T10:37:07.011+0000 7f1d5cfe6700 1 --2- 172.21.15.82:0/2697484336 >> [v2:172.21.15.82:3300/0,v1:172.21.15.82:6789/0] conn(0x7f1d581062d0 0x7f1d581066f0 unknown :-1 s=CLOSED pgs=41 cs=0 l=1 rev1=1 crypto rx=0 tx=0 comp rx=0 tx=0).stop
2024-03-24T10:37:08.334 INFO:teuthology.orchestra.run.smithi082.stdout:/usr/bin/ceph: stderr
2024-03-24T10:37:07.011+0000 7f1d5cfe6700 1 -- 172.21.15.82:0/2697484336 >> 172.21.15.82:0/2697484336 conn(0x7f1d58101cf0 msgr2=0x7f1d58104110 unknown :-1 s=STATE_NONE l=0).mark_down
2024-03-24T10:37:08.334 INFO:teuthology.orchestra.run.smithi082.stdout:/usr/bin/ceph: stderr
2024-03-24T10:37:07.011+0000 7f1d5cfe6700 1 -- 172.21.15.82:0/2697484336 shutdown_connections
2024-03-24T10:37:08.334 INFO:teuthology.orchestra.run.smithi082.stdout:/usr/bin/ceph: stderr
2024-03-24T10:37:07.011+0000 7f1d5cfe6700 1 -- 172.21.15.82:0/2697484336 wait complete.
2024-03-24T10:37:08.335 INFO:teuthology.orchestra.run.smithi082.stdout:/usr/bin/ceph: stderr
2024-03-24T10:37:07.011+0000 7f1d5cfe6700 1 Processor -- start
2024-03-24T10:37:08.335 INFO:teuthology.orchestra.run.smithi082.stdout:/usr/bin/ceph: stderr
2024-03-24T10:37:07.012+0000 7f1d5cfe6700 1 -- start start
2024-03-24T10:37:08.335 INFO:teuthology.orchestra.run.smithi082.stdout:/usr/bin/ceph: stderr
2024-03-24T10:37:07.012+0000 7f1d5cfe6700 1 --2- >> [v2:172.21.15.82:3300/0,v1:172.21.15.82:6789/0] conn(0x7f1d581062d0 0x7f1d5819bf50 unknown :-1 s=NONE pgs=0 cs=0 l=1 rev1=0 crypto rx=0 tx=0 comp rx=0 tx=0).connect
2024-03-24T10:37:08.335 INFO:teuthology.orchestra.run.smithi082.stdout:/usr/bin/ceph: stderr
2024-03-24T10:37:07.012+0000 7f1d5cfe6700 1 -- --> [v2:172.21.15.82:3300/0,v1:172.21.15.82:6789/0] -- mon_getmap magic: 0 -- 0x7f1d5819c490 con 0x7f1d581062d0
2024-03-24T10:37:08.335 INFO:teuthology.orchestra.run.smithi082.stdout:/usr/bin/ceph: stderr
2024-03-24T10:37:07.012+0000 7f1d5659c700 1 --2- >> [v2:172.21.15.82:3300/0,v1:172.21.15.82:6789/0] conn(0x7f1d581062d0 0x7f1d5819bf50 unknown :-1 s=BANNER_CONNECTING pgs=0 cs=0 l=1 rev1=0 crypto rx=0 tx=0 comp rx=0 tx=0)._handle_peer_banner_payload supported=3 required=0
2024-03-24T10:37:08.335 INFO:teuthology.orchestra.run.smithi082.stdout:/usr/bin/ceph: stderr
2024-03-24T10:37:07.012+0000 7f1d5659c700 1 --2- >> [v2:172.21.15.82:3300/0,v1:172.21.15.82:6789/0] conn(0x7f1d581062d0 0x7f1d5819bf50 unknown :-1 s=HELLO_CONNECTING pgs=0 cs=0 l=1 rev1=1 crypto rx=0 tx=0 comp rx=0 tx=0).handle_hello peer v2:172.21.15.82:3300/0 says I am v2:172.21.15.82:43504/0 (socket says 172.21.15.82:43504)
2024-03-24T10:37:08.335 INFO:teuthology.orchestra.run.smithi082.stdout:/usr/bin/ceph: stderr
2024-03-24T10:37:07.012+0000 7f1d5659c700 1 -- 172.21.15.82:0/3237711122 learned_addr learned my addr 172.21.15.82:0/3237711122 (peer_addr_for_me v2:172.21.15.82:0/0)
2024-03-24T10:37:08.335 INFO:teuthology.orchestra.run.smithi082.stdout:/usr/bin/ceph: stderr
2024-03-24T10:37:07.012+0000 7f1d5659c700 1 -- 172.21.15.82:0/3237711122 --> [v2:172.21.15.82:3300/0,v1:172.21.15.82:6789/0] -- mon_subscribe({config=0+,monmap=0+}) -- 0x7f1d4c009550 con 0x7f1d581062d0
2024-03-24T10:37:08.335 INFO:teuthology.orchestra.run.smithi082.stdout:/usr/bin/ceph: stderr
2024-03-24T10:37:07.012+0000 7f1d5659c700 1 --2- 172.21.15.82:0/3237711122 >> [v2:172.21.15.82:3300/0,v1:172.21.15.82:6789/0] conn(0x7f1d581062d0 0x7f1d5819bf50 secure :-1 s=READY pgs=42 cs=0 l=1 rev1=1 crypto rx=0x7f1d4c009520 tx=0x7f1d4c011ca0 comp rx=0 tx=0).ready entity=mon.0 client_cookie=0 server_cookie=0 in_seq=0 out_seq=0
2024-03-24T10:37:08.335 INFO:teuthology.orchestra.run.smithi082.stdout:/usr/bin/ceph: stderr
2024-03-24T10:37:07.012+0000 7f1d477fe700 1 -- 172.21.15.82:0/3237711122 <== mon.0 v2:172.21.15.82:3300/0 1 ==== mon_map magic: 0 ==== 205+0+0 (secure 0 0 0) 0x7f1d4c0039e0 con 0x7f1d581062d0
2024-03-24T10:37:08.335 INFO:teuthology.orchestra.run.smithi082.stdout:/usr/bin/ceph: stderr
2024-03-24T10:37:07.012+0000 7f1d477fe700 1 -- 172.21.15.82:0/3237711122 <== mon.0 v2:172.21.15.82:3300/0 2 ==== config(29 keys) ==== 1178+0+0 (secure 0 0 0) 0x7f1d4c011e90 con 0x7f1d581062d0
2024-03-24T10:37:08.335 INFO:teuthology.orchestra.run.smithi082.stdout:/usr/bin/ceph: stderr
2024-03-24T10:37:07.012+0000 7f1d5cfe6700 1 -- 172.21.15.82:0/3237711122 --> [v2:172.21.15.82:3300/0,v1:172.21.15.82:6789/0] -- mon_subscribe({mgrmap=0+}) -- 0x7f1d5819c690 con 0x7f1d581062d0
2024-03-24T10:37:08.335 INFO:teuthology.orchestra.run.smithi082.stdout:/usr/bin/ceph: stderr
2024-03-24T10:37:07.012+0000 7f1d477fe700 1 -- 172.21.15.82:0/3237711122 <== mon.0 v2:172.21.15.82:3300/0 3 ==== mon_map magic: 0 ==== 205+0+0 (secure 0 0 0) 0x7f1d4c024630 con 0x7f1d581062d0
2024-03-24T10:37:08.335 INFO:teuthology.orchestra.run.smithi082.stdout:/usr/bin/ceph: stderr
2024-03-24T10:37:07.012+0000 7f1d5cfe6700 1 -- 172.21.15.82:0/3237711122 --> [v2:172.21.15.82:3300/0,v1:172.21.15.82:6789/0] -- mon_subscribe({osdmap=0}) -- 0x7f1d5819cb30 con 0x7f1d581062d0
2024-03-24T10:37:08.336 INFO:teuthology.orchestra.run.smithi082.stdout:/usr/bin/ceph: stderr
2024-03-24T10:37:07.013+0000 7f1d477fe700 1 -- 172.21.15.82:0/3237711122 <== mon.0 v2:172.21.15.82:3300/0 4 ==== mgrmap(e 8) ==== 45928+0+0 (secure 0 0 0) 0x7f1d4c02d3f0 con 0x7f1d581062d0
2024-03-24T10:37:08.336 INFO:teuthology.orchestra.run.smithi082.stdout:/usr/bin/ceph: stderr
2024-03-24T10:37:07.013+0000 7f1d5cfe6700 1 -- 172.21.15.82:0/3237711122 --> [v2:172.21.15.82:3300/0,v1:172.21.15.82:6789/0] -- mon_command({"prefix": "get_command_descriptions"} v 0) -- 0x7f1d5810c4e0 con 0x7f1d581062d0
2024-03-24T10:37:08.336 INFO:teuthology.orchestra.run.smithi082.stdout:/usr/bin/ceph: stderr
2024-03-24T10:37:07.013+0000 7f1d477fe700 1 --2- 172.21.15.82:0/3237711122 >> [v2:172.21.15.82:6800/3080664091,v1:172.21.15.82:6801/3080664091] conn(0x7f1d40038ee0 0x7f1d4003b3a0 unknown :-1 s=NONE pgs=0 cs=0 l=1 rev1=0 crypto rx=0 tx=0 comp rx=0 tx=0).connect
2024-03-24T10:37:08.336 INFO:teuthology.orchestra.run.smithi082.stdout:/usr/bin/ceph: stderr
2024-03-24T10:37:07.013+0000 7f1d477fe700 1 -- 172.21.15.82:0/3237711122 <== mon.0 v2:172.21.15.82:3300/0 5 ==== osd_map(2..2 src has 1..2) ==== 940+0+0 (secure 0 0 0) 0x7f1d4c04ce50 con 0x7f1d581062d0
2024-03-24T10:37:08.336 INFO:teuthology.orchestra.run.smithi082.stdout:/usr/bin/ceph: stderr
2024-03-24T10:37:07.013+0000 7f1d55d9b700 1 --2- 172.21.15.82:0/3237711122 >> [v2:172.21.15.82:6800/3080664091,v1:172.21.15.82:6801/3080664091] conn(0x7f1d40038ee0 0x7f1d4003b3a0 unknown :-1 s=BANNER_CONNECTING pgs=0 cs=0 l=1 rev1=0 crypto rx=0 tx=0 comp rx=0 tx=0)._handle_peer_banner_payload supported=3 required=0
2024-03-24T10:37:08.336 INFO:teuthology.orchestra.run.smithi082.stdout:/usr/bin/ceph: stderr
2024-03-24T10:37:07.014+0000 7f1d55d9b700 1 --2- 172.21.15.82:0/3237711122 >> [v2:172.21.15.82:6800/3080664091,v1:172.21.15.82:6801/3080664091] conn(0x7f1d40038ee0 0x7f1d4003b3a0 secure :-1 s=READY pgs=9 cs=0 l=1 rev1=1 crypto rx=0x7f1d48006fd0 tx=0x7f1d48006e40 comp rx=0 tx=0).ready entity=mgr.14120 client_cookie=0 server_cookie=0 in_seq=0 out_seq=0
2024-03-24T10:37:08.336 INFO:teuthology.orchestra.run.smithi082.stdout:/usr/bin/ceph: stderr
2024-03-24T10:37:07.018+0000 7f1d477fe700 1 -- 172.21.15.82:0/3237711122 <== mon.0 v2:172.21.15.82:3300/0 6 ==== mon_command_ack([{"prefix": "get_command_descriptions"}]=0 v0) ==== 72+0+184932 (secure 0 0 0) 0x7f1d4c010970 con 0x7f1d581062d0
2024-03-24T10:37:08.336 INFO:teuthology.orchestra.run.smithi082.stdout:/usr/bin/ceph: stderr
2024-03-24T10:37:07.213+0000 7f1d5cfe6700 1 -- 172.21.15.82:0/3237711122 --> [v2:172.21.15.82:6800/3080664091,v1:172.21.15.82:6801/3080664091] -- mgr_command(tid 0: {"prefix": "cephadm generate-key", "target": ["mon-mgr", ""]}) -- 0x7f1d58106e00 con 0x7f1d40038ee0
2024-03-24T10:37:08.336 INFO:teuthology.orchestra.run.smithi082.stdout:/usr/bin/ceph: stderr
2024-03-24T10:37:07.766+0000 7f1d477fe700 1 -- 172.21.15.82:0/3237711122 <== mgr.14120 v2:172.21.15.82:6800/3080664091 1 ==== mgr_command_reply(tid 0: 0 ) ==== 8+0+0 (secure 0 0 0) 0x7f1d58106e00 con 0x7f1d40038ee0
2024-03-24T10:37:08.336 INFO:teuthology.orchestra.run.smithi082.stdout:/usr/bin/ceph: stderr
2024-03-24T10:37:07.768+0000 7f1d5cfe6700 1 -- 172.21.15.82:0/3237711122 >> [v2:172.21.15.82:6800/3080664091,v1:172.21.15.82:6801/3080664091] conn(0x7f1d40038ee0 msgr2=0x7f1d4003b3a0 secure :-1 s=STATE_CONNECTION_ESTABLISHED l=1).mark_down
2024-03-24T10:37:08.336 INFO:teuthology.orchestra.run.smithi082.stdout:/usr/bin/ceph: stderr
2024-03-24T10:37:07.768+0000 7f1d5cfe6700 1 --2- 172.21.15.82:0/3237711122 >> [v2:172.21.15.82:6800/3080664091,v1:172.21.15.82:6801/3080664091] conn(0x7f1d40038ee0 0x7f1d4003b3a0 secure :-1 s=READY pgs=9 cs=0 l=1 rev1=1 crypto rx=0x7f1d48006fd0 tx=0x7f1d48006e40 comp rx=0 tx=0).stop
2024-03-24T10:37:08.336 INFO:teuthology.orchestra.run.smithi082.stdout:/usr/bin/ceph: stderr
2024-03-24T10:37:07.768+0000 7f1d5cfe6700 1 -- 172.21.15.82:0/3237711122 >> [v2:172.21.15.82:3300/0,v1:172.21.15.82:6789/0] conn(0x7f1d581062d0 msgr2=0x7f1d5819bf50 secure :-1 s=STATE_CONNECTION_ESTABLISHED l=1).mark_down
2024-03-24T10:37:08.336 INFO:teuthology.orchestra.run.smithi082.stdout:/usr/bin/ceph: stderr
2024-03-24T10:37:07.768+0000 7f1d5cfe6700 1 --2- 172.21.15.82:0/3237711122 >> [v2:172.21.15.82:3300/0,v1:172.21.15.82:6789/0] conn(0x7f1d581062d0 0x7f1d5819bf50 secure :-1 s=READY pgs=42 cs=0 l=1 rev1=1 crypto rx=0x7f1d4c009520 tx=0x7f1d4c011ca0 comp rx=0 tx=0).stop
2024-03-24T10:37:08.337 INFO:teuthology.orchestra.run.smithi082.stdout:/usr/bin/ceph: stderr
2024-03-24T10:37:07.768+0000 7f1d5cfe6700 1 -- 172.21.15.82:0/3237711122 shutdown_connections
2024-03-24T10:37:08.337 INFO:teuthology.orchestra.run.smithi082.stdout:/usr/bin/ceph: stderr
2024-03-24T10:37:07.768+0000 7f1d5cfe6700 1 --2- 172.21.15.82:0/3237711122 >> [v2:172.21.15.82:6800/3080664091,v1:172.21.15.82:6801/3080664091] conn(0x7f1d40038ee0 0x7f1d4003b3a0 unknown :-1 s=CLOSED pgs=9 cs=0 l=1 rev1=1 crypto rx=0 tx=0 comp rx=0 tx=0).stop
2024-03-24T10:37:08.337 INFO:teuthology.orchestra.run.smithi082.stdout:/usr/bin/ceph: stderr
2024-03-24T10:37:07.768+0000 7f1d5cfe6700 1 --2- 172.21.15.82:0/3237711122 >> [v2:172.21.15.82:3300/0,v1:172.21.15.82:6789/0] conn(0x7f1d581062d0 0x7f1d5819bf50 unknown :-1 s=CLOSED pgs=42 cs=0 l=1 rev1=1 crypto rx=0 tx=0 comp rx=0 tx=0).stop
2024-03-24T10:37:08.337 INFO:teuthology.orchestra.run.smithi082.stdout:/usr/bin/ceph: stderr
2024-03-24T10:37:07.768+0000 7f1d5cfe6700 1 -- 172.21.15.82:0/3237711122 >> 172.21.15.82:0/3237711122 conn(0x7f1d58101cf0 msgr2=0x7f1d581028f0 unknown :-1 s=STATE_NONE l=0).mark_down
2024-03-24T10:37:08.337 INFO:teuthology.orchestra.run.smithi082.stdout:/usr/bin/ceph: stderr
2024-03-24T10:37:07.768+0000 7f1d5cfe6700 1 -- 172.21.15.82:0/3237711122 shutdown_connections
2024-03-24T10:37:08.337 INFO:teuthology.orchestra.run.smithi082.stdout:/usr/bin/ceph: stderr
2024-03-24T10:37:07.768+0000 7f1d5cfe6700 1 -- 172.21.15.82:0/3237711122 wait complete.
2024-03-24T10:37:08.923 INFO:journalctl@ceph.mon.a.smithi082.stdout:Mar 24 10:37:08 smithi082 ceph-mon[32629]: from='client.14136 -' entity='client.admin' cmd=[{"prefix": "cephadm generate-key", "target": ["mon-mgr", ""]}]: dispatch
2024-03-24T10:37:08.924 INFO:journalctl@ceph.mon.a.smithi082.stdout:Mar 24 10:37:08 smithi082 ceph-mon[32629]: Generating ssh key...
2024-03-24T10:37:08.924 INFO:journalctl@ceph.mon.a.smithi082.stdout:Mar 24 10:37:08 smithi082 ceph-mon[32629]: from='mgr.14120 172.21.15.82:0/3012194438' entity='mgr.x'
2024-03-24T10:37:08.924 INFO:journalctl@ceph.mon.a.smithi082.stdout:Mar 24 10:37:08 smithi082 ceph-mon[32629]: from='mgr.14120 172.21.15.82:0/3012194438' entity='mgr.x'
2024-03-24T10:37:09.506 INFO:teuthology.orchestra.run.smithi082.stdout:/usr/bin/ceph: stdout ssh-rsa AAAAB3NzaC1yc2EAAAADAQABAAABgQC5ODQ7JStJu9Ol7Dr8zCZNxmwnuSRvMoBQKiPiA65GLuencJowo787+kbCXwPLo/mLFm6ZZ+AH+vtJRwFboDOcpfMmroqMpH9uLcxENS3qmKrssO09h5j0gz0G56ht/AM6yrsbbp+NzssxAWbw+8XtrcgAQ9fW6mbV0kctZUAAggJH3Q0PlnroLBHc1DxCmL5kAp2PWi6TcHlDGClbMYjYCVtnqVc0T1nhcs8TCmoWn2KoPCamp1mGB1nIOQeKKvSLMLBTA3GWSaTLYaLCuZJ89co++l4TRowbtz0F3MQ5zv0fqVe1+tyL8+yY8MlMcGUxCAOPxUEo5FNaXeliBhDzko1OKDz5a6aPlC9lwazA3B27yGqn3qoi/HNSY8ly/QUMyTD24SrOTU6yv+JF09M7F++KfcM1UgL1v88dwYnOCh+ivl1PSB9zVyd7RiSjRektZUlpL1SoJQUtsUWRcd8RaAP6iRV8Dpd8k/N9kcBwt6xHkX4mk8/LJIroSkKRaI0= ceph-2bccff90-e9ca-11ee-95cd-87774f69a715
2024-03-24T10:37:09.506 INFO:teuthology.orchestra.run.smithi082.stdout:/usr/bin/ceph: stderr
2024-03-24T10:37:08.715+0000 7fab92677700 1 Processor -- start
2024-03-24T10:37:09.506 INFO:teuthology.orchestra.run.smithi082.stdout:/usr/bin/ceph: stderr
2024-03-24T10:37:08.715+0000 7fab92677700 1 -- start start
2024-03-24T10:37:09.506 INFO:teuthology.orchestra.run.smithi082.stdout:/usr/bin/ceph: stderr
2024-03-24T10:37:08.715+0000 7fab92677700 1 --2- >> [v2:172.21.15.82:3300/0,v1:172.21.15.82:6789/0] conn(0x7fab8c108b50 0x7fab8c10af40 unknown :-1 s=NONE pgs=0 cs=0 l=0 rev1=0 crypto rx=0 tx=0 comp rx=0 tx=0).connect
2024-03-24T10:37:09.506 INFO:teuthology.orchestra.run.smithi082.stdout:/usr/bin/ceph: stderr
2024-03-24T10:37:08.715+0000 7fab92677700 1 -- --> [v2:172.21.15.82:3300/0,v1:172.21.15.82:6789/0] -- mon_getmap magic: 0 -- 0x7fab8c07be70 con 0x7fab8c108b50
2024-03-24T10:37:09.506 INFO:teuthology.orchestra.run.smithi082.stdout:/usr/bin/ceph: stderr
2024-03-24T10:37:08.716+0000 7fab8bfff700 1 --2- >> [v2:172.21.15.82:3300/0,v1:172.21.15.82:6789/0] conn(0x7fab8c108b50 0x7fab8c10af40 unknown :-1 s=BANNER_CONNECTING pgs=0 cs=0 l=0 rev1=0 crypto rx=0 tx=0 comp rx=0 tx=0)._handle_peer_banner_payload supported=3 required=0
2024-03-24T10:37:09.506 INFO:teuthology.orchestra.run.smithi082.stdout:/usr/bin/ceph: stderr
2024-03-24T10:37:08.716+0000 7fab8bfff700 1 --2- >> [v2:172.21.15.82:3300/0,v1:172.21.15.82:6789/0] conn(0x7fab8c108b50 0x7fab8c10af40 unknown :-1 s=HELLO_CONNECTING pgs=0 cs=0 l=0 rev1=1 crypto rx=0 tx=0 comp rx=0 tx=0).handle_hello peer v2:172.21.15.82:3300/0 says I am v2:172.21.15.82:43512/0 (socket says 172.21.15.82:43512)
2024-03-24T10:37:09.506 INFO:teuthology.orchestra.run.smithi082.stdout:/usr/bin/ceph: stderr
2024-03-24T10:37:08.716+0000 7fab8bfff700 1 -- 172.21.15.82:0/1320573269 learned_addr learned my addr 172.21.15.82:0/1320573269 (peer_addr_for_me v2:172.21.15.82:0/0)
2024-03-24T10:37:09.507 INFO:teuthology.orchestra.run.smithi082.stdout:/usr/bin/ceph: stderr
2024-03-24T10:37:08.716+0000 7fab8bfff700 1 -- 172.21.15.82:0/1320573269 --> [v2:172.21.15.82:3300/0,v1:172.21.15.82:6789/0] -- mon_subscribe({config=0+,monmap=0+}) -- 0x7fab8c10b480 con 0x7fab8c108b50
2024-03-24T10:37:09.507 INFO:teuthology.orchestra.run.smithi082.stdout:/usr/bin/ceph: stderr
2024-03-24T10:37:08.716+0000 7fab8bfff700 1 --2- 172.21.15.82:0/1320573269 >> [v2:172.21.15.82:3300/0,v1:172.21.15.82:6789/0] conn(0x7fab8c108b50 0x7fab8c10af40 secure :-1 s=READY pgs=43 cs=0 l=1 rev1=1 crypto rx=0x7fab7c0098a0 tx=0x7fab7c009bb0 comp rx=0 tx=0).ready entity=mon.0 client_cookie=cd3d29241fbeb36b server_cookie=0 in_seq=0 out_seq=0
2024-03-24T10:37:09.507 INFO:teuthology.orchestra.run.smithi082.stdout:/usr/bin/ceph: stderr
2024-03-24T10:37:08.716+0000 7fab8affd700 1 -- 172.21.15.82:0/1320573269 <== mon.0 v2:172.21.15.82:3300/0 1 ==== mon_map magic: 0 ==== 205+0+0 (secure 0 0 0) 0x7fab7c004160 con 0x7fab8c108b50
2024-03-24T10:37:09.507 INFO:teuthology.orchestra.run.smithi082.stdout:/usr/bin/ceph: stderr
2024-03-24T10:37:08.716+0000 7fab8affd700 1 -- 172.21.15.82:0/1320573269 <== mon.0 v2:172.21.15.82:3300/0 2 ==== config(29 keys) ==== 1178+0+0 (secure 0 0 0) 0x7fab7c0042c0 con 0x7fab8c108b50
2024-03-24T10:37:09.507 INFO:teuthology.orchestra.run.smithi082.stdout:/usr/bin/ceph: stderr
2024-03-24T10:37:08.716+0000 7fab8affd700 1 -- 172.21.15.82:0/1320573269 <== mon.0 v2:172.21.15.82:3300/0 3 ==== mon_map magic: 0 ==== 205+0+0 (secure 0 0 0) 0x7fab7c011c20 con 0x7fab8c108b50
2024-03-24T10:37:09.507 INFO:teuthology.orchestra.run.smithi082.stdout:/usr/bin/ceph: stderr
2024-03-24T10:37:08.717+0000 7fab92677700 1 -- 172.21.15.82:0/1320573269 >> [v2:172.21.15.82:3300/0,v1:172.21.15.82:6789/0] conn(0x7fab8c108b50 msgr2=0x7fab8c10af40 secure :-1 s=STATE_CONNECTION_ESTABLISHED l=1).mark_down
2024-03-24T10:37:09.507 INFO:teuthology.orchestra.run.smithi082.stdout:/usr/bin/ceph: stderr
2024-03-24T10:37:08.717+0000 7fab92677700 1 --2- 172.21.15.82:0/1320573269 >> [v2:172.21.15.82:3300/0,v1:172.21.15.82:6789/0] conn(0x7fab8c108b50 0x7fab8c10af40 secure :-1 s=READY pgs=43 cs=0 l=1 rev1=1 crypto rx=0x7fab7c0098a0 tx=0x7fab7c009bb0 comp rx=0 tx=0).stop
2024-03-24T10:37:09.507 INFO:teuthology.orchestra.run.smithi082.stdout:/usr/bin/ceph: stderr
2024-03-24T10:37:08.717+0000 7fab92677700 1 -- 172.21.15.82:0/1320573269 shutdown_connections
2024-03-24T10:37:09.507 INFO:teuthology.orchestra.run.smithi082.stdout:/usr/bin/ceph: stderr
2024-03-24T10:37:08.717+0000 7fab92677700 1 --2- 172.21.15.82:0/1320573269 >> [v2:172.21.15.82:3300/0,v1:172.21.15.82:6789/0] conn(0x7fab8c108b50 0x7fab8c10af40 unknown :-1 s=CLOSED pgs=43 cs=0 l=1 rev1=1 crypto rx=0 tx=0 comp rx=0 tx=0).stop
2024-03-24T10:37:09.507 INFO:teuthology.orchestra.run.smithi082.stdout:/usr/bin/ceph: stderr
2024-03-24T10:37:08.717+0000 7fab92677700 1 -- 172.21.15.82:0/1320573269 >> 172.21.15.82:0/1320573269 conn(0x7fab8c102580 msgr2=0x7fab8c1049a0 unknown :-1 s=STATE_NONE l=0).mark_down
2024-03-24T10:37:09.507 INFO:teuthology.orchestra.run.smithi082.stdout:/usr/bin/ceph: stderr
2024-03-24T10:37:08.717+0000 7fab92677700 1 -- 172.21.15.82:0/1320573269 shutdown_connections
2024-03-24T10:37:09.507 INFO:teuthology.orchestra.run.smithi082.stdout:/usr/bin/ceph: stderr
2024-03-24T10:37:08.717+0000 7fab92677700 1 -- 172.21.15.82:0/1320573269 wait complete.
2024-03-24T10:37:09.507 INFO:teuthology.orchestra.run.smithi082.stdout:/usr/bin/ceph: stderr
2024-03-24T10:37:08.717+0000 7fab92677700 1 Processor -- start
2024-03-24T10:37:09.508 INFO:teuthology.orchestra.run.smithi082.stdout:/usr/bin/ceph: stderr
2024-03-24T10:37:08.717+0000 7fab92677700 1 -- start start
2024-03-24T10:37:09.508 INFO:teuthology.orchestra.run.smithi082.stdout:/usr/bin/ceph: stderr
2024-03-24T10:37:08.718+0000 7fab92677700 1 --2- >> [v2:172.21.15.82:3300/0,v1:172.21.15.82:6789/0] conn(0x7fab8c108b50 0x7fab8c19bf30 unknown :-1 s=NONE pgs=0 cs=0 l=1 rev1=0 crypto rx=0 tx=0 comp rx=0 tx=0).connect
2024-03-24T10:37:09.508 INFO:teuthology.orchestra.run.smithi082.stdout:/usr/bin/ceph: stderr
2024-03-24T10:37:08.718+0000 7fab92677700 1 -- --> [v2:172.21.15.82:3300/0,v1:172.21.15.82:6789/0] -- mon_getmap magic: 0 -- 0x7fab8c19c470 con 0x7fab8c108b50
2024-03-24T10:37:09.508 INFO:teuthology.orchestra.run.smithi082.stdout:/usr/bin/ceph: stderr
2024-03-24T10:37:08.718+0000 7fab8bfff700 1 --2- >> [v2:172.21.15.82:3300/0,v1:172.21.15.82:6789/0] conn(0x7fab8c108b50 0x7fab8c19bf30 unknown :-1 s=BANNER_CONNECTING pgs=0 cs=0 l=1 rev1=0 crypto rx=0 tx=0 comp rx=0 tx=0)._handle_peer_banner_payload supported=3 required=0
2024-03-24T10:37:09.508 INFO:teuthology.orchestra.run.smithi082.stdout:/usr/bin/ceph: stderr
2024-03-24T10:37:08.718+0000 7fab8bfff700 1 --2- >> [v2:172.21.15.82:3300/0,v1:172.21.15.82:6789/0] conn(0x7fab8c108b50 0x7fab8c19bf30 unknown :-1 s=HELLO_CONNECTING pgs=0 cs=0 l=1 rev1=1 crypto rx=0 tx=0 comp rx=0 tx=0).handle_hello peer v2:172.21.15.82:3300/0 says I am v2:172.21.15.82:43526/0 (socket says 172.21.15.82:43526)
2024-03-24T10:37:09.508 INFO:teuthology.orchestra.run.smithi082.stdout:/usr/bin/ceph: stderr
2024-03-24T10:37:08.718+0000 7fab8bfff700 1 -- 172.21.15.82:0/3541818932 learned_addr learned my addr 172.21.15.82:0/3541818932 (peer_addr_for_me v2:172.21.15.82:0/0)
2024-03-24T10:37:09.508 INFO:teuthology.orchestra.run.smithi082.stdout:/usr/bin/ceph: stderr
2024-03-24T10:37:08.718+0000 7fab8bfff700 1 -- 172.21.15.82:0/3541818932 --> [v2:172.21.15.82:3300/0,v1:172.21.15.82:6789/0] -- mon_subscribe({config=0+,monmap=0+}) -- 0x7fab7c009550 con 0x7fab8c108b50
2024-03-24T10:37:09.508 INFO:teuthology.orchestra.run.smithi082.stdout:/usr/bin/ceph: stderr
2024-03-24T10:37:08.718+0000 7fab8bfff700 1 --2- 172.21.15.82:0/3541818932 >> [v2:172.21.15.82:3300/0,v1:172.21.15.82:6789/0] conn(0x7fab8c108b50 0x7fab8c19bf30 secure :-1 s=READY pgs=44 cs=0 l=1 rev1=1 crypto rx=0x7fab7c000c00 tx=0x7fab7c011ca0 comp rx=0 tx=0).ready entity=mon.0 client_cookie=0 server_cookie=0 in_seq=0 out_seq=0
2024-03-24T10:37:09.508 INFO:teuthology.orchestra.run.smithi082.stdout:/usr/bin/ceph: stderr
2024-03-24T10:37:08.718+0000 7fab897fa700 1 -- 172.21.15.82:0/3541818932 <== mon.0 v2:172.21.15.82:3300/0 1 ==== mon_map magic: 0 ==== 205+0+0 (secure 0 0 0) 0x7fab7c0039e0 con 0x7fab8c108b50
2024-03-24T10:37:09.508 INFO:teuthology.orchestra.run.smithi082.stdout:/usr/bin/ceph: stderr
2024-03-24T10:37:08.718+0000 7fab92677700 1 -- 172.21.15.82:0/3541818932 --> [v2:172.21.15.82:3300/0,v1:172.21.15.82:6789/0] -- mon_subscribe({mgrmap=0+}) -- 0x7fab8c19c670 con 0x7fab8c108b50
2024-03-24T10:37:09.508 INFO:teuthology.orchestra.run.smithi082.stdout:/usr/bin/ceph: stderr
2024-03-24T10:37:08.718+0000 7fab897fa700 1 -- 172.21.15.82:0/3541818932 <== mon.0 v2:172.21.15.82:3300/0 2 ==== config(29 keys) ==== 1178+0+0 (secure 0 0 0) 0x7fab7c011e90 con 0x7fab8c108b50
2024-03-24T10:37:09.508 INFO:teuthology.orchestra.run.smithi082.stdout:/usr/bin/ceph: stderr
2024-03-24T10:37:08.718+0000 7fab897fa700 1 -- 172.21.15.82:0/3541818932 <== mon.0 v2:172.21.15.82:3300/0 3 ==== mon_map magic: 0 ==== 205+0+0 (secure 0 0 0) 0x7fab7c024630 con 0x7fab8c108b50
2024-03-24T10:37:09.508 INFO:teuthology.orchestra.run.smithi082.stdout:/usr/bin/ceph: stderr
2024-03-24T10:37:08.718+0000 7fab92677700 1 -- 172.21.15.82:0/3541818932 --> [v2:172.21.15.82:3300/0,v1:172.21.15.82:6789/0] -- mon_subscribe({osdmap=0}) -- 0x7fab8c19cb10 con 0x7fab8c108b50
2024-03-24T10:37:09.508 INFO:teuthology.orchestra.run.smithi082.stdout:/usr/bin/ceph: stderr
2024-03-24T10:37:08.719+0000 7fab897fa700 1 -- 172.21.15.82:0/3541818932 <== mon.0 v2:172.21.15.82:3300/0 4 ==== mgrmap(e 8) ==== 45928+0+0 (secure 0 0 0) 0x7fab7c0248f0 con 0x7fab8c108b50
2024-03-24T10:37:09.509 INFO:teuthology.orchestra.run.smithi082.stdout:/usr/bin/ceph: stderr
2024-03-24T10:37:08.719+0000 7fab92677700 1 -- 172.21.15.82:0/3541818932 --> [v2:172.21.15.82:3300/0,v1:172.21.15.82:6789/0] -- mon_command({"prefix": "get_command_descriptions"} v 0) -- 0x7fab8c10c340 con 0x7fab8c108b50
2024-03-24T10:37:09.509 INFO:teuthology.orchestra.run.smithi082.stdout:/usr/bin/ceph: stderr
2024-03-24T10:37:08.720+0000 7fab897fa700 1 --2- 172.21.15.82:0/3541818932 >> [v2:172.21.15.82:6800/3080664091,v1:172.21.15.82:6801/3080664091] conn(0x7fab74038ee0 0x7fab7403b3a0 unknown :-1 s=NONE pgs=0 cs=0 l=1 rev1=0 crypto rx=0 tx=0 comp rx=0 tx=0).connect
2024-03-24T10:37:09.509 INFO:teuthology.orchestra.run.smithi082.stdout:/usr/bin/ceph: stderr
2024-03-24T10:37:08.720+0000 7fab897fa700 1 -- 172.21.15.82:0/3541818932 <== mon.0 v2:172.21.15.82:3300/0 5 ==== osd_map(2..2 src has 1..2) ==== 940+0+0 (secure 0 0 0) 0x7fab7c04ced0 con 0x7fab8c108b50
2024-03-24T10:37:09.509 INFO:teuthology.orchestra.run.smithi082.stdout:/usr/bin/ceph: stderr
2024-03-24T10:37:08.720+0000 7fab8b7fe700 1 --2- 172.21.15.82:0/3541818932 >> [v2:172.21.15.82:6800/3080664091,v1:172.21.15.82:6801/3080664091] conn(0x7fab74038ee0 0x7fab7403b3a0 unknown :-1 s=BANNER_CONNECTING pgs=0 cs=0 l=1 rev1=0 crypto rx=0 tx=0 comp rx=0 tx=0)._handle_peer_banner_payload supported=3 required=0
2024-03-24T10:37:09.509 INFO:teuthology.orchestra.run.smithi082.stdout:/usr/bin/ceph: stderr
2024-03-24T10:37:08.720+0000 7fab8b7fe700 1 --2- 172.21.15.82:0/3541818932 >> [v2:172.21.15.82:6800/3080664091,v1:172.21.15.82:6801/3080664091] conn(0x7fab74038ee0 0x7fab7403b3a0 secure :-1 s=READY pgs=10 cs=0 l=1 rev1=1 crypto rx=0x7fab80006fd0 tx=0x7fab80006e40 comp rx=0 tx=0).ready entity=mgr.14120 client_cookie=0 server_cookie=0 in_seq=0 out_seq=0
2024-03-24T10:37:09.509 INFO:teuthology.orchestra.run.smithi082.stdout:/usr/bin/ceph: stderr
2024-03-24T10:37:08.724+0000 7fab897fa700 1 -- 172.21.15.82:0/3541818932 <== mon.0 v2:172.21.15.82:3300/0 6 ==== mon_command_ack([{"prefix": "get_command_descriptions"}]=0 v0) ==== 72+0+184932 (secure 0 0 0) 0x7fab7c024ba0 con 0x7fab8c108b50
2024-03-24T10:37:09.509 INFO:teuthology.orchestra.run.smithi082.stdout:/usr/bin/ceph: stderr
2024-03-24T10:37:08.922+0000 7fab92677700 1 -- 172.21.15.82:0/3541818932 --> [v2:172.21.15.82:6800/3080664091,v1:172.21.15.82:6801/3080664091] -- mgr_command(tid 0: {"prefix": "cephadm get-pub-key", "target": ["mon-mgr", ""]}) -- 0x7fab8c1037e0 con 0x7fab74038ee0
2024-03-24T10:37:09.509 INFO:teuthology.orchestra.run.smithi082.stdout:/usr/bin/ceph: stderr
2024-03-24T10:37:08.923+0000 7fab897fa700 1 -- 172.21.15.82:0/3541818932 <== mgr.14120 v2:172.21.15.82:6800/3080664091 1 ==== mgr_command_reply(tid 0: 0 ) ==== 8+0+595 (secure 0 0 0) 0x7fab8c1037e0 con 0x7fab74038ee0
2024-03-24T10:37:09.509 INFO:teuthology.orchestra.run.smithi082.stdout:/usr/bin/ceph: stderr
2024-03-24T10:37:08.925+0000 7fab92677700 1 -- 172.21.15.82:0/3541818932 >> [v2:172.21.15.82:6800/3080664091,v1:172.21.15.82:6801/3080664091] conn(0x7fab74038ee0 msgr2=0x7fab7403b3a0 secure :-1 s=STATE_CONNECTION_ESTABLISHED l=1).mark_down
2024-03-24T10:37:09.510 INFO:teuthology.orchestra.run.smithi082.stdout:/usr/bin/ceph: stderr
2024-03-24T10:37:08.925+0000 7fab92677700 1 --2- 172.21.15.82:0/3541818932 >> [v2:172.21.15.82:6800/3080664091,v1:172.21.15.82:6801/3080664091] conn(0x7fab74038ee0 0x7fab7403b3a0 secure :-1 s=READY pgs=10 cs=0 l=1 rev1=1 crypto rx=0x7fab80006fd0 tx=0x7fab80006e40 comp rx=0 tx=0).stop
2024-03-24T10:37:09.510 INFO:teuthology.orchestra.run.smithi082.stdout:/usr/bin/ceph: stderr
2024-03-24T10:37:08.925+0000 7fab92677700 1 -- 172.21.15.82:0/3541818932 >> [v2:172.21.15.82:3300/0,v1:172.21.15.82:6789/0] conn(0x7fab8c108b50 msgr2=0x7fab8c19bf30 secure :-1 s=STATE_CONNECTION_ESTABLISHED l=1).mark_down
2024-03-24T10:37:09.510 INFO:teuthology.orchestra.run.smithi082.stdout:/usr/bin/ceph: stderr
2024-03-24T10:37:08.925+0000 7fab92677700 1 --2- 172.21.15.82:0/3541818932 >> [v2:172.21.15.82:3300/0,v1:172.21.15.82:6789/0] conn(0x7fab8c108b50 0x7fab8c19bf30 secure :-1 s=READY pgs=44 cs=0 l=1 rev1=1 crypto rx=0x7fab7c000c00 tx=0x7fab7c011ca0 comp rx=0 tx=0).stop
2024-03-24T10:37:09.510 INFO:teuthology.orchestra.run.smithi082.stdout:/usr/bin/ceph: stderr
2024-03-24T10:37:08.925+0000 7fab92677700 1 -- 172.21.15.82:0/3541818932 shutdown_connections
2024-03-24T10:37:09.510 INFO:teuthology.orchestra.run.smithi082.stdout:/usr/bin/ceph: stderr
2024-03-24T10:37:08.925+0000 7fab92677700 1 --2- 172.21.15.82:0/3541818932 >> [v2:172.21.15.82:6800/3080664091,v1:172.21.15.82:6801/3080664091] conn(0x7fab74038ee0 0x7fab7403b3a0 unknown :-1 s=CLOSED pgs=10 cs=0 l=1 rev1=1 crypto rx=0 tx=0 comp rx=0 tx=0).stop
2024-03-24T10:37:09.510 INFO:teuthology.orchestra.run.smithi082.stdout:/usr/bin/ceph: stderr
2024-03-24T10:37:08.925+0000 7fab92677700 1 --2- 172.21.15.82:0/3541818932 >> [v2:172.21.15.82:3300/0,v1:172.21.15.82:6789/0] conn(0x7fab8c108b50 0x7fab8c19bf30 unknown :-1 s=CLOSED pgs=44 cs=0 l=1 rev1=1 crypto rx=0 tx=0 comp rx=0 tx=0).stop
2024-03-24T10:37:09.510 INFO:teuthology.orchestra.run.smithi082.stdout:/usr/bin/ceph: stderr
2024-03-24T10:37:08.925+0000 7fab92677700 1 -- 172.21.15.82:0/3541818932 >> 172.21.15.82:0/3541818932 conn(0x7fab8c102580 msgr2=0x7fab8c1030d0 unknown :-1 s=STATE_NONE l=0).mark_down
2024-03-24T10:37:09.510 INFO:teuthology.orchestra.run.smithi082.stdout:/usr/bin/ceph: stderr
2024-03-24T10:37:08.925+0000 7fab92677700 1 -- 172.21.15.82:0/3541818932 shutdown_connections
2024-03-24T10:37:09.510 INFO:teuthology.orchestra.run.smithi082.stdout:/usr/bin/ceph: stderr
2024-03-24T10:37:08.925+0000 7fab92677700 1 -- 172.21.15.82:0/3541818932 wait complete.
2024-03-24T10:37:09.510 INFO:teuthology.orchestra.run.smithi082.stdout:Wrote public SSH key to /home/ubuntu/cephtest/ceph.pub
2024-03-24T10:37:09.511 INFO:teuthology.orchestra.run.smithi082.stdout:Adding key to root@localhost authorized_keys...
2024-03-24T10:37:09.511 INFO:teuthology.orchestra.run.smithi082.stdout:Adding host smithi082...
2024-03-24T10:37:10.063 INFO:journalctl@ceph.mon.a.smithi082.stdout:Mar 24 10:37:09 smithi082 ceph-mon[32629]: from='client.14138 -' entity='client.admin' cmd=[{"prefix": "cephadm get-pub-key", "target": ["mon-mgr", ""]}]: dispatch
2024-03-24T10:37:10.960 INFO:journalctl@ceph.mon.a.smithi082.stdout:Mar 24 10:37:10 smithi082 ceph-mon[32629]: from='client.14140 -' entity='client.admin' cmd=[{"prefix": "orch host add", "hostname": "smithi082", "addr": "172.21.15.82", "target": ["mon-mgr", ""]}]: dispatch
2024-03-24T10:37:10.960 INFO:journalctl@ceph.mon.a.smithi082.stdout:Mar 24 10:37:10 smithi082 ceph-mon[32629]: Deploying cephadm binary to smithi082
2024-03-24T10:37:14.904 INFO:teuthology.orchestra.run.smithi082.stdout:/usr/bin/ceph: stdout Added host 'smithi082' with addr '172.21.15.82'
2024-03-24T10:37:14.904 INFO:teuthology.orchestra.run.smithi082.stdout:/usr/bin/ceph: stderr
2024-03-24T10:37:09.902+0000 7f896760c700 1 Processor -- start
2024-03-24T10:37:14.904 INFO:teuthology.orchestra.run.smithi082.stdout:/usr/bin/ceph: stderr
2024-03-24T10:37:09.902+0000 7f896760c700 1 -- start start
2024-03-24T10:37:14.905 INFO:teuthology.orchestra.run.smithi082.stdout:/usr/bin/ceph: stderr
2024-03-24T10:37:09.902+0000 7f896760c700 1 --2- >> [v2:172.21.15.82:3300/0,v1:172.21.15.82:6789/0] conn(0x7f8960108070 0x7f8960108490 unknown :-1 s=NONE pgs=0 cs=0 l=0 rev1=0 crypto rx=0 tx=0 comp rx=0 tx=0).connect
2024-03-24T10:37:14.905 INFO:teuthology.orchestra.run.smithi082.stdout:/usr/bin/ceph: stderr
2024-03-24T10:37:09.903+0000 7f896760c700 1 -- --> [v2:172.21.15.82:3300/0,v1:172.21.15.82:6789/0] -- mon_getmap magic: 0 -- 0x7f8960108a60 con 0x7f8960108070
2024-03-24T10:37:14.905 INFO:teuthology.orchestra.run.smithi082.stdout:/usr/bin/ceph: stderr
2024-03-24T10:37:09.903+0000 7f89653a8700 1 --2- >> [v2:172.21.15.82:3300/0,v1:172.21.15.82:6789/0] conn(0x7f8960108070 0x7f8960108490 unknown :-1 s=BANNER_CONNECTING pgs=0 cs=0 l=0 rev1=0 crypto rx=0 tx=0 comp rx=0 tx=0)._handle_peer_banner_payload supported=3 required=0
2024-03-24T10:37:14.905 INFO:teuthology.orchestra.run.smithi082.stdout:/usr/bin/ceph: stderr
2024-03-24T10:37:09.903+0000 7f89653a8700 1 --2- >> [v2:172.21.15.82:3300/0,v1:172.21.15.82:6789/0] conn(0x7f8960108070 0x7f8960108490 unknown :-1 s=HELLO_CONNECTING pgs=0 cs=0 l=0 rev1=1 crypto rx=0 tx=0 comp rx=0 tx=0).handle_hello peer v2:172.21.15.82:3300/0 says I am v2:172.21.15.82:43532/0 (socket says 172.21.15.82:43532)
2024-03-24T10:37:14.905 INFO:teuthology.orchestra.run.smithi082.stdout:/usr/bin/ceph: stderr
2024-03-24T10:37:09.903+0000 7f89653a8700 1 -- 172.21.15.82:0/407090941 learned_addr learned my addr 172.21.15.82:0/407090941 (peer_addr_for_me v2:172.21.15.82:0/0)
2024-03-24T10:37:14.905 INFO:teuthology.orchestra.run.smithi082.stdout:/usr/bin/ceph: stderr
