2024-03-24T10:37:09.903+0000 7f89653a8700 1 -- 172.21.15.82:0/407090941 --> [v2:172.21.15.82:3300/0,v1:172.21.15.82:6789/0] -- mon_subscribe({config=0+,monmap=0+}) -- 0x7f8960109220 con 0x7f8960108070
2024-03-24T10:37:14.905 INFO:teuthology.orchestra.run.smithi082.stdout:/usr/bin/ceph: stderr
2024-03-24T10:37:09.903+0000 7f89653a8700 1 --2- 172.21.15.82:0/407090941 >> [v2:172.21.15.82:3300/0,v1:172.21.15.82:6789/0] conn(0x7f8960108070 0x7f8960108490 secure :-1 s=READY pgs=45 cs=0 l=1 rev1=1 crypto rx=0x7f8950009e80 tx=0x7f895000b330 comp rx=0 tx=0).ready entity=mon.0 client_cookie=c23a39db70732205 server_cookie=0 in_seq=0 out_seq=0
2024-03-24T10:37:14.905 INFO:teuthology.orchestra.run.smithi082.stdout:/usr/bin/ceph: stderr
2024-03-24T10:37:09.903+0000 7f895ffff700 1 -- 172.21.15.82:0/407090941 <== mon.0 v2:172.21.15.82:3300/0 1 ==== mon_map magic: 0 ==== 205+0+0 (secure 0 0 0) 0x7f895000e070 con 0x7f8960108070
2024-03-24T10:37:14.905 INFO:teuthology.orchestra.run.smithi082.stdout:/usr/bin/ceph: stderr
2024-03-24T10:37:09.903+0000 7f895ffff700 1 -- 172.21.15.82:0/407090941 <== mon.0 v2:172.21.15.82:3300/0 2 ==== config(29 keys) ==== 1178+0+0 (secure 0 0 0) 0x7f895000b8c0 con 0x7f8960108070
2024-03-24T10:37:14.905 INFO:teuthology.orchestra.run.smithi082.stdout:/usr/bin/ceph: stderr
2024-03-24T10:37:09.903+0000 7f895ffff700 1 -- 172.21.15.82:0/407090941 <== mon.0 v2:172.21.15.82:3300/0 3 ==== mon_map magic: 0 ==== 205+0+0 (secure 0 0 0) 0x7f8950004710 con 0x7f8960108070
2024-03-24T10:37:14.905 INFO:teuthology.orchestra.run.smithi082.stdout:/usr/bin/ceph: stderr
2024-03-24T10:37:09.904+0000 7f896760c700 1 -- 172.21.15.82:0/407090941 >> [v2:172.21.15.82:3300/0,v1:172.21.15.82:6789/0] conn(0x7f8960108070 msgr2=0x7f8960108490 secure :-1 s=STATE_CONNECTION_ESTABLISHED l=1).mark_down
2024-03-24T10:37:14.905 INFO:teuthology.orchestra.run.smithi082.stdout:/usr/bin/ceph: stderr
2024-03-24T10:37:09.904+0000 7f896760c700 1 --2- 172.21.15.82:0/407090941 >> [v2:172.21.15.82:3300/0,v1:172.21.15.82:6789/0] conn(0x7f8960108070 0x7f8960108490 secure :-1 s=READY pgs=45 cs=0 l=1 rev1=1 crypto rx=0x7f8950009e80 tx=0x7f895000b330 comp rx=0 tx=0).stop
2024-03-24T10:37:14.905 INFO:teuthology.orchestra.run.smithi082.stdout:/usr/bin/ceph: stderr
2024-03-24T10:37:09.904+0000 7f896760c700 1 -- 172.21.15.82:0/407090941 shutdown_connections
2024-03-24T10:37:14.906 INFO:teuthology.orchestra.run.smithi082.stdout:/usr/bin/ceph: stderr
2024-03-24T10:37:09.904+0000 7f896760c700 1 --2- 172.21.15.82:0/407090941 >> [v2:172.21.15.82:3300/0,v1:172.21.15.82:6789/0] conn(0x7f8960108070 0x7f8960108490 unknown :-1 s=CLOSED pgs=45 cs=0 l=1 rev1=1 crypto rx=0 tx=0 comp rx=0 tx=0).stop
2024-03-24T10:37:14.906 INFO:teuthology.orchestra.run.smithi082.stdout:/usr/bin/ceph: stderr
2024-03-24T10:37:09.904+0000 7f896760c700 1 -- 172.21.15.82:0/407090941 >> 172.21.15.82:0/407090941 conn(0x7f8960103670 msgr2=0x7f8960105a90 unknown :-1 s=STATE_NONE l=0).mark_down
2024-03-24T10:37:14.906 INFO:teuthology.orchestra.run.smithi082.stdout:/usr/bin/ceph: stderr
2024-03-24T10:37:09.904+0000 7f896760c700 1 -- 172.21.15.82:0/407090941 shutdown_connections
2024-03-24T10:37:14.906 INFO:teuthology.orchestra.run.smithi082.stdout:/usr/bin/ceph: stderr
2024-03-24T10:37:09.904+0000 7f896760c700 1 -- 172.21.15.82:0/407090941 wait complete.
2024-03-24T10:37:14.906 INFO:teuthology.orchestra.run.smithi082.stdout:/usr/bin/ceph: stderr
2024-03-24T10:37:09.905+0000 7f896760c700 1 Processor -- start
2024-03-24T10:37:14.906 INFO:teuthology.orchestra.run.smithi082.stdout:/usr/bin/ceph: stderr
2024-03-24T10:37:09.905+0000 7f896760c700 1 -- start start
2024-03-24T10:37:14.906 INFO:teuthology.orchestra.run.smithi082.stdout:/usr/bin/ceph: stderr
2024-03-24T10:37:09.905+0000 7f896760c700 1 --2- >> [v2:172.21.15.82:3300/0,v1:172.21.15.82:6789/0] conn(0x7f8960108070 0x7f896019bf40 unknown :-1 s=NONE pgs=0 cs=0 l=1 rev1=0 crypto rx=0 tx=0 comp rx=0 tx=0).connect
2024-03-24T10:37:14.906 INFO:teuthology.orchestra.run.smithi082.stdout:/usr/bin/ceph: stderr
2024-03-24T10:37:09.905+0000 7f896760c700 1 -- --> [v2:172.21.15.82:3300/0,v1:172.21.15.82:6789/0] -- mon_getmap magic: 0 -- 0x7f896019c480 con 0x7f8960108070
2024-03-24T10:37:14.906 INFO:teuthology.orchestra.run.smithi082.stdout:/usr/bin/ceph: stderr
2024-03-24T10:37:09.905+0000 7f89653a8700 1 --2- >> [v2:172.21.15.82:3300/0,v1:172.21.15.82:6789/0] conn(0x7f8960108070 0x7f896019bf40 unknown :-1 s=BANNER_CONNECTING pgs=0 cs=0 l=1 rev1=0 crypto rx=0 tx=0 comp rx=0 tx=0)._handle_peer_banner_payload supported=3 required=0
2024-03-24T10:37:14.906 INFO:teuthology.orchestra.run.smithi082.stdout:/usr/bin/ceph: stderr
2024-03-24T10:37:09.905+0000 7f89653a8700 1 --2- >> [v2:172.21.15.82:3300/0,v1:172.21.15.82:6789/0] conn(0x7f8960108070 0x7f896019bf40 unknown :-1 s=HELLO_CONNECTING pgs=0 cs=0 l=1 rev1=1 crypto rx=0 tx=0 comp rx=0 tx=0).handle_hello peer v2:172.21.15.82:3300/0 says I am v2:172.21.15.82:43542/0 (socket says 172.21.15.82:43542)
2024-03-24T10:37:14.906 INFO:teuthology.orchestra.run.smithi082.stdout:/usr/bin/ceph: stderr
2024-03-24T10:37:09.905+0000 7f89653a8700 1 -- 172.21.15.82:0/698631664 learned_addr learned my addr 172.21.15.82:0/698631664 (peer_addr_for_me v2:172.21.15.82:0/0)
2024-03-24T10:37:14.906 INFO:teuthology.orchestra.run.smithi082.stdout:/usr/bin/ceph: stderr
2024-03-24T10:37:09.905+0000 7f89653a8700 1 -- 172.21.15.82:0/698631664 --> [v2:172.21.15.82:3300/0,v1:172.21.15.82:6789/0] -- mon_subscribe({config=0+,monmap=0+}) -- 0x7f8950009b30 con 0x7f8960108070
2024-03-24T10:37:14.906 INFO:teuthology.orchestra.run.smithi082.stdout:/usr/bin/ceph: stderr
2024-03-24T10:37:09.905+0000 7f89653a8700 1 --2- 172.21.15.82:0/698631664 >> [v2:172.21.15.82:3300/0,v1:172.21.15.82:6789/0] conn(0x7f8960108070 0x7f896019bf40 secure :-1 s=READY pgs=46 cs=0 l=1 rev1=1 crypto rx=0x7f8950009e50 tx=0x7f8950004ad0 comp rx=0 tx=0).ready entity=mon.0 client_cookie=0 server_cookie=0 in_seq=0 out_seq=0
2024-03-24T10:37:14.906 INFO:teuthology.orchestra.run.smithi082.stdout:/usr/bin/ceph: stderr
2024-03-24T10:37:09.905+0000 7f895e7fc700 1 -- 172.21.15.82:0/698631664 <== mon.0 v2:172.21.15.82:3300/0 1 ==== mon_map magic: 0 ==== 205+0+0 (secure 0 0 0) 0x7f895000e040 con 0x7f8960108070
2024-03-24T10:37:14.907 INFO:teuthology.orchestra.run.smithi082.stdout:/usr/bin/ceph: stderr
2024-03-24T10:37:09.905+0000 7f895e7fc700 1 -- 172.21.15.82:0/698631664 <== mon.0 v2:172.21.15.82:3300/0 2 ==== config(29 keys) ==== 1178+0+0 (secure 0 0 0) 0x7f8950003d60 con 0x7f8960108070
2024-03-24T10:37:14.907 INFO:teuthology.orchestra.run.smithi082.stdout:/usr/bin/ceph: stderr
2024-03-24T10:37:09.905+0000 7f896760c700 1 -- 172.21.15.82:0/698631664 --> [v2:172.21.15.82:3300/0,v1:172.21.15.82:6789/0] -- mon_subscribe({mgrmap=0+}) -- 0x7f896019c680 con 0x7f8960108070
2024-03-24T10:37:14.907 INFO:teuthology.orchestra.run.smithi082.stdout:/usr/bin/ceph: stderr
2024-03-24T10:37:09.905+0000 7f895e7fc700 1 -- 172.21.15.82:0/698631664 <== mon.0 v2:172.21.15.82:3300/0 3 ==== mon_map magic: 0 ==== 205+0+0 (secure 0 0 0) 0x7f8950012870 con 0x7f8960108070
2024-03-24T10:37:14.907 INFO:teuthology.orchestra.run.smithi082.stdout:/usr/bin/ceph: stderr
2024-03-24T10:37:09.905+0000 7f896760c700 1 -- 172.21.15.82:0/698631664 --> [v2:172.21.15.82:3300/0,v1:172.21.15.82:6789/0] -- mon_subscribe({osdmap=0}) -- 0x7f896019cb80 con 0x7f8960108070
2024-03-24T10:37:14.907 INFO:teuthology.orchestra.run.smithi082.stdout:/usr/bin/ceph: stderr
2024-03-24T10:37:09.907+0000 7f896760c700 1 -- 172.21.15.82:0/698631664 --> [v2:172.21.15.82:3300/0,v1:172.21.15.82:6789/0] -- mon_command({"prefix": "get_command_descriptions"} v 0) -- 0x7f896010c450 con 0x7f8960108070
2024-03-24T10:37:14.907 INFO:teuthology.orchestra.run.smithi082.stdout:/usr/bin/ceph: stderr
2024-03-24T10:37:09.907+0000 7f895e7fc700 1 -- 172.21.15.82:0/698631664 <== mon.0 v2:172.21.15.82:3300/0 4 ==== mgrmap(e 8) ==== 45928+0+0 (secure 0 0 0) 0x7f8950012ab0 con 0x7f8960108070
2024-03-24T10:37:14.907 INFO:teuthology.orchestra.run.smithi082.stdout:/usr/bin/ceph: stderr
2024-03-24T10:37:09.907+0000 7f895e7fc700 1 --2- 172.21.15.82:0/698631664 >> [v2:172.21.15.82:6800/3080664091,v1:172.21.15.82:6801/3080664091] conn(0x7f8948038e90 0x7f894803b350 unknown :-1 s=NONE pgs=0 cs=0 l=1 rev1=0 crypto rx=0 tx=0 comp rx=0 tx=0).connect
2024-03-24T10:37:14.907 INFO:teuthology.orchestra.run.smithi082.stdout:/usr/bin/ceph: stderr
2024-03-24T10:37:09.907+0000 7f895e7fc700 1 -- 172.21.15.82:0/698631664 <== mon.0 v2:172.21.15.82:3300/0 5 ==== osd_map(2..2 src has 1..2) ==== 940+0+0 (secure 0 0 0) 0x7f895004d140 con 0x7f8960108070
2024-03-24T10:37:14.907 INFO:teuthology.orchestra.run.smithi082.stdout:/usr/bin/ceph: stderr
2024-03-24T10:37:09.907+0000 7f8964ba7700 1 --2- 172.21.15.82:0/698631664 >> [v2:172.21.15.82:6800/3080664091,v1:172.21.15.82:6801/3080664091] conn(0x7f8948038e90 0x7f894803b350 unknown :-1 s=BANNER_CONNECTING pgs=0 cs=0 l=1 rev1=0 crypto rx=0 tx=0 comp rx=0 tx=0)._handle_peer_banner_payload supported=3 required=0
2024-03-24T10:37:14.907 INFO:teuthology.orchestra.run.smithi082.stdout:/usr/bin/ceph: stderr
2024-03-24T10:37:09.908+0000 7f8964ba7700 1 --2- 172.21.15.82:0/698631664 >> [v2:172.21.15.82:6800/3080664091,v1:172.21.15.82:6801/3080664091] conn(0x7f8948038e90 0x7f894803b350 secure :-1 s=READY pgs=11 cs=0 l=1 rev1=1 crypto rx=0x7f8954006fd0 tx=0x7f8954006e40 comp rx=0 tx=0).ready entity=mgr.14120 client_cookie=0 server_cookie=0 in_seq=0 out_seq=0
2024-03-24T10:37:14.907 INFO:teuthology.orchestra.run.smithi082.stdout:/usr/bin/ceph: stderr
2024-03-24T10:37:09.912+0000 7f895e7fc700 1 -- 172.21.15.82:0/698631664 <== mon.0 v2:172.21.15.82:3300/0 6 ==== mon_command_ack([{"prefix": "get_command_descriptions"}]=0 v0) ==== 72+0+184932 (secure 0 0 0) 0x7f895001ba90 con 0x7f8960108070
2024-03-24T10:37:14.907 INFO:teuthology.orchestra.run.smithi082.stdout:/usr/bin/ceph: stderr
2024-03-24T10:37:10.109+0000 7f896760c700 1 -- 172.21.15.82:0/698631664 --> [v2:172.21.15.82:6800/3080664091,v1:172.21.15.82:6801/3080664091] -- mgr_command(tid 0: {"prefix": "orch host add", "hostname": "smithi082", "addr": "172.21.15.82", "target": ["mon-mgr", ""]}) -- 0x7f8960104930 con 0x7f8948038e90
2024-03-24T10:37:14.907 INFO:teuthology.orchestra.run.smithi082.stdout:/usr/bin/ceph: stderr
2024-03-24T10:37:14.306+0000 7f895e7fc700 1 -- 172.21.15.82:0/698631664 <== mgr.14120 v2:172.21.15.82:6800/3080664091 1 ==== mgr_command_reply(tid 0: 0 ) ==== 8+0+48 (secure 0 0 0) 0x7f8960104930 con 0x7f8948038e90
2024-03-24T10:37:14.907 INFO:teuthology.orchestra.run.smithi082.stdout:/usr/bin/ceph: stderr
2024-03-24T10:37:14.309+0000 7f896760c700 1 -- 172.21.15.82:0/698631664 >> [v2:172.21.15.82:6800/3080664091,v1:172.21.15.82:6801/3080664091] conn(0x7f8948038e90 msgr2=0x7f894803b350 secure :-1 s=STATE_CONNECTION_ESTABLISHED l=1).mark_down
2024-03-24T10:37:14.908 INFO:teuthology.orchestra.run.smithi082.stdout:/usr/bin/ceph: stderr
2024-03-24T10:37:14.309+0000 7f896760c700 1 --2- 172.21.15.82:0/698631664 >> [v2:172.21.15.82:6800/3080664091,v1:172.21.15.82:6801/3080664091] conn(0x7f8948038e90 0x7f894803b350 secure :-1 s=READY pgs=11 cs=0 l=1 rev1=1 crypto rx=0x7f8954006fd0 tx=0x7f8954006e40 comp rx=0 tx=0).stop
2024-03-24T10:37:14.908 INFO:teuthology.orchestra.run.smithi082.stdout:/usr/bin/ceph: stderr
2024-03-24T10:37:14.309+0000 7f896760c700 1 -- 172.21.15.82:0/698631664 >> [v2:172.21.15.82:3300/0,v1:172.21.15.82:6789/0] conn(0x7f8960108070 msgr2=0x7f896019bf40 secure :-1 s=STATE_CONNECTION_ESTABLISHED l=1).mark_down
2024-03-24T10:37:14.908 INFO:teuthology.orchestra.run.smithi082.stdout:/usr/bin/ceph: stderr
2024-03-24T10:37:14.309+0000 7f896760c700 1 --2- 172.21.15.82:0/698631664 >> [v2:172.21.15.82:3300/0,v1:172.21.15.82:6789/0] conn(0x7f8960108070 0x7f896019bf40 secure :-1 s=READY pgs=46 cs=0 l=1 rev1=1 crypto rx=0x7f8950009e50 tx=0x7f8950004ad0 comp rx=0 tx=0).stop
2024-03-24T10:37:14.908 INFO:teuthology.orchestra.run.smithi082.stdout:/usr/bin/ceph: stderr
2024-03-24T10:37:14.309+0000 7f896760c700 1 -- 172.21.15.82:0/698631664 shutdown_connections
2024-03-24T10:37:14.908 INFO:teuthology.orchestra.run.smithi082.stdout:/usr/bin/ceph: stderr
2024-03-24T10:37:14.309+0000 7f896760c700 1 --2- 172.21.15.82:0/698631664 >> [v2:172.21.15.82:6800/3080664091,v1:172.21.15.82:6801/3080664091] conn(0x7f8948038e90 0x7f894803b350 unknown :-1 s=CLOSED pgs=11 cs=0 l=1 rev1=1 crypto rx=0 tx=0 comp rx=0 tx=0).stop
2024-03-24T10:37:14.908 INFO:teuthology.orchestra.run.smithi082.stdout:/usr/bin/ceph: stderr
2024-03-24T10:37:14.309+0000 7f896760c700 1 --2- 172.21.15.82:0/698631664 >> [v2:172.21.15.82:3300/0,v1:172.21.15.82:6789/0] conn(0x7f8960108070 0x7f896019bf40 unknown :-1 s=CLOSED pgs=46 cs=0 l=1 rev1=1 crypto rx=0 tx=0 comp rx=0 tx=0).stop
2024-03-24T10:37:14.908 INFO:teuthology.orchestra.run.smithi082.stdout:/usr/bin/ceph: stderr
2024-03-24T10:37:14.309+0000 7f896760c700 1 -- 172.21.15.82:0/698631664 >> 172.21.15.82:0/698631664 conn(0x7f8960103670 msgr2=0x7f8960104220 unknown :-1 s=STATE_NONE l=0).mark_down
2024-03-24T10:37:14.908 INFO:teuthology.orchestra.run.smithi082.stdout:/usr/bin/ceph: stderr
2024-03-24T10:37:14.309+0000 7f896760c700 1 -- 172.21.15.82:0/698631664 shutdown_connections
2024-03-24T10:37:14.908 INFO:teuthology.orchestra.run.smithi082.stdout:/usr/bin/ceph: stderr
2024-03-24T10:37:14.309+0000 7f896760c700 1 -- 172.21.15.82:0/698631664 wait complete.
2024-03-24T10:37:14.909 INFO:teuthology.orchestra.run.smithi082.stdout:Deploying unmanaged mon service...
2024-03-24T10:37:15.563 INFO:journalctl@ceph.mon.a.smithi082.stdout:Mar 24 10:37:15 smithi082 ceph-mon[32629]: from='mgr.14120 172.21.15.82:0/3012194438' entity='mgr.x'
2024-03-24T10:37:15.563 INFO:journalctl@ceph.mon.a.smithi082.stdout:Mar 24 10:37:15 smithi082 ceph-mon[32629]: Added host smithi082
2024-03-24T10:37:15.563 INFO:journalctl@ceph.mon.a.smithi082.stdout:Mar 24 10:37:15 smithi082 ceph-mon[32629]: from='mgr.14120 172.21.15.82:0/3012194438' entity='mgr.x' cmd=[{"prefix": "config dump", "format": "json"}]: dispatch
2024-03-24T10:37:16.168 INFO:teuthology.orchestra.run.smithi082.stdout:/usr/bin/ceph: stdout Scheduled mon update...
2024-03-24T10:37:16.168 INFO:teuthology.orchestra.run.smithi082.stdout:/usr/bin/ceph: stderr
2024-03-24T10:37:15.350+0000 7fd8917f8700 1 Processor -- start
2024-03-24T10:37:16.168 INFO:teuthology.orchestra.run.smithi082.stdout:/usr/bin/ceph: stderr
2024-03-24T10:37:15.350+0000 7fd8917f8700 1 -- start start
2024-03-24T10:37:16.168 INFO:teuthology.orchestra.run.smithi082.stdout:/usr/bin/ceph: stderr
2024-03-24T10:37:15.350+0000 7fd8917f8700 1 --2- >> [v2:172.21.15.82:3300/0,v1:172.21.15.82:6789/0] conn(0x7fd88c108b10 0x7fd88c10af00 unknown :-1 s=NONE pgs=0 cs=0 l=0 rev1=0 crypto rx=0 tx=0 comp rx=0 tx=0).connect
2024-03-24T10:37:16.168 INFO:teuthology.orchestra.run.smithi082.stdout:/usr/bin/ceph: stderr
2024-03-24T10:37:15.350+0000 7fd8917f8700 1 -- --> [v2:172.21.15.82:3300/0,v1:172.21.15.82:6789/0] -- mon_getmap magic: 0 -- 0x7fd88c0634c0 con 0x7fd88c108b10
2024-03-24T10:37:16.168 INFO:teuthology.orchestra.run.smithi082.stdout:/usr/bin/ceph: stderr
2024-03-24T10:37:15.351+0000 7fd88affd700 1 --2- >> [v2:172.21.15.82:3300/0,v1:172.21.15.82:6789/0] conn(0x7fd88c108b10 0x7fd88c10af00 unknown :-1 s=BANNER_CONNECTING pgs=0 cs=0 l=0 rev1=0 crypto rx=0 tx=0 comp rx=0 tx=0)._handle_peer_banner_payload supported=3 required=0
2024-03-24T10:37:16.168 INFO:teuthology.orchestra.run.smithi082.stdout:/usr/bin/ceph: stderr
2024-03-24T10:37:15.351+0000 7fd88affd700 1 --2- >> [v2:172.21.15.82:3300/0,v1:172.21.15.82:6789/0] conn(0x7fd88c108b10 0x7fd88c10af00 unknown :-1 s=HELLO_CONNECTING pgs=0 cs=0 l=0 rev1=1 crypto rx=0 tx=0 comp rx=0 tx=0).handle_hello peer v2:172.21.15.82:3300/0 says I am v2:172.21.15.82:43548/0 (socket says 172.21.15.82:43548)
2024-03-24T10:37:16.168 INFO:teuthology.orchestra.run.smithi082.stdout:/usr/bin/ceph: stderr
2024-03-24T10:37:15.351+0000 7fd88affd700 1 -- 172.21.15.82:0/2900756871 learned_addr learned my addr 172.21.15.82:0/2900756871 (peer_addr_for_me v2:172.21.15.82:0/0)
2024-03-24T10:37:16.168 INFO:teuthology.orchestra.run.smithi082.stdout:/usr/bin/ceph: stderr
2024-03-24T10:37:15.351+0000 7fd88affd700 1 -- 172.21.15.82:0/2900756871 --> [v2:172.21.15.82:3300/0,v1:172.21.15.82:6789/0] -- mon_subscribe({config=0+,monmap=0+}) -- 0x7fd88c10b440 con 0x7fd88c108b10
2024-03-24T10:37:16.169 INFO:teuthology.orchestra.run.smithi082.stdout:/usr/bin/ceph: stderr
2024-03-24T10:37:15.351+0000 7fd88affd700 1 --2- 172.21.15.82:0/2900756871 >> [v2:172.21.15.82:3300/0,v1:172.21.15.82:6789/0] conn(0x7fd88c108b10 0x7fd88c10af00 secure :-1 s=READY pgs=47 cs=0 l=1 rev1=1 crypto rx=0x7fd87c009e80 tx=0x7fd87c00b330 comp rx=0 tx=0).ready entity=mon.0 client_cookie=fa02d34536f1752d server_cookie=0 in_seq=0 out_seq=0
2024-03-24T10:37:16.169 INFO:teuthology.orchestra.run.smithi082.stdout:/usr/bin/ceph: stderr
2024-03-24T10:37:15.351+0000 7fd889ffb700 1 -- 172.21.15.82:0/2900756871 <== mon.0 v2:172.21.15.82:3300/0 1 ==== mon_map magic: 0 ==== 205+0+0 (secure 0 0 0) 0x7fd87c00e070 con 0x7fd88c108b10
2024-03-24T10:37:16.169 INFO:teuthology.orchestra.run.smithi082.stdout:/usr/bin/ceph: stderr
2024-03-24T10:37:15.351+0000 7fd889ffb700 1 -- 172.21.15.82:0/2900756871 <== mon.0 v2:172.21.15.82:3300/0 2 ==== config(29 keys) ==== 1178+0+0 (secure 0 0 0) 0x7fd87c00b8c0 con 0x7fd88c108b10
2024-03-24T10:37:16.169 INFO:teuthology.orchestra.run.smithi082.stdout:/usr/bin/ceph: stderr
2024-03-24T10:37:15.351+0000 7fd889ffb700 1 -- 172.21.15.82:0/2900756871 <== mon.0 v2:172.21.15.82:3300/0 3 ==== mon_map magic: 0 ==== 205+0+0 (secure 0 0 0) 0x7fd87c004710 con 0x7fd88c108b10
2024-03-24T10:37:16.169 INFO:teuthology.orchestra.run.smithi082.stdout:/usr/bin/ceph: stderr
2024-03-24T10:37:15.352+0000 7fd8917f8700 1 -- 172.21.15.82:0/2900756871 >> [v2:172.21.15.82:3300/0,v1:172.21.15.82:6789/0] conn(0x7fd88c108b10 msgr2=0x7fd88c10af00 secure :-1 s=STATE_CONNECTION_ESTABLISHED l=1).mark_down
2024-03-24T10:37:16.169 INFO:teuthology.orchestra.run.smithi082.stdout:/usr/bin/ceph: stderr
2024-03-24T10:37:15.352+0000 7fd8917f8700 1 --2- 172.21.15.82:0/2900756871 >> [v2:172.21.15.82:3300/0,v1:172.21.15.82:6789/0] conn(0x7fd88c108b10 0x7fd88c10af00 secure :-1 s=READY pgs=47 cs=0 l=1 rev1=1 crypto rx=0x7fd87c009e80 tx=0x7fd87c00b330 comp rx=0 tx=0).stop
2024-03-24T10:37:16.169 INFO:teuthology.orchestra.run.smithi082.stdout:/usr/bin/ceph: stderr
2024-03-24T10:37:15.352+0000 7fd8917f8700 1 -- 172.21.15.82:0/2900756871 shutdown_connections
2024-03-24T10:37:16.169 INFO:teuthology.orchestra.run.smithi082.stdout:/usr/bin/ceph: stderr
2024-03-24T10:37:15.352+0000 7fd8917f8700 1 --2- 172.21.15.82:0/2900756871 >> [v2:172.21.15.82:3300/0,v1:172.21.15.82:6789/0] conn(0x7fd88c108b10 0x7fd88c10af00 unknown :-1 s=CLOSED pgs=47 cs=0 l=1 rev1=1 crypto rx=0 tx=0 comp rx=0 tx=0).stop
2024-03-24T10:37:16.169 INFO:teuthology.orchestra.run.smithi082.stdout:/usr/bin/ceph: stderr
2024-03-24T10:37:15.352+0000 7fd8917f8700 1 -- 172.21.15.82:0/2900756871 >> 172.21.15.82:0/2900756871 conn(0x7fd88c102520 msgr2=0x7fd88c104940 unknown :-1 s=STATE_NONE l=0).mark_down
2024-03-24T10:37:16.169 INFO:teuthology.orchestra.run.smithi082.stdout:/usr/bin/ceph: stderr
2024-03-24T10:37:15.352+0000 7fd8917f8700 1 -- 172.21.15.82:0/2900756871 shutdown_connections
2024-03-24T10:37:16.169 INFO:teuthology.orchestra.run.smithi082.stdout:/usr/bin/ceph: stderr
2024-03-24T10:37:15.352+0000 7fd8917f8700 1 -- 172.21.15.82:0/2900756871 wait complete.
2024-03-24T10:37:16.170 INFO:teuthology.orchestra.run.smithi082.stdout:/usr/bin/ceph: stderr
2024-03-24T10:37:15.352+0000 7fd8917f8700 1 Processor -- start
2024-03-24T10:37:16.170 INFO:teuthology.orchestra.run.smithi082.stdout:/usr/bin/ceph: stderr
2024-03-24T10:37:15.352+0000 7fd8917f8700 1 -- start start
2024-03-24T10:37:16.170 INFO:teuthology.orchestra.run.smithi082.stdout:/usr/bin/ceph: stderr
2024-03-24T10:37:15.353+0000 7fd8917f8700 1 --2- >> [v2:172.21.15.82:3300/0,v1:172.21.15.82:6789/0] conn(0x7fd88c108b10 0x7fd88c19bec0 unknown :-1 s=NONE pgs=0 cs=0 l=1 rev1=0 crypto rx=0 tx=0 comp rx=0 tx=0).connect
2024-03-24T10:37:16.170 INFO:teuthology.orchestra.run.smithi082.stdout:/usr/bin/ceph: stderr
2024-03-24T10:37:15.353+0000 7fd8917f8700 1 -- --> [v2:172.21.15.82:3300/0,v1:172.21.15.82:6789/0] -- mon_getmap magic: 0 -- 0x7fd88c19c400 con 0x7fd88c108b10
2024-03-24T10:37:16.170 INFO:teuthology.orchestra.run.smithi082.stdout:/usr/bin/ceph: stderr
2024-03-24T10:37:15.353+0000 7fd88affd700 1 --2- >> [v2:172.21.15.82:3300/0,v1:172.21.15.82:6789/0] conn(0x7fd88c108b10 0x7fd88c19bec0 unknown :-1 s=BANNER_CONNECTING pgs=0 cs=0 l=1 rev1=0 crypto rx=0 tx=0 comp rx=0 tx=0)._handle_peer_banner_payload supported=3 required=0
2024-03-24T10:37:16.170 INFO:teuthology.orchestra.run.smithi082.stdout:/usr/bin/ceph: stderr
2024-03-24T10:37:15.353+0000 7fd88affd700 1 --2- >> [v2:172.21.15.82:3300/0,v1:172.21.15.82:6789/0] conn(0x7fd88c108b10 0x7fd88c19bec0 unknown :-1 s=HELLO_CONNECTING pgs=0 cs=0 l=1 rev1=1 crypto rx=0 tx=0 comp rx=0 tx=0).handle_hello peer v2:172.21.15.82:3300/0 says I am v2:172.21.15.82:43562/0 (socket says 172.21.15.82:43562)
2024-03-24T10:37:16.170 INFO:teuthology.orchestra.run.smithi082.stdout:/usr/bin/ceph: stderr
2024-03-24T10:37:15.353+0000 7fd88affd700 1 -- 172.21.15.82:0/1214097524 learned_addr learned my addr 172.21.15.82:0/1214097524 (peer_addr_for_me v2:172.21.15.82:0/0)
2024-03-24T10:37:16.170 INFO:teuthology.orchestra.run.smithi082.stdout:/usr/bin/ceph: stderr
2024-03-24T10:37:15.353+0000 7fd88affd700 1 -- 172.21.15.82:0/1214097524 --> [v2:172.21.15.82:3300/0,v1:172.21.15.82:6789/0] -- mon_subscribe({config=0+,monmap=0+}) -- 0x7fd87c009b30 con 0x7fd88c108b10
2024-03-24T10:37:16.170 INFO:teuthology.orchestra.run.smithi082.stdout:/usr/bin/ceph: stderr
2024-03-24T10:37:15.353+0000 7fd88affd700 1 --2- 172.21.15.82:0/1214097524 >> [v2:172.21.15.82:3300/0,v1:172.21.15.82:6789/0] conn(0x7fd88c108b10 0x7fd88c19bec0 secure :-1 s=READY pgs=48 cs=0 l=1 rev1=1 crypto rx=0x7fd87c009fd0 tx=0x7fd87c0049d0 comp rx=0 tx=0).ready entity=mon.0 client_cookie=0 server_cookie=0 in_seq=0 out_seq=0
2024-03-24T10:37:16.170 INFO:teuthology.orchestra.run.smithi082.stdout:/usr/bin/ceph: stderr
2024-03-24T10:37:15.353+0000 7fd873fff700 1 -- 172.21.15.82:0/1214097524 <== mon.0 v2:172.21.15.82:3300/0 1 ==== mon_map magic: 0 ==== 205+0+0 (secure 0 0 0) 0x7fd87c00e040 con 0x7fd88c108b10
2024-03-24T10:37:16.170 INFO:teuthology.orchestra.run.smithi082.stdout:/usr/bin/ceph: stderr
2024-03-24T10:37:15.353+0000 7fd8917f8700 1 -- 172.21.15.82:0/1214097524 --> [v2:172.21.15.82:3300/0,v1:172.21.15.82:6789/0] -- mon_subscribe({mgrmap=0+}) -- 0x7fd88c19c600 con 0x7fd88c108b10
2024-03-24T10:37:16.170 INFO:teuthology.orchestra.run.smithi082.stdout:/usr/bin/ceph: stderr
2024-03-24T10:37:15.353+0000 7fd873fff700 1 -- 172.21.15.82:0/1214097524 <== mon.0 v2:172.21.15.82:3300/0 2 ==== config(29 keys) ==== 1178+0+0 (secure 0 0 0) 0x7fd87c003de0 con 0x7fd88c108b10
2024-03-24T10:37:16.170 INFO:teuthology.orchestra.run.smithi082.stdout:/usr/bin/ceph: stderr
2024-03-24T10:37:15.353+0000 7fd873fff700 1 -- 172.21.15.82:0/1214097524 <== mon.0 v2:172.21.15.82:3300/0 3 ==== mon_map magic: 0 ==== 205+0+0 (secure 0 0 0) 0x7fd87c0128a0 con 0x7fd88c108b10
2024-03-24T10:37:16.171 INFO:teuthology.orchestra.run.smithi082.stdout:/usr/bin/ceph: stderr
2024-03-24T10:37:15.353+0000 7fd8917f8700 1 -- 172.21.15.82:0/1214097524 --> [v2:172.21.15.82:3300/0,v1:172.21.15.82:6789/0] -- mon_subscribe({osdmap=0}) -- 0x7fd88c19cb00 con 0x7fd88c108b10
2024-03-24T10:37:16.171 INFO:teuthology.orchestra.run.smithi082.stdout:/usr/bin/ceph: stderr
2024-03-24T10:37:15.354+0000 7fd873fff700 1 -- 172.21.15.82:0/1214097524 <== mon.0 v2:172.21.15.82:3300/0 4 ==== mgrmap(e 8) ==== 45928+0+0 (secure 0 0 0) 0x7fd87c012a90 con 0x7fd88c108b10
2024-03-24T10:37:16.171 INFO:teuthology.orchestra.run.smithi082.stdout:/usr/bin/ceph: stderr
2024-03-24T10:37:15.354+0000 7fd8917f8700 1 -- 172.21.15.82:0/1214097524 --> [v2:172.21.15.82:3300/0,v1:172.21.15.82:6789/0] -- mon_command({"prefix": "get_command_descriptions"} v 0) -- 0x7fd88c10c300 con 0x7fd88c108b10
2024-03-24T10:37:16.171 INFO:teuthology.orchestra.run.smithi082.stdout:/usr/bin/ceph: stderr
2024-03-24T10:37:15.354+0000 7fd873fff700 1 --2- 172.21.15.82:0/1214097524 >> [v2:172.21.15.82:6800/3080664091,v1:172.21.15.82:6801/3080664091] conn(0x7fd874038ee0 0x7fd87403b3a0 unknown :-1 s=NONE pgs=0 cs=0 l=1 rev1=0 crypto rx=0 tx=0 comp rx=0 tx=0).connect
2024-03-24T10:37:16.171 INFO:teuthology.orchestra.run.smithi082.stdout:/usr/bin/ceph: stderr
2024-03-24T10:37:15.354+0000 7fd873fff700 1 -- 172.21.15.82:0/1214097524 <== mon.0 v2:172.21.15.82:3300/0 5 ==== osd_map(2..2 src has 1..2) ==== 940+0+0 (secure 0 0 0) 0x7fd87c04d100 con 0x7fd88c108b10
2024-03-24T10:37:16.171 INFO:teuthology.orchestra.run.smithi082.stdout:/usr/bin/ceph: stderr
2024-03-24T10:37:15.354+0000 7fd88a7fc700 1 --2- 172.21.15.82:0/1214097524 >> [v2:172.21.15.82:6800/3080664091,v1:172.21.15.82:6801/3080664091] conn(0x7fd874038ee0 0x7fd87403b3a0 unknown :-1 s=BANNER_CONNECTING pgs=0 cs=0 l=1 rev1=0 crypto rx=0 tx=0 comp rx=0 tx=0)._handle_peer_banner_payload supported=3 required=0
2024-03-24T10:37:16.171 INFO:teuthology.orchestra.run.smithi082.stdout:/usr/bin/ceph: stderr
2024-03-24T10:37:15.355+0000 7fd88a7fc700 1 --2- 172.21.15.82:0/1214097524 >> [v2:172.21.15.82:6800/3080664091,v1:172.21.15.82:6801/3080664091] conn(0x7fd874038ee0 0x7fd87403b3a0 secure :-1 s=READY pgs=12 cs=0 l=1 rev1=1 crypto rx=0x7fd880006fd0 tx=0x7fd880006e40 comp rx=0 tx=0).ready entity=mgr.14120 client_cookie=0 server_cookie=0 in_seq=0 out_seq=0
2024-03-24T10:37:16.171 INFO:teuthology.orchestra.run.smithi082.stdout:/usr/bin/ceph: stderr
2024-03-24T10:37:15.359+0000 7fd873fff700 1 -- 172.21.15.82:0/1214097524 <== mon.0 v2:172.21.15.82:3300/0 6 ==== mon_command_ack([{"prefix": "get_command_descriptions"}]=0 v0) ==== 72+0+184932 (secure 0 0 0) 0x7fd87c011c60 con 0x7fd88c108b10
2024-03-24T10:37:16.171 INFO:teuthology.orchestra.run.smithi082.stdout:/usr/bin/ceph: stderr
2024-03-24T10:37:15.567+0000 7fd8917f8700 1 -- 172.21.15.82:0/1214097524 --> [v2:172.21.15.82:6800/3080664091,v1:172.21.15.82:6801/3080664091] -- mgr_command(tid 0: {"prefix": "orch apply", "service_type": "mon", "unmanaged": true, "target": ["mon-mgr", ""]}) -- 0x7fd88c103720 con 0x7fd874038ee0
2024-03-24T10:37:16.171 INFO:teuthology.orchestra.run.smithi082.stdout:/usr/bin/ceph: stderr
2024-03-24T10:37:15.571+0000 7fd873fff700 1 -- 172.21.15.82:0/1214097524 <== mgr.14120 v2:172.21.15.82:6800/3080664091 1 ==== mgr_command_reply(tid 0: 0 ) ==== 8+0+24 (secure 0 0 0) 0x7fd88c103720 con 0x7fd874038ee0
2024-03-24T10:37:16.171 INFO:teuthology.orchestra.run.smithi082.stdout:/usr/bin/ceph: stderr
2024-03-24T10:37:15.573+0000 7fd8917f8700 1 -- 172.21.15.82:0/1214097524 >> [v2:172.21.15.82:6800/3080664091,v1:172.21.15.82:6801/3080664091] conn(0x7fd874038ee0 msgr2=0x7fd87403b3a0 secure :-1 s=STATE_CONNECTION_ESTABLISHED l=1).mark_down
2024-03-24T10:37:16.171 INFO:teuthology.orchestra.run.smithi082.stdout:/usr/bin/ceph: stderr
2024-03-24T10:37:15.573+0000 7fd8917f8700 1 --2- 172.21.15.82:0/1214097524 >> [v2:172.21.15.82:6800/3080664091,v1:172.21.15.82:6801/3080664091] conn(0x7fd874038ee0 0x7fd87403b3a0 secure :-1 s=READY pgs=12 cs=0 l=1 rev1=1 crypto rx=0x7fd880006fd0 tx=0x7fd880006e40 comp rx=0 tx=0).stop
2024-03-24T10:37:16.171 INFO:teuthology.orchestra.run.smithi082.stdout:/usr/bin/ceph: stderr
2024-03-24T10:37:15.574+0000 7fd8917f8700 1 -- 172.21.15.82:0/1214097524 >> [v2:172.21.15.82:3300/0,v1:172.21.15.82:6789/0] conn(0x7fd88c108b10 msgr2=0x7fd88c19bec0 secure :-1 s=STATE_CONNECTION_ESTABLISHED l=1).mark_down
2024-03-24T10:37:16.171 INFO:teuthology.orchestra.run.smithi082.stdout:/usr/bin/ceph: stderr
2024-03-24T10:37:15.574+0000 7fd8917f8700 1 --2- 172.21.15.82:0/1214097524 >> [v2:172.21.15.82:3300/0,v1:172.21.15.82:6789/0] conn(0x7fd88c108b10 0x7fd88c19bec0 secure :-1 s=READY pgs=48 cs=0 l=1 rev1=1 crypto rx=0x7fd87c009fd0 tx=0x7fd87c0049d0 comp rx=0 tx=0).stop
2024-03-24T10:37:16.172 INFO:teuthology.orchestra.run.smithi082.stdout:/usr/bin/ceph: stderr
2024-03-24T10:37:15.574+0000 7fd8917f8700 1 -- 172.21.15.82:0/1214097524 shutdown_connections
2024-03-24T10:37:16.172 INFO:teuthology.orchestra.run.smithi082.stdout:/usr/bin/ceph: stderr
2024-03-24T10:37:15.574+0000 7fd8917f8700 1 --2- 172.21.15.82:0/1214097524 >> [v2:172.21.15.82:6800/3080664091,v1:172.21.15.82:6801/3080664091] conn(0x7fd874038ee0 0x7fd87403b3a0 unknown :-1 s=CLOSED pgs=12 cs=0 l=1 rev1=1 crypto rx=0 tx=0 comp rx=0 tx=0).stop
2024-03-24T10:37:16.172 INFO:teuthology.orchestra.run.smithi082.stdout:/usr/bin/ceph: stderr
2024-03-24T10:37:15.574+0000 7fd8917f8700 1 --2- 172.21.15.82:0/1214097524 >> [v2:172.21.15.82:3300/0,v1:172.21.15.82:6789/0] conn(0x7fd88c108b10 0x7fd88c19bec0 unknown :-1 s=CLOSED pgs=48 cs=0 l=1 rev1=1 crypto rx=0 tx=0 comp rx=0 tx=0).stop
2024-03-24T10:37:16.172 INFO:teuthology.orchestra.run.smithi082.stdout:/usr/bin/ceph: stderr
2024-03-24T10:37:15.574+0000 7fd8917f8700 1 -- 172.21.15.82:0/1214097524 >> 172.21.15.82:0/1214097524 conn(0x7fd88c102520 msgr2=0x7fd88c103010 unknown :-1 s=STATE_NONE l=0).mark_down
2024-03-24T10:37:16.172 INFO:teuthology.orchestra.run.smithi082.stdout:/usr/bin/ceph: stderr
2024-03-24T10:37:15.574+0000 7fd8917f8700 1 -- 172.21.15.82:0/1214097524 shutdown_connections
2024-03-24T10:37:16.172 INFO:teuthology.orchestra.run.smithi082.stdout:/usr/bin/ceph: stderr
2024-03-24T10:37:15.574+0000 7fd8917f8700 1 -- 172.21.15.82:0/1214097524 wait complete.
2024-03-24T10:37:16.173 INFO:teuthology.orchestra.run.smithi082.stdout:Deploying unmanaged mgr service...
2024-03-24T10:37:16.747 INFO:journalctl@ceph.mon.a.smithi082.stdout:Mar 24 10:37:16 smithi082 ceph-mon[32629]: from='client.14142 -' entity='client.admin' cmd=[{"prefix": "orch apply", "service_type": "mon", "unmanaged": true, "target": ["mon-mgr", ""]}]: dispatch
2024-03-24T10:37:16.747 INFO:journalctl@ceph.mon.a.smithi082.stdout:Mar 24 10:37:16 smithi082 ceph-mon[32629]: Saving service mon spec with placement count:5
2024-03-24T10:37:16.747 INFO:journalctl@ceph.mon.a.smithi082.stdout:Mar 24 10:37:16 smithi082 ceph-mon[32629]: from='mgr.14120 172.21.15.82:0/3012194438' entity='mgr.x'
2024-03-24T10:37:17.800 INFO:journalctl@ceph.mon.a.smithi082.stdout:Mar 24 10:37:17 smithi082 ceph-mon[32629]: from='client.14144 -' entity='client.admin' cmd=[{"prefix": "orch apply", "service_type": "mgr", "unmanaged": true, "target": ["mon-mgr", ""]}]: dispatch
2024-03-24T10:37:17.801 INFO:journalctl@ceph.mon.a.smithi082.stdout:Mar 24 10:37:17 smithi082 ceph-mon[32629]: Saving service mgr spec with placement count:2
2024-03-24T10:37:17.801 INFO:journalctl@ceph.mon.a.smithi082.stdout:Mar 24 10:37:17 smithi082 ceph-mon[32629]: from='mgr.14120 172.21.15.82:0/3012194438' entity='mgr.x'
2024-03-24T10:37:18.160 INFO:teuthology.orchestra.run.smithi082.stdout:/usr/bin/ceph: stdout Scheduled mgr update...
2024-03-24T10:37:18.160 INFO:teuthology.orchestra.run.smithi082.stdout:/usr/bin/ceph: stderr
2024-03-24T10:37:16.560+0000 7fd0dd895700 1 Processor -- start
2024-03-24T10:37:18.160 INFO:teuthology.orchestra.run.smithi082.stdout:/usr/bin/ceph: stderr
2024-03-24T10:37:16.560+0000 7fd0dd895700 1 -- start start
2024-03-24T10:37:18.160 INFO:teuthology.orchestra.run.smithi082.stdout:/usr/bin/ceph: stderr
2024-03-24T10:37:16.560+0000 7fd0dd895700 1 --2- >> [v2:172.21.15.82:3300/0,v1:172.21.15.82:6789/0] conn(0x7fd0d8106f30 0x7fd0d8107350 unknown :-1 s=NONE pgs=0 cs=0 l=0 rev1=0 crypto rx=0 tx=0 comp rx=0 tx=0).connect
2024-03-24T10:37:18.160 INFO:teuthology.orchestra.run.smithi082.stdout:/usr/bin/ceph: stderr
2024-03-24T10:37:16.560+0000 7fd0dd895700 1 -- --> [v2:172.21.15.82:3300/0,v1:172.21.15.82:6789/0] -- mon_getmap magic: 0 -- 0x7fd0d8107890 con 0x7fd0d8106f30
2024-03-24T10:37:18.161 INFO:teuthology.orchestra.run.smithi082.stdout:/usr/bin/ceph: stderr
2024-03-24T10:37:16.560+0000 7fd0d6ffd700 1 --2- >> [v2:172.21.15.82:3300/0,v1:172.21.15.82:6789/0] conn(0x7fd0d8106f30 0x7fd0d8107350 unknown :-1 s=BANNER_CONNECTING pgs=0 cs=0 l=0 rev1=0 crypto rx=0 tx=0 comp rx=0 tx=0)._handle_peer_banner_payload supported=3 required=0
2024-03-24T10:37:18.161 INFO:teuthology.orchestra.run.smithi082.stdout:/usr/bin/ceph: stderr
2024-03-24T10:37:16.560+0000 7fd0d6ffd700 1 --2- >> [v2:172.21.15.82:3300/0,v1:172.21.15.82:6789/0] conn(0x7fd0d8106f30 0x7fd0d8107350 unknown :-1 s=HELLO_CONNECTING pgs=0 cs=0 l=0 rev1=1 crypto rx=0 tx=0 comp rx=0 tx=0).handle_hello peer v2:172.21.15.82:3300/0 says I am v2:172.21.15.82:43564/0 (socket says 172.21.15.82:43564)
2024-03-24T10:37:18.161 INFO:teuthology.orchestra.run.smithi082.stdout:/usr/bin/ceph: stderr
2024-03-24T10:37:16.560+0000 7fd0d6ffd700 1 -- 172.21.15.82:0/1065951799 learned_addr learned my addr 172.21.15.82:0/1065951799 (peer_addr_for_me v2:172.21.15.82:0/0)
2024-03-24T10:37:18.161 INFO:teuthology.orchestra.run.smithi082.stdout:/usr/bin/ceph: stderr
2024-03-24T10:37:16.560+0000 7fd0d6ffd700 1 -- 172.21.15.82:0/1065951799 --> [v2:172.21.15.82:3300/0,v1:172.21.15.82:6789/0] -- mon_subscribe({config=0+,monmap=0+}) -- 0x7fd0d81079d0 con 0x7fd0d8106f30
2024-03-24T10:37:18.161 INFO:teuthology.orchestra.run.smithi082.stdout:/usr/bin/ceph: stderr
2024-03-24T10:37:16.560+0000 7fd0d6ffd700 1 --2- 172.21.15.82:0/1065951799 >> [v2:172.21.15.82:3300/0,v1:172.21.15.82:6789/0] conn(0x7fd0d8106f30 0x7fd0d8107350 secure :-1 s=READY pgs=49 cs=0 l=1 rev1=1 crypto rx=0x7fd0c80098a0 tx=0x7fd0c8009bb0 comp rx=0 tx=0).ready entity=mon.0 client_cookie=5fcd858fdcc2b47e server_cookie=0 in_seq=0 out_seq=0
2024-03-24T10:37:18.161 INFO:teuthology.orchestra.run.smithi082.stdout:/usr/bin/ceph: stderr
2024-03-24T10:37:16.561+0000 7fd0d5ffb700 1 -- 172.21.15.82:0/1065951799 <== mon.0 v2:172.21.15.82:3300/0 1 ==== mon_map magic: 0 ==== 205+0+0 (secure 0 0 0) 0x7fd0c8004160 con 0x7fd0d8106f30
2024-03-24T10:37:18.162 INFO:teuthology.orchestra.run.smithi082.stdout:/usr/bin/ceph: stderr
2024-03-24T10:37:16.561+0000 7fd0d5ffb700 1 -- 172.21.15.82:0/1065951799 <== mon.0 v2:172.21.15.82:3300/0 2 ==== config(29 keys) ==== 1178+0+0 (secure 0 0 0) 0x7fd0c80042c0 con 0x7fd0d8106f30
2024-03-24T10:37:18.162 INFO:teuthology.orchestra.run.smithi082.stdout:/usr/bin/ceph: stderr
2024-03-24T10:37:16.561+0000 7fd0d5ffb700 1 -- 172.21.15.82:0/1065951799 <== mon.0 v2:172.21.15.82:3300/0 3 ==== mon_map magic: 0 ==== 205+0+0 (secure 0 0 0) 0x7fd0c8011c20 con 0x7fd0d8106f30
2024-03-24T10:37:18.162 INFO:teuthology.orchestra.run.smithi082.stdout:/usr/bin/ceph: stderr
2024-03-24T10:37:16.561+0000 7fd0dd895700 1 -- 172.21.15.82:0/1065951799 >> [v2:172.21.15.82:3300/0,v1:172.21.15.82:6789/0] conn(0x7fd0d8106f30 msgr2=0x7fd0d8107350 secure :-1 s=STATE_CONNECTION_ESTABLISHED l=1).mark_down
2024-03-24T10:37:18.162 INFO:teuthology.orchestra.run.smithi082.stdout:/usr/bin/ceph: stderr
2024-03-24T10:37:16.561+0000 7fd0dd895700 1 --2- 172.21.15.82:0/1065951799 >> [v2:172.21.15.82:3300/0,v1:172.21.15.82:6789/0] conn(0x7fd0d8106f30 0x7fd0d8107350 secure :-1 s=READY pgs=49 cs=0 l=1 rev1=1 crypto rx=0x7fd0c80098a0 tx=0x7fd0c8009bb0 comp rx=0 tx=0).stop
2024-03-24T10:37:18.162 INFO:teuthology.orchestra.run.smithi082.stdout:/usr/bin/ceph: stderr
2024-03-24T10:37:16.561+0000 7fd0dd895700 1 -- 172.21.15.82:0/1065951799 shutdown_connections
2024-03-24T10:37:18.162 INFO:teuthology.orchestra.run.smithi082.stdout:/usr/bin/ceph: stderr
2024-03-24T10:37:16.561+0000 7fd0dd895700 1 --2- 172.21.15.82:0/1065951799 >> [v2:172.21.15.82:3300/0,v1:172.21.15.82:6789/0] conn(0x7fd0d8106f30 0x7fd0d8107350 unknown :-1 s=CLOSED pgs=49 cs=0 l=1 rev1=1 crypto rx=0 tx=0 comp rx=0 tx=0).stop
2024-03-24T10:37:18.162 INFO:teuthology.orchestra.run.smithi082.stdout:/usr/bin/ceph: stderr
2024-03-24T10:37:16.561+0000 7fd0dd895700 1 -- 172.21.15.82:0/1065951799 >> 172.21.15.82:0/1065951799 conn(0x7fd0d8102510 msgr2=0x7fd0d8104930 unknown :-1 s=STATE_NONE l=0).mark_down
2024-03-24T10:37:18.162 INFO:teuthology.orchestra.run.smithi082.stdout:/usr/bin/ceph: stderr
2024-03-24T10:37:16.561+0000 7fd0dd895700 1 -- 172.21.15.82:0/1065951799 shutdown_connections
2024-03-24T10:37:18.162 INFO:teuthology.orchestra.run.smithi082.stdout:/usr/bin/ceph: stderr
2024-03-24T10:37:16.561+0000 7fd0dd895700 1 -- 172.21.15.82:0/1065951799 wait complete.
2024-03-24T10:37:18.162 INFO:teuthology.orchestra.run.smithi082.stdout:/usr/bin/ceph: stderr
2024-03-24T10:37:16.562+0000 7fd0dd895700 1 Processor -- start
2024-03-24T10:37:18.162 INFO:teuthology.orchestra.run.smithi082.stdout:/usr/bin/ceph: stderr
2024-03-24T10:37:16.562+0000 7fd0dd895700 1 -- start start
2024-03-24T10:37:18.162 INFO:teuthology.orchestra.run.smithi082.stdout:/usr/bin/ceph: stderr
2024-03-24T10:37:16.562+0000 7fd0dd895700 1 --2- >> [v2:172.21.15.82:3300/0,v1:172.21.15.82:6789/0] conn(0x7fd0d8106f30 0x7fd0d819adf0 unknown :-1 s=NONE pgs=0 cs=0 l=1 rev1=0 crypto rx=0 tx=0 comp rx=0 tx=0).connect
2024-03-24T10:37:18.162 INFO:teuthology.orchestra.run.smithi082.stdout:/usr/bin/ceph: stderr
2024-03-24T10:37:16.562+0000 7fd0dd895700 1 -- --> [v2:172.21.15.82:3300/0,v1:172.21.15.82:6789/0] -- mon_getmap magic: 0 -- 0x7fd0d819b330 con 0x7fd0d8106f30
2024-03-24T10:37:18.163 INFO:teuthology.orchestra.run.smithi082.stdout:/usr/bin/ceph: stderr
2024-03-24T10:37:16.562+0000 7fd0d6ffd700 1 --2- >> [v2:172.21.15.82:3300/0,v1:172.21.15.82:6789/0] conn(0x7fd0d8106f30 0x7fd0d819adf0 unknown :-1 s=BANNER_CONNECTING pgs=0 cs=0 l=1 rev1=0 crypto rx=0 tx=0 comp rx=0 tx=0)._handle_peer_banner_payload supported=3 required=0
2024-03-24T10:37:18.163 INFO:teuthology.orchestra.run.smithi082.stdout:/usr/bin/ceph: stderr
2024-03-24T10:37:16.562+0000 7fd0d6ffd700 1 --2- >> [v2:172.21.15.82:3300/0,v1:172.21.15.82:6789/0] conn(0x7fd0d8106f30 0x7fd0d819adf0 unknown :-1 s=HELLO_CONNECTING pgs=0 cs=0 l=1 rev1=1 crypto rx=0 tx=0 comp rx=0 tx=0).handle_hello peer v2:172.21.15.82:3300/0 says I am v2:172.21.15.82:43576/0 (socket says 172.21.15.82:43576)
2024-03-24T10:37:18.163 INFO:teuthology.orchestra.run.smithi082.stdout:/usr/bin/ceph: stderr
2024-03-24T10:37:16.562+0000 7fd0d6ffd700 1 -- 172.21.15.82:0/2085546927 learned_addr learned my addr 172.21.15.82:0/2085546927 (peer_addr_for_me v2:172.21.15.82:0/0)
2024-03-24T10:37:18.163 INFO:teuthology.orchestra.run.smithi082.stdout:/usr/bin/ceph: stderr
2024-03-24T10:37:16.563+0000 7fd0d6ffd700 1 -- 172.21.15.82:0/2085546927 --> [v2:172.21.15.82:3300/0,v1:172.21.15.82:6789/0] -- mon_subscribe({config=0+,monmap=0+}) -- 0x7fd0c8009550 con 0x7fd0d8106f30
2024-03-24T10:37:18.163 INFO:teuthology.orchestra.run.smithi082.stdout:/usr/bin/ceph: stderr
2024-03-24T10:37:16.563+0000 7fd0d6ffd700 1 --2- 172.21.15.82:0/2085546927 >> [v2:172.21.15.82:3300/0,v1:172.21.15.82:6789/0] conn(0x7fd0d8106f30 0x7fd0d819adf0 secure :-1 s=READY pgs=50 cs=0 l=1 rev1=1 crypto rx=0x7fd0c8011670 tx=0x7fd0c8011ca0 comp rx=0 tx=0).ready entity=mon.0 client_cookie=0 server_cookie=0 in_seq=0 out_seq=0
2024-03-24T10:37:18.163 INFO:teuthology.orchestra.run.smithi082.stdout:/usr/bin/ceph: stderr
2024-03-24T10:37:16.563+0000 7fd0dc893700 1 -- 172.21.15.82:0/2085546927 <== mon.0 v2:172.21.15.82:3300/0 1 ==== mon_map magic: 0 ==== 205+0+0 (secure 0 0 0) 0x7fd0c80038b0 con 0x7fd0d8106f30
2024-03-24T10:37:18.163 INFO:teuthology.orchestra.run.smithi082.stdout:/usr/bin/ceph: stderr
2024-03-24T10:37:16.563+0000 7fd0dc893700 1 -- 172.21.15.82:0/2085546927 <== mon.0 v2:172.21.15.82:3300/0 2 ==== config(29 keys) ==== 1178+0+0 (secure 0 0 0) 0x7fd0c801a430 con 0x7fd0d8106f30
2024-03-24T10:37:18.163 INFO:teuthology.orchestra.run.smithi082.stdout:/usr/bin/ceph: stderr
2024-03-24T10:37:16.563+0000 7fd0dd895700 1 -- 172.21.15.82:0/2085546927 --> [v2:172.21.15.82:3300/0,v1:172.21.15.82:6789/0] -- mon_subscribe({mgrmap=0+}) -- 0x7fd0d819b530 con 0x7fd0d8106f30
2024-03-24T10:37:18.163 INFO:teuthology.orchestra.run.smithi082.stdout:/usr/bin/ceph: stderr
2024-03-24T10:37:16.563+0000 7fd0dc893700 1 -- 172.21.15.82:0/2085546927 <== mon.0 v2:172.21.15.82:3300/0 3 ==== mon_map magic: 0 ==== 205+0+0 (secure 0 0 0) 0x7fd0c80195e0 con 0x7fd0d8106f30
2024-03-24T10:37:18.164 INFO:teuthology.orchestra.run.smithi082.stdout:/usr/bin/ceph: stderr
2024-03-24T10:37:16.563+0000 7fd0dd895700 1 -- 172.21.15.82:0/2085546927 --> [v2:172.21.15.82:3300/0,v1:172.21.15.82:6789/0] -- mon_subscribe({osdmap=0}) -- 0x7fd0d819b9d0 con 0x7fd0d8106f30
2024-03-24T10:37:18.164 INFO:teuthology.orchestra.run.smithi082.stdout:/usr/bin/ceph: stderr
2024-03-24T10:37:16.564+0000 7fd0dc893700 1 -- 172.21.15.82:0/2085546927 <== mon.0 v2:172.21.15.82:3300/0 4 ==== mgrmap(e 8) ==== 45928+0+0 (secure 0 0 0) 0x7fd0c8019810 con 0x7fd0d8106f30
2024-03-24T10:37:18.164 INFO:teuthology.orchestra.run.smithi082.stdout:/usr/bin/ceph: stderr
2024-03-24T10:37:16.564+0000 7fd0dd895700 1 -- 172.21.15.82:0/2085546927 --> [v2:172.21.15.82:3300/0,v1:172.21.15.82:6789/0] -- mon_command({"prefix": "get_command_descriptions"} v 0) -- 0x7fd0d810b350 con 0x7fd0d8106f30
2024-03-24T10:37:18.164 INFO:teuthology.orchestra.run.smithi082.stdout:/usr/bin/ceph: stderr
2024-03-24T10:37:16.564+0000 7fd0dc893700 1 --2- 172.21.15.82:0/2085546927 >> [v2:172.21.15.82:6800/3080664091,v1:172.21.15.82:6801/3080664091] conn(0x7fd0c0038ee0 0x7fd0c003b3a0 unknown :-1 s=NONE pgs=0 cs=0 l=1 rev1=0 crypto rx=0 tx=0 comp rx=0 tx=0).connect
2024-03-24T10:37:18.164 INFO:teuthology.orchestra.run.smithi082.stdout:/usr/bin/ceph: stderr
2024-03-24T10:37:16.564+0000 7fd0dc893700 1 -- 172.21.15.82:0/2085546927 <== mon.0 v2:172.21.15.82:3300/0 5 ==== osd_map(2..2 src has 1..2) ==== 940+0+0 (secure 0 0 0) 0x7fd0c804cdb0 con 0x7fd0d8106f30
2024-03-24T10:37:18.164 INFO:teuthology.orchestra.run.smithi082.stdout:/usr/bin/ceph: stderr
2024-03-24T10:37:16.564+0000 7fd0d67fc700 1 --2- 172.21.15.82:0/2085546927 >> [v2:172.21.15.82:6800/3080664091,v1:172.21.15.82:6801/3080664091] conn(0x7fd0c0038ee0 0x7fd0c003b3a0 unknown :-1 s=BANNER_CONNECTING pgs=0 cs=0 l=1 rev1=0 crypto rx=0 tx=0 comp rx=0 tx=0)._handle_peer_banner_payload supported=3 required=0
2024-03-24T10:37:18.164 INFO:teuthology.orchestra.run.smithi082.stdout:/usr/bin/ceph: stderr
2024-03-24T10:37:16.564+0000 7fd0d67fc700 1 --2- 172.21.15.82:0/2085546927 >> [v2:172.21.15.82:6800/3080664091,v1:172.21.15.82:6801/3080664091] conn(0x7fd0c0038ee0 0x7fd0c003b3a0 secure :-1 s=READY pgs=13 cs=0 l=1 rev1=1 crypto rx=0x7fd0cc006fd0 tx=0x7fd0cc006e40 comp rx=0 tx=0).ready entity=mgr.14120 client_cookie=0 server_cookie=0 in_seq=0 out_seq=0
2024-03-24T10:37:18.165 INFO:teuthology.orchestra.run.smithi082.stdout:/usr/bin/ceph: stderr
2024-03-24T10:37:16.569+0000 7fd0dc893700 1 -- 172.21.15.82:0/2085546927 <== mon.0 v2:172.21.15.82:3300/0 6 ==== mon_command_ack([{"prefix": "get_command_descriptions"}]=0 v0) ==== 72+0+184932 (secure 0 0 0) 0x7fd0c802d440 con 0x7fd0d8106f30
2024-03-24T10:37:18.165 INFO:teuthology.orchestra.run.smithi082.stdout:/usr/bin/ceph: stderr
2024-03-24T10:37:16.779+0000 7fd0dd895700 1 -- 172.21.15.82:0/2085546927 --> [v2:172.21.15.82:6800/3080664091,v1:172.21.15.82:6801/3080664091] -- mgr_command(tid 0: {"prefix": "orch apply", "service_type": "mgr", "unmanaged": true, "target": ["mon-mgr", ""]}) -- 0x7fd0d8103730 con 0x7fd0c0038ee0
2024-03-24T10:37:18.165 INFO:teuthology.orchestra.run.smithi082.stdout:/usr/bin/ceph: stderr
2024-03-24T10:37:16.786+0000 7fd0dc893700 1 -- 172.21.15.82:0/2085546927 <== mgr.14120 v2:172.21.15.82:6800/3080664091 1 ==== mgr_command_reply(tid 0: 0 ) ==== 8+0+24 (secure 0 0 0) 0x7fd0d8103730 con 0x7fd0c0038ee0
2024-03-24T10:37:18.165 INFO:teuthology.orchestra.run.smithi082.stdout:/usr/bin/ceph: stderr
2024-03-24T10:37:16.788+0000 7fd0dd895700 1 -- 172.21.15.82:0/2085546927 >> [v2:172.21.15.82:6800/3080664091,v1:172.21.15.82:6801/3080664091] conn(0x7fd0c0038ee0 msgr2=0x7fd0c003b3a0 secure :-1 s=STATE_CONNECTION_ESTABLISHED l=1).mark_down
2024-03-24T10:37:18.165 INFO:teuthology.orchestra.run.smithi082.stdout:/usr/bin/ceph: stderr
2024-03-24T10:37:16.788+0000 7fd0dd895700 1 --2- 172.21.15.82:0/2085546927 >> [v2:172.21.15.82:6800/3080664091,v1:172.21.15.82:6801/3080664091] conn(0x7fd0c0038ee0 0x7fd0c003b3a0 secure :-1 s=READY pgs=13 cs=0 l=1 rev1=1 crypto rx=0x7fd0cc006fd0 tx=0x7fd0cc006e40 comp rx=0 tx=0).stop
2024-03-24T10:37:18.165 INFO:teuthology.orchestra.run.smithi082.stdout:/usr/bin/ceph: stderr
2024-03-24T10:37:16.788+0000 7fd0dd895700 1 -- 172.21.15.82:0/2085546927 >> [v2:172.21.15.82:3300/0,v1:172.21.15.82:6789/0] conn(0x7fd0d8106f30 msgr2=0x7fd0d819adf0 secure :-1 s=STATE_CONNECTION_ESTABLISHED l=1).mark_down
2024-03-24T10:37:18.166 INFO:teuthology.orchestra.run.smithi082.stdout:/usr/bin/ceph: stderr
2024-03-24T10:37:16.788+0000 7fd0dd895700 1 --2- 172.21.15.82:0/2085546927 >> [v2:172.21.15.82:3300/0,v1:172.21.15.82:6789/0] conn(0x7fd0d8106f30 0x7fd0d819adf0 secure :-1 s=READY pgs=50 cs=0 l=1 rev1=1 crypto rx=0x7fd0c8011670 tx=0x7fd0c8011ca0 comp rx=0 tx=0).stop
2024-03-24T10:37:18.166 INFO:teuthology.orchestra.run.smithi082.stdout:/usr/bin/ceph: stderr
2024-03-24T10:37:16.789+0000 7fd0dd895700 1 -- 172.21.15.82:0/2085546927 shutdown_connections
2024-03-24T10:37:18.166 INFO:teuthology.orchestra.run.smithi082.stdout:/usr/bin/ceph: stderr
2024-03-24T10:37:16.789+0000 7fd0dd895700 1 --2- 172.21.15.82:0/2085546927 >> [v2:172.21.15.82:6800/3080664091,v1:172.21.15.82:6801/3080664091] conn(0x7fd0c0038ee0 0x7fd0c003b3a0 unknown :-1 s=CLOSED pgs=13 cs=0 l=1 rev1=1 crypto rx=0 tx=0 comp rx=0 tx=0).stop
2024-03-24T10:37:18.166 INFO:teuthology.orchestra.run.smithi082.stdout:/usr/bin/ceph: stderr
2024-03-24T10:37:16.789+0000 7fd0dd895700 1 --2- 172.21.15.82:0/2085546927 >> [v2:172.21.15.82:3300/0,v1:172.21.15.82:6789/0] conn(0x7fd0d8106f30 0x7fd0d819adf0 unknown :-1 s=CLOSED pgs=50 cs=0 l=1 rev1=1 crypto rx=0 tx=0 comp rx=0 tx=0).stop
2024-03-24T10:37:18.166 INFO:teuthology.orchestra.run.smithi082.stdout:/usr/bin/ceph: stderr
2024-03-24T10:37:16.789+0000 7fd0dd895700 1 -- 172.21.15.82:0/2085546927 >> 172.21.15.82:0/2085546927 conn(0x7fd0d8102510 msgr2=0x7fd0d8103020 unknown :-1 s=STATE_NONE l=0).mark_down
2024-03-24T10:37:18.166 INFO:teuthology.orchestra.run.smithi082.stdout:/usr/bin/ceph: stderr
2024-03-24T10:37:16.789+0000 7fd0dd895700 1 -- 172.21.15.82:0/2085546927 shutdown_connections
2024-03-24T10:37:18.166 INFO:teuthology.orchestra.run.smithi082.stdout:/usr/bin/ceph: stderr
2024-03-24T10:37:16.789+0000 7fd0dd895700 1 -- 172.21.15.82:0/2085546927 wait complete.
2024-03-24T10:37:19.313 INFO:journalctl@ceph.mon.a.smithi082.stdout:Mar 24 10:37:18 smithi082 ceph-mon[32629]: from='mgr.14120 172.21.15.82:0/3012194438' entity='mgr.x'
2024-03-24T10:37:19.313 INFO:journalctl@ceph.mon.a.smithi082.stdout:Mar 24 10:37:18 smithi082 ceph-mon[32629]: from='mgr.14120 172.21.15.82:0/3012194438' entity='mgr.x'
2024-03-24T10:37:19.457 INFO:teuthology.orchestra.run.smithi082.stdout:/usr/bin/ceph: stderr
2024-03-24T10:37:18.653+0000 7f1843c0a700 1 Processor -- start
2024-03-24T10:37:19.457 INFO:teuthology.orchestra.run.smithi082.stdout:/usr/bin/ceph: stderr
2024-03-24T10:37:18.654+0000 7f1843c0a700 1 -- start start
2024-03-24T10:37:19.457 INFO:teuthology.orchestra.run.smithi082.stdout:/usr/bin/ceph: stderr
2024-03-24T10:37:18.654+0000 7f1843c0a700 1 --2- >> [v2:172.21.15.82:3300/0,v1:172.21.15.82:6789/0] conn(0x7f183c108af0 0x7f183c10aee0 unknown :-1 s=NONE pgs=0 cs=0 l=0 rev1=0 crypto rx=0 tx=0 comp rx=0 tx=0).connect
2024-03-24T10:37:19.457 INFO:teuthology.orchestra.run.smithi082.stdout:/usr/bin/ceph: stderr
2024-03-24T10:37:18.654+0000 7f1843c0a700 1 -- --> [v2:172.21.15.82:3300/0,v1:172.21.15.82:6789/0] -- mon_getmap magic: 0 -- 0x7f183c0634e0 con 0x7f183c108af0
2024-03-24T10:37:19.458 INFO:teuthology.orchestra.run.smithi082.stdout:/usr/bin/ceph: stderr
2024-03-24T10:37:18.654+0000 7f18419a6700 1 --2- >> [v2:172.21.15.82:3300/0,v1:172.21.15.82:6789/0] conn(0x7f183c108af0 0x7f183c10aee0 unknown :-1 s=BANNER_CONNECTING pgs=0 cs=0 l=0 rev1=0 crypto rx=0 tx=0 comp rx=0 tx=0)._handle_peer_banner_payload supported=3 required=0
2024-03-24T10:37:19.458 INFO:teuthology.orchestra.run.smithi082.stdout:/usr/bin/ceph: stderr
2024-03-24T10:37:18.654+0000 7f18419a6700 1 --2- >> [v2:172.21.15.82:3300/0,v1:172.21.15.82:6789/0] conn(0x7f183c108af0 0x7f183c10aee0 unknown :-1 s=HELLO_CONNECTING pgs=0 cs=0 l=0 rev1=1 crypto rx=0 tx=0 comp rx=0 tx=0).handle_hello peer v2:172.21.15.82:3300/0 says I am v2:172.21.15.82:46290/0 (socket says 172.21.15.82:46290)
2024-03-24T10:37:19.458 INFO:teuthology.orchestra.run.smithi082.stdout:/usr/bin/ceph: stderr
2024-03-24T10:37:18.654+0000 7f18419a6700 1 -- 172.21.15.82:0/3493135669 learned_addr learned my addr 172.21.15.82:0/3493135669 (peer_addr_for_me v2:172.21.15.82:0/0)
2024-03-24T10:37:19.458 INFO:teuthology.orchestra.run.smithi082.stdout:/usr/bin/ceph: stderr
2024-03-24T10:37:18.654+0000 7f18419a6700 1 -- 172.21.15.82:0/3493135669 --> [v2:172.21.15.82:3300/0,v1:172.21.15.82:6789/0] -- mon_subscribe({config=0+,monmap=0+}) -- 0x7f183c10b420 con 0x7f183c108af0
2024-03-24T10:37:19.458 INFO:teuthology.orchestra.run.smithi082.stdout:/usr/bin/ceph: stderr
2024-03-24T10:37:18.654+0000 7f18419a6700 1 --2- 172.21.15.82:0/3493135669 >> [v2:172.21.15.82:3300/0,v1:172.21.15.82:6789/0] conn(0x7f183c108af0 0x7f183c10aee0 secure :-1 s=READY pgs=51 cs=0 l=1 rev1=1 crypto rx=0x7f182c0098a0 tx=0x7f182c009bb0 comp rx=0 tx=0).ready entity=mon.0 client_cookie=ac70182134c29a9b server_cookie=0 in_seq=0 out_seq=0
2024-03-24T10:37:19.458 INFO:teuthology.orchestra.run.smithi082.stdout:/usr/bin/ceph: stderr
2024-03-24T10:37:18.655+0000 7f18409a4700 1 -- 172.21.15.82:0/3493135669 <== mon.0 v2:172.21.15.82:3300/0 1 ==== mon_map magic: 0 ==== 205+0+0 (secure 0 0 0) 0x7f182c004160 con 0x7f183c108af0
2024-03-24T10:37:19.458 INFO:teuthology.orchestra.run.smithi082.stdout:/usr/bin/ceph: stderr
