2024-03-24T10:36:41.720+0000 7f8afb7b3700 1 --2- 172.21.15.94:0/3798991920 >> [v2:172.21.15.94:3300/0,v1:172.21.15.94:6789/0] conn(0x7f8af4102910 0x7f8af4102d20 secure :-1 s=READY pgs=22 cs=0 l=1 rev1=1 crypto rx=0x7f8af00098e0 tx=0x7f8af0009250 comp rx=0 tx=0).stop
2024-03-24T10:36:42.577 INFO:teuthology.orchestra.run.smithi094.stdout:/usr/bin/ceph: stderr
2024-03-24T10:36:41.720+0000 7f8afb7b3700 1 -- 172.21.15.94:0/3798991920 shutdown_connections
2024-03-24T10:36:42.577 INFO:teuthology.orchestra.run.smithi094.stdout:/usr/bin/ceph: stderr
2024-03-24T10:36:41.720+0000 7f8afb7b3700 1 --2- 172.21.15.94:0/3798991920 >> [v2:172.21.15.94:3300/0,v1:172.21.15.94:6789/0] conn(0x7f8af4102910 0x7f8af4102d20 unknown :-1 s=CLOSED pgs=22 cs=0 l=1 rev1=1 crypto rx=0 tx=0 comp rx=0 tx=0).stop
2024-03-24T10:36:42.577 INFO:teuthology.orchestra.run.smithi094.stdout:/usr/bin/ceph: stderr
2024-03-24T10:36:41.720+0000 7f8afb7b3700 1 -- 172.21.15.94:0/3798991920 >> 172.21.15.94:0/3798991920 conn(0x7f8af40fe070 msgr2=0x7f8af41004a0 unknown :-1 s=STATE_NONE l=0).mark_down
2024-03-24T10:36:42.577 INFO:teuthology.orchestra.run.smithi094.stdout:/usr/bin/ceph: stderr
2024-03-24T10:36:41.720+0000 7f8afb7b3700 1 -- 172.21.15.94:0/3798991920 shutdown_connections
2024-03-24T10:36:42.577 INFO:teuthology.orchestra.run.smithi094.stdout:/usr/bin/ceph: stderr
2024-03-24T10:36:41.720+0000 7f8afb7b3700 1 -- 172.21.15.94:0/3798991920 wait complete.
2024-03-24T10:36:42.577 INFO:teuthology.orchestra.run.smithi094.stdout:/usr/bin/ceph: stderr
2024-03-24T10:36:41.721+0000 7f8afb7b3700 1 Processor -- start
2024-03-24T10:36:42.577 INFO:teuthology.orchestra.run.smithi094.stdout:/usr/bin/ceph: stderr
2024-03-24T10:36:41.721+0000 7f8afb7b3700 1 -- start start
2024-03-24T10:36:42.577 INFO:teuthology.orchestra.run.smithi094.stdout:/usr/bin/ceph: stderr
2024-03-24T10:36:41.721+0000 7f8afb7b3700 1 --2- >> [v2:172.21.15.94:3300/0,v1:172.21.15.94:6789/0] conn(0x7f8af4102910 0x7f8af41116d0 unknown :-1 s=NONE pgs=0 cs=0 l=1 rev1=0 crypto rx=0 tx=0 comp rx=0 tx=0).connect
2024-03-24T10:36:42.577 INFO:teuthology.orchestra.run.smithi094.stdout:/usr/bin/ceph: stderr
2024-03-24T10:36:41.721+0000 7f8afb7b3700 1 -- --> [v2:172.21.15.94:3300/0,v1:172.21.15.94:6789/0] -- mon_getmap magic: 0 v1 -- 0x7f8af4111c10 con 0x7f8af4102910
2024-03-24T10:36:42.577 INFO:teuthology.orchestra.run.smithi094.stdout:/usr/bin/ceph: stderr
2024-03-24T10:36:41.721+0000 7f8af954f700 1 --2- >> [v2:172.21.15.94:3300/0,v1:172.21.15.94:6789/0] conn(0x7f8af4102910 0x7f8af41116d0 unknown :-1 s=BANNER_CONNECTING pgs=0 cs=0 l=1 rev1=0 crypto rx=0 tx=0 comp rx=0 tx=0)._handle_peer_banner_payload supported=3 required=0
2024-03-24T10:36:42.577 INFO:teuthology.orchestra.run.smithi094.stdout:/usr/bin/ceph: stderr
2024-03-24T10:36:41.721+0000 7f8af954f700 1 --2- >> [v2:172.21.15.94:3300/0,v1:172.21.15.94:6789/0] conn(0x7f8af4102910 0x7f8af41116d0 unknown :-1 s=HELLO_CONNECTING pgs=0 cs=0 l=1 rev1=1 crypto rx=0 tx=0 comp rx=0 tx=0).handle_hello peer v2:172.21.15.94:3300/0 says I am v2:172.21.15.94:56842/0 (socket says 172.21.15.94:56842)
2024-03-24T10:36:42.577 INFO:teuthology.orchestra.run.smithi094.stdout:/usr/bin/ceph: stderr
2024-03-24T10:36:41.721+0000 7f8af954f700 1 -- 172.21.15.94:0/3662547557 learned_addr learned my addr 172.21.15.94:0/3662547557 (peer_addr_for_me v2:172.21.15.94:0/0)
2024-03-24T10:36:42.577 INFO:teuthology.orchestra.run.smithi094.stdout:/usr/bin/ceph: stderr
2024-03-24T10:36:41.721+0000 7f8af954f700 1 -- 172.21.15.94:0/3662547557 --> [v2:172.21.15.94:3300/0,v1:172.21.15.94:6789/0] -- mon_subscribe({config=0+,monmap=0+}) v3 -- 0x7f8af00094f0 con 0x7f8af4102910
2024-03-24T10:36:42.577 INFO:teuthology.orchestra.run.smithi094.stdout:/usr/bin/ceph: stderr
2024-03-24T10:36:41.722+0000 7f8af954f700 1 --2- 172.21.15.94:0/3662547557 >> [v2:172.21.15.94:3300/0,v1:172.21.15.94:6789/0] conn(0x7f8af4102910 0x7f8af41116d0 secure :-1 s=READY pgs=23 cs=0 l=1 rev1=1 crypto rx=0x7f8af000b440 tx=0x7f8af0009250 comp rx=0 tx=0).ready entity=mon.0 client_cookie=0 server_cookie=0 in_seq=0 out_seq=0
2024-03-24T10:36:42.577 INFO:teuthology.orchestra.run.smithi094.stdout:/usr/bin/ceph: stderr
2024-03-24T10:36:41.722+0000 7f8ae9ffb700 1 -- 172.21.15.94:0/3662547557 <== mon.0 v2:172.21.15.94:3300/0 1 ==== mon_map magic: 0 v1 ==== 229+0+0 (secure 0 0 0) 0x7f8af0010760 con 0x7f8af4102910
2024-03-24T10:36:42.577 INFO:teuthology.orchestra.run.smithi094.stdout:/usr/bin/ceph: stderr
2024-03-24T10:36:41.722+0000 7f8ae9ffb700 1 -- 172.21.15.94:0/3662547557 <== mon.0 v2:172.21.15.94:3300/0 2 ==== config(27 keys) v1 ==== 1044+0+0 (secure 0 0 0) 0x7f8af0010d50 con 0x7f8af4102910
2024-03-24T10:36:42.578 INFO:teuthology.orchestra.run.smithi094.stdout:/usr/bin/ceph: stderr
2024-03-24T10:36:41.722+0000 7f8afb7b3700 1 -- 172.21.15.94:0/3662547557 --> [v2:172.21.15.94:3300/0,v1:172.21.15.94:6789/0] -- mon_subscribe({mgrmap=0+}) v3 -- 0x7f8af4111e10 con 0x7f8af4102910
2024-03-24T10:36:42.578 INFO:teuthology.orchestra.run.smithi094.stdout:/usr/bin/ceph: stderr
2024-03-24T10:36:41.722+0000 7f8ae9ffb700 1 -- 172.21.15.94:0/3662547557 <== mon.0 v2:172.21.15.94:3300/0 3 ==== mon_map magic: 0 v1 ==== 229+0+0 (secure 0 0 0) 0x7f8af001ae20 con 0x7f8af4102910
2024-03-24T10:36:42.578 INFO:teuthology.orchestra.run.smithi094.stdout:/usr/bin/ceph: stderr
2024-03-24T10:36:41.722+0000 7f8afb7b3700 1 -- 172.21.15.94:0/3662547557 --> [v2:172.21.15.94:3300/0,v1:172.21.15.94:6789/0] -- mon_subscribe({osdmap=0}) v3 -- 0x7f8af4112980 con 0x7f8af4102910
2024-03-24T10:36:42.578 INFO:teuthology.orchestra.run.smithi094.stdout:/usr/bin/ceph: stderr
2024-03-24T10:36:41.723+0000 7f8ae9ffb700 1 -- 172.21.15.94:0/3662547557 <== mon.0 v2:172.21.15.94:3300/0 4 ==== mgrmap(e 4) v1 ==== 43357+0+0 (secure 0 0 0) 0x7f8af002e440 con 0x7f8af4102910
2024-03-24T10:36:42.578 INFO:teuthology.orchestra.run.smithi094.stdout:/usr/bin/ceph: stderr
2024-03-24T10:36:41.723+0000 7f8ae9ffb700 1 --2- 172.21.15.94:0/3662547557 >> [v2:172.21.15.94:6800/1013449112,v1:172.21.15.94:6801/1013449112] conn(0x7f8ae0036790 0x7f8ae0038c40 unknown :-1 s=NONE pgs=0 cs=0 l=1 rev1=0 crypto rx=0 tx=0 comp rx=0 tx=0).connect
2024-03-24T10:36:42.578 INFO:teuthology.orchestra.run.smithi094.stdout:/usr/bin/ceph: stderr
2024-03-24T10:36:41.723+0000 7f8ae9ffb700 1 -- 172.21.15.94:0/3662547557 <== mon.0 v2:172.21.15.94:3300/0 5 ==== osd_map(1..1 src has 1..1) v4 ==== 721+0+0 (secure 0 0 0) 0x7f8af004a690 con 0x7f8af4102910
2024-03-24T10:36:42.578 INFO:teuthology.orchestra.run.smithi094.stdout:/usr/bin/ceph: stderr
2024-03-24T10:36:41.723+0000 7f8afb7b3700 1 -- 172.21.15.94:0/3662547557 --> [v2:172.21.15.94:3300/0,v1:172.21.15.94:6789/0] -- mon_command({"prefix": "get_command_descriptions"} v 0) v1 -- 0x7f8af405f5f0 con 0x7f8af4102910
2024-03-24T10:36:42.578 INFO:teuthology.orchestra.run.smithi094.stdout:/usr/bin/ceph: stderr
2024-03-24T10:36:41.723+0000 7f8af8d4e700 1 --2- 172.21.15.94:0/3662547557 >> [v2:172.21.15.94:6800/1013449112,v1:172.21.15.94:6801/1013449112] conn(0x7f8ae0036790 0x7f8ae0038c40 unknown :-1 s=BANNER_CONNECTING pgs=0 cs=0 l=1 rev1=0 crypto rx=0 tx=0 comp rx=0 tx=0)._handle_peer_banner_payload supported=3 required=0
2024-03-24T10:36:42.578 INFO:teuthology.orchestra.run.smithi094.stdout:/usr/bin/ceph: stderr
2024-03-24T10:36:41.723+0000 7f8af8d4e700 1 --2- 172.21.15.94:0/3662547557 >> [v2:172.21.15.94:6800/1013449112,v1:172.21.15.94:6801/1013449112] conn(0x7f8ae0036790 0x7f8ae0038c40 secure :-1 s=READY pgs=8 cs=0 l=1 rev1=1 crypto rx=0x7f8ae4009990 tx=0x7f8ae4006e40 comp rx=0 tx=0).ready entity=mgr.14100 client_cookie=0 server_cookie=0 in_seq=0 out_seq=0
2024-03-24T10:36:42.578 INFO:teuthology.orchestra.run.smithi094.stdout:/usr/bin/ceph: stderr
2024-03-24T10:36:41.728+0000 7f8ae9ffb700 1 -- 172.21.15.94:0/3662547557 <== mon.0 v2:172.21.15.94:3300/0 6 ==== mon_command_ack([{"prefix": "get_command_descriptions"}]=0 v0) v1 ==== 72+0+176504 (secure 0 0 0) 0x7f8af0018940 con 0x7f8af4102910
2024-03-24T10:36:42.578 INFO:teuthology.orchestra.run.smithi094.stdout:/usr/bin/ceph: stderr
2024-03-24T10:36:41.960+0000 7f8afb7b3700 1 -- 172.21.15.94:0/3662547557 --> [v2:172.21.15.94:3300/0,v1:172.21.15.94:6789/0] -- mon_command({"prefix": "mgr module enable", "module": "cephadm"} v 0) v1 -- 0x7f8af4112bc0 con 0x7f8af4102910
2024-03-24T10:36:42.578 INFO:teuthology.orchestra.run.smithi094.stdout:/usr/bin/ceph: stderr
2024-03-24T10:36:42.010+0000 7f8ae9ffb700 1 -- 172.21.15.94:0/3662547557 <== mon.0 v2:172.21.15.94:3300/0 7 ==== mgrmap(e 5) v1 ==== 43368+0+0 (secure 0 0 0) 0x7f8af002e740 con 0x7f8af4102910
2024-03-24T10:36:42.578 INFO:teuthology.orchestra.run.smithi094.stdout:/usr/bin/ceph: stderr
2024-03-24T10:36:42.010+0000 7f8ae9ffb700 1 -- 172.21.15.94:0/3662547557 <== mon.0 v2:172.21.15.94:3300/0 8 ==== mon_command_ack([{"prefix": "mgr module enable", "module": "cephadm"}]=0 v5) v1 ==== 86+0+0 (secure 0 0 0) 0x7f8af0049880 con 0x7f8af4102910
2024-03-24T10:36:42.578 INFO:teuthology.orchestra.run.smithi094.stdout:/usr/bin/ceph: stderr
2024-03-24T10:36:42.013+0000 7f8afb7b3700 1 -- 172.21.15.94:0/3662547557 >> [v2:172.21.15.94:6800/1013449112,v1:172.21.15.94:6801/1013449112] conn(0x7f8ae0036790 msgr2=0x7f8ae0038c40 secure :-1 s=STATE_CONNECTION_ESTABLISHED l=1).mark_down
2024-03-24T10:36:42.579 INFO:teuthology.orchestra.run.smithi094.stdout:/usr/bin/ceph: stderr
2024-03-24T10:36:42.013+0000 7f8afb7b3700 1 --2- 172.21.15.94:0/3662547557 >> [v2:172.21.15.94:6800/1013449112,v1:172.21.15.94:6801/1013449112] conn(0x7f8ae0036790 0x7f8ae0038c40 secure :-1 s=READY pgs=8 cs=0 l=1 rev1=1 crypto rx=0x7f8ae4009990 tx=0x7f8ae4006e40 comp rx=0 tx=0).stop
2024-03-24T10:36:42.579 INFO:teuthology.orchestra.run.smithi094.stdout:/usr/bin/ceph: stderr
2024-03-24T10:36:42.013+0000 7f8afb7b3700 1 -- 172.21.15.94:0/3662547557 >> [v2:172.21.15.94:3300/0,v1:172.21.15.94:6789/0] conn(0x7f8af4102910 msgr2=0x7f8af41116d0 secure :-1 s=STATE_CONNECTION_ESTABLISHED l=1).mark_down
2024-03-24T10:36:42.579 INFO:teuthology.orchestra.run.smithi094.stdout:/usr/bin/ceph: stderr
2024-03-24T10:36:42.013+0000 7f8afb7b3700 1 --2- 172.21.15.94:0/3662547557 >> [v2:172.21.15.94:3300/0,v1:172.21.15.94:6789/0] conn(0x7f8af4102910 0x7f8af41116d0 secure :-1 s=READY pgs=23 cs=0 l=1 rev1=1 crypto rx=0x7f8af000b440 tx=0x7f8af0009250 comp rx=0 tx=0).stop
2024-03-24T10:36:42.579 INFO:teuthology.orchestra.run.smithi094.stdout:/usr/bin/ceph: stderr
2024-03-24T10:36:42.013+0000 7f8afb7b3700 1 -- 172.21.15.94:0/3662547557 shutdown_connections
2024-03-24T10:36:42.579 INFO:teuthology.orchestra.run.smithi094.stdout:/usr/bin/ceph: stderr
2024-03-24T10:36:42.013+0000 7f8afb7b3700 1 --2- 172.21.15.94:0/3662547557 >> [v2:172.21.15.94:6800/1013449112,v1:172.21.15.94:6801/1013449112] conn(0x7f8ae0036790 0x7f8ae0038c40 unknown :-1 s=CLOSED pgs=8 cs=0 l=1 rev1=1 crypto rx=0 tx=0 comp rx=0 tx=0).stop
2024-03-24T10:36:42.579 INFO:teuthology.orchestra.run.smithi094.stdout:/usr/bin/ceph: stderr
2024-03-24T10:36:42.013+0000 7f8afb7b3700 1 --2- 172.21.15.94:0/3662547557 >> [v2:172.21.15.94:3300/0,v1:172.21.15.94:6789/0] conn(0x7f8af4102910 0x7f8af41116d0 unknown :-1 s=CLOSED pgs=23 cs=0 l=1 rev1=1 crypto rx=0 tx=0 comp rx=0 tx=0).stop
2024-03-24T10:36:42.579 INFO:teuthology.orchestra.run.smithi094.stdout:/usr/bin/ceph: stderr
2024-03-24T10:36:42.013+0000 7f8afb7b3700 1 -- 172.21.15.94:0/3662547557 >> 172.21.15.94:0/3662547557 conn(0x7f8af40fe070 msgr2=0x7f8af40feb80 unknown :-1 s=STATE_NONE l=0).mark_down
2024-03-24T10:36:42.579 INFO:teuthology.orchestra.run.smithi094.stdout:/usr/bin/ceph: stderr
2024-03-24T10:36:42.013+0000 7f8afb7b3700 1 -- 172.21.15.94:0/3662547557 shutdown_connections
2024-03-24T10:36:42.579 INFO:teuthology.orchestra.run.smithi094.stdout:/usr/bin/ceph: stderr
2024-03-24T10:36:42.013+0000 7f8afb7b3700 1 -- 172.21.15.94:0/3662547557 wait complete.
2024-03-24T10:36:43.220 INFO:journalctl@ceph.mon.smithi094.smithi094.stdout:Mar 24 10:36:43 smithi094 ceph-mon[29446]: from='client.? 172.21.15.94:0/3662547557' entity='client.admin' cmd='[{"prefix": "mgr module enable", "module": "cephadm"}]': finished
2024-03-24T10:36:43.220 INFO:journalctl@ceph.mon.smithi094.smithi094.stdout:Mar 24 10:36:43 smithi094 ceph-mon[29446]: mgrmap e5: smithi094.yaethu(active, since 6s)
2024-03-24T10:36:43.732 INFO:teuthology.orchestra.run.smithi094.stdout:/usr/bin/ceph: stdout {
2024-03-24T10:36:43.732 INFO:teuthology.orchestra.run.smithi094.stdout:/usr/bin/ceph: stdout "epoch": 5,
2024-03-24T10:36:43.732 INFO:teuthology.orchestra.run.smithi094.stdout:/usr/bin/ceph: stdout "available": true,
2024-03-24T10:36:43.732 INFO:teuthology.orchestra.run.smithi094.stdout:/usr/bin/ceph: stdout "active_name": "smithi094.yaethu",
2024-03-24T10:36:43.732 INFO:teuthology.orchestra.run.smithi094.stdout:/usr/bin/ceph: stdout "num_standby": 0
2024-03-24T10:36:43.732 INFO:teuthology.orchestra.run.smithi094.stdout:/usr/bin/ceph: stdout }
2024-03-24T10:36:43.732 INFO:teuthology.orchestra.run.smithi094.stdout:/usr/bin/ceph: stderr
2024-03-24T10:36:42.965+0000 7f08afaff700 1 Processor -- start
2024-03-24T10:36:43.732 INFO:teuthology.orchestra.run.smithi094.stdout:/usr/bin/ceph: stderr
2024-03-24T10:36:42.965+0000 7f08afaff700 1 -- start start
2024-03-24T10:36:43.732 INFO:teuthology.orchestra.run.smithi094.stdout:/usr/bin/ceph: stderr
2024-03-24T10:36:42.965+0000 7f08afaff700 1 --2- >> [v2:172.21.15.94:3300/0,v1:172.21.15.94:6789/0] conn(0x7f08a8100c80 0x7f08a8101090 unknown :-1 s=NONE pgs=0 cs=0 l=0 rev1=0 crypto rx=0 tx=0 comp rx=0 tx=0).connect
2024-03-24T10:36:43.733 INFO:teuthology.orchestra.run.smithi094.stdout:/usr/bin/ceph: stderr
2024-03-24T10:36:42.965+0000 7f08afaff700 1 -- --> [v2:172.21.15.94:3300/0,v1:172.21.15.94:6789/0] -- mon_getmap magic: 0 v1 -- 0x7f08a81015d0 con 0x7f08a8100c80
2024-03-24T10:36:43.733 INFO:teuthology.orchestra.run.smithi094.stdout:/usr/bin/ceph: stderr
2024-03-24T10:36:42.965+0000 7f08ad89b700 1 --2- >> [v2:172.21.15.94:3300/0,v1:172.21.15.94:6789/0] conn(0x7f08a8100c80 0x7f08a8101090 unknown :-1 s=BANNER_CONNECTING pgs=0 cs=0 l=0 rev1=0 crypto rx=0 tx=0 comp rx=0 tx=0)._handle_peer_banner_payload supported=3 required=0
2024-03-24T10:36:43.733 INFO:teuthology.orchestra.run.smithi094.stdout:/usr/bin/ceph: stderr
2024-03-24T10:36:42.966+0000 7f08ad89b700 1 --2- >> [v2:172.21.15.94:3300/0,v1:172.21.15.94:6789/0] conn(0x7f08a8100c80 0x7f08a8101090 unknown :-1 s=HELLO_CONNECTING pgs=0 cs=0 l=0 rev1=1 crypto rx=0 tx=0 comp rx=0 tx=0).handle_hello peer v2:172.21.15.94:3300/0 says I am v2:172.21.15.94:56862/0 (socket says 172.21.15.94:56862)
2024-03-24T10:36:43.733 INFO:teuthology.orchestra.run.smithi094.stdout:/usr/bin/ceph: stderr
2024-03-24T10:36:42.966+0000 7f08ad89b700 1 -- 172.21.15.94:0/3497812583 learned_addr learned my addr 172.21.15.94:0/3497812583 (peer_addr_for_me v2:172.21.15.94:0/0)
2024-03-24T10:36:43.733 INFO:teuthology.orchestra.run.smithi094.stdout:/usr/bin/ceph: stderr
2024-03-24T10:36:42.966+0000 7f08ad89b700 1 -- 172.21.15.94:0/3497812583 --> [v2:172.21.15.94:3300/0,v1:172.21.15.94:6789/0] -- mon_subscribe({config=0+,monmap=0+}) v3 -- 0x7f08a8101710 con 0x7f08a8100c80
2024-03-24T10:36:43.733 INFO:teuthology.orchestra.run.smithi094.stdout:/usr/bin/ceph: stderr
2024-03-24T10:36:42.966+0000 7f08ad89b700 1 --2- 172.21.15.94:0/3497812583 >> [v2:172.21.15.94:3300/0,v1:172.21.15.94:6789/0] conn(0x7f08a8100c80 0x7f08a8101090 secure :-1 s=READY pgs=26 cs=0 l=1 rev1=1 crypto rx=0x7f08a40098e0 tx=0x7f08a4009250 comp rx=0 tx=0).ready entity=mon.0 client_cookie=f5d4f2e307dc2cea server_cookie=0 in_seq=0 out_seq=0
2024-03-24T10:36:43.733 INFO:teuthology.orchestra.run.smithi094.stdout:/usr/bin/ceph: stderr
2024-03-24T10:36:42.966+0000 7f08ac899700 1 -- 172.21.15.94:0/3497812583 <== mon.0 v2:172.21.15.94:3300/0 1 ==== mon_map magic: 0 v1 ==== 229+0+0 (secure 0 0 0) 0x7f08a400b860 con 0x7f08a8100c80
2024-03-24T10:36:43.733 INFO:teuthology.orchestra.run.smithi094.stdout:/usr/bin/ceph: stderr
2024-03-24T10:36:42.966+0000 7f08ac899700 1 -- 172.21.15.94:0/3497812583 <== mon.0 v2:172.21.15.94:3300/0 2 ==== config(27 keys) v1 ==== 1044+0+0 (secure 0 0 0) 0x7f08a400be50 con 0x7f08a8100c80
2024-03-24T10:36:43.733 INFO:teuthology.orchestra.run.smithi094.stdout:/usr/bin/ceph: stderr
2024-03-24T10:36:42.966+0000 7f08ac899700 1 -- 172.21.15.94:0/3497812583 <== mon.0 v2:172.21.15.94:3300/0 3 ==== mon_map magic: 0 v1 ==== 229+0+0 (secure 0 0 0) 0x7f08a4010380 con 0x7f08a8100c80
2024-03-24T10:36:43.733 INFO:teuthology.orchestra.run.smithi094.stdout:/usr/bin/ceph: stderr
2024-03-24T10:36:42.967+0000 7f08afaff700 1 -- 172.21.15.94:0/3497812583 >> [v2:172.21.15.94:3300/0,v1:172.21.15.94:6789/0] conn(0x7f08a8100c80 msgr2=0x7f08a8101090 secure :-1 s=STATE_CONNECTION_ESTABLISHED l=1).mark_down
2024-03-24T10:36:43.733 INFO:teuthology.orchestra.run.smithi094.stdout:/usr/bin/ceph: stderr
2024-03-24T10:36:42.967+0000 7f08afaff700 1 --2- 172.21.15.94:0/3497812583 >> [v2:172.21.15.94:3300/0,v1:172.21.15.94:6789/0] conn(0x7f08a8100c80 0x7f08a8101090 secure :-1 s=READY pgs=26 cs=0 l=1 rev1=1 crypto rx=0x7f08a40098e0 tx=0x7f08a4009250 comp rx=0 tx=0).stop
2024-03-24T10:36:43.733 INFO:teuthology.orchestra.run.smithi094.stdout:/usr/bin/ceph: stderr
2024-03-24T10:36:42.967+0000 7f08afaff700 1 -- 172.21.15.94:0/3497812583 shutdown_connections
2024-03-24T10:36:43.734 INFO:teuthology.orchestra.run.smithi094.stdout:/usr/bin/ceph: stderr
2024-03-24T10:36:42.967+0000 7f08afaff700 1 --2- 172.21.15.94:0/3497812583 >> [v2:172.21.15.94:3300/0,v1:172.21.15.94:6789/0] conn(0x7f08a8100c80 0x7f08a8101090 unknown :-1 s=CLOSED pgs=26 cs=0 l=1 rev1=1 crypto rx=0 tx=0 comp rx=0 tx=0).stop
2024-03-24T10:36:43.734 INFO:teuthology.orchestra.run.smithi094.stdout:/usr/bin/ceph: stderr
2024-03-24T10:36:42.967+0000 7f08afaff700 1 -- 172.21.15.94:0/3497812583 >> 172.21.15.94:0/3497812583 conn(0x7f08a80fc700 msgr2=0x7f08a80feb10 unknown :-1 s=STATE_NONE l=0).mark_down
2024-03-24T10:36:43.734 INFO:teuthology.orchestra.run.smithi094.stdout:/usr/bin/ceph: stderr
2024-03-24T10:36:42.967+0000 7f08afaff700 1 -- 172.21.15.94:0/3497812583 shutdown_connections
2024-03-24T10:36:43.734 INFO:teuthology.orchestra.run.smithi094.stdout:/usr/bin/ceph: stderr
2024-03-24T10:36:42.967+0000 7f08afaff700 1 -- 172.21.15.94:0/3497812583 wait complete.
2024-03-24T10:36:43.734 INFO:teuthology.orchestra.run.smithi094.stdout:/usr/bin/ceph: stderr
2024-03-24T10:36:42.967+0000 7f08afaff700 1 Processor -- start
2024-03-24T10:36:43.734 INFO:teuthology.orchestra.run.smithi094.stdout:/usr/bin/ceph: stderr
2024-03-24T10:36:42.968+0000 7f08afaff700 1 -- start start
2024-03-24T10:36:43.734 INFO:teuthology.orchestra.run.smithi094.stdout:/usr/bin/ceph: stderr
2024-03-24T10:36:42.968+0000 7f08afaff700 1 --2- >> [v2:172.21.15.94:3300/0,v1:172.21.15.94:6789/0] conn(0x7f08a8100c80 0x7f08a8111680 unknown :-1 s=NONE pgs=0 cs=0 l=1 rev1=0 crypto rx=0 tx=0 comp rx=0 tx=0).connect
2024-03-24T10:36:43.734 INFO:teuthology.orchestra.run.smithi094.stdout:/usr/bin/ceph: stderr
2024-03-24T10:36:42.968+0000 7f08afaff700 1 -- --> [v2:172.21.15.94:3300/0,v1:172.21.15.94:6789/0] -- mon_getmap magic: 0 v1 -- 0x7f08a8111bc0 con 0x7f08a8100c80
2024-03-24T10:36:43.734 INFO:teuthology.orchestra.run.smithi094.stdout:/usr/bin/ceph: stderr
2024-03-24T10:36:42.968+0000 7f08ad89b700 1 --2- >> [v2:172.21.15.94:3300/0,v1:172.21.15.94:6789/0] conn(0x7f08a8100c80 0x7f08a8111680 unknown :-1 s=BANNER_CONNECTING pgs=0 cs=0 l=1 rev1=0 crypto rx=0 tx=0 comp rx=0 tx=0)._handle_peer_banner_payload supported=3 required=0
2024-03-24T10:36:43.734 INFO:teuthology.orchestra.run.smithi094.stdout:/usr/bin/ceph: stderr
2024-03-24T10:36:42.968+0000 7f08ad89b700 1 --2- >> [v2:172.21.15.94:3300/0,v1:172.21.15.94:6789/0] conn(0x7f08a8100c80 0x7f08a8111680 unknown :-1 s=HELLO_CONNECTING pgs=0 cs=0 l=1 rev1=1 crypto rx=0 tx=0 comp rx=0 tx=0).handle_hello peer v2:172.21.15.94:3300/0 says I am v2:172.21.15.94:56864/0 (socket says 172.21.15.94:56864)
2024-03-24T10:36:43.734 INFO:teuthology.orchestra.run.smithi094.stdout:/usr/bin/ceph: stderr
2024-03-24T10:36:42.968+0000 7f08ad89b700 1 -- 172.21.15.94:0/905114045 learned_addr learned my addr 172.21.15.94:0/905114045 (peer_addr_for_me v2:172.21.15.94:0/0)
2024-03-24T10:36:43.734 INFO:teuthology.orchestra.run.smithi094.stdout:/usr/bin/ceph: stderr
2024-03-24T10:36:42.968+0000 7f08ad89b700 1 -- 172.21.15.94:0/905114045 --> [v2:172.21.15.94:3300/0,v1:172.21.15.94:6789/0] -- mon_subscribe({config=0+,monmap=0+}) v3 -- 0x7f08a40094f0 con 0x7f08a8100c80
2024-03-24T10:36:43.735 INFO:teuthology.orchestra.run.smithi094.stdout:/usr/bin/ceph: stderr
2024-03-24T10:36:42.968+0000 7f08ad89b700 1 --2- 172.21.15.94:0/905114045 >> [v2:172.21.15.94:3300/0,v1:172.21.15.94:6789/0] conn(0x7f08a8100c80 0x7f08a8111680 secure :-1 s=READY pgs=27 cs=0 l=1 rev1=1 crypto rx=0x7f08a4000c00 tx=0x7f08a4009250 comp rx=0 tx=0).ready entity=mon.0 client_cookie=0 server_cookie=0 in_seq=0 out_seq=0
2024-03-24T10:36:43.735 INFO:teuthology.orchestra.run.smithi094.stdout:/usr/bin/ceph: stderr
2024-03-24T10:36:42.968+0000 7f089e7fc700 1 -- 172.21.15.94:0/905114045 <== mon.0 v2:172.21.15.94:3300/0 1 ==== mon_map magic: 0 v1 ==== 229+0+0 (secure 0 0 0) 0x7f08a40107c0 con 0x7f08a8100c80
2024-03-24T10:36:43.735 INFO:teuthology.orchestra.run.smithi094.stdout:/usr/bin/ceph: stderr
2024-03-24T10:36:42.968+0000 7f089e7fc700 1 -- 172.21.15.94:0/905114045 <== mon.0 v2:172.21.15.94:3300/0 2 ==== config(27 keys) v1 ==== 1044+0+0 (secure 0 0 0) 0x7f08a4010db0 con 0x7f08a8100c80
2024-03-24T10:36:43.735 INFO:teuthology.orchestra.run.smithi094.stdout:/usr/bin/ceph: stderr
2024-03-24T10:36:42.968+0000 7f089e7fc700 1 -- 172.21.15.94:0/905114045 <== mon.0 v2:172.21.15.94:3300/0 3 ==== mon_map magic: 0 v1 ==== 229+0+0 (secure 0 0 0) 0x7f08a401ad00 con 0x7f08a8100c80
2024-03-24T10:36:43.735 INFO:teuthology.orchestra.run.smithi094.stdout:/usr/bin/ceph: stderr
2024-03-24T10:36:42.969+0000 7f08afaff700 1 -- 172.21.15.94:0/905114045 --> [v2:172.21.15.94:3300/0,v1:172.21.15.94:6789/0] -- mon_subscribe({mgrmap=0+}) v3 -- 0x7f08a8111dc0 con 0x7f08a8100c80
2024-03-24T10:36:43.735 INFO:teuthology.orchestra.run.smithi094.stdout:/usr/bin/ceph: stderr
2024-03-24T10:36:42.969+0000 7f08afaff700 1 -- 172.21.15.94:0/905114045 --> [v2:172.21.15.94:3300/0,v1:172.21.15.94:6789/0] -- mon_subscribe({osdmap=0}) v3 -- 0x7f08a8112930 con 0x7f08a8100c80
2024-03-24T10:36:43.735 INFO:teuthology.orchestra.run.smithi094.stdout:/usr/bin/ceph: stderr
2024-03-24T10:36:42.969+0000 7f089e7fc700 1 -- 172.21.15.94:0/905114045 <== mon.0 v2:172.21.15.94:3300/0 4 ==== mgrmap(e 5) v1 ==== 43368+0+0 (secure 0 0 0) 0x7f08a40193c0 con 0x7f08a8100c80
2024-03-24T10:36:43.735 INFO:teuthology.orchestra.run.smithi094.stdout:/usr/bin/ceph: stderr
2024-03-24T10:36:42.969+0000 7f08afaff700 1 -- 172.21.15.94:0/905114045 --> [v2:172.21.15.94:3300/0,v1:172.21.15.94:6789/0] -- mon_command({"prefix": "get_command_descriptions"} v 0) v1 -- 0x7f08a805f5f0 con 0x7f08a8100c80
2024-03-24T10:36:43.735 INFO:teuthology.orchestra.run.smithi094.stdout:/usr/bin/ceph: stderr
2024-03-24T10:36:42.970+0000 7f089e7fc700 1 --2- 172.21.15.94:0/905114045 >> [v2:172.21.15.94:6800/1013449112,v1:172.21.15.94:6801/1013449112] conn(0x7f08940367e0 0x7f0894038c90 unknown :-1 s=NONE pgs=0 cs=0 l=1 rev1=0 crypto rx=0 tx=0 comp rx=0 tx=0).connect
2024-03-24T10:36:43.735 INFO:teuthology.orchestra.run.smithi094.stdout:/usr/bin/ceph: stderr
2024-03-24T10:36:42.970+0000 7f089e7fc700 1 -- 172.21.15.94:0/905114045 <== mon.0 v2:172.21.15.94:3300/0 5 ==== osd_map(1..1 src has 1..1) v4 ==== 721+0+0 (secure 0 0 0) 0x7f08a404a650 con 0x7f08a8100c80
2024-03-24T10:36:43.735 INFO:teuthology.orchestra.run.smithi094.stdout:/usr/bin/ceph: stderr
2024-03-24T10:36:42.970+0000 7f08ad09a700 1 -- 172.21.15.94:0/905114045 >> [v2:172.21.15.94:6800/1013449112,v1:172.21.15.94:6801/1013449112] conn(0x7f08940367e0 msgr2=0x7f0894038c90 unknown :-1 s=STATE_CONNECTING_RE l=1).process reconnect failed to v2:172.21.15.94:6800/1013449112
2024-03-24T10:36:43.735 INFO:teuthology.orchestra.run.smithi094.stdout:/usr/bin/ceph: stderr
2024-03-24T10:36:42.970+0000 7f08ad09a700 1 --2- 172.21.15.94:0/905114045 >> [v2:172.21.15.94:6800/1013449112,v1:172.21.15.94:6801/1013449112] conn(0x7f08940367e0 0x7f0894038c90 unknown :-1 s=START_CONNECT pgs=0 cs=0 l=1 rev1=0 crypto rx=0 tx=0 comp rx=0 tx=0)._fault waiting 0.200000
2024-03-24T10:36:43.735 INFO:teuthology.orchestra.run.smithi094.stdout:/usr/bin/ceph: stderr
2024-03-24T10:36:42.974+0000 7f089e7fc700 1 -- 172.21.15.94:0/905114045 <== mon.0 v2:172.21.15.94:3300/0 6 ==== mon_command_ack([{"prefix": "get_command_descriptions"}]=0 v0) v1 ==== 72+0+176504 (secure 0 0 0) 0x7f08a4022930 con 0x7f08a8100c80
2024-03-24T10:36:43.735 INFO:teuthology.orchestra.run.smithi094.stdout:/usr/bin/ceph: stderr
2024-03-24T10:36:43.171+0000 7f08ad09a700 1 -- 172.21.15.94:0/905114045 >> [v2:172.21.15.94:6800/1013449112,v1:172.21.15.94:6801/1013449112] conn(0x7f08940367e0 msgr2=0x7f0894038c90 unknown :-1 s=STATE_CONNECTING_RE l=1).process reconnect failed to v2:172.21.15.94:6800/1013449112
2024-03-24T10:36:43.735 INFO:teuthology.orchestra.run.smithi094.stdout:/usr/bin/ceph: stderr
2024-03-24T10:36:43.171+0000 7f08ad09a700 1 --2- 172.21.15.94:0/905114045 >> [v2:172.21.15.94:6800/1013449112,v1:172.21.15.94:6801/1013449112] conn(0x7f08940367e0 0x7f0894038c90 unknown :-1 s=START_CONNECT pgs=0 cs=0 l=1 rev1=0 crypto rx=0 tx=0 comp rx=0 tx=0)._fault waiting 0.400000
2024-03-24T10:36:43.736 INFO:teuthology.orchestra.run.smithi094.stdout:/usr/bin/ceph: stderr
2024-03-24T10:36:43.220+0000 7f08afaff700 1 -- 172.21.15.94:0/905114045 --> [v2:172.21.15.94:3300/0,v1:172.21.15.94:6789/0] -- mon_command({"prefix": "mgr stat"} v 0) v1 -- 0x7f08a8112c80 con 0x7f08a8100c80
2024-03-24T10:36:43.736 INFO:teuthology.orchestra.run.smithi094.stdout:/usr/bin/ceph: stderr
2024-03-24T10:36:43.220+0000 7f089e7fc700 1 -- 172.21.15.94:0/905114045 <== mon.0 v2:172.21.15.94:3300/0 7 ==== mon_command_ack([{"prefix": "mgr stat"}]=0 v5) v1 ==== 56+0+103 (secure 0 0 0) 0x7f08a4022340 con 0x7f08a8100c80
2024-03-24T10:36:43.736 INFO:teuthology.orchestra.run.smithi094.stdout:/usr/bin/ceph: stderr
2024-03-24T10:36:43.222+0000 7f08afaff700 1 -- 172.21.15.94:0/905114045 >> [v2:172.21.15.94:6800/1013449112,v1:172.21.15.94:6801/1013449112] conn(0x7f08940367e0 msgr2=0x7f0894038c90 unknown :-1 s=STATE_CONNECTING l=1).mark_down
2024-03-24T10:36:43.736 INFO:teuthology.orchestra.run.smithi094.stdout:/usr/bin/ceph: stderr
2024-03-24T10:36:43.222+0000 7f08afaff700 1 --2- 172.21.15.94:0/905114045 >> [v2:172.21.15.94:6800/1013449112,v1:172.21.15.94:6801/1013449112] conn(0x7f08940367e0 0x7f0894038c90 unknown :-1 s=START_CONNECT pgs=0 cs=0 l=1 rev1=0 crypto rx=0 tx=0 comp rx=0 tx=0).stop
2024-03-24T10:36:43.736 INFO:teuthology.orchestra.run.smithi094.stdout:/usr/bin/ceph: stderr
2024-03-24T10:36:43.222+0000 7f08afaff700 1 -- 172.21.15.94:0/905114045 >> [v2:172.21.15.94:3300/0,v1:172.21.15.94:6789/0] conn(0x7f08a8100c80 msgr2=0x7f08a8111680 secure :-1 s=STATE_CONNECTION_ESTABLISHED l=1).mark_down
2024-03-24T10:36:43.736 INFO:teuthology.orchestra.run.smithi094.stdout:/usr/bin/ceph: stderr
2024-03-24T10:36:43.222+0000 7f08afaff700 1 --2- 172.21.15.94:0/905114045 >> [v2:172.21.15.94:3300/0,v1:172.21.15.94:6789/0] conn(0x7f08a8100c80 0x7f08a8111680 secure :-1 s=READY pgs=27 cs=0 l=1 rev1=1 crypto rx=0x7f08a4000c00 tx=0x7f08a4009250 comp rx=0 tx=0).stop
2024-03-24T10:36:43.736 INFO:teuthology.orchestra.run.smithi094.stdout:/usr/bin/ceph: stderr
2024-03-24T10:36:43.222+0000 7f08afaff700 1 -- 172.21.15.94:0/905114045 shutdown_connections
2024-03-24T10:36:43.736 INFO:teuthology.orchestra.run.smithi094.stdout:/usr/bin/ceph: stderr
2024-03-24T10:36:43.222+0000 7f08afaff700 1 --2- 172.21.15.94:0/905114045 >> [v2:172.21.15.94:6800/1013449112,v1:172.21.15.94:6801/1013449112] conn(0x7f08940367e0 0x7f0894038c90 unknown :-1 s=CLOSED pgs=0 cs=0 l=1 rev1=0 crypto rx=0 tx=0 comp rx=0 tx=0).stop
2024-03-24T10:36:43.736 INFO:teuthology.orchestra.run.smithi094.stdout:/usr/bin/ceph: stderr
2024-03-24T10:36:43.222+0000 7f08afaff700 1 --2- 172.21.15.94:0/905114045 >> [v2:172.21.15.94:3300/0,v1:172.21.15.94:6789/0] conn(0x7f08a8100c80 0x7f08a8111680 unknown :-1 s=CLOSED pgs=27 cs=0 l=1 rev1=1 crypto rx=0 tx=0 comp rx=0 tx=0).stop
2024-03-24T10:36:43.736 INFO:teuthology.orchestra.run.smithi094.stdout:/usr/bin/ceph: stderr
2024-03-24T10:36:43.222+0000 7f08afaff700 1 -- 172.21.15.94:0/905114045 >> 172.21.15.94:0/905114045 conn(0x7f08a80fc700 msgr2=0x7f08a80fd2c0 unknown :-1 s=STATE_NONE l=0).mark_down
2024-03-24T10:36:43.736 INFO:teuthology.orchestra.run.smithi094.stdout:/usr/bin/ceph: stderr
2024-03-24T10:36:43.223+0000 7f08afaff700 1 -- 172.21.15.94:0/905114045 shutdown_connections
2024-03-24T10:36:43.736 INFO:teuthology.orchestra.run.smithi094.stdout:/usr/bin/ceph: stderr
2024-03-24T10:36:43.223+0000 7f08afaff700 1 -- 172.21.15.94:0/905114045 wait complete.
2024-03-24T10:36:43.736 INFO:teuthology.orchestra.run.smithi094.stdout:Waiting for the mgr to restart...
2024-03-24T10:36:43.736 INFO:teuthology.orchestra.run.smithi094.stdout:Waiting for mgr epoch 5...
2024-03-24T10:36:44.291 INFO:journalctl@ceph.mon.smithi094.smithi094.stdout:Mar 24 10:36:44 smithi094 ceph-mon[29446]: from='client.? 172.21.15.94:0/905114045' entity='client.admin' cmd=[{"prefix": "mgr stat"}]: dispatch
2024-03-24T10:36:48.748 INFO:journalctl@ceph.mon.smithi094.smithi094.stdout:Mar 24 10:36:48 smithi094 ceph-mon[29446]: Active manager daemon smithi094.yaethu restarted
2024-03-24T10:36:48.748 INFO:journalctl@ceph.mon.smithi094.smithi094.stdout:Mar 24 10:36:48 smithi094 ceph-mon[29446]: Activating manager daemon smithi094.yaethu
2024-03-24T10:36:48.748 INFO:journalctl@ceph.mon.smithi094.smithi094.stdout:Mar 24 10:36:48 smithi094 ceph-mon[29446]: osdmap e2: 0 total, 0 up, 0 in
2024-03-24T10:36:48.748 INFO:journalctl@ceph.mon.smithi094.smithi094.stdout:Mar 24 10:36:48 smithi094 ceph-mon[29446]: mgrmap e6: smithi094.yaethu(active, starting, since 0.00329339s)
2024-03-24T10:36:48.748 INFO:journalctl@ceph.mon.smithi094.smithi094.stdout:Mar 24 10:36:48 smithi094 ceph-mon[29446]: from='mgr.14120 172.21.15.94:0/773982920' entity='mgr.smithi094.yaethu' cmd=[{"prefix": "mon metadata", "id": "smithi094"}]: dispatch
2024-03-24T10:36:48.748 INFO:journalctl@ceph.mon.smithi094.smithi094.stdout:Mar 24 10:36:48 smithi094 ceph-mon[29446]: from='mgr.14120 172.21.15.94:0/773982920' entity='mgr.smithi094.yaethu' cmd=[{"prefix": "mgr metadata", "who": "smithi094.yaethu", "id": "smithi094.yaethu"}]: dispatch
2024-03-24T10:36:48.748 INFO:journalctl@ceph.mon.smithi094.smithi094.stdout:Mar 24 10:36:48 smithi094 ceph-mon[29446]: from='mgr.14120 172.21.15.94:0/773982920' entity='mgr.smithi094.yaethu' cmd=[{"prefix": "mds metadata"}]: dispatch
2024-03-24T10:36:48.748 INFO:journalctl@ceph.mon.smithi094.smithi094.stdout:Mar 24 10:36:48 smithi094 ceph-mon[29446]: from='mgr.14120 172.21.15.94:0/773982920' entity='mgr.smithi094.yaethu' cmd=[{"prefix": "osd metadata"}]: dispatch
2024-03-24T10:36:48.748 INFO:journalctl@ceph.mon.smithi094.smithi094.stdout:Mar 24 10:36:48 smithi094 ceph-mon[29446]: from='mgr.14120 172.21.15.94:0/773982920' entity='mgr.smithi094.yaethu' cmd=[{"prefix": "mon metadata"}]: dispatch
2024-03-24T10:36:48.748 INFO:journalctl@ceph.mon.smithi094.smithi094.stdout:Mar 24 10:36:48 smithi094 ceph-mon[29446]: Manager daemon smithi094.yaethu is now available
2024-03-24T10:36:48.748 INFO:journalctl@ceph.mon.smithi094.smithi094.stdout:Mar 24 10:36:48 smithi094 ceph-mon[29446]: from='mgr.14120 172.21.15.94:0/773982920' entity='mgr.smithi094.yaethu'
2024-03-24T10:36:48.749 INFO:journalctl@ceph.mon.smithi094.smithi094.stdout:Mar 24 10:36:48 smithi094 ceph-mon[29446]: from='mgr.14120 172.21.15.94:0/773982920' entity='mgr.smithi094.yaethu'
2024-03-24T10:36:48.749 INFO:journalctl@ceph.mon.smithi094.smithi094.stdout:Mar 24 10:36:48 smithi094 ceph-mon[29446]: from='mgr.14120 172.21.15.94:0/773982920' entity='mgr.smithi094.yaethu' cmd=[{"prefix": "config dump", "format": "json"}]: dispatch
2024-03-24T10:36:48.749 INFO:journalctl@ceph.mon.smithi094.smithi094.stdout:Mar 24 10:36:48 smithi094 ceph-mon[29446]: from='mgr.14120 172.21.15.94:0/773982920' entity='mgr.smithi094.yaethu' cmd=[{"prefix": "config dump", "format": "json"}]: dispatch
2024-03-24T10:36:48.749 INFO:journalctl@ceph.mon.smithi094.smithi094.stdout:Mar 24 10:36:48 smithi094 ceph-mon[29446]: from='mgr.14120 172.21.15.94:0/773982920' entity='mgr.smithi094.yaethu' cmd=[{"prefix": "config dump", "format": "json"}]: dispatch
2024-03-24T10:36:49.746 INFO:journalctl@ceph.mon.smithi094.smithi094.stdout:Mar 24 10:36:49 smithi094 ceph-mon[29446]: Found migration_current of "None". Setting to last migration.
2024-03-24T10:36:49.746 INFO:journalctl@ceph.mon.smithi094.smithi094.stdout:Mar 24 10:36:49 smithi094 ceph-mon[29446]: from='mgr.14120 172.21.15.94:0/773982920' entity='mgr.smithi094.yaethu' cmd=[{"prefix":"config rm","who":"mgr","name":"mgr/rbd_support/smithi094.yaethu/mirror_snapshot_schedule"}]: dispatch
2024-03-24T10:36:49.746 INFO:journalctl@ceph.mon.smithi094.smithi094.stdout:Mar 24 10:36:49 smithi094 ceph-mon[29446]: from='mgr.14120 172.21.15.94:0/773982920' entity='mgr.smithi094.yaethu' cmd=[{"prefix":"config rm","who":"mgr","name":"mgr/rbd_support/smithi094.yaethu/trash_purge_schedule"}]: dispatch
2024-03-24T10:36:49.746 INFO:journalctl@ceph.mon.smithi094.smithi094.stdout:Mar 24 10:36:49 smithi094 ceph-mon[29446]: mgrmap e7: smithi094.yaethu(active, since 1.00533s)
2024-03-24T10:36:50.015 INFO:teuthology.orchestra.run.smithi094.stdout:/usr/bin/ceph: stdout {
2024-03-24T10:36:50.015 INFO:teuthology.orchestra.run.smithi094.stdout:/usr/bin/ceph: stdout "mgrmap_epoch": 7,
2024-03-24T10:36:50.015 INFO:teuthology.orchestra.run.smithi094.stdout:/usr/bin/ceph: stdout "initialized": true
2024-03-24T10:36:50.015 INFO:teuthology.orchestra.run.smithi094.stdout:/usr/bin/ceph: stdout }
2024-03-24T10:36:50.015 INFO:teuthology.orchestra.run.smithi094.stdout:/usr/bin/ceph: stderr
2024-03-24T10:36:44.148+0000 7f5244525700 1 Processor -- start
2024-03-24T10:36:50.015 INFO:teuthology.orchestra.run.smithi094.stdout:/usr/bin/ceph: stderr
2024-03-24T10:36:44.148+0000 7f5244525700 1 -- start start
2024-03-24T10:36:50.015 INFO:teuthology.orchestra.run.smithi094.stdout:/usr/bin/ceph: stderr
2024-03-24T10:36:44.148+0000 7f5244525700 1 --2- >> [v2:172.21.15.94:3300/0,v1:172.21.15.94:6789/0] conn(0x7f523c071230 0x7f523c105560 unknown :-1 s=NONE pgs=0 cs=0 l=0 rev1=0 crypto rx=0 tx=0 comp rx=0 tx=0).connect
2024-03-24T10:36:50.015 INFO:teuthology.orchestra.run.smithi094.stdout:/usr/bin/ceph: stderr
2024-03-24T10:36:44.148+0000 7f5244525700 1 -- --> [v2:172.21.15.94:3300/0,v1:172.21.15.94:6789/0] -- mon_getmap magic: 0 v1 -- 0x7f523c071640 con 0x7f523c071230
2024-03-24T10:36:50.015 INFO:teuthology.orchestra.run.smithi094.stdout:/usr/bin/ceph: stderr
2024-03-24T10:36:44.148+0000 7f52422c1700 1 --2- >> [v2:172.21.15.94:3300/0,v1:172.21.15.94:6789/0] conn(0x7f523c071230 0x7f523c105560 unknown :-1 s=BANNER_CONNECTING pgs=0 cs=0 l=0 rev1=0 crypto rx=0 tx=0 comp rx=0 tx=0)._handle_peer_banner_payload supported=3 required=0
2024-03-24T10:36:50.016 INFO:teuthology.orchestra.run.smithi094.stdout:/usr/bin/ceph: stderr
2024-03-24T10:36:44.149+0000 7f52422c1700 1 --2- >> [v2:172.21.15.94:3300/0,v1:172.21.15.94:6789/0] conn(0x7f523c071230 0x7f523c105560 unknown :-1 s=HELLO_CONNECTING pgs=0 cs=0 l=0 rev1=1 crypto rx=0 tx=0 comp rx=0 tx=0).handle_hello peer v2:172.21.15.94:3300/0 says I am v2:172.21.15.94:56870/0 (socket says 172.21.15.94:56870)
2024-03-24T10:36:50.016 INFO:teuthology.orchestra.run.smithi094.stdout:/usr/bin/ceph: stderr
2024-03-24T10:36:44.149+0000 7f52422c1700 1 -- 172.21.15.94:0/4247865454 learned_addr learned my addr 172.21.15.94:0/4247865454 (peer_addr_for_me v2:172.21.15.94:0/0)
2024-03-24T10:36:50.016 INFO:teuthology.orchestra.run.smithi094.stdout:/usr/bin/ceph: stderr
2024-03-24T10:36:44.149+0000 7f52422c1700 1 -- 172.21.15.94:0/4247865454 --> [v2:172.21.15.94:3300/0,v1:172.21.15.94:6789/0] -- mon_subscribe({config=0+,monmap=0+}) v3 -- 0x7f523c105aa0 con 0x7f523c071230
2024-03-24T10:36:50.016 INFO:teuthology.orchestra.run.smithi094.stdout:/usr/bin/ceph: stderr
2024-03-24T10:36:44.149+0000 7f52422c1700 1 --2- 172.21.15.94:0/4247865454 >> [v2:172.21.15.94:3300/0,v1:172.21.15.94:6789/0] conn(0x7f523c071230 0x7f523c105560 secure :-1 s=READY pgs=28 cs=0 l=1 rev1=1 crypto rx=0x7f522c0098e0 tx=0x7f522c009250 comp rx=0 tx=0).ready entity=mon.0 client_cookie=1c647ac21fdd6280 server_cookie=0 in_seq=0 out_seq=0
2024-03-24T10:36:50.016 INFO:teuthology.orchestra.run.smithi094.stdout:/usr/bin/ceph: stderr
2024-03-24T10:36:44.149+0000 7f52412bf700 1 -- 172.21.15.94:0/4247865454 <== mon.0 v2:172.21.15.94:3300/0 1 ==== mon_map magic: 0 v1 ==== 229+0+0 (secure 0 0 0) 0x7f522c00b860 con 0x7f523c071230
2024-03-24T10:36:50.016 INFO:teuthology.orchestra.run.smithi094.stdout:/usr/bin/ceph: stderr
2024-03-24T10:36:44.149+0000 7f52412bf700 1 -- 172.21.15.94:0/4247865454 <== mon.0 v2:172.21.15.94:3300/0 2 ==== config(27 keys) v1 ==== 1044+0+0 (secure 0 0 0) 0x7f522c00be50 con 0x7f523c071230
2024-03-24T10:36:50.016 INFO:teuthology.orchestra.run.smithi094.stdout:/usr/bin/ceph: stderr
2024-03-24T10:36:44.149+0000 7f52412bf700 1 -- 172.21.15.94:0/4247865454 <== mon.0 v2:172.21.15.94:3300/0 3 ==== mon_map magic: 0 v1 ==== 229+0+0 (secure 0 0 0) 0x7f522c010380 con 0x7f523c071230
2024-03-24T10:36:50.016 INFO:teuthology.orchestra.run.smithi094.stdout:/usr/bin/ceph: stderr
2024-03-24T10:36:44.150+0000 7f5244525700 1 -- 172.21.15.94:0/4247865454 >> [v2:172.21.15.94:3300/0,v1:172.21.15.94:6789/0] conn(0x7f523c071230 msgr2=0x7f523c105560 secure :-1 s=STATE_CONNECTION_ESTABLISHED l=1).mark_down
2024-03-24T10:36:50.016 INFO:teuthology.orchestra.run.smithi094.stdout:/usr/bin/ceph: stderr
2024-03-24T10:36:44.150+0000 7f5244525700 1 --2- 172.21.15.94:0/4247865454 >> [v2:172.21.15.94:3300/0,v1:172.21.15.94:6789/0] conn(0x7f523c071230 0x7f523c105560 secure :-1 s=READY pgs=28 cs=0 l=1 rev1=1 crypto rx=0x7f522c0098e0 tx=0x7f522c009250 comp rx=0 tx=0).stop
2024-03-24T10:36:50.016 INFO:teuthology.orchestra.run.smithi094.stdout:/usr/bin/ceph: stderr
2024-03-24T10:36:44.150+0000 7f5244525700 1 -- 172.21.15.94:0/4247865454 shutdown_connections
2024-03-24T10:36:50.016 INFO:teuthology.orchestra.run.smithi094.stdout:/usr/bin/ceph: stderr
2024-03-24T10:36:44.150+0000 7f5244525700 1 --2- 172.21.15.94:0/4247865454 >> [v2:172.21.15.94:3300/0,v1:172.21.15.94:6789/0] conn(0x7f523c071230 0x7f523c105560 unknown :-1 s=CLOSED pgs=28 cs=0 l=1 rev1=1 crypto rx=0 tx=0 comp rx=0 tx=0).stop
2024-03-24T10:36:50.016 INFO:teuthology.orchestra.run.smithi094.stdout:/usr/bin/ceph: stderr
2024-03-24T10:36:44.150+0000 7f5244525700 1 -- 172.21.15.94:0/4247865454 >> 172.21.15.94:0/4247865454 conn(0x7f523c0fcfb0 msgr2=0x7f523c0ff3c0 unknown :-1 s=STATE_NONE l=0).mark_down
2024-03-24T10:36:50.016 INFO:teuthology.orchestra.run.smithi094.stdout:/usr/bin/ceph: stderr
2024-03-24T10:36:44.150+0000 7f5244525700 1 -- 172.21.15.94:0/4247865454 shutdown_connections
2024-03-24T10:36:50.016 INFO:teuthology.orchestra.run.smithi094.stdout:/usr/bin/ceph: stderr
2024-03-24T10:36:44.150+0000 7f5244525700 1 -- 172.21.15.94:0/4247865454 wait complete.
2024-03-24T10:36:50.016 INFO:teuthology.orchestra.run.smithi094.stdout:/usr/bin/ceph: stderr
2024-03-24T10:36:44.150+0000 7f5244525700 1 Processor -- start
2024-03-24T10:36:50.017 INFO:teuthology.orchestra.run.smithi094.stdout:/usr/bin/ceph: stderr
2024-03-24T10:36:44.150+0000 7f5244525700 1 -- start start
2024-03-24T10:36:50.017 INFO:teuthology.orchestra.run.smithi094.stdout:/usr/bin/ceph: stderr
2024-03-24T10:36:44.151+0000 7f5244525700 1 --2- >> [v2:172.21.15.94:3300/0,v1:172.21.15.94:6789/0] conn(0x7f523c071230 0x7f523c102eb0 unknown :-1 s=NONE pgs=0 cs=0 l=1 rev1=0 crypto rx=0 tx=0 comp rx=0 tx=0).connect
2024-03-24T10:36:50.017 INFO:teuthology.orchestra.run.smithi094.stdout:/usr/bin/ceph: stderr
2024-03-24T10:36:44.151+0000 7f5244525700 1 -- --> [v2:172.21.15.94:3300/0,v1:172.21.15.94:6789/0] -- mon_getmap magic: 0 v1 -- 0x7f523c1033f0 con 0x7f523c071230
2024-03-24T10:36:50.017 INFO:teuthology.orchestra.run.smithi094.stdout:/usr/bin/ceph: stderr
2024-03-24T10:36:44.151+0000 7f52422c1700 1 --2- >> [v2:172.21.15.94:3300/0,v1:172.21.15.94:6789/0] conn(0x7f523c071230 0x7f523c102eb0 unknown :-1 s=BANNER_CONNECTING pgs=0 cs=0 l=1 rev1=0 crypto rx=0 tx=0 comp rx=0 tx=0)._handle_peer_banner_payload supported=3 required=0
2024-03-24T10:36:50.017 INFO:teuthology.orchestra.run.smithi094.stdout:/usr/bin/ceph: stderr
2024-03-24T10:36:44.151+0000 7f52422c1700 1 --2- >> [v2:172.21.15.94:3300/0,v1:172.21.15.94:6789/0] conn(0x7f523c071230 0x7f523c102eb0 unknown :-1 s=HELLO_CONNECTING pgs=0 cs=0 l=1 rev1=1 crypto rx=0 tx=0 comp rx=0 tx=0).handle_hello peer v2:172.21.15.94:3300/0 says I am v2:172.21.15.94:56874/0 (socket says 172.21.15.94:56874)
2024-03-24T10:36:50.017 INFO:teuthology.orchestra.run.smithi094.stdout:/usr/bin/ceph: stderr
2024-03-24T10:36:44.151+0000 7f52422c1700 1 -- 172.21.15.94:0/3648923806 learned_addr learned my addr 172.21.15.94:0/3648923806 (peer_addr_for_me v2:172.21.15.94:0/0)
2024-03-24T10:36:50.017 INFO:teuthology.orchestra.run.smithi094.stdout:/usr/bin/ceph: stderr
2024-03-24T10:36:44.151+0000 7f52422c1700 1 -- 172.21.15.94:0/3648923806 --> [v2:172.21.15.94:3300/0,v1:172.21.15.94:6789/0] -- mon_subscribe({config=0+,monmap=0+}) v3 -- 0x7f522c0094f0 con 0x7f523c071230
2024-03-24T10:36:50.017 INFO:teuthology.orchestra.run.smithi094.stdout:/usr/bin/ceph: stderr
2024-03-24T10:36:44.151+0000 7f52422c1700 1 --2- 172.21.15.94:0/3648923806 >> [v2:172.21.15.94:3300/0,v1:172.21.15.94:6789/0] conn(0x7f523c071230 0x7f523c102eb0 secure :-1 s=READY pgs=29 cs=0 l=1 rev1=1 crypto rx=0x7f522c0090b0 tx=0x7f522c009250 comp rx=0 tx=0).ready entity=mon.0 client_cookie=0 server_cookie=0 in_seq=0 out_seq=0
2024-03-24T10:36:50.017 INFO:teuthology.orchestra.run.smithi094.stdout:/usr/bin/ceph: stderr
2024-03-24T10:36:44.151+0000 7f5232ffd700 1 -- 172.21.15.94:0/3648923806 <== mon.0 v2:172.21.15.94:3300/0 1 ==== mon_map magic: 0 v1 ==== 229+0+0 (secure 0 0 0) 0x7f522c010760 con 0x7f523c071230
2024-03-24T10:36:50.017 INFO:teuthology.orchestra.run.smithi094.stdout:/usr/bin/ceph: stderr
2024-03-24T10:36:44.151+0000 7f5244525700 1 -- 172.21.15.94:0/3648923806 --> [v2:172.21.15.94:3300/0,v1:172.21.15.94:6789/0] -- mon_subscribe({mgrmap=0+}) v3 -- 0x7f523c101460 con 0x7f523c071230
2024-03-24T10:36:50.017 INFO:teuthology.orchestra.run.smithi094.stdout:/usr/bin/ceph: stderr
2024-03-24T10:36:44.151+0000 7f5232ffd700 1 -- 172.21.15.94:0/3648923806 <== mon.0 v2:172.21.15.94:3300/0 2 ==== config(27 keys) v1 ==== 1044+0+0 (secure 0 0 0) 0x7f522c010d50 con 0x7f523c071230
2024-03-24T10:36:50.017 INFO:teuthology.orchestra.run.smithi094.stdout:/usr/bin/ceph: stderr
2024-03-24T10:36:44.151+0000 7f5232ffd700 1 -- 172.21.15.94:0/3648923806 <== mon.0 v2:172.21.15.94:3300/0 3 ==== mon_map magic: 0 v1 ==== 229+0+0 (secure 0 0 0) 0x7f522c01ace0 con 0x7f523c071230
2024-03-24T10:36:50.017 INFO:teuthology.orchestra.run.smithi094.stdout:/usr/bin/ceph: stderr
2024-03-24T10:36:44.151+0000 7f5244525700 1 -- 172.21.15.94:0/3648923806 --> [v2:172.21.15.94:3300/0,v1:172.21.15.94:6789/0] -- mon_subscribe({osdmap=0}) v3 -- 0x7f523c101950 con 0x7f523c071230
2024-03-24T10:36:50.017 INFO:teuthology.orchestra.run.smithi094.stdout:/usr/bin/ceph: stderr
2024-03-24T10:36:44.152+0000 7f5232ffd700 1 -- 172.21.15.94:0/3648923806 <== mon.0 v2:172.21.15.94:3300/0 4 ==== mgrmap(e 5) v1 ==== 43368+0+0 (secure 0 0 0) 0x7f522c02d3f0 con 0x7f523c071230
2024-03-24T10:36:50.018 INFO:teuthology.orchestra.run.smithi094.stdout:/usr/bin/ceph: stderr
2024-03-24T10:36:44.152+0000 7f5232ffd700 1 --2- 172.21.15.94:0/3648923806 >> [v2:172.21.15.94:6800/1013449112,v1:172.21.15.94:6801/1013449112] conn(0x7f52280367e0 0x7f5228038c90 unknown :-1 s=NONE pgs=0 cs=0 l=1 rev1=0 crypto rx=0 tx=0 comp rx=0 tx=0).connect
2024-03-24T10:36:50.018 INFO:teuthology.orchestra.run.smithi094.stdout:/usr/bin/ceph: stderr
2024-03-24T10:36:44.152+0000 7f5232ffd700 1 -- 172.21.15.94:0/3648923806 --> [v2:172.21.15.94:6800/1013449112,v1:172.21.15.94:6801/1013449112] -- command(tid 0: {"prefix": "get_command_descriptions"}) v1 -- 0x7f52280393a0 con 0x7f52280367e0
2024-03-24T10:36:50.018 INFO:teuthology.orchestra.run.smithi094.stdout:/usr/bin/ceph: stderr
2024-03-24T10:36:44.153+0000 7f5232ffd700 1 -- 172.21.15.94:0/3648923806 <== mon.0 v2:172.21.15.94:3300/0 5 ==== osd_map(1..1 src has 1..1) v4 ==== 721+0+0 (secure 0 0 0) 0x7f522c04a260 con 0x7f523c071230
2024-03-24T10:36:50.018 INFO:teuthology.orchestra.run.smithi094.stdout:/usr/bin/ceph: stderr
2024-03-24T10:36:44.153+0000 7f5241ac0700 1 -- 172.21.15.94:0/3648923806 >> [v2:172.21.15.94:6800/1013449112,v1:172.21.15.94:6801/1013449112] conn(0x7f52280367e0 msgr2=0x7f5228038c90 unknown :-1 s=STATE_CONNECTING_RE l=1).process reconnect failed to v2:172.21.15.94:6800/1013449112
2024-03-24T10:36:50.018 INFO:teuthology.orchestra.run.smithi094.stdout:/usr/bin/ceph: stderr
2024-03-24T10:36:44.153+0000 7f5241ac0700 1 --2- 172.21.15.94:0/3648923806 >> [v2:172.21.15.94:6800/1013449112,v1:172.21.15.94:6801/1013449112] conn(0x7f52280367e0 0x7f5228038c90 unknown :-1 s=START_CONNECT pgs=0 cs=0 l=1 rev1=0 crypto rx=0 tx=0 comp rx=0 tx=0)._fault waiting 0.200000
2024-03-24T10:36:50.018 INFO:teuthology.orchestra.run.smithi094.stdout:/usr/bin/ceph: stderr
2024-03-24T10:36:44.354+0000 7f5241ac0700 1 -- 172.21.15.94:0/3648923806 >> [v2:172.21.15.94:6800/1013449112,v1:172.21.15.94:6801/1013449112] conn(0x7f52280367e0 msgr2=0x7f5228038c90 unknown :-1 s=STATE_CONNECTING_RE l=1).process reconnect failed to v2:172.21.15.94:6800/1013449112
2024-03-24T10:36:50.018 INFO:teuthology.orchestra.run.smithi094.stdout:/usr/bin/ceph: stderr
2024-03-24T10:36:44.354+0000 7f5241ac0700 1 --2- 172.21.15.94:0/3648923806 >> [v2:172.21.15.94:6800/1013449112,v1:172.21.15.94:6801/1013449112] conn(0x7f52280367e0 0x7f5228038c90 unknown :-1 s=START_CONNECT pgs=0 cs=0 l=1 rev1=0 crypto rx=0 tx=0 comp rx=0 tx=0)._fault waiting 0.400000
2024-03-24T10:36:50.018 INFO:teuthology.orchestra.run.smithi094.stdout:/usr/bin/ceph: stderr
2024-03-24T10:36:44.755+0000 7f5241ac0700 1 -- 172.21.15.94:0/3648923806 >> [v2:172.21.15.94:6800/1013449112,v1:172.21.15.94:6801/1013449112] conn(0x7f52280367e0 msgr2=0x7f5228038c90 unknown :-1 s=STATE_CONNECTING_RE l=1).process reconnect failed to v2:172.21.15.94:6800/1013449112
2024-03-24T10:36:50.018 INFO:teuthology.orchestra.run.smithi094.stdout:/usr/bin/ceph: stderr
2024-03-24T10:36:44.755+0000 7f5241ac0700 1 --2- 172.21.15.94:0/3648923806 >> [v2:172.21.15.94:6800/1013449112,v1:172.21.15.94:6801/1013449112] conn(0x7f52280367e0 0x7f5228038c90 unknown :-1 s=START_CONNECT pgs=0 cs=0 l=1 rev1=0 crypto rx=0 tx=0 comp rx=0 tx=0)._fault waiting 0.800000
2024-03-24T10:36:50.018 INFO:teuthology.orchestra.run.smithi094.stdout:/usr/bin/ceph: stderr
2024-03-24T10:36:45.556+0000 7f5241ac0700 1 -- 172.21.15.94:0/3648923806 >> [v2:172.21.15.94:6800/1013449112,v1:172.21.15.94:6801/1013449112] conn(0x7f52280367e0 msgr2=0x7f5228038c90 unknown :-1 s=STATE_CONNECTING_RE l=1).process reconnect failed to v2:172.21.15.94:6800/1013449112
2024-03-24T10:36:50.019 INFO:teuthology.orchestra.run.smithi094.stdout:/usr/bin/ceph: stderr
2024-03-24T10:36:45.556+0000 7f5241ac0700 1 --2- 172.21.15.94:0/3648923806 >> [v2:172.21.15.94:6800/1013449112,v1:172.21.15.94:6801/1013449112] conn(0x7f52280367e0 0x7f5228038c90 unknown :-1 s=START_CONNECT pgs=0 cs=0 l=1 rev1=0 crypto rx=0 tx=0 comp rx=0 tx=0)._fault waiting 1.600000
2024-03-24T10:36:50.019 INFO:teuthology.orchestra.run.smithi094.stdout:/usr/bin/ceph: stderr
2024-03-24T10:36:47.157+0000 7f5241ac0700 1 -- 172.21.15.94:0/3648923806 >> [v2:172.21.15.94:6800/1013449112,v1:172.21.15.94:6801/1013449112] conn(0x7f52280367e0 msgr2=0x7f5228038c90 unknown :-1 s=STATE_CONNECTING_RE l=1).process reconnect failed to v2:172.21.15.94:6800/1013449112
2024-03-24T10:36:50.019 INFO:teuthology.orchestra.run.smithi094.stdout:/usr/bin/ceph: stderr
2024-03-24T10:36:47.157+0000 7f5241ac0700 1 --2- 172.21.15.94:0/3648923806 >> [v2:172.21.15.94:6800/1013449112,v1:172.21.15.94:6801/1013449112] conn(0x7f52280367e0 0x7f5228038c90 unknown :-1 s=START_CONNECT pgs=0 cs=0 l=1 rev1=0 crypto rx=0 tx=0 comp rx=0 tx=0)._fault waiting 3.200000
2024-03-24T10:36:50.019 INFO:teuthology.orchestra.run.smithi094.stdout:/usr/bin/ceph: stderr
2024-03-24T10:36:48.434+0000 7f5232ffd700 1 -- 172.21.15.94:0/3648923806 <== mon.0 v2:172.21.15.94:3300/0 6 ==== mgrmap(e 6) v1 ==== 43135+0+0 (secure 0 0 0) 0x7f522c02d6f0 con 0x7f523c071230
2024-03-24T10:36:50.019 INFO:teuthology.orchestra.run.smithi094.stdout:/usr/bin/ceph: stderr
2024-03-24T10:36:48.434+0000 7f5232ffd700 1 -- 172.21.15.94:0/3648923806 >> [v2:172.21.15.94:6800/1013449112,v1:172.21.15.94:6801/1013449112] conn(0x7f52280367e0 msgr2=0x7f5228038c90 unknown :-1 s=STATE_CONNECTING l=1).mark_down
2024-03-24T10:36:50.019 INFO:teuthology.orchestra.run.smithi094.stdout:/usr/bin/ceph: stderr
2024-03-24T10:36:48.434+0000 7f5232ffd700 1 --2- 172.21.15.94:0/3648923806 >> [v2:172.21.15.94:6800/1013449112,v1:172.21.15.94:6801/1013449112] conn(0x7f52280367e0 0x7f5228038c90 unknown :-1 s=START_CONNECT pgs=0 cs=0 l=1 rev1=0 crypto rx=0 tx=0 comp rx=0 tx=0).stop
2024-03-24T10:36:50.019 INFO:teuthology.orchestra.run.smithi094.stdout:/usr/bin/ceph: stderr
2024-03-24T10:36:49.435+0000 7f5232ffd700 1 -- 172.21.15.94:0/3648923806 <== mon.0 v2:172.21.15.94:3300/0 7 ==== mgrmap(e 7) v1 ==== 43262+0+0 (secure 0 0 0) 0x7f522c02da70 con 0x7f523c071230
2024-03-24T10:36:50.019 INFO:teuthology.orchestra.run.smithi094.stdout:/usr/bin/ceph: stderr
