2024-03-24T10:37:12.308 INFO:teuthology.orchestra.run.smithi094.stdout:/usr/bin/ceph: stderr
2024-03-24T10:37:11.647+0000 7fd10bdc2700 1 -- 172.21.15.94:0/3214251049 >> [v2:172.21.15.94:6800/1996608546,v1:172.21.15.94:6801/1996608546] conn(0x7fd0f0036790 msgr2=0x7fd0f0038c40 secure :-1 s=STATE_CONNECTION_ESTABLISHED l=1).mark_down
2024-03-24T10:37:12.308 INFO:teuthology.orchestra.run.smithi094.stdout:/usr/bin/ceph: stderr
2024-03-24T10:37:11.647+0000 7fd10bdc2700 1 --2- 172.21.15.94:0/3214251049 >> [v2:172.21.15.94:6800/1996608546,v1:172.21.15.94:6801/1996608546] conn(0x7fd0f0036790 0x7fd0f0038c40 secure :-1 s=READY pgs=21 cs=0 l=1 rev1=1 crypto rx=0x7fd0f4009990 tx=0x7fd0f4006e40 comp rx=0 tx=0).stop
2024-03-24T10:37:12.308 INFO:teuthology.orchestra.run.smithi094.stdout:/usr/bin/ceph: stderr
2024-03-24T10:37:11.647+0000 7fd10bdc2700 1 -- 172.21.15.94:0/3214251049 >> [v2:172.21.15.94:3300/0,v1:172.21.15.94:6789/0] conn(0x7fd104076c20 msgr2=0x7fd104111710 secure :-1 s=STATE_CONNECTION_ESTABLISHED l=1).mark_down
2024-03-24T10:37:12.308 INFO:teuthology.orchestra.run.smithi094.stdout:/usr/bin/ceph: stderr
2024-03-24T10:37:11.647+0000 7fd10bdc2700 1 --2- 172.21.15.94:0/3214251049 >> [v2:172.21.15.94:3300/0,v1:172.21.15.94:6789/0] conn(0x7fd104076c20 0x7fd104111710 secure :-1 s=READY pgs=66 cs=0 l=1 rev1=1 crypto rx=0x7fd100006d40 tx=0x7fd100009250 comp rx=0 tx=0).stop
2024-03-24T10:37:12.308 INFO:teuthology.orchestra.run.smithi094.stdout:/usr/bin/ceph: stderr
2024-03-24T10:37:11.647+0000 7fd10bdc2700 1 -- 172.21.15.94:0/3214251049 shutdown_connections
2024-03-24T10:37:12.308 INFO:teuthology.orchestra.run.smithi094.stdout:/usr/bin/ceph: stderr
2024-03-24T10:37:11.647+0000 7fd10bdc2700 1 --2- 172.21.15.94:0/3214251049 >> [v2:172.21.15.94:6800/1996608546,v1:172.21.15.94:6801/1996608546] conn(0x7fd0f0036790 0x7fd0f0038c40 unknown :-1 s=CLOSED pgs=21 cs=0 l=1 rev1=1 crypto rx=0 tx=0 comp rx=0 tx=0).stop
2024-03-24T10:37:12.308 INFO:teuthology.orchestra.run.smithi094.stdout:/usr/bin/ceph: stderr
2024-03-24T10:37:11.647+0000 7fd10bdc2700 1 --2- 172.21.15.94:0/3214251049 >> [v2:172.21.15.94:3300/0,v1:172.21.15.94:6789/0] conn(0x7fd104076c20 0x7fd104111710 unknown :-1 s=CLOSED pgs=66 cs=0 l=1 rev1=1 crypto rx=0 tx=0 comp rx=0 tx=0).stop
2024-03-24T10:37:12.308 INFO:teuthology.orchestra.run.smithi094.stdout:/usr/bin/ceph: stderr
2024-03-24T10:37:11.647+0000 7fd10bdc2700 1 -- 172.21.15.94:0/3214251049 >> 172.21.15.94:0/3214251049 conn(0x7fd1040fcf40 msgr2=0x7fd1040fdb00 unknown :-1 s=STATE_NONE l=0).mark_down
2024-03-24T10:37:12.308 INFO:teuthology.orchestra.run.smithi094.stdout:/usr/bin/ceph: stderr
2024-03-24T10:37:11.648+0000 7fd10bdc2700 1 -- 172.21.15.94:0/3214251049 shutdown_connections
2024-03-24T10:37:12.308 INFO:teuthology.orchestra.run.smithi094.stdout:/usr/bin/ceph: stderr
2024-03-24T10:37:11.648+0000 7fd10bdc2700 1 -- 172.21.15.94:0/3214251049 wait complete.
2024-03-24T10:37:12.913 INFO:journalctl@ceph.mon.smithi094.smithi094.stdout:Mar 24 10:37:12 smithi094 ceph-mon[29446]: from='client.? 172.21.15.94:0/3214251049' entity='client.admin' cmd='[{"prefix": "mgr module enable", "module": "dashboard"}]': finished
2024-03-24T10:37:12.913 INFO:journalctl@ceph.mon.smithi094.smithi094.stdout:Mar 24 10:37:12 smithi094 ceph-mon[29446]: mgrmap e9: smithi094.yaethu(active, since 23s)
2024-03-24T10:37:13.530 INFO:teuthology.orchestra.run.smithi094.stdout:/usr/bin/ceph: stdout {
2024-03-24T10:37:13.530 INFO:teuthology.orchestra.run.smithi094.stdout:/usr/bin/ceph: stdout "epoch": 9,
2024-03-24T10:37:13.530 INFO:teuthology.orchestra.run.smithi094.stdout:/usr/bin/ceph: stdout "available": true,
2024-03-24T10:37:13.530 INFO:teuthology.orchestra.run.smithi094.stdout:/usr/bin/ceph: stdout "active_name": "smithi094.yaethu",
2024-03-24T10:37:13.530 INFO:teuthology.orchestra.run.smithi094.stdout:/usr/bin/ceph: stdout "num_standby": 0
2024-03-24T10:37:13.530 INFO:teuthology.orchestra.run.smithi094.stdout:/usr/bin/ceph: stdout }
2024-03-24T10:37:13.530 INFO:teuthology.orchestra.run.smithi094.stdout:/usr/bin/ceph: stderr
2024-03-24T10:37:12.719+0000 7f733435d700 1 Processor -- start
2024-03-24T10:37:13.530 INFO:teuthology.orchestra.run.smithi094.stdout:/usr/bin/ceph: stderr
2024-03-24T10:37:12.719+0000 7f733435d700 1 -- start start
2024-03-24T10:37:13.530 INFO:teuthology.orchestra.run.smithi094.stdout:/usr/bin/ceph: stderr
2024-03-24T10:37:12.720+0000 7f733435d700 1 --2- >> [v2:172.21.15.94:3300/0,v1:172.21.15.94:6789/0] conn(0x7f732c1028c0 0x7f732c102cd0 unknown :-1 s=NONE pgs=0 cs=0 l=0 rev1=0 crypto rx=0 tx=0 comp rx=0 tx=0).connect
2024-03-24T10:37:13.531 INFO:teuthology.orchestra.run.smithi094.stdout:/usr/bin/ceph: stderr
2024-03-24T10:37:12.720+0000 7f733435d700 1 -- --> [v2:172.21.15.94:3300/0,v1:172.21.15.94:6789/0] -- mon_getmap magic: 0 v1 -- 0x7f732c103210 con 0x7f732c1028c0
2024-03-24T10:37:13.531 INFO:teuthology.orchestra.run.smithi094.stdout:/usr/bin/ceph: stderr
2024-03-24T10:37:12.720+0000 7f73320f9700 1 --2- >> [v2:172.21.15.94:3300/0,v1:172.21.15.94:6789/0] conn(0x7f732c1028c0 0x7f732c102cd0 unknown :-1 s=BANNER_CONNECTING pgs=0 cs=0 l=0 rev1=0 crypto rx=0 tx=0 comp rx=0 tx=0)._handle_peer_banner_payload supported=3 required=0
2024-03-24T10:37:13.531 INFO:teuthology.orchestra.run.smithi094.stdout:/usr/bin/ceph: stderr
2024-03-24T10:37:12.720+0000 7f73320f9700 1 --2- >> [v2:172.21.15.94:3300/0,v1:172.21.15.94:6789/0] conn(0x7f732c1028c0 0x7f732c102cd0 unknown :-1 s=HELLO_CONNECTING pgs=0 cs=0 l=0 rev1=1 crypto rx=0 tx=0 comp rx=0 tx=0).handle_hello peer v2:172.21.15.94:3300/0 says I am v2:172.21.15.94:40048/0 (socket says 172.21.15.94:40048)
2024-03-24T10:37:13.531 INFO:teuthology.orchestra.run.smithi094.stdout:/usr/bin/ceph: stderr
2024-03-24T10:37:12.720+0000 7f73320f9700 1 -- 172.21.15.94:0/2868978161 learned_addr learned my addr 172.21.15.94:0/2868978161 (peer_addr_for_me v2:172.21.15.94:0/0)
2024-03-24T10:37:13.531 INFO:teuthology.orchestra.run.smithi094.stdout:/usr/bin/ceph: stderr
2024-03-24T10:37:12.720+0000 7f73320f9700 1 -- 172.21.15.94:0/2868978161 --> [v2:172.21.15.94:3300/0,v1:172.21.15.94:6789/0] -- mon_subscribe({config=0+,monmap=0+}) v3 -- 0x7f732c103350 con 0x7f732c1028c0
2024-03-24T10:37:13.531 INFO:teuthology.orchestra.run.smithi094.stdout:/usr/bin/ceph: stderr
2024-03-24T10:37:12.720+0000 7f73320f9700 1 --2- 172.21.15.94:0/2868978161 >> [v2:172.21.15.94:3300/0,v1:172.21.15.94:6789/0] conn(0x7f732c1028c0 0x7f732c102cd0 secure :-1 s=READY pgs=69 cs=0 l=1 rev1=1 crypto rx=0x7f731c0098e0 tx=0x7f731c009250 comp rx=0 tx=0).ready entity=mon.0 client_cookie=5d00e9295995087e server_cookie=0 in_seq=0 out_seq=0
2024-03-24T10:37:13.531 INFO:teuthology.orchestra.run.smithi094.stdout:/usr/bin/ceph: stderr
2024-03-24T10:37:12.720+0000 7f73310f7700 1 -- 172.21.15.94:0/2868978161 <== mon.0 v2:172.21.15.94:3300/0 1 ==== mon_map magic: 0 v1 ==== 229+0+0 (secure 0 0 0) 0x7f731c00b860 con 0x7f732c1028c0
2024-03-24T10:37:13.531 INFO:teuthology.orchestra.run.smithi094.stdout:/usr/bin/ceph: stderr
2024-03-24T10:37:12.721+0000 7f73310f7700 1 -- 172.21.15.94:0/2868978161 <== mon.0 v2:172.21.15.94:3300/0 2 ==== config(27 keys) v1 ==== 1109+0+0 (secure 0 0 0) 0x7f731c00be90 con 0x7f732c1028c0
2024-03-24T10:37:13.531 INFO:teuthology.orchestra.run.smithi094.stdout:/usr/bin/ceph: stderr
2024-03-24T10:37:12.721+0000 7f73310f7700 1 -- 172.21.15.94:0/2868978161 <== mon.0 v2:172.21.15.94:3300/0 3 ==== mon_map magic: 0 v1 ==== 229+0+0 (secure 0 0 0) 0x7f731c0103c0 con 0x7f732c1028c0
2024-03-24T10:37:13.531 INFO:teuthology.orchestra.run.smithi094.stdout:/usr/bin/ceph: stderr
2024-03-24T10:37:12.721+0000 7f733435d700 1 -- 172.21.15.94:0/2868978161 >> [v2:172.21.15.94:3300/0,v1:172.21.15.94:6789/0] conn(0x7f732c1028c0 msgr2=0x7f732c102cd0 secure :-1 s=STATE_CONNECTION_ESTABLISHED l=1).mark_down
2024-03-24T10:37:13.531 INFO:teuthology.orchestra.run.smithi094.stdout:/usr/bin/ceph: stderr
2024-03-24T10:37:12.721+0000 7f733435d700 1 --2- 172.21.15.94:0/2868978161 >> [v2:172.21.15.94:3300/0,v1:172.21.15.94:6789/0] conn(0x7f732c1028c0 0x7f732c102cd0 secure :-1 s=READY pgs=69 cs=0 l=1 rev1=1 crypto rx=0x7f731c0098e0 tx=0x7f731c009250 comp rx=0 tx=0).stop
2024-03-24T10:37:13.531 INFO:teuthology.orchestra.run.smithi094.stdout:/usr/bin/ceph: stderr
2024-03-24T10:37:12.721+0000 7f733435d700 1 -- 172.21.15.94:0/2868978161 shutdown_connections
2024-03-24T10:37:13.531 INFO:teuthology.orchestra.run.smithi094.stdout:/usr/bin/ceph: stderr
2024-03-24T10:37:12.721+0000 7f733435d700 1 --2- 172.21.15.94:0/2868978161 >> [v2:172.21.15.94:3300/0,v1:172.21.15.94:6789/0] conn(0x7f732c1028c0 0x7f732c102cd0 unknown :-1 s=CLOSED pgs=69 cs=0 l=1 rev1=1 crypto rx=0 tx=0 comp rx=0 tx=0).stop
2024-03-24T10:37:13.531 INFO:teuthology.orchestra.run.smithi094.stdout:/usr/bin/ceph: stderr
2024-03-24T10:37:12.721+0000 7f733435d700 1 -- 172.21.15.94:0/2868978161 >> 172.21.15.94:0/2868978161 conn(0x7f732c0fe080 msgr2=0x7f732c100490 unknown :-1 s=STATE_NONE l=0).mark_down
2024-03-24T10:37:13.532 INFO:teuthology.orchestra.run.smithi094.stdout:/usr/bin/ceph: stderr
2024-03-24T10:37:12.721+0000 7f733435d700 1 -- 172.21.15.94:0/2868978161 shutdown_connections
2024-03-24T10:37:13.532 INFO:teuthology.orchestra.run.smithi094.stdout:/usr/bin/ceph: stderr
2024-03-24T10:37:12.721+0000 7f733435d700 1 -- 172.21.15.94:0/2868978161 wait complete.
2024-03-24T10:37:13.532 INFO:teuthology.orchestra.run.smithi094.stdout:/usr/bin/ceph: stderr
2024-03-24T10:37:12.722+0000 7f733435d700 1 Processor -- start
2024-03-24T10:37:13.532 INFO:teuthology.orchestra.run.smithi094.stdout:/usr/bin/ceph: stderr
2024-03-24T10:37:12.722+0000 7f733435d700 1 -- start start
2024-03-24T10:37:13.532 INFO:teuthology.orchestra.run.smithi094.stdout:/usr/bin/ceph: stderr
2024-03-24T10:37:12.722+0000 7f733435d700 1 --2- >> [v2:172.21.15.94:3300/0,v1:172.21.15.94:6789/0] conn(0x7f732c1028c0 0x7f732c1116c0 unknown :-1 s=NONE pgs=0 cs=0 l=1 rev1=0 crypto rx=0 tx=0 comp rx=0 tx=0).connect
2024-03-24T10:37:13.533 INFO:teuthology.orchestra.run.smithi094.stdout:/usr/bin/ceph: stderr
2024-03-24T10:37:12.722+0000 7f733435d700 1 -- --> [v2:172.21.15.94:3300/0,v1:172.21.15.94:6789/0] -- mon_getmap magic: 0 v1 -- 0x7f732c111c00 con 0x7f732c1028c0
2024-03-24T10:37:13.533 INFO:teuthology.orchestra.run.smithi094.stdout:/usr/bin/ceph: stderr
2024-03-24T10:37:12.722+0000 7f73320f9700 1 --2- >> [v2:172.21.15.94:3300/0,v1:172.21.15.94:6789/0] conn(0x7f732c1028c0 0x7f732c1116c0 unknown :-1 s=BANNER_CONNECTING pgs=0 cs=0 l=1 rev1=0 crypto rx=0 tx=0 comp rx=0 tx=0)._handle_peer_banner_payload supported=3 required=0
2024-03-24T10:37:13.533 INFO:teuthology.orchestra.run.smithi094.stdout:/usr/bin/ceph: stderr
2024-03-24T10:37:12.722+0000 7f73320f9700 1 --2- >> [v2:172.21.15.94:3300/0,v1:172.21.15.94:6789/0] conn(0x7f732c1028c0 0x7f732c1116c0 unknown :-1 s=HELLO_CONNECTING pgs=0 cs=0 l=1 rev1=1 crypto rx=0 tx=0 comp rx=0 tx=0).handle_hello peer v2:172.21.15.94:3300/0 says I am v2:172.21.15.94:40050/0 (socket says 172.21.15.94:40050)
2024-03-24T10:37:13.533 INFO:teuthology.orchestra.run.smithi094.stdout:/usr/bin/ceph: stderr
2024-03-24T10:37:12.722+0000 7f73320f9700 1 -- 172.21.15.94:0/385015867 learned_addr learned my addr 172.21.15.94:0/385015867 (peer_addr_for_me v2:172.21.15.94:0/0)
2024-03-24T10:37:13.533 INFO:teuthology.orchestra.run.smithi094.stdout:/usr/bin/ceph: stderr
2024-03-24T10:37:12.722+0000 7f73320f9700 1 -- 172.21.15.94:0/385015867 --> [v2:172.21.15.94:3300/0,v1:172.21.15.94:6789/0] -- mon_subscribe({config=0+,monmap=0+}) v3 -- 0x7f731c0094f0 con 0x7f732c1028c0
2024-03-24T10:37:13.533 INFO:teuthology.orchestra.run.smithi094.stdout:/usr/bin/ceph: stderr
2024-03-24T10:37:12.723+0000 7f73320f9700 1 --2- 172.21.15.94:0/385015867 >> [v2:172.21.15.94:3300/0,v1:172.21.15.94:6789/0] conn(0x7f732c1028c0 0x7f732c1116c0 secure :-1 s=READY pgs=70 cs=0 l=1 rev1=1 crypto rx=0x7f731c011680 tx=0x7f731c009250 comp rx=0 tx=0).ready entity=mon.0 client_cookie=0 server_cookie=0 in_seq=0 out_seq=0
2024-03-24T10:37:13.533 INFO:teuthology.orchestra.run.smithi094.stdout:/usr/bin/ceph: stderr
2024-03-24T10:37:12.723+0000 7f7322ffd700 1 -- 172.21.15.94:0/385015867 <== mon.0 v2:172.21.15.94:3300/0 1 ==== mon_map magic: 0 v1 ==== 229+0+0 (secure 0 0 0) 0x7f731c010890 con 0x7f732c1028c0
2024-03-24T10:37:13.533 INFO:teuthology.orchestra.run.smithi094.stdout:/usr/bin/ceph: stderr
2024-03-24T10:37:12.723+0000 7f7322ffd700 1 -- 172.21.15.94:0/385015867 <== mon.0 v2:172.21.15.94:3300/0 2 ==== config(27 keys) v1 ==== 1109+0+0 (secure 0 0 0) 0x7f731c010ec0 con 0x7f732c1028c0
2024-03-24T10:37:13.533 INFO:teuthology.orchestra.run.smithi094.stdout:/usr/bin/ceph: stderr
2024-03-24T10:37:12.723+0000 7f7322ffd700 1 -- 172.21.15.94:0/385015867 <== mon.0 v2:172.21.15.94:3300/0 3 ==== mon_map magic: 0 v1 ==== 229+0+0 (secure 0 0 0) 0x7f731c0243f0 con 0x7f732c1028c0
2024-03-24T10:37:13.533 INFO:teuthology.orchestra.run.smithi094.stdout:/usr/bin/ceph: stderr
2024-03-24T10:37:12.723+0000 7f733435d700 1 -- 172.21.15.94:0/385015867 --> [v2:172.21.15.94:3300/0,v1:172.21.15.94:6789/0] -- mon_subscribe({mgrmap=0+}) v3 -- 0x7f732c111e00 con 0x7f732c1028c0
2024-03-24T10:37:13.533 INFO:teuthology.orchestra.run.smithi094.stdout:/usr/bin/ceph: stderr
2024-03-24T10:37:12.723+0000 7f733435d700 1 -- 172.21.15.94:0/385015867 --> [v2:172.21.15.94:3300/0,v1:172.21.15.94:6789/0] -- mon_subscribe({osdmap=0}) v3 -- 0x7f732c112970 con 0x7f732c1028c0
2024-03-24T10:37:13.533 INFO:teuthology.orchestra.run.smithi094.stdout:/usr/bin/ceph: stderr
2024-03-24T10:37:12.724+0000 7f7322ffd700 1 -- 172.21.15.94:0/385015867 <== mon.0 v2:172.21.15.94:3300/0 4 ==== mgrmap(e 9) v1 ==== 43381+0+0 (secure 0 0 0) 0x7f731c02d3f0 con 0x7f732c1028c0
2024-03-24T10:37:13.533 INFO:teuthology.orchestra.run.smithi094.stdout:/usr/bin/ceph: stderr
2024-03-24T10:37:12.724+0000 7f7322ffd700 1 --2- 172.21.15.94:0/385015867 >> [v2:172.21.15.94:6800/1996608546,v1:172.21.15.94:6801/1996608546] conn(0x7f7318036830 0x7f7318038ce0 unknown :-1 s=NONE pgs=0 cs=0 l=1 rev1=0 crypto rx=0 tx=0 comp rx=0 tx=0).connect
2024-03-24T10:37:13.533 INFO:teuthology.orchestra.run.smithi094.stdout:/usr/bin/ceph: stderr
2024-03-24T10:37:12.724+0000 7f7322ffd700 1 -- 172.21.15.94:0/385015867 <== mon.0 v2:172.21.15.94:3300/0 5 ==== osd_map(2..2 src has 1..2) v4 ==== 936+0+0 (secure 0 0 0) 0x7f731c04a2a0 con 0x7f732c1028c0
2024-03-24T10:37:13.534 INFO:teuthology.orchestra.run.smithi094.stdout:/usr/bin/ceph: stderr
2024-03-24T10:37:12.724+0000 7f73318f8700 1 -- 172.21.15.94:0/385015867 >> [v2:172.21.15.94:6800/1996608546,v1:172.21.15.94:6801/1996608546] conn(0x7f7318036830 msgr2=0x7f7318038ce0 unknown :-1 s=STATE_CONNECTING_RE l=1).process reconnect failed to v2:172.21.15.94:6800/1996608546
2024-03-24T10:37:13.534 INFO:teuthology.orchestra.run.smithi094.stdout:/usr/bin/ceph: stderr
2024-03-24T10:37:12.724+0000 7f73318f8700 1 --2- 172.21.15.94:0/385015867 >> [v2:172.21.15.94:6800/1996608546,v1:172.21.15.94:6801/1996608546] conn(0x7f7318036830 0x7f7318038ce0 unknown :-1 s=START_CONNECT pgs=0 cs=0 l=1 rev1=0 crypto rx=0 tx=0 comp rx=0 tx=0)._fault waiting 0.200000
2024-03-24T10:37:13.534 INFO:teuthology.orchestra.run.smithi094.stdout:/usr/bin/ceph: stderr
2024-03-24T10:37:12.724+0000 7f733435d700 1 -- 172.21.15.94:0/385015867 --> [v2:172.21.15.94:3300/0,v1:172.21.15.94:6789/0] -- mon_command({"prefix": "get_command_descriptions"} v 0) v1 -- 0x7f732c05f5f0 con 0x7f732c1028c0
2024-03-24T10:37:13.534 INFO:teuthology.orchestra.run.smithi094.stdout:/usr/bin/ceph: stderr
2024-03-24T10:37:12.729+0000 7f7322ffd700 1 -- 172.21.15.94:0/385015867 <== mon.0 v2:172.21.15.94:3300/0 6 ==== mon_command_ack([{"prefix": "get_command_descriptions"}]=0 v0) v1 ==== 72+0+176504 (secure 0 0 0) 0x7f731c02b8e0 con 0x7f732c1028c0
2024-03-24T10:37:13.534 INFO:teuthology.orchestra.run.smithi094.stdout:/usr/bin/ceph: stderr
2024-03-24T10:37:12.925+0000 7f73318f8700 1 -- 172.21.15.94:0/385015867 >> [v2:172.21.15.94:6800/1996608546,v1:172.21.15.94:6801/1996608546] conn(0x7f7318036830 msgr2=0x7f7318038ce0 unknown :-1 s=STATE_CONNECTING_RE l=1).process reconnect failed to v2:172.21.15.94:6800/1996608546
2024-03-24T10:37:13.534 INFO:teuthology.orchestra.run.smithi094.stdout:/usr/bin/ceph: stderr
2024-03-24T10:37:12.925+0000 7f73318f8700 1 --2- 172.21.15.94:0/385015867 >> [v2:172.21.15.94:6800/1996608546,v1:172.21.15.94:6801/1996608546] conn(0x7f7318036830 0x7f7318038ce0 unknown :-1 s=START_CONNECT pgs=0 cs=0 l=1 rev1=0 crypto rx=0 tx=0 comp rx=0 tx=0)._fault waiting 0.400000
2024-03-24T10:37:13.534 INFO:teuthology.orchestra.run.smithi094.stdout:/usr/bin/ceph: stderr
2024-03-24T10:37:12.975+0000 7f733435d700 1 -- 172.21.15.94:0/385015867 --> [v2:172.21.15.94:3300/0,v1:172.21.15.94:6789/0] -- mon_command({"prefix": "mgr stat"} v 0) v1 -- 0x7f732c112bf0 con 0x7f732c1028c0
2024-03-24T10:37:13.534 INFO:teuthology.orchestra.run.smithi094.stdout:/usr/bin/ceph: stderr
2024-03-24T10:37:12.975+0000 7f7322ffd700 1 -- 172.21.15.94:0/385015867 <== mon.0 v2:172.21.15.94:3300/0 7 ==== mon_command_ack([{"prefix": "mgr stat"}]=0 v9) v1 ==== 56+0+103 (secure 0 0 0) 0x7f731c02c350 con 0x7f732c1028c0
2024-03-24T10:37:13.534 INFO:teuthology.orchestra.run.smithi094.stdout:/usr/bin/ceph: stderr
2024-03-24T10:37:12.977+0000 7f733435d700 1 -- 172.21.15.94:0/385015867 >> [v2:172.21.15.94:6800/1996608546,v1:172.21.15.94:6801/1996608546] conn(0x7f7318036830 msgr2=0x7f7318038ce0 unknown :-1 s=STATE_CONNECTING l=1).mark_down
2024-03-24T10:37:13.534 INFO:teuthology.orchestra.run.smithi094.stdout:/usr/bin/ceph: stderr
2024-03-24T10:37:12.977+0000 7f733435d700 1 --2- 172.21.15.94:0/385015867 >> [v2:172.21.15.94:6800/1996608546,v1:172.21.15.94:6801/1996608546] conn(0x7f7318036830 0x7f7318038ce0 unknown :-1 s=START_CONNECT pgs=0 cs=0 l=1 rev1=0 crypto rx=0 tx=0 comp rx=0 tx=0).stop
2024-03-24T10:37:13.534 INFO:teuthology.orchestra.run.smithi094.stdout:/usr/bin/ceph: stderr
2024-03-24T10:37:12.977+0000 7f733435d700 1 -- 172.21.15.94:0/385015867 >> [v2:172.21.15.94:3300/0,v1:172.21.15.94:6789/0] conn(0x7f732c1028c0 msgr2=0x7f732c1116c0 secure :-1 s=STATE_CONNECTION_ESTABLISHED l=1).mark_down
2024-03-24T10:37:13.534 INFO:teuthology.orchestra.run.smithi094.stdout:/usr/bin/ceph: stderr
2024-03-24T10:37:12.977+0000 7f733435d700 1 --2- 172.21.15.94:0/385015867 >> [v2:172.21.15.94:3300/0,v1:172.21.15.94:6789/0] conn(0x7f732c1028c0 0x7f732c1116c0 secure :-1 s=READY pgs=70 cs=0 l=1 rev1=1 crypto rx=0x7f731c011680 tx=0x7f731c009250 comp rx=0 tx=0).stop
2024-03-24T10:37:13.534 INFO:teuthology.orchestra.run.smithi094.stdout:/usr/bin/ceph: stderr
2024-03-24T10:37:12.977+0000 7f733435d700 1 -- 172.21.15.94:0/385015867 shutdown_connections
2024-03-24T10:37:13.534 INFO:teuthology.orchestra.run.smithi094.stdout:/usr/bin/ceph: stderr
2024-03-24T10:37:12.977+0000 7f733435d700 1 --2- 172.21.15.94:0/385015867 >> [v2:172.21.15.94:6800/1996608546,v1:172.21.15.94:6801/1996608546] conn(0x7f7318036830 0x7f7318038ce0 unknown :-1 s=CLOSED pgs=0 cs=0 l=1 rev1=0 crypto rx=0 tx=0 comp rx=0 tx=0).stop
2024-03-24T10:37:13.534 INFO:teuthology.orchestra.run.smithi094.stdout:/usr/bin/ceph: stderr
2024-03-24T10:37:12.977+0000 7f733435d700 1 --2- 172.21.15.94:0/385015867 >> [v2:172.21.15.94:3300/0,v1:172.21.15.94:6789/0] conn(0x7f732c1028c0 0x7f732c1116c0 unknown :-1 s=CLOSED pgs=70 cs=0 l=1 rev1=1 crypto rx=0 tx=0 comp rx=0 tx=0).stop
2024-03-24T10:37:13.535 INFO:teuthology.orchestra.run.smithi094.stdout:/usr/bin/ceph: stderr
2024-03-24T10:37:12.977+0000 7f733435d700 1 -- 172.21.15.94:0/385015867 >> 172.21.15.94:0/385015867 conn(0x7f732c0fe080 msgr2=0x7f732c0febf0 unknown :-1 s=STATE_NONE l=0).mark_down
2024-03-24T10:37:13.535 INFO:teuthology.orchestra.run.smithi094.stdout:/usr/bin/ceph: stderr
2024-03-24T10:37:12.977+0000 7f733435d700 1 -- 172.21.15.94:0/385015867 shutdown_connections
2024-03-24T10:37:13.535 INFO:teuthology.orchestra.run.smithi094.stdout:/usr/bin/ceph: stderr
2024-03-24T10:37:12.977+0000 7f733435d700 1 -- 172.21.15.94:0/385015867 wait complete.
2024-03-24T10:37:13.535 INFO:teuthology.orchestra.run.smithi094.stdout:Waiting for the mgr to restart...
2024-03-24T10:37:13.535 INFO:teuthology.orchestra.run.smithi094.stdout:Waiting for mgr epoch 9...
2024-03-24T10:37:13.744 INFO:journalctl@ceph.mon.smithi094.smithi094.stdout:Mar 24 10:37:13 smithi094 ceph-mon[29446]: from='client.? 172.21.15.94:0/385015867' entity='client.admin' cmd=[{"prefix": "mgr stat"}]: dispatch
2024-03-24T10:37:18.498 INFO:journalctl@ceph.mon.smithi094.smithi094.stdout:Mar 24 10:37:18 smithi094 ceph-mon[29446]: Active manager daemon smithi094.yaethu restarted
2024-03-24T10:37:18.498 INFO:journalctl@ceph.mon.smithi094.smithi094.stdout:Mar 24 10:37:18 smithi094 ceph-mon[29446]: Activating manager daemon smithi094.yaethu
2024-03-24T10:37:18.498 INFO:journalctl@ceph.mon.smithi094.smithi094.stdout:Mar 24 10:37:18 smithi094 ceph-mon[29446]: osdmap e3: 0 total, 0 up, 0 in
2024-03-24T10:37:18.498 INFO:journalctl@ceph.mon.smithi094.smithi094.stdout:Mar 24 10:37:18 smithi094 ceph-mon[29446]: mgrmap e10: smithi094.yaethu(active, starting, since 0.00328796s)
2024-03-24T10:37:18.498 INFO:journalctl@ceph.mon.smithi094.smithi094.stdout:Mar 24 10:37:18 smithi094 ceph-mon[29446]: from='mgr.14162 172.21.15.94:0/1958186361' entity='mgr.smithi094.yaethu' cmd=[{"prefix": "mon metadata", "id": "smithi094"}]: dispatch
2024-03-24T10:37:18.498 INFO:journalctl@ceph.mon.smithi094.smithi094.stdout:Mar 24 10:37:18 smithi094 ceph-mon[29446]: from='mgr.14162 172.21.15.94:0/1958186361' entity='mgr.smithi094.yaethu' cmd=[{"prefix": "mgr metadata", "who": "smithi094.yaethu", "id": "smithi094.yaethu"}]: dispatch
2024-03-24T10:37:18.498 INFO:journalctl@ceph.mon.smithi094.smithi094.stdout:Mar 24 10:37:18 smithi094 ceph-mon[29446]: from='mgr.14162 172.21.15.94:0/1958186361' entity='mgr.smithi094.yaethu' cmd=[{"prefix": "mds metadata"}]: dispatch
2024-03-24T10:37:18.498 INFO:journalctl@ceph.mon.smithi094.smithi094.stdout:Mar 24 10:37:18 smithi094 ceph-mon[29446]: from='mgr.14162 172.21.15.94:0/1958186361' entity='mgr.smithi094.yaethu' cmd=[{"prefix": "osd metadata"}]: dispatch
2024-03-24T10:37:18.498 INFO:journalctl@ceph.mon.smithi094.smithi094.stdout:Mar 24 10:37:18 smithi094 ceph-mon[29446]: from='mgr.14162 172.21.15.94:0/1958186361' entity='mgr.smithi094.yaethu' cmd=[{"prefix": "mon metadata"}]: dispatch
2024-03-24T10:37:18.499 INFO:journalctl@ceph.mon.smithi094.smithi094.stdout:Mar 24 10:37:18 smithi094 ceph-mon[29446]: Manager daemon smithi094.yaethu is now available
2024-03-24T10:37:18.499 INFO:journalctl@ceph.mon.smithi094.smithi094.stdout:Mar 24 10:37:18 smithi094 ceph-mon[29446]: from='mgr.14162 172.21.15.94:0/1958186361' entity='mgr.smithi094.yaethu' cmd=[{"prefix": "config dump", "format": "json"}]: dispatch
2024-03-24T10:37:18.499 INFO:journalctl@ceph.mon.smithi094.smithi094.stdout:Mar 24 10:37:18 smithi094 ceph-mon[29446]: from='mgr.14162 172.21.15.94:0/1958186361' entity='mgr.smithi094.yaethu' cmd=[{"prefix": "config dump", "format": "json"}]: dispatch
2024-03-24T10:37:19.498 INFO:journalctl@ceph.mon.smithi094.smithi094.stdout:Mar 24 10:37:19 smithi094 ceph-mon[29446]: from='mgr.14162 172.21.15.94:0/1958186361' entity='mgr.smithi094.yaethu' cmd=[{"prefix":"config rm","who":"mgr","name":"mgr/rbd_support/smithi094.yaethu/mirror_snapshot_schedule"}]: dispatch
2024-03-24T10:37:19.498 INFO:journalctl@ceph.mon.smithi094.smithi094.stdout:Mar 24 10:37:19 smithi094 ceph-mon[29446]: from='mgr.14162 172.21.15.94:0/1958186361' entity='mgr.smithi094.yaethu' cmd=[{"prefix":"config rm","who":"mgr","name":"mgr/rbd_support/smithi094.yaethu/trash_purge_schedule"}]: dispatch
2024-03-24T10:37:19.498 INFO:journalctl@ceph.mon.smithi094.smithi094.stdout:Mar 24 10:37:19 smithi094 ceph-mon[29446]: [24/Mar/2024:10:37:18] ENGINE Bus STARTING
2024-03-24T10:37:19.498 INFO:journalctl@ceph.mon.smithi094.smithi094.stdout:Mar 24 10:37:19 smithi094 ceph-mon[29446]: [24/Mar/2024:10:37:18] ENGINE Serving on https://172.21.15.94:7150
2024-03-24T10:37:19.498 INFO:journalctl@ceph.mon.smithi094.smithi094.stdout:Mar 24 10:37:19 smithi094 ceph-mon[29446]: [24/Mar/2024:10:37:18] ENGINE Bus STARTED
2024-03-24T10:37:19.498 INFO:journalctl@ceph.mon.smithi094.smithi094.stdout:Mar 24 10:37:19 smithi094 ceph-mon[29446]: from='mgr.14162 172.21.15.94:0/1958186361' entity='mgr.smithi094.yaethu'
2024-03-24T10:37:19.498 INFO:journalctl@ceph.mon.smithi094.smithi094.stdout:Mar 24 10:37:19 smithi094 ceph-mon[29446]: mgrmap e11: smithi094.yaethu(active, since 1.00569s)
2024-03-24T10:37:19.952 INFO:teuthology.orchestra.run.smithi094.stdout:/usr/bin/ceph: stdout {
2024-03-24T10:37:19.952 INFO:teuthology.orchestra.run.smithi094.stdout:/usr/bin/ceph: stdout "mgrmap_epoch": 11,
2024-03-24T10:37:19.952 INFO:teuthology.orchestra.run.smithi094.stdout:/usr/bin/ceph: stdout "initialized": true
2024-03-24T10:37:19.952 INFO:teuthology.orchestra.run.smithi094.stdout:/usr/bin/ceph: stdout }
2024-03-24T10:37:19.952 INFO:teuthology.orchestra.run.smithi094.stdout:/usr/bin/ceph: stderr
2024-03-24T10:37:13.954+0000 7f8cd5a67700 1 Processor -- start
2024-03-24T10:37:19.952 INFO:teuthology.orchestra.run.smithi094.stdout:/usr/bin/ceph: stderr
2024-03-24T10:37:13.954+0000 7f8cd5a67700 1 -- start start
2024-03-24T10:37:19.952 INFO:teuthology.orchestra.run.smithi094.stdout:/usr/bin/ceph: stderr
2024-03-24T10:37:13.954+0000 7f8cd5a67700 1 --2- >> [v2:172.21.15.94:3300/0,v1:172.21.15.94:6789/0] conn(0x7f8cd01028c0 0x7f8cd0102cd0 unknown :-1 s=NONE pgs=0 cs=0 l=0 rev1=0 crypto rx=0 tx=0 comp rx=0 tx=0).connect
2024-03-24T10:37:19.953 INFO:teuthology.orchestra.run.smithi094.stdout:/usr/bin/ceph: stderr
2024-03-24T10:37:13.954+0000 7f8cd5a67700 1 -- --> [v2:172.21.15.94:3300/0,v1:172.21.15.94:6789/0] -- mon_getmap magic: 0 v1 -- 0x7f8cd0103210 con 0x7f8cd01028c0
2024-03-24T10:37:19.953 INFO:teuthology.orchestra.run.smithi094.stdout:/usr/bin/ceph: stderr
2024-03-24T10:37:13.954+0000 7f8ccf7fe700 1 --2- >> [v2:172.21.15.94:3300/0,v1:172.21.15.94:6789/0] conn(0x7f8cd01028c0 0x7f8cd0102cd0 unknown :-1 s=BANNER_CONNECTING pgs=0 cs=0 l=0 rev1=0 crypto rx=0 tx=0 comp rx=0 tx=0)._handle_peer_banner_payload supported=3 required=0
2024-03-24T10:37:19.953 INFO:teuthology.orchestra.run.smithi094.stdout:/usr/bin/ceph: stderr
2024-03-24T10:37:13.954+0000 7f8ccf7fe700 1 --2- >> [v2:172.21.15.94:3300/0,v1:172.21.15.94:6789/0] conn(0x7f8cd01028c0 0x7f8cd0102cd0 unknown :-1 s=HELLO_CONNECTING pgs=0 cs=0 l=0 rev1=1 crypto rx=0 tx=0 comp rx=0 tx=0).handle_hello peer v2:172.21.15.94:3300/0 says I am v2:172.21.15.94:40052/0 (socket says 172.21.15.94:40052)
2024-03-24T10:37:19.953 INFO:teuthology.orchestra.run.smithi094.stdout:/usr/bin/ceph: stderr
2024-03-24T10:37:13.954+0000 7f8ccf7fe700 1 -- 172.21.15.94:0/2348848946 learned_addr learned my addr 172.21.15.94:0/2348848946 (peer_addr_for_me v2:172.21.15.94:0/0)
2024-03-24T10:37:19.953 INFO:teuthology.orchestra.run.smithi094.stdout:/usr/bin/ceph: stderr
2024-03-24T10:37:13.955+0000 7f8ccf7fe700 1 -- 172.21.15.94:0/2348848946 --> [v2:172.21.15.94:3300/0,v1:172.21.15.94:6789/0] -- mon_subscribe({config=0+,monmap=0+}) v3 -- 0x7f8cd0103350 con 0x7f8cd01028c0
2024-03-24T10:37:19.953 INFO:teuthology.orchestra.run.smithi094.stdout:/usr/bin/ceph: stderr
2024-03-24T10:37:13.955+0000 7f8ccf7fe700 1 --2- 172.21.15.94:0/2348848946 >> [v2:172.21.15.94:3300/0,v1:172.21.15.94:6789/0] conn(0x7f8cd01028c0 0x7f8cd0102cd0 secure :-1 s=READY pgs=71 cs=0 l=1 rev1=1 crypto rx=0x7f8cc40098e0 tx=0x7f8cc4009250 comp rx=0 tx=0).ready entity=mon.0 client_cookie=e71bc000814980d7 server_cookie=0 in_seq=0 out_seq=0
2024-03-24T10:37:19.954 INFO:teuthology.orchestra.run.smithi094.stdout:/usr/bin/ceph: stderr
2024-03-24T10:37:13.955+0000 7f8cce7fc700 1 -- 172.21.15.94:0/2348848946 <== mon.0 v2:172.21.15.94:3300/0 1 ==== mon_map magic: 0 v1 ==== 229+0+0 (secure 0 0 0) 0x7f8cc400b860 con 0x7f8cd01028c0
2024-03-24T10:37:19.954 INFO:teuthology.orchestra.run.smithi094.stdout:/usr/bin/ceph: stderr
2024-03-24T10:37:13.955+0000 7f8cce7fc700 1 -- 172.21.15.94:0/2348848946 <== mon.0 v2:172.21.15.94:3300/0 2 ==== config(27 keys) v1 ==== 1109+0+0 (secure 0 0 0) 0x7f8cc400be90 con 0x7f8cd01028c0
2024-03-24T10:37:19.954 INFO:teuthology.orchestra.run.smithi094.stdout:/usr/bin/ceph: stderr
2024-03-24T10:37:13.955+0000 7f8cce7fc700 1 -- 172.21.15.94:0/2348848946 <== mon.0 v2:172.21.15.94:3300/0 3 ==== mon_map magic: 0 v1 ==== 229+0+0 (secure 0 0 0) 0x7f8cc40103c0 con 0x7f8cd01028c0
2024-03-24T10:37:19.954 INFO:teuthology.orchestra.run.smithi094.stdout:/usr/bin/ceph: stderr
2024-03-24T10:37:13.956+0000 7f8cd5a67700 1 -- 172.21.15.94:0/2348848946 >> [v2:172.21.15.94:3300/0,v1:172.21.15.94:6789/0] conn(0x7f8cd01028c0 msgr2=0x7f8cd0102cd0 secure :-1 s=STATE_CONNECTION_ESTABLISHED l=1).mark_down
2024-03-24T10:37:19.954 INFO:teuthology.orchestra.run.smithi094.stdout:/usr/bin/ceph: stderr
2024-03-24T10:37:13.956+0000 7f8cd5a67700 1 --2- 172.21.15.94:0/2348848946 >> [v2:172.21.15.94:3300/0,v1:172.21.15.94:6789/0] conn(0x7f8cd01028c0 0x7f8cd0102cd0 secure :-1 s=READY pgs=71 cs=0 l=1 rev1=1 crypto rx=0x7f8cc40098e0 tx=0x7f8cc4009250 comp rx=0 tx=0).stop
2024-03-24T10:37:19.954 INFO:teuthology.orchestra.run.smithi094.stdout:/usr/bin/ceph: stderr
2024-03-24T10:37:13.956+0000 7f8cd5a67700 1 -- 172.21.15.94:0/2348848946 shutdown_connections
2024-03-24T10:37:19.954 INFO:teuthology.orchestra.run.smithi094.stdout:/usr/bin/ceph: stderr
2024-03-24T10:37:13.956+0000 7f8cd5a67700 1 --2- 172.21.15.94:0/2348848946 >> [v2:172.21.15.94:3300/0,v1:172.21.15.94:6789/0] conn(0x7f8cd01028c0 0x7f8cd0102cd0 unknown :-1 s=CLOSED pgs=71 cs=0 l=1 rev1=1 crypto rx=0 tx=0 comp rx=0 tx=0).stop
2024-03-24T10:37:19.954 INFO:teuthology.orchestra.run.smithi094.stdout:/usr/bin/ceph: stderr
2024-03-24T10:37:13.956+0000 7f8cd5a67700 1 -- 172.21.15.94:0/2348848946 >> 172.21.15.94:0/2348848946 conn(0x7f8cd00fe080 msgr2=0x7f8cd0100490 unknown :-1 s=STATE_NONE l=0).mark_down
2024-03-24T10:37:19.954 INFO:teuthology.orchestra.run.smithi094.stdout:/usr/bin/ceph: stderr
2024-03-24T10:37:13.956+0000 7f8cd5a67700 1 -- 172.21.15.94:0/2348848946 shutdown_connections
2024-03-24T10:37:19.954 INFO:teuthology.orchestra.run.smithi094.stdout:/usr/bin/ceph: stderr
2024-03-24T10:37:13.956+0000 7f8cd5a67700 1 -- 172.21.15.94:0/2348848946 wait complete.
2024-03-24T10:37:19.954 INFO:teuthology.orchestra.run.smithi094.stdout:/usr/bin/ceph: stderr
2024-03-24T10:37:13.956+0000 7f8cd5a67700 1 Processor -- start
2024-03-24T10:37:19.954 INFO:teuthology.orchestra.run.smithi094.stdout:/usr/bin/ceph: stderr
2024-03-24T10:37:13.956+0000 7f8cd5a67700 1 -- start start
2024-03-24T10:37:19.954 INFO:teuthology.orchestra.run.smithi094.stdout:/usr/bin/ceph: stderr
2024-03-24T10:37:13.957+0000 7f8cd5a67700 1 --2- >> [v2:172.21.15.94:3300/0,v1:172.21.15.94:6789/0] conn(0x7f8cd01028c0 0x7f8cd0078c40 unknown :-1 s=NONE pgs=0 cs=0 l=1 rev1=0 crypto rx=0 tx=0 comp rx=0 tx=0).connect
2024-03-24T10:37:19.954 INFO:teuthology.orchestra.run.smithi094.stdout:/usr/bin/ceph: stderr
2024-03-24T10:37:13.957+0000 7f8cd5a67700 1 -- --> [v2:172.21.15.94:3300/0,v1:172.21.15.94:6789/0] -- mon_getmap magic: 0 v1 -- 0x7f8cd0079180 con 0x7f8cd01028c0
2024-03-24T10:37:19.954 INFO:teuthology.orchestra.run.smithi094.stdout:/usr/bin/ceph: stderr
2024-03-24T10:37:13.957+0000 7f8ccf7fe700 1 --2- >> [v2:172.21.15.94:3300/0,v1:172.21.15.94:6789/0] conn(0x7f8cd01028c0 0x7f8cd0078c40 unknown :-1 s=BANNER_CONNECTING pgs=0 cs=0 l=1 rev1=0 crypto rx=0 tx=0 comp rx=0 tx=0)._handle_peer_banner_payload supported=3 required=0
2024-03-24T10:37:19.955 INFO:teuthology.orchestra.run.smithi094.stdout:/usr/bin/ceph: stderr
2024-03-24T10:37:13.957+0000 7f8ccf7fe700 1 --2- >> [v2:172.21.15.94:3300/0,v1:172.21.15.94:6789/0] conn(0x7f8cd01028c0 0x7f8cd0078c40 unknown :-1 s=HELLO_CONNECTING pgs=0 cs=0 l=1 rev1=1 crypto rx=0 tx=0 comp rx=0 tx=0).handle_hello peer v2:172.21.15.94:3300/0 says I am v2:172.21.15.94:40060/0 (socket says 172.21.15.94:40060)
2024-03-24T10:37:19.955 INFO:teuthology.orchestra.run.smithi094.stdout:/usr/bin/ceph: stderr
2024-03-24T10:37:13.957+0000 7f8ccf7fe700 1 -- 172.21.15.94:0/2296167683 learned_addr learned my addr 172.21.15.94:0/2296167683 (peer_addr_for_me v2:172.21.15.94:0/0)
2024-03-24T10:37:19.955 INFO:teuthology.orchestra.run.smithi094.stdout:/usr/bin/ceph: stderr
2024-03-24T10:37:13.957+0000 7f8ccf7fe700 1 -- 172.21.15.94:0/2296167683 --> [v2:172.21.15.94:3300/0,v1:172.21.15.94:6789/0] -- mon_subscribe({config=0+,monmap=0+}) v3 -- 0x7f8cc40094f0 con 0x7f8cd01028c0
2024-03-24T10:37:19.955 INFO:teuthology.orchestra.run.smithi094.stdout:/usr/bin/ceph: stderr
2024-03-24T10:37:13.957+0000 7f8ccf7fe700 1 --2- 172.21.15.94:0/2296167683 >> [v2:172.21.15.94:3300/0,v1:172.21.15.94:6789/0] conn(0x7f8cd01028c0 0x7f8cd0078c40 secure :-1 s=READY pgs=72 cs=0 l=1 rev1=1 crypto rx=0x7f8cc40090b0 tx=0x7f8cc4009250 comp rx=0 tx=0).ready entity=mon.0 client_cookie=0 server_cookie=0 in_seq=0 out_seq=0
2024-03-24T10:37:19.955 INFO:teuthology.orchestra.run.smithi094.stdout:/usr/bin/ceph: stderr
2024-03-24T10:37:13.957+0000 7f8cb7fff700 1 -- 172.21.15.94:0/2296167683 <== mon.0 v2:172.21.15.94:3300/0 1 ==== mon_map magic: 0 v1 ==== 229+0+0 (secure 0 0 0) 0x7f8cc4010840 con 0x7f8cd01028c0
2024-03-24T10:37:19.955 INFO:teuthology.orchestra.run.smithi094.stdout:/usr/bin/ceph: stderr
2024-03-24T10:37:13.957+0000 7f8cb7fff700 1 -- 172.21.15.94:0/2296167683 <== mon.0 v2:172.21.15.94:3300/0 2 ==== config(27 keys) v1 ==== 1109+0+0 (secure 0 0 0) 0x7f8cc4010e70 con 0x7f8cd01028c0
2024-03-24T10:37:19.955 INFO:teuthology.orchestra.run.smithi094.stdout:/usr/bin/ceph: stderr
2024-03-24T10:37:13.957+0000 7f8cd5a67700 1 -- 172.21.15.94:0/2296167683 --> [v2:172.21.15.94:3300/0,v1:172.21.15.94:6789/0] -- mon_subscribe({mgrmap=0+}) v3 -- 0x7f8cd00771f0 con 0x7f8cd01028c0
2024-03-24T10:37:19.955 INFO:teuthology.orchestra.run.smithi094.stdout:/usr/bin/ceph: stderr
2024-03-24T10:37:13.957+0000 7f8cb7fff700 1 -- 172.21.15.94:0/2296167683 <== mon.0 v2:172.21.15.94:3300/0 3 ==== mon_map magic: 0 v1 ==== 229+0+0 (secure 0 0 0) 0x7f8cc4024e40 con 0x7f8cd01028c0
2024-03-24T10:37:19.955 INFO:teuthology.orchestra.run.smithi094.stdout:/usr/bin/ceph: stderr
2024-03-24T10:37:13.957+0000 7f8cd5a67700 1 -- 172.21.15.94:0/2296167683 --> [v2:172.21.15.94:3300/0,v1:172.21.15.94:6789/0] -- mon_subscribe({osdmap=0}) v3 -- 0x7f8cd00776e0 con 0x7f8cd01028c0
2024-03-24T10:37:19.955 INFO:teuthology.orchestra.run.smithi094.stdout:/usr/bin/ceph: stderr
2024-03-24T10:37:13.958+0000 7f8cb7fff700 1 -- 172.21.15.94:0/2296167683 <== mon.0 v2:172.21.15.94:3300/0 4 ==== mgrmap(e 9) v1 ==== 43381+0+0 (secure 0 0 0) 0x7f8cc401a510 con 0x7f8cd01028c0
2024-03-24T10:37:19.955 INFO:teuthology.orchestra.run.smithi094.stdout:/usr/bin/ceph: stderr
2024-03-24T10:37:13.958+0000 7f8cb7fff700 1 --2- 172.21.15.94:0/2296167683 >> [v2:172.21.15.94:6800/1996608546,v1:172.21.15.94:6801/1996608546] conn(0x7f8cb8036790 0x7f8cb8038c40 unknown :-1 s=NONE pgs=0 cs=0 l=1 rev1=0 crypto rx=0 tx=0 comp rx=0 tx=0).connect
2024-03-24T10:37:19.955 INFO:teuthology.orchestra.run.smithi094.stdout:/usr/bin/ceph: stderr
2024-03-24T10:37:13.958+0000 7f8cb7fff700 1 -- 172.21.15.94:0/2296167683 --> [v2:172.21.15.94:6800/1996608546,v1:172.21.15.94:6801/1996608546] -- command(tid 0: {"prefix": "get_command_descriptions"}) v1 -- 0x7f8cb8039350 con 0x7f8cb8036790
2024-03-24T10:37:19.955 INFO:teuthology.orchestra.run.smithi094.stdout:/usr/bin/ceph: stderr
2024-03-24T10:37:13.958+0000 7f8cceffd700 1 -- 172.21.15.94:0/2296167683 >> [v2:172.21.15.94:6800/1996608546,v1:172.21.15.94:6801/1996608546] conn(0x7f8cb8036790 msgr2=0x7f8cb8038c40 unknown :-1 s=STATE_CONNECTING_RE l=1).process reconnect failed to v2:172.21.15.94:6800/1996608546
2024-03-24T10:37:19.955 INFO:teuthology.orchestra.run.smithi094.stdout:/usr/bin/ceph: stderr
2024-03-24T10:37:13.958+0000 7f8cb7fff700 1 -- 172.21.15.94:0/2296167683 <== mon.0 v2:172.21.15.94:3300/0 5 ==== osd_map(2..2 src has 1..2) v4 ==== 936+0+0 (secure 0 0 0) 0x7f8cc404b860 con 0x7f8cd01028c0
2024-03-24T10:37:19.956 INFO:teuthology.orchestra.run.smithi094.stdout:/usr/bin/ceph: stderr
2024-03-24T10:37:13.958+0000 7f8cceffd700 1 --2- 172.21.15.94:0/2296167683 >> [v2:172.21.15.94:6800/1996608546,v1:172.21.15.94:6801/1996608546] conn(0x7f8cb8036790 0x7f8cb8038c40 unknown :-1 s=START_CONNECT pgs=0 cs=0 l=1 rev1=0 crypto rx=0 tx=0 comp rx=0 tx=0)._fault waiting 0.200000
2024-03-24T10:37:19.956 INFO:teuthology.orchestra.run.smithi094.stdout:/usr/bin/ceph: stderr
2024-03-24T10:37:14.159+0000 7f8cceffd700 1 -- 172.21.15.94:0/2296167683 >> [v2:172.21.15.94:6800/1996608546,v1:172.21.15.94:6801/1996608546] conn(0x7f8cb8036790 msgr2=0x7f8cb8038c40 unknown :-1 s=STATE_CONNECTING_RE l=1).process reconnect failed to v2:172.21.15.94:6800/1996608546
2024-03-24T10:37:19.956 INFO:teuthology.orchestra.run.smithi094.stdout:/usr/bin/ceph: stderr
2024-03-24T10:37:14.159+0000 7f8cceffd700 1 --2- 172.21.15.94:0/2296167683 >> [v2:172.21.15.94:6800/1996608546,v1:172.21.15.94:6801/1996608546] conn(0x7f8cb8036790 0x7f8cb8038c40 unknown :-1 s=START_CONNECT pgs=0 cs=0 l=1 rev1=0 crypto rx=0 tx=0 comp rx=0 tx=0)._fault waiting 0.400000
2024-03-24T10:37:19.956 INFO:teuthology.orchestra.run.smithi094.stdout:/usr/bin/ceph: stderr
2024-03-24T10:37:14.560+0000 7f8cceffd700 1 -- 172.21.15.94:0/2296167683 >> [v2:172.21.15.94:6800/1996608546,v1:172.21.15.94:6801/1996608546] conn(0x7f8cb8036790 msgr2=0x7f8cb8038c40 unknown :-1 s=STATE_CONNECTING_RE l=1).process reconnect failed to v2:172.21.15.94:6800/1996608546
2024-03-24T10:37:19.956 INFO:teuthology.orchestra.run.smithi094.stdout:/usr/bin/ceph: stderr
2024-03-24T10:37:14.560+0000 7f8cceffd700 1 --2- 172.21.15.94:0/2296167683 >> [v2:172.21.15.94:6800/1996608546,v1:172.21.15.94:6801/1996608546] conn(0x7f8cb8036790 0x7f8cb8038c40 unknown :-1 s=START_CONNECT pgs=0 cs=0 l=1 rev1=0 crypto rx=0 tx=0 comp rx=0 tx=0)._fault waiting 0.800000
2024-03-24T10:37:19.956 INFO:teuthology.orchestra.run.smithi094.stdout:/usr/bin/ceph: stderr
2024-03-24T10:37:15.361+0000 7f8cceffd700 1 -- 172.21.15.94:0/2296167683 >> [v2:172.21.15.94:6800/1996608546,v1:172.21.15.94:6801/1996608546] conn(0x7f8cb8036790 msgr2=0x7f8cb8038c40 unknown :-1 s=STATE_CONNECTING_RE l=1).process reconnect failed to v2:172.21.15.94:6800/1996608546
2024-03-24T10:37:19.956 INFO:teuthology.orchestra.run.smithi094.stdout:/usr/bin/ceph: stderr
2024-03-24T10:37:15.361+0000 7f8cceffd700 1 --2- 172.21.15.94:0/2296167683 >> [v2:172.21.15.94:6800/1996608546,v1:172.21.15.94:6801/1996608546] conn(0x7f8cb8036790 0x7f8cb8038c40 unknown :-1 s=START_CONNECT pgs=0 cs=0 l=1 rev1=0 crypto rx=0 tx=0 comp rx=0 tx=0)._fault waiting 1.600000
2024-03-24T10:37:19.956 INFO:teuthology.orchestra.run.smithi094.stdout:/usr/bin/ceph: stderr
2024-03-24T10:37:16.962+0000 7f8cceffd700 1 -- 172.21.15.94:0/2296167683 >> [v2:172.21.15.94:6800/1996608546,v1:172.21.15.94:6801/1996608546] conn(0x7f8cb8036790 msgr2=0x7f8cb8038c40 unknown :-1 s=STATE_CONNECTING_RE l=1).process reconnect failed to v2:172.21.15.94:6800/1996608546
2024-03-24T10:37:19.956 INFO:teuthology.orchestra.run.smithi094.stdout:/usr/bin/ceph: stderr
2024-03-24T10:37:16.962+0000 7f8cceffd700 1 --2- 172.21.15.94:0/2296167683 >> [v2:172.21.15.94:6800/1996608546,v1:172.21.15.94:6801/1996608546] conn(0x7f8cb8036790 0x7f8cb8038c40 unknown :-1 s=START_CONNECT pgs=0 cs=0 l=1 rev1=0 crypto rx=0 tx=0 comp rx=0 tx=0)._fault waiting 3.200000
2024-03-24T10:37:19.956 INFO:teuthology.orchestra.run.smithi094.stdout:/usr/bin/ceph: stderr
2024-03-24T10:37:18.183+0000 7f8cb7fff700 1 -- 172.21.15.94:0/2296167683 <== mon.0 v2:172.21.15.94:3300/0 6 ==== mgrmap(e 10) v1 ==== 43148+0+0 (secure 0 0 0) 0x7f8cc4024430 con 0x7f8cd01028c0
2024-03-24T10:37:19.956 INFO:teuthology.orchestra.run.smithi094.stdout:/usr/bin/ceph: stderr
2024-03-24T10:37:18.184+0000 7f8cb7fff700 1 -- 172.21.15.94:0/2296167683 >> [v2:172.21.15.94:6800/1996608546,v1:172.21.15.94:6801/1996608546] conn(0x7f8cb8036790 msgr2=0x7f8cb8038c40 unknown :-1 s=STATE_CONNECTING l=1).mark_down
2024-03-24T10:37:19.956 INFO:teuthology.orchestra.run.smithi094.stdout:/usr/bin/ceph: stderr
2024-03-24T10:37:18.184+0000 7f8cb7fff700 1 --2- 172.21.15.94:0/2296167683 >> [v2:172.21.15.94:6800/1996608546,v1:172.21.15.94:6801/1996608546] conn(0x7f8cb8036790 0x7f8cb8038c40 unknown :-1 s=START_CONNECT pgs=0 cs=0 l=1 rev1=0 crypto rx=0 tx=0 comp rx=0 tx=0).stop
2024-03-24T10:37:19.956 INFO:teuthology.orchestra.run.smithi094.stdout:/usr/bin/ceph: stderr
2024-03-24T10:37:19.185+0000 7f8cb7fff700 1 -- 172.21.15.94:0/2296167683 <== mon.0 v2:172.21.15.94:3300/0 7 ==== mgrmap(e 11) v1 ==== 43275+0+0 (secure 0 0 0) 0x7f8cc401abe0 con 0x7f8cd01028c0
2024-03-24T10:37:19.956 INFO:teuthology.orchestra.run.smithi094.stdout:/usr/bin/ceph: stderr
2024-03-24T10:37:19.185+0000 7f8cb7fff700 1 --2- 172.21.15.94:0/2296167683 >> [v2:172.21.15.94:6800/2406899470,v1:172.21.15.94:6801/2406899470] conn(0x7f8cb803a070 0x7f8cb803c450 unknown :-1 s=NONE pgs=0 cs=0 l=1 rev1=0 crypto rx=0 tx=0 comp rx=0 tx=0).connect
2024-03-24T10:37:19.956 INFO:teuthology.orchestra.run.smithi094.stdout:/usr/bin/ceph: stderr
2024-03-24T10:37:19.185+0000 7f8cb7fff700 1 -- 172.21.15.94:0/2296167683 --> [v2:172.21.15.94:6800/2406899470,v1:172.21.15.94:6801/2406899470] -- command(tid 0: {"prefix": "get_command_descriptions"}) v1 -- 0x7f8cb8039350 con 0x7f8cb803a070
2024-03-24T10:37:19.956 INFO:teuthology.orchestra.run.smithi094.stdout:/usr/bin/ceph: stderr
2024-03-24T10:37:19.186+0000 7f8cceffd700 1 --2- 172.21.15.94:0/2296167683 >> [v2:172.21.15.94:6800/2406899470,v1:172.21.15.94:6801/2406899470] conn(0x7f8cb803a070 0x7f8cb803c450 unknown :-1 s=BANNER_CONNECTING pgs=0 cs=0 l=1 rev1=0 crypto rx=0 tx=0 comp rx=0 tx=0)._handle_peer_banner_payload supported=3 required=0
2024-03-24T10:37:19.957 INFO:teuthology.orchestra.run.smithi094.stdout:/usr/bin/ceph: stderr
2024-03-24T10:37:19.186+0000 7f8cceffd700 1 --2- 172.21.15.94:0/2296167683 >> [v2:172.21.15.94:6800/2406899470,v1:172.21.15.94:6801/2406899470] conn(0x7f8cb803a070 0x7f8cb803c450 secure :-1 s=READY pgs=3 cs=0 l=1 rev1=1 crypto rx=0x7f8cc00039d0 tx=0x7f8cc00092f0 comp rx=0 tx=0).ready entity=mgr.14162 client_cookie=0 server_cookie=0 in_seq=0 out_seq=0
2024-03-24T10:37:19.957 INFO:teuthology.orchestra.run.smithi094.stdout:/usr/bin/ceph: stderr
2024-03-24T10:37:19.187+0000 7f8cb7fff700 1 -- 172.21.15.94:0/2296167683 <== mgr.14162 v2:172.21.15.94:6800/2406899470 1 ==== command_reply(tid 0: 0 ) v1 ==== 8+0+6549 (secure 0 0 0) 0x7f8cb8039350 con 0x7f8cb803a070
2024-03-24T10:37:19.957 INFO:teuthology.orchestra.run.smithi094.stdout:/usr/bin/ceph: stderr
2024-03-24T10:37:19.193+0000 7f8cd5a67700 1 -- 172.21.15.94:0/2296167683 --> [v2:172.21.15.94:6800/2406899470,v1:172.21.15.94:6801/2406899470] -- command(tid 1: {"prefix": "mgr_status"}) v1 -- 0x7f8cd004bed0 con 0x7f8cb803a070
2024-03-24T10:37:19.957 INFO:teuthology.orchestra.run.smithi094.stdout:/usr/bin/ceph: stderr
2024-03-24T10:37:19.193+0000 7f8cb7fff700 1 -- 172.21.15.94:0/2296167683 <== mgr.14162 v2:172.21.15.94:6800/2406899470 2 ==== command_reply(tid 1: 0 ) v1 ==== 8+0+52 (secure 0 0 0) 0x7f8cd004bed0 con 0x7f8cb803a070
2024-03-24T10:37:19.957 INFO:teuthology.orchestra.run.smithi094.stdout:/usr/bin/ceph: stderr
2024-03-24T10:37:19.193+0000 7f8cd5a67700 1 -- 172.21.15.94:0/2296167683 >> [v2:172.21.15.94:6800/2406899470,v1:172.21.15.94:6801/2406899470] conn(0x7f8cb803a070 msgr2=0x7f8cb803c450 secure :-1 s=STATE_CONNECTION_ESTABLISHED l=1).mark_down
2024-03-24T10:37:19.957 INFO:teuthology.orchestra.run.smithi094.stdout:/usr/bin/ceph: stderr
2024-03-24T10:37:19.193+0000 7f8cd5a67700 1 --2- 172.21.15.94:0/2296167683 >> [v2:172.21.15.94:6800/2406899470,v1:172.21.15.94:6801/2406899470] conn(0x7f8cb803a070 0x7f8cb803c450 secure :-1 s=READY pgs=3 cs=0 l=1 rev1=1 crypto rx=0x7f8cc00039d0 tx=0x7f8cc00092f0 comp rx=0 tx=0).stop
2024-03-24T10:37:19.957 INFO:teuthology.orchestra.run.smithi094.stdout:/usr/bin/ceph: stderr
2024-03-24T10:37:19.193+0000 7f8cd5a67700 1 -- 172.21.15.94:0/2296167683 >> [v2:172.21.15.94:3300/0,v1:172.21.15.94:6789/0] conn(0x7f8cd01028c0 msgr2=0x7f8cd0078c40 secure :-1 s=STATE_CONNECTION_ESTABLISHED l=1).mark_down
2024-03-24T10:37:19.957 INFO:teuthology.orchestra.run.smithi094.stdout:/usr/bin/ceph: stderr
2024-03-24T10:37:19.193+0000 7f8cd5a67700 1 --2- 172.21.15.94:0/2296167683 >> [v2:172.21.15.94:3300/0,v1:172.21.15.94:6789/0] conn(0x7f8cd01028c0 0x7f8cd0078c40 secure :-1 s=READY pgs=72 cs=0 l=1 rev1=1 crypto rx=0x7f8cc40090b0 tx=0x7f8cc4009250 comp rx=0 tx=0).stop
2024-03-24T10:37:19.957 INFO:teuthology.orchestra.run.smithi094.stdout:/usr/bin/ceph: stderr
2024-03-24T10:37:19.193+0000 7f8cd5a67700 1 -- 172.21.15.94:0/2296167683 shutdown_connections
2024-03-24T10:37:19.957 INFO:teuthology.orchestra.run.smithi094.stdout:/usr/bin/ceph: stderr
2024-03-24T10:37:19.193+0000 7f8cd5a67700 1 --2- 172.21.15.94:0/2296167683 >> [v2:172.21.15.94:6800/2406899470,v1:172.21.15.94:6801/2406899470] conn(0x7f8cb803a070 0x7f8cb803c450 unknown :-1 s=CLOSED pgs=3 cs=0 l=1 rev1=1 crypto rx=0 tx=0 comp rx=0 tx=0).stop
2024-03-24T10:37:19.957 INFO:teuthology.orchestra.run.smithi094.stdout:/usr/bin/ceph: stderr
2024-03-24T10:37:19.193+0000 7f8cd5a67700 1 --2- 172.21.15.94:0/2296167683 >> [v2:172.21.15.94:3300/0,v1:172.21.15.94:6789/0] conn(0x7f8cd01028c0 0x7f8cd0078c40 unknown :-1 s=CLOSED pgs=72 cs=0 l=1 rev1=1 crypto rx=0 tx=0 comp rx=0 tx=0).stop
2024-03-24T10:37:19.957 INFO:teuthology.orchestra.run.smithi094.stdout:/usr/bin/ceph: stderr
2024-03-24T10:37:19.193+0000 7f8cd5a67700 1 --2- 172.21.15.94:0/2296167683 >> [v2:172.21.15.94:6800/1996608546,v1:172.21.15.94:6801/1996608546] conn(0x7f8cb8036790 0x7f8cb8038c40 unknown :-1 s=CLOSED pgs=0 cs=0 l=1 rev1=0 crypto rx=0 tx=0 comp rx=0 tx=0).stop
2024-03-24T10:37:19.957 INFO:teuthology.orchestra.run.smithi094.stdout:/usr/bin/ceph: stderr
2024-03-24T10:37:19.194+0000 7f8cd5a67700 1 -- 172.21.15.94:0/2296167683 >> 172.21.15.94:0/2296167683 conn(0x7f8cd00fe080 msgr2=0x7f8cd00febf0 unknown :-1 s=STATE_NONE l=0).mark_down
2024-03-24T10:37:19.957 INFO:teuthology.orchestra.run.smithi094.stdout:/usr/bin/ceph: stderr
2024-03-24T10:37:19.194+0000 7f8cd5a67700 1 -- 172.21.15.94:0/2296167683 shutdown_connections
2024-03-24T10:37:19.957 INFO:teuthology.orchestra.run.smithi094.stdout:/usr/bin/ceph: stderr
2024-03-24T10:37:19.194+0000 7f8cd5a67700 1 -- 172.21.15.94:0/2296167683 wait complete.
2024-03-24T10:37:19.958 INFO:teuthology.orchestra.run.smithi094.stdout:mgr epoch 9 is available
2024-03-24T10:37:19.958 INFO:teuthology.orchestra.run.smithi094.stdout:Generating a dashboard self-signed certificate...
2024-03-24T10:37:20.747 INFO:journalctl@ceph.mon.smithi094.smithi094.stdout:Mar 24 10:37:20 smithi094 ceph-mon[29446]: from='client.14166 -' entity='client.admin' cmd=[{"prefix": "get_command_descriptions"}]: dispatch
2024-03-24T10:37:20.747 INFO:journalctl@ceph.mon.smithi094.smithi094.stdout:Mar 24 10:37:20 smithi094 ceph-mon[29446]: from='client.14166 -' entity='client.admin' cmd=[{"prefix": "mgr_status"}]: dispatch
2024-03-24T10:37:20.748 INFO:journalctl@ceph.mon.smithi094.smithi094.stdout:Mar 24 10:37:20 smithi094 ceph-mon[29446]: from='mgr.14162 172.21.15.94:0/1958186361' entity='mgr.smithi094.yaethu'
2024-03-24T10:37:21.514 INFO:teuthology.orchestra.run.smithi094.stdout:/usr/bin/ceph: stdout Self-signed certificate created
2024-03-24T10:37:21.514 INFO:teuthology.orchestra.run.smithi094.stdout:/usr/bin/ceph: stderr
2024-03-24T10:37:20.365+0000 7fb041459700 1 Processor -- start
2024-03-24T10:37:21.514 INFO:teuthology.orchestra.run.smithi094.stdout:/usr/bin/ceph: stderr
2024-03-24T10:37:20.365+0000 7fb041459700 1 -- start start
2024-03-24T10:37:21.514 INFO:teuthology.orchestra.run.smithi094.stdout:/usr/bin/ceph: stderr
2024-03-24T10:37:20.365+0000 7fb041459700 1 --2- >> [v2:172.21.15.94:3300/0,v1:172.21.15.94:6789/0] conn(0x7fb03c101890 0x7fb03c101ca0 unknown :-1 s=NONE pgs=0 cs=0 l=0 rev1=0 crypto rx=0 tx=0 comp rx=0 tx=0).connect
2024-03-24T10:37:21.515 INFO:teuthology.orchestra.run.smithi094.stdout:/usr/bin/ceph: stderr
2024-03-24T10:37:20.365+0000 7fb041459700 1 -- --> [v2:172.21.15.94:3300/0,v1:172.21.15.94:6789/0] -- mon_getmap magic: 0 v1 -- 0x7fb03c1021e0 con 0x7fb03c101890
2024-03-24T10:37:21.515 INFO:teuthology.orchestra.run.smithi094.stdout:/usr/bin/ceph: stderr
2024-03-24T10:37:20.365+0000 7fb03affd700 1 --2- >> [v2:172.21.15.94:3300/0,v1:172.21.15.94:6789/0] conn(0x7fb03c101890 0x7fb03c101ca0 unknown :-1 s=BANNER_CONNECTING pgs=0 cs=0 l=0 rev1=0 crypto rx=0 tx=0 comp rx=0 tx=0)._handle_peer_banner_payload supported=3 required=0
2024-03-24T10:37:21.515 INFO:teuthology.orchestra.run.smithi094.stdout:/usr/bin/ceph: stderr
2024-03-24T10:37:20.365+0000 7fb03affd700 1 --2- >> [v2:172.21.15.94:3300/0,v1:172.21.15.94:6789/0] conn(0x7fb03c101890 0x7fb03c101ca0 unknown :-1 s=HELLO_CONNECTING pgs=0 cs=0 l=0 rev1=1 crypto rx=0 tx=0 comp rx=0 tx=0).handle_hello peer v2:172.21.15.94:3300/0 says I am v2:172.21.15.94:49694/0 (socket says 172.21.15.94:49694)
2024-03-24T10:37:21.515 INFO:teuthology.orchestra.run.smithi094.stdout:/usr/bin/ceph: stderr
2024-03-24T10:37:20.365+0000 7fb03affd700 1 -- 172.21.15.94:0/1928884870 learned_addr learned my addr 172.21.15.94:0/1928884870 (peer_addr_for_me v2:172.21.15.94:0/0)
2024-03-24T10:37:21.515 INFO:teuthology.orchestra.run.smithi094.stdout:/usr/bin/ceph: stderr
2024-03-24T10:37:20.365+0000 7fb03affd700 1 -- 172.21.15.94:0/1928884870 --> [v2:172.21.15.94:3300/0,v1:172.21.15.94:6789/0] -- mon_subscribe({config=0+,monmap=0+}) v3 -- 0x7fb03c102320 con 0x7fb03c101890
2024-03-24T10:37:21.516 INFO:teuthology.orchestra.run.smithi094.stdout:/usr/bin/ceph: stderr
2024-03-24T10:37:20.365+0000 7fb03affd700 1 --2- 172.21.15.94:0/1928884870 >> [v2:172.21.15.94:3300/0,v1:172.21.15.94:6789/0] conn(0x7fb03c101890 0x7fb03c101ca0 secure :-1 s=READY pgs=80 cs=0 l=1 rev1=1 crypto rx=0x7fb02c0098e0 tx=0x7fb02c009250 comp rx=0 tx=0).ready entity=mon.0 client_cookie=1681df4d76cf8da4 server_cookie=0 in_seq=0 out_seq=0
