2024-03-24T10:36:49.435+0000 7f5232ffd700 1 --2- 172.21.15.94:0/3648923806 >> [v2:172.21.15.94:6800/1996608546,v1:172.21.15.94:6801/1996608546] conn(0x7f5228039fc0 0x7f522803c3a0 unknown :-1 s=NONE pgs=0 cs=0 l=1 rev1=0 crypto rx=0 tx=0 comp rx=0 tx=0).connect
2024-03-24T10:36:50.019 INFO:teuthology.orchestra.run.smithi094.stdout:/usr/bin/ceph: stderr
2024-03-24T10:36:49.435+0000 7f5232ffd700 1 -- 172.21.15.94:0/3648923806 --> [v2:172.21.15.94:6800/1996608546,v1:172.21.15.94:6801/1996608546] -- command(tid 0: {"prefix": "get_command_descriptions"}) v1 -- 0x7f52280393a0 con 0x7f5228039fc0
2024-03-24T10:36:50.019 INFO:teuthology.orchestra.run.smithi094.stdout:/usr/bin/ceph: stderr
2024-03-24T10:36:49.435+0000 7f5241ac0700 1 --2- 172.21.15.94:0/3648923806 >> [v2:172.21.15.94:6800/1996608546,v1:172.21.15.94:6801/1996608546] conn(0x7f5228039fc0 0x7f522803c3a0 unknown :-1 s=BANNER_CONNECTING pgs=0 cs=0 l=1 rev1=0 crypto rx=0 tx=0 comp rx=0 tx=0)._handle_peer_banner_payload supported=3 required=0
2024-03-24T10:36:50.019 INFO:teuthology.orchestra.run.smithi094.stdout:/usr/bin/ceph: stderr
2024-03-24T10:36:49.436+0000 7f5241ac0700 1 --2- 172.21.15.94:0/3648923806 >> [v2:172.21.15.94:6800/1996608546,v1:172.21.15.94:6801/1996608546] conn(0x7f5228039fc0 0x7f522803c3a0 secure :-1 s=READY pgs=3 cs=0 l=1 rev1=1 crypto rx=0x7f52380039d0 tx=0x7f5238009350 comp rx=0 tx=0).ready entity=mgr.14120 client_cookie=0 server_cookie=0 in_seq=0 out_seq=0
2024-03-24T10:36:50.019 INFO:teuthology.orchestra.run.smithi094.stdout:/usr/bin/ceph: stderr
2024-03-24T10:36:49.437+0000 7f5232ffd700 1 -- 172.21.15.94:0/3648923806 <== mgr.14120 v2:172.21.15.94:6800/1996608546 1 ==== command_reply(tid 0: 0 ) v1 ==== 8+0+6549 (secure 0 0 0) 0x7f52280393a0 con 0x7f5228039fc0
2024-03-24T10:36:50.019 INFO:teuthology.orchestra.run.smithi094.stdout:/usr/bin/ceph: stderr
2024-03-24T10:36:49.443+0000 7f5244525700 1 -- 172.21.15.94:0/3648923806 --> [v2:172.21.15.94:6800/1996608546,v1:172.21.15.94:6801/1996608546] -- command(tid 1: {"prefix": "mgr_status"}) v1 -- 0x7f523c04bed0 con 0x7f5228039fc0
2024-03-24T10:36:50.019 INFO:teuthology.orchestra.run.smithi094.stdout:/usr/bin/ceph: stderr
2024-03-24T10:36:49.443+0000 7f5232ffd700 1 -- 172.21.15.94:0/3648923806 <== mgr.14120 v2:172.21.15.94:6800/1996608546 2 ==== command_reply(tid 1: 0 ) v1 ==== 8+0+51 (secure 0 0 0) 0x7f523c04bed0 con 0x7f5228039fc0
2024-03-24T10:36:50.019 INFO:teuthology.orchestra.run.smithi094.stdout:/usr/bin/ceph: stderr
2024-03-24T10:36:49.443+0000 7f5244525700 1 -- 172.21.15.94:0/3648923806 >> [v2:172.21.15.94:6800/1996608546,v1:172.21.15.94:6801/1996608546] conn(0x7f5228039fc0 msgr2=0x7f522803c3a0 secure :-1 s=STATE_CONNECTION_ESTABLISHED l=1).mark_down
2024-03-24T10:36:50.020 INFO:teuthology.orchestra.run.smithi094.stdout:/usr/bin/ceph: stderr
2024-03-24T10:36:49.443+0000 7f5244525700 1 --2- 172.21.15.94:0/3648923806 >> [v2:172.21.15.94:6800/1996608546,v1:172.21.15.94:6801/1996608546] conn(0x7f5228039fc0 0x7f522803c3a0 secure :-1 s=READY pgs=3 cs=0 l=1 rev1=1 crypto rx=0x7f52380039d0 tx=0x7f5238009350 comp rx=0 tx=0).stop
2024-03-24T10:36:50.020 INFO:teuthology.orchestra.run.smithi094.stdout:/usr/bin/ceph: stderr
2024-03-24T10:36:49.443+0000 7f5244525700 1 -- 172.21.15.94:0/3648923806 >> [v2:172.21.15.94:3300/0,v1:172.21.15.94:6789/0] conn(0x7f523c071230 msgr2=0x7f523c102eb0 secure :-1 s=STATE_CONNECTION_ESTABLISHED l=1).mark_down
2024-03-24T10:36:50.020 INFO:teuthology.orchestra.run.smithi094.stdout:/usr/bin/ceph: stderr
2024-03-24T10:36:49.443+0000 7f5244525700 1 --2- 172.21.15.94:0/3648923806 >> [v2:172.21.15.94:3300/0,v1:172.21.15.94:6789/0] conn(0x7f523c071230 0x7f523c102eb0 secure :-1 s=READY pgs=29 cs=0 l=1 rev1=1 crypto rx=0x7f522c0090b0 tx=0x7f522c009250 comp rx=0 tx=0).stop
2024-03-24T10:36:50.020 INFO:teuthology.orchestra.run.smithi094.stdout:/usr/bin/ceph: stderr
2024-03-24T10:36:49.443+0000 7f5244525700 1 -- 172.21.15.94:0/3648923806 shutdown_connections
2024-03-24T10:36:50.020 INFO:teuthology.orchestra.run.smithi094.stdout:/usr/bin/ceph: stderr
2024-03-24T10:36:49.443+0000 7f5244525700 1 --2- 172.21.15.94:0/3648923806 >> [v2:172.21.15.94:6800/1996608546,v1:172.21.15.94:6801/1996608546] conn(0x7f5228039fc0 0x7f522803c3a0 unknown :-1 s=CLOSED pgs=3 cs=0 l=1 rev1=1 crypto rx=0 tx=0 comp rx=0 tx=0).stop
2024-03-24T10:36:50.020 INFO:teuthology.orchestra.run.smithi094.stdout:/usr/bin/ceph: stderr
2024-03-24T10:36:49.443+0000 7f5244525700 1 --2- 172.21.15.94:0/3648923806 >> [v2:172.21.15.94:3300/0,v1:172.21.15.94:6789/0] conn(0x7f523c071230 0x7f523c102eb0 unknown :-1 s=CLOSED pgs=29 cs=0 l=1 rev1=1 crypto rx=0 tx=0 comp rx=0 tx=0).stop
2024-03-24T10:36:50.020 INFO:teuthology.orchestra.run.smithi094.stdout:/usr/bin/ceph: stderr
2024-03-24T10:36:49.443+0000 7f5244525700 1 --2- 172.21.15.94:0/3648923806 >> [v2:172.21.15.94:6800/1013449112,v1:172.21.15.94:6801/1013449112] conn(0x7f52280367e0 0x7f5228038c90 unknown :-1 s=CLOSED pgs=0 cs=0 l=1 rev1=0 crypto rx=0 tx=0 comp rx=0 tx=0).stop
2024-03-24T10:36:50.020 INFO:teuthology.orchestra.run.smithi094.stdout:/usr/bin/ceph: stderr
2024-03-24T10:36:49.443+0000 7f5244525700 1 -- 172.21.15.94:0/3648923806 >> 172.21.15.94:0/3648923806 conn(0x7f523c0fcfb0 msgr2=0x7f523c0fdb90 unknown :-1 s=STATE_NONE l=0).mark_down
2024-03-24T10:36:50.020 INFO:teuthology.orchestra.run.smithi094.stdout:/usr/bin/ceph: stderr
2024-03-24T10:36:49.443+0000 7f5244525700 1 -- 172.21.15.94:0/3648923806 shutdown_connections
2024-03-24T10:36:50.020 INFO:teuthology.orchestra.run.smithi094.stdout:/usr/bin/ceph: stderr
2024-03-24T10:36:49.443+0000 7f5244525700 1 -- 172.21.15.94:0/3648923806 wait complete.
2024-03-24T10:36:50.020 INFO:teuthology.orchestra.run.smithi094.stdout:mgr epoch 5 is available
2024-03-24T10:36:50.020 INFO:teuthology.orchestra.run.smithi094.stdout:Setting orchestrator backend to cephadm...
2024-03-24T10:36:50.672 INFO:journalctl@ceph.mon.smithi094.smithi094.stdout:Mar 24 10:36:50 smithi094 ceph-mon[29446]: from='client.14124 -' entity='client.admin' cmd=[{"prefix": "get_command_descriptions"}]: dispatch
2024-03-24T10:36:50.672 INFO:journalctl@ceph.mon.smithi094.smithi094.stdout:Mar 24 10:36:50 smithi094 ceph-mon[29446]: [24/Mar/2024:10:36:49] ENGINE Bus STARTING
2024-03-24T10:36:50.672 INFO:journalctl@ceph.mon.smithi094.smithi094.stdout:Mar 24 10:36:50 smithi094 ceph-mon[29446]: from='client.14124 -' entity='client.admin' cmd=[{"prefix": "mgr_status"}]: dispatch
2024-03-24T10:36:50.673 INFO:journalctl@ceph.mon.smithi094.smithi094.stdout:Mar 24 10:36:50 smithi094 ceph-mon[29446]: [24/Mar/2024:10:36:49] ENGINE Serving on https://172.21.15.94:7150
2024-03-24T10:36:50.673 INFO:journalctl@ceph.mon.smithi094.smithi094.stdout:Mar 24 10:36:50 smithi094 ceph-mon[29446]: [24/Mar/2024:10:36:49] ENGINE Bus STARTED
2024-03-24T10:36:50.673 INFO:journalctl@ceph.mon.smithi094.smithi094.stdout:Mar 24 10:36:50 smithi094 ceph-mon[29446]: from='mgr.14120 172.21.15.94:0/773982920' entity='mgr.smithi094.yaethu'
2024-03-24T10:36:50.673 INFO:journalctl@ceph.mon.smithi094.smithi094.stdout:Mar 24 10:36:50 smithi094 ceph-mon[29446]: from='mgr.14120 172.21.15.94:0/773982920' entity='mgr.smithi094.yaethu' cmd=[{"prefix": "config dump", "format": "json"}]: dispatch
2024-03-24T10:36:51.210 INFO:teuthology.orchestra.run.smithi094.stdout:/usr/bin/ceph: stderr
2024-03-24T10:36:50.463+0000 7fb5d2b26700 1 Processor -- start
2024-03-24T10:36:51.210 INFO:teuthology.orchestra.run.smithi094.stdout:/usr/bin/ceph: stderr
2024-03-24T10:36:50.463+0000 7fb5d2b26700 1 -- start start
2024-03-24T10:36:51.210 INFO:teuthology.orchestra.run.smithi094.stdout:/usr/bin/ceph: stderr
2024-03-24T10:36:50.464+0000 7fb5d2b26700 1 --2- >> [v2:172.21.15.94:3300/0,v1:172.21.15.94:6789/0] conn(0x7fb5cc101750 0x7fb5cc101b60 unknown :-1 s=NONE pgs=0 cs=0 l=0 rev1=0 crypto rx=0 tx=0 comp rx=0 tx=0).connect
2024-03-24T10:36:51.210 INFO:teuthology.orchestra.run.smithi094.stdout:/usr/bin/ceph: stderr
2024-03-24T10:36:50.464+0000 7fb5d2b26700 1 -- --> [v2:172.21.15.94:3300/0,v1:172.21.15.94:6789/0] -- mon_getmap magic: 0 v1 -- 0x7fb5cc1020a0 con 0x7fb5cc101750
2024-03-24T10:36:51.210 INFO:teuthology.orchestra.run.smithi094.stdout:/usr/bin/ceph: stderr
2024-03-24T10:36:50.464+0000 7fb5d08c2700 1 --2- >> [v2:172.21.15.94:3300/0,v1:172.21.15.94:6789/0] conn(0x7fb5cc101750 0x7fb5cc101b60 unknown :-1 s=BANNER_CONNECTING pgs=0 cs=0 l=0 rev1=0 crypto rx=0 tx=0 comp rx=0 tx=0)._handle_peer_banner_payload supported=3 required=0
2024-03-24T10:36:51.210 INFO:teuthology.orchestra.run.smithi094.stdout:/usr/bin/ceph: stderr
2024-03-24T10:36:50.464+0000 7fb5d08c2700 1 --2- >> [v2:172.21.15.94:3300/0,v1:172.21.15.94:6789/0] conn(0x7fb5cc101750 0x7fb5cc101b60 unknown :-1 s=HELLO_CONNECTING pgs=0 cs=0 l=0 rev1=1 crypto rx=0 tx=0 comp rx=0 tx=0).handle_hello peer v2:172.21.15.94:3300/0 says I am v2:172.21.15.94:34480/0 (socket says 172.21.15.94:34480)
2024-03-24T10:36:51.211 INFO:teuthology.orchestra.run.smithi094.stdout:/usr/bin/ceph: stderr
2024-03-24T10:36:50.464+0000 7fb5d08c2700 1 -- 172.21.15.94:0/1201101407 learned_addr learned my addr 172.21.15.94:0/1201101407 (peer_addr_for_me v2:172.21.15.94:0/0)
2024-03-24T10:36:51.211 INFO:teuthology.orchestra.run.smithi094.stdout:/usr/bin/ceph: stderr
2024-03-24T10:36:50.464+0000 7fb5d08c2700 1 -- 172.21.15.94:0/1201101407 --> [v2:172.21.15.94:3300/0,v1:172.21.15.94:6789/0] -- mon_subscribe({config=0+,monmap=0+}) v3 -- 0x7fb5cc1021e0 con 0x7fb5cc101750
2024-03-24T10:36:51.211 INFO:teuthology.orchestra.run.smithi094.stdout:/usr/bin/ceph: stderr
2024-03-24T10:36:50.464+0000 7fb5d08c2700 1 --2- 172.21.15.94:0/1201101407 >> [v2:172.21.15.94:3300/0,v1:172.21.15.94:6789/0] conn(0x7fb5cc101750 0x7fb5cc101b60 secure :-1 s=READY pgs=37 cs=0 l=1 rev1=1 crypto rx=0x7fb5c000bb80 tx=0x7fb5c000b4f0 comp rx=0 tx=0).ready entity=mon.0 client_cookie=b319477bb4e5e2bf server_cookie=0 in_seq=0 out_seq=0
2024-03-24T10:36:51.211 INFO:teuthology.orchestra.run.smithi094.stdout:/usr/bin/ceph: stderr
2024-03-24T10:36:50.464+0000 7fb5cb7fe700 1 -- 172.21.15.94:0/1201101407 <== mon.0 v2:172.21.15.94:3300/0 1 ==== mon_map magic: 0 v1 ==== 229+0+0 (secure 0 0 0) 0x7fb5c000dd00 con 0x7fb5cc101750
2024-03-24T10:36:51.211 INFO:teuthology.orchestra.run.smithi094.stdout:/usr/bin/ceph: stderr
2024-03-24T10:36:50.464+0000 7fb5cb7fe700 1 -- 172.21.15.94:0/1201101407 <== mon.0 v2:172.21.15.94:3300/0 2 ==== config(27 keys) v1 ==== 1044+0+0 (secure 0 0 0) 0x7fb5c000de60 con 0x7fb5cc101750
2024-03-24T10:36:51.211 INFO:teuthology.orchestra.run.smithi094.stdout:/usr/bin/ceph: stderr
2024-03-24T10:36:50.464+0000 7fb5cb7fe700 1 -- 172.21.15.94:0/1201101407 <== mon.0 v2:172.21.15.94:3300/0 3 ==== mon_map magic: 0 v1 ==== 229+0+0 (secure 0 0 0) 0x7fb5c00188a0 con 0x7fb5cc101750
2024-03-24T10:36:51.211 INFO:teuthology.orchestra.run.smithi094.stdout:/usr/bin/ceph: stderr
2024-03-24T10:36:50.465+0000 7fb5d2b26700 1 -- 172.21.15.94:0/1201101407 >> [v2:172.21.15.94:3300/0,v1:172.21.15.94:6789/0] conn(0x7fb5cc101750 msgr2=0x7fb5cc101b60 secure :-1 s=STATE_CONNECTION_ESTABLISHED l=1).mark_down
2024-03-24T10:36:51.211 INFO:teuthology.orchestra.run.smithi094.stdout:/usr/bin/ceph: stderr
2024-03-24T10:36:50.465+0000 7fb5d2b26700 1 --2- 172.21.15.94:0/1201101407 >> [v2:172.21.15.94:3300/0,v1:172.21.15.94:6789/0] conn(0x7fb5cc101750 0x7fb5cc101b60 secure :-1 s=READY pgs=37 cs=0 l=1 rev1=1 crypto rx=0x7fb5c000bb80 tx=0x7fb5c000b4f0 comp rx=0 tx=0).stop
2024-03-24T10:36:51.211 INFO:teuthology.orchestra.run.smithi094.stdout:/usr/bin/ceph: stderr
2024-03-24T10:36:50.465+0000 7fb5d2b26700 1 -- 172.21.15.94:0/1201101407 shutdown_connections
2024-03-24T10:36:51.211 INFO:teuthology.orchestra.run.smithi094.stdout:/usr/bin/ceph: stderr
2024-03-24T10:36:50.465+0000 7fb5d2b26700 1 --2- 172.21.15.94:0/1201101407 >> [v2:172.21.15.94:3300/0,v1:172.21.15.94:6789/0] conn(0x7fb5cc101750 0x7fb5cc101b60 unknown :-1 s=CLOSED pgs=37 cs=0 l=1 rev1=1 crypto rx=0 tx=0 comp rx=0 tx=0).stop
2024-03-24T10:36:51.211 INFO:teuthology.orchestra.run.smithi094.stdout:/usr/bin/ceph: stderr
2024-03-24T10:36:50.465+0000 7fb5d2b26700 1 -- 172.21.15.94:0/1201101407 >> 172.21.15.94:0/1201101407 conn(0x7fb5cc0fcf30 msgr2=0x7fb5cc0ff340 unknown :-1 s=STATE_NONE l=0).mark_down
2024-03-24T10:36:51.211 INFO:teuthology.orchestra.run.smithi094.stdout:/usr/bin/ceph: stderr
2024-03-24T10:36:50.465+0000 7fb5d2b26700 1 -- 172.21.15.94:0/1201101407 shutdown_connections
2024-03-24T10:36:51.211 INFO:teuthology.orchestra.run.smithi094.stdout:/usr/bin/ceph: stderr
2024-03-24T10:36:50.465+0000 7fb5d2b26700 1 -- 172.21.15.94:0/1201101407 wait complete.
2024-03-24T10:36:51.211 INFO:teuthology.orchestra.run.smithi094.stdout:/usr/bin/ceph: stderr
2024-03-24T10:36:50.465+0000 7fb5d2b26700 1 Processor -- start
2024-03-24T10:36:51.212 INFO:teuthology.orchestra.run.smithi094.stdout:/usr/bin/ceph: stderr
2024-03-24T10:36:50.466+0000 7fb5d2b26700 1 -- start start
2024-03-24T10:36:51.212 INFO:teuthology.orchestra.run.smithi094.stdout:/usr/bin/ceph: stderr
2024-03-24T10:36:50.466+0000 7fb5d2b26700 1 --2- >> [v2:172.21.15.94:3300/0,v1:172.21.15.94:6789/0] conn(0x7fb5cc101750 0x7fb5cc10f4d0 unknown :-1 s=NONE pgs=0 cs=0 l=1 rev1=0 crypto rx=0 tx=0 comp rx=0 tx=0).connect
2024-03-24T10:36:51.212 INFO:teuthology.orchestra.run.smithi094.stdout:/usr/bin/ceph: stderr
2024-03-24T10:36:50.466+0000 7fb5d2b26700 1 -- --> [v2:172.21.15.94:3300/0,v1:172.21.15.94:6789/0] -- mon_getmap magic: 0 v1 -- 0x7fb5cc10fa10 con 0x7fb5cc101750
2024-03-24T10:36:51.212 INFO:teuthology.orchestra.run.smithi094.stdout:/usr/bin/ceph: stderr
2024-03-24T10:36:50.466+0000 7fb5d08c2700 1 --2- >> [v2:172.21.15.94:3300/0,v1:172.21.15.94:6789/0] conn(0x7fb5cc101750 0x7fb5cc10f4d0 unknown :-1 s=BANNER_CONNECTING pgs=0 cs=0 l=1 rev1=0 crypto rx=0 tx=0 comp rx=0 tx=0)._handle_peer_banner_payload supported=3 required=0
2024-03-24T10:36:51.212 INFO:teuthology.orchestra.run.smithi094.stdout:/usr/bin/ceph: stderr
2024-03-24T10:36:50.466+0000 7fb5d08c2700 1 --2- >> [v2:172.21.15.94:3300/0,v1:172.21.15.94:6789/0] conn(0x7fb5cc101750 0x7fb5cc10f4d0 unknown :-1 s=HELLO_CONNECTING pgs=0 cs=0 l=1 rev1=1 crypto rx=0 tx=0 comp rx=0 tx=0).handle_hello peer v2:172.21.15.94:3300/0 says I am v2:172.21.15.94:34482/0 (socket says 172.21.15.94:34482)
2024-03-24T10:36:51.212 INFO:teuthology.orchestra.run.smithi094.stdout:/usr/bin/ceph: stderr
2024-03-24T10:36:50.466+0000 7fb5d08c2700 1 -- 172.21.15.94:0/3918502328 learned_addr learned my addr 172.21.15.94:0/3918502328 (peer_addr_for_me v2:172.21.15.94:0/0)
2024-03-24T10:36:51.212 INFO:teuthology.orchestra.run.smithi094.stdout:/usr/bin/ceph: stderr
2024-03-24T10:36:50.466+0000 7fb5d08c2700 1 -- 172.21.15.94:0/3918502328 --> [v2:172.21.15.94:3300/0,v1:172.21.15.94:6789/0] -- mon_subscribe({config=0+,monmap=0+}) v3 -- 0x7fb5c000b790 con 0x7fb5cc101750
2024-03-24T10:36:51.212 INFO:teuthology.orchestra.run.smithi094.stdout:/usr/bin/ceph: stderr
2024-03-24T10:36:50.466+0000 7fb5d08c2700 1 --2- 172.21.15.94:0/3918502328 >> [v2:172.21.15.94:3300/0,v1:172.21.15.94:6789/0] conn(0x7fb5cc101750 0x7fb5cc10f4d0 secure :-1 s=READY pgs=38 cs=0 l=1 rev1=1 crypto rx=0x7fb5c0018600 tx=0x7fb5c000b4f0 comp rx=0 tx=0).ready entity=mon.0 client_cookie=0 server_cookie=0 in_seq=0 out_seq=0
2024-03-24T10:36:51.212 INFO:teuthology.orchestra.run.smithi094.stdout:/usr/bin/ceph: stderr
2024-03-24T10:36:50.466+0000 7fb5c97fa700 1 -- 172.21.15.94:0/3918502328 <== mon.0 v2:172.21.15.94:3300/0 1 ==== mon_map magic: 0 v1 ==== 229+0+0 (secure 0 0 0) 0x7fb5c0010b70 con 0x7fb5cc101750
2024-03-24T10:36:51.212 INFO:teuthology.orchestra.run.smithi094.stdout:/usr/bin/ceph: stderr
2024-03-24T10:36:50.467+0000 7fb5c97fa700 1 -- 172.21.15.94:0/3918502328 <== mon.0 v2:172.21.15.94:3300/0 2 ==== config(27 keys) v1 ==== 1044+0+0 (secure 0 0 0) 0x7fb5c001d050 con 0x7fb5cc101750
2024-03-24T10:36:51.212 INFO:teuthology.orchestra.run.smithi094.stdout:/usr/bin/ceph: stderr
2024-03-24T10:36:50.467+0000 7fb5d2b26700 1 -- 172.21.15.94:0/3918502328 --> [v2:172.21.15.94:3300/0,v1:172.21.15.94:6789/0] -- mon_subscribe({mgrmap=0+}) v3 -- 0x7fb5cc10fc10 con 0x7fb5cc101750
2024-03-24T10:36:51.212 INFO:teuthology.orchestra.run.smithi094.stdout:/usr/bin/ceph: stderr
2024-03-24T10:36:50.467+0000 7fb5c97fa700 1 -- 172.21.15.94:0/3918502328 <== mon.0 v2:172.21.15.94:3300/0 3 ==== mon_map magic: 0 v1 ==== 229+0+0 (secure 0 0 0) 0x7fb5c00225b0 con 0x7fb5cc101750
2024-03-24T10:36:51.212 INFO:teuthology.orchestra.run.smithi094.stdout:/usr/bin/ceph: stderr
2024-03-24T10:36:50.467+0000 7fb5d2b26700 1 -- 172.21.15.94:0/3918502328 --> [v2:172.21.15.94:3300/0,v1:172.21.15.94:6789/0] -- mon_subscribe({osdmap=0}) v3 -- 0x7fb5cc110730 con 0x7fb5cc101750
2024-03-24T10:36:51.212 INFO:teuthology.orchestra.run.smithi094.stdout:/usr/bin/ceph: stderr
2024-03-24T10:36:50.467+0000 7fb5c97fa700 1 -- 172.21.15.94:0/3918502328 <== mon.0 v2:172.21.15.94:3300/0 4 ==== mgrmap(e 7) v1 ==== 43262+0+0 (secure 0 0 0) 0x7fb5c0022760 con 0x7fb5cc101750
2024-03-24T10:36:51.212 INFO:teuthology.orchestra.run.smithi094.stdout:/usr/bin/ceph: stderr
2024-03-24T10:36:50.468+0000 7fb5c97fa700 1 --2- 172.21.15.94:0/3918502328 >> [v2:172.21.15.94:6800/1996608546,v1:172.21.15.94:6801/1996608546] conn(0x7fb5bc0366b0 0x7fb5bc038b60 unknown :-1 s=NONE pgs=0 cs=0 l=1 rev1=0 crypto rx=0 tx=0 comp rx=0 tx=0).connect
2024-03-24T10:36:51.212 INFO:teuthology.orchestra.run.smithi094.stdout:/usr/bin/ceph: stderr
2024-03-24T10:36:50.468+0000 7fb5d2b26700 1 -- 172.21.15.94:0/3918502328 --> [v2:172.21.15.94:3300/0,v1:172.21.15.94:6789/0] -- mon_command({"prefix": "get_command_descriptions"} v 0) v1 -- 0x7fb5cc05f5f0 con 0x7fb5cc101750
2024-03-24T10:36:51.213 INFO:teuthology.orchestra.run.smithi094.stdout:/usr/bin/ceph: stderr
2024-03-24T10:36:50.468+0000 7fb5c97fa700 1 -- 172.21.15.94:0/3918502328 <== mon.0 v2:172.21.15.94:3300/0 5 ==== osd_map(2..2 src has 1..2) v4 ==== 936+0+0 (secure 0 0 0) 0x7fb5c0014070 con 0x7fb5cc101750
2024-03-24T10:36:51.213 INFO:teuthology.orchestra.run.smithi094.stdout:/usr/bin/ceph: stderr
2024-03-24T10:36:50.468+0000 7fb5cbfff700 1 --2- 172.21.15.94:0/3918502328 >> [v2:172.21.15.94:6800/1996608546,v1:172.21.15.94:6801/1996608546] conn(0x7fb5bc0366b0 0x7fb5bc038b60 unknown :-1 s=BANNER_CONNECTING pgs=0 cs=0 l=1 rev1=0 crypto rx=0 tx=0 comp rx=0 tx=0)._handle_peer_banner_payload supported=3 required=0
2024-03-24T10:36:51.213 INFO:teuthology.orchestra.run.smithi094.stdout:/usr/bin/ceph: stderr
2024-03-24T10:36:50.468+0000 7fb5cbfff700 1 --2- 172.21.15.94:0/3918502328 >> [v2:172.21.15.94:6800/1996608546,v1:172.21.15.94:6801/1996608546] conn(0x7fb5bc0366b0 0x7fb5bc038b60 secure :-1 s=READY pgs=7 cs=0 l=1 rev1=1 crypto rx=0x7fb5b8009990 tx=0x7fb5b8006e40 comp rx=0 tx=0).ready entity=mgr.14120 client_cookie=0 server_cookie=0 in_seq=0 out_seq=0
2024-03-24T10:36:51.213 INFO:teuthology.orchestra.run.smithi094.stdout:/usr/bin/ceph: stderr
2024-03-24T10:36:50.473+0000 7fb5c97fa700 1 -- 172.21.15.94:0/3918502328 <== mon.0 v2:172.21.15.94:3300/0 6 ==== mon_command_ack([{"prefix": "get_command_descriptions"}]=0 v0) v1 ==== 72+0+176504 (secure 0 0 0) 0x7fb5c00218d0 con 0x7fb5cc101750
2024-03-24T10:36:51.213 INFO:teuthology.orchestra.run.smithi094.stdout:/usr/bin/ceph: stderr
2024-03-24T10:36:50.558+0000 7fb5c97fa700 1 -- 172.21.15.94:0/3918502328 <== mon.0 v2:172.21.15.94:3300/0 7 ==== mgrmap(e 8) v1 ==== 43368+0+0 (secure 0 0 0) 0x7fb5c002d980 con 0x7fb5cc101750
2024-03-24T10:36:51.213 INFO:teuthology.orchestra.run.smithi094.stdout:/usr/bin/ceph: stderr
2024-03-24T10:36:50.672+0000 7fb5d2b26700 1 -- 172.21.15.94:0/3918502328 --> [v2:172.21.15.94:6800/1996608546,v1:172.21.15.94:6801/1996608546] -- mgr_command(tid 0: {"prefix": "orch set backend", "module_name": "cephadm", "target": ["mon-mgr", ""]}) v1 -- 0x7fb5cc110ae0 con 0x7fb5bc0366b0
2024-03-24T10:36:51.213 INFO:teuthology.orchestra.run.smithi094.stdout:/usr/bin/ceph: stderr
2024-03-24T10:36:50.679+0000 7fb5c97fa700 1 -- 172.21.15.94:0/3918502328 <== mgr.14120 v2:172.21.15.94:6800/1996608546 1 ==== mgr_command_reply(tid 0: 0 ) v1 ==== 8+0+0 (secure 0 0 0) 0x7fb5cc110ae0 con 0x7fb5bc0366b0
2024-03-24T10:36:51.213 INFO:teuthology.orchestra.run.smithi094.stdout:/usr/bin/ceph: stderr
2024-03-24T10:36:50.681+0000 7fb5d2b26700 1 -- 172.21.15.94:0/3918502328 >> [v2:172.21.15.94:6800/1996608546,v1:172.21.15.94:6801/1996608546] conn(0x7fb5bc0366b0 msgr2=0x7fb5bc038b60 secure :-1 s=STATE_CONNECTION_ESTABLISHED l=1).mark_down
2024-03-24T10:36:51.213 INFO:teuthology.orchestra.run.smithi094.stdout:/usr/bin/ceph: stderr
2024-03-24T10:36:50.681+0000 7fb5d2b26700 1 --2- 172.21.15.94:0/3918502328 >> [v2:172.21.15.94:6800/1996608546,v1:172.21.15.94:6801/1996608546] conn(0x7fb5bc0366b0 0x7fb5bc038b60 secure :-1 s=READY pgs=7 cs=0 l=1 rev1=1 crypto rx=0x7fb5b8009990 tx=0x7fb5b8006e40 comp rx=0 tx=0).stop
2024-03-24T10:36:51.213 INFO:teuthology.orchestra.run.smithi094.stdout:/usr/bin/ceph: stderr
2024-03-24T10:36:50.681+0000 7fb5d2b26700 1 -- 172.21.15.94:0/3918502328 >> [v2:172.21.15.94:3300/0,v1:172.21.15.94:6789/0] conn(0x7fb5cc101750 msgr2=0x7fb5cc10f4d0 secure :-1 s=STATE_CONNECTION_ESTABLISHED l=1).mark_down
2024-03-24T10:36:51.213 INFO:teuthology.orchestra.run.smithi094.stdout:/usr/bin/ceph: stderr
2024-03-24T10:36:50.681+0000 7fb5d2b26700 1 --2- 172.21.15.94:0/3918502328 >> [v2:172.21.15.94:3300/0,v1:172.21.15.94:6789/0] conn(0x7fb5cc101750 0x7fb5cc10f4d0 secure :-1 s=READY pgs=38 cs=0 l=1 rev1=1 crypto rx=0x7fb5c0018600 tx=0x7fb5c000b4f0 comp rx=0 tx=0).stop
2024-03-24T10:36:51.213 INFO:teuthology.orchestra.run.smithi094.stdout:/usr/bin/ceph: stderr
2024-03-24T10:36:50.681+0000 7fb5d2b26700 1 -- 172.21.15.94:0/3918502328 shutdown_connections
2024-03-24T10:36:51.213 INFO:teuthology.orchestra.run.smithi094.stdout:/usr/bin/ceph: stderr
2024-03-24T10:36:50.681+0000 7fb5d2b26700 1 --2- 172.21.15.94:0/3918502328 >> [v2:172.21.15.94:6800/1996608546,v1:172.21.15.94:6801/1996608546] conn(0x7fb5bc0366b0 0x7fb5bc038b60 unknown :-1 s=CLOSED pgs=7 cs=0 l=1 rev1=1 crypto rx=0 tx=0 comp rx=0 tx=0).stop
2024-03-24T10:36:51.213 INFO:teuthology.orchestra.run.smithi094.stdout:/usr/bin/ceph: stderr
2024-03-24T10:36:50.681+0000 7fb5d2b26700 1 --2- 172.21.15.94:0/3918502328 >> [v2:172.21.15.94:3300/0,v1:172.21.15.94:6789/0] conn(0x7fb5cc101750 0x7fb5cc10f4d0 unknown :-1 s=CLOSED pgs=38 cs=0 l=1 rev1=1 crypto rx=0 tx=0 comp rx=0 tx=0).stop
2024-03-24T10:36:51.213 INFO:teuthology.orchestra.run.smithi094.stdout:/usr/bin/ceph: stderr
2024-03-24T10:36:50.681+0000 7fb5d2b26700 1 -- 172.21.15.94:0/3918502328 >> 172.21.15.94:0/3918502328 conn(0x7fb5cc0fcf30 msgr2=0x7fb5cc105ca0 unknown :-1 s=STATE_NONE l=0).mark_down
2024-03-24T10:36:51.214 INFO:teuthology.orchestra.run.smithi094.stdout:/usr/bin/ceph: stderr
2024-03-24T10:36:50.682+0000 7fb5d2b26700 1 -- 172.21.15.94:0/3918502328 shutdown_connections
2024-03-24T10:36:51.214 INFO:teuthology.orchestra.run.smithi094.stdout:/usr/bin/ceph: stderr
2024-03-24T10:36:50.682+0000 7fb5d2b26700 1 -- 172.21.15.94:0/3918502328 wait complete.
2024-03-24T10:36:51.605 INFO:journalctl@ceph.mon.smithi094.smithi094.stdout:Mar 24 10:36:51 smithi094 ceph-mon[29446]: mgrmap e8: smithi094.yaethu(active, since 2s)
2024-03-24T10:36:51.605 INFO:journalctl@ceph.mon.smithi094.smithi094.stdout:Mar 24 10:36:51 smithi094 ceph-mon[29446]: from='client.14132 -' entity='client.admin' cmd=[{"prefix": "orch set backend", "module_name": "cephadm", "target": ["mon-mgr", ""]}]: dispatch
2024-03-24T10:36:51.605 INFO:journalctl@ceph.mon.smithi094.smithi094.stdout:Mar 24 10:36:51 smithi094 ceph-mon[29446]: from='mgr.14120 172.21.15.94:0/773982920' entity='mgr.smithi094.yaethu'
2024-03-24T10:36:51.606 INFO:journalctl@ceph.mon.smithi094.smithi094.stdout:Mar 24 10:36:51 smithi094 ceph-mon[29446]: from='mgr.14120 172.21.15.94:0/773982920' entity='mgr.smithi094.yaethu' cmd=[{"prefix": "config dump", "format": "json"}]: dispatch
2024-03-24T10:36:52.359 INFO:teuthology.orchestra.run.smithi094.stdout:/usr/bin/ceph: stdout value unchanged
2024-03-24T10:36:52.359 INFO:teuthology.orchestra.run.smithi094.stdout:/usr/bin/ceph: stderr
2024-03-24T10:36:51.610+0000 7f8f9dee2700 1 Processor -- start
2024-03-24T10:36:52.359 INFO:teuthology.orchestra.run.smithi094.stdout:/usr/bin/ceph: stderr
2024-03-24T10:36:51.610+0000 7f8f9dee2700 1 -- start start
2024-03-24T10:36:52.359 INFO:teuthology.orchestra.run.smithi094.stdout:/usr/bin/ceph: stderr
2024-03-24T10:36:51.610+0000 7f8f9dee2700 1 --2- >> [v2:172.21.15.94:3300/0,v1:172.21.15.94:6789/0] conn(0x7f8f98102920 0x7f8f98102d30 unknown :-1 s=NONE pgs=0 cs=0 l=0 rev1=0 crypto rx=0 tx=0 comp rx=0 tx=0).connect
2024-03-24T10:36:52.359 INFO:teuthology.orchestra.run.smithi094.stdout:/usr/bin/ceph: stderr
2024-03-24T10:36:51.610+0000 7f8f9dee2700 1 -- --> [v2:172.21.15.94:3300/0,v1:172.21.15.94:6789/0] -- mon_getmap magic: 0 v1 -- 0x7f8f98103270 con 0x7f8f98102920
2024-03-24T10:36:52.360 INFO:teuthology.orchestra.run.smithi094.stdout:/usr/bin/ceph: stderr
2024-03-24T10:36:51.610+0000 7f8f977fe700 1 --2- >> [v2:172.21.15.94:3300/0,v1:172.21.15.94:6789/0] conn(0x7f8f98102920 0x7f8f98102d30 unknown :-1 s=BANNER_CONNECTING pgs=0 cs=0 l=0 rev1=0 crypto rx=0 tx=0 comp rx=0 tx=0)._handle_peer_banner_payload supported=3 required=0
2024-03-24T10:36:52.360 INFO:teuthology.orchestra.run.smithi094.stdout:/usr/bin/ceph: stderr
2024-03-24T10:36:51.610+0000 7f8f977fe700 1 --2- >> [v2:172.21.15.94:3300/0,v1:172.21.15.94:6789/0] conn(0x7f8f98102920 0x7f8f98102d30 unknown :-1 s=HELLO_CONNECTING pgs=0 cs=0 l=0 rev1=1 crypto rx=0 tx=0 comp rx=0 tx=0).handle_hello peer v2:172.21.15.94:3300/0 says I am v2:172.21.15.94:34484/0 (socket says 172.21.15.94:34484)
2024-03-24T10:36:52.360 INFO:teuthology.orchestra.run.smithi094.stdout:/usr/bin/ceph: stderr
2024-03-24T10:36:51.610+0000 7f8f977fe700 1 -- 172.21.15.94:0/1750717209 learned_addr learned my addr 172.21.15.94:0/1750717209 (peer_addr_for_me v2:172.21.15.94:0/0)
2024-03-24T10:36:52.360 INFO:teuthology.orchestra.run.smithi094.stdout:/usr/bin/ceph: stderr
2024-03-24T10:36:51.610+0000 7f8f977fe700 1 -- 172.21.15.94:0/1750717209 --> [v2:172.21.15.94:3300/0,v1:172.21.15.94:6789/0] -- mon_subscribe({config=0+,monmap=0+}) v3 -- 0x7f8f981033b0 con 0x7f8f98102920
2024-03-24T10:36:52.360 INFO:teuthology.orchestra.run.smithi094.stdout:/usr/bin/ceph: stderr
2024-03-24T10:36:51.611+0000 7f8f977fe700 1 --2- 172.21.15.94:0/1750717209 >> [v2:172.21.15.94:3300/0,v1:172.21.15.94:6789/0] conn(0x7f8f98102920 0x7f8f98102d30 secure :-1 s=READY pgs=39 cs=0 l=1 rev1=1 crypto rx=0x7f8f880098e0 tx=0x7f8f88009250 comp rx=0 tx=0).ready entity=mon.0 client_cookie=a54c5f7adcf1ffa7 server_cookie=0 in_seq=0 out_seq=0
2024-03-24T10:36:52.360 INFO:teuthology.orchestra.run.smithi094.stdout:/usr/bin/ceph: stderr
2024-03-24T10:36:51.611+0000 7f8f967fc700 1 -- 172.21.15.94:0/1750717209 <== mon.0 v2:172.21.15.94:3300/0 1 ==== mon_map magic: 0 v1 ==== 229+0+0 (secure 0 0 0) 0x7f8f8800b860 con 0x7f8f98102920
2024-03-24T10:36:52.360 INFO:teuthology.orchestra.run.smithi094.stdout:/usr/bin/ceph: stderr
2024-03-24T10:36:51.611+0000 7f8f967fc700 1 -- 172.21.15.94:0/1750717209 <== mon.0 v2:172.21.15.94:3300/0 2 ==== config(27 keys) v1 ==== 1044+0+0 (secure 0 0 0) 0x7f8f8800be50 con 0x7f8f98102920
2024-03-24T10:36:52.360 INFO:teuthology.orchestra.run.smithi094.stdout:/usr/bin/ceph: stderr
2024-03-24T10:36:51.611+0000 7f8f967fc700 1 -- 172.21.15.94:0/1750717209 <== mon.0 v2:172.21.15.94:3300/0 3 ==== mon_map magic: 0 v1 ==== 229+0+0 (secure 0 0 0) 0x7f8f88010380 con 0x7f8f98102920
2024-03-24T10:36:52.360 INFO:teuthology.orchestra.run.smithi094.stdout:/usr/bin/ceph: stderr
2024-03-24T10:36:51.611+0000 7f8f9dee2700 1 -- 172.21.15.94:0/1750717209 >> [v2:172.21.15.94:3300/0,v1:172.21.15.94:6789/0] conn(0x7f8f98102920 msgr2=0x7f8f98102d30 secure :-1 s=STATE_CONNECTION_ESTABLISHED l=1).mark_down
2024-03-24T10:36:52.360 INFO:teuthology.orchestra.run.smithi094.stdout:/usr/bin/ceph: stderr
2024-03-24T10:36:51.611+0000 7f8f9dee2700 1 --2- 172.21.15.94:0/1750717209 >> [v2:172.21.15.94:3300/0,v1:172.21.15.94:6789/0] conn(0x7f8f98102920 0x7f8f98102d30 secure :-1 s=READY pgs=39 cs=0 l=1 rev1=1 crypto rx=0x7f8f880098e0 tx=0x7f8f88009250 comp rx=0 tx=0).stop
2024-03-24T10:36:52.360 INFO:teuthology.orchestra.run.smithi094.stdout:/usr/bin/ceph: stderr
2024-03-24T10:36:51.611+0000 7f8f9dee2700 1 -- 172.21.15.94:0/1750717209 shutdown_connections
2024-03-24T10:36:52.360 INFO:teuthology.orchestra.run.smithi094.stdout:/usr/bin/ceph: stderr
2024-03-24T10:36:51.611+0000 7f8f9dee2700 1 --2- 172.21.15.94:0/1750717209 >> [v2:172.21.15.94:3300/0,v1:172.21.15.94:6789/0] conn(0x7f8f98102920 0x7f8f98102d30 unknown :-1 s=CLOSED pgs=39 cs=0 l=1 rev1=1 crypto rx=0 tx=0 comp rx=0 tx=0).stop
2024-03-24T10:36:52.360 INFO:teuthology.orchestra.run.smithi094.stdout:/usr/bin/ceph: stderr
2024-03-24T10:36:51.611+0000 7f8f9dee2700 1 -- 172.21.15.94:0/1750717209 >> 172.21.15.94:0/1750717209 conn(0x7f8f980fe0a0 msgr2=0x7f8f981004b0 unknown :-1 s=STATE_NONE l=0).mark_down
2024-03-24T10:36:52.361 INFO:teuthology.orchestra.run.smithi094.stdout:/usr/bin/ceph: stderr
2024-03-24T10:36:51.611+0000 7f8f9dee2700 1 -- 172.21.15.94:0/1750717209 shutdown_connections
2024-03-24T10:36:52.361 INFO:teuthology.orchestra.run.smithi094.stdout:/usr/bin/ceph: stderr
2024-03-24T10:36:51.611+0000 7f8f9dee2700 1 -- 172.21.15.94:0/1750717209 wait complete.
2024-03-24T10:36:52.361 INFO:teuthology.orchestra.run.smithi094.stdout:/usr/bin/ceph: stderr
2024-03-24T10:36:51.612+0000 7f8f9dee2700 1 Processor -- start
2024-03-24T10:36:52.361 INFO:teuthology.orchestra.run.smithi094.stdout:/usr/bin/ceph: stderr
2024-03-24T10:36:51.612+0000 7f8f9dee2700 1 -- start start
2024-03-24T10:36:52.361 INFO:teuthology.orchestra.run.smithi094.stdout:/usr/bin/ceph: stderr
2024-03-24T10:36:51.612+0000 7f8f9dee2700 1 --2- >> [v2:172.21.15.94:3300/0,v1:172.21.15.94:6789/0] conn(0x7f8f98102920 0x7f8f981116a0 unknown :-1 s=NONE pgs=0 cs=0 l=1 rev1=0 crypto rx=0 tx=0 comp rx=0 tx=0).connect
2024-03-24T10:36:52.361 INFO:teuthology.orchestra.run.smithi094.stdout:/usr/bin/ceph: stderr
2024-03-24T10:36:51.612+0000 7f8f9dee2700 1 -- --> [v2:172.21.15.94:3300/0,v1:172.21.15.94:6789/0] -- mon_getmap magic: 0 v1 -- 0x7f8f98111be0 con 0x7f8f98102920
2024-03-24T10:36:52.361 INFO:teuthology.orchestra.run.smithi094.stdout:/usr/bin/ceph: stderr
2024-03-24T10:36:51.612+0000 7f8f977fe700 1 --2- >> [v2:172.21.15.94:3300/0,v1:172.21.15.94:6789/0] conn(0x7f8f98102920 0x7f8f981116a0 unknown :-1 s=BANNER_CONNECTING pgs=0 cs=0 l=1 rev1=0 crypto rx=0 tx=0 comp rx=0 tx=0)._handle_peer_banner_payload supported=3 required=0
2024-03-24T10:36:52.361 INFO:teuthology.orchestra.run.smithi094.stdout:/usr/bin/ceph: stderr
2024-03-24T10:36:51.612+0000 7f8f977fe700 1 --2- >> [v2:172.21.15.94:3300/0,v1:172.21.15.94:6789/0] conn(0x7f8f98102920 0x7f8f981116a0 unknown :-1 s=HELLO_CONNECTING pgs=0 cs=0 l=1 rev1=1 crypto rx=0 tx=0 comp rx=0 tx=0).handle_hello peer v2:172.21.15.94:3300/0 says I am v2:172.21.15.94:34496/0 (socket says 172.21.15.94:34496)
2024-03-24T10:36:52.361 INFO:teuthology.orchestra.run.smithi094.stdout:/usr/bin/ceph: stderr
2024-03-24T10:36:51.612+0000 7f8f977fe700 1 -- 172.21.15.94:0/430269430 learned_addr learned my addr 172.21.15.94:0/430269430 (peer_addr_for_me v2:172.21.15.94:0/0)
2024-03-24T10:36:52.361 INFO:teuthology.orchestra.run.smithi094.stdout:/usr/bin/ceph: stderr
2024-03-24T10:36:51.613+0000 7f8f977fe700 1 -- 172.21.15.94:0/430269430 --> [v2:172.21.15.94:3300/0,v1:172.21.15.94:6789/0] -- mon_subscribe({config=0+,monmap=0+}) v3 -- 0x7f8f880094f0 con 0x7f8f98102920
2024-03-24T10:36:52.361 INFO:teuthology.orchestra.run.smithi094.stdout:/usr/bin/ceph: stderr
2024-03-24T10:36:51.613+0000 7f8f977fe700 1 --2- 172.21.15.94:0/430269430 >> [v2:172.21.15.94:3300/0,v1:172.21.15.94:6789/0] conn(0x7f8f98102920 0x7f8f981116a0 secure :-1 s=READY pgs=40 cs=0 l=1 rev1=1 crypto rx=0x7f8f88000c00 tx=0x7f8f88009250 comp rx=0 tx=0).ready entity=mon.0 client_cookie=0 server_cookie=0 in_seq=0 out_seq=0
2024-03-24T10:36:52.361 INFO:teuthology.orchestra.run.smithi094.stdout:/usr/bin/ceph: stderr
2024-03-24T10:36:51.613+0000 7f8f7ffff700 1 -- 172.21.15.94:0/430269430 <== mon.0 v2:172.21.15.94:3300/0 1 ==== mon_map magic: 0 v1 ==== 229+0+0 (secure 0 0 0) 0x7f8f880107c0 con 0x7f8f98102920
2024-03-24T10:36:52.361 INFO:teuthology.orchestra.run.smithi094.stdout:/usr/bin/ceph: stderr
2024-03-24T10:36:51.613+0000 7f8f7ffff700 1 -- 172.21.15.94:0/430269430 <== mon.0 v2:172.21.15.94:3300/0 2 ==== config(27 keys) v1 ==== 1044+0+0 (secure 0 0 0) 0x7f8f88010db0 con 0x7f8f98102920
2024-03-24T10:36:52.361 INFO:teuthology.orchestra.run.smithi094.stdout:/usr/bin/ceph: stderr
2024-03-24T10:36:51.613+0000 7f8f9dee2700 1 -- 172.21.15.94:0/430269430 --> [v2:172.21.15.94:3300/0,v1:172.21.15.94:6789/0] -- mon_subscribe({mgrmap=0+}) v3 -- 0x7f8f98111de0 con 0x7f8f98102920
2024-03-24T10:36:52.361 INFO:teuthology.orchestra.run.smithi094.stdout:/usr/bin/ceph: stderr
2024-03-24T10:36:51.613+0000 7f8f7ffff700 1 -- 172.21.15.94:0/430269430 <== mon.0 v2:172.21.15.94:3300/0 3 ==== mon_map magic: 0 v1 ==== 229+0+0 (secure 0 0 0) 0x7f8f8801ad00 con 0x7f8f98102920
2024-03-24T10:36:52.362 INFO:teuthology.orchestra.run.smithi094.stdout:/usr/bin/ceph: stderr
2024-03-24T10:36:51.613+0000 7f8f9dee2700 1 -- 172.21.15.94:0/430269430 --> [v2:172.21.15.94:3300/0,v1:172.21.15.94:6789/0] -- mon_subscribe({osdmap=0}) v3 -- 0x7f8f98112950 con 0x7f8f98102920
2024-03-24T10:36:52.362 INFO:teuthology.orchestra.run.smithi094.stdout:/usr/bin/ceph: stderr
2024-03-24T10:36:51.614+0000 7f8f7ffff700 1 -- 172.21.15.94:0/430269430 <== mon.0 v2:172.21.15.94:3300/0 4 ==== mgrmap(e 8) v1 ==== 43368+0+0 (secure 0 0 0) 0x7f8f880193c0 con 0x7f8f98102920
2024-03-24T10:36:52.362 INFO:teuthology.orchestra.run.smithi094.stdout:/usr/bin/ceph: stderr
2024-03-24T10:36:51.614+0000 7f8f7ffff700 1 --2- 172.21.15.94:0/430269430 >> [v2:172.21.15.94:6800/1996608546,v1:172.21.15.94:6801/1996608546] conn(0x7f8f800367e0 0x7f8f80038c90 unknown :-1 s=NONE pgs=0 cs=0 l=1 rev1=0 crypto rx=0 tx=0 comp rx=0 tx=0).connect
2024-03-24T10:36:52.362 INFO:teuthology.orchestra.run.smithi094.stdout:/usr/bin/ceph: stderr
2024-03-24T10:36:51.614+0000 7f8f9dee2700 1 -- 172.21.15.94:0/430269430 --> [v2:172.21.15.94:3300/0,v1:172.21.15.94:6789/0] -- mon_command({"prefix": "get_command_descriptions"} v 0) v1 -- 0x7f8f9805f5f0 con 0x7f8f98102920
2024-03-24T10:36:52.362 INFO:teuthology.orchestra.run.smithi094.stdout:/usr/bin/ceph: stderr
2024-03-24T10:36:51.614+0000 7f8f7ffff700 1 -- 172.21.15.94:0/430269430 <== mon.0 v2:172.21.15.94:3300/0 5 ==== osd_map(2..2 src has 1..2) v4 ==== 936+0+0 (secure 0 0 0) 0x7f8f8804a620 con 0x7f8f98102920
2024-03-24T10:36:52.362 INFO:teuthology.orchestra.run.smithi094.stdout:/usr/bin/ceph: stderr
2024-03-24T10:36:51.614+0000 7f8f96ffd700 1 --2- 172.21.15.94:0/430269430 >> [v2:172.21.15.94:6800/1996608546,v1:172.21.15.94:6801/1996608546] conn(0x7f8f800367e0 0x7f8f80038c90 unknown :-1 s=BANNER_CONNECTING pgs=0 cs=0 l=1 rev1=0 crypto rx=0 tx=0 comp rx=0 tx=0)._handle_peer_banner_payload supported=3 required=0
2024-03-24T10:36:52.362 INFO:teuthology.orchestra.run.smithi094.stdout:/usr/bin/ceph: stderr
2024-03-24T10:36:51.614+0000 7f8f96ffd700 1 --2- 172.21.15.94:0/430269430 >> [v2:172.21.15.94:6800/1996608546,v1:172.21.15.94:6801/1996608546] conn(0x7f8f800367e0 0x7f8f80038c90 secure :-1 s=READY pgs=8 cs=0 l=1 rev1=1 crypto rx=0x7f8f8c009990 tx=0x7f8f8c006e40 comp rx=0 tx=0).ready entity=mgr.14120 client_cookie=0 server_cookie=0 in_seq=0 out_seq=0
2024-03-24T10:36:52.362 INFO:teuthology.orchestra.run.smithi094.stdout:/usr/bin/ceph: stderr
2024-03-24T10:36:51.619+0000 7f8f7ffff700 1 -- 172.21.15.94:0/430269430 <== mon.0 v2:172.21.15.94:3300/0 6 ==== mon_command_ack([{"prefix": "get_command_descriptions"}]=0 v0) v1 ==== 72+0+176504 (secure 0 0 0) 0x7f8f880196c0 con 0x7f8f98102920
2024-03-24T10:36:52.362 INFO:teuthology.orchestra.run.smithi094.stdout:/usr/bin/ceph: stderr
2024-03-24T10:36:51.804+0000 7f8f9dee2700 1 -- 172.21.15.94:0/430269430 --> [v2:172.21.15.94:6800/1996608546,v1:172.21.15.94:6801/1996608546] -- mgr_command(tid 0: {"prefix": "cephadm set-user", "user": "root", "target": ["mon-mgr", ""]}) v1 -- 0x7f8f980ff310 con 0x7f8f800367e0
2024-03-24T10:36:52.362 INFO:teuthology.orchestra.run.smithi094.stdout:/usr/bin/ceph: stderr
2024-03-24T10:36:51.804+0000 7f8f7ffff700 1 -- 172.21.15.94:0/430269430 <== mgr.14120 v2:172.21.15.94:6800/1996608546 1 ==== mgr_command_reply(tid 0: 0 ) v1 ==== 8+0+16 (secure 0 0 0) 0x7f8f980ff310 con 0x7f8f800367e0
2024-03-24T10:36:52.362 INFO:teuthology.orchestra.run.smithi094.stdout:/usr/bin/ceph: stderr
2024-03-24T10:36:51.806+0000 7f8f9dee2700 1 -- 172.21.15.94:0/430269430 >> [v2:172.21.15.94:6800/1996608546,v1:172.21.15.94:6801/1996608546] conn(0x7f8f800367e0 msgr2=0x7f8f80038c90 secure :-1 s=STATE_CONNECTION_ESTABLISHED l=1).mark_down
2024-03-24T10:36:52.362 INFO:teuthology.orchestra.run.smithi094.stdout:/usr/bin/ceph: stderr
2024-03-24T10:36:51.806+0000 7f8f9dee2700 1 --2- 172.21.15.94:0/430269430 >> [v2:172.21.15.94:6800/1996608546,v1:172.21.15.94:6801/1996608546] conn(0x7f8f800367e0 0x7f8f80038c90 secure :-1 s=READY pgs=8 cs=0 l=1 rev1=1 crypto rx=0x7f8f8c009990 tx=0x7f8f8c006e40 comp rx=0 tx=0).stop
2024-03-24T10:36:52.362 INFO:teuthology.orchestra.run.smithi094.stdout:/usr/bin/ceph: stderr
2024-03-24T10:36:51.806+0000 7f8f9dee2700 1 -- 172.21.15.94:0/430269430 >> [v2:172.21.15.94:3300/0,v1:172.21.15.94:6789/0] conn(0x7f8f98102920 msgr2=0x7f8f981116a0 secure :-1 s=STATE_CONNECTION_ESTABLISHED l=1).mark_down
2024-03-24T10:36:52.362 INFO:teuthology.orchestra.run.smithi094.stdout:/usr/bin/ceph: stderr
2024-03-24T10:36:51.806+0000 7f8f9dee2700 1 --2- 172.21.15.94:0/430269430 >> [v2:172.21.15.94:3300/0,v1:172.21.15.94:6789/0] conn(0x7f8f98102920 0x7f8f981116a0 secure :-1 s=READY pgs=40 cs=0 l=1 rev1=1 crypto rx=0x7f8f88000c00 tx=0x7f8f88009250 comp rx=0 tx=0).stop
2024-03-24T10:36:52.363 INFO:teuthology.orchestra.run.smithi094.stdout:/usr/bin/ceph: stderr
2024-03-24T10:36:51.806+0000 7f8f9dee2700 1 -- 172.21.15.94:0/430269430 shutdown_connections
2024-03-24T10:36:52.363 INFO:teuthology.orchestra.run.smithi094.stdout:/usr/bin/ceph: stderr
2024-03-24T10:36:51.806+0000 7f8f9dee2700 1 --2- 172.21.15.94:0/430269430 >> [v2:172.21.15.94:6800/1996608546,v1:172.21.15.94:6801/1996608546] conn(0x7f8f800367e0 0x7f8f80038c90 unknown :-1 s=CLOSED pgs=8 cs=0 l=1 rev1=1 crypto rx=0 tx=0 comp rx=0 tx=0).stop
2024-03-24T10:36:52.363 INFO:teuthology.orchestra.run.smithi094.stdout:/usr/bin/ceph: stderr
2024-03-24T10:36:51.806+0000 7f8f9dee2700 1 --2- 172.21.15.94:0/430269430 >> [v2:172.21.15.94:3300/0,v1:172.21.15.94:6789/0] conn(0x7f8f98102920 0x7f8f981116a0 unknown :-1 s=CLOSED pgs=40 cs=0 l=1 rev1=1 crypto rx=0 tx=0 comp rx=0 tx=0).stop
2024-03-24T10:36:52.363 INFO:teuthology.orchestra.run.smithi094.stdout:/usr/bin/ceph: stderr
2024-03-24T10:36:51.806+0000 7f8f9dee2700 1 -- 172.21.15.94:0/430269430 >> 172.21.15.94:0/430269430 conn(0x7f8f980fe0a0 msgr2=0x7f8f980fec00 unknown :-1 s=STATE_NONE l=0).mark_down
2024-03-24T10:36:52.363 INFO:teuthology.orchestra.run.smithi094.stdout:/usr/bin/ceph: stderr
2024-03-24T10:36:51.807+0000 7f8f9dee2700 1 -- 172.21.15.94:0/430269430 shutdown_connections
2024-03-24T10:36:52.363 INFO:teuthology.orchestra.run.smithi094.stdout:/usr/bin/ceph: stderr
2024-03-24T10:36:51.807+0000 7f8f9dee2700 1 -- 172.21.15.94:0/430269430 wait complete.
2024-03-24T10:36:52.363 INFO:teuthology.orchestra.run.smithi094.stdout:Generating ssh key...
2024-03-24T10:36:52.747 INFO:journalctl@ceph.mon.smithi094.smithi094.stdout:Mar 24 10:36:52 smithi094 ceph-mon[29446]: from='client.14134 -' entity='client.admin' cmd=[{"prefix": "cephadm set-user", "user": "root", "target": ["mon-mgr", ""]}]: dispatch
2024-03-24T10:36:53.598 INFO:teuthology.orchestra.run.smithi094.stdout:/usr/bin/ceph: stderr
2024-03-24T10:36:52.773+0000 7ff8eef05700 1 Processor -- start
2024-03-24T10:36:53.601 INFO:teuthology.orchestra.run.smithi094.stdout:/usr/bin/ceph: stderr
2024-03-24T10:36:52.773+0000 7ff8eef05700 1 -- start start
2024-03-24T10:36:53.601 INFO:teuthology.orchestra.run.smithi094.stdout:/usr/bin/ceph: stderr
2024-03-24T10:36:52.774+0000 7ff8eef05700 1 --2- >> [v2:172.21.15.94:3300/0,v1:172.21.15.94:6789/0] conn(0x7ff8e8101dc0 0x7ff8e81021d0 unknown :-1 s=NONE pgs=0 cs=0 l=0 rev1=0 crypto rx=0 tx=0 comp rx=0 tx=0).connect
2024-03-24T10:36:53.601 INFO:teuthology.orchestra.run.smithi094.stdout:/usr/bin/ceph: stderr
2024-03-24T10:36:52.774+0000 7ff8eef05700 1 -- --> [v2:172.21.15.94:3300/0,v1:172.21.15.94:6789/0] -- mon_getmap magic: 0 v1 -- 0x7ff8e8102710 con 0x7ff8e8101dc0
2024-03-24T10:36:53.601 INFO:teuthology.orchestra.run.smithi094.stdout:/usr/bin/ceph: stderr
2024-03-24T10:36:52.774+0000 7ff8ecca1700 1 --2- >> [v2:172.21.15.94:3300/0,v1:172.21.15.94:6789/0] conn(0x7ff8e8101dc0 0x7ff8e81021d0 unknown :-1 s=BANNER_CONNECTING pgs=0 cs=0 l=0 rev1=0 crypto rx=0 tx=0 comp rx=0 tx=0)._handle_peer_banner_payload supported=3 required=0
2024-03-24T10:36:53.601 INFO:teuthology.orchestra.run.smithi094.stdout:/usr/bin/ceph: stderr
2024-03-24T10:36:52.774+0000 7ff8ecca1700 1 --2- >> [v2:172.21.15.94:3300/0,v1:172.21.15.94:6789/0] conn(0x7ff8e8101dc0 0x7ff8e81021d0 unknown :-1 s=HELLO_CONNECTING pgs=0 cs=0 l=0 rev1=1 crypto rx=0 tx=0 comp rx=0 tx=0).handle_hello peer v2:172.21.15.94:3300/0 says I am v2:172.21.15.94:34508/0 (socket says 172.21.15.94:34508)
2024-03-24T10:36:53.601 INFO:teuthology.orchestra.run.smithi094.stdout:/usr/bin/ceph: stderr
2024-03-24T10:36:52.774+0000 7ff8ecca1700 1 -- 172.21.15.94:0/3166718155 learned_addr learned my addr 172.21.15.94:0/3166718155 (peer_addr_for_me v2:172.21.15.94:0/0)
2024-03-24T10:36:53.601 INFO:teuthology.orchestra.run.smithi094.stdout:/usr/bin/ceph: stderr
2024-03-24T10:36:52.774+0000 7ff8ecca1700 1 -- 172.21.15.94:0/3166718155 --> [v2:172.21.15.94:3300/0,v1:172.21.15.94:6789/0] -- mon_subscribe({config=0+,monmap=0+}) v3 -- 0x7ff8e8102850 con 0x7ff8e8101dc0
2024-03-24T10:36:53.602 INFO:teuthology.orchestra.run.smithi094.stdout:/usr/bin/ceph: stderr
2024-03-24T10:36:52.774+0000 7ff8ecca1700 1 --2- 172.21.15.94:0/3166718155 >> [v2:172.21.15.94:3300/0,v1:172.21.15.94:6789/0] conn(0x7ff8e8101dc0 0x7ff8e81021d0 secure :-1 s=READY pgs=41 cs=0 l=1 rev1=1 crypto rx=0x7ff8dc0098e0 tx=0x7ff8dc009250 comp rx=0 tx=0).ready entity=mon.0 client_cookie=fd723f35b962bdb8 server_cookie=0 in_seq=0 out_seq=0
2024-03-24T10:36:53.602 INFO:teuthology.orchestra.run.smithi094.stdout:/usr/bin/ceph: stderr
2024-03-24T10:36:52.774+0000 7ff8e77fe700 1 -- 172.21.15.94:0/3166718155 <== mon.0 v2:172.21.15.94:3300/0 1 ==== mon_map magic: 0 v1 ==== 229+0+0 (secure 0 0 0) 0x7ff8dc00b860 con 0x7ff8e8101dc0
2024-03-24T10:36:53.602 INFO:teuthology.orchestra.run.smithi094.stdout:/usr/bin/ceph: stderr
2024-03-24T10:36:52.774+0000 7ff8e77fe700 1 -- 172.21.15.94:0/3166718155 <== mon.0 v2:172.21.15.94:3300/0 2 ==== config(27 keys) v1 ==== 1044+0+0 (secure 0 0 0) 0x7ff8dc00be50 con 0x7ff8e8101dc0
2024-03-24T10:36:53.602 INFO:teuthology.orchestra.run.smithi094.stdout:/usr/bin/ceph: stderr
2024-03-24T10:36:52.774+0000 7ff8e77fe700 1 -- 172.21.15.94:0/3166718155 <== mon.0 v2:172.21.15.94:3300/0 3 ==== mon_map magic: 0 v1 ==== 229+0+0 (secure 0 0 0) 0x7ff8dc010380 con 0x7ff8e8101dc0
2024-03-24T10:36:53.602 INFO:teuthology.orchestra.run.smithi094.stdout:/usr/bin/ceph: stderr
2024-03-24T10:36:52.775+0000 7ff8eef05700 1 -- 172.21.15.94:0/3166718155 >> [v2:172.21.15.94:3300/0,v1:172.21.15.94:6789/0] conn(0x7ff8e8101dc0 msgr2=0x7ff8e81021d0 secure :-1 s=STATE_CONNECTION_ESTABLISHED l=1).mark_down
2024-03-24T10:36:53.602 INFO:teuthology.orchestra.run.smithi094.stdout:/usr/bin/ceph: stderr
2024-03-24T10:36:52.775+0000 7ff8eef05700 1 --2- 172.21.15.94:0/3166718155 >> [v2:172.21.15.94:3300/0,v1:172.21.15.94:6789/0] conn(0x7ff8e8101dc0 0x7ff8e81021d0 secure :-1 s=READY pgs=41 cs=0 l=1 rev1=1 crypto rx=0x7ff8dc0098e0 tx=0x7ff8dc009250 comp rx=0 tx=0).stop
2024-03-24T10:36:53.602 INFO:teuthology.orchestra.run.smithi094.stdout:/usr/bin/ceph: stderr
2024-03-24T10:36:52.775+0000 7ff8eef05700 1 -- 172.21.15.94:0/3166718155 shutdown_connections
2024-03-24T10:36:53.602 INFO:teuthology.orchestra.run.smithi094.stdout:/usr/bin/ceph: stderr
2024-03-24T10:36:52.775+0000 7ff8eef05700 1 --2- 172.21.15.94:0/3166718155 >> [v2:172.21.15.94:3300/0,v1:172.21.15.94:6789/0] conn(0x7ff8e8101dc0 0x7ff8e81021d0 unknown :-1 s=CLOSED pgs=41 cs=0 l=1 rev1=1 crypto rx=0 tx=0 comp rx=0 tx=0).stop
2024-03-24T10:36:53.602 INFO:teuthology.orchestra.run.smithi094.stdout:/usr/bin/ceph: stderr
2024-03-24T10:36:52.775+0000 7ff8eef05700 1 -- 172.21.15.94:0/3166718155 >> 172.21.15.94:0/3166718155 conn(0x7ff8e80fc750 msgr2=0x7ff8e80feb60 unknown :-1 s=STATE_NONE l=0).mark_down
2024-03-24T10:36:53.602 INFO:teuthology.orchestra.run.smithi094.stdout:/usr/bin/ceph: stderr
2024-03-24T10:36:52.775+0000 7ff8eef05700 1 -- 172.21.15.94:0/3166718155 shutdown_connections
2024-03-24T10:36:53.602 INFO:teuthology.orchestra.run.smithi094.stdout:/usr/bin/ceph: stderr
2024-03-24T10:36:52.775+0000 7ff8eef05700 1 -- 172.21.15.94:0/3166718155 wait complete.
2024-03-24T10:36:53.602 INFO:teuthology.orchestra.run.smithi094.stdout:/usr/bin/ceph: stderr
2024-03-24T10:36:52.775+0000 7ff8eef05700 1 Processor -- start
2024-03-24T10:36:53.602 INFO:teuthology.orchestra.run.smithi094.stdout:/usr/bin/ceph: stderr
2024-03-24T10:36:52.776+0000 7ff8eef05700 1 -- start start
2024-03-24T10:36:53.603 INFO:teuthology.orchestra.run.smithi094.stdout:/usr/bin/ceph: stderr
2024-03-24T10:36:52.776+0000 7ff8eef05700 1 --2- >> [v2:172.21.15.94:3300/0,v1:172.21.15.94:6789/0] conn(0x7ff8e8101dc0 0x7ff8e81015c0 unknown :-1 s=NONE pgs=0 cs=0 l=1 rev1=0 crypto rx=0 tx=0 comp rx=0 tx=0).connect
2024-03-24T10:36:53.603 INFO:teuthology.orchestra.run.smithi094.stdout:/usr/bin/ceph: stderr
2024-03-24T10:36:52.776+0000 7ff8eef05700 1 -- --> [v2:172.21.15.94:3300/0,v1:172.21.15.94:6789/0] -- mon_getmap magic: 0 v1 -- 0x7ff8e81143c0 con 0x7ff8e8101dc0
2024-03-24T10:36:53.603 INFO:teuthology.orchestra.run.smithi094.stdout:/usr/bin/ceph: stderr
2024-03-24T10:36:52.776+0000 7ff8ecca1700 1 --2- >> [v2:172.21.15.94:3300/0,v1:172.21.15.94:6789/0] conn(0x7ff8e8101dc0 0x7ff8e81015c0 unknown :-1 s=BANNER_CONNECTING pgs=0 cs=0 l=1 rev1=0 crypto rx=0 tx=0 comp rx=0 tx=0)._handle_peer_banner_payload supported=3 required=0
2024-03-24T10:36:53.603 INFO:teuthology.orchestra.run.smithi094.stdout:/usr/bin/ceph: stderr
2024-03-24T10:36:52.776+0000 7ff8ecca1700 1 --2- >> [v2:172.21.15.94:3300/0,v1:172.21.15.94:6789/0] conn(0x7ff8e8101dc0 0x7ff8e81015c0 unknown :-1 s=HELLO_CONNECTING pgs=0 cs=0 l=1 rev1=1 crypto rx=0 tx=0 comp rx=0 tx=0).handle_hello peer v2:172.21.15.94:3300/0 says I am v2:172.21.15.94:34524/0 (socket says 172.21.15.94:34524)
2024-03-24T10:36:53.603 INFO:teuthology.orchestra.run.smithi094.stdout:/usr/bin/ceph: stderr
2024-03-24T10:36:52.776+0000 7ff8ecca1700 1 -- 172.21.15.94:0/640863954 learned_addr learned my addr 172.21.15.94:0/640863954 (peer_addr_for_me v2:172.21.15.94:0/0)
2024-03-24T10:36:53.603 INFO:teuthology.orchestra.run.smithi094.stdout:/usr/bin/ceph: stderr
2024-03-24T10:36:52.776+0000 7ff8ecca1700 1 -- 172.21.15.94:0/640863954 --> [v2:172.21.15.94:3300/0,v1:172.21.15.94:6789/0] -- mon_subscribe({config=0+,monmap=0+}) v3 -- 0x7ff8dc0094f0 con 0x7ff8e8101dc0
2024-03-24T10:36:53.603 INFO:teuthology.orchestra.run.smithi094.stdout:/usr/bin/ceph: stderr
2024-03-24T10:36:52.776+0000 7ff8ecca1700 1 --2- 172.21.15.94:0/640863954 >> [v2:172.21.15.94:3300/0,v1:172.21.15.94:6789/0] conn(0x7ff8e8101dc0 0x7ff8e81015c0 secure :-1 s=READY pgs=42 cs=0 l=1 rev1=1 crypto rx=0x7ff8dc00b440 tx=0x7ff8dc009250 comp rx=0 tx=0).ready entity=mon.0 client_cookie=0 server_cookie=0 in_seq=0 out_seq=0
2024-03-24T10:36:53.603 INFO:teuthology.orchestra.run.smithi094.stdout:/usr/bin/ceph: stderr
2024-03-24T10:36:52.776+0000 7ff8e57fa700 1 -- 172.21.15.94:0/640863954 <== mon.0 v2:172.21.15.94:3300/0 1 ==== mon_map magic: 0 v1 ==== 229+0+0 (secure 0 0 0) 0x7ff8dc010760 con 0x7ff8e8101dc0
2024-03-24T10:36:53.604 INFO:teuthology.orchestra.run.smithi094.stdout:/usr/bin/ceph: stderr
2024-03-24T10:36:52.776+0000 7ff8e57fa700 1 -- 172.21.15.94:0/640863954 <== mon.0 v2:172.21.15.94:3300/0 2 ==== config(27 keys) v1 ==== 1044+0+0 (secure 0 0 0) 0x7ff8dc010d50 con 0x7ff8e8101dc0
2024-03-24T10:36:53.604 INFO:teuthology.orchestra.run.smithi094.stdout:/usr/bin/ceph: stderr
2024-03-24T10:36:52.777+0000 7ff8eef05700 1 -- 172.21.15.94:0/640863954 --> [v2:172.21.15.94:3300/0,v1:172.21.15.94:6789/0] -- mon_subscribe({mgrmap=0+}) v3 -- 0x7ff8e8114500 con 0x7ff8e8101dc0
2024-03-24T10:36:53.604 INFO:teuthology.orchestra.run.smithi094.stdout:/usr/bin/ceph: stderr
2024-03-24T10:36:52.777+0000 7ff8e57fa700 1 -- 172.21.15.94:0/640863954 <== mon.0 v2:172.21.15.94:3300/0 3 ==== mon_map magic: 0 v1 ==== 229+0+0 (secure 0 0 0) 0x7ff8dc01ae20 con 0x7ff8e8101dc0
2024-03-24T10:36:53.604 INFO:teuthology.orchestra.run.smithi094.stdout:/usr/bin/ceph: stderr
2024-03-24T10:36:52.777+0000 7ff8eef05700 1 -- 172.21.15.94:0/640863954 --> [v2:172.21.15.94:3300/0,v1:172.21.15.94:6789/0] -- mon_subscribe({osdmap=0}) v3 -- 0x7ff8e8114990 con 0x7ff8e8101dc0
2024-03-24T10:36:53.604 INFO:teuthology.orchestra.run.smithi094.stdout:/usr/bin/ceph: stderr
2024-03-24T10:36:52.777+0000 7ff8e57fa700 1 -- 172.21.15.94:0/640863954 <== mon.0 v2:172.21.15.94:3300/0 4 ==== mgrmap(e 8) v1 ==== 43368+0+0 (secure 0 0 0) 0x7ff8dc02e440 con 0x7ff8e8101dc0
2024-03-24T10:36:53.604 INFO:teuthology.orchestra.run.smithi094.stdout:/usr/bin/ceph: stderr
2024-03-24T10:36:52.777+0000 7ff8eef05700 1 -- 172.21.15.94:0/640863954 --> [v2:172.21.15.94:3300/0,v1:172.21.15.94:6789/0] -- mon_command({"prefix": "get_command_descriptions"} v 0) v1 -- 0x7ff8e804bed0 con 0x7ff8e8101dc0
2024-03-24T10:36:53.604 INFO:teuthology.orchestra.run.smithi094.stdout:/usr/bin/ceph: stderr
