2024-03-28T13:16:14.674+0000 7fe85effd700 1 --2- >> [v2:172.21.15.55:3300/0,v1:172.21.15.55:6789/0] conn(0x7fe860108af0 0x7fe86010aee0 unknown :-1 s=BANNER_CONNECTING pgs=0 cs=0 l=0 rev1=0 crypto rx=0 tx=0 comp rx=0 tx=0)._handle_peer_banner_payload supported=3 required=0
2024-03-28T13:16:15.450 INFO:teuthology.orchestra.run.smithi055.stdout:/usr/bin/ceph: stderr
2024-03-28T13:16:14.675+0000 7fe85effd700 1 --2- >> [v2:172.21.15.55:3300/0,v1:172.21.15.55:6789/0] conn(0x7fe860108af0 0x7fe86010aee0 unknown :-1 s=HELLO_CONNECTING pgs=0 cs=0 l=0 rev1=1 crypto rx=0 tx=0 comp rx=0 tx=0).handle_hello peer v2:172.21.15.55:3300/0 says I am v2:172.21.15.55:36706/0 (socket says 172.21.15.55:36706)
2024-03-28T13:16:15.450 INFO:teuthology.orchestra.run.smithi055.stdout:/usr/bin/ceph: stderr
2024-03-28T13:16:14.675+0000 7fe85effd700 1 -- 172.21.15.55:0/4073078045 learned_addr learned my addr 172.21.15.55:0/4073078045 (peer_addr_for_me v2:172.21.15.55:0/0)
2024-03-28T13:16:15.450 INFO:teuthology.orchestra.run.smithi055.stdout:/usr/bin/ceph: stderr
2024-03-28T13:16:14.675+0000 7fe85effd700 1 -- 172.21.15.55:0/4073078045 --> [v2:172.21.15.55:3300/0,v1:172.21.15.55:6789/0] -- mon_subscribe({config=0+,monmap=0+}) -- 0x7fe86010b420 con 0x7fe860108af0
2024-03-28T13:16:15.451 INFO:teuthology.orchestra.run.smithi055.stdout:/usr/bin/ceph: stderr
2024-03-28T13:16:14.675+0000 7fe85effd700 1 --2- 172.21.15.55:0/4073078045 >> [v2:172.21.15.55:3300/0,v1:172.21.15.55:6789/0] conn(0x7fe860108af0 0x7fe86010aee0 secure :-1 s=READY pgs=47 cs=0 l=1 rev1=1 crypto rx=0x7fe8500098a0 tx=0x7fe850009bb0 comp rx=0 tx=0).ready entity=mon.0 client_cookie=9cd23ee5eaf84ce3 server_cookie=0 in_seq=0 out_seq=0
2024-03-28T13:16:15.451 INFO:teuthology.orchestra.run.smithi055.stdout:/usr/bin/ceph: stderr
2024-03-28T13:16:14.675+0000 7fe85dffb700 1 -- 172.21.15.55:0/4073078045 <== mon.0 v2:172.21.15.55:3300/0 1 ==== mon_map magic: 0 ==== 205+0+0 (secure 0 0 0) 0x7fe850004160 con 0x7fe860108af0
2024-03-28T13:16:15.451 INFO:teuthology.orchestra.run.smithi055.stdout:/usr/bin/ceph: stderr
2024-03-28T13:16:14.675+0000 7fe85dffb700 1 -- 172.21.15.55:0/4073078045 <== mon.0 v2:172.21.15.55:3300/0 2 ==== config(26 keys) ==== 1071+0+0 (secure 0 0 0) 0x7fe850004300 con 0x7fe860108af0
2024-03-28T13:16:15.451 INFO:teuthology.orchestra.run.smithi055.stdout:/usr/bin/ceph: stderr
2024-03-28T13:16:14.675+0000 7fe85dffb700 1 -- 172.21.15.55:0/4073078045 <== mon.0 v2:172.21.15.55:3300/0 3 ==== mon_map magic: 0 ==== 205+0+0 (secure 0 0 0) 0x7fe850011a80 con 0x7fe860108af0
2024-03-28T13:16:15.451 INFO:teuthology.orchestra.run.smithi055.stdout:/usr/bin/ceph: stderr
2024-03-28T13:16:14.676+0000 7fe865443700 1 -- 172.21.15.55:0/4073078045 >> [v2:172.21.15.55:3300/0,v1:172.21.15.55:6789/0] conn(0x7fe860108af0 msgr2=0x7fe86010aee0 secure :-1 s=STATE_CONNECTION_ESTABLISHED l=1).mark_down
2024-03-28T13:16:15.451 INFO:teuthology.orchestra.run.smithi055.stdout:/usr/bin/ceph: stderr
2024-03-28T13:16:14.676+0000 7fe865443700 1 --2- 172.21.15.55:0/4073078045 >> [v2:172.21.15.55:3300/0,v1:172.21.15.55:6789/0] conn(0x7fe860108af0 0x7fe86010aee0 secure :-1 s=READY pgs=47 cs=0 l=1 rev1=1 crypto rx=0x7fe8500098a0 tx=0x7fe850009bb0 comp rx=0 tx=0).stop
2024-03-28T13:16:15.451 INFO:teuthology.orchestra.run.smithi055.stdout:/usr/bin/ceph: stderr
2024-03-28T13:16:14.676+0000 7fe865443700 1 -- 172.21.15.55:0/4073078045 shutdown_connections
2024-03-28T13:16:15.451 INFO:teuthology.orchestra.run.smithi055.stdout:/usr/bin/ceph: stderr
2024-03-28T13:16:14.676+0000 7fe865443700 1 --2- 172.21.15.55:0/4073078045 >> [v2:172.21.15.55:3300/0,v1:172.21.15.55:6789/0] conn(0x7fe860108af0 0x7fe86010aee0 unknown :-1 s=CLOSED pgs=47 cs=0 l=1 rev1=1 crypto rx=0 tx=0 comp rx=0 tx=0).stop
2024-03-28T13:16:15.451 INFO:teuthology.orchestra.run.smithi055.stdout:/usr/bin/ceph: stderr
2024-03-28T13:16:14.676+0000 7fe865443700 1 -- 172.21.15.55:0/4073078045 >> 172.21.15.55:0/4073078045 conn(0x7fe860102500 msgr2=0x7fe860104920 unknown :-1 s=STATE_NONE l=0).mark_down
2024-03-28T13:16:15.452 INFO:teuthology.orchestra.run.smithi055.stdout:/usr/bin/ceph: stderr
2024-03-28T13:16:14.676+0000 7fe865443700 1 -- 172.21.15.55:0/4073078045 shutdown_connections
2024-03-28T13:16:15.452 INFO:teuthology.orchestra.run.smithi055.stdout:/usr/bin/ceph: stderr
2024-03-28T13:16:14.676+0000 7fe865443700 1 -- 172.21.15.55:0/4073078045 wait complete.
2024-03-28T13:16:15.452 INFO:teuthology.orchestra.run.smithi055.stdout:/usr/bin/ceph: stderr
2024-03-28T13:16:14.676+0000 7fe865443700 1 Processor -- start
2024-03-28T13:16:15.452 INFO:teuthology.orchestra.run.smithi055.stdout:/usr/bin/ceph: stderr
2024-03-28T13:16:14.677+0000 7fe865443700 1 -- start start
2024-03-28T13:16:15.452 INFO:teuthology.orchestra.run.smithi055.stdout:/usr/bin/ceph: stderr
2024-03-28T13:16:14.677+0000 7fe865443700 1 --2- >> [v2:172.21.15.55:3300/0,v1:172.21.15.55:6789/0] conn(0x7fe860108af0 0x7fe86019bf50 unknown :-1 s=NONE pgs=0 cs=0 l=1 rev1=0 crypto rx=0 tx=0 comp rx=0 tx=0).connect
2024-03-28T13:16:15.452 INFO:teuthology.orchestra.run.smithi055.stdout:/usr/bin/ceph: stderr
2024-03-28T13:16:14.677+0000 7fe865443700 1 -- --> [v2:172.21.15.55:3300/0,v1:172.21.15.55:6789/0] -- mon_getmap magic: 0 -- 0x7fe86010c320 con 0x7fe860108af0
2024-03-28T13:16:15.452 INFO:teuthology.orchestra.run.smithi055.stdout:/usr/bin/ceph: stderr
2024-03-28T13:16:14.677+0000 7fe85effd700 1 --2- >> [v2:172.21.15.55:3300/0,v1:172.21.15.55:6789/0] conn(0x7fe860108af0 0x7fe86019bf50 unknown :-1 s=BANNER_CONNECTING pgs=0 cs=0 l=1 rev1=0 crypto rx=0 tx=0 comp rx=0 tx=0)._handle_peer_banner_payload supported=3 required=0
2024-03-28T13:16:15.452 INFO:teuthology.orchestra.run.smithi055.stdout:/usr/bin/ceph: stderr
2024-03-28T13:16:14.677+0000 7fe85effd700 1 --2- >> [v2:172.21.15.55:3300/0,v1:172.21.15.55:6789/0] conn(0x7fe860108af0 0x7fe86019bf50 unknown :-1 s=HELLO_CONNECTING pgs=0 cs=0 l=1 rev1=1 crypto rx=0 tx=0 comp rx=0 tx=0).handle_hello peer v2:172.21.15.55:3300/0 says I am v2:172.21.15.55:36712/0 (socket says 172.21.15.55:36712)
2024-03-28T13:16:15.452 INFO:teuthology.orchestra.run.smithi055.stdout:/usr/bin/ceph: stderr
2024-03-28T13:16:14.677+0000 7fe85effd700 1 -- 172.21.15.55:0/3881148299 learned_addr learned my addr 172.21.15.55:0/3881148299 (peer_addr_for_me v2:172.21.15.55:0/0)
2024-03-28T13:16:15.452 INFO:teuthology.orchestra.run.smithi055.stdout:/usr/bin/ceph: stderr
2024-03-28T13:16:14.677+0000 7fe85effd700 1 -- 172.21.15.55:0/3881148299 --> [v2:172.21.15.55:3300/0,v1:172.21.15.55:6789/0] -- mon_subscribe({config=0+,monmap=0+}) -- 0x7fe86019c490 con 0x7fe860108af0
2024-03-28T13:16:15.452 INFO:teuthology.orchestra.run.smithi055.stdout:/usr/bin/ceph: stderr
2024-03-28T13:16:14.677+0000 7fe85effd700 1 --2- 172.21.15.55:0/3881148299 >> [v2:172.21.15.55:3300/0,v1:172.21.15.55:6789/0] conn(0x7fe860108af0 0x7fe86019bf50 secure :-1 s=READY pgs=48 cs=0 l=1 rev1=1 crypto rx=0x7fe850011a50 tx=0x7fe850011b30 comp rx=0 tx=0).ready entity=mon.0 client_cookie=0 server_cookie=0 in_seq=0 out_seq=0
2024-03-28T13:16:15.452 INFO:teuthology.orchestra.run.smithi055.stdout:/usr/bin/ceph: stderr
2024-03-28T13:16:14.677+0000 7fe847fff700 1 -- 172.21.15.55:0/3881148299 <== mon.0 v2:172.21.15.55:3300/0 1 ==== mon_map magic: 0 ==== 205+0+0 (secure 0 0 0) 0x7fe850003a80 con 0x7fe860108af0
2024-03-28T13:16:15.452 INFO:teuthology.orchestra.run.smithi055.stdout:/usr/bin/ceph: stderr
2024-03-28T13:16:14.677+0000 7fe847fff700 1 -- 172.21.15.55:0/3881148299 <== mon.0 v2:172.21.15.55:3300/0 2 ==== config(26 keys) ==== 1071+0+0 (secure 0 0 0) 0x7fe850003c20 con 0x7fe860108af0
2024-03-28T13:16:15.453 INFO:teuthology.orchestra.run.smithi055.stdout:/usr/bin/ceph: stderr
2024-03-28T13:16:14.677+0000 7fe865443700 1 -- 172.21.15.55:0/3881148299 --> [v2:172.21.15.55:3300/0,v1:172.21.15.55:6789/0] -- mon_subscribe({mgrmap=0+}) -- 0x7fe86019c720 con 0x7fe860108af0
2024-03-28T13:16:15.453 INFO:teuthology.orchestra.run.smithi055.stdout:/usr/bin/ceph: stderr
2024-03-28T13:16:14.677+0000 7fe847fff700 1 -- 172.21.15.55:0/3881148299 <== mon.0 v2:172.21.15.55:3300/0 3 ==== mon_map magic: 0 ==== 205+0+0 (secure 0 0 0) 0x7fe85001a650 con 0x7fe860108af0
2024-03-28T13:16:15.453 INFO:teuthology.orchestra.run.smithi055.stdout:/usr/bin/ceph: stderr
2024-03-28T13:16:14.677+0000 7fe865443700 1 -- 172.21.15.55:0/3881148299 --> [v2:172.21.15.55:3300/0,v1:172.21.15.55:6789/0] -- mon_subscribe({osdmap=0}) -- 0x7fe86019f410 con 0x7fe860108af0
2024-03-28T13:16:15.453 INFO:teuthology.orchestra.run.smithi055.stdout:/usr/bin/ceph: stderr
2024-03-28T13:16:14.678+0000 7fe847fff700 1 -- 172.21.15.55:0/3881148299 <== mon.0 v2:172.21.15.55:3300/0 4 ==== mgrmap(e 8) ==== 46466+0+0 (secure 0 0 0) 0x7fe85001a920 con 0x7fe860108af0
2024-03-28T13:16:15.453 INFO:teuthology.orchestra.run.smithi055.stdout:/usr/bin/ceph: stderr
2024-03-28T13:16:14.678+0000 7fe865443700 1 -- 172.21.15.55:0/3881148299 --> [v2:172.21.15.55:3300/0,v1:172.21.15.55:6789/0] -- mon_command({"prefix": "get_command_descriptions"} v 0) -- 0x7fe860063c70 con 0x7fe860108af0
2024-03-28T13:16:15.453 INFO:teuthology.orchestra.run.smithi055.stdout:/usr/bin/ceph: stderr
2024-03-28T13:16:14.678+0000 7fe847fff700 1 --2- 172.21.15.55:0/3881148299 >> [v2:172.21.15.55:6800/3015655485,v1:172.21.15.55:6801/3015655485] conn(0x7fe848039420 0x7fe84803b8e0 unknown :-1 s=NONE pgs=0 cs=0 l=1 rev1=0 crypto rx=0 tx=0 comp rx=0 tx=0).connect
2024-03-28T13:16:15.453 INFO:teuthology.orchestra.run.smithi055.stdout:/usr/bin/ceph: stderr
2024-03-28T13:16:14.678+0000 7fe847fff700 1 -- 172.21.15.55:0/3881148299 <== mon.0 v2:172.21.15.55:3300/0 5 ==== osd_map(2..2 src has 1..2) ==== 940+0+0 (secure 0 0 0) 0x7fe85004d900 con 0x7fe860108af0
2024-03-28T13:16:15.453 INFO:teuthology.orchestra.run.smithi055.stdout:/usr/bin/ceph: stderr
2024-03-28T13:16:14.679+0000 7fe85e7fc700 1 --2- 172.21.15.55:0/3881148299 >> [v2:172.21.15.55:6800/3015655485,v1:172.21.15.55:6801/3015655485] conn(0x7fe848039420 0x7fe84803b8e0 unknown :-1 s=BANNER_CONNECTING pgs=0 cs=0 l=1 rev1=0 crypto rx=0 tx=0 comp rx=0 tx=0)._handle_peer_banner_payload supported=3 required=0
2024-03-28T13:16:15.453 INFO:teuthology.orchestra.run.smithi055.stdout:/usr/bin/ceph: stderr
2024-03-28T13:16:14.679+0000 7fe85e7fc700 1 --2- 172.21.15.55:0/3881148299 >> [v2:172.21.15.55:6800/3015655485,v1:172.21.15.55:6801/3015655485] conn(0x7fe848039420 0x7fe84803b8e0 secure :-1 s=READY pgs=12 cs=0 l=1 rev1=1 crypto rx=0x7fe854006fd0 tx=0x7fe854006e40 comp rx=0 tx=0).ready entity=mgr.14120 client_cookie=0 server_cookie=0 in_seq=0 out_seq=0
2024-03-28T13:16:15.453 INFO:teuthology.orchestra.run.smithi055.stdout:/usr/bin/ceph: stderr
2024-03-28T13:16:14.684+0000 7fe847fff700 1 -- 172.21.15.55:0/3881148299 <== mon.0 v2:172.21.15.55:3300/0 6 ==== mon_command_ack([{"prefix": "get_command_descriptions"}]=0 v0) ==== 72+0+187688 (secure 0 0 0) 0x7fe850019c70 con 0x7fe860108af0
2024-03-28T13:16:15.454 INFO:teuthology.orchestra.run.smithi055.stdout:/usr/bin/ceph: stderr
2024-03-28T13:16:14.902+0000 7fe865443700 1 -- 172.21.15.55:0/3881148299 --> [v2:172.21.15.55:6800/3015655485,v1:172.21.15.55:6801/3015655485] -- mgr_command(tid 0: {"prefix": "orch apply", "service_type": "mon", "unmanaged": true, "target": ["mon-mgr", ""]}) -- 0x7fe860103750 con 0x7fe848039420
2024-03-28T13:16:15.454 INFO:teuthology.orchestra.run.smithi055.stdout:/usr/bin/ceph: stderr
2024-03-28T13:16:14.907+0000 7fe847fff700 1 -- 172.21.15.55:0/3881148299 <== mgr.14120 v2:172.21.15.55:6800/3015655485 1 ==== mgr_command_reply(tid 0: 0 ) ==== 8+0+24 (secure 0 0 0) 0x7fe860103750 con 0x7fe848039420
2024-03-28T13:16:15.454 INFO:teuthology.orchestra.run.smithi055.stdout:/usr/bin/ceph: stderr
2024-03-28T13:16:14.909+0000 7fe865443700 1 -- 172.21.15.55:0/3881148299 >> [v2:172.21.15.55:6800/3015655485,v1:172.21.15.55:6801/3015655485] conn(0x7fe848039420 msgr2=0x7fe84803b8e0 secure :-1 s=STATE_CONNECTION_ESTABLISHED l=1).mark_down
2024-03-28T13:16:15.454 INFO:teuthology.orchestra.run.smithi055.stdout:/usr/bin/ceph: stderr
2024-03-28T13:16:14.909+0000 7fe865443700 1 --2- 172.21.15.55:0/3881148299 >> [v2:172.21.15.55:6800/3015655485,v1:172.21.15.55:6801/3015655485] conn(0x7fe848039420 0x7fe84803b8e0 secure :-1 s=READY pgs=12 cs=0 l=1 rev1=1 crypto rx=0x7fe854006fd0 tx=0x7fe854006e40 comp rx=0 tx=0).stop
2024-03-28T13:16:15.454 INFO:teuthology.orchestra.run.smithi055.stdout:/usr/bin/ceph: stderr
2024-03-28T13:16:14.909+0000 7fe865443700 1 -- 172.21.15.55:0/3881148299 >> [v2:172.21.15.55:3300/0,v1:172.21.15.55:6789/0] conn(0x7fe860108af0 msgr2=0x7fe86019bf50 secure :-1 s=STATE_CONNECTION_ESTABLISHED l=1).mark_down
2024-03-28T13:16:15.454 INFO:teuthology.orchestra.run.smithi055.stdout:/usr/bin/ceph: stderr
2024-03-28T13:16:14.909+0000 7fe865443700 1 --2- 172.21.15.55:0/3881148299 >> [v2:172.21.15.55:3300/0,v1:172.21.15.55:6789/0] conn(0x7fe860108af0 0x7fe86019bf50 secure :-1 s=READY pgs=48 cs=0 l=1 rev1=1 crypto rx=0x7fe850011a50 tx=0x7fe850011b30 comp rx=0 tx=0).stop
2024-03-28T13:16:15.454 INFO:teuthology.orchestra.run.smithi055.stdout:/usr/bin/ceph: stderr
2024-03-28T13:16:14.909+0000 7fe865443700 1 -- 172.21.15.55:0/3881148299 shutdown_connections
2024-03-28T13:16:15.454 INFO:teuthology.orchestra.run.smithi055.stdout:/usr/bin/ceph: stderr
2024-03-28T13:16:14.909+0000 7fe865443700 1 --2- 172.21.15.55:0/3881148299 >> [v2:172.21.15.55:6800/3015655485,v1:172.21.15.55:6801/3015655485] conn(0x7fe848039420 0x7fe84803b8e0 unknown :-1 s=CLOSED pgs=12 cs=0 l=1 rev1=1 crypto rx=0 tx=0 comp rx=0 tx=0).stop
2024-03-28T13:16:15.454 INFO:teuthology.orchestra.run.smithi055.stdout:/usr/bin/ceph: stderr
2024-03-28T13:16:14.909+0000 7fe865443700 1 --2- 172.21.15.55:0/3881148299 >> [v2:172.21.15.55:3300/0,v1:172.21.15.55:6789/0] conn(0x7fe860108af0 0x7fe86019bf50 unknown :-1 s=CLOSED pgs=48 cs=0 l=1 rev1=1 crypto rx=0 tx=0 comp rx=0 tx=0).stop
2024-03-28T13:16:15.454 INFO:teuthology.orchestra.run.smithi055.stdout:/usr/bin/ceph: stderr
2024-03-28T13:16:14.909+0000 7fe865443700 1 -- 172.21.15.55:0/3881148299 >> 172.21.15.55:0/3881148299 conn(0x7fe860102500 msgr2=0x7fe860103040 unknown :-1 s=STATE_NONE l=0).mark_down
2024-03-28T13:16:15.454 INFO:teuthology.orchestra.run.smithi055.stdout:/usr/bin/ceph: stderr
2024-03-28T13:16:14.910+0000 7fe865443700 1 -- 172.21.15.55:0/3881148299 shutdown_connections
2024-03-28T13:16:15.454 INFO:teuthology.orchestra.run.smithi055.stdout:/usr/bin/ceph: stderr
2024-03-28T13:16:14.910+0000 7fe865443700 1 -- 172.21.15.55:0/3881148299 wait complete.
2024-03-28T13:16:15.454 INFO:teuthology.orchestra.run.smithi055.stdout:Deploying unmanaged mgr service...
2024-03-28T13:16:16.118 INFO:journalctl@ceph.mon.a.smithi055.stdout:Mar 28 13:16:15 smithi055 ceph-mon[32069]: from='client.14142 -' entity='client.admin' cmd=[{"prefix": "orch apply", "service_type": "mon", "unmanaged": true, "target": ["mon-mgr", ""]}]: dispatch
2024-03-28T13:16:16.118 INFO:journalctl@ceph.mon.a.smithi055.stdout:Mar 28 13:16:15 smithi055 ceph-mon[32069]: Saving service mon spec with placement count:5
2024-03-28T13:16:16.118 INFO:journalctl@ceph.mon.a.smithi055.stdout:Mar 28 13:16:15 smithi055 ceph-mon[32069]: from='mgr.14120 172.21.15.55:0/3574539899' entity='mgr.x'
2024-03-28T13:16:16.793 INFO:teuthology.orchestra.run.smithi055.stdout:/usr/bin/ceph: stdout Scheduled mgr update...
2024-03-28T13:16:16.793 INFO:teuthology.orchestra.run.smithi055.stdout:/usr/bin/ceph: stderr
2024-03-28T13:16:15.883+0000 7f6d38607700 1 Processor -- start
2024-03-28T13:16:16.793 INFO:teuthology.orchestra.run.smithi055.stdout:/usr/bin/ceph: stderr
2024-03-28T13:16:15.884+0000 7f6d38607700 1 -- start start
2024-03-28T13:16:16.793 INFO:teuthology.orchestra.run.smithi055.stdout:/usr/bin/ceph: stderr
2024-03-28T13:16:15.884+0000 7f6d38607700 1 --2- >> [v2:172.21.15.55:3300/0,v1:172.21.15.55:6789/0] conn(0x7f6d30106f00 0x7f6d30107340 unknown :-1 s=NONE pgs=0 cs=0 l=0 rev1=0 crypto rx=0 tx=0 comp rx=0 tx=0).connect
2024-03-28T13:16:16.793 INFO:teuthology.orchestra.run.smithi055.stdout:/usr/bin/ceph: stderr
2024-03-28T13:16:15.884+0000 7f6d38607700 1 -- --> [v2:172.21.15.55:3300/0,v1:172.21.15.55:6789/0] -- mon_getmap magic: 0 -- 0x7f6d30107880 con 0x7f6d30106f00
2024-03-28T13:16:16.793 INFO:teuthology.orchestra.run.smithi055.stdout:/usr/bin/ceph: stderr
2024-03-28T13:16:15.884+0000 7f6d363a3700 1 --2- >> [v2:172.21.15.55:3300/0,v1:172.21.15.55:6789/0] conn(0x7f6d30106f00 0x7f6d30107340 unknown :-1 s=BANNER_CONNECTING pgs=0 cs=0 l=0 rev1=0 crypto rx=0 tx=0 comp rx=0 tx=0)._handle_peer_banner_payload supported=3 required=0
2024-03-28T13:16:16.793 INFO:teuthology.orchestra.run.smithi055.stdout:/usr/bin/ceph: stderr
2024-03-28T13:16:15.884+0000 7f6d363a3700 1 --2- >> [v2:172.21.15.55:3300/0,v1:172.21.15.55:6789/0] conn(0x7f6d30106f00 0x7f6d30107340 unknown :-1 s=HELLO_CONNECTING pgs=0 cs=0 l=0 rev1=1 crypto rx=0 tx=0 comp rx=0 tx=0).handle_hello peer v2:172.21.15.55:3300/0 says I am v2:172.21.15.55:36724/0 (socket says 172.21.15.55:36724)
2024-03-28T13:16:16.794 INFO:teuthology.orchestra.run.smithi055.stdout:/usr/bin/ceph: stderr
2024-03-28T13:16:15.884+0000 7f6d363a3700 1 -- 172.21.15.55:0/424122715 learned_addr learned my addr 172.21.15.55:0/424122715 (peer_addr_for_me v2:172.21.15.55:0/0)
2024-03-28T13:16:16.794 INFO:teuthology.orchestra.run.smithi055.stdout:/usr/bin/ceph: stderr
2024-03-28T13:16:15.884+0000 7f6d363a3700 1 -- 172.21.15.55:0/424122715 --> [v2:172.21.15.55:3300/0,v1:172.21.15.55:6789/0] -- mon_subscribe({config=0+,monmap=0+}) -- 0x7f6d301080e0 con 0x7f6d30106f00
2024-03-28T13:16:16.794 INFO:teuthology.orchestra.run.smithi055.stdout:/usr/bin/ceph: stderr
2024-03-28T13:16:15.884+0000 7f6d363a3700 1 --2- 172.21.15.55:0/424122715 >> [v2:172.21.15.55:3300/0,v1:172.21.15.55:6789/0] conn(0x7f6d30106f00 0x7f6d30107340 secure :-1 s=READY pgs=49 cs=0 l=1 rev1=1 crypto rx=0x7f6d2c0098a0 tx=0x7f6d2c009bb0 comp rx=0 tx=0).ready entity=mon.0 client_cookie=cb39c1e44ced18da server_cookie=0 in_seq=0 out_seq=0
2024-03-28T13:16:16.794 INFO:teuthology.orchestra.run.smithi055.stdout:/usr/bin/ceph: stderr
2024-03-28T13:16:15.885+0000 7f6d353a1700 1 -- 172.21.15.55:0/424122715 <== mon.0 v2:172.21.15.55:3300/0 1 ==== mon_map magic: 0 ==== 205+0+0 (secure 0 0 0) 0x7f6d2c004160 con 0x7f6d30106f00
2024-03-28T13:16:16.794 INFO:teuthology.orchestra.run.smithi055.stdout:/usr/bin/ceph: stderr
2024-03-28T13:16:15.885+0000 7f6d353a1700 1 -- 172.21.15.55:0/424122715 <== mon.0 v2:172.21.15.55:3300/0 2 ==== config(26 keys) ==== 1071+0+0 (secure 0 0 0) 0x7f6d2c004300 con 0x7f6d30106f00
2024-03-28T13:16:16.794 INFO:teuthology.orchestra.run.smithi055.stdout:/usr/bin/ceph: stderr
2024-03-28T13:16:15.885+0000 7f6d353a1700 1 -- 172.21.15.55:0/424122715 <== mon.0 v2:172.21.15.55:3300/0 3 ==== mon_map magic: 0 ==== 205+0+0 (secure 0 0 0) 0x7f6d2c011a80 con 0x7f6d30106f00
2024-03-28T13:16:16.794 INFO:teuthology.orchestra.run.smithi055.stdout:/usr/bin/ceph: stderr
2024-03-28T13:16:15.885+0000 7f6d38607700 1 -- 172.21.15.55:0/424122715 >> [v2:172.21.15.55:3300/0,v1:172.21.15.55:6789/0] conn(0x7f6d30106f00 msgr2=0x7f6d30107340 secure :-1 s=STATE_CONNECTION_ESTABLISHED l=1).mark_down
2024-03-28T13:16:16.794 INFO:teuthology.orchestra.run.smithi055.stdout:/usr/bin/ceph: stderr
2024-03-28T13:16:15.885+0000 7f6d38607700 1 --2- 172.21.15.55:0/424122715 >> [v2:172.21.15.55:3300/0,v1:172.21.15.55:6789/0] conn(0x7f6d30106f00 0x7f6d30107340 secure :-1 s=READY pgs=49 cs=0 l=1 rev1=1 crypto rx=0x7f6d2c0098a0 tx=0x7f6d2c009bb0 comp rx=0 tx=0).stop
2024-03-28T13:16:16.794 INFO:teuthology.orchestra.run.smithi055.stdout:/usr/bin/ceph: stderr
2024-03-28T13:16:15.885+0000 7f6d38607700 1 -- 172.21.15.55:0/424122715 shutdown_connections
2024-03-28T13:16:16.794 INFO:teuthology.orchestra.run.smithi055.stdout:/usr/bin/ceph: stderr
2024-03-28T13:16:15.885+0000 7f6d38607700 1 --2- 172.21.15.55:0/424122715 >> [v2:172.21.15.55:3300/0,v1:172.21.15.55:6789/0] conn(0x7f6d30106f00 0x7f6d30107340 unknown :-1 s=CLOSED pgs=49 cs=0 l=1 rev1=1 crypto rx=0 tx=0 comp rx=0 tx=0).stop
2024-03-28T13:16:16.794 INFO:teuthology.orchestra.run.smithi055.stdout:/usr/bin/ceph: stderr
2024-03-28T13:16:15.885+0000 7f6d38607700 1 -- 172.21.15.55:0/424122715 >> 172.21.15.55:0/424122715 conn(0x7f6d30102550 msgr2=0x7f6d30104970 unknown :-1 s=STATE_NONE l=0).mark_down
2024-03-28T13:16:16.795 INFO:teuthology.orchestra.run.smithi055.stdout:/usr/bin/ceph: stderr
2024-03-28T13:16:15.885+0000 7f6d38607700 1 -- 172.21.15.55:0/424122715 shutdown_connections
2024-03-28T13:16:16.795 INFO:teuthology.orchestra.run.smithi055.stdout:/usr/bin/ceph: stderr
2024-03-28T13:16:15.885+0000 7f6d38607700 1 -- 172.21.15.55:0/424122715 wait complete.
2024-03-28T13:16:16.795 INFO:teuthology.orchestra.run.smithi055.stdout:/usr/bin/ceph: stderr
2024-03-28T13:16:15.886+0000 7f6d38607700 1 Processor -- start
2024-03-28T13:16:16.795 INFO:teuthology.orchestra.run.smithi055.stdout:/usr/bin/ceph: stderr
2024-03-28T13:16:15.886+0000 7f6d38607700 1 -- start start
2024-03-28T13:16:16.795 INFO:teuthology.orchestra.run.smithi055.stdout:/usr/bin/ceph: stderr
2024-03-28T13:16:15.886+0000 7f6d38607700 1 --2- >> [v2:172.21.15.55:3300/0,v1:172.21.15.55:6789/0] conn(0x7f6d30106f00 0x7f6d3007ba80 unknown :-1 s=NONE pgs=0 cs=0 l=1 rev1=0 crypto rx=0 tx=0 comp rx=0 tx=0).connect
2024-03-28T13:16:16.795 INFO:teuthology.orchestra.run.smithi055.stdout:/usr/bin/ceph: stderr
2024-03-28T13:16:15.886+0000 7f6d38607700 1 -- --> [v2:172.21.15.55:3300/0,v1:172.21.15.55:6789/0] -- mon_getmap magic: 0 -- 0x7f6d30108f00 con 0x7f6d30106f00
2024-03-28T13:16:16.795 INFO:teuthology.orchestra.run.smithi055.stdout:/usr/bin/ceph: stderr
2024-03-28T13:16:15.886+0000 7f6d363a3700 1 --2- >> [v2:172.21.15.55:3300/0,v1:172.21.15.55:6789/0] conn(0x7f6d30106f00 0x7f6d3007ba80 unknown :-1 s=BANNER_CONNECTING pgs=0 cs=0 l=1 rev1=0 crypto rx=0 tx=0 comp rx=0 tx=0)._handle_peer_banner_payload supported=3 required=0
2024-03-28T13:16:16.795 INFO:teuthology.orchestra.run.smithi055.stdout:/usr/bin/ceph: stderr
2024-03-28T13:16:15.886+0000 7f6d363a3700 1 --2- >> [v2:172.21.15.55:3300/0,v1:172.21.15.55:6789/0] conn(0x7f6d30106f00 0x7f6d3007ba80 unknown :-1 s=HELLO_CONNECTING pgs=0 cs=0 l=1 rev1=1 crypto rx=0 tx=0 comp rx=0 tx=0).handle_hello peer v2:172.21.15.55:3300/0 says I am v2:172.21.15.55:36734/0 (socket says 172.21.15.55:36734)
2024-03-28T13:16:16.795 INFO:teuthology.orchestra.run.smithi055.stdout:/usr/bin/ceph: stderr
2024-03-28T13:16:15.886+0000 7f6d363a3700 1 -- 172.21.15.55:0/4117497861 learned_addr learned my addr 172.21.15.55:0/4117497861 (peer_addr_for_me v2:172.21.15.55:0/0)
2024-03-28T13:16:16.795 INFO:teuthology.orchestra.run.smithi055.stdout:/usr/bin/ceph: stderr
2024-03-28T13:16:15.886+0000 7f6d363a3700 1 -- 172.21.15.55:0/4117497861 --> [v2:172.21.15.55:3300/0,v1:172.21.15.55:6789/0] -- mon_subscribe({config=0+,monmap=0+}) -- 0x7f6d3019ecd0 con 0x7f6d30106f00
2024-03-28T13:16:16.795 INFO:teuthology.orchestra.run.smithi055.stdout:/usr/bin/ceph: stderr
2024-03-28T13:16:15.887+0000 7f6d363a3700 1 --2- 172.21.15.55:0/4117497861 >> [v2:172.21.15.55:3300/0,v1:172.21.15.55:6789/0] conn(0x7f6d30106f00 0x7f6d3007ba80 secure :-1 s=READY pgs=50 cs=0 l=1 rev1=1 crypto rx=0x7f6d2c006af0 tx=0x7f6d2c011b70 comp rx=0 tx=0).ready entity=mon.0 client_cookie=0 server_cookie=0 in_seq=0 out_seq=0
2024-03-28T13:16:16.795 INFO:teuthology.orchestra.run.smithi055.stdout:/usr/bin/ceph: stderr
2024-03-28T13:16:15.887+0000 7f6d277fe700 1 -- 172.21.15.55:0/4117497861 <== mon.0 v2:172.21.15.55:3300/0 1 ==== mon_map magic: 0 ==== 205+0+0 (secure 0 0 0) 0x7f6d2c003930 con 0x7f6d30106f00
2024-03-28T13:16:16.795 INFO:teuthology.orchestra.run.smithi055.stdout:/usr/bin/ceph: stderr
2024-03-28T13:16:15.887+0000 7f6d277fe700 1 -- 172.21.15.55:0/4117497861 <== mon.0 v2:172.21.15.55:3300/0 2 ==== config(26 keys) ==== 1071+0+0 (secure 0 0 0) 0x7f6d2c003ad0 con 0x7f6d30106f00
2024-03-28T13:16:16.796 INFO:teuthology.orchestra.run.smithi055.stdout:/usr/bin/ceph: stderr
2024-03-28T13:16:15.887+0000 7f6d38607700 1 -- 172.21.15.55:0/4117497861 --> [v2:172.21.15.55:3300/0,v1:172.21.15.55:6789/0] -- mon_subscribe({mgrmap=0+}) -- 0x7f6d3019eea0 con 0x7f6d30106f00
2024-03-28T13:16:16.796 INFO:teuthology.orchestra.run.smithi055.stdout:/usr/bin/ceph: stderr
2024-03-28T13:16:15.887+0000 7f6d277fe700 1 -- 172.21.15.55:0/4117497861 <== mon.0 v2:172.21.15.55:3300/0 3 ==== mon_map magic: 0 ==== 205+0+0 (secure 0 0 0) 0x7f6d2c0195e0 con 0x7f6d30106f00
2024-03-28T13:16:16.796 INFO:teuthology.orchestra.run.smithi055.stdout:/usr/bin/ceph: stderr
2024-03-28T13:16:15.887+0000 7f6d38607700 1 -- 172.21.15.55:0/4117497861 --> [v2:172.21.15.55:3300/0,v1:172.21.15.55:6789/0] -- mon_subscribe({osdmap=0}) -- 0x7f6d3019f2c0 con 0x7f6d30106f00
2024-03-28T13:16:16.796 INFO:teuthology.orchestra.run.smithi055.stdout:/usr/bin/ceph: stderr
2024-03-28T13:16:15.888+0000 7f6d277fe700 1 -- 172.21.15.55:0/4117497861 <== mon.0 v2:172.21.15.55:3300/0 4 ==== mgrmap(e 8) ==== 46466+0+0 (secure 0 0 0) 0x7f6d2c01a430 con 0x7f6d30106f00
2024-03-28T13:16:16.796 INFO:teuthology.orchestra.run.smithi055.stdout:/usr/bin/ceph: stderr
2024-03-28T13:16:15.888+0000 7f6d38607700 1 -- 172.21.15.55:0/4117497861 --> [v2:172.21.15.55:3300/0,v1:172.21.15.55:6789/0] -- mon_command({"prefix": "get_command_descriptions"} v 0) -- 0x7f6d30063c70 con 0x7f6d30106f00
2024-03-28T13:16:16.796 INFO:teuthology.orchestra.run.smithi055.stdout:/usr/bin/ceph: stderr
2024-03-28T13:16:15.888+0000 7f6d277fe700 1 --2- 172.21.15.55:0/4117497861 >> [v2:172.21.15.55:6800/3015655485,v1:172.21.15.55:6801/3015655485] conn(0x7f6d1c039380 0x7f6d1c03b840 unknown :-1 s=NONE pgs=0 cs=0 l=1 rev1=0 crypto rx=0 tx=0 comp rx=0 tx=0).connect
2024-03-28T13:16:16.796 INFO:teuthology.orchestra.run.smithi055.stdout:/usr/bin/ceph: stderr
2024-03-28T13:16:15.888+0000 7f6d277fe700 1 -- 172.21.15.55:0/4117497861 <== mon.0 v2:172.21.15.55:3300/0 5 ==== osd_map(2..2 src has 1..2) ==== 940+0+0 (secure 0 0 0) 0x7f6d2c04d970 con 0x7f6d30106f00
2024-03-28T13:16:16.796 INFO:teuthology.orchestra.run.smithi055.stdout:/usr/bin/ceph: stderr
2024-03-28T13:16:15.888+0000 7f6d35ba2700 1 --2- 172.21.15.55:0/4117497861 >> [v2:172.21.15.55:6800/3015655485,v1:172.21.15.55:6801/3015655485] conn(0x7f6d1c039380 0x7f6d1c03b840 unknown :-1 s=BANNER_CONNECTING pgs=0 cs=0 l=1 rev1=0 crypto rx=0 tx=0 comp rx=0 tx=0)._handle_peer_banner_payload supported=3 required=0
2024-03-28T13:16:16.796 INFO:teuthology.orchestra.run.smithi055.stdout:/usr/bin/ceph: stderr
2024-03-28T13:16:15.888+0000 7f6d35ba2700 1 --2- 172.21.15.55:0/4117497861 >> [v2:172.21.15.55:6800/3015655485,v1:172.21.15.55:6801/3015655485] conn(0x7f6d1c039380 0x7f6d1c03b840 secure :-1 s=READY pgs=13 cs=0 l=1 rev1=1 crypto rx=0x7f6d20006fd0 tx=0x7f6d20006e40 comp rx=0 tx=0).ready entity=mgr.14120 client_cookie=0 server_cookie=0 in_seq=0 out_seq=0
2024-03-28T13:16:16.796 INFO:teuthology.orchestra.run.smithi055.stdout:/usr/bin/ceph: stderr
2024-03-28T13:16:15.893+0000 7f6d277fe700 1 -- 172.21.15.55:0/4117497861 <== mon.0 v2:172.21.15.55:3300/0 6 ==== mon_command_ack([{"prefix": "get_command_descriptions"}]=0 v0) ==== 72+0+187688 (secure 0 0 0) 0x7f6d2c01a720 con 0x7f6d30106f00
2024-03-28T13:16:16.796 INFO:teuthology.orchestra.run.smithi055.stdout:/usr/bin/ceph: stderr
2024-03-28T13:16:16.117+0000 7f6d38607700 1 -- 172.21.15.55:0/4117497861 --> [v2:172.21.15.55:6800/3015655485,v1:172.21.15.55:6801/3015655485] -- mgr_command(tid 0: {"prefix": "orch apply", "service_type": "mgr", "unmanaged": true, "target": ["mon-mgr", ""]}) -- 0x7f6d30103860 con 0x7f6d1c039380
2024-03-28T13:16:16.796 INFO:teuthology.orchestra.run.smithi055.stdout:/usr/bin/ceph: stderr
2024-03-28T13:16:16.123+0000 7f6d277fe700 1 -- 172.21.15.55:0/4117497861 <== mgr.14120 v2:172.21.15.55:6800/3015655485 1 ==== mgr_command_reply(tid 0: 0 ) ==== 8+0+24 (secure 0 0 0) 0x7f6d30103860 con 0x7f6d1c039380
2024-03-28T13:16:16.797 INFO:teuthology.orchestra.run.smithi055.stdout:/usr/bin/ceph: stderr
2024-03-28T13:16:16.125+0000 7f6d38607700 1 -- 172.21.15.55:0/4117497861 >> [v2:172.21.15.55:6800/3015655485,v1:172.21.15.55:6801/3015655485] conn(0x7f6d1c039380 msgr2=0x7f6d1c03b840 secure :-1 s=STATE_CONNECTION_ESTABLISHED l=1).mark_down
2024-03-28T13:16:16.797 INFO:teuthology.orchestra.run.smithi055.stdout:/usr/bin/ceph: stderr
2024-03-28T13:16:16.126+0000 7f6d38607700 1 --2- 172.21.15.55:0/4117497861 >> [v2:172.21.15.55:6800/3015655485,v1:172.21.15.55:6801/3015655485] conn(0x7f6d1c039380 0x7f6d1c03b840 secure :-1 s=READY pgs=13 cs=0 l=1 rev1=1 crypto rx=0x7f6d20006fd0 tx=0x7f6d20006e40 comp rx=0 tx=0).stop
2024-03-28T13:16:16.797 INFO:teuthology.orchestra.run.smithi055.stdout:/usr/bin/ceph: stderr
2024-03-28T13:16:16.126+0000 7f6d38607700 1 -- 172.21.15.55:0/4117497861 >> [v2:172.21.15.55:3300/0,v1:172.21.15.55:6789/0] conn(0x7f6d30106f00 msgr2=0x7f6d3007ba80 secure :-1 s=STATE_CONNECTION_ESTABLISHED l=1).mark_down
2024-03-28T13:16:16.797 INFO:teuthology.orchestra.run.smithi055.stdout:/usr/bin/ceph: stderr
2024-03-28T13:16:16.126+0000 7f6d38607700 1 --2- 172.21.15.55:0/4117497861 >> [v2:172.21.15.55:3300/0,v1:172.21.15.55:6789/0] conn(0x7f6d30106f00 0x7f6d3007ba80 secure :-1 s=READY pgs=50 cs=0 l=1 rev1=1 crypto rx=0x7f6d2c006af0 tx=0x7f6d2c011b70 comp rx=0 tx=0).stop
2024-03-28T13:16:16.797 INFO:teuthology.orchestra.run.smithi055.stdout:/usr/bin/ceph: stderr
2024-03-28T13:16:16.126+0000 7f6d38607700 1 -- 172.21.15.55:0/4117497861 shutdown_connections
2024-03-28T13:16:16.797 INFO:teuthology.orchestra.run.smithi055.stdout:/usr/bin/ceph: stderr
2024-03-28T13:16:16.126+0000 7f6d38607700 1 --2- 172.21.15.55:0/4117497861 >> [v2:172.21.15.55:6800/3015655485,v1:172.21.15.55:6801/3015655485] conn(0x7f6d1c039380 0x7f6d1c03b840 unknown :-1 s=CLOSED pgs=13 cs=0 l=1 rev1=1 crypto rx=0 tx=0 comp rx=0 tx=0).stop
2024-03-28T13:16:16.797 INFO:teuthology.orchestra.run.smithi055.stdout:/usr/bin/ceph: stderr
2024-03-28T13:16:16.126+0000 7f6d38607700 1 --2- 172.21.15.55:0/4117497861 >> [v2:172.21.15.55:3300/0,v1:172.21.15.55:6789/0] conn(0x7f6d30106f00 0x7f6d3007ba80 unknown :-1 s=CLOSED pgs=50 cs=0 l=1 rev1=1 crypto rx=0 tx=0 comp rx=0 tx=0).stop
2024-03-28T13:16:16.797 INFO:teuthology.orchestra.run.smithi055.stdout:/usr/bin/ceph: stderr
2024-03-28T13:16:16.126+0000 7f6d38607700 1 -- 172.21.15.55:0/4117497861 >> 172.21.15.55:0/4117497861 conn(0x7f6d30102550 msgr2=0x7f6d30103150 unknown :-1 s=STATE_NONE l=0).mark_down
2024-03-28T13:16:16.797 INFO:teuthology.orchestra.run.smithi055.stdout:/usr/bin/ceph: stderr
2024-03-28T13:16:16.126+0000 7f6d38607700 1 -- 172.21.15.55:0/4117497861 shutdown_connections
2024-03-28T13:16:16.797 INFO:teuthology.orchestra.run.smithi055.stdout:/usr/bin/ceph: stderr
2024-03-28T13:16:16.126+0000 7f6d38607700 1 -- 172.21.15.55:0/4117497861 wait complete.
2024-03-28T13:16:17.379 INFO:journalctl@ceph.mon.a.smithi055.stdout:Mar 28 13:16:17 smithi055 ceph-mon[32069]: from='client.14144 -' entity='client.admin' cmd=[{"prefix": "orch apply", "service_type": "mgr", "unmanaged": true, "target": ["mon-mgr", ""]}]: dispatch
2024-03-28T13:16:17.380 INFO:journalctl@ceph.mon.a.smithi055.stdout:Mar 28 13:16:17 smithi055 ceph-mon[32069]: Saving service mgr spec with placement count:2
2024-03-28T13:16:17.380 INFO:journalctl@ceph.mon.a.smithi055.stdout:Mar 28 13:16:17 smithi055 ceph-mon[32069]: from='mgr.14120 172.21.15.55:0/3574539899' entity='mgr.x'
2024-03-28T13:16:18.672 INFO:journalctl@ceph.mon.a.smithi055.stdout:Mar 28 13:16:18 smithi055 ceph-mon[32069]: from='mgr.14120 172.21.15.55:0/3574539899' entity='mgr.x'
2024-03-28T13:16:18.672 INFO:journalctl@ceph.mon.a.smithi055.stdout:Mar 28 13:16:18 smithi055 ceph-mon[32069]: from='client.? 172.21.15.55:0/3629984979' entity='client.admin'
2024-03-28T13:16:18.673 INFO:journalctl@ceph.mon.a.smithi055.stdout:Mar 28 13:16:18 smithi055 ceph-mon[32069]: from='mgr.14120 172.21.15.55:0/3574539899' entity='mgr.x'
2024-03-28T13:16:18.679 INFO:teuthology.orchestra.run.smithi055.stdout:/usr/bin/ceph: stderr
2024-03-28T13:16:17.874+0000 7f8d1d3ca700 1 Processor -- start
2024-03-28T13:16:18.679 INFO:teuthology.orchestra.run.smithi055.stdout:/usr/bin/ceph: stderr
2024-03-28T13:16:17.874+0000 7f8d1d3ca700 1 -- start start
2024-03-28T13:16:18.679 INFO:teuthology.orchestra.run.smithi055.stdout:/usr/bin/ceph: stderr
2024-03-28T13:16:17.874+0000 7f8d1d3ca700 1 --2- >> [v2:172.21.15.55:3300/0,v1:172.21.15.55:6789/0] conn(0x7f8d18108b10 0x7f8d1810af00 unknown :-1 s=NONE pgs=0 cs=0 l=0 rev1=0 crypto rx=0 tx=0 comp rx=0 tx=0).connect
2024-03-28T13:16:18.680 INFO:teuthology.orchestra.run.smithi055.stdout:/usr/bin/ceph: stderr
2024-03-28T13:16:17.874+0000 7f8d1d3ca700 1 -- --> [v2:172.21.15.55:3300/0,v1:172.21.15.55:6789/0] -- mon_getmap magic: 0 -- 0x7f8d1807be20 con 0x7f8d18108b10
2024-03-28T13:16:18.680 INFO:teuthology.orchestra.run.smithi055.stdout:/usr/bin/ceph: stderr
2024-03-28T13:16:17.874+0000 7f8d16ffd700 1 --2- >> [v2:172.21.15.55:3300/0,v1:172.21.15.55:6789/0] conn(0x7f8d18108b10 0x7f8d1810af00 unknown :-1 s=BANNER_CONNECTING pgs=0 cs=0 l=0 rev1=0 crypto rx=0 tx=0 comp rx=0 tx=0)._handle_peer_banner_payload supported=3 required=0
2024-03-28T13:16:18.680 INFO:teuthology.orchestra.run.smithi055.stdout:/usr/bin/ceph: stderr
2024-03-28T13:16:17.874+0000 7f8d16ffd700 1 --2- >> [v2:172.21.15.55:3300/0,v1:172.21.15.55:6789/0] conn(0x7f8d18108b10 0x7f8d1810af00 unknown :-1 s=HELLO_CONNECTING pgs=0 cs=0 l=0 rev1=1 crypto rx=0 tx=0 comp rx=0 tx=0).handle_hello peer v2:172.21.15.55:3300/0 says I am v2:172.21.15.55:36744/0 (socket says 172.21.15.55:36744)
2024-03-28T13:16:18.680 INFO:teuthology.orchestra.run.smithi055.stdout:/usr/bin/ceph: stderr
2024-03-28T13:16:17.874+0000 7f8d16ffd700 1 -- 172.21.15.55:0/539109466 learned_addr learned my addr 172.21.15.55:0/539109466 (peer_addr_for_me v2:172.21.15.55:0/0)
2024-03-28T13:16:18.680 INFO:teuthology.orchestra.run.smithi055.stdout:/usr/bin/ceph: stderr
2024-03-28T13:16:17.874+0000 7f8d16ffd700 1 -- 172.21.15.55:0/539109466 --> [v2:172.21.15.55:3300/0,v1:172.21.15.55:6789/0] -- mon_subscribe({config=0+,monmap=0+}) -- 0x7f8d1810b440 con 0x7f8d18108b10
2024-03-28T13:16:18.680 INFO:teuthology.orchestra.run.smithi055.stdout:/usr/bin/ceph: stderr
2024-03-28T13:16:17.875+0000 7f8d16ffd700 1 --2- 172.21.15.55:0/539109466 >> [v2:172.21.15.55:3300/0,v1:172.21.15.55:6789/0] conn(0x7f8d18108b10 0x7f8d1810af00 secure :-1 s=READY pgs=51 cs=0 l=1 rev1=1 crypto rx=0x7f8d080098a0 tx=0x7f8d08009bb0 comp rx=0 tx=0).ready entity=mon.0 client_cookie=3168fb0f00d1f551 server_cookie=0 in_seq=0 out_seq=0
2024-03-28T13:16:18.680 INFO:teuthology.orchestra.run.smithi055.stdout:/usr/bin/ceph: stderr
2024-03-28T13:16:17.875+0000 7f8d15ffb700 1 -- 172.21.15.55:0/539109466 <== mon.0 v2:172.21.15.55:3300/0 1 ==== mon_map magic: 0 ==== 205+0+0 (secure 0 0 0) 0x7f8d08004160 con 0x7f8d18108b10
2024-03-28T13:16:18.680 INFO:teuthology.orchestra.run.smithi055.stdout:/usr/bin/ceph: stderr
2024-03-28T13:16:17.875+0000 7f8d15ffb700 1 -- 172.21.15.55:0/539109466 <== mon.0 v2:172.21.15.55:3300/0 2 ==== config(26 keys) ==== 1102+0+0 (secure 0 0 0) 0x7f8d08004300 con 0x7f8d18108b10
2024-03-28T13:16:18.680 INFO:teuthology.orchestra.run.smithi055.stdout:/usr/bin/ceph: stderr
2024-03-28T13:16:17.875+0000 7f8d15ffb700 1 -- 172.21.15.55:0/539109466 <== mon.0 v2:172.21.15.55:3300/0 3 ==== mon_map magic: 0 ==== 205+0+0 (secure 0 0 0) 0x7f8d08011a50 con 0x7f8d18108b10
2024-03-28T13:16:18.680 INFO:teuthology.orchestra.run.smithi055.stdout:/usr/bin/ceph: stderr
2024-03-28T13:16:17.876+0000 7f8d1d3ca700 1 -- 172.21.15.55:0/539109466 >> [v2:172.21.15.55:3300/0,v1:172.21.15.55:6789/0] conn(0x7f8d18108b10 msgr2=0x7f8d1810af00 secure :-1 s=STATE_CONNECTION_ESTABLISHED l=1).mark_down
2024-03-28T13:16:18.680 INFO:teuthology.orchestra.run.smithi055.stdout:/usr/bin/ceph: stderr
2024-03-28T13:16:17.876+0000 7f8d1d3ca700 1 --2- 172.21.15.55:0/539109466 >> [v2:172.21.15.55:3300/0,v1:172.21.15.55:6789/0] conn(0x7f8d18108b10 0x7f8d1810af00 secure :-1 s=READY pgs=51 cs=0 l=1 rev1=1 crypto rx=0x7f8d080098a0 tx=0x7f8d08009bb0 comp rx=0 tx=0).stop
2024-03-28T13:16:18.680 INFO:teuthology.orchestra.run.smithi055.stdout:/usr/bin/ceph: stderr
2024-03-28T13:16:17.876+0000 7f8d1d3ca700 1 -- 172.21.15.55:0/539109466 shutdown_connections
2024-03-28T13:16:18.680 INFO:teuthology.orchestra.run.smithi055.stdout:/usr/bin/ceph: stderr
2024-03-28T13:16:17.876+0000 7f8d1d3ca700 1 --2- 172.21.15.55:0/539109466 >> [v2:172.21.15.55:3300/0,v1:172.21.15.55:6789/0] conn(0x7f8d18108b10 0x7f8d1810af00 unknown :-1 s=CLOSED pgs=51 cs=0 l=1 rev1=1 crypto rx=0 tx=0 comp rx=0 tx=0).stop
2024-03-28T13:16:18.681 INFO:teuthology.orchestra.run.smithi055.stdout:/usr/bin/ceph: stderr
2024-03-28T13:16:17.876+0000 7f8d1d3ca700 1 -- 172.21.15.55:0/539109466 >> 172.21.15.55:0/539109466 conn(0x7f8d18102500 msgr2=0x7f8d18104920 unknown :-1 s=STATE_NONE l=0).mark_down
2024-03-28T13:16:18.681 INFO:teuthology.orchestra.run.smithi055.stdout:/usr/bin/ceph: stderr
2024-03-28T13:16:17.876+0000 7f8d1d3ca700 1 -- 172.21.15.55:0/539109466 shutdown_connections
2024-03-28T13:16:18.681 INFO:teuthology.orchestra.run.smithi055.stdout:/usr/bin/ceph: stderr
2024-03-28T13:16:17.876+0000 7f8d1d3ca700 1 -- 172.21.15.55:0/539109466 wait complete.
2024-03-28T13:16:18.681 INFO:teuthology.orchestra.run.smithi055.stdout:/usr/bin/ceph: stderr
2024-03-28T13:16:17.876+0000 7f8d1d3ca700 1 Processor -- start
2024-03-28T13:16:18.681 INFO:teuthology.orchestra.run.smithi055.stdout:/usr/bin/ceph: stderr
2024-03-28T13:16:17.876+0000 7f8d1d3ca700 1 -- start start
2024-03-28T13:16:18.681 INFO:teuthology.orchestra.run.smithi055.stdout:/usr/bin/ceph: stderr
2024-03-28T13:16:17.877+0000 7f8d1d3ca700 1 --2- >> [v2:172.21.15.55:3300/0,v1:172.21.15.55:6789/0] conn(0x7f8d18108b10 0x7f8d1819bed0 unknown :-1 s=NONE pgs=0 cs=0 l=1 rev1=0 crypto rx=0 tx=0 comp rx=0 tx=0).connect
2024-03-28T13:16:18.681 INFO:teuthology.orchestra.run.smithi055.stdout:/usr/bin/ceph: stderr
2024-03-28T13:16:17.877+0000 7f8d1d3ca700 1 -- --> [v2:172.21.15.55:3300/0,v1:172.21.15.55:6789/0] -- mon_getmap magic: 0 -- 0x7f8d1810c3f0 con 0x7f8d18108b10
2024-03-28T13:16:18.681 INFO:teuthology.orchestra.run.smithi055.stdout:/usr/bin/ceph: stderr
2024-03-28T13:16:17.877+0000 7f8d16ffd700 1 --2- >> [v2:172.21.15.55:3300/0,v1:172.21.15.55:6789/0] conn(0x7f8d18108b10 0x7f8d1819bed0 unknown :-1 s=BANNER_CONNECTING pgs=0 cs=0 l=1 rev1=0 crypto rx=0 tx=0 comp rx=0 tx=0)._handle_peer_banner_payload supported=3 required=0
2024-03-28T13:16:18.681 INFO:teuthology.orchestra.run.smithi055.stdout:/usr/bin/ceph: stderr
2024-03-28T13:16:17.877+0000 7f8d16ffd700 1 --2- >> [v2:172.21.15.55:3300/0,v1:172.21.15.55:6789/0] conn(0x7f8d18108b10 0x7f8d1819bed0 unknown :-1 s=HELLO_CONNECTING pgs=0 cs=0 l=1 rev1=1 crypto rx=0 tx=0 comp rx=0 tx=0).handle_hello peer v2:172.21.15.55:3300/0 says I am v2:172.21.15.55:36748/0 (socket says 172.21.15.55:36748)
2024-03-28T13:16:18.681 INFO:teuthology.orchestra.run.smithi055.stdout:/usr/bin/ceph: stderr
2024-03-28T13:16:17.877+0000 7f8d16ffd700 1 -- 172.21.15.55:0/3629984979 learned_addr learned my addr 172.21.15.55:0/3629984979 (peer_addr_for_me v2:172.21.15.55:0/0)
2024-03-28T13:16:18.681 INFO:teuthology.orchestra.run.smithi055.stdout:/usr/bin/ceph: stderr
2024-03-28T13:16:17.877+0000 7f8d16ffd700 1 -- 172.21.15.55:0/3629984979 --> [v2:172.21.15.55:3300/0,v1:172.21.15.55:6789/0] -- mon_subscribe({config=0+,monmap=0+}) -- 0x7f8d1819c410 con 0x7f8d18108b10
2024-03-28T13:16:18.681 INFO:teuthology.orchestra.run.smithi055.stdout:/usr/bin/ceph: stderr
2024-03-28T13:16:17.877+0000 7f8d16ffd700 1 --2- 172.21.15.55:0/3629984979 >> [v2:172.21.15.55:3300/0,v1:172.21.15.55:6789/0] conn(0x7f8d18108b10 0x7f8d1819bed0 secure :-1 s=READY pgs=52 cs=0 l=1 rev1=1 crypto rx=0x7f8d08006b20 tx=0x7f8d08011ad0 comp rx=0 tx=0).ready entity=mon.0 client_cookie=0 server_cookie=0 in_seq=0 out_seq=0
2024-03-28T13:16:18.681 INFO:teuthology.orchestra.run.smithi055.stdout:/usr/bin/ceph: stderr
2024-03-28T13:16:17.877+0000 7f8cfffff700 1 -- 172.21.15.55:0/3629984979 <== mon.0 v2:172.21.15.55:3300/0 1 ==== mon_map magic: 0 ==== 205+0+0 (secure 0 0 0) 0x7f8d08003b70 con 0x7f8d18108b10
2024-03-28T13:16:18.681 INFO:teuthology.orchestra.run.smithi055.stdout:/usr/bin/ceph: stderr
2024-03-28T13:16:17.877+0000 7f8cfffff700 1 -- 172.21.15.55:0/3629984979 <== mon.0 v2:172.21.15.55:3300/0 2 ==== config(26 keys) ==== 1102+0+0 (secure 0 0 0) 0x7f8d0801a8e0 con 0x7f8d18108b10
2024-03-28T13:16:18.681 INFO:teuthology.orchestra.run.smithi055.stdout:/usr/bin/ceph: stderr
2024-03-28T13:16:17.877+0000 7f8d1d3ca700 1 -- 172.21.15.55:0/3629984979 --> [v2:172.21.15.55:3300/0,v1:172.21.15.55:6789/0] -- mon_subscribe({mgrmap=0+}) -- 0x7f8d1819c6a0 con 0x7f8d18108b10
2024-03-28T13:16:18.682 INFO:teuthology.orchestra.run.smithi055.stdout:/usr/bin/ceph: stderr
2024-03-28T13:16:17.877+0000 7f8cfffff700 1 -- 172.21.15.55:0/3629984979 <== mon.0 v2:172.21.15.55:3300/0 3 ==== mon_map magic: 0 ==== 205+0+0 (secure 0 0 0) 0x7f8d080249b0 con 0x7f8d18108b10
2024-03-28T13:16:18.682 INFO:teuthology.orchestra.run.smithi055.stdout:/usr/bin/ceph: stderr
2024-03-28T13:16:17.877+0000 7f8d1d3ca700 1 -- 172.21.15.55:0/3629984979 --> [v2:172.21.15.55:3300/0,v1:172.21.15.55:6789/0] -- mon_subscribe({osdmap=0}) -- 0x7f8d1819f390 con 0x7f8d18108b10
2024-03-28T13:16:18.682 INFO:teuthology.orchestra.run.smithi055.stdout:/usr/bin/ceph: stderr
2024-03-28T13:16:17.878+0000 7f8cfffff700 1 -- 172.21.15.55:0/3629984979 <== mon.0 v2:172.21.15.55:3300/0 4 ==== mgrmap(e 8) ==== 46466+0+0 (secure 0 0 0) 0x7f8d08022020 con 0x7f8d18108b10
2024-03-28T13:16:18.682 INFO:teuthology.orchestra.run.smithi055.stdout:/usr/bin/ceph: stderr
2024-03-28T13:16:17.879+0000 7f8d1d3ca700 1 -- 172.21.15.55:0/3629984979 --> [v2:172.21.15.55:3300/0,v1:172.21.15.55:6789/0] -- mon_command({"prefix": "get_command_descriptions"} v 0) -- 0x7f8d18063c70 con 0x7f8d18108b10
2024-03-28T13:16:18.682 INFO:teuthology.orchestra.run.smithi055.stdout:/usr/bin/ceph: stderr
2024-03-28T13:16:17.879+0000 7f8cfffff700 1 --2- 172.21.15.55:0/3629984979 >> [v2:172.21.15.55:6800/3015655485,v1:172.21.15.55:6801/3015655485] conn(0x7f8d00039420 0x7f8d0003b8e0 unknown :-1 s=NONE pgs=0 cs=0 l=1 rev1=0 crypto rx=0 tx=0 comp rx=0 tx=0).connect
2024-03-28T13:16:18.682 INFO:teuthology.orchestra.run.smithi055.stdout:/usr/bin/ceph: stderr
2024-03-28T13:16:17.879+0000 7f8cfffff700 1 -- 172.21.15.55:0/3629984979 <== mon.0 v2:172.21.15.55:3300/0 5 ==== osd_map(2..2 src has 1..2) ==== 940+0+0 (secure 0 0 0) 0x7f8d0804dc20 con 0x7f8d18108b10
2024-03-28T13:16:18.682 INFO:teuthology.orchestra.run.smithi055.stdout:/usr/bin/ceph: stderr
2024-03-28T13:16:17.879+0000 7f8d167fc700 1 --2- 172.21.15.55:0/3629984979 >> [v2:172.21.15.55:6800/3015655485,v1:172.21.15.55:6801/3015655485] conn(0x7f8d00039420 0x7f8d0003b8e0 unknown :-1 s=BANNER_CONNECTING pgs=0 cs=0 l=1 rev1=0 crypto rx=0 tx=0 comp rx=0 tx=0)._handle_peer_banner_payload supported=3 required=0
2024-03-28T13:16:18.682 INFO:teuthology.orchestra.run.smithi055.stdout:/usr/bin/ceph: stderr
2024-03-28T13:16:17.879+0000 7f8d167fc700 1 --2- 172.21.15.55:0/3629984979 >> [v2:172.21.15.55:6800/3015655485,v1:172.21.15.55:6801/3015655485] conn(0x7f8d00039420 0x7f8d0003b8e0 secure :-1 s=READY pgs=14 cs=0 l=1 rev1=1 crypto rx=0x7f8d0c006fd0 tx=0x7f8d0c006e40 comp rx=0 tx=0).ready entity=mgr.14120 client_cookie=0 server_cookie=0 in_seq=0 out_seq=0
2024-03-28T13:16:18.682 INFO:teuthology.orchestra.run.smithi055.stdout:/usr/bin/ceph: stderr
2024-03-28T13:16:17.885+0000 7f8cfffff700 1 -- 172.21.15.55:0/3629984979 <== mon.0 v2:172.21.15.55:3300/0 6 ==== mon_command_ack([{"prefix": "get_command_descriptions"}]=0 v0) ==== 72+0+187688 (secure 0 0 0) 0x7f8d08020c10 con 0x7f8d18108b10
2024-03-28T13:16:18.682 INFO:teuthology.orchestra.run.smithi055.stdout:/usr/bin/ceph: stderr
2024-03-28T13:16:18.091+0000 7f8d1d3ca700 1 -- 172.21.15.55:0/3629984979 --> [v2:172.21.15.55:3300/0,v1:172.21.15.55:6789/0] -- mon_command([{prefix=config set, name=mgr/cephadm/container_init}] v 0) -- 0x7f8d1819f940 con 0x7f8d18108b10
2024-03-28T13:16:18.682 INFO:teuthology.orchestra.run.smithi055.stdout:/usr/bin/ceph: stderr
2024-03-28T13:16:18.093+0000 7f8cfffff700 1 -- 172.21.15.55:0/3629984979 <== mon.0 v2:172.21.15.55:3300/0 7 ==== mon_command_ack([{prefix=config set, name=mgr/cephadm/container_init}]=0 v7)=0 v7) ==== 142+0+0 (secure 0 0 0) 0x7f8d08021d80 con 0x7f8d18108b10
2024-03-28T13:16:18.682 INFO:teuthology.orchestra.run.smithi055.stdout:/usr/bin/ceph: stderr
2024-03-28T13:16:18.096+0000 7f8d1d3ca700 1 -- 172.21.15.55:0/3629984979 >> [v2:172.21.15.55:6800/3015655485,v1:172.21.15.55:6801/3015655485] conn(0x7f8d00039420 msgr2=0x7f8d0003b8e0 secure :-1 s=STATE_CONNECTION_ESTABLISHED l=1).mark_down
2024-03-28T13:16:18.682 INFO:teuthology.orchestra.run.smithi055.stdout:/usr/bin/ceph: stderr
2024-03-28T13:16:18.096+0000 7f8d1d3ca700 1 --2- 172.21.15.55:0/3629984979 >> [v2:172.21.15.55:6800/3015655485,v1:172.21.15.55:6801/3015655485] conn(0x7f8d00039420 0x7f8d0003b8e0 secure :-1 s=READY pgs=14 cs=0 l=1 rev1=1 crypto rx=0x7f8d0c006fd0 tx=0x7f8d0c006e40 comp rx=0 tx=0).stop
2024-03-28T13:16:18.683 INFO:teuthology.orchestra.run.smithi055.stdout:/usr/bin/ceph: stderr
2024-03-28T13:16:18.096+0000 7f8d1d3ca700 1 -- 172.21.15.55:0/3629984979 >> [v2:172.21.15.55:3300/0,v1:172.21.15.55:6789/0] conn(0x7f8d18108b10 msgr2=0x7f8d1819bed0 secure :-1 s=STATE_CONNECTION_ESTABLISHED l=1).mark_down
2024-03-28T13:16:18.683 INFO:teuthology.orchestra.run.smithi055.stdout:/usr/bin/ceph: stderr
2024-03-28T13:16:18.096+0000 7f8d1d3ca700 1 --2- 172.21.15.55:0/3629984979 >> [v2:172.21.15.55:3300/0,v1:172.21.15.55:6789/0] conn(0x7f8d18108b10 0x7f8d1819bed0 secure :-1 s=READY pgs=52 cs=0 l=1 rev1=1 crypto rx=0x7f8d08006b20 tx=0x7f8d08011ad0 comp rx=0 tx=0).stop
2024-03-28T13:16:18.683 INFO:teuthology.orchestra.run.smithi055.stdout:/usr/bin/ceph: stderr
2024-03-28T13:16:18.096+0000 7f8d1d3ca700 1 -- 172.21.15.55:0/3629984979 shutdown_connections
2024-03-28T13:16:18.683 INFO:teuthology.orchestra.run.smithi055.stdout:/usr/bin/ceph: stderr
2024-03-28T13:16:18.096+0000 7f8d1d3ca700 1 --2- 172.21.15.55:0/3629984979 >> [v2:172.21.15.55:6800/3015655485,v1:172.21.15.55:6801/3015655485] conn(0x7f8d00039420 0x7f8d0003b8e0 unknown :-1 s=CLOSED pgs=14 cs=0 l=1 rev1=1 crypto rx=0 tx=0 comp rx=0 tx=0).stop
2024-03-28T13:16:18.683 INFO:teuthology.orchestra.run.smithi055.stdout:/usr/bin/ceph: stderr
2024-03-28T13:16:18.096+0000 7f8d1d3ca700 1 --2- 172.21.15.55:0/3629984979 >> [v2:172.21.15.55:3300/0,v1:172.21.15.55:6789/0] conn(0x7f8d18108b10 0x7f8d1819bed0 unknown :-1 s=CLOSED pgs=52 cs=0 l=1 rev1=1 crypto rx=0 tx=0 comp rx=0 tx=0).stop
2024-03-28T13:16:18.683 INFO:teuthology.orchestra.run.smithi055.stdout:/usr/bin/ceph: stderr
2024-03-28T13:16:18.096+0000 7f8d1d3ca700 1 -- 172.21.15.55:0/3629984979 >> 172.21.15.55:0/3629984979 conn(0x7f8d18102500 msgr2=0x7f8d18102fd0 unknown :-1 s=STATE_NONE l=0).mark_down
2024-03-28T13:16:18.683 INFO:teuthology.orchestra.run.smithi055.stdout:/usr/bin/ceph: stderr
2024-03-28T13:16:18.096+0000 7f8d1d3ca700 1 -- 172.21.15.55:0/3629984979 shutdown_connections
2024-03-28T13:16:18.683 INFO:teuthology.orchestra.run.smithi055.stdout:/usr/bin/ceph: stderr
2024-03-28T13:16:18.096+0000 7f8d1d3ca700 1 -- 172.21.15.55:0/3629984979 wait complete.
2024-03-28T13:16:19.908 INFO:teuthology.orchestra.run.smithi055.stdout:/usr/bin/ceph: stderr
2024-03-28T13:16:19.079+0000 7f5f99ca7700 1 Processor -- start
2024-03-28T13:16:19.914 INFO:teuthology.orchestra.run.smithi055.stdout:/usr/bin/ceph: stderr
2024-03-28T13:16:19.079+0000 7f5f99ca7700 1 -- start start
2024-03-28T13:16:19.914 INFO:teuthology.orchestra.run.smithi055.stdout:/usr/bin/ceph: stderr
2024-03-28T13:16:19.079+0000 7f5f99ca7700 1 --2- >> [v2:172.21.15.55:3300/0,v1:172.21.15.55:6789/0] conn(0x7f5f941084a0 0x7f5f941088c0 unknown :-1 s=NONE pgs=0 cs=0 l=0 rev1=0 crypto rx=0 tx=0 comp rx=0 tx=0).connect
2024-03-28T13:16:19.914 INFO:teuthology.orchestra.run.smithi055.stdout:/usr/bin/ceph: stderr
2024-03-28T13:16:19.079+0000 7f5f99ca7700 1 -- --> [v2:172.21.15.55:3300/0,v1:172.21.15.55:6789/0] -- mon_getmap magic: 0 -- 0x7f5f94108e90 con 0x7f5f941084a0
2024-03-28T13:16:19.914 INFO:teuthology.orchestra.run.smithi055.stdout:/usr/bin/ceph: stderr
2024-03-28T13:16:19.079+0000 7f5f937fe700 1 --2- >> [v2:172.21.15.55:3300/0,v1:172.21.15.55:6789/0] conn(0x7f5f941084a0 0x7f5f941088c0 unknown :-1 s=BANNER_CONNECTING pgs=0 cs=0 l=0 rev1=0 crypto rx=0 tx=0 comp rx=0 tx=0)._handle_peer_banner_payload supported=3 required=0
2024-03-28T13:16:19.914 INFO:teuthology.orchestra.run.smithi055.stdout:/usr/bin/ceph: stderr
2024-03-28T13:16:19.080+0000 7f5f937fe700 1 --2- >> [v2:172.21.15.55:3300/0,v1:172.21.15.55:6789/0] conn(0x7f5f941084a0 0x7f5f941088c0 unknown :-1 s=HELLO_CONNECTING pgs=0 cs=0 l=0 rev1=1 crypto rx=0 tx=0 comp rx=0 tx=0).handle_hello peer v2:172.21.15.55:3300/0 says I am v2:172.21.15.55:36754/0 (socket says 172.21.15.55:36754)
2024-03-28T13:16:19.915 INFO:teuthology.orchestra.run.smithi055.stdout:/usr/bin/ceph: stderr
2024-03-28T13:16:19.080+0000 7f5f937fe700 1 -- 172.21.15.55:0/2028501962 learned_addr learned my addr 172.21.15.55:0/2028501962 (peer_addr_for_me v2:172.21.15.55:0/0)
2024-03-28T13:16:19.915 INFO:teuthology.orchestra.run.smithi055.stdout:/usr/bin/ceph: stderr
2024-03-28T13:16:19.080+0000 7f5f937fe700 1 -- 172.21.15.55:0/2028501962 --> [v2:172.21.15.55:3300/0,v1:172.21.15.55:6789/0] -- mon_subscribe({config=0+,monmap=0+}) -- 0x7f5f94107100 con 0x7f5f941084a0
2024-03-28T13:16:19.915 INFO:teuthology.orchestra.run.smithi055.stdout:/usr/bin/ceph: stderr
2024-03-28T13:16:19.080+0000 7f5f937fe700 1 --2- 172.21.15.55:0/2028501962 >> [v2:172.21.15.55:3300/0,v1:172.21.15.55:6789/0] conn(0x7f5f941084a0 0x7f5f941088c0 secure :-1 s=READY pgs=53 cs=0 l=1 rev1=1 crypto rx=0x7f5f840098a0 tx=0x7f5f84009bb0 comp rx=0 tx=0).ready entity=mon.0 client_cookie=96fbcdfdff34ebd6 server_cookie=0 in_seq=0 out_seq=0
