2024-03-28T13:16:06.620+0000 7fd9e2df2700 1 -- --> [v2:172.21.15.55:3300/0,v1:172.21.15.55:6789/0] -- mon_getmap magic: 0 -- 0x7fd9dc107880 con 0x7fd9dc106f00
2024-03-28T13:16:07.506 INFO:teuthology.orchestra.run.smithi055.stdout:/usr/bin/ceph: stderr
2024-03-28T13:16:06.620+0000 7fd9e0b8e700 1 --2- >> [v2:172.21.15.55:3300/0,v1:172.21.15.55:6789/0] conn(0x7fd9dc106f00 0x7fd9dc107340 unknown :-1 s=BANNER_CONNECTING pgs=0 cs=0 l=0 rev1=0 crypto rx=0 tx=0 comp rx=0 tx=0)._handle_peer_banner_payload supported=3 required=0
2024-03-28T13:16:07.506 INFO:teuthology.orchestra.run.smithi055.stdout:/usr/bin/ceph: stderr
2024-03-28T13:16:06.620+0000 7fd9e0b8e700 1 --2- >> [v2:172.21.15.55:3300/0,v1:172.21.15.55:6789/0] conn(0x7fd9dc106f00 0x7fd9dc107340 unknown :-1 s=HELLO_CONNECTING pgs=0 cs=0 l=0 rev1=1 crypto rx=0 tx=0 comp rx=0 tx=0).handle_hello peer v2:172.21.15.55:3300/0 says I am v2:172.21.15.55:47388/0 (socket says 172.21.15.55:47388)
2024-03-28T13:16:07.506 INFO:teuthology.orchestra.run.smithi055.stdout:/usr/bin/ceph: stderr
2024-03-28T13:16:06.620+0000 7fd9e0b8e700 1 -- 172.21.15.55:0/2435154513 learned_addr learned my addr 172.21.15.55:0/2435154513 (peer_addr_for_me v2:172.21.15.55:0/0)
2024-03-28T13:16:07.506 INFO:teuthology.orchestra.run.smithi055.stdout:/usr/bin/ceph: stderr
2024-03-28T13:16:06.621+0000 7fd9e0b8e700 1 -- 172.21.15.55:0/2435154513 --> [v2:172.21.15.55:3300/0,v1:172.21.15.55:6789/0] -- mon_subscribe({config=0+,monmap=0+}) -- 0x7fd9dc1080e0 con 0x7fd9dc106f00
2024-03-28T13:16:07.506 INFO:teuthology.orchestra.run.smithi055.stdout:/usr/bin/ceph: stderr
2024-03-28T13:16:06.621+0000 7fd9e0b8e700 1 --2- 172.21.15.55:0/2435154513 >> [v2:172.21.15.55:3300/0,v1:172.21.15.55:6789/0] conn(0x7fd9dc106f00 0x7fd9dc107340 secure :-1 s=READY pgs=41 cs=0 l=1 rev1=1 crypto rx=0x7fd9d00098a0 tx=0x7fd9d0009bb0 comp rx=0 tx=0).ready entity=mon.0 client_cookie=397b37092ac88382 server_cookie=0 in_seq=0 out_seq=0
2024-03-28T13:16:07.506 INFO:teuthology.orchestra.run.smithi055.stdout:/usr/bin/ceph: stderr
2024-03-28T13:16:06.621+0000 7fd9db7fe700 1 -- 172.21.15.55:0/2435154513 <== mon.0 v2:172.21.15.55:3300/0 1 ==== mon_map magic: 0 ==== 205+0+0 (secure 0 0 0) 0x7fd9d0004160 con 0x7fd9dc106f00
2024-03-28T13:16:07.506 INFO:teuthology.orchestra.run.smithi055.stdout:/usr/bin/ceph: stderr
2024-03-28T13:16:06.621+0000 7fd9db7fe700 1 -- 172.21.15.55:0/2435154513 <== mon.0 v2:172.21.15.55:3300/0 2 ==== config(26 keys) ==== 1071+0+0 (secure 0 0 0) 0x7fd9d0004300 con 0x7fd9dc106f00
2024-03-28T13:16:07.506 INFO:teuthology.orchestra.run.smithi055.stdout:/usr/bin/ceph: stderr
2024-03-28T13:16:06.621+0000 7fd9db7fe700 1 -- 172.21.15.55:0/2435154513 <== mon.0 v2:172.21.15.55:3300/0 3 ==== mon_map magic: 0 ==== 205+0+0 (secure 0 0 0) 0x7fd9d0011a80 con 0x7fd9dc106f00
2024-03-28T13:16:07.507 INFO:teuthology.orchestra.run.smithi055.stdout:/usr/bin/ceph: stderr
2024-03-28T13:16:06.622+0000 7fd9e2df2700 1 -- 172.21.15.55:0/2435154513 >> [v2:172.21.15.55:3300/0,v1:172.21.15.55:6789/0] conn(0x7fd9dc106f00 msgr2=0x7fd9dc107340 secure :-1 s=STATE_CONNECTION_ESTABLISHED l=1).mark_down
2024-03-28T13:16:07.507 INFO:teuthology.orchestra.run.smithi055.stdout:/usr/bin/ceph: stderr
2024-03-28T13:16:06.622+0000 7fd9e2df2700 1 --2- 172.21.15.55:0/2435154513 >> [v2:172.21.15.55:3300/0,v1:172.21.15.55:6789/0] conn(0x7fd9dc106f00 0x7fd9dc107340 secure :-1 s=READY pgs=41 cs=0 l=1 rev1=1 crypto rx=0x7fd9d00098a0 tx=0x7fd9d0009bb0 comp rx=0 tx=0).stop
2024-03-28T13:16:07.507 INFO:teuthology.orchestra.run.smithi055.stdout:/usr/bin/ceph: stderr
2024-03-28T13:16:06.622+0000 7fd9e2df2700 1 -- 172.21.15.55:0/2435154513 shutdown_connections
2024-03-28T13:16:07.507 INFO:teuthology.orchestra.run.smithi055.stdout:/usr/bin/ceph: stderr
2024-03-28T13:16:06.622+0000 7fd9e2df2700 1 --2- 172.21.15.55:0/2435154513 >> [v2:172.21.15.55:3300/0,v1:172.21.15.55:6789/0] conn(0x7fd9dc106f00 0x7fd9dc107340 unknown :-1 s=CLOSED pgs=41 cs=0 l=1 rev1=1 crypto rx=0 tx=0 comp rx=0 tx=0).stop
2024-03-28T13:16:07.507 INFO:teuthology.orchestra.run.smithi055.stdout:/usr/bin/ceph: stderr
2024-03-28T13:16:06.622+0000 7fd9e2df2700 1 -- 172.21.15.55:0/2435154513 >> 172.21.15.55:0/2435154513 conn(0x7fd9dc102550 msgr2=0x7fd9dc104970 unknown :-1 s=STATE_NONE l=0).mark_down
2024-03-28T13:16:07.507 INFO:teuthology.orchestra.run.smithi055.stdout:/usr/bin/ceph: stderr
2024-03-28T13:16:06.622+0000 7fd9e2df2700 1 -- 172.21.15.55:0/2435154513 shutdown_connections
2024-03-28T13:16:07.507 INFO:teuthology.orchestra.run.smithi055.stdout:/usr/bin/ceph: stderr
2024-03-28T13:16:06.622+0000 7fd9e2df2700 1 -- 172.21.15.55:0/2435154513 wait complete.
2024-03-28T13:16:07.507 INFO:teuthology.orchestra.run.smithi055.stdout:/usr/bin/ceph: stderr
2024-03-28T13:16:06.623+0000 7fd9e2df2700 1 Processor -- start
2024-03-28T13:16:07.507 INFO:teuthology.orchestra.run.smithi055.stdout:/usr/bin/ceph: stderr
2024-03-28T13:16:06.623+0000 7fd9e2df2700 1 -- start start
2024-03-28T13:16:07.507 INFO:teuthology.orchestra.run.smithi055.stdout:/usr/bin/ceph: stderr
2024-03-28T13:16:06.623+0000 7fd9e2df2700 1 --2- >> [v2:172.21.15.55:3300/0,v1:172.21.15.55:6789/0] conn(0x7fd9dc106f00 0x7fd9dc07ba40 unknown :-1 s=NONE pgs=0 cs=0 l=1 rev1=0 crypto rx=0 tx=0 comp rx=0 tx=0).connect
2024-03-28T13:16:07.507 INFO:teuthology.orchestra.run.smithi055.stdout:/usr/bin/ceph: stderr
2024-03-28T13:16:06.623+0000 7fd9e2df2700 1 -- --> [v2:172.21.15.55:3300/0,v1:172.21.15.55:6789/0] -- mon_getmap magic: 0 -- 0x7fd9dc108f00 con 0x7fd9dc106f00
2024-03-28T13:16:07.507 INFO:teuthology.orchestra.run.smithi055.stdout:/usr/bin/ceph: stderr
2024-03-28T13:16:06.623+0000 7fd9e0b8e700 1 --2- >> [v2:172.21.15.55:3300/0,v1:172.21.15.55:6789/0] conn(0x7fd9dc106f00 0x7fd9dc07ba40 unknown :-1 s=BANNER_CONNECTING pgs=0 cs=0 l=1 rev1=0 crypto rx=0 tx=0 comp rx=0 tx=0)._handle_peer_banner_payload supported=3 required=0
2024-03-28T13:16:07.507 INFO:teuthology.orchestra.run.smithi055.stdout:/usr/bin/ceph: stderr
2024-03-28T13:16:06.623+0000 7fd9e0b8e700 1 --2- >> [v2:172.21.15.55:3300/0,v1:172.21.15.55:6789/0] conn(0x7fd9dc106f00 0x7fd9dc07ba40 unknown :-1 s=HELLO_CONNECTING pgs=0 cs=0 l=1 rev1=1 crypto rx=0 tx=0 comp rx=0 tx=0).handle_hello peer v2:172.21.15.55:3300/0 says I am v2:172.21.15.55:47394/0 (socket says 172.21.15.55:47394)
2024-03-28T13:16:07.507 INFO:teuthology.orchestra.run.smithi055.stdout:/usr/bin/ceph: stderr
2024-03-28T13:16:06.623+0000 7fd9e0b8e700 1 -- 172.21.15.55:0/1887302237 learned_addr learned my addr 172.21.15.55:0/1887302237 (peer_addr_for_me v2:172.21.15.55:0/0)
2024-03-28T13:16:07.507 INFO:teuthology.orchestra.run.smithi055.stdout:/usr/bin/ceph: stderr
2024-03-28T13:16:06.623+0000 7fd9e0b8e700 1 -- 172.21.15.55:0/1887302237 --> [v2:172.21.15.55:3300/0,v1:172.21.15.55:6789/0] -- mon_subscribe({config=0+,monmap=0+}) -- 0x7fd9dc19ece0 con 0x7fd9dc106f00
2024-03-28T13:16:07.508 INFO:teuthology.orchestra.run.smithi055.stdout:/usr/bin/ceph: stderr
2024-03-28T13:16:06.623+0000 7fd9e0b8e700 1 --2- 172.21.15.55:0/1887302237 >> [v2:172.21.15.55:3300/0,v1:172.21.15.55:6789/0] conn(0x7fd9dc106f00 0x7fd9dc07ba40 secure :-1 s=READY pgs=42 cs=0 l=1 rev1=1 crypto rx=0x7fd9d0006af0 tx=0x7fd9d0011b70 comp rx=0 tx=0).ready entity=mon.0 client_cookie=0 server_cookie=0 in_seq=0 out_seq=0
2024-03-28T13:16:07.508 INFO:teuthology.orchestra.run.smithi055.stdout:/usr/bin/ceph: stderr
2024-03-28T13:16:06.623+0000 7fd9d9ffb700 1 -- 172.21.15.55:0/1887302237 <== mon.0 v2:172.21.15.55:3300/0 1 ==== mon_map magic: 0 ==== 205+0+0 (secure 0 0 0) 0x7fd9d0003930 con 0x7fd9dc106f00
2024-03-28T13:16:07.508 INFO:teuthology.orchestra.run.smithi055.stdout:/usr/bin/ceph: stderr
2024-03-28T13:16:06.623+0000 7fd9d9ffb700 1 -- 172.21.15.55:0/1887302237 <== mon.0 v2:172.21.15.55:3300/0 2 ==== config(26 keys) ==== 1071+0+0 (secure 0 0 0) 0x7fd9d0003ad0 con 0x7fd9dc106f00
2024-03-28T13:16:07.508 INFO:teuthology.orchestra.run.smithi055.stdout:/usr/bin/ceph: stderr
2024-03-28T13:16:06.624+0000 7fd9e2df2700 1 -- 172.21.15.55:0/1887302237 --> [v2:172.21.15.55:3300/0,v1:172.21.15.55:6789/0] -- mon_subscribe({mgrmap=0+}) -- 0x7fd9dc19eeb0 con 0x7fd9dc106f00
2024-03-28T13:16:07.508 INFO:teuthology.orchestra.run.smithi055.stdout:/usr/bin/ceph: stderr
2024-03-28T13:16:06.624+0000 7fd9d9ffb700 1 -- 172.21.15.55:0/1887302237 <== mon.0 v2:172.21.15.55:3300/0 3 ==== mon_map magic: 0 ==== 205+0+0 (secure 0 0 0) 0x7fd9d00195e0 con 0x7fd9dc106f00
2024-03-28T13:16:07.508 INFO:teuthology.orchestra.run.smithi055.stdout:/usr/bin/ceph: stderr
2024-03-28T13:16:06.624+0000 7fd9e2df2700 1 -- 172.21.15.55:0/1887302237 --> [v2:172.21.15.55:3300/0,v1:172.21.15.55:6789/0] -- mon_subscribe({osdmap=0}) -- 0x7fd9dc19f2d0 con 0x7fd9dc106f00
2024-03-28T13:16:07.508 INFO:teuthology.orchestra.run.smithi055.stdout:/usr/bin/ceph: stderr
2024-03-28T13:16:06.625+0000 7fd9d9ffb700 1 -- 172.21.15.55:0/1887302237 <== mon.0 v2:172.21.15.55:3300/0 4 ==== mgrmap(e 8) ==== 46466+0+0 (secure 0 0 0) 0x7fd9d001a430 con 0x7fd9dc106f00
2024-03-28T13:16:07.508 INFO:teuthology.orchestra.run.smithi055.stdout:/usr/bin/ceph: stderr
2024-03-28T13:16:06.625+0000 7fd9e2df2700 1 -- 172.21.15.55:0/1887302237 --> [v2:172.21.15.55:3300/0,v1:172.21.15.55:6789/0] -- mon_command({"prefix": "get_command_descriptions"} v 0) -- 0x7fd9dc063c70 con 0x7fd9dc106f00
2024-03-28T13:16:07.508 INFO:teuthology.orchestra.run.smithi055.stdout:/usr/bin/ceph: stderr
2024-03-28T13:16:06.625+0000 7fd9d9ffb700 1 --2- 172.21.15.55:0/1887302237 >> [v2:172.21.15.55:6800/3015655485,v1:172.21.15.55:6801/3015655485] conn(0x7fd9cc0393d0 0x7fd9cc03b890 unknown :-1 s=NONE pgs=0 cs=0 l=1 rev1=0 crypto rx=0 tx=0 comp rx=0 tx=0).connect
2024-03-28T13:16:07.508 INFO:teuthology.orchestra.run.smithi055.stdout:/usr/bin/ceph: stderr
2024-03-28T13:16:06.625+0000 7fd9d9ffb700 1 -- 172.21.15.55:0/1887302237 <== mon.0 v2:172.21.15.55:3300/0 5 ==== osd_map(2..2 src has 1..2) ==== 940+0+0 (secure 0 0 0) 0x7fd9d004d920 con 0x7fd9dc106f00
2024-03-28T13:16:07.508 INFO:teuthology.orchestra.run.smithi055.stdout:/usr/bin/ceph: stderr
2024-03-28T13:16:06.625+0000 7fd9dbfff700 1 --2- 172.21.15.55:0/1887302237 >> [v2:172.21.15.55:6800/3015655485,v1:172.21.15.55:6801/3015655485] conn(0x7fd9cc0393d0 0x7fd9cc03b890 unknown :-1 s=BANNER_CONNECTING pgs=0 cs=0 l=1 rev1=0 crypto rx=0 tx=0 comp rx=0 tx=0)._handle_peer_banner_payload supported=3 required=0
2024-03-28T13:16:07.508 INFO:teuthology.orchestra.run.smithi055.stdout:/usr/bin/ceph: stderr
2024-03-28T13:16:06.625+0000 7fd9dbfff700 1 --2- 172.21.15.55:0/1887302237 >> [v2:172.21.15.55:6800/3015655485,v1:172.21.15.55:6801/3015655485] conn(0x7fd9cc0393d0 0x7fd9cc03b890 secure :-1 s=READY pgs=9 cs=0 l=1 rev1=1 crypto rx=0x7fd9c8006fd0 tx=0x7fd9c8006e40 comp rx=0 tx=0).ready entity=mgr.14120 client_cookie=0 server_cookie=0 in_seq=0 out_seq=0
2024-03-28T13:16:07.508 INFO:teuthology.orchestra.run.smithi055.stdout:/usr/bin/ceph: stderr
2024-03-28T13:16:06.630+0000 7fd9d9ffb700 1 -- 172.21.15.55:0/1887302237 <== mon.0 v2:172.21.15.55:3300/0 6 ==== mon_command_ack([{"prefix": "get_command_descriptions"}]=0 v0) ==== 72+0+187688 (secure 0 0 0) 0x7fd9d001a720 con 0x7fd9dc106f00
2024-03-28T13:16:07.509 INFO:teuthology.orchestra.run.smithi055.stdout:/usr/bin/ceph: stderr
2024-03-28T13:16:06.838+0000 7fd9e2df2700 1 -- 172.21.15.55:0/1887302237 --> [v2:172.21.15.55:6800/3015655485,v1:172.21.15.55:6801/3015655485] -- mgr_command(tid 0: {"prefix": "cephadm generate-key", "target": ["mon-mgr", ""]}) -- 0x7fd9dc1038c0 con 0x7fd9cc0393d0
2024-03-28T13:16:07.509 INFO:teuthology.orchestra.run.smithi055.stdout:/usr/bin/ceph: stderr
2024-03-28T13:16:06.984+0000 7fd9d9ffb700 1 -- 172.21.15.55:0/1887302237 <== mgr.14120 v2:172.21.15.55:6800/3015655485 1 ==== mgr_command_reply(tid 0: 0 ) ==== 8+0+0 (secure 0 0 0) 0x7fd9dc1038c0 con 0x7fd9cc0393d0
2024-03-28T13:16:07.509 INFO:teuthology.orchestra.run.smithi055.stdout:/usr/bin/ceph: stderr
2024-03-28T13:16:06.986+0000 7fd9e2df2700 1 -- 172.21.15.55:0/1887302237 >> [v2:172.21.15.55:6800/3015655485,v1:172.21.15.55:6801/3015655485] conn(0x7fd9cc0393d0 msgr2=0x7fd9cc03b890 secure :-1 s=STATE_CONNECTION_ESTABLISHED l=1).mark_down
2024-03-28T13:16:07.509 INFO:teuthology.orchestra.run.smithi055.stdout:/usr/bin/ceph: stderr
2024-03-28T13:16:06.986+0000 7fd9e2df2700 1 --2- 172.21.15.55:0/1887302237 >> [v2:172.21.15.55:6800/3015655485,v1:172.21.15.55:6801/3015655485] conn(0x7fd9cc0393d0 0x7fd9cc03b890 secure :-1 s=READY pgs=9 cs=0 l=1 rev1=1 crypto rx=0x7fd9c8006fd0 tx=0x7fd9c8006e40 comp rx=0 tx=0).stop
2024-03-28T13:16:07.509 INFO:teuthology.orchestra.run.smithi055.stdout:/usr/bin/ceph: stderr
2024-03-28T13:16:06.986+0000 7fd9e2df2700 1 -- 172.21.15.55:0/1887302237 >> [v2:172.21.15.55:3300/0,v1:172.21.15.55:6789/0] conn(0x7fd9dc106f00 msgr2=0x7fd9dc07ba40 secure :-1 s=STATE_CONNECTION_ESTABLISHED l=1).mark_down
2024-03-28T13:16:07.509 INFO:teuthology.orchestra.run.smithi055.stdout:/usr/bin/ceph: stderr
2024-03-28T13:16:06.986+0000 7fd9e2df2700 1 --2- 172.21.15.55:0/1887302237 >> [v2:172.21.15.55:3300/0,v1:172.21.15.55:6789/0] conn(0x7fd9dc106f00 0x7fd9dc07ba40 secure :-1 s=READY pgs=42 cs=0 l=1 rev1=1 crypto rx=0x7fd9d0006af0 tx=0x7fd9d0011b70 comp rx=0 tx=0).stop
2024-03-28T13:16:07.509 INFO:teuthology.orchestra.run.smithi055.stdout:/usr/bin/ceph: stderr
2024-03-28T13:16:06.986+0000 7fd9e2df2700 1 -- 172.21.15.55:0/1887302237 shutdown_connections
2024-03-28T13:16:07.509 INFO:teuthology.orchestra.run.smithi055.stdout:/usr/bin/ceph: stderr
2024-03-28T13:16:06.986+0000 7fd9e2df2700 1 --2- 172.21.15.55:0/1887302237 >> [v2:172.21.15.55:6800/3015655485,v1:172.21.15.55:6801/3015655485] conn(0x7fd9cc0393d0 0x7fd9cc03b890 unknown :-1 s=CLOSED pgs=9 cs=0 l=1 rev1=1 crypto rx=0 tx=0 comp rx=0 tx=0).stop
2024-03-28T13:16:07.509 INFO:teuthology.orchestra.run.smithi055.stdout:/usr/bin/ceph: stderr
2024-03-28T13:16:06.986+0000 7fd9e2df2700 1 --2- 172.21.15.55:0/1887302237 >> [v2:172.21.15.55:3300/0,v1:172.21.15.55:6789/0] conn(0x7fd9dc106f00 0x7fd9dc07ba40 unknown :-1 s=CLOSED pgs=42 cs=0 l=1 rev1=1 crypto rx=0 tx=0 comp rx=0 tx=0).stop
2024-03-28T13:16:07.509 INFO:teuthology.orchestra.run.smithi055.stdout:/usr/bin/ceph: stderr
2024-03-28T13:16:06.986+0000 7fd9e2df2700 1 -- 172.21.15.55:0/1887302237 >> 172.21.15.55:0/1887302237 conn(0x7fd9dc102550 msgr2=0x7fd9dc1031b0 unknown :-1 s=STATE_NONE l=0).mark_down
2024-03-28T13:16:07.509 INFO:teuthology.orchestra.run.smithi055.stdout:/usr/bin/ceph: stderr
2024-03-28T13:16:06.986+0000 7fd9e2df2700 1 -- 172.21.15.55:0/1887302237 shutdown_connections
2024-03-28T13:16:07.509 INFO:teuthology.orchestra.run.smithi055.stdout:/usr/bin/ceph: stderr
2024-03-28T13:16:06.986+0000 7fd9e2df2700 1 -- 172.21.15.55:0/1887302237 wait complete.
2024-03-28T13:16:08.379 INFO:journalctl@ceph.mon.a.smithi055.stdout:Mar 28 13:16:07 smithi055 ceph-mon[32069]: from='client.14136 -' entity='client.admin' cmd=[{"prefix": "cephadm generate-key", "target": ["mon-mgr", ""]}]: dispatch
2024-03-28T13:16:08.379 INFO:journalctl@ceph.mon.a.smithi055.stdout:Mar 28 13:16:07 smithi055 ceph-mon[32069]: Generating ssh key...
2024-03-28T13:16:08.379 INFO:journalctl@ceph.mon.a.smithi055.stdout:Mar 28 13:16:07 smithi055 ceph-mon[32069]: from='mgr.14120 172.21.15.55:0/3574539899' entity='mgr.x'
2024-03-28T13:16:08.380 INFO:journalctl@ceph.mon.a.smithi055.stdout:Mar 28 13:16:07 smithi055 ceph-mon[32069]: from='mgr.14120 172.21.15.55:0/3574539899' entity='mgr.x'
2024-03-28T13:16:08.604 INFO:teuthology.orchestra.run.smithi055.stdout:/usr/bin/ceph: stdout ssh-rsa AAAAB3NzaC1yc2EAAAADAQABAAABgQDWwAdlE+UvVdgIAftN40MfqaGugklqY9aGUjRdC62+K/LenT/A6ZARjqe5vgtmuznFOHafdBxitCHrn58BlkRObi5zCLc1mMpEbCwoDNt/BCG3oQ0d236JEnD9LtFkajJg5p8D4OdO8PvqHqoWzSGXYljkYlWEhsawYsuPAoyKz4NFrL/niHtz/4h3FhhlB4vpUngQn35VHPPEMseebzHhDhFtxCIucEupn8nTU6sDoqp5M21AtIush70I0NaYNGu0DKjTL6qC1QyTP8SbWkmIDAdytQMHrTIHvKnj8b2U3inc+dfJf/qAr9K8whZhs/+bYBC+RNtaB6X54R42JLQi561no7qjs5lf1xX27Kjz8licu08bMTj5hg3nSNgy3qD0Z0A3aYrUG9LEULE51SSrdO2sJzAT5XYjdwwBgy43nESo0qfY6+rJotQ+ezoVAJ+qUFFQ7RryOuTzXz9r4XcefYn1sPZzL9FJTqcPpeo7hd6yTSVWOnFN3Xn0R0PvyzE= ceph-20503fc2-ed05-11ee-95d0-87774f69a715
2024-03-28T13:16:08.605 INFO:teuthology.orchestra.run.smithi055.stdout:/usr/bin/ceph: stderr
2024-03-28T13:16:07.919+0000 7f0307415700 1 Processor -- start
2024-03-28T13:16:08.605 INFO:teuthology.orchestra.run.smithi055.stdout:/usr/bin/ceph: stderr
2024-03-28T13:16:07.920+0000 7f0307415700 1 -- start start
2024-03-28T13:16:08.605 INFO:teuthology.orchestra.run.smithi055.stdout:/usr/bin/ceph: stderr
2024-03-28T13:16:07.920+0000 7f0307415700 1 --2- >> [v2:172.21.15.55:3300/0,v1:172.21.15.55:6789/0] conn(0x7f0300108080 0x7f03001084a0 unknown :-1 s=NONE pgs=0 cs=0 l=0 rev1=0 crypto rx=0 tx=0 comp rx=0 tx=0).connect
2024-03-28T13:16:08.605 INFO:teuthology.orchestra.run.smithi055.stdout:/usr/bin/ceph: stderr
2024-03-28T13:16:07.920+0000 7f0307415700 1 -- --> [v2:172.21.15.55:3300/0,v1:172.21.15.55:6789/0] -- mon_getmap magic: 0 -- 0x7f0300108a70 con 0x7f0300108080
2024-03-28T13:16:08.605 INFO:teuthology.orchestra.run.smithi055.stdout:/usr/bin/ceph: stderr
2024-03-28T13:16:07.920+0000 7f03051b1700 1 --2- >> [v2:172.21.15.55:3300/0,v1:172.21.15.55:6789/0] conn(0x7f0300108080 0x7f03001084a0 unknown :-1 s=BANNER_CONNECTING pgs=0 cs=0 l=0 rev1=0 crypto rx=0 tx=0 comp rx=0 tx=0)._handle_peer_banner_payload supported=3 required=0
2024-03-28T13:16:08.605 INFO:teuthology.orchestra.run.smithi055.stdout:/usr/bin/ceph: stderr
2024-03-28T13:16:07.920+0000 7f03051b1700 1 --2- >> [v2:172.21.15.55:3300/0,v1:172.21.15.55:6789/0] conn(0x7f0300108080 0x7f03001084a0 unknown :-1 s=HELLO_CONNECTING pgs=0 cs=0 l=0 rev1=1 crypto rx=0 tx=0 comp rx=0 tx=0).handle_hello peer v2:172.21.15.55:3300/0 says I am v2:172.21.15.55:47406/0 (socket says 172.21.15.55:47406)
2024-03-28T13:16:08.605 INFO:teuthology.orchestra.run.smithi055.stdout:/usr/bin/ceph: stderr
2024-03-28T13:16:07.920+0000 7f03051b1700 1 -- 172.21.15.55:0/2418921532 learned_addr learned my addr 172.21.15.55:0/2418921532 (peer_addr_for_me v2:172.21.15.55:0/0)
2024-03-28T13:16:08.605 INFO:teuthology.orchestra.run.smithi055.stdout:/usr/bin/ceph: stderr
2024-03-28T13:16:07.920+0000 7f03051b1700 1 -- 172.21.15.55:0/2418921532 --> [v2:172.21.15.55:3300/0,v1:172.21.15.55:6789/0] -- mon_subscribe({config=0+,monmap=0+}) -- 0x7f0300109230 con 0x7f0300108080
2024-03-28T13:16:08.605 INFO:teuthology.orchestra.run.smithi055.stdout:/usr/bin/ceph: stderr
2024-03-28T13:16:07.920+0000 7f03051b1700 1 --2- 172.21.15.55:0/2418921532 >> [v2:172.21.15.55:3300/0,v1:172.21.15.55:6789/0] conn(0x7f0300108080 0x7f03001084a0 secure :-1 s=READY pgs=43 cs=0 l=1 rev1=1 crypto rx=0x7f02f00098a0 tx=0x7f02f0009bb0 comp rx=0 tx=0).ready entity=mon.0 client_cookie=2c51e0543576850a server_cookie=0 in_seq=0 out_seq=0
2024-03-28T13:16:08.605 INFO:teuthology.orchestra.run.smithi055.stdout:/usr/bin/ceph: stderr
2024-03-28T13:16:07.921+0000 7f02f7fff700 1 -- 172.21.15.55:0/2418921532 <== mon.0 v2:172.21.15.55:3300/0 1 ==== mon_map magic: 0 ==== 205+0+0 (secure 0 0 0) 0x7f02f0004160 con 0x7f0300108080
2024-03-28T13:16:08.605 INFO:teuthology.orchestra.run.smithi055.stdout:/usr/bin/ceph: stderr
2024-03-28T13:16:07.921+0000 7f02f7fff700 1 -- 172.21.15.55:0/2418921532 <== mon.0 v2:172.21.15.55:3300/0 2 ==== config(26 keys) ==== 1071+0+0 (secure 0 0 0) 0x7f02f0004300 con 0x7f0300108080
2024-03-28T13:16:08.605 INFO:teuthology.orchestra.run.smithi055.stdout:/usr/bin/ceph: stderr
2024-03-28T13:16:07.921+0000 7f02f7fff700 1 -- 172.21.15.55:0/2418921532 <== mon.0 v2:172.21.15.55:3300/0 3 ==== mon_map magic: 0 ==== 205+0+0 (secure 0 0 0) 0x7f02f0011a80 con 0x7f0300108080
2024-03-28T13:16:08.605 INFO:teuthology.orchestra.run.smithi055.stdout:/usr/bin/ceph: stderr
2024-03-28T13:16:07.921+0000 7f0307415700 1 -- 172.21.15.55:0/2418921532 >> [v2:172.21.15.55:3300/0,v1:172.21.15.55:6789/0] conn(0x7f0300108080 msgr2=0x7f03001084a0 secure :-1 s=STATE_CONNECTION_ESTABLISHED l=1).mark_down
2024-03-28T13:16:08.606 INFO:teuthology.orchestra.run.smithi055.stdout:/usr/bin/ceph: stderr
2024-03-28T13:16:07.921+0000 7f0307415700 1 --2- 172.21.15.55:0/2418921532 >> [v2:172.21.15.55:3300/0,v1:172.21.15.55:6789/0] conn(0x7f0300108080 0x7f03001084a0 secure :-1 s=READY pgs=43 cs=0 l=1 rev1=1 crypto rx=0x7f02f00098a0 tx=0x7f02f0009bb0 comp rx=0 tx=0).stop
2024-03-28T13:16:08.606 INFO:teuthology.orchestra.run.smithi055.stdout:/usr/bin/ceph: stderr
2024-03-28T13:16:07.921+0000 7f0307415700 1 -- 172.21.15.55:0/2418921532 shutdown_connections
2024-03-28T13:16:08.606 INFO:teuthology.orchestra.run.smithi055.stdout:/usr/bin/ceph: stderr
2024-03-28T13:16:07.921+0000 7f0307415700 1 --2- 172.21.15.55:0/2418921532 >> [v2:172.21.15.55:3300/0,v1:172.21.15.55:6789/0] conn(0x7f0300108080 0x7f03001084a0 unknown :-1 s=CLOSED pgs=43 cs=0 l=1 rev1=1 crypto rx=0 tx=0 comp rx=0 tx=0).stop
2024-03-28T13:16:08.606 INFO:teuthology.orchestra.run.smithi055.stdout:/usr/bin/ceph: stderr
2024-03-28T13:16:07.921+0000 7f0307415700 1 -- 172.21.15.55:0/2418921532 >> 172.21.15.55:0/2418921532 conn(0x7f0300103660 msgr2=0x7f0300105a80 unknown :-1 s=STATE_NONE l=0).mark_down
2024-03-28T13:16:08.606 INFO:teuthology.orchestra.run.smithi055.stdout:/usr/bin/ceph: stderr
2024-03-28T13:16:07.921+0000 7f0307415700 1 -- 172.21.15.55:0/2418921532 shutdown_connections
2024-03-28T13:16:08.606 INFO:teuthology.orchestra.run.smithi055.stdout:/usr/bin/ceph: stderr
2024-03-28T13:16:07.921+0000 7f0307415700 1 -- 172.21.15.55:0/2418921532 wait complete.
2024-03-28T13:16:08.606 INFO:teuthology.orchestra.run.smithi055.stdout:/usr/bin/ceph: stderr
2024-03-28T13:16:07.922+0000 7f0307415700 1 Processor -- start
2024-03-28T13:16:08.606 INFO:teuthology.orchestra.run.smithi055.stdout:/usr/bin/ceph: stderr
2024-03-28T13:16:07.922+0000 7f0307415700 1 -- start start
2024-03-28T13:16:08.606 INFO:teuthology.orchestra.run.smithi055.stdout:/usr/bin/ceph: stderr
2024-03-28T13:16:07.922+0000 7f0307415700 1 --2- >> [v2:172.21.15.55:3300/0,v1:172.21.15.55:6789/0] conn(0x7f0300108080 0x7f030007db40 unknown :-1 s=NONE pgs=0 cs=0 l=1 rev1=0 crypto rx=0 tx=0 comp rx=0 tx=0).connect
2024-03-28T13:16:08.606 INFO:teuthology.orchestra.run.smithi055.stdout:/usr/bin/ceph: stderr
2024-03-28T13:16:07.922+0000 7f0307415700 1 -- --> [v2:172.21.15.55:3300/0,v1:172.21.15.55:6789/0] -- mon_getmap magic: 0 -- 0x7f030010c460 con 0x7f0300108080
2024-03-28T13:16:08.606 INFO:teuthology.orchestra.run.smithi055.stdout:/usr/bin/ceph: stderr
2024-03-28T13:16:07.922+0000 7f03051b1700 1 --2- >> [v2:172.21.15.55:3300/0,v1:172.21.15.55:6789/0] conn(0x7f0300108080 0x7f030007db40 unknown :-1 s=BANNER_CONNECTING pgs=0 cs=0 l=1 rev1=0 crypto rx=0 tx=0 comp rx=0 tx=0)._handle_peer_banner_payload supported=3 required=0
2024-03-28T13:16:08.606 INFO:teuthology.orchestra.run.smithi055.stdout:/usr/bin/ceph: stderr
2024-03-28T13:16:07.922+0000 7f03051b1700 1 --2- >> [v2:172.21.15.55:3300/0,v1:172.21.15.55:6789/0] conn(0x7f0300108080 0x7f030007db40 unknown :-1 s=HELLO_CONNECTING pgs=0 cs=0 l=1 rev1=1 crypto rx=0 tx=0 comp rx=0 tx=0).handle_hello peer v2:172.21.15.55:3300/0 says I am v2:172.21.15.55:47416/0 (socket says 172.21.15.55:47416)
2024-03-28T13:16:08.606 INFO:teuthology.orchestra.run.smithi055.stdout:/usr/bin/ceph: stderr
2024-03-28T13:16:07.922+0000 7f03051b1700 1 -- 172.21.15.55:0/2758544568 learned_addr learned my addr 172.21.15.55:0/2758544568 (peer_addr_for_me v2:172.21.15.55:0/0)
2024-03-28T13:16:08.607 INFO:teuthology.orchestra.run.smithi055.stdout:/usr/bin/ceph: stderr
2024-03-28T13:16:07.922+0000 7f03051b1700 1 -- 172.21.15.55:0/2758544568 --> [v2:172.21.15.55:3300/0,v1:172.21.15.55:6789/0] -- mon_subscribe({config=0+,monmap=0+}) -- 0x7f030007e080 con 0x7f0300108080
2024-03-28T13:16:08.607 INFO:teuthology.orchestra.run.smithi055.stdout:/usr/bin/ceph: stderr
2024-03-28T13:16:07.923+0000 7f03051b1700 1 --2- 172.21.15.55:0/2758544568 >> [v2:172.21.15.55:3300/0,v1:172.21.15.55:6789/0] conn(0x7f0300108080 0x7f030007db40 secure :-1 s=READY pgs=44 cs=0 l=1 rev1=1 crypto rx=0x7f02f0006af0 tx=0x7f02f0011b70 comp rx=0 tx=0).ready entity=mon.0 client_cookie=0 server_cookie=0 in_seq=0 out_seq=0
2024-03-28T13:16:08.607 INFO:teuthology.orchestra.run.smithi055.stdout:/usr/bin/ceph: stderr
2024-03-28T13:16:07.923+0000 7f02f67fc700 1 -- 172.21.15.55:0/2758544568 <== mon.0 v2:172.21.15.55:3300/0 1 ==== mon_map magic: 0 ==== 205+0+0 (secure 0 0 0) 0x7f02f0003930 con 0x7f0300108080
2024-03-28T13:16:08.607 INFO:teuthology.orchestra.run.smithi055.stdout:/usr/bin/ceph: stderr
2024-03-28T13:16:07.923+0000 7f02f67fc700 1 -- 172.21.15.55:0/2758544568 <== mon.0 v2:172.21.15.55:3300/0 2 ==== config(26 keys) ==== 1071+0+0 (secure 0 0 0) 0x7f02f0003ad0 con 0x7f0300108080
2024-03-28T13:16:08.607 INFO:teuthology.orchestra.run.smithi055.stdout:/usr/bin/ceph: stderr
2024-03-28T13:16:07.923+0000 7f0307415700 1 -- 172.21.15.55:0/2758544568 --> [v2:172.21.15.55:3300/0,v1:172.21.15.55:6789/0] -- mon_subscribe({mgrmap=0+}) -- 0x7f030007c270 con 0x7f0300108080
2024-03-28T13:16:08.607 INFO:teuthology.orchestra.run.smithi055.stdout:/usr/bin/ceph: stderr
2024-03-28T13:16:07.923+0000 7f02f67fc700 1 -- 172.21.15.55:0/2758544568 <== mon.0 v2:172.21.15.55:3300/0 3 ==== mon_map magic: 0 ==== 205+0+0 (secure 0 0 0) 0x7f02f00195e0 con 0x7f0300108080
2024-03-28T13:16:08.607 INFO:teuthology.orchestra.run.smithi055.stdout:/usr/bin/ceph: stderr
2024-03-28T13:16:07.923+0000 7f0307415700 1 -- 172.21.15.55:0/2758544568 --> [v2:172.21.15.55:3300/0,v1:172.21.15.55:6789/0] -- mon_subscribe({osdmap=0}) -- 0x7f030007c7b0 con 0x7f0300108080
2024-03-28T13:16:08.607 INFO:teuthology.orchestra.run.smithi055.stdout:/usr/bin/ceph: stderr
2024-03-28T13:16:07.924+0000 7f02f67fc700 1 -- 172.21.15.55:0/2758544568 <== mon.0 v2:172.21.15.55:3300/0 4 ==== mgrmap(e 8) ==== 46466+0+0 (secure 0 0 0) 0x7f02f0019890 con 0x7f0300108080
2024-03-28T13:16:08.607 INFO:teuthology.orchestra.run.smithi055.stdout:/usr/bin/ceph: stderr
2024-03-28T13:16:07.924+0000 7f02f67fc700 1 --2- 172.21.15.55:0/2758544568 >> [v2:172.21.15.55:6800/3015655485,v1:172.21.15.55:6801/3015655485] conn(0x7f02ec0393d0 0x7f02ec03b890 unknown :-1 s=NONE pgs=0 cs=0 l=1 rev1=0 crypto rx=0 tx=0 comp rx=0 tx=0).connect
2024-03-28T13:16:08.607 INFO:teuthology.orchestra.run.smithi055.stdout:/usr/bin/ceph: stderr
2024-03-28T13:16:07.924+0000 7f02f67fc700 1 -- 172.21.15.55:0/2758544568 <== mon.0 v2:172.21.15.55:3300/0 5 ==== osd_map(2..2 src has 1..2) ==== 940+0+0 (secure 0 0 0) 0x7f02f004d960 con 0x7f0300108080
2024-03-28T13:16:08.607 INFO:teuthology.orchestra.run.smithi055.stdout:/usr/bin/ceph: stderr
2024-03-28T13:16:07.924+0000 7f0307415700 1 -- 172.21.15.55:0/2758544568 --> [v2:172.21.15.55:3300/0,v1:172.21.15.55:6789/0] -- mon_command({"prefix": "get_command_descriptions"} v 0) -- 0x7f0300063c70 con 0x7f0300108080
2024-03-28T13:16:08.608 INFO:teuthology.orchestra.run.smithi055.stdout:/usr/bin/ceph: stderr
2024-03-28T13:16:07.924+0000 7f03049b0700 1 --2- 172.21.15.55:0/2758544568 >> [v2:172.21.15.55:6800/3015655485,v1:172.21.15.55:6801/3015655485] conn(0x7f02ec0393d0 0x7f02ec03b890 unknown :-1 s=BANNER_CONNECTING pgs=0 cs=0 l=1 rev1=0 crypto rx=0 tx=0 comp rx=0 tx=0)._handle_peer_banner_payload supported=3 required=0
2024-03-28T13:16:08.608 INFO:teuthology.orchestra.run.smithi055.stdout:/usr/bin/ceph: stderr
2024-03-28T13:16:07.924+0000 7f03049b0700 1 --2- 172.21.15.55:0/2758544568 >> [v2:172.21.15.55:6800/3015655485,v1:172.21.15.55:6801/3015655485] conn(0x7f02ec0393d0 0x7f02ec03b890 secure :-1 s=READY pgs=10 cs=0 l=1 rev1=1 crypto rx=0x7f02fc006fd0 tx=0x7f02fc006e40 comp rx=0 tx=0).ready entity=mgr.14120 client_cookie=0 server_cookie=0 in_seq=0 out_seq=0
2024-03-28T13:16:08.608 INFO:teuthology.orchestra.run.smithi055.stdout:/usr/bin/ceph: stderr
2024-03-28T13:16:07.929+0000 7f02f67fc700 1 -- 172.21.15.55:0/2758544568 <== mon.0 v2:172.21.15.55:3300/0 6 ==== mon_command_ack([{"prefix": "get_command_descriptions"}]=0 v0) ==== 72+0+187688 (secure 0 0 0) 0x7f02f000fda0 con 0x7f0300108080
2024-03-28T13:16:08.608 INFO:teuthology.orchestra.run.smithi055.stdout:/usr/bin/ceph: stderr
2024-03-28T13:16:08.136+0000 7f0307415700 1 -- 172.21.15.55:0/2758544568 --> [v2:172.21.15.55:6800/3015655485,v1:172.21.15.55:6801/3015655485] -- mgr_command(tid 0: {"prefix": "cephadm get-pub-key", "target": ["mon-mgr", ""]}) -- 0x7f0300104920 con 0x7f02ec0393d0
2024-03-28T13:16:08.608 INFO:teuthology.orchestra.run.smithi055.stdout:/usr/bin/ceph: stderr
2024-03-28T13:16:08.137+0000 7f02f67fc700 1 -- 172.21.15.55:0/2758544568 <== mgr.14120 v2:172.21.15.55:6800/3015655485 1 ==== mgr_command_reply(tid 0: 0 ) ==== 8+0+595 (secure 0 0 0) 0x7f0300104920 con 0x7f02ec0393d0
2024-03-28T13:16:08.608 INFO:teuthology.orchestra.run.smithi055.stdout:/usr/bin/ceph: stderr
2024-03-28T13:16:08.139+0000 7f0307415700 1 -- 172.21.15.55:0/2758544568 >> [v2:172.21.15.55:6800/3015655485,v1:172.21.15.55:6801/3015655485] conn(0x7f02ec0393d0 msgr2=0x7f02ec03b890 secure :-1 s=STATE_CONNECTION_ESTABLISHED l=1).mark_down
2024-03-28T13:16:08.608 INFO:teuthology.orchestra.run.smithi055.stdout:/usr/bin/ceph: stderr
2024-03-28T13:16:08.139+0000 7f0307415700 1 --2- 172.21.15.55:0/2758544568 >> [v2:172.21.15.55:6800/3015655485,v1:172.21.15.55:6801/3015655485] conn(0x7f02ec0393d0 0x7f02ec03b890 secure :-1 s=READY pgs=10 cs=0 l=1 rev1=1 crypto rx=0x7f02fc006fd0 tx=0x7f02fc006e40 comp rx=0 tx=0).stop
2024-03-28T13:16:08.608 INFO:teuthology.orchestra.run.smithi055.stdout:/usr/bin/ceph: stderr
2024-03-28T13:16:08.139+0000 7f0307415700 1 -- 172.21.15.55:0/2758544568 >> [v2:172.21.15.55:3300/0,v1:172.21.15.55:6789/0] conn(0x7f0300108080 msgr2=0x7f030007db40 secure :-1 s=STATE_CONNECTION_ESTABLISHED l=1).mark_down
2024-03-28T13:16:08.608 INFO:teuthology.orchestra.run.smithi055.stdout:/usr/bin/ceph: stderr
2024-03-28T13:16:08.139+0000 7f0307415700 1 --2- 172.21.15.55:0/2758544568 >> [v2:172.21.15.55:3300/0,v1:172.21.15.55:6789/0] conn(0x7f0300108080 0x7f030007db40 secure :-1 s=READY pgs=44 cs=0 l=1 rev1=1 crypto rx=0x7f02f0006af0 tx=0x7f02f0011b70 comp rx=0 tx=0).stop
2024-03-28T13:16:08.608 INFO:teuthology.orchestra.run.smithi055.stdout:/usr/bin/ceph: stderr
2024-03-28T13:16:08.139+0000 7f0307415700 1 -- 172.21.15.55:0/2758544568 shutdown_connections
2024-03-28T13:16:08.608 INFO:teuthology.orchestra.run.smithi055.stdout:/usr/bin/ceph: stderr
2024-03-28T13:16:08.139+0000 7f0307415700 1 --2- 172.21.15.55:0/2758544568 >> [v2:172.21.15.55:6800/3015655485,v1:172.21.15.55:6801/3015655485] conn(0x7f02ec0393d0 0x7f02ec03b890 unknown :-1 s=CLOSED pgs=10 cs=0 l=1 rev1=1 crypto rx=0 tx=0 comp rx=0 tx=0).stop
2024-03-28T13:16:08.608 INFO:teuthology.orchestra.run.smithi055.stdout:/usr/bin/ceph: stderr
2024-03-28T13:16:08.139+0000 7f0307415700 1 --2- 172.21.15.55:0/2758544568 >> [v2:172.21.15.55:3300/0,v1:172.21.15.55:6789/0] conn(0x7f0300108080 0x7f030007db40 unknown :-1 s=CLOSED pgs=44 cs=0 l=1 rev1=1 crypto rx=0 tx=0 comp rx=0 tx=0).stop
2024-03-28T13:16:08.608 INFO:teuthology.orchestra.run.smithi055.stdout:/usr/bin/ceph: stderr
2024-03-28T13:16:08.139+0000 7f0307415700 1 -- 172.21.15.55:0/2758544568 >> 172.21.15.55:0/2758544568 conn(0x7f0300103660 msgr2=0x7f0300104210 unknown :-1 s=STATE_NONE l=0).mark_down
2024-03-28T13:16:08.608 INFO:teuthology.orchestra.run.smithi055.stdout:/usr/bin/ceph: stderr
2024-03-28T13:16:08.139+0000 7f0307415700 1 -- 172.21.15.55:0/2758544568 shutdown_connections
2024-03-28T13:16:08.609 INFO:teuthology.orchestra.run.smithi055.stdout:/usr/bin/ceph: stderr
2024-03-28T13:16:08.139+0000 7f0307415700 1 -- 172.21.15.55:0/2758544568 wait complete.
2024-03-28T13:16:08.609 INFO:teuthology.orchestra.run.smithi055.stdout:Wrote public SSH key to /home/ubuntu/cephtest/ceph.pub
2024-03-28T13:16:08.609 INFO:teuthology.orchestra.run.smithi055.stdout:Adding key to root@localhost authorized_keys...
2024-03-28T13:16:08.609 INFO:teuthology.orchestra.run.smithi055.stdout:Adding host smithi055...
2024-03-28T13:16:09.246 INFO:journalctl@ceph.mon.a.smithi055.stdout:Mar 28 13:16:08 smithi055 ceph-mon[32069]: from='client.14138 -' entity='client.admin' cmd=[{"prefix": "cephadm get-pub-key", "target": ["mon-mgr", ""]}]: dispatch
2024-03-28T13:16:10.379 INFO:journalctl@ceph.mon.a.smithi055.stdout:Mar 28 13:16:10 smithi055 ceph-mon[32069]: from='client.14140 -' entity='client.admin' cmd=[{"prefix": "orch host add", "hostname": "smithi055", "addr": "172.21.15.55", "target": ["mon-mgr", ""]}]: dispatch
2024-03-28T13:16:10.379 INFO:journalctl@ceph.mon.a.smithi055.stdout:Mar 28 13:16:10 smithi055 ceph-mon[32069]: Deploying cephadm binary to smithi055
2024-03-28T13:16:14.205 INFO:teuthology.orchestra.run.smithi055.stdout:/usr/bin/ceph: stdout Added host 'smithi055' with addr '172.21.15.55'
2024-03-28T13:16:14.205 INFO:teuthology.orchestra.run.smithi055.stdout:/usr/bin/ceph: stderr
2024-03-28T13:16:09.028+0000 7f6f94677700 1 Processor -- start
2024-03-28T13:16:14.205 INFO:teuthology.orchestra.run.smithi055.stdout:/usr/bin/ceph: stderr
2024-03-28T13:16:09.028+0000 7f6f94677700 1 -- start start
2024-03-28T13:16:14.205 INFO:teuthology.orchestra.run.smithi055.stdout:/usr/bin/ceph: stderr
2024-03-28T13:16:09.028+0000 7f6f94677700 1 --2- >> [v2:172.21.15.55:3300/0,v1:172.21.15.55:6789/0] conn(0x7f6f8c106f30 0x7f6f8c107350 unknown :-1 s=NONE pgs=0 cs=0 l=0 rev1=0 crypto rx=0 tx=0 comp rx=0 tx=0).connect
2024-03-28T13:16:14.205 INFO:teuthology.orchestra.run.smithi055.stdout:/usr/bin/ceph: stderr
2024-03-28T13:16:09.028+0000 7f6f94677700 1 -- --> [v2:172.21.15.55:3300/0,v1:172.21.15.55:6789/0] -- mon_getmap magic: 0 -- 0x7f6f8c107890 con 0x7f6f8c106f30
2024-03-28T13:16:14.205 INFO:teuthology.orchestra.run.smithi055.stdout:/usr/bin/ceph: stderr
2024-03-28T13:16:09.029+0000 7f6f92413700 1 --2- >> [v2:172.21.15.55:3300/0,v1:172.21.15.55:6789/0] conn(0x7f6f8c106f30 0x7f6f8c107350 unknown :-1 s=BANNER_CONNECTING pgs=0 cs=0 l=0 rev1=0 crypto rx=0 tx=0 comp rx=0 tx=0)._handle_peer_banner_payload supported=3 required=0
2024-03-28T13:16:14.206 INFO:teuthology.orchestra.run.smithi055.stdout:/usr/bin/ceph: stderr
2024-03-28T13:16:09.029+0000 7f6f92413700 1 --2- >> [v2:172.21.15.55:3300/0,v1:172.21.15.55:6789/0] conn(0x7f6f8c106f30 0x7f6f8c107350 unknown :-1 s=HELLO_CONNECTING pgs=0 cs=0 l=0 rev1=1 crypto rx=0 tx=0 comp rx=0 tx=0).handle_hello peer v2:172.21.15.55:3300/0 says I am v2:172.21.15.55:47422/0 (socket says 172.21.15.55:47422)
2024-03-28T13:16:14.206 INFO:teuthology.orchestra.run.smithi055.stdout:/usr/bin/ceph: stderr
2024-03-28T13:16:09.029+0000 7f6f92413700 1 -- 172.21.15.55:0/4218891705 learned_addr learned my addr 172.21.15.55:0/4218891705 (peer_addr_for_me v2:172.21.15.55:0/0)
2024-03-28T13:16:14.206 INFO:teuthology.orchestra.run.smithi055.stdout:/usr/bin/ceph: stderr
2024-03-28T13:16:09.029+0000 7f6f92413700 1 -- 172.21.15.55:0/4218891705 --> [v2:172.21.15.55:3300/0,v1:172.21.15.55:6789/0] -- mon_subscribe({config=0+,monmap=0+}) -- 0x7f6f8c108090 con 0x7f6f8c106f30
2024-03-28T13:16:14.206 INFO:teuthology.orchestra.run.smithi055.stdout:/usr/bin/ceph: stderr
2024-03-28T13:16:09.029+0000 7f6f92413700 1 --2- 172.21.15.55:0/4218891705 >> [v2:172.21.15.55:3300/0,v1:172.21.15.55:6789/0] conn(0x7f6f8c106f30 0x7f6f8c107350 secure :-1 s=READY pgs=45 cs=0 l=1 rev1=1 crypto rx=0x7f6f880098a0 tx=0x7f6f88009bb0 comp rx=0 tx=0).ready entity=mon.0 client_cookie=aef7120681a74a0a server_cookie=0 in_seq=0 out_seq=0
2024-03-28T13:16:14.206 INFO:teuthology.orchestra.run.smithi055.stdout:/usr/bin/ceph: stderr
2024-03-28T13:16:09.029+0000 7f6f91411700 1 -- 172.21.15.55:0/4218891705 <== mon.0 v2:172.21.15.55:3300/0 1 ==== mon_map magic: 0 ==== 205+0+0 (secure 0 0 0) 0x7f6f88004160 con 0x7f6f8c106f30
2024-03-28T13:16:14.206 INFO:teuthology.orchestra.run.smithi055.stdout:/usr/bin/ceph: stderr
2024-03-28T13:16:09.029+0000 7f6f91411700 1 -- 172.21.15.55:0/4218891705 <== mon.0 v2:172.21.15.55:3300/0 2 ==== config(26 keys) ==== 1071+0+0 (secure 0 0 0) 0x7f6f88004300 con 0x7f6f8c106f30
2024-03-28T13:16:14.206 INFO:teuthology.orchestra.run.smithi055.stdout:/usr/bin/ceph: stderr
2024-03-28T13:16:09.029+0000 7f6f91411700 1 -- 172.21.15.55:0/4218891705 <== mon.0 v2:172.21.15.55:3300/0 3 ==== mon_map magic: 0 ==== 205+0+0 (secure 0 0 0) 0x7f6f88011a80 con 0x7f6f8c106f30
2024-03-28T13:16:14.206 INFO:teuthology.orchestra.run.smithi055.stdout:/usr/bin/ceph: stderr
2024-03-28T13:16:09.030+0000 7f6f94677700 1 -- 172.21.15.55:0/4218891705 >> [v2:172.21.15.55:3300/0,v1:172.21.15.55:6789/0] conn(0x7f6f8c106f30 msgr2=0x7f6f8c107350 secure :-1 s=STATE_CONNECTION_ESTABLISHED l=1).mark_down
2024-03-28T13:16:14.206 INFO:teuthology.orchestra.run.smithi055.stdout:/usr/bin/ceph: stderr
2024-03-28T13:16:09.030+0000 7f6f94677700 1 --2- 172.21.15.55:0/4218891705 >> [v2:172.21.15.55:3300/0,v1:172.21.15.55:6789/0] conn(0x7f6f8c106f30 0x7f6f8c107350 secure :-1 s=READY pgs=45 cs=0 l=1 rev1=1 crypto rx=0x7f6f880098a0 tx=0x7f6f88009bb0 comp rx=0 tx=0).stop
2024-03-28T13:16:14.206 INFO:teuthology.orchestra.run.smithi055.stdout:/usr/bin/ceph: stderr
2024-03-28T13:16:09.030+0000 7f6f94677700 1 -- 172.21.15.55:0/4218891705 shutdown_connections
2024-03-28T13:16:14.206 INFO:teuthology.orchestra.run.smithi055.stdout:/usr/bin/ceph: stderr
2024-03-28T13:16:09.030+0000 7f6f94677700 1 --2- 172.21.15.55:0/4218891705 >> [v2:172.21.15.55:3300/0,v1:172.21.15.55:6789/0] conn(0x7f6f8c106f30 0x7f6f8c107350 unknown :-1 s=CLOSED pgs=45 cs=0 l=1 rev1=1 crypto rx=0 tx=0 comp rx=0 tx=0).stop
2024-03-28T13:16:14.207 INFO:teuthology.orchestra.run.smithi055.stdout:/usr/bin/ceph: stderr
2024-03-28T13:16:09.030+0000 7f6f94677700 1 -- 172.21.15.55:0/4218891705 >> 172.21.15.55:0/4218891705 conn(0x7f6f8c102550 msgr2=0x7f6f8c104970 unknown :-1 s=STATE_NONE l=0).mark_down
2024-03-28T13:16:14.207 INFO:teuthology.orchestra.run.smithi055.stdout:/usr/bin/ceph: stderr
2024-03-28T13:16:09.030+0000 7f6f94677700 1 -- 172.21.15.55:0/4218891705 shutdown_connections
2024-03-28T13:16:14.207 INFO:teuthology.orchestra.run.smithi055.stdout:/usr/bin/ceph: stderr
2024-03-28T13:16:09.030+0000 7f6f94677700 1 -- 172.21.15.55:0/4218891705 wait complete.
2024-03-28T13:16:14.207 INFO:teuthology.orchestra.run.smithi055.stdout:/usr/bin/ceph: stderr
2024-03-28T13:16:09.030+0000 7f6f94677700 1 Processor -- start
2024-03-28T13:16:14.207 INFO:teuthology.orchestra.run.smithi055.stdout:/usr/bin/ceph: stderr
2024-03-28T13:16:09.030+0000 7f6f94677700 1 -- start start
2024-03-28T13:16:14.207 INFO:teuthology.orchestra.run.smithi055.stdout:/usr/bin/ceph: stderr
2024-03-28T13:16:09.031+0000 7f6f94677700 1 --2- >> [v2:172.21.15.55:3300/0,v1:172.21.15.55:6789/0] conn(0x7f6f8c106f30 0x7f6f8c19bf80 unknown :-1 s=NONE pgs=0 cs=0 l=1 rev1=0 crypto rx=0 tx=0 comp rx=0 tx=0).connect
2024-03-28T13:16:14.207 INFO:teuthology.orchestra.run.smithi055.stdout:/usr/bin/ceph: stderr
2024-03-28T13:16:09.031+0000 7f6f94677700 1 -- --> [v2:172.21.15.55:3300/0,v1:172.21.15.55:6789/0] -- mon_getmap magic: 0 -- 0x7f6f8c10b350 con 0x7f6f8c106f30
2024-03-28T13:16:14.207 INFO:teuthology.orchestra.run.smithi055.stdout:/usr/bin/ceph: stderr
2024-03-28T13:16:09.031+0000 7f6f92413700 1 --2- >> [v2:172.21.15.55:3300/0,v1:172.21.15.55:6789/0] conn(0x7f6f8c106f30 0x7f6f8c19bf80 unknown :-1 s=BANNER_CONNECTING pgs=0 cs=0 l=1 rev1=0 crypto rx=0 tx=0 comp rx=0 tx=0)._handle_peer_banner_payload supported=3 required=0
2024-03-28T13:16:14.207 INFO:teuthology.orchestra.run.smithi055.stdout:/usr/bin/ceph: stderr
2024-03-28T13:16:09.031+0000 7f6f92413700 1 --2- >> [v2:172.21.15.55:3300/0,v1:172.21.15.55:6789/0] conn(0x7f6f8c106f30 0x7f6f8c19bf80 unknown :-1 s=HELLO_CONNECTING pgs=0 cs=0 l=1 rev1=1 crypto rx=0 tx=0 comp rx=0 tx=0).handle_hello peer v2:172.21.15.55:3300/0 says I am v2:172.21.15.55:47428/0 (socket says 172.21.15.55:47428)
2024-03-28T13:16:14.207 INFO:teuthology.orchestra.run.smithi055.stdout:/usr/bin/ceph: stderr
2024-03-28T13:16:09.031+0000 7f6f92413700 1 -- 172.21.15.55:0/1660522019 learned_addr learned my addr 172.21.15.55:0/1660522019 (peer_addr_for_me v2:172.21.15.55:0/0)
2024-03-28T13:16:14.207 INFO:teuthology.orchestra.run.smithi055.stdout:/usr/bin/ceph: stderr
2024-03-28T13:16:09.031+0000 7f6f92413700 1 -- 172.21.15.55:0/1660522019 --> [v2:172.21.15.55:3300/0,v1:172.21.15.55:6789/0] -- mon_subscribe({config=0+,monmap=0+}) -- 0x7f6f8c19c4c0 con 0x7f6f8c106f30
2024-03-28T13:16:14.207 INFO:teuthology.orchestra.run.smithi055.stdout:/usr/bin/ceph: stderr
2024-03-28T13:16:09.031+0000 7f6f92413700 1 --2- 172.21.15.55:0/1660522019 >> [v2:172.21.15.55:3300/0,v1:172.21.15.55:6789/0] conn(0x7f6f8c106f30 0x7f6f8c19bf80 secure :-1 s=READY pgs=46 cs=0 l=1 rev1=1 crypto rx=0x7f6f88011740 tx=0x7f6f880046a0 comp rx=0 tx=0).ready entity=mon.0 client_cookie=0 server_cookie=0 in_seq=0 out_seq=0
2024-03-28T13:16:14.207 INFO:teuthology.orchestra.run.smithi055.stdout:/usr/bin/ceph: stderr
2024-03-28T13:16:09.031+0000 7f6f837fe700 1 -- 172.21.15.55:0/1660522019 <== mon.0 v2:172.21.15.55:3300/0 1 ==== mon_map magic: 0 ==== 205+0+0 (secure 0 0 0) 0x7f6f88003b20 con 0x7f6f8c106f30
2024-03-28T13:16:14.208 INFO:teuthology.orchestra.run.smithi055.stdout:/usr/bin/ceph: stderr
2024-03-28T13:16:09.031+0000 7f6f837fe700 1 -- 172.21.15.55:0/1660522019 <== mon.0 v2:172.21.15.55:3300/0 2 ==== config(26 keys) ==== 1071+0+0 (secure 0 0 0) 0x7f6f88003cc0 con 0x7f6f8c106f30
2024-03-28T13:16:14.208 INFO:teuthology.orchestra.run.smithi055.stdout:/usr/bin/ceph: stderr
2024-03-28T13:16:09.031+0000 7f6f94677700 1 -- 172.21.15.55:0/1660522019 --> [v2:172.21.15.55:3300/0,v1:172.21.15.55:6789/0] -- mon_subscribe({mgrmap=0+}) -- 0x7f6f8c19c750 con 0x7f6f8c106f30
2024-03-28T13:16:14.208 INFO:teuthology.orchestra.run.smithi055.stdout:/usr/bin/ceph: stderr
2024-03-28T13:16:09.031+0000 7f6f837fe700 1 -- 172.21.15.55:0/1660522019 <== mon.0 v2:172.21.15.55:3300/0 3 ==== mon_map magic: 0 ==== 205+0+0 (secure 0 0 0) 0x7f6f880246c0 con 0x7f6f8c106f30
2024-03-28T13:16:14.208 INFO:teuthology.orchestra.run.smithi055.stdout:/usr/bin/ceph: stderr
2024-03-28T13:16:09.031+0000 7f6f94677700 1 -- 172.21.15.55:0/1660522019 --> [v2:172.21.15.55:3300/0,v1:172.21.15.55:6789/0] -- mon_subscribe({osdmap=0}) -- 0x7f6f8c19f440 con 0x7f6f8c106f30
2024-03-28T13:16:14.208 INFO:teuthology.orchestra.run.smithi055.stdout:/usr/bin/ceph: stderr
2024-03-28T13:16:09.032+0000 7f6f837fe700 1 -- 172.21.15.55:0/1660522019 <== mon.0 v2:172.21.15.55:3300/0 4 ==== mgrmap(e 8) ==== 46466+0+0 (secure 0 0 0) 0x7f6f88022020 con 0x7f6f8c106f30
2024-03-28T13:16:14.208 INFO:teuthology.orchestra.run.smithi055.stdout:/usr/bin/ceph: stderr
2024-03-28T13:16:09.032+0000 7f6f94677700 1 -- 172.21.15.55:0/1660522019 --> [v2:172.21.15.55:3300/0,v1:172.21.15.55:6789/0] -- mon_command({"prefix": "get_command_descriptions"} v 0) -- 0x7f6f8c063c70 con 0x7f6f8c106f30
2024-03-28T13:16:14.208 INFO:teuthology.orchestra.run.smithi055.stdout:/usr/bin/ceph: stderr
2024-03-28T13:16:09.032+0000 7f6f837fe700 1 --2- 172.21.15.55:0/1660522019 >> [v2:172.21.15.55:6800/3015655485,v1:172.21.15.55:6801/3015655485] conn(0x7f6f78039380 0x7f6f7803b840 unknown :-1 s=NONE pgs=0 cs=0 l=1 rev1=0 crypto rx=0 tx=0 comp rx=0 tx=0).connect
2024-03-28T13:16:14.208 INFO:teuthology.orchestra.run.smithi055.stdout:/usr/bin/ceph: stderr
2024-03-28T13:16:09.032+0000 7f6f837fe700 1 -- 172.21.15.55:0/1660522019 <== mon.0 v2:172.21.15.55:3300/0 5 ==== osd_map(2..2 src has 1..2) ==== 940+0+0 (secure 0 0 0) 0x7f6f8804d730 con 0x7f6f8c106f30
2024-03-28T13:16:14.208 INFO:teuthology.orchestra.run.smithi055.stdout:/usr/bin/ceph: stderr
2024-03-28T13:16:09.032+0000 7f6f91c12700 1 --2- 172.21.15.55:0/1660522019 >> [v2:172.21.15.55:6800/3015655485,v1:172.21.15.55:6801/3015655485] conn(0x7f6f78039380 0x7f6f7803b840 unknown :-1 s=BANNER_CONNECTING pgs=0 cs=0 l=1 rev1=0 crypto rx=0 tx=0 comp rx=0 tx=0)._handle_peer_banner_payload supported=3 required=0
2024-03-28T13:16:14.208 INFO:teuthology.orchestra.run.smithi055.stdout:/usr/bin/ceph: stderr
2024-03-28T13:16:09.033+0000 7f6f91c12700 1 --2- 172.21.15.55:0/1660522019 >> [v2:172.21.15.55:6800/3015655485,v1:172.21.15.55:6801/3015655485] conn(0x7f6f78039380 0x7f6f7803b840 secure :-1 s=READY pgs=11 cs=0 l=1 rev1=1 crypto rx=0x7f6f7c006fd0 tx=0x7f6f7c006e40 comp rx=0 tx=0).ready entity=mgr.14120 client_cookie=0 server_cookie=0 in_seq=0 out_seq=0
2024-03-28T13:16:14.208 INFO:teuthology.orchestra.run.smithi055.stdout:/usr/bin/ceph: stderr
2024-03-28T13:16:09.037+0000 7f6f837fe700 1 -- 172.21.15.55:0/1660522019 <== mon.0 v2:172.21.15.55:3300/0 6 ==== mon_command_ack([{"prefix": "get_command_descriptions"}]=0 v0) ==== 72+0+187688 (secure 0 0 0) 0x7f6f8802d770 con 0x7f6f8c106f30
2024-03-28T13:16:14.208 INFO:teuthology.orchestra.run.smithi055.stdout:/usr/bin/ceph: stderr
2024-03-28T13:16:09.246+0000 7f6f94677700 1 -- 172.21.15.55:0/1660522019 --> [v2:172.21.15.55:6800/3015655485,v1:172.21.15.55:6801/3015655485] -- mgr_command(tid 0: {"prefix": "orch host add", "hostname": "smithi055", "addr": "172.21.15.55", "target": ["mon-mgr", ""]}) -- 0x7f6f8c0008d0 con 0x7f6f78039380
2024-03-28T13:16:14.208 INFO:teuthology.orchestra.run.smithi055.stdout:/usr/bin/ceph: stderr
2024-03-28T13:16:13.647+0000 7f6f837fe700 1 -- 172.21.15.55:0/1660522019 <== mgr.14120 v2:172.21.15.55:6800/3015655485 1 ==== mgr_command_reply(tid 0: 0 ) ==== 8+0+48 (secure 0 0 0) 0x7f6f8c0008d0 con 0x7f6f78039380
2024-03-28T13:16:14.209 INFO:teuthology.orchestra.run.smithi055.stdout:/usr/bin/ceph: stderr
2024-03-28T13:16:13.650+0000 7f6f94677700 1 -- 172.21.15.55:0/1660522019 >> [v2:172.21.15.55:6800/3015655485,v1:172.21.15.55:6801/3015655485] conn(0x7f6f78039380 msgr2=0x7f6f7803b840 secure :-1 s=STATE_CONNECTION_ESTABLISHED l=1).mark_down
2024-03-28T13:16:14.209 INFO:teuthology.orchestra.run.smithi055.stdout:/usr/bin/ceph: stderr
2024-03-28T13:16:13.650+0000 7f6f94677700 1 --2- 172.21.15.55:0/1660522019 >> [v2:172.21.15.55:6800/3015655485,v1:172.21.15.55:6801/3015655485] conn(0x7f6f78039380 0x7f6f7803b840 secure :-1 s=READY pgs=11 cs=0 l=1 rev1=1 crypto rx=0x7f6f7c006fd0 tx=0x7f6f7c006e40 comp rx=0 tx=0).stop
2024-03-28T13:16:14.209 INFO:teuthology.orchestra.run.smithi055.stdout:/usr/bin/ceph: stderr
2024-03-28T13:16:13.650+0000 7f6f94677700 1 -- 172.21.15.55:0/1660522019 >> [v2:172.21.15.55:3300/0,v1:172.21.15.55:6789/0] conn(0x7f6f8c106f30 msgr2=0x7f6f8c19bf80 secure :-1 s=STATE_CONNECTION_ESTABLISHED l=1).mark_down
2024-03-28T13:16:14.209 INFO:teuthology.orchestra.run.smithi055.stdout:/usr/bin/ceph: stderr
2024-03-28T13:16:13.650+0000 7f6f94677700 1 --2- 172.21.15.55:0/1660522019 >> [v2:172.21.15.55:3300/0,v1:172.21.15.55:6789/0] conn(0x7f6f8c106f30 0x7f6f8c19bf80 secure :-1 s=READY pgs=46 cs=0 l=1 rev1=1 crypto rx=0x7f6f88011740 tx=0x7f6f880046a0 comp rx=0 tx=0).stop
2024-03-28T13:16:14.209 INFO:teuthology.orchestra.run.smithi055.stdout:/usr/bin/ceph: stderr
2024-03-28T13:16:13.650+0000 7f6f94677700 1 -- 172.21.15.55:0/1660522019 shutdown_connections
2024-03-28T13:16:14.209 INFO:teuthology.orchestra.run.smithi055.stdout:/usr/bin/ceph: stderr
2024-03-28T13:16:13.650+0000 7f6f94677700 1 --2- 172.21.15.55:0/1660522019 >> [v2:172.21.15.55:6800/3015655485,v1:172.21.15.55:6801/3015655485] conn(0x7f6f78039380 0x7f6f7803b840 unknown :-1 s=CLOSED pgs=11 cs=0 l=1 rev1=1 crypto rx=0 tx=0 comp rx=0 tx=0).stop
2024-03-28T13:16:14.209 INFO:teuthology.orchestra.run.smithi055.stdout:/usr/bin/ceph: stderr
2024-03-28T13:16:13.650+0000 7f6f94677700 1 --2- 172.21.15.55:0/1660522019 >> [v2:172.21.15.55:3300/0,v1:172.21.15.55:6789/0] conn(0x7f6f8c106f30 0x7f6f8c19bf80 unknown :-1 s=CLOSED pgs=46 cs=0 l=1 rev1=1 crypto rx=0 tx=0 comp rx=0 tx=0).stop
2024-03-28T13:16:14.209 INFO:teuthology.orchestra.run.smithi055.stdout:/usr/bin/ceph: stderr
2024-03-28T13:16:13.650+0000 7f6f94677700 1 -- 172.21.15.55:0/1660522019 >> 172.21.15.55:0/1660522019 conn(0x7f6f8c102550 msgr2=0x7f6f8c103400 unknown :-1 s=STATE_NONE l=0).mark_down
2024-03-28T13:16:14.209 INFO:teuthology.orchestra.run.smithi055.stdout:/usr/bin/ceph: stderr
2024-03-28T13:16:13.650+0000 7f6f94677700 1 -- 172.21.15.55:0/1660522019 shutdown_connections
2024-03-28T13:16:14.209 INFO:teuthology.orchestra.run.smithi055.stdout:/usr/bin/ceph: stderr
2024-03-28T13:16:13.650+0000 7f6f94677700 1 -- 172.21.15.55:0/1660522019 wait complete.
2024-03-28T13:16:14.209 INFO:teuthology.orchestra.run.smithi055.stdout:Deploying unmanaged mon service...
2024-03-28T13:16:14.903 INFO:journalctl@ceph.mon.a.smithi055.stdout:Mar 28 13:16:14 smithi055 ceph-mon[32069]: from='mgr.14120 172.21.15.55:0/3574539899' entity='mgr.x'
2024-03-28T13:16:14.903 INFO:journalctl@ceph.mon.a.smithi055.stdout:Mar 28 13:16:14 smithi055 ceph-mon[32069]: Added host smithi055
2024-03-28T13:16:14.903 INFO:journalctl@ceph.mon.a.smithi055.stdout:Mar 28 13:16:14 smithi055 ceph-mon[32069]: from='mgr.14120 172.21.15.55:0/3574539899' entity='mgr.x' cmd=[{"prefix": "config dump", "format": "json"}]: dispatch
2024-03-28T13:16:15.450 INFO:teuthology.orchestra.run.smithi055.stdout:/usr/bin/ceph: stdout Scheduled mon update...
2024-03-28T13:16:15.450 INFO:teuthology.orchestra.run.smithi055.stdout:/usr/bin/ceph: stderr
2024-03-28T13:16:14.674+0000 7fe865443700 1 Processor -- start
2024-03-28T13:16:15.450 INFO:teuthology.orchestra.run.smithi055.stdout:/usr/bin/ceph: stderr
2024-03-28T13:16:14.674+0000 7fe865443700 1 -- start start
2024-03-28T13:16:15.450 INFO:teuthology.orchestra.run.smithi055.stdout:/usr/bin/ceph: stderr
2024-03-28T13:16:14.674+0000 7fe865443700 1 --2- >> [v2:172.21.15.55:3300/0,v1:172.21.15.55:6789/0] conn(0x7fe860108af0 0x7fe86010aee0 unknown :-1 s=NONE pgs=0 cs=0 l=0 rev1=0 crypto rx=0 tx=0 comp rx=0 tx=0).connect
2024-03-28T13:16:15.450 INFO:teuthology.orchestra.run.smithi055.stdout:/usr/bin/ceph: stderr
2024-03-28T13:16:14.674+0000 7fe865443700 1 -- --> [v2:172.21.15.55:3300/0,v1:172.21.15.55:6789/0] -- mon_getmap magic: 0 -- 0x7fe86007be20 con 0x7fe860108af0
2024-03-28T13:16:15.450 INFO:teuthology.orchestra.run.smithi055.stdout:/usr/bin/ceph: stderr
