2024-03-28T13:15:57.424+0000 7fddb97fa700 1 -- 172.21.15.55:0/1322905173 <== mon.0 v2:172.21.15.55:3300/0 2 ==== config(26 keys) ==== 1071+0+0 (secure 0 0 0) 0x7fddac003ad0 con 0x7fddbc108b00
2024-03-28T13:16:03.770 INFO:teuthology.orchestra.run.smithi055.stdout:/usr/bin/ceph: stderr
2024-03-28T13:15:57.424+0000 7fddb97fa700 1 -- 172.21.15.55:0/1322905173 <== mon.0 v2:172.21.15.55:3300/0 3 ==== mon_map magic: 0 ==== 205+0+0 (secure 0 0 0) 0x7fddac0195e0 con 0x7fddbc108b00
2024-03-28T13:16:03.770 INFO:teuthology.orchestra.run.smithi055.stdout:/usr/bin/ceph: stderr
2024-03-28T13:15:57.424+0000 7fddc29da700 1 -- 172.21.15.55:0/1322905173 --> [v2:172.21.15.55:3300/0,v1:172.21.15.55:6789/0] -- mon_subscribe({osdmap=0}) -- 0x7fddbc19f450 con 0x7fddbc108b00
2024-03-28T13:16:03.770 INFO:teuthology.orchestra.run.smithi055.stdout:/usr/bin/ceph: stderr
2024-03-28T13:15:57.425+0000 7fddb97fa700 1 -- 172.21.15.55:0/1322905173 <== mon.0 v2:172.21.15.55:3300/0 4 ==== mgrmap(e 5) ==== 46466+0+0 (secure 0 0 0) 0x7fddac019900 con 0x7fddbc108b00
2024-03-28T13:16:03.770 INFO:teuthology.orchestra.run.smithi055.stdout:/usr/bin/ceph: stderr
2024-03-28T13:15:57.425+0000 7fddb97fa700 1 --2- 172.21.15.55:0/1322905173 >> [v2:172.21.15.55:6800/1310314843,v1:172.21.15.55:6801/1310314843] conn(0x7fdda4039380 0x7fdda403b840 unknown :-1 s=NONE pgs=0 cs=0 l=1 rev1=0 crypto rx=0 tx=0 comp rx=0 tx=0).connect
2024-03-28T13:16:03.770 INFO:teuthology.orchestra.run.smithi055.stdout:/usr/bin/ceph: stderr
2024-03-28T13:15:57.425+0000 7fddb97fa700 1 -- 172.21.15.55:0/1322905173 --> [v2:172.21.15.55:6800/1310314843,v1:172.21.15.55:6801/1310314843] -- command(tid 0: {"prefix": "get_command_descriptions"}) -- 0x7fdda403bf50 con 0x7fdda4039380
2024-03-28T13:16:03.770 INFO:teuthology.orchestra.run.smithi055.stdout:/usr/bin/ceph: stderr
2024-03-28T13:15:57.425+0000 7fddbb7fe700 1 -- 172.21.15.55:0/1322905173 >> [v2:172.21.15.55:6800/1310314843,v1:172.21.15.55:6801/1310314843] conn(0x7fdda4039380 msgr2=0x7fdda403b840 unknown :-1 s=STATE_CONNECTING_RE l=1).process reconnect failed to v2:172.21.15.55:6800/1310314843
2024-03-28T13:16:03.770 INFO:teuthology.orchestra.run.smithi055.stdout:/usr/bin/ceph: stderr
2024-03-28T13:15:57.425+0000 7fddb97fa700 1 -- 172.21.15.55:0/1322905173 <== mon.0 v2:172.21.15.55:3300/0 5 ==== osd_map(1..1 src has 1..1) ==== 725+0+0 (secure 0 0 0) 0x7fddac04d9b0 con 0x7fddbc108b00
2024-03-28T13:16:03.770 INFO:teuthology.orchestra.run.smithi055.stdout:/usr/bin/ceph: stderr
2024-03-28T13:15:57.425+0000 7fddbb7fe700 1 --2- 172.21.15.55:0/1322905173 >> [v2:172.21.15.55:6800/1310314843,v1:172.21.15.55:6801/1310314843] conn(0x7fdda4039380 0x7fdda403b840 unknown :-1 s=START_CONNECT pgs=0 cs=0 l=1 rev1=0 crypto rx=0 tx=0 comp rx=0 tx=0)._fault waiting 0.200000
2024-03-28T13:16:03.770 INFO:teuthology.orchestra.run.smithi055.stdout:/usr/bin/ceph: stderr
2024-03-28T13:15:57.626+0000 7fddbb7fe700 1 -- 172.21.15.55:0/1322905173 >> [v2:172.21.15.55:6800/1310314843,v1:172.21.15.55:6801/1310314843] conn(0x7fdda4039380 msgr2=0x7fdda403b840 unknown :-1 s=STATE_CONNECTING_RE l=1).process reconnect failed to v2:172.21.15.55:6800/1310314843
2024-03-28T13:16:03.770 INFO:teuthology.orchestra.run.smithi055.stdout:/usr/bin/ceph: stderr
2024-03-28T13:15:57.626+0000 7fddbb7fe700 1 --2- 172.21.15.55:0/1322905173 >> [v2:172.21.15.55:6800/1310314843,v1:172.21.15.55:6801/1310314843] conn(0x7fdda4039380 0x7fdda403b840 unknown :-1 s=START_CONNECT pgs=0 cs=0 l=1 rev1=0 crypto rx=0 tx=0 comp rx=0 tx=0)._fault waiting 0.400000
2024-03-28T13:16:03.770 INFO:teuthology.orchestra.run.smithi055.stdout:/usr/bin/ceph: stderr
2024-03-28T13:15:58.027+0000 7fddbb7fe700 1 -- 172.21.15.55:0/1322905173 >> [v2:172.21.15.55:6800/1310314843,v1:172.21.15.55:6801/1310314843] conn(0x7fdda4039380 msgr2=0x7fdda403b840 unknown :-1 s=STATE_CONNECTING_RE l=1).process reconnect failed to v2:172.21.15.55:6800/1310314843
2024-03-28T13:16:03.770 INFO:teuthology.orchestra.run.smithi055.stdout:/usr/bin/ceph: stderr
2024-03-28T13:15:58.027+0000 7fddbb7fe700 1 --2- 172.21.15.55:0/1322905173 >> [v2:172.21.15.55:6800/1310314843,v1:172.21.15.55:6801/1310314843] conn(0x7fdda4039380 0x7fdda403b840 unknown :-1 s=START_CONNECT pgs=0 cs=0 l=1 rev1=0 crypto rx=0 tx=0 comp rx=0 tx=0)._fault waiting 0.800000
2024-03-28T13:16:03.771 INFO:teuthology.orchestra.run.smithi055.stdout:/usr/bin/ceph: stderr
2024-03-28T13:15:58.828+0000 7fddbb7fe700 1 -- 172.21.15.55:0/1322905173 >> [v2:172.21.15.55:6800/1310314843,v1:172.21.15.55:6801/1310314843] conn(0x7fdda4039380 msgr2=0x7fdda403b840 unknown :-1 s=STATE_CONNECTING_RE l=1).process reconnect failed to v2:172.21.15.55:6800/1310314843
2024-03-28T13:16:03.771 INFO:teuthology.orchestra.run.smithi055.stdout:/usr/bin/ceph: stderr
2024-03-28T13:15:58.828+0000 7fddbb7fe700 1 --2- 172.21.15.55:0/1322905173 >> [v2:172.21.15.55:6800/1310314843,v1:172.21.15.55:6801/1310314843] conn(0x7fdda4039380 0x7fdda403b840 unknown :-1 s=START_CONNECT pgs=0 cs=0 l=1 rev1=0 crypto rx=0 tx=0 comp rx=0 tx=0)._fault waiting 1.600000
2024-03-28T13:16:03.771 INFO:teuthology.orchestra.run.smithi055.stdout:/usr/bin/ceph: stderr
2024-03-28T13:16:00.429+0000 7fddbb7fe700 1 -- 172.21.15.55:0/1322905173 >> [v2:172.21.15.55:6800/1310314843,v1:172.21.15.55:6801/1310314843] conn(0x7fdda4039380 msgr2=0x7fdda403b840 unknown :-1 s=STATE_CONNECTING_RE l=1).process reconnect failed to v2:172.21.15.55:6800/1310314843
2024-03-28T13:16:03.771 INFO:teuthology.orchestra.run.smithi055.stdout:/usr/bin/ceph: stderr
2024-03-28T13:16:00.429+0000 7fddbb7fe700 1 --2- 172.21.15.55:0/1322905173 >> [v2:172.21.15.55:6800/1310314843,v1:172.21.15.55:6801/1310314843] conn(0x7fdda4039380 0x7fdda403b840 unknown :-1 s=START_CONNECT pgs=0 cs=0 l=1 rev1=0 crypto rx=0 tx=0 comp rx=0 tx=0)._fault waiting 3.200000
2024-03-28T13:16:03.771 INFO:teuthology.orchestra.run.smithi055.stdout:/usr/bin/ceph: stderr
2024-03-28T13:16:02.178+0000 7fddb97fa700 1 -- 172.21.15.55:0/1322905173 <== mon.0 v2:172.21.15.55:3300/0 6 ==== mgrmap(e 6) ==== 46233+0+0 (secure 0 0 0) 0x7fddac019c40 con 0x7fddbc108b00
2024-03-28T13:16:03.771 INFO:teuthology.orchestra.run.smithi055.stdout:/usr/bin/ceph: stderr
2024-03-28T13:16:02.178+0000 7fddb97fa700 1 -- 172.21.15.55:0/1322905173 >> [v2:172.21.15.55:6800/1310314843,v1:172.21.15.55:6801/1310314843] conn(0x7fdda4039380 msgr2=0x7fdda403b840 unknown :-1 s=STATE_CONNECTING l=1).mark_down
2024-03-28T13:16:03.771 INFO:teuthology.orchestra.run.smithi055.stdout:/usr/bin/ceph: stderr
2024-03-28T13:16:02.178+0000 7fddb97fa700 1 --2- 172.21.15.55:0/1322905173 >> [v2:172.21.15.55:6800/1310314843,v1:172.21.15.55:6801/1310314843] conn(0x7fdda4039380 0x7fdda403b840 unknown :-1 s=START_CONNECT pgs=0 cs=0 l=1 rev1=0 crypto rx=0 tx=0 comp rx=0 tx=0).stop
2024-03-28T13:16:03.771 INFO:teuthology.orchestra.run.smithi055.stdout:/usr/bin/ceph: stderr
2024-03-28T13:16:03.179+0000 7fddb97fa700 1 -- 172.21.15.55:0/1322905173 <== mon.0 v2:172.21.15.55:3300/0 7 ==== mgrmap(e 7) ==== 46360+0+0 (secure 0 0 0) 0x7fddac04f0a0 con 0x7fddbc108b00
2024-03-28T13:16:03.771 INFO:teuthology.orchestra.run.smithi055.stdout:/usr/bin/ceph: stderr
2024-03-28T13:16:03.179+0000 7fddb97fa700 1 --2- 172.21.15.55:0/1322905173 >> [v2:172.21.15.55:6800/3015655485,v1:172.21.15.55:6801/3015655485] conn(0x7fdda403cc70 0x7fdda403f060 unknown :-1 s=NONE pgs=0 cs=0 l=1 rev1=0 crypto rx=0 tx=0 comp rx=0 tx=0).connect
2024-03-28T13:16:03.771 INFO:teuthology.orchestra.run.smithi055.stdout:/usr/bin/ceph: stderr
2024-03-28T13:16:03.179+0000 7fddb97fa700 1 -- 172.21.15.55:0/1322905173 --> [v2:172.21.15.55:6800/3015655485,v1:172.21.15.55:6801/3015655485] -- command(tid 0: {"prefix": "get_command_descriptions"}) -- 0x7fddac001d30 con 0x7fdda403cc70
2024-03-28T13:16:03.771 INFO:teuthology.orchestra.run.smithi055.stdout:/usr/bin/ceph: stderr
2024-03-28T13:16:03.179+0000 7fddbb7fe700 1 --2- 172.21.15.55:0/1322905173 >> [v2:172.21.15.55:6800/3015655485,v1:172.21.15.55:6801/3015655485] conn(0x7fdda403cc70 0x7fdda403f060 unknown :-1 s=BANNER_CONNECTING pgs=0 cs=0 l=1 rev1=0 crypto rx=0 tx=0 comp rx=0 tx=0)._handle_peer_banner_payload supported=3 required=0
2024-03-28T13:16:03.771 INFO:teuthology.orchestra.run.smithi055.stdout:/usr/bin/ceph: stderr
2024-03-28T13:16:03.180+0000 7fddbb7fe700 1 --2- 172.21.15.55:0/1322905173 >> [v2:172.21.15.55:6800/3015655485,v1:172.21.15.55:6801/3015655485] conn(0x7fdda403cc70 0x7fdda403f060 secure :-1 s=READY pgs=1 cs=0 l=1 rev1=1 crypto rx=0x7fddb0003a10 tx=0x7fddb0009290 comp rx=0 tx=0).ready entity=mgr.14120 client_cookie=0 server_cookie=0 in_seq=0 out_seq=0
2024-03-28T13:16:03.771 INFO:teuthology.orchestra.run.smithi055.stdout:/usr/bin/ceph: stderr
2024-03-28T13:16:03.180+0000 7fddb97fa700 1 -- 172.21.15.55:0/1322905173 <== mgr.14120 v2:172.21.15.55:6800/3015655485 1 ==== command_reply(tid 0: 0 ) ==== 8+0+7774 (secure 0 0 0) 0x7fddac001d30 con 0x7fdda403cc70
2024-03-28T13:16:03.771 INFO:teuthology.orchestra.run.smithi055.stdout:/usr/bin/ceph: stderr
2024-03-28T13:16:03.187+0000 7fddc29da700 1 -- 172.21.15.55:0/1322905173 --> [v2:172.21.15.55:6800/3015655485,v1:172.21.15.55:6801/3015655485] -- command(tid 1: {"prefix": "mgr_status"}) -- 0x7fddbc063c70 con 0x7fdda403cc70
2024-03-28T13:16:03.771 INFO:teuthology.orchestra.run.smithi055.stdout:/usr/bin/ceph: stderr
2024-03-28T13:16:03.187+0000 7fddb97fa700 1 -- 172.21.15.55:0/1322905173 <== mgr.14120 v2:172.21.15.55:6800/3015655485 2 ==== command_reply(tid 1: 0 ) ==== 8+0+51 (secure 0 0 0) 0x7fddbc063c70 con 0x7fdda403cc70
2024-03-28T13:16:03.772 INFO:teuthology.orchestra.run.smithi055.stdout:/usr/bin/ceph: stderr
2024-03-28T13:16:03.188+0000 7fddc29da700 1 -- 172.21.15.55:0/1322905173 >> [v2:172.21.15.55:6800/3015655485,v1:172.21.15.55:6801/3015655485] conn(0x7fdda403cc70 msgr2=0x7fdda403f060 secure :-1 s=STATE_CONNECTION_ESTABLISHED l=1).mark_down
2024-03-28T13:16:03.772 INFO:teuthology.orchestra.run.smithi055.stdout:/usr/bin/ceph: stderr
2024-03-28T13:16:03.188+0000 7fddc29da700 1 --2- 172.21.15.55:0/1322905173 >> [v2:172.21.15.55:6800/3015655485,v1:172.21.15.55:6801/3015655485] conn(0x7fdda403cc70 0x7fdda403f060 secure :-1 s=READY pgs=1 cs=0 l=1 rev1=1 crypto rx=0x7fddb0003a10 tx=0x7fddb0009290 comp rx=0 tx=0).stop
2024-03-28T13:16:03.772 INFO:teuthology.orchestra.run.smithi055.stdout:/usr/bin/ceph: stderr
2024-03-28T13:16:03.188+0000 7fddc29da700 1 -- 172.21.15.55:0/1322905173 >> [v2:172.21.15.55:3300/0,v1:172.21.15.55:6789/0] conn(0x7fddbc108b00 msgr2=0x7fddbc19bf90 secure :-1 s=STATE_CONNECTION_ESTABLISHED l=1).mark_down
2024-03-28T13:16:03.772 INFO:teuthology.orchestra.run.smithi055.stdout:/usr/bin/ceph: stderr
2024-03-28T13:16:03.188+0000 7fddc29da700 1 --2- 172.21.15.55:0/1322905173 >> [v2:172.21.15.55:3300/0,v1:172.21.15.55:6789/0] conn(0x7fddbc108b00 0x7fddbc19bf90 secure :-1 s=READY pgs=29 cs=0 l=1 rev1=1 crypto rx=0x7fddac006af0 tx=0x7fddac011b70 comp rx=0 tx=0).stop
2024-03-28T13:16:03.772 INFO:teuthology.orchestra.run.smithi055.stdout:/usr/bin/ceph: stderr
2024-03-28T13:16:03.188+0000 7fddc29da700 1 -- 172.21.15.55:0/1322905173 shutdown_connections
2024-03-28T13:16:03.772 INFO:teuthology.orchestra.run.smithi055.stdout:/usr/bin/ceph: stderr
2024-03-28T13:16:03.188+0000 7fddc29da700 1 --2- 172.21.15.55:0/1322905173 >> [v2:172.21.15.55:6800/3015655485,v1:172.21.15.55:6801/3015655485] conn(0x7fdda403cc70 0x7fdda403f060 unknown :-1 s=CLOSED pgs=1 cs=0 l=1 rev1=1 crypto rx=0 tx=0 comp rx=0 tx=0).stop
2024-03-28T13:16:03.772 INFO:teuthology.orchestra.run.smithi055.stdout:/usr/bin/ceph: stderr
2024-03-28T13:16:03.188+0000 7fddc29da700 1 --2- 172.21.15.55:0/1322905173 >> [v2:172.21.15.55:3300/0,v1:172.21.15.55:6789/0] conn(0x7fddbc108b00 0x7fddbc19bf90 unknown :-1 s=CLOSED pgs=29 cs=0 l=1 rev1=1 crypto rx=0 tx=0 comp rx=0 tx=0).stop
2024-03-28T13:16:03.772 INFO:teuthology.orchestra.run.smithi055.stdout:/usr/bin/ceph: stderr
2024-03-28T13:16:03.188+0000 7fddc29da700 1 --2- 172.21.15.55:0/1322905173 >> [v2:172.21.15.55:6800/1310314843,v1:172.21.15.55:6801/1310314843] conn(0x7fdda4039380 0x7fdda403b840 unknown :-1 s=CLOSED pgs=0 cs=0 l=1 rev1=0 crypto rx=0 tx=0 comp rx=0 tx=0).stop
2024-03-28T13:16:03.772 INFO:teuthology.orchestra.run.smithi055.stdout:/usr/bin/ceph: stderr
2024-03-28T13:16:03.188+0000 7fddc29da700 1 -- 172.21.15.55:0/1322905173 >> 172.21.15.55:0/1322905173 conn(0x7fddbc1024f0 msgr2=0x7fddbc1030d0 unknown :-1 s=STATE_NONE l=0).mark_down
2024-03-28T13:16:03.772 INFO:teuthology.orchestra.run.smithi055.stdout:/usr/bin/ceph: stderr
2024-03-28T13:16:03.188+0000 7fddc29da700 1 -- 172.21.15.55:0/1322905173 shutdown_connections
2024-03-28T13:16:03.772 INFO:teuthology.orchestra.run.smithi055.stdout:/usr/bin/ceph: stderr
2024-03-28T13:16:03.188+0000 7fddc29da700 1 -- 172.21.15.55:0/1322905173 wait complete.
2024-03-28T13:16:03.772 INFO:teuthology.orchestra.run.smithi055.stdout:mgr epoch 5 is available
2024-03-28T13:16:03.772 INFO:teuthology.orchestra.run.smithi055.stdout:Setting orchestrator backend to cephadm...
2024-03-28T13:16:04.369 INFO:journalctl@ceph.mon.a.smithi055.stdout:Mar 28 13:16:04 smithi055 ceph-mon[32069]: [28/Mar/2024:13:16:03] ENGINE Bus STARTING
2024-03-28T13:16:04.369 INFO:journalctl@ceph.mon.a.smithi055.stdout:Mar 28 13:16:04 smithi055 ceph-mon[32069]: [28/Mar/2024:13:16:03] ENGINE Serving on http://172.21.15.55:8765
2024-03-28T13:16:04.369 INFO:journalctl@ceph.mon.a.smithi055.stdout:Mar 28 13:16:04 smithi055 ceph-mon[32069]: [28/Mar/2024:13:16:03] ENGINE Serving on https://172.21.15.55:7150
2024-03-28T13:16:04.370 INFO:journalctl@ceph.mon.a.smithi055.stdout:Mar 28 13:16:04 smithi055 ceph-mon[32069]: [28/Mar/2024:13:16:03] ENGINE Bus STARTED
2024-03-28T13:16:04.370 INFO:journalctl@ceph.mon.a.smithi055.stdout:Mar 28 13:16:04 smithi055 ceph-mon[32069]: from='mgr.14120 172.21.15.55:0/3574539899' entity='mgr.x' cmd=[{"prefix": "config dump", "format": "json"}]: dispatch
2024-03-28T13:16:04.939 INFO:teuthology.orchestra.run.smithi055.stdout:/usr/bin/ceph: stderr
2024-03-28T13:16:04.165+0000 7f9197924700 1 Processor -- start
2024-03-28T13:16:04.939 INFO:teuthology.orchestra.run.smithi055.stdout:/usr/bin/ceph: stderr
2024-03-28T13:16:04.165+0000 7f9197924700 1 -- start start
2024-03-28T13:16:04.940 INFO:teuthology.orchestra.run.smithi055.stdout:/usr/bin/ceph: stderr
2024-03-28T13:16:04.165+0000 7f9197924700 1 --2- >> [v2:172.21.15.55:3300/0,v1:172.21.15.55:6789/0] conn(0x7f9190106f00 0x7f9190107340 unknown :-1 s=NONE pgs=0 cs=0 l=0 rev1=0 crypto rx=0 tx=0 comp rx=0 tx=0).connect
2024-03-28T13:16:04.940 INFO:teuthology.orchestra.run.smithi055.stdout:/usr/bin/ceph: stderr
2024-03-28T13:16:04.165+0000 7f9197924700 1 -- --> [v2:172.21.15.55:3300/0,v1:172.21.15.55:6789/0] -- mon_getmap magic: 0 -- 0x7f9190107880 con 0x7f9190106f00
2024-03-28T13:16:04.940 INFO:teuthology.orchestra.run.smithi055.stdout:/usr/bin/ceph: stderr
2024-03-28T13:16:04.165+0000 7f91956c0700 1 --2- >> [v2:172.21.15.55:3300/0,v1:172.21.15.55:6789/0] conn(0x7f9190106f00 0x7f9190107340 unknown :-1 s=BANNER_CONNECTING pgs=0 cs=0 l=0 rev1=0 crypto rx=0 tx=0 comp rx=0 tx=0)._handle_peer_banner_payload supported=3 required=0
2024-03-28T13:16:04.940 INFO:teuthology.orchestra.run.smithi055.stdout:/usr/bin/ceph: stderr
2024-03-28T13:16:04.165+0000 7f91956c0700 1 --2- >> [v2:172.21.15.55:3300/0,v1:172.21.15.55:6789/0] conn(0x7f9190106f00 0x7f9190107340 unknown :-1 s=HELLO_CONNECTING pgs=0 cs=0 l=0 rev1=1 crypto rx=0 tx=0 comp rx=0 tx=0).handle_hello peer v2:172.21.15.55:3300/0 says I am v2:172.21.15.55:47356/0 (socket says 172.21.15.55:47356)
2024-03-28T13:16:04.940 INFO:teuthology.orchestra.run.smithi055.stdout:/usr/bin/ceph: stderr
2024-03-28T13:16:04.165+0000 7f91956c0700 1 -- 172.21.15.55:0/1229142842 learned_addr learned my addr 172.21.15.55:0/1229142842 (peer_addr_for_me v2:172.21.15.55:0/0)
2024-03-28T13:16:04.940 INFO:teuthology.orchestra.run.smithi055.stdout:/usr/bin/ceph: stderr
2024-03-28T13:16:04.166+0000 7f91956c0700 1 -- 172.21.15.55:0/1229142842 --> [v2:172.21.15.55:3300/0,v1:172.21.15.55:6789/0] -- mon_subscribe({config=0+,monmap=0+}) -- 0x7f91901080e0 con 0x7f9190106f00
2024-03-28T13:16:04.940 INFO:teuthology.orchestra.run.smithi055.stdout:/usr/bin/ceph: stderr
2024-03-28T13:16:04.166+0000 7f91956c0700 1 --2- 172.21.15.55:0/1229142842 >> [v2:172.21.15.55:3300/0,v1:172.21.15.55:6789/0] conn(0x7f9190106f00 0x7f9190107340 secure :-1 s=READY pgs=37 cs=0 l=1 rev1=1 crypto rx=0x7f9180009e80 tx=0x7f918000b330 comp rx=0 tx=0).ready entity=mon.0 client_cookie=8a2867499c8ad101 server_cookie=0 in_seq=0 out_seq=0
2024-03-28T13:16:04.940 INFO:teuthology.orchestra.run.smithi055.stdout:/usr/bin/ceph: stderr
2024-03-28T13:16:04.166+0000 7f918ffff700 1 -- 172.21.15.55:0/1229142842 <== mon.0 v2:172.21.15.55:3300/0 1 ==== mon_map magic: 0 ==== 205+0+0 (secure 0 0 0) 0x7f9180017070 con 0x7f9190106f00
2024-03-28T13:16:04.940 INFO:teuthology.orchestra.run.smithi055.stdout:/usr/bin/ceph: stderr
2024-03-28T13:16:04.166+0000 7f918ffff700 1 -- 172.21.15.55:0/1229142842 <== mon.0 v2:172.21.15.55:3300/0 2 ==== config(26 keys) ==== 1071+0+0 (secure 0 0 0) 0x7f918000b8c0 con 0x7f9190106f00
2024-03-28T13:16:04.940 INFO:teuthology.orchestra.run.smithi055.stdout:/usr/bin/ceph: stderr
2024-03-28T13:16:04.166+0000 7f918ffff700 1 -- 172.21.15.55:0/1229142842 <== mon.0 v2:172.21.15.55:3300/0 3 ==== mon_map magic: 0 ==== 205+0+0 (secure 0 0 0) 0x7f9180004520 con 0x7f9190106f00
2024-03-28T13:16:04.940 INFO:teuthology.orchestra.run.smithi055.stdout:/usr/bin/ceph: stderr
2024-03-28T13:16:04.167+0000 7f9197924700 1 -- 172.21.15.55:0/1229142842 >> [v2:172.21.15.55:3300/0,v1:172.21.15.55:6789/0] conn(0x7f9190106f00 msgr2=0x7f9190107340 secure :-1 s=STATE_CONNECTION_ESTABLISHED l=1).mark_down
2024-03-28T13:16:04.940 INFO:teuthology.orchestra.run.smithi055.stdout:/usr/bin/ceph: stderr
2024-03-28T13:16:04.167+0000 7f9197924700 1 --2- 172.21.15.55:0/1229142842 >> [v2:172.21.15.55:3300/0,v1:172.21.15.55:6789/0] conn(0x7f9190106f00 0x7f9190107340 secure :-1 s=READY pgs=37 cs=0 l=1 rev1=1 crypto rx=0x7f9180009e80 tx=0x7f918000b330 comp rx=0 tx=0).stop
2024-03-28T13:16:04.940 INFO:teuthology.orchestra.run.smithi055.stdout:/usr/bin/ceph: stderr
2024-03-28T13:16:04.167+0000 7f9197924700 1 -- 172.21.15.55:0/1229142842 shutdown_connections
2024-03-28T13:16:04.940 INFO:teuthology.orchestra.run.smithi055.stdout:/usr/bin/ceph: stderr
2024-03-28T13:16:04.167+0000 7f9197924700 1 --2- 172.21.15.55:0/1229142842 >> [v2:172.21.15.55:3300/0,v1:172.21.15.55:6789/0] conn(0x7f9190106f00 0x7f9190107340 unknown :-1 s=CLOSED pgs=37 cs=0 l=1 rev1=1 crypto rx=0 tx=0 comp rx=0 tx=0).stop
2024-03-28T13:16:04.941 INFO:teuthology.orchestra.run.smithi055.stdout:/usr/bin/ceph: stderr
2024-03-28T13:16:04.167+0000 7f9197924700 1 -- 172.21.15.55:0/1229142842 >> 172.21.15.55:0/1229142842 conn(0x7f9190102550 msgr2=0x7f9190104970 unknown :-1 s=STATE_NONE l=0).mark_down
2024-03-28T13:16:04.941 INFO:teuthology.orchestra.run.smithi055.stdout:/usr/bin/ceph: stderr
2024-03-28T13:16:04.167+0000 7f9197924700 1 -- 172.21.15.55:0/1229142842 shutdown_connections
2024-03-28T13:16:04.941 INFO:teuthology.orchestra.run.smithi055.stdout:/usr/bin/ceph: stderr
2024-03-28T13:16:04.167+0000 7f9197924700 1 -- 172.21.15.55:0/1229142842 wait complete.
2024-03-28T13:16:04.941 INFO:teuthology.orchestra.run.smithi055.stdout:/usr/bin/ceph: stderr
2024-03-28T13:16:04.167+0000 7f9197924700 1 Processor -- start
2024-03-28T13:16:04.941 INFO:teuthology.orchestra.run.smithi055.stdout:/usr/bin/ceph: stderr
2024-03-28T13:16:04.167+0000 7f9197924700 1 -- start start
2024-03-28T13:16:04.941 INFO:teuthology.orchestra.run.smithi055.stdout:/usr/bin/ceph: stderr
2024-03-28T13:16:04.168+0000 7f9197924700 1 --2- >> [v2:172.21.15.55:3300/0,v1:172.21.15.55:6789/0] conn(0x7f9190106f00 0x7f919007ba20 unknown :-1 s=NONE pgs=0 cs=0 l=1 rev1=0 crypto rx=0 tx=0 comp rx=0 tx=0).connect
2024-03-28T13:16:04.941 INFO:teuthology.orchestra.run.smithi055.stdout:/usr/bin/ceph: stderr
2024-03-28T13:16:04.168+0000 7f9197924700 1 -- --> [v2:172.21.15.55:3300/0,v1:172.21.15.55:6789/0] -- mon_getmap magic: 0 -- 0x7f9190108f00 con 0x7f9190106f00
2024-03-28T13:16:04.941 INFO:teuthology.orchestra.run.smithi055.stdout:/usr/bin/ceph: stderr
2024-03-28T13:16:04.168+0000 7f91956c0700 1 --2- >> [v2:172.21.15.55:3300/0,v1:172.21.15.55:6789/0] conn(0x7f9190106f00 0x7f919007ba20 unknown :-1 s=BANNER_CONNECTING pgs=0 cs=0 l=1 rev1=0 crypto rx=0 tx=0 comp rx=0 tx=0)._handle_peer_banner_payload supported=3 required=0
2024-03-28T13:16:04.941 INFO:teuthology.orchestra.run.smithi055.stdout:/usr/bin/ceph: stderr
2024-03-28T13:16:04.168+0000 7f91956c0700 1 --2- >> [v2:172.21.15.55:3300/0,v1:172.21.15.55:6789/0] conn(0x7f9190106f00 0x7f919007ba20 unknown :-1 s=HELLO_CONNECTING pgs=0 cs=0 l=1 rev1=1 crypto rx=0 tx=0 comp rx=0 tx=0).handle_hello peer v2:172.21.15.55:3300/0 says I am v2:172.21.15.55:47372/0 (socket says 172.21.15.55:47372)
2024-03-28T13:16:04.941 INFO:teuthology.orchestra.run.smithi055.stdout:/usr/bin/ceph: stderr
2024-03-28T13:16:04.168+0000 7f91956c0700 1 -- 172.21.15.55:0/4002676656 learned_addr learned my addr 172.21.15.55:0/4002676656 (peer_addr_for_me v2:172.21.15.55:0/0)
2024-03-28T13:16:04.941 INFO:teuthology.orchestra.run.smithi055.stdout:/usr/bin/ceph: stderr
2024-03-28T13:16:04.168+0000 7f91956c0700 1 -- 172.21.15.55:0/4002676656 --> [v2:172.21.15.55:3300/0,v1:172.21.15.55:6789/0] -- mon_subscribe({config=0+,monmap=0+}) -- 0x7f919019ecc0 con 0x7f9190106f00
2024-03-28T13:16:04.941 INFO:teuthology.orchestra.run.smithi055.stdout:/usr/bin/ceph: stderr
2024-03-28T13:16:04.168+0000 7f91956c0700 1 --2- 172.21.15.55:0/4002676656 >> [v2:172.21.15.55:3300/0,v1:172.21.15.55:6789/0] conn(0x7f9190106f00 0x7f919007ba20 secure :-1 s=READY pgs=38 cs=0 l=1 rev1=1 crypto rx=0x7f9180000f80 tx=0x7f9180009640 comp rx=0 tx=0).ready entity=mon.0 client_cookie=0 server_cookie=0 in_seq=0 out_seq=0
2024-03-28T13:16:04.941 INFO:teuthology.orchestra.run.smithi055.stdout:/usr/bin/ceph: stderr
2024-03-28T13:16:04.168+0000 7f918e7fc700 1 -- 172.21.15.55:0/4002676656 <== mon.0 v2:172.21.15.55:3300/0 1 ==== mon_map magic: 0 ==== 205+0+0 (secure 0 0 0) 0x7f9180020020 con 0x7f9190106f00
2024-03-28T13:16:04.941 INFO:teuthology.orchestra.run.smithi055.stdout:/usr/bin/ceph: stderr
2024-03-28T13:16:04.168+0000 7f918e7fc700 1 -- 172.21.15.55:0/4002676656 <== mon.0 v2:172.21.15.55:3300/0 2 ==== config(26 keys) ==== 1071+0+0 (secure 0 0 0) 0x7f918000bba0 con 0x7f9190106f00
2024-03-28T13:16:04.941 INFO:teuthology.orchestra.run.smithi055.stdout:/usr/bin/ceph: stderr
2024-03-28T13:16:04.168+0000 7f9197924700 1 -- 172.21.15.55:0/4002676656 --> [v2:172.21.15.55:3300/0,v1:172.21.15.55:6789/0] -- mon_subscribe({mgrmap=0+}) -- 0x7f919019ee90 con 0x7f9190106f00
2024-03-28T13:16:04.941 INFO:teuthology.orchestra.run.smithi055.stdout:/usr/bin/ceph: stderr
2024-03-28T13:16:04.168+0000 7f918e7fc700 1 -- 172.21.15.55:0/4002676656 <== mon.0 v2:172.21.15.55:3300/0 3 ==== mon_map magic: 0 ==== 205+0+0 (secure 0 0 0) 0x7f9180017040 con 0x7f9190106f00
2024-03-28T13:16:04.942 INFO:teuthology.orchestra.run.smithi055.stdout:/usr/bin/ceph: stderr
2024-03-28T13:16:04.168+0000 7f9197924700 1 -- 172.21.15.55:0/4002676656 --> [v2:172.21.15.55:3300/0,v1:172.21.15.55:6789/0] -- mon_subscribe({osdmap=0}) -- 0x7f919019f2b0 con 0x7f9190106f00
2024-03-28T13:16:04.942 INFO:teuthology.orchestra.run.smithi055.stdout:/usr/bin/ceph: stderr
2024-03-28T13:16:04.169+0000 7f918e7fc700 1 -- 172.21.15.55:0/4002676656 <== mon.0 v2:172.21.15.55:3300/0 4 ==== mgrmap(e 7) ==== 46360+0+0 (secure 0 0 0) 0x7f9180023020 con 0x7f9190106f00
2024-03-28T13:16:04.942 INFO:teuthology.orchestra.run.smithi055.stdout:/usr/bin/ceph: stderr
2024-03-28T13:16:04.169+0000 7f9197924700 1 -- 172.21.15.55:0/4002676656 --> [v2:172.21.15.55:3300/0,v1:172.21.15.55:6789/0] -- mon_command({"prefix": "get_command_descriptions"} v 0) -- 0x7f9190063c70 con 0x7f9190106f00
2024-03-28T13:16:04.942 INFO:teuthology.orchestra.run.smithi055.stdout:/usr/bin/ceph: stderr
2024-03-28T13:16:04.169+0000 7f918e7fc700 1 --2- 172.21.15.55:0/4002676656 >> [v2:172.21.15.55:6800/3015655485,v1:172.21.15.55:6801/3015655485] conn(0x7f9178039300 0x7f917803b7c0 unknown :-1 s=NONE pgs=0 cs=0 l=1 rev1=0 crypto rx=0 tx=0 comp rx=0 tx=0).connect
2024-03-28T13:16:04.942 INFO:teuthology.orchestra.run.smithi055.stdout:/usr/bin/ceph: stderr
2024-03-28T13:16:04.169+0000 7f918e7fc700 1 -- 172.21.15.55:0/4002676656 <== mon.0 v2:172.21.15.55:3300/0 5 ==== osd_map(2..2 src has 1..2) ==== 940+0+0 (secure 0 0 0) 0x7f918000f050 con 0x7f9190106f00
2024-03-28T13:16:04.942 INFO:teuthology.orchestra.run.smithi055.stdout:/usr/bin/ceph: stderr
2024-03-28T13:16:04.169+0000 7f9194ebf700 1 --2- 172.21.15.55:0/4002676656 >> [v2:172.21.15.55:6800/3015655485,v1:172.21.15.55:6801/3015655485] conn(0x7f9178039300 0x7f917803b7c0 unknown :-1 s=BANNER_CONNECTING pgs=0 cs=0 l=1 rev1=0 crypto rx=0 tx=0 comp rx=0 tx=0)._handle_peer_banner_payload supported=3 required=0
2024-03-28T13:16:04.942 INFO:teuthology.orchestra.run.smithi055.stdout:/usr/bin/ceph: stderr
2024-03-28T13:16:04.170+0000 7f9194ebf700 1 --2- 172.21.15.55:0/4002676656 >> [v2:172.21.15.55:6800/3015655485,v1:172.21.15.55:6801/3015655485] conn(0x7f9178039300 0x7f917803b7c0 secure :-1 s=READY pgs=7 cs=0 l=1 rev1=1 crypto rx=0x7f9184006fd0 tx=0x7f9184006e40 comp rx=0 tx=0).ready entity=mgr.14120 client_cookie=0 server_cookie=0 in_seq=0 out_seq=0
2024-03-28T13:16:04.942 INFO:teuthology.orchestra.run.smithi055.stdout:/usr/bin/ceph: stderr
2024-03-28T13:16:04.175+0000 7f918e7fc700 1 -- 172.21.15.55:0/4002676656 <== mon.0 v2:172.21.15.55:3300/0 6 ==== mon_command_ack([{"prefix": "get_command_descriptions"}]=0 v0) ==== 72+0+187688 (secure 0 0 0) 0x7f918002a020 con 0x7f9190106f00
2024-03-28T13:16:04.942 INFO:teuthology.orchestra.run.smithi055.stdout:/usr/bin/ceph: stderr
2024-03-28T13:16:04.226+0000 7f918e7fc700 1 -- 172.21.15.55:0/4002676656 <== mon.0 v2:172.21.15.55:3300/0 7 ==== mgrmap(e 8) ==== 46466+0+0 (secure 0 0 0) 0x7f9180012950 con 0x7f9190106f00
2024-03-28T13:16:04.942 INFO:teuthology.orchestra.run.smithi055.stdout:/usr/bin/ceph: stderr
2024-03-28T13:16:04.403+0000 7f9197924700 1 -- 172.21.15.55:0/4002676656 --> [v2:172.21.15.55:6800/3015655485,v1:172.21.15.55:6801/3015655485] -- mgr_command(tid 0: {"prefix": "orch set backend", "module_name": "cephadm", "target": ["mon-mgr", ""]}) -- 0x7f9190103880 con 0x7f9178039300
2024-03-28T13:16:04.942 INFO:teuthology.orchestra.run.smithi055.stdout:/usr/bin/ceph: stderr
2024-03-28T13:16:04.411+0000 7f918e7fc700 1 -- 172.21.15.55:0/4002676656 <== mgr.14120 v2:172.21.15.55:6800/3015655485 1 ==== mgr_command_reply(tid 0: 0 ) ==== 8+0+0 (secure 0 0 0) 0x7f9190103880 con 0x7f9178039300
2024-03-28T13:16:04.942 INFO:teuthology.orchestra.run.smithi055.stdout:/usr/bin/ceph: stderr
2024-03-28T13:16:04.413+0000 7f9197924700 1 -- 172.21.15.55:0/4002676656 >> [v2:172.21.15.55:6800/3015655485,v1:172.21.15.55:6801/3015655485] conn(0x7f9178039300 msgr2=0x7f917803b7c0 secure :-1 s=STATE_CONNECTION_ESTABLISHED l=1).mark_down
2024-03-28T13:16:04.942 INFO:teuthology.orchestra.run.smithi055.stdout:/usr/bin/ceph: stderr
2024-03-28T13:16:04.413+0000 7f9197924700 1 --2- 172.21.15.55:0/4002676656 >> [v2:172.21.15.55:6800/3015655485,v1:172.21.15.55:6801/3015655485] conn(0x7f9178039300 0x7f917803b7c0 secure :-1 s=READY pgs=7 cs=0 l=1 rev1=1 crypto rx=0x7f9184006fd0 tx=0x7f9184006e40 comp rx=0 tx=0).stop
2024-03-28T13:16:04.942 INFO:teuthology.orchestra.run.smithi055.stdout:/usr/bin/ceph: stderr
2024-03-28T13:16:04.413+0000 7f9197924700 1 -- 172.21.15.55:0/4002676656 >> [v2:172.21.15.55:3300/0,v1:172.21.15.55:6789/0] conn(0x7f9190106f00 msgr2=0x7f919007ba20 secure :-1 s=STATE_CONNECTION_ESTABLISHED l=1).mark_down
2024-03-28T13:16:04.943 INFO:teuthology.orchestra.run.smithi055.stdout:/usr/bin/ceph: stderr
2024-03-28T13:16:04.413+0000 7f9197924700 1 --2- 172.21.15.55:0/4002676656 >> [v2:172.21.15.55:3300/0,v1:172.21.15.55:6789/0] conn(0x7f9190106f00 0x7f919007ba20 secure :-1 s=READY pgs=38 cs=0 l=1 rev1=1 crypto rx=0x7f9180000f80 tx=0x7f9180009640 comp rx=0 tx=0).stop
2024-03-28T13:16:04.943 INFO:teuthology.orchestra.run.smithi055.stdout:/usr/bin/ceph: stderr
2024-03-28T13:16:04.413+0000 7f9197924700 1 -- 172.21.15.55:0/4002676656 shutdown_connections
2024-03-28T13:16:04.943 INFO:teuthology.orchestra.run.smithi055.stdout:/usr/bin/ceph: stderr
2024-03-28T13:16:04.413+0000 7f9197924700 1 --2- 172.21.15.55:0/4002676656 >> [v2:172.21.15.55:6800/3015655485,v1:172.21.15.55:6801/3015655485] conn(0x7f9178039300 0x7f917803b7c0 unknown :-1 s=CLOSED pgs=7 cs=0 l=1 rev1=1 crypto rx=0 tx=0 comp rx=0 tx=0).stop
2024-03-28T13:16:04.943 INFO:teuthology.orchestra.run.smithi055.stdout:/usr/bin/ceph: stderr
2024-03-28T13:16:04.413+0000 7f9197924700 1 --2- 172.21.15.55:0/4002676656 >> [v2:172.21.15.55:3300/0,v1:172.21.15.55:6789/0] conn(0x7f9190106f00 0x7f919007ba20 unknown :-1 s=CLOSED pgs=38 cs=0 l=1 rev1=1 crypto rx=0 tx=0 comp rx=0 tx=0).stop
2024-03-28T13:16:04.943 INFO:teuthology.orchestra.run.smithi055.stdout:/usr/bin/ceph: stderr
2024-03-28T13:16:04.413+0000 7f9197924700 1 -- 172.21.15.55:0/4002676656 >> 172.21.15.55:0/4002676656 conn(0x7f9190102550 msgr2=0x7f9190103170 unknown :-1 s=STATE_NONE l=0).mark_down
2024-03-28T13:16:04.943 INFO:teuthology.orchestra.run.smithi055.stdout:/usr/bin/ceph: stderr
2024-03-28T13:16:04.413+0000 7f9197924700 1 -- 172.21.15.55:0/4002676656 shutdown_connections
2024-03-28T13:16:04.943 INFO:teuthology.orchestra.run.smithi055.stdout:/usr/bin/ceph: stderr
2024-03-28T13:16:04.413+0000 7f9197924700 1 -- 172.21.15.55:0/4002676656 wait complete.
2024-03-28T13:16:05.369 INFO:journalctl@ceph.mon.a.smithi055.stdout:Mar 28 13:16:05 smithi055 ceph-mon[32069]: mgrmap e8: x(active, since 2s)
2024-03-28T13:16:05.369 INFO:journalctl@ceph.mon.a.smithi055.stdout:Mar 28 13:16:05 smithi055 ceph-mon[32069]: from='client.14132 -' entity='client.admin' cmd=[{"prefix": "orch set backend", "module_name": "cephadm", "target": ["mon-mgr", ""]}]: dispatch
2024-03-28T13:16:05.369 INFO:journalctl@ceph.mon.a.smithi055.stdout:Mar 28 13:16:05 smithi055 ceph-mon[32069]: from='mgr.14120 172.21.15.55:0/3574539899' entity='mgr.x'
2024-03-28T13:16:05.369 INFO:journalctl@ceph.mon.a.smithi055.stdout:Mar 28 13:16:05 smithi055 ceph-mon[32069]: from='mgr.14120 172.21.15.55:0/3574539899' entity='mgr.x' cmd=[{"prefix": "config dump", "format": "json"}]: dispatch
2024-03-28T13:16:06.223 INFO:teuthology.orchestra.run.smithi055.stdout:/usr/bin/ceph: stdout value unchanged
2024-03-28T13:16:06.223 INFO:teuthology.orchestra.run.smithi055.stdout:/usr/bin/ceph: stderr
2024-03-28T13:16:05.394+0000 7f12b8cc0700 1 Processor -- start
2024-03-28T13:16:06.223 INFO:teuthology.orchestra.run.smithi055.stdout:/usr/bin/ceph: stderr
2024-03-28T13:16:05.394+0000 7f12b8cc0700 1 -- start start
2024-03-28T13:16:06.223 INFO:teuthology.orchestra.run.smithi055.stdout:/usr/bin/ceph: stderr
2024-03-28T13:16:05.394+0000 7f12b8cc0700 1 --2- >> [v2:172.21.15.55:3300/0,v1:172.21.15.55:6789/0] conn(0x7f12b4108b20 0x7f12b410af10 unknown :-1 s=NONE pgs=0 cs=0 l=0 rev1=0 crypto rx=0 tx=0 comp rx=0 tx=0).connect
2024-03-28T13:16:06.223 INFO:teuthology.orchestra.run.smithi055.stdout:/usr/bin/ceph: stderr
2024-03-28T13:16:05.394+0000 7f12b8cc0700 1 -- --> [v2:172.21.15.55:3300/0,v1:172.21.15.55:6789/0] -- mon_getmap magic: 0 -- 0x7f12b407be20 con 0x7f12b4108b20
2024-03-28T13:16:06.223 INFO:teuthology.orchestra.run.smithi055.stdout:/usr/bin/ceph: stderr
2024-03-28T13:16:05.394+0000 7f12b259c700 1 --2- >> [v2:172.21.15.55:3300/0,v1:172.21.15.55:6789/0] conn(0x7f12b4108b20 0x7f12b410af10 unknown :-1 s=BANNER_CONNECTING pgs=0 cs=0 l=0 rev1=0 crypto rx=0 tx=0 comp rx=0 tx=0)._handle_peer_banner_payload supported=3 required=0
2024-03-28T13:16:06.223 INFO:teuthology.orchestra.run.smithi055.stdout:/usr/bin/ceph: stderr
2024-03-28T13:16:05.394+0000 7f12b259c700 1 --2- >> [v2:172.21.15.55:3300/0,v1:172.21.15.55:6789/0] conn(0x7f12b4108b20 0x7f12b410af10 unknown :-1 s=HELLO_CONNECTING pgs=0 cs=0 l=0 rev1=1 crypto rx=0 tx=0 comp rx=0 tx=0).handle_hello peer v2:172.21.15.55:3300/0 says I am v2:172.21.15.55:47378/0 (socket says 172.21.15.55:47378)
2024-03-28T13:16:06.223 INFO:teuthology.orchestra.run.smithi055.stdout:/usr/bin/ceph: stderr
2024-03-28T13:16:05.394+0000 7f12b259c700 1 -- 172.21.15.55:0/3385661350 learned_addr learned my addr 172.21.15.55:0/3385661350 (peer_addr_for_me v2:172.21.15.55:0/0)
2024-03-28T13:16:06.224 INFO:teuthology.orchestra.run.smithi055.stdout:/usr/bin/ceph: stderr
2024-03-28T13:16:05.395+0000 7f12b259c700 1 -- 172.21.15.55:0/3385661350 --> [v2:172.21.15.55:3300/0,v1:172.21.15.55:6789/0] -- mon_subscribe({config=0+,monmap=0+}) -- 0x7f12b410b450 con 0x7f12b4108b20
2024-03-28T13:16:06.224 INFO:teuthology.orchestra.run.smithi055.stdout:/usr/bin/ceph: stderr
2024-03-28T13:16:05.395+0000 7f12b259c700 1 --2- 172.21.15.55:0/3385661350 >> [v2:172.21.15.55:3300/0,v1:172.21.15.55:6789/0] conn(0x7f12b4108b20 0x7f12b410af10 secure :-1 s=READY pgs=39 cs=0 l=1 rev1=1 crypto rx=0x7f12a40098a0 tx=0x7f12a4009bb0 comp rx=0 tx=0).ready entity=mon.0 client_cookie=fb1ef600eed97303 server_cookie=0 in_seq=0 out_seq=0
2024-03-28T13:16:06.224 INFO:teuthology.orchestra.run.smithi055.stdout:/usr/bin/ceph: stderr
2024-03-28T13:16:05.395+0000 7f12b159a700 1 -- 172.21.15.55:0/3385661350 <== mon.0 v2:172.21.15.55:3300/0 1 ==== mon_map magic: 0 ==== 205+0+0 (secure 0 0 0) 0x7f12a4004160 con 0x7f12b4108b20
2024-03-28T13:16:06.224 INFO:teuthology.orchestra.run.smithi055.stdout:/usr/bin/ceph: stderr
2024-03-28T13:16:05.395+0000 7f12b159a700 1 -- 172.21.15.55:0/3385661350 <== mon.0 v2:172.21.15.55:3300/0 2 ==== config(26 keys) ==== 1071+0+0 (secure 0 0 0) 0x7f12a4004300 con 0x7f12b4108b20
2024-03-28T13:16:06.224 INFO:teuthology.orchestra.run.smithi055.stdout:/usr/bin/ceph: stderr
2024-03-28T13:16:05.395+0000 7f12b159a700 1 -- 172.21.15.55:0/3385661350 <== mon.0 v2:172.21.15.55:3300/0 3 ==== mon_map magic: 0 ==== 205+0+0 (secure 0 0 0) 0x7f12a4011a80 con 0x7f12b4108b20
2024-03-28T13:16:06.224 INFO:teuthology.orchestra.run.smithi055.stdout:/usr/bin/ceph: stderr
2024-03-28T13:16:05.396+0000 7f12b8cc0700 1 -- 172.21.15.55:0/3385661350 >> [v2:172.21.15.55:3300/0,v1:172.21.15.55:6789/0] conn(0x7f12b4108b20 msgr2=0x7f12b410af10 secure :-1 s=STATE_CONNECTION_ESTABLISHED l=1).mark_down
2024-03-28T13:16:06.224 INFO:teuthology.orchestra.run.smithi055.stdout:/usr/bin/ceph: stderr
2024-03-28T13:16:05.396+0000 7f12b8cc0700 1 --2- 172.21.15.55:0/3385661350 >> [v2:172.21.15.55:3300/0,v1:172.21.15.55:6789/0] conn(0x7f12b4108b20 0x7f12b410af10 secure :-1 s=READY pgs=39 cs=0 l=1 rev1=1 crypto rx=0x7f12a40098a0 tx=0x7f12a4009bb0 comp rx=0 tx=0).stop
2024-03-28T13:16:06.224 INFO:teuthology.orchestra.run.smithi055.stdout:/usr/bin/ceph: stderr
2024-03-28T13:16:05.396+0000 7f12b8cc0700 1 -- 172.21.15.55:0/3385661350 shutdown_connections
2024-03-28T13:16:06.224 INFO:teuthology.orchestra.run.smithi055.stdout:/usr/bin/ceph: stderr
2024-03-28T13:16:05.396+0000 7f12b8cc0700 1 --2- 172.21.15.55:0/3385661350 >> [v2:172.21.15.55:3300/0,v1:172.21.15.55:6789/0] conn(0x7f12b4108b20 0x7f12b410af10 unknown :-1 s=CLOSED pgs=39 cs=0 l=1 rev1=1 crypto rx=0 tx=0 comp rx=0 tx=0).stop
2024-03-28T13:16:06.224 INFO:teuthology.orchestra.run.smithi055.stdout:/usr/bin/ceph: stderr
2024-03-28T13:16:05.396+0000 7f12b8cc0700 1 -- 172.21.15.55:0/3385661350 >> 172.21.15.55:0/3385661350 conn(0x7f12b4102570 msgr2=0x7f12b4104990 unknown :-1 s=STATE_NONE l=0).mark_down
2024-03-28T13:16:06.224 INFO:teuthology.orchestra.run.smithi055.stdout:/usr/bin/ceph: stderr
2024-03-28T13:16:05.396+0000 7f12b8cc0700 1 -- 172.21.15.55:0/3385661350 shutdown_connections
2024-03-28T13:16:06.224 INFO:teuthology.orchestra.run.smithi055.stdout:/usr/bin/ceph: stderr
2024-03-28T13:16:05.396+0000 7f12b8cc0700 1 -- 172.21.15.55:0/3385661350 wait complete.
2024-03-28T13:16:06.224 INFO:teuthology.orchestra.run.smithi055.stdout:/usr/bin/ceph: stderr
2024-03-28T13:16:05.396+0000 7f12b8cc0700 1 Processor -- start
2024-03-28T13:16:06.224 INFO:teuthology.orchestra.run.smithi055.stdout:/usr/bin/ceph: stderr
2024-03-28T13:16:05.396+0000 7f12b8cc0700 1 -- start start
2024-03-28T13:16:06.225 INFO:teuthology.orchestra.run.smithi055.stdout:/usr/bin/ceph: stderr
2024-03-28T13:16:05.397+0000 7f12b8cc0700 1 --2- >> [v2:172.21.15.55:3300/0,v1:172.21.15.55:6789/0] conn(0x7f12b4108b20 0x7f12b419bed0 unknown :-1 s=NONE pgs=0 cs=0 l=1 rev1=0 crypto rx=0 tx=0 comp rx=0 tx=0).connect
2024-03-28T13:16:06.225 INFO:teuthology.orchestra.run.smithi055.stdout:/usr/bin/ceph: stderr
2024-03-28T13:16:05.397+0000 7f12b8cc0700 1 -- --> [v2:172.21.15.55:3300/0,v1:172.21.15.55:6789/0] -- mon_getmap magic: 0 -- 0x7f12b410c350 con 0x7f12b4108b20
2024-03-28T13:16:06.225 INFO:teuthology.orchestra.run.smithi055.stdout:/usr/bin/ceph: stderr
2024-03-28T13:16:05.397+0000 7f12b259c700 1 --2- >> [v2:172.21.15.55:3300/0,v1:172.21.15.55:6789/0] conn(0x7f12b4108b20 0x7f12b419bed0 unknown :-1 s=BANNER_CONNECTING pgs=0 cs=0 l=1 rev1=0 crypto rx=0 tx=0 comp rx=0 tx=0)._handle_peer_banner_payload supported=3 required=0
2024-03-28T13:16:06.225 INFO:teuthology.orchestra.run.smithi055.stdout:/usr/bin/ceph: stderr
2024-03-28T13:16:05.397+0000 7f12b259c700 1 --2- >> [v2:172.21.15.55:3300/0,v1:172.21.15.55:6789/0] conn(0x7f12b4108b20 0x7f12b419bed0 unknown :-1 s=HELLO_CONNECTING pgs=0 cs=0 l=1 rev1=1 crypto rx=0 tx=0 comp rx=0 tx=0).handle_hello peer v2:172.21.15.55:3300/0 says I am v2:172.21.15.55:47382/0 (socket says 172.21.15.55:47382)
2024-03-28T13:16:06.225 INFO:teuthology.orchestra.run.smithi055.stdout:/usr/bin/ceph: stderr
2024-03-28T13:16:05.397+0000 7f12b259c700 1 -- 172.21.15.55:0/306568965 learned_addr learned my addr 172.21.15.55:0/306568965 (peer_addr_for_me v2:172.21.15.55:0/0)
2024-03-28T13:16:06.225 INFO:teuthology.orchestra.run.smithi055.stdout:/usr/bin/ceph: stderr
2024-03-28T13:16:05.397+0000 7f12b259c700 1 -- 172.21.15.55:0/306568965 --> [v2:172.21.15.55:3300/0,v1:172.21.15.55:6789/0] -- mon_subscribe({config=0+,monmap=0+}) -- 0x7f12b419c410 con 0x7f12b4108b20
2024-03-28T13:16:06.225 INFO:teuthology.orchestra.run.smithi055.stdout:/usr/bin/ceph: stderr
2024-03-28T13:16:05.397+0000 7f12b259c700 1 --2- 172.21.15.55:0/306568965 >> [v2:172.21.15.55:3300/0,v1:172.21.15.55:6789/0] conn(0x7f12b4108b20 0x7f12b419bed0 secure :-1 s=READY pgs=40 cs=0 l=1 rev1=1 crypto rx=0x7f12a4006af0 tx=0x7f12a4011c40 comp rx=0 tx=0).ready entity=mon.0 client_cookie=0 server_cookie=0 in_seq=0 out_seq=0
2024-03-28T13:16:06.225 INFO:teuthology.orchestra.run.smithi055.stdout:/usr/bin/ceph: stderr
2024-03-28T13:16:05.397+0000 7f12a37fe700 1 -- 172.21.15.55:0/306568965 <== mon.0 v2:172.21.15.55:3300/0 1 ==== mon_map magic: 0 ==== 205+0+0 (secure 0 0 0) 0x7f12a40039e0 con 0x7f12b4108b20
2024-03-28T13:16:06.225 INFO:teuthology.orchestra.run.smithi055.stdout:/usr/bin/ceph: stderr
2024-03-28T13:16:05.397+0000 7f12b8cc0700 1 -- 172.21.15.55:0/306568965 --> [v2:172.21.15.55:3300/0,v1:172.21.15.55:6789/0] -- mon_subscribe({mgrmap=0+}) -- 0x7f12b419c6a0 con 0x7f12b4108b20
2024-03-28T13:16:06.225 INFO:teuthology.orchestra.run.smithi055.stdout:/usr/bin/ceph: stderr
2024-03-28T13:16:05.397+0000 7f12a37fe700 1 -- 172.21.15.55:0/306568965 <== mon.0 v2:172.21.15.55:3300/0 2 ==== config(26 keys) ==== 1071+0+0 (secure 0 0 0) 0x7f12a4003b80 con 0x7f12b4108b20
2024-03-28T13:16:06.225 INFO:teuthology.orchestra.run.smithi055.stdout:/usr/bin/ceph: stderr
2024-03-28T13:16:05.397+0000 7f12a37fe700 1 -- 172.21.15.55:0/306568965 <== mon.0 v2:172.21.15.55:3300/0 3 ==== mon_map magic: 0 ==== 205+0+0 (secure 0 0 0) 0x7f12a40196a0 con 0x7f12b4108b20
2024-03-28T13:16:06.225 INFO:teuthology.orchestra.run.smithi055.stdout:/usr/bin/ceph: stderr
2024-03-28T13:16:05.397+0000 7f12b8cc0700 1 -- 172.21.15.55:0/306568965 --> [v2:172.21.15.55:3300/0,v1:172.21.15.55:6789/0] -- mon_subscribe({osdmap=0}) -- 0x7f12b419f390 con 0x7f12b4108b20
2024-03-28T13:16:06.225 INFO:teuthology.orchestra.run.smithi055.stdout:/usr/bin/ceph: stderr
2024-03-28T13:16:05.398+0000 7f12a37fe700 1 -- 172.21.15.55:0/306568965 <== mon.0 v2:172.21.15.55:3300/0 4 ==== mgrmap(e 8) ==== 46466+0+0 (secure 0 0 0) 0x7f12a40199a0 con 0x7f12b4108b20
2024-03-28T13:16:06.225 INFO:teuthology.orchestra.run.smithi055.stdout:/usr/bin/ceph: stderr
2024-03-28T13:16:05.399+0000 7f12b8cc0700 1 -- 172.21.15.55:0/306568965 --> [v2:172.21.15.55:3300/0,v1:172.21.15.55:6789/0] -- mon_command({"prefix": "get_command_descriptions"} v 0) -- 0x7f12b4063c70 con 0x7f12b4108b20
2024-03-28T13:16:06.226 INFO:teuthology.orchestra.run.smithi055.stdout:/usr/bin/ceph: stderr
2024-03-28T13:16:05.399+0000 7f12a37fe700 1 --2- 172.21.15.55:0/306568965 >> [v2:172.21.15.55:6800/3015655485,v1:172.21.15.55:6801/3015655485] conn(0x7f129c039380 0x7f129c03b840 unknown :-1 s=NONE pgs=0 cs=0 l=1 rev1=0 crypto rx=0 tx=0 comp rx=0 tx=0).connect
2024-03-28T13:16:06.226 INFO:teuthology.orchestra.run.smithi055.stdout:/usr/bin/ceph: stderr
2024-03-28T13:16:05.399+0000 7f12a37fe700 1 -- 172.21.15.55:0/306568965 <== mon.0 v2:172.21.15.55:3300/0 5 ==== osd_map(2..2 src has 1..2) ==== 940+0+0 (secure 0 0 0) 0x7f12a404dbe0 con 0x7f12b4108b20
2024-03-28T13:16:06.226 INFO:teuthology.orchestra.run.smithi055.stdout:/usr/bin/ceph: stderr
2024-03-28T13:16:05.399+0000 7f12b1d9b700 1 --2- 172.21.15.55:0/306568965 >> [v2:172.21.15.55:6800/3015655485,v1:172.21.15.55:6801/3015655485] conn(0x7f129c039380 0x7f129c03b840 unknown :-1 s=BANNER_CONNECTING pgs=0 cs=0 l=1 rev1=0 crypto rx=0 tx=0 comp rx=0 tx=0)._handle_peer_banner_payload supported=3 required=0
2024-03-28T13:16:06.226 INFO:teuthology.orchestra.run.smithi055.stdout:/usr/bin/ceph: stderr
2024-03-28T13:16:05.399+0000 7f12b1d9b700 1 --2- 172.21.15.55:0/306568965 >> [v2:172.21.15.55:6800/3015655485,v1:172.21.15.55:6801/3015655485] conn(0x7f129c039380 0x7f129c03b840 secure :-1 s=READY pgs=8 cs=0 l=1 rev1=1 crypto rx=0x7f12a8006fd0 tx=0x7f12a8006e40 comp rx=0 tx=0).ready entity=mgr.14120 client_cookie=0 server_cookie=0 in_seq=0 out_seq=0
2024-03-28T13:16:06.226 INFO:teuthology.orchestra.run.smithi055.stdout:/usr/bin/ceph: stderr
2024-03-28T13:16:05.404+0000 7f12a37fe700 1 -- 172.21.15.55:0/306568965 <== mon.0 v2:172.21.15.55:3300/0 6 ==== mon_command_ack([{"prefix": "get_command_descriptions"}]=0 v0) ==== 72+0+187688 (secure 0 0 0) 0x7f12a4019d90 con 0x7f12b4108b20
2024-03-28T13:16:06.226 INFO:teuthology.orchestra.run.smithi055.stdout:/usr/bin/ceph: stderr
2024-03-28T13:16:05.612+0000 7f12b8cc0700 1 -- 172.21.15.55:0/306568965 --> [v2:172.21.15.55:6800/3015655485,v1:172.21.15.55:6801/3015655485] -- mgr_command(tid 0: {"prefix": "cephadm set-user", "user": "root", "target": ["mon-mgr", ""]}) -- 0x7f12b4103730 con 0x7f129c039380
2024-03-28T13:16:06.226 INFO:teuthology.orchestra.run.smithi055.stdout:/usr/bin/ceph: stderr
2024-03-28T13:16:05.613+0000 7f12a37fe700 1 -- 172.21.15.55:0/306568965 <== mgr.14120 v2:172.21.15.55:6800/3015655485 1 ==== mgr_command_reply(tid 0: 0 ) ==== 8+0+16 (secure 0 0 0) 0x7f12b4103730 con 0x7f129c039380
2024-03-28T13:16:06.226 INFO:teuthology.orchestra.run.smithi055.stdout:/usr/bin/ceph: stderr
2024-03-28T13:16:05.615+0000 7f12b8cc0700 1 -- 172.21.15.55:0/306568965 >> [v2:172.21.15.55:6800/3015655485,v1:172.21.15.55:6801/3015655485] conn(0x7f129c039380 msgr2=0x7f129c03b840 secure :-1 s=STATE_CONNECTION_ESTABLISHED l=1).mark_down
2024-03-28T13:16:06.226 INFO:teuthology.orchestra.run.smithi055.stdout:/usr/bin/ceph: stderr
2024-03-28T13:16:05.615+0000 7f12b8cc0700 1 --2- 172.21.15.55:0/306568965 >> [v2:172.21.15.55:6800/3015655485,v1:172.21.15.55:6801/3015655485] conn(0x7f129c039380 0x7f129c03b840 secure :-1 s=READY pgs=8 cs=0 l=1 rev1=1 crypto rx=0x7f12a8006fd0 tx=0x7f12a8006e40 comp rx=0 tx=0).stop
2024-03-28T13:16:06.226 INFO:teuthology.orchestra.run.smithi055.stdout:/usr/bin/ceph: stderr
2024-03-28T13:16:05.615+0000 7f12b8cc0700 1 -- 172.21.15.55:0/306568965 >> [v2:172.21.15.55:3300/0,v1:172.21.15.55:6789/0] conn(0x7f12b4108b20 msgr2=0x7f12b419bed0 secure :-1 s=STATE_CONNECTION_ESTABLISHED l=1).mark_down
2024-03-28T13:16:06.226 INFO:teuthology.orchestra.run.smithi055.stdout:/usr/bin/ceph: stderr
2024-03-28T13:16:05.615+0000 7f12b8cc0700 1 --2- 172.21.15.55:0/306568965 >> [v2:172.21.15.55:3300/0,v1:172.21.15.55:6789/0] conn(0x7f12b4108b20 0x7f12b419bed0 secure :-1 s=READY pgs=40 cs=0 l=1 rev1=1 crypto rx=0x7f12a4006af0 tx=0x7f12a4011c40 comp rx=0 tx=0).stop
2024-03-28T13:16:06.226 INFO:teuthology.orchestra.run.smithi055.stdout:/usr/bin/ceph: stderr
2024-03-28T13:16:05.615+0000 7f12b8cc0700 1 -- 172.21.15.55:0/306568965 shutdown_connections
2024-03-28T13:16:06.226 INFO:teuthology.orchestra.run.smithi055.stdout:/usr/bin/ceph: stderr
2024-03-28T13:16:05.615+0000 7f12b8cc0700 1 --2- 172.21.15.55:0/306568965 >> [v2:172.21.15.55:6800/3015655485,v1:172.21.15.55:6801/3015655485] conn(0x7f129c039380 0x7f129c03b840 unknown :-1 s=CLOSED pgs=8 cs=0 l=1 rev1=1 crypto rx=0 tx=0 comp rx=0 tx=0).stop
2024-03-28T13:16:06.226 INFO:teuthology.orchestra.run.smithi055.stdout:/usr/bin/ceph: stderr
2024-03-28T13:16:05.615+0000 7f12b8cc0700 1 --2- 172.21.15.55:0/306568965 >> [v2:172.21.15.55:3300/0,v1:172.21.15.55:6789/0] conn(0x7f12b4108b20 0x7f12b419bed0 unknown :-1 s=CLOSED pgs=40 cs=0 l=1 rev1=1 crypto rx=0 tx=0 comp rx=0 tx=0).stop
2024-03-28T13:16:06.227 INFO:teuthology.orchestra.run.smithi055.stdout:/usr/bin/ceph: stderr
2024-03-28T13:16:05.615+0000 7f12b8cc0700 1 -- 172.21.15.55:0/306568965 >> 172.21.15.55:0/306568965 conn(0x7f12b4102570 msgr2=0x7f12b4103020 unknown :-1 s=STATE_NONE l=0).mark_down
2024-03-28T13:16:06.227 INFO:teuthology.orchestra.run.smithi055.stdout:/usr/bin/ceph: stderr
2024-03-28T13:16:05.615+0000 7f12b8cc0700 1 -- 172.21.15.55:0/306568965 shutdown_connections
2024-03-28T13:16:06.227 INFO:teuthology.orchestra.run.smithi055.stdout:/usr/bin/ceph: stderr
2024-03-28T13:16:05.615+0000 7f12b8cc0700 1 -- 172.21.15.55:0/306568965 wait complete.
2024-03-28T13:16:06.227 INFO:teuthology.orchestra.run.smithi055.stdout:Generating ssh key...
2024-03-28T13:16:06.509 INFO:journalctl@ceph.mon.a.smithi055.stdout:Mar 28 13:16:06 smithi055 ceph-mon[32069]: from='client.14134 -' entity='client.admin' cmd=[{"prefix": "cephadm set-user", "user": "root", "target": ["mon-mgr", ""]}]: dispatch
2024-03-28T13:16:07.130 INFO:journalctl@ceph.mgr.x.smithi055.stdout:Mar 28 13:16:06 smithi055 ceph-20503fc2-ed05-11ee-95d0-87774f69a715-mgr-x[32298]: Generating public/private rsa key pair.
2024-03-28T13:16:07.130 INFO:journalctl@ceph.mgr.x.smithi055.stdout:Mar 28 13:16:06 smithi055 ceph-20503fc2-ed05-11ee-95d0-87774f69a715-mgr-x[32298]: Your identification has been saved in /tmp/tmpsg9sxu1c/key.
2024-03-28T13:16:07.130 INFO:journalctl@ceph.mgr.x.smithi055.stdout:Mar 28 13:16:06 smithi055 ceph-20503fc2-ed05-11ee-95d0-87774f69a715-mgr-x[32298]: Your public key has been saved in /tmp/tmpsg9sxu1c/key.pub.
2024-03-28T13:16:07.130 INFO:journalctl@ceph.mgr.x.smithi055.stdout:Mar 28 13:16:06 smithi055 ceph-20503fc2-ed05-11ee-95d0-87774f69a715-mgr-x[32298]: The key fingerprint is:
2024-03-28T13:16:07.130 INFO:journalctl@ceph.mgr.x.smithi055.stdout:Mar 28 13:16:06 smithi055 ceph-20503fc2-ed05-11ee-95d0-87774f69a715-mgr-x[32298]: SHA256:FckWqOqPe9yti4m589DDmBySHht8H/B5PW80We4T3y8 ceph-20503fc2-ed05-11ee-95d0-87774f69a715
2024-03-28T13:16:07.130 INFO:journalctl@ceph.mgr.x.smithi055.stdout:Mar 28 13:16:06 smithi055 ceph-20503fc2-ed05-11ee-95d0-87774f69a715-mgr-x[32298]: The key's randomart image is:
2024-03-28T13:16:07.131 INFO:journalctl@ceph.mgr.x.smithi055.stdout:Mar 28 13:16:06 smithi055 ceph-20503fc2-ed05-11ee-95d0-87774f69a715-mgr-x[32298]: +---[RSA 3072]----+
2024-03-28T13:16:07.131 INFO:journalctl@ceph.mgr.x.smithi055.stdout:Mar 28 13:16:06 smithi055 ceph-20503fc2-ed05-11ee-95d0-87774f69a715-mgr-x[32298]: | ooo |
2024-03-28T13:16:07.131 INFO:journalctl@ceph.mgr.x.smithi055.stdout:Mar 28 13:16:06 smithi055 ceph-20503fc2-ed05-11ee-95d0-87774f69a715-mgr-x[32298]: | . +. |
2024-03-28T13:16:07.131 INFO:journalctl@ceph.mgr.x.smithi055.stdout:Mar 28 13:16:06 smithi055 ceph-20503fc2-ed05-11ee-95d0-87774f69a715-mgr-x[32298]: | . . .. . |
2024-03-28T13:16:07.131 INFO:journalctl@ceph.mgr.x.smithi055.stdout:Mar 28 13:16:06 smithi055 ceph-20503fc2-ed05-11ee-95d0-87774f69a715-mgr-x[32298]: | . . o.. o + |
2024-03-28T13:16:07.131 INFO:journalctl@ceph.mgr.x.smithi055.stdout:Mar 28 13:16:06 smithi055 ceph-20503fc2-ed05-11ee-95d0-87774f69a715-mgr-x[32298]: | * o.+ S o + o |
2024-03-28T13:16:07.131 INFO:journalctl@ceph.mgr.x.smithi055.stdout:Mar 28 13:16:06 smithi055 ceph-20503fc2-ed05-11ee-95d0-87774f69a715-mgr-x[32298]: | . B.B o + o o.|
2024-03-28T13:16:07.131 INFO:journalctl@ceph.mgr.x.smithi055.stdout:Mar 28 13:16:06 smithi055 ceph-20503fc2-ed05-11ee-95d0-87774f69a715-mgr-x[32298]: | o.=.=. . o o o|
2024-03-28T13:16:07.131 INFO:journalctl@ceph.mgr.x.smithi055.stdout:Mar 28 13:16:06 smithi055 ceph-20503fc2-ed05-11ee-95d0-87774f69a715-mgr-x[32298]: | o=o+. .. E..|
2024-03-28T13:16:07.131 INFO:journalctl@ceph.mgr.x.smithi055.stdout:Mar 28 13:16:06 smithi055 ceph-20503fc2-ed05-11ee-95d0-87774f69a715-mgr-x[32298]: | *B= oo ..|
2024-03-28T13:16:07.131 INFO:journalctl@ceph.mgr.x.smithi055.stdout:Mar 28 13:16:06 smithi055 ceph-20503fc2-ed05-11ee-95d0-87774f69a715-mgr-x[32298]: +----[SHA256]-----+
2024-03-28T13:16:07.505 INFO:teuthology.orchestra.run.smithi055.stdout:/usr/bin/ceph: stderr
2024-03-28T13:16:06.620+0000 7fd9e2df2700 1 Processor -- start
2024-03-28T13:16:07.506 INFO:teuthology.orchestra.run.smithi055.stdout:/usr/bin/ceph: stderr
2024-03-28T13:16:06.620+0000 7fd9e2df2700 1 -- start start
2024-03-28T13:16:07.506 INFO:teuthology.orchestra.run.smithi055.stdout:/usr/bin/ceph: stderr
2024-03-28T13:16:06.620+0000 7fd9e2df2700 1 --2- >> [v2:172.21.15.55:3300/0,v1:172.21.15.55:6789/0] conn(0x7fd9dc106f00 0x7fd9dc107340 unknown :-1 s=NONE pgs=0 cs=0 l=0 rev1=0 crypto rx=0 tx=0 comp rx=0 tx=0).connect
2024-03-28T13:16:07.506 INFO:teuthology.orchestra.run.smithi055.stdout:/usr/bin/ceph: stderr
