2024-03-28T14:49:03.528+0000 7f2c039db700 1 --2- 172.21.15.33:0/2751398622 >> [v2:172.21.15.33:3300/0,v1:172.21.15.33:6789/0] conn(0x7f2bfc1066a0 0x7f2bfc108a80 unknown :-1 s=CLOSED pgs=47 cs=0 l=1 rev1=1 crypto rx=0 tx=0 comp rx=0 tx=0).stop
2024-03-28T14:49:04.262 INFO:teuthology.orchestra.run.smithi033.stdout:/usr/bin/ceph: stderr
2024-03-28T14:49:03.528+0000 7f2c039db700 1 -- 172.21.15.33:0/2751398622 >> 172.21.15.33:0/2751398622 conn(0x7f2bfc100060 msgr2=0x7f2bfc1024b0 unknown :-1 s=STATE_NONE l=0).mark_down
2024-03-28T14:49:04.262 INFO:teuthology.orchestra.run.smithi033.stdout:/usr/bin/ceph: stderr
2024-03-28T14:49:03.529+0000 7f2c039db700 1 -- 172.21.15.33:0/2751398622 shutdown_connections
2024-03-28T14:49:04.262 INFO:teuthology.orchestra.run.smithi033.stdout:/usr/bin/ceph: stderr
2024-03-28T14:49:03.529+0000 7f2c039db700 1 -- 172.21.15.33:0/2751398622 wait complete.
2024-03-28T14:49:04.262 INFO:teuthology.orchestra.run.smithi033.stdout:/usr/bin/ceph: stderr
2024-03-28T14:49:03.529+0000 7f2c039db700 1 Processor -- start
2024-03-28T14:49:04.263 INFO:teuthology.orchestra.run.smithi033.stdout:/usr/bin/ceph: stderr
2024-03-28T14:49:03.529+0000 7f2c039db700 1 -- start start
2024-03-28T14:49:04.263 INFO:teuthology.orchestra.run.smithi033.stdout:/usr/bin/ceph: stderr
2024-03-28T14:49:03.529+0000 7f2c039db700 1 --2- >> [v2:172.21.15.33:3300/0,v1:172.21.15.33:6789/0] conn(0x7f2bfc1066a0 0x7f2bfc1998f0 unknown :-1 s=NONE pgs=0 cs=0 l=1 rev1=0 crypto rx=0 tx=0 comp rx=0 tx=0).connect
2024-03-28T14:49:04.263 INFO:teuthology.orchestra.run.smithi033.stdout:/usr/bin/ceph: stderr
2024-03-28T14:49:03.529+0000 7f2c039db700 1 -- --> [v2:172.21.15.33:3300/0,v1:172.21.15.33:6789/0] -- mon_getmap magic: 0 v1 -- 0x7f2bfc199e30 con 0x7f2bfc1066a0
2024-03-28T14:49:04.263 INFO:teuthology.orchestra.run.smithi033.stdout:/usr/bin/ceph: stderr
2024-03-28T14:49:03.529+0000 7f2c01777700 1 --2- >> [v2:172.21.15.33:3300/0,v1:172.21.15.33:6789/0] conn(0x7f2bfc1066a0 0x7f2bfc1998f0 unknown :-1 s=BANNER_CONNECTING pgs=0 cs=0 l=1 rev1=0 crypto rx=0 tx=0 comp rx=0 tx=0)._handle_peer_banner_payload supported=3 required=0
2024-03-28T14:49:04.263 INFO:teuthology.orchestra.run.smithi033.stdout:/usr/bin/ceph: stderr
2024-03-28T14:49:03.529+0000 7f2c01777700 1 --2- >> [v2:172.21.15.33:3300/0,v1:172.21.15.33:6789/0] conn(0x7f2bfc1066a0 0x7f2bfc1998f0 unknown :-1 s=HELLO_CONNECTING pgs=0 cs=0 l=1 rev1=1 crypto rx=0 tx=0 comp rx=0 tx=0).handle_hello peer v2:172.21.15.33:3300/0 says I am v2:172.21.15.33:56736/0 (socket says 172.21.15.33:56736)
2024-03-28T14:49:04.263 INFO:teuthology.orchestra.run.smithi033.stdout:/usr/bin/ceph: stderr
2024-03-28T14:49:03.529+0000 7f2c01777700 1 -- 172.21.15.33:0/4287374813 learned_addr learned my addr 172.21.15.33:0/4287374813 (peer_addr_for_me v2:172.21.15.33:0/0)
2024-03-28T14:49:04.263 INFO:teuthology.orchestra.run.smithi033.stdout:/usr/bin/ceph: stderr
2024-03-28T14:49:03.530+0000 7f2c01777700 1 -- 172.21.15.33:0/4287374813 --> [v2:172.21.15.33:3300/0,v1:172.21.15.33:6789/0] -- mon_subscribe({config=0+,monmap=0+}) v3 -- 0x7f2bf8009550 con 0x7f2bfc1066a0
2024-03-28T14:49:04.263 INFO:teuthology.orchestra.run.smithi033.stdout:/usr/bin/ceph: stderr
2024-03-28T14:49:03.530+0000 7f2c01777700 1 --2- 172.21.15.33:0/4287374813 >> [v2:172.21.15.33:3300/0,v1:172.21.15.33:6789/0] conn(0x7f2bfc1066a0 0x7f2bfc1998f0 secure :-1 s=READY pgs=48 cs=0 l=1 rev1=1 crypto rx=0x7f2bf8009520 tx=0x7f2bf8011ab0 comp rx=0 tx=0).ready entity=mon.0 client_cookie=0 server_cookie=0 in_seq=0 out_seq=0
2024-03-28T14:49:04.263 INFO:teuthology.orchestra.run.smithi033.stdout:/usr/bin/ceph: stderr
2024-03-28T14:49:03.530+0000 7f2bf27fc700 1 -- 172.21.15.33:0/4287374813 <== mon.0 v2:172.21.15.33:3300/0 1 ==== mon_map magic: 0 v1 ==== 229+0+0 (secure 0 0 0) 0x7f2bf8003a80 con 0x7f2bfc1066a0
2024-03-28T14:49:04.263 INFO:teuthology.orchestra.run.smithi033.stdout:/usr/bin/ceph: stderr
2024-03-28T14:49:03.530+0000 7f2bf27fc700 1 -- 172.21.15.33:0/4287374813 <== mon.0 v2:172.21.15.33:3300/0 2 ==== config(27 keys) v1 ==== 1037+0+0 (secure 0 0 0) 0x7f2bf8003be0 con 0x7f2bfc1066a0
2024-03-28T14:49:04.263 INFO:teuthology.orchestra.run.smithi033.stdout:/usr/bin/ceph: stderr
2024-03-28T14:49:03.530+0000 7f2c039db700 1 -- 172.21.15.33:0/4287374813 --> [v2:172.21.15.33:3300/0,v1:172.21.15.33:6789/0] -- mon_subscribe({mgrmap=0+}) v3 -- 0x7f2bfc19a030 con 0x7f2bfc1066a0
2024-03-28T14:49:04.263 INFO:teuthology.orchestra.run.smithi033.stdout:/usr/bin/ceph: stderr
2024-03-28T14:49:03.530+0000 7f2bf27fc700 1 -- 172.21.15.33:0/4287374813 <== mon.0 v2:172.21.15.33:3300/0 3 ==== mon_map magic: 0 v1 ==== 229+0+0 (secure 0 0 0) 0x7f2bf80197b0 con 0x7f2bfc1066a0
2024-03-28T14:49:04.264 INFO:teuthology.orchestra.run.smithi033.stdout:/usr/bin/ceph: stderr
2024-03-28T14:49:03.530+0000 7f2c039db700 1 -- 172.21.15.33:0/4287374813 --> [v2:172.21.15.33:3300/0,v1:172.21.15.33:6789/0] -- mon_subscribe({osdmap=0}) v3 -- 0x7f2bfc19a450 con 0x7f2bfc1066a0
2024-03-28T14:49:04.264 INFO:teuthology.orchestra.run.smithi033.stdout:/usr/bin/ceph: stderr
2024-03-28T14:49:03.531+0000 7f2bf27fc700 1 -- 172.21.15.33:0/4287374813 <== mon.0 v2:172.21.15.33:3300/0 4 ==== mgrmap(e 8) v1 ==== 45084+0+0 (secure 0 0 0) 0x7f2bf8019a60 con 0x7f2bfc1066a0
2024-03-28T14:49:04.264 INFO:teuthology.orchestra.run.smithi033.stdout:/usr/bin/ceph: stderr
2024-03-28T14:49:03.531+0000 7f2c039db700 1 -- 172.21.15.33:0/4287374813 --> [v2:172.21.15.33:3300/0,v1:172.21.15.33:6789/0] -- mon_command({"prefix": "get_command_descriptions"} v 0) v1 -- 0x7f2bfc193910 con 0x7f2bfc1066a0
2024-03-28T14:49:04.264 INFO:teuthology.orchestra.run.smithi033.stdout:/usr/bin/ceph: stderr
2024-03-28T14:49:03.531+0000 7f2bf27fc700 1 --2- 172.21.15.33:0/4287374813 >> [v2:172.21.15.33:6800/3523757413,v1:172.21.15.33:6801/3523757413] conn(0x7f2be80383f0 0x7f2be803a8a0 unknown :-1 s=NONE pgs=0 cs=0 l=1 rev1=0 crypto rx=0 tx=0 comp rx=0 tx=0).connect
2024-03-28T14:49:04.264 INFO:teuthology.orchestra.run.smithi033.stdout:/usr/bin/ceph: stderr
2024-03-28T14:49:03.531+0000 7f2bf27fc700 1 -- 172.21.15.33:0/4287374813 <== mon.0 v2:172.21.15.33:3300/0 5 ==== osd_map(2..2 src has 1..2) v4 ==== 940+0+0 (secure 0 0 0) 0x7f2bf804c570 con 0x7f2bfc1066a0
2024-03-28T14:49:04.264 INFO:teuthology.orchestra.run.smithi033.stdout:/usr/bin/ceph: stderr
2024-03-28T14:49:03.531+0000 7f2c00f76700 1 --2- 172.21.15.33:0/4287374813 >> [v2:172.21.15.33:6800/3523757413,v1:172.21.15.33:6801/3523757413] conn(0x7f2be80383f0 0x7f2be803a8a0 unknown :-1 s=BANNER_CONNECTING pgs=0 cs=0 l=1 rev1=0 crypto rx=0 tx=0 comp rx=0 tx=0)._handle_peer_banner_payload supported=3 required=0
2024-03-28T14:49:04.264 INFO:teuthology.orchestra.run.smithi033.stdout:/usr/bin/ceph: stderr
2024-03-28T14:49:03.532+0000 7f2c00f76700 1 --2- 172.21.15.33:0/4287374813 >> [v2:172.21.15.33:6800/3523757413,v1:172.21.15.33:6801/3523757413] conn(0x7f2be80383f0 0x7f2be803a8a0 secure :-1 s=READY pgs=12 cs=0 l=1 rev1=1 crypto rx=0x7f2bec006fd0 tx=0x7f2bec006e40 comp rx=0 tx=0).ready entity=mgr.14120 client_cookie=0 server_cookie=0 in_seq=0 out_seq=0
2024-03-28T14:49:04.264 INFO:teuthology.orchestra.run.smithi033.stdout:/usr/bin/ceph: stderr
2024-03-28T14:49:03.536+0000 7f2bf27fc700 1 -- 172.21.15.33:0/4287374813 <== mon.0 v2:172.21.15.33:3300/0 6 ==== mon_command_ack([{"prefix": "get_command_descriptions"}]=0 v0) v1 ==== 72+0+177933 (secure 0 0 0) 0x7f2bf802b750 con 0x7f2bfc1066a0
2024-03-28T14:49:04.264 INFO:teuthology.orchestra.run.smithi033.stdout:/usr/bin/ceph: stderr
2024-03-28T14:49:03.753+0000 7f2c039db700 1 -- 172.21.15.33:0/4287374813 --> [v2:172.21.15.33:6800/3523757413,v1:172.21.15.33:6801/3523757413] -- mgr_command(tid 0: {"prefix": "orch apply", "service_type": "mon", "target": ["mon-mgr", ""]}) v1 -- 0x7f2bfc061190 con 0x7f2be80383f0
2024-03-28T14:49:04.265 INFO:teuthology.orchestra.run.smithi033.stdout:/usr/bin/ceph: stderr
2024-03-28T14:49:03.758+0000 7f2bf27fc700 1 -- 172.21.15.33:0/4287374813 <== mgr.14120 v2:172.21.15.33:6800/3523757413 1 ==== mgr_command_reply(tid 0: 0 ) v1 ==== 8+0+24 (secure 0 0 0) 0x7f2bfc061190 con 0x7f2be80383f0
2024-03-28T14:49:04.265 INFO:teuthology.orchestra.run.smithi033.stdout:/usr/bin/ceph: stderr
2024-03-28T14:49:03.760+0000 7f2c039db700 1 -- 172.21.15.33:0/4287374813 >> [v2:172.21.15.33:6800/3523757413,v1:172.21.15.33:6801/3523757413] conn(0x7f2be80383f0 msgr2=0x7f2be803a8a0 secure :-1 s=STATE_CONNECTION_ESTABLISHED l=1).mark_down
2024-03-28T14:49:04.265 INFO:teuthology.orchestra.run.smithi033.stdout:/usr/bin/ceph: stderr
2024-03-28T14:49:03.760+0000 7f2c039db700 1 --2- 172.21.15.33:0/4287374813 >> [v2:172.21.15.33:6800/3523757413,v1:172.21.15.33:6801/3523757413] conn(0x7f2be80383f0 0x7f2be803a8a0 secure :-1 s=READY pgs=12 cs=0 l=1 rev1=1 crypto rx=0x7f2bec006fd0 tx=0x7f2bec006e40 comp rx=0 tx=0).stop
2024-03-28T14:49:04.265 INFO:teuthology.orchestra.run.smithi033.stdout:/usr/bin/ceph: stderr
2024-03-28T14:49:03.760+0000 7f2c039db700 1 -- 172.21.15.33:0/4287374813 >> [v2:172.21.15.33:3300/0,v1:172.21.15.33:6789/0] conn(0x7f2bfc1066a0 msgr2=0x7f2bfc1998f0 secure :-1 s=STATE_CONNECTION_ESTABLISHED l=1).mark_down
2024-03-28T14:49:04.265 INFO:teuthology.orchestra.run.smithi033.stdout:/usr/bin/ceph: stderr
2024-03-28T14:49:03.760+0000 7f2c039db700 1 --2- 172.21.15.33:0/4287374813 >> [v2:172.21.15.33:3300/0,v1:172.21.15.33:6789/0] conn(0x7f2bfc1066a0 0x7f2bfc1998f0 secure :-1 s=READY pgs=48 cs=0 l=1 rev1=1 crypto rx=0x7f2bf8009520 tx=0x7f2bf8011ab0 comp rx=0 tx=0).stop
2024-03-28T14:49:04.265 INFO:teuthology.orchestra.run.smithi033.stdout:/usr/bin/ceph: stderr
2024-03-28T14:49:03.760+0000 7f2c039db700 1 -- 172.21.15.33:0/4287374813 shutdown_connections
2024-03-28T14:49:04.265 INFO:teuthology.orchestra.run.smithi033.stdout:/usr/bin/ceph: stderr
2024-03-28T14:49:03.760+0000 7f2c039db700 1 --2- 172.21.15.33:0/4287374813 >> [v2:172.21.15.33:6800/3523757413,v1:172.21.15.33:6801/3523757413] conn(0x7f2be80383f0 0x7f2be803a8a0 unknown :-1 s=CLOSED pgs=12 cs=0 l=1 rev1=1 crypto rx=0 tx=0 comp rx=0 tx=0).stop
2024-03-28T14:49:04.265 INFO:teuthology.orchestra.run.smithi033.stdout:/usr/bin/ceph: stderr
2024-03-28T14:49:03.760+0000 7f2c039db700 1 --2- 172.21.15.33:0/4287374813 >> [v2:172.21.15.33:3300/0,v1:172.21.15.33:6789/0] conn(0x7f2bfc1066a0 0x7f2bfc1998f0 unknown :-1 s=CLOSED pgs=48 cs=0 l=1 rev1=1 crypto rx=0 tx=0 comp rx=0 tx=0).stop
2024-03-28T14:49:04.265 INFO:teuthology.orchestra.run.smithi033.stdout:/usr/bin/ceph: stderr
2024-03-28T14:49:03.760+0000 7f2c039db700 1 -- 172.21.15.33:0/4287374813 >> 172.21.15.33:0/4287374813 conn(0x7f2bfc100060 msgr2=0x7f2bfc1017e0 unknown :-1 s=STATE_NONE l=0).mark_down
2024-03-28T14:49:04.265 INFO:teuthology.orchestra.run.smithi033.stdout:/usr/bin/ceph: stderr
2024-03-28T14:49:03.760+0000 7f2c039db700 1 -- 172.21.15.33:0/4287374813 shutdown_connections
2024-03-28T14:49:04.265 INFO:teuthology.orchestra.run.smithi033.stdout:/usr/bin/ceph: stderr
2024-03-28T14:49:03.760+0000 7f2c039db700 1 -- 172.21.15.33:0/4287374813 wait complete.
2024-03-28T14:49:04.265 INFO:teuthology.orchestra.run.smithi033.stdout:Deploying mgr service with default placement...
2024-03-28T14:49:04.897 INFO:journalctl@ceph.mon.smithi033.smithi033.stdout:Mar 28 14:49:04 smithi033 ceph-mon[29179]: from='client.14142 -' entity='client.admin' cmd=[{"prefix": "orch apply", "service_type": "mon", "target": ["mon-mgr", ""]}]: dispatch
2024-03-28T14:49:04.898 INFO:journalctl@ceph.mon.smithi033.smithi033.stdout:Mar 28 14:49:04 smithi033 ceph-mon[29179]: Saving service mon spec with placement count:5
2024-03-28T14:49:04.898 INFO:journalctl@ceph.mon.smithi033.smithi033.stdout:Mar 28 14:49:04 smithi033 ceph-mon[29179]: from='mgr.14120 172.21.15.33:0/3936547960' entity='mgr.smithi033.fkpyxe'
2024-03-28T14:49:05.644 INFO:teuthology.orchestra.run.smithi033.stdout:/usr/bin/ceph: stdout Scheduled mgr update...
2024-03-28T14:49:05.644 INFO:teuthology.orchestra.run.smithi033.stdout:/usr/bin/ceph: stderr
2024-03-28T14:49:04.668+0000 7fe473265700 1 Processor -- start
2024-03-28T14:49:05.644 INFO:teuthology.orchestra.run.smithi033.stdout:/usr/bin/ceph: stderr
2024-03-28T14:49:04.668+0000 7fe473265700 1 -- start start
2024-03-28T14:49:05.644 INFO:teuthology.orchestra.run.smithi033.stdout:/usr/bin/ceph: stderr
2024-03-28T14:49:04.669+0000 7fe473265700 1 --2- >> [v2:172.21.15.33:3300/0,v1:172.21.15.33:6789/0] conn(0x7fe46c104a00 0x7fe46c104e10 unknown :-1 s=NONE pgs=0 cs=0 l=0 rev1=0 crypto rx=0 tx=0 comp rx=0 tx=0).connect
2024-03-28T14:49:05.644 INFO:teuthology.orchestra.run.smithi033.stdout:/usr/bin/ceph: stderr
2024-03-28T14:49:04.669+0000 7fe473265700 1 -- --> [v2:172.21.15.33:3300/0,v1:172.21.15.33:6789/0] -- mon_getmap magic: 0 v1 -- 0x7fe46c105350 con 0x7fe46c104a00
2024-03-28T14:49:05.644 INFO:teuthology.orchestra.run.smithi033.stdout:/usr/bin/ceph: stderr
2024-03-28T14:49:04.669+0000 7fe471001700 1 --2- >> [v2:172.21.15.33:3300/0,v1:172.21.15.33:6789/0] conn(0x7fe46c104a00 0x7fe46c104e10 unknown :-1 s=BANNER_CONNECTING pgs=0 cs=0 l=0 rev1=0 crypto rx=0 tx=0 comp rx=0 tx=0)._handle_peer_banner_payload supported=3 required=0
2024-03-28T14:49:05.644 INFO:teuthology.orchestra.run.smithi033.stdout:/usr/bin/ceph: stderr
2024-03-28T14:49:04.669+0000 7fe471001700 1 --2- >> [v2:172.21.15.33:3300/0,v1:172.21.15.33:6789/0] conn(0x7fe46c104a00 0x7fe46c104e10 unknown :-1 s=HELLO_CONNECTING pgs=0 cs=0 l=0 rev1=1 crypto rx=0 tx=0 comp rx=0 tx=0).handle_hello peer v2:172.21.15.33:3300/0 says I am v2:172.21.15.33:44412/0 (socket says 172.21.15.33:44412)
2024-03-28T14:49:05.644 INFO:teuthology.orchestra.run.smithi033.stdout:/usr/bin/ceph: stderr
2024-03-28T14:49:04.669+0000 7fe471001700 1 -- 172.21.15.33:0/795175329 learned_addr learned my addr 172.21.15.33:0/795175329 (peer_addr_for_me v2:172.21.15.33:0/0)
2024-03-28T14:49:05.645 INFO:teuthology.orchestra.run.smithi033.stdout:/usr/bin/ceph: stderr
2024-03-28T14:49:04.669+0000 7fe471001700 1 -- 172.21.15.33:0/795175329 --> [v2:172.21.15.33:3300/0,v1:172.21.15.33:6789/0] -- mon_subscribe({config=0+,monmap=0+}) v3 -- 0x7fe46c105490 con 0x7fe46c104a00
2024-03-28T14:49:05.645 INFO:teuthology.orchestra.run.smithi033.stdout:/usr/bin/ceph: stderr
2024-03-28T14:49:04.669+0000 7fe471001700 1 --2- 172.21.15.33:0/795175329 >> [v2:172.21.15.33:3300/0,v1:172.21.15.33:6789/0] conn(0x7fe46c104a00 0x7fe46c104e10 secure :-1 s=READY pgs=49 cs=0 l=1 rev1=1 crypto rx=0x7fe46400d180 tx=0x7fe46400d490 comp rx=0 tx=0).ready entity=mon.0 client_cookie=c15091da1bf00dcc server_cookie=0 in_seq=0 out_seq=0
2024-03-28T14:49:05.645 INFO:teuthology.orchestra.run.smithi033.stdout:/usr/bin/ceph: stderr
2024-03-28T14:49:04.669+0000 7fe46bfff700 1 -- 172.21.15.33:0/795175329 <== mon.0 v2:172.21.15.33:3300/0 1 ==== mon_map magic: 0 v1 ==== 229+0+0 (secure 0 0 0) 0x7fe464010070 con 0x7fe46c104a00
2024-03-28T14:49:05.645 INFO:teuthology.orchestra.run.smithi033.stdout:/usr/bin/ceph: stderr
2024-03-28T14:49:04.670+0000 7fe46bfff700 1 -- 172.21.15.33:0/795175329 <== mon.0 v2:172.21.15.33:3300/0 2 ==== config(27 keys) v1 ==== 1037+0+0 (secure 0 0 0) 0x7fe46400dcf0 con 0x7fe46c104a00
2024-03-28T14:49:05.645 INFO:teuthology.orchestra.run.smithi033.stdout:/usr/bin/ceph: stderr
2024-03-28T14:49:04.670+0000 7fe46bfff700 1 -- 172.21.15.33:0/795175329 <== mon.0 v2:172.21.15.33:3300/0 3 ==== mon_map magic: 0 v1 ==== 229+0+0 (secure 0 0 0) 0x7fe464009950 con 0x7fe46c104a00
2024-03-28T14:49:05.645 INFO:teuthology.orchestra.run.smithi033.stdout:/usr/bin/ceph: stderr
2024-03-28T14:49:04.670+0000 7fe473265700 1 -- 172.21.15.33:0/795175329 >> [v2:172.21.15.33:3300/0,v1:172.21.15.33:6789/0] conn(0x7fe46c104a00 msgr2=0x7fe46c104e10 secure :-1 s=STATE_CONNECTION_ESTABLISHED l=1).mark_down
2024-03-28T14:49:05.645 INFO:teuthology.orchestra.run.smithi033.stdout:/usr/bin/ceph: stderr
2024-03-28T14:49:04.670+0000 7fe473265700 1 --2- 172.21.15.33:0/795175329 >> [v2:172.21.15.33:3300/0,v1:172.21.15.33:6789/0] conn(0x7fe46c104a00 0x7fe46c104e10 secure :-1 s=READY pgs=49 cs=0 l=1 rev1=1 crypto rx=0x7fe46400d180 tx=0x7fe46400d490 comp rx=0 tx=0).stop
2024-03-28T14:49:05.645 INFO:teuthology.orchestra.run.smithi033.stdout:/usr/bin/ceph: stderr
2024-03-28T14:49:04.670+0000 7fe473265700 1 -- 172.21.15.33:0/795175329 shutdown_connections
2024-03-28T14:49:05.645 INFO:teuthology.orchestra.run.smithi033.stdout:/usr/bin/ceph: stderr
2024-03-28T14:49:04.670+0000 7fe473265700 1 --2- 172.21.15.33:0/795175329 >> [v2:172.21.15.33:3300/0,v1:172.21.15.33:6789/0] conn(0x7fe46c104a00 0x7fe46c104e10 unknown :-1 s=CLOSED pgs=49 cs=0 l=1 rev1=1 crypto rx=0 tx=0 comp rx=0 tx=0).stop
2024-03-28T14:49:05.645 INFO:teuthology.orchestra.run.smithi033.stdout:/usr/bin/ceph: stderr
2024-03-28T14:49:04.670+0000 7fe473265700 1 -- 172.21.15.33:0/795175329 >> 172.21.15.33:0/795175329 conn(0x7fe46c100070 msgr2=0x7fe46c102480 unknown :-1 s=STATE_NONE l=0).mark_down
2024-03-28T14:49:05.645 INFO:teuthology.orchestra.run.smithi033.stdout:/usr/bin/ceph: stderr
2024-03-28T14:49:04.670+0000 7fe473265700 1 -- 172.21.15.33:0/795175329 shutdown_connections
2024-03-28T14:49:05.645 INFO:teuthology.orchestra.run.smithi033.stdout:/usr/bin/ceph: stderr
2024-03-28T14:49:04.670+0000 7fe473265700 1 -- 172.21.15.33:0/795175329 wait complete.
2024-03-28T14:49:05.645 INFO:teuthology.orchestra.run.smithi033.stdout:/usr/bin/ceph: stderr
2024-03-28T14:49:04.671+0000 7fe473265700 1 Processor -- start
2024-03-28T14:49:05.645 INFO:teuthology.orchestra.run.smithi033.stdout:/usr/bin/ceph: stderr
2024-03-28T14:49:04.671+0000 7fe473265700 1 -- start start
2024-03-28T14:49:05.646 INFO:teuthology.orchestra.run.smithi033.stdout:/usr/bin/ceph: stderr
2024-03-28T14:49:04.671+0000 7fe473265700 1 --2- >> [v2:172.21.15.33:3300/0,v1:172.21.15.33:6789/0] conn(0x7fe46c104a00 0x7fe46c19b9a0 unknown :-1 s=NONE pgs=0 cs=0 l=1 rev1=0 crypto rx=0 tx=0 comp rx=0 tx=0).connect
2024-03-28T14:49:05.646 INFO:teuthology.orchestra.run.smithi033.stdout:/usr/bin/ceph: stderr
2024-03-28T14:49:04.671+0000 7fe473265700 1 -- --> [v2:172.21.15.33:3300/0,v1:172.21.15.33:6789/0] -- mon_getmap magic: 0 v1 -- 0x7fe46c19bee0 con 0x7fe46c104a00
2024-03-28T14:49:05.646 INFO:teuthology.orchestra.run.smithi033.stdout:/usr/bin/ceph: stderr
2024-03-28T14:49:04.671+0000 7fe471001700 1 --2- >> [v2:172.21.15.33:3300/0,v1:172.21.15.33:6789/0] conn(0x7fe46c104a00 0x7fe46c19b9a0 unknown :-1 s=BANNER_CONNECTING pgs=0 cs=0 l=1 rev1=0 crypto rx=0 tx=0 comp rx=0 tx=0)._handle_peer_banner_payload supported=3 required=0
2024-03-28T14:49:05.646 INFO:teuthology.orchestra.run.smithi033.stdout:/usr/bin/ceph: stderr
2024-03-28T14:49:04.671+0000 7fe471001700 1 --2- >> [v2:172.21.15.33:3300/0,v1:172.21.15.33:6789/0] conn(0x7fe46c104a00 0x7fe46c19b9a0 unknown :-1 s=HELLO_CONNECTING pgs=0 cs=0 l=1 rev1=1 crypto rx=0 tx=0 comp rx=0 tx=0).handle_hello peer v2:172.21.15.33:3300/0 says I am v2:172.21.15.33:44414/0 (socket says 172.21.15.33:44414)
2024-03-28T14:49:05.646 INFO:teuthology.orchestra.run.smithi033.stdout:/usr/bin/ceph: stderr
2024-03-28T14:49:04.671+0000 7fe471001700 1 -- 172.21.15.33:0/1051184495 learned_addr learned my addr 172.21.15.33:0/1051184495 (peer_addr_for_me v2:172.21.15.33:0/0)
2024-03-28T14:49:05.646 INFO:teuthology.orchestra.run.smithi033.stdout:/usr/bin/ceph: stderr
2024-03-28T14:49:04.671+0000 7fe471001700 1 -- 172.21.15.33:0/1051184495 --> [v2:172.21.15.33:3300/0,v1:172.21.15.33:6789/0] -- mon_subscribe({config=0+,monmap=0+}) v3 -- 0x7fe46400bd40 con 0x7fe46c104a00
2024-03-28T14:49:05.646 INFO:teuthology.orchestra.run.smithi033.stdout:/usr/bin/ceph: stderr
2024-03-28T14:49:04.672+0000 7fe471001700 1 --2- 172.21.15.33:0/1051184495 >> [v2:172.21.15.33:3300/0,v1:172.21.15.33:6789/0] conn(0x7fe46c104a00 0x7fe46c19b9a0 secure :-1 s=READY pgs=50 cs=0 l=1 rev1=1 crypto rx=0x7fe4640072a0 tx=0x7fe46400b3b0 comp rx=0 tx=0).ready entity=mon.0 client_cookie=0 server_cookie=0 in_seq=0 out_seq=0
2024-03-28T14:49:05.646 INFO:teuthology.orchestra.run.smithi033.stdout:/usr/bin/ceph: stderr
2024-03-28T14:49:04.672+0000 7fe46a7fc700 1 -- 172.21.15.33:0/1051184495 <== mon.0 v2:172.21.15.33:3300/0 1 ==== mon_map magic: 0 v1 ==== 229+0+0 (secure 0 0 0) 0x7fe464010050 con 0x7fe46c104a00
2024-03-28T14:49:05.646 INFO:teuthology.orchestra.run.smithi033.stdout:/usr/bin/ceph: stderr
2024-03-28T14:49:04.672+0000 7fe46a7fc700 1 -- 172.21.15.33:0/1051184495 <== mon.0 v2:172.21.15.33:3300/0 2 ==== config(27 keys) v1 ==== 1037+0+0 (secure 0 0 0) 0x7fe464004630 con 0x7fe46c104a00
2024-03-28T14:49:05.646 INFO:teuthology.orchestra.run.smithi033.stdout:/usr/bin/ceph: stderr
2024-03-28T14:49:04.672+0000 7fe473265700 1 -- 172.21.15.33:0/1051184495 --> [v2:172.21.15.33:3300/0,v1:172.21.15.33:6789/0] -- mon_subscribe({mgrmap=0+}) v3 -- 0x7fe46c19c0e0 con 0x7fe46c104a00
2024-03-28T14:49:05.646 INFO:teuthology.orchestra.run.smithi033.stdout:/usr/bin/ceph: stderr
2024-03-28T14:49:04.672+0000 7fe46a7fc700 1 -- 172.21.15.33:0/1051184495 <== mon.0 v2:172.21.15.33:3300/0 3 ==== mon_map magic: 0 v1 ==== 229+0+0 (secure 0 0 0) 0x7fe46401fb10 con 0x7fe46c104a00
2024-03-28T14:49:05.646 INFO:teuthology.orchestra.run.smithi033.stdout:/usr/bin/ceph: stderr
2024-03-28T14:49:04.672+0000 7fe473265700 1 -- 172.21.15.33:0/1051184495 --> [v2:172.21.15.33:3300/0,v1:172.21.15.33:6789/0] -- mon_subscribe({osdmap=0}) v3 -- 0x7fe46c19c560 con 0x7fe46c104a00
2024-03-28T14:49:05.646 INFO:teuthology.orchestra.run.smithi033.stdout:/usr/bin/ceph: stderr
2024-03-28T14:49:04.673+0000 7fe46a7fc700 1 -- 172.21.15.33:0/1051184495 <== mon.0 v2:172.21.15.33:3300/0 4 ==== mgrmap(e 8) v1 ==== 45084+0+0 (secure 0 0 0) 0x7fe464029440 con 0x7fe46c104a00
2024-03-28T14:49:05.646 INFO:teuthology.orchestra.run.smithi033.stdout:/usr/bin/ceph: stderr
2024-03-28T14:49:04.673+0000 7fe46a7fc700 1 --2- 172.21.15.33:0/1051184495 >> [v2:172.21.15.33:6800/3523757413,v1:172.21.15.33:6801/3523757413] conn(0x7fe454038400 0x7fe45403a8b0 unknown :-1 s=NONE pgs=0 cs=0 l=1 rev1=0 crypto rx=0 tx=0 comp rx=0 tx=0).connect
2024-03-28T14:49:05.647 INFO:teuthology.orchestra.run.smithi033.stdout:/usr/bin/ceph: stderr
2024-03-28T14:49:04.673+0000 7fe46a7fc700 1 -- 172.21.15.33:0/1051184495 <== mon.0 v2:172.21.15.33:3300/0 5 ==== osd_map(2..2 src has 1..2) v4 ==== 940+0+0 (secure 0 0 0) 0x7fe46404c6a0 con 0x7fe46c104a00
2024-03-28T14:49:05.647 INFO:teuthology.orchestra.run.smithi033.stdout:/usr/bin/ceph: stderr
2024-03-28T14:49:04.673+0000 7fe473265700 1 -- 172.21.15.33:0/1051184495 --> [v2:172.21.15.33:3300/0,v1:172.21.15.33:6789/0] -- mon_command({"prefix": "get_command_descriptions"} v 0) v1 -- 0x7fe46c191330 con 0x7fe46c104a00
2024-03-28T14:49:05.647 INFO:teuthology.orchestra.run.smithi033.stdout:/usr/bin/ceph: stderr
2024-03-28T14:49:04.673+0000 7fe470800700 1 --2- 172.21.15.33:0/1051184495 >> [v2:172.21.15.33:6800/3523757413,v1:172.21.15.33:6801/3523757413] conn(0x7fe454038400 0x7fe45403a8b0 unknown :-1 s=BANNER_CONNECTING pgs=0 cs=0 l=1 rev1=0 crypto rx=0 tx=0 comp rx=0 tx=0)._handle_peer_banner_payload supported=3 required=0
2024-03-28T14:49:05.647 INFO:teuthology.orchestra.run.smithi033.stdout:/usr/bin/ceph: stderr
2024-03-28T14:49:04.673+0000 7fe470800700 1 --2- 172.21.15.33:0/1051184495 >> [v2:172.21.15.33:6800/3523757413,v1:172.21.15.33:6801/3523757413] conn(0x7fe454038400 0x7fe45403a8b0 secure :-1 s=READY pgs=13 cs=0 l=1 rev1=1 crypto rx=0x7fe460006fd0 tx=0x7fe460006e40 comp rx=0 tx=0).ready entity=mgr.14120 client_cookie=0 server_cookie=0 in_seq=0 out_seq=0
2024-03-28T14:49:05.647 INFO:teuthology.orchestra.run.smithi033.stdout:/usr/bin/ceph: stderr
2024-03-28T14:49:04.678+0000 7fe46a7fc700 1 -- 172.21.15.33:0/1051184495 <== mon.0 v2:172.21.15.33:3300/0 6 ==== mon_command_ack([{"prefix": "get_command_descriptions"}]=0 v0) v1 ==== 72+0+177933 (secure 0 0 0) 0x7fe464024080 con 0x7fe46c104a00
2024-03-28T14:49:05.647 INFO:teuthology.orchestra.run.smithi033.stdout:/usr/bin/ceph: stderr
2024-03-28T14:49:04.889+0000 7fe473265700 1 -- 172.21.15.33:0/1051184495 --> [v2:172.21.15.33:6800/3523757413,v1:172.21.15.33:6801/3523757413] -- mgr_command(tid 0: {"prefix": "orch apply", "service_type": "mgr", "target": ["mon-mgr", ""]}) v1 -- 0x7fe46c061190 con 0x7fe454038400
2024-03-28T14:49:05.647 INFO:teuthology.orchestra.run.smithi033.stdout:/usr/bin/ceph: stderr
2024-03-28T14:49:04.894+0000 7fe46a7fc700 1 -- 172.21.15.33:0/1051184495 <== mgr.14120 v2:172.21.15.33:6800/3523757413 1 ==== mgr_command_reply(tid 0: 0 ) v1 ==== 8+0+24 (secure 0 0 0) 0x7fe46c061190 con 0x7fe454038400
2024-03-28T14:49:05.647 INFO:teuthology.orchestra.run.smithi033.stdout:/usr/bin/ceph: stderr
2024-03-28T14:49:04.898+0000 7fe473265700 1 -- 172.21.15.33:0/1051184495 >> [v2:172.21.15.33:6800/3523757413,v1:172.21.15.33:6801/3523757413] conn(0x7fe454038400 msgr2=0x7fe45403a8b0 secure :-1 s=STATE_CONNECTION_ESTABLISHED l=1).mark_down
2024-03-28T14:49:05.647 INFO:teuthology.orchestra.run.smithi033.stdout:/usr/bin/ceph: stderr
2024-03-28T14:49:04.898+0000 7fe473265700 1 --2- 172.21.15.33:0/1051184495 >> [v2:172.21.15.33:6800/3523757413,v1:172.21.15.33:6801/3523757413] conn(0x7fe454038400 0x7fe45403a8b0 secure :-1 s=READY pgs=13 cs=0 l=1 rev1=1 crypto rx=0x7fe460006fd0 tx=0x7fe460006e40 comp rx=0 tx=0).stop
2024-03-28T14:49:05.647 INFO:teuthology.orchestra.run.smithi033.stdout:/usr/bin/ceph: stderr
2024-03-28T14:49:04.898+0000 7fe473265700 1 -- 172.21.15.33:0/1051184495 >> [v2:172.21.15.33:3300/0,v1:172.21.15.33:6789/0] conn(0x7fe46c104a00 msgr2=0x7fe46c19b9a0 secure :-1 s=STATE_CONNECTION_ESTABLISHED l=1).mark_down
2024-03-28T14:49:05.647 INFO:teuthology.orchestra.run.smithi033.stdout:/usr/bin/ceph: stderr
2024-03-28T14:49:04.898+0000 7fe473265700 1 --2- 172.21.15.33:0/1051184495 >> [v2:172.21.15.33:3300/0,v1:172.21.15.33:6789/0] conn(0x7fe46c104a00 0x7fe46c19b9a0 secure :-1 s=READY pgs=50 cs=0 l=1 rev1=1 crypto rx=0x7fe4640072a0 tx=0x7fe46400b3b0 comp rx=0 tx=0).stop
2024-03-28T14:49:05.647 INFO:teuthology.orchestra.run.smithi033.stdout:/usr/bin/ceph: stderr
2024-03-28T14:49:04.898+0000 7fe473265700 1 -- 172.21.15.33:0/1051184495 shutdown_connections
2024-03-28T14:49:05.647 INFO:teuthology.orchestra.run.smithi033.stdout:/usr/bin/ceph: stderr
2024-03-28T14:49:04.898+0000 7fe473265700 1 --2- 172.21.15.33:0/1051184495 >> [v2:172.21.15.33:6800/3523757413,v1:172.21.15.33:6801/3523757413] conn(0x7fe454038400 0x7fe45403a8b0 unknown :-1 s=CLOSED pgs=13 cs=0 l=1 rev1=1 crypto rx=0 tx=0 comp rx=0 tx=0).stop
2024-03-28T14:49:05.647 INFO:teuthology.orchestra.run.smithi033.stdout:/usr/bin/ceph: stderr
2024-03-28T14:49:04.898+0000 7fe473265700 1 --2- 172.21.15.33:0/1051184495 >> [v2:172.21.15.33:3300/0,v1:172.21.15.33:6789/0] conn(0x7fe46c104a00 0x7fe46c19b9a0 unknown :-1 s=CLOSED pgs=50 cs=0 l=1 rev1=1 crypto rx=0 tx=0 comp rx=0 tx=0).stop
2024-03-28T14:49:05.648 INFO:teuthology.orchestra.run.smithi033.stdout:/usr/bin/ceph: stderr
2024-03-28T14:49:04.898+0000 7fe473265700 1 -- 172.21.15.33:0/1051184495 >> 172.21.15.33:0/1051184495 conn(0x7fe46c100070 msgr2=0x7fe46c18e470 unknown :-1 s=STATE_NONE l=0).mark_down
2024-03-28T14:49:05.648 INFO:teuthology.orchestra.run.smithi033.stdout:/usr/bin/ceph: stderr
2024-03-28T14:49:04.898+0000 7fe473265700 1 -- 172.21.15.33:0/1051184495 shutdown_connections
2024-03-28T14:49:05.648 INFO:teuthology.orchestra.run.smithi033.stdout:/usr/bin/ceph: stderr
2024-03-28T14:49:04.898+0000 7fe473265700 1 -- 172.21.15.33:0/1051184495 wait complete.
2024-03-28T14:49:05.648 INFO:teuthology.orchestra.run.smithi033.stdout:Deploying crash service with default placement...
2024-03-28T14:49:06.268 INFO:journalctl@ceph.mon.smithi033.smithi033.stdout:Mar 28 14:49:05 smithi033 ceph-mon[29179]: from='client.14144 -' entity='client.admin' cmd=[{"prefix": "orch apply", "service_type": "mgr", "target": ["mon-mgr", ""]}]: dispatch
2024-03-28T14:49:06.268 INFO:journalctl@ceph.mon.smithi033.smithi033.stdout:Mar 28 14:49:05 smithi033 ceph-mon[29179]: Saving service mgr spec with placement count:2
2024-03-28T14:49:06.268 INFO:journalctl@ceph.mon.smithi033.smithi033.stdout:Mar 28 14:49:05 smithi033 ceph-mon[29179]: from='mgr.14120 172.21.15.33:0/3936547960' entity='mgr.smithi033.fkpyxe'
2024-03-28T14:49:07.035 INFO:teuthology.orchestra.run.smithi033.stdout:/usr/bin/ceph: stdout Scheduled crash update...
2024-03-28T14:49:07.036 INFO:teuthology.orchestra.run.smithi033.stdout:/usr/bin/ceph: stderr
2024-03-28T14:49:06.044+0000 7f36caa9d700 1 Processor -- start
2024-03-28T14:49:07.036 INFO:teuthology.orchestra.run.smithi033.stdout:/usr/bin/ceph: stderr
2024-03-28T14:49:06.045+0000 7f36caa9d700 1 -- start start
2024-03-28T14:49:07.036 INFO:teuthology.orchestra.run.smithi033.stdout:/usr/bin/ceph: stderr
2024-03-28T14:49:06.045+0000 7f36caa9d700 1 --2- >> [v2:172.21.15.33:3300/0,v1:172.21.15.33:6789/0] conn(0x7f36c4105b10 0x7f36c4105f20 unknown :-1 s=NONE pgs=0 cs=0 l=0 rev1=0 crypto rx=0 tx=0 comp rx=0 tx=0).connect
2024-03-28T14:49:07.036 INFO:teuthology.orchestra.run.smithi033.stdout:/usr/bin/ceph: stderr
2024-03-28T14:49:06.045+0000 7f36caa9d700 1 -- --> [v2:172.21.15.33:3300/0,v1:172.21.15.33:6789/0] -- mon_getmap magic: 0 v1 -- 0x7f36c4106460 con 0x7f36c4105b10
2024-03-28T14:49:07.036 INFO:teuthology.orchestra.run.smithi033.stdout:/usr/bin/ceph: stderr
2024-03-28T14:49:06.045+0000 7f36c8839700 1 --2- >> [v2:172.21.15.33:3300/0,v1:172.21.15.33:6789/0] conn(0x7f36c4105b10 0x7f36c4105f20 unknown :-1 s=BANNER_CONNECTING pgs=0 cs=0 l=0 rev1=0 crypto rx=0 tx=0 comp rx=0 tx=0)._handle_peer_banner_payload supported=3 required=0
2024-03-28T14:49:07.036 INFO:teuthology.orchestra.run.smithi033.stdout:/usr/bin/ceph: stderr
2024-03-28T14:49:06.045+0000 7f36c8839700 1 --2- >> [v2:172.21.15.33:3300/0,v1:172.21.15.33:6789/0] conn(0x7f36c4105b10 0x7f36c4105f20 unknown :-1 s=HELLO_CONNECTING pgs=0 cs=0 l=0 rev1=1 crypto rx=0 tx=0 comp rx=0 tx=0).handle_hello peer v2:172.21.15.33:3300/0 says I am v2:172.21.15.33:44426/0 (socket says 172.21.15.33:44426)
2024-03-28T14:49:07.036 INFO:teuthology.orchestra.run.smithi033.stdout:/usr/bin/ceph: stderr
2024-03-28T14:49:06.045+0000 7f36c8839700 1 -- 172.21.15.33:0/657760186 learned_addr learned my addr 172.21.15.33:0/657760186 (peer_addr_for_me v2:172.21.15.33:0/0)
2024-03-28T14:49:07.036 INFO:teuthology.orchestra.run.smithi033.stdout:/usr/bin/ceph: stderr
2024-03-28T14:49:06.045+0000 7f36c8839700 1 -- 172.21.15.33:0/657760186 --> [v2:172.21.15.33:3300/0,v1:172.21.15.33:6789/0] -- mon_subscribe({config=0+,monmap=0+}) v3 -- 0x7f36c41065a0 con 0x7f36c4105b10
2024-03-28T14:49:07.036 INFO:teuthology.orchestra.run.smithi033.stdout:/usr/bin/ceph: stderr
2024-03-28T14:49:06.045+0000 7f36c8839700 1 --2- 172.21.15.33:0/657760186 >> [v2:172.21.15.33:3300/0,v1:172.21.15.33:6789/0] conn(0x7f36c4105b10 0x7f36c4105f20 secure :-1 s=READY pgs=51 cs=0 l=1 rev1=1 crypto rx=0x7f36b80098a0 tx=0x7f36b8009bb0 comp rx=0 tx=0).ready entity=mon.0 client_cookie=a2842beb1cb0a6d2 server_cookie=0 in_seq=0 out_seq=0
2024-03-28T14:49:07.036 INFO:teuthology.orchestra.run.smithi033.stdout:/usr/bin/ceph: stderr
2024-03-28T14:49:06.045+0000 7f36c37fe700 1 -- 172.21.15.33:0/657760186 <== mon.0 v2:172.21.15.33:3300/0 1 ==== mon_map magic: 0 v1 ==== 229+0+0 (secure 0 0 0) 0x7f36b8004180 con 0x7f36c4105b10
2024-03-28T14:49:07.036 INFO:teuthology.orchestra.run.smithi033.stdout:/usr/bin/ceph: stderr
2024-03-28T14:49:06.045+0000 7f36c37fe700 1 -- 172.21.15.33:0/657760186 <== mon.0 v2:172.21.15.33:3300/0 2 ==== config(27 keys) v1 ==== 1037+0+0 (secure 0 0 0) 0x7f36b80042e0 con 0x7f36c4105b10
2024-03-28T14:49:07.037 INFO:teuthology.orchestra.run.smithi033.stdout:/usr/bin/ceph: stderr
2024-03-28T14:49:06.046+0000 7f36c37fe700 1 -- 172.21.15.33:0/657760186 <== mon.0 v2:172.21.15.33:3300/0 3 ==== mon_map magic: 0 v1 ==== 229+0+0 (secure 0 0 0) 0x7f36b8011a50 con 0x7f36c4105b10
2024-03-28T14:49:07.037 INFO:teuthology.orchestra.run.smithi033.stdout:/usr/bin/ceph: stderr
2024-03-28T14:49:06.046+0000 7f36caa9d700 1 -- 172.21.15.33:0/657760186 >> [v2:172.21.15.33:3300/0,v1:172.21.15.33:6789/0] conn(0x7f36c4105b10 msgr2=0x7f36c4105f20 secure :-1 s=STATE_CONNECTION_ESTABLISHED l=1).mark_down
2024-03-28T14:49:07.037 INFO:teuthology.orchestra.run.smithi033.stdout:/usr/bin/ceph: stderr
2024-03-28T14:49:06.046+0000 7f36caa9d700 1 --2- 172.21.15.33:0/657760186 >> [v2:172.21.15.33:3300/0,v1:172.21.15.33:6789/0] conn(0x7f36c4105b10 0x7f36c4105f20 secure :-1 s=READY pgs=51 cs=0 l=1 rev1=1 crypto rx=0x7f36b80098a0 tx=0x7f36b8009bb0 comp rx=0 tx=0).stop
2024-03-28T14:49:07.037 INFO:teuthology.orchestra.run.smithi033.stdout:/usr/bin/ceph: stderr
2024-03-28T14:49:06.046+0000 7f36caa9d700 1 -- 172.21.15.33:0/657760186 shutdown_connections
2024-03-28T14:49:07.037 INFO:teuthology.orchestra.run.smithi033.stdout:/usr/bin/ceph: stderr
2024-03-28T14:49:06.046+0000 7f36caa9d700 1 --2- 172.21.15.33:0/657760186 >> [v2:172.21.15.33:3300/0,v1:172.21.15.33:6789/0] conn(0x7f36c4105b10 0x7f36c4105f20 unknown :-1 s=CLOSED pgs=51 cs=0 l=1 rev1=1 crypto rx=0 tx=0 comp rx=0 tx=0).stop
2024-03-28T14:49:07.037 INFO:teuthology.orchestra.run.smithi033.stdout:/usr/bin/ceph: stderr
2024-03-28T14:49:06.046+0000 7f36caa9d700 1 -- 172.21.15.33:0/657760186 >> 172.21.15.33:0/657760186 conn(0x7f36c4101180 msgr2=0x7f36c4103590 unknown :-1 s=STATE_NONE l=0).mark_down
2024-03-28T14:49:07.037 INFO:teuthology.orchestra.run.smithi033.stdout:/usr/bin/ceph: stderr
2024-03-28T14:49:06.046+0000 7f36caa9d700 1 -- 172.21.15.33:0/657760186 shutdown_connections
2024-03-28T14:49:07.037 INFO:teuthology.orchestra.run.smithi033.stdout:/usr/bin/ceph: stderr
2024-03-28T14:49:06.046+0000 7f36caa9d700 1 -- 172.21.15.33:0/657760186 wait complete.
2024-03-28T14:49:07.037 INFO:teuthology.orchestra.run.smithi033.stdout:/usr/bin/ceph: stderr
2024-03-28T14:49:06.047+0000 7f36caa9d700 1 Processor -- start
2024-03-28T14:49:07.037 INFO:teuthology.orchestra.run.smithi033.stdout:/usr/bin/ceph: stderr
2024-03-28T14:49:06.047+0000 7f36caa9d700 1 -- start start
2024-03-28T14:49:07.037 INFO:teuthology.orchestra.run.smithi033.stdout:/usr/bin/ceph: stderr
2024-03-28T14:49:06.047+0000 7f36caa9d700 1 --2- >> [v2:172.21.15.33:3300/0,v1:172.21.15.33:6789/0] conn(0x7f36c4105b10 0x7f36c4199810 unknown :-1 s=NONE pgs=0 cs=0 l=1 rev1=0 crypto rx=0 tx=0 comp rx=0 tx=0).connect
2024-03-28T14:49:07.038 INFO:teuthology.orchestra.run.smithi033.stdout:/usr/bin/ceph: stderr
2024-03-28T14:49:06.047+0000 7f36caa9d700 1 -- --> [v2:172.21.15.33:3300/0,v1:172.21.15.33:6789/0] -- mon_getmap magic: 0 v1 -- 0x7f36c4199d50 con 0x7f36c4105b10
2024-03-28T14:49:07.038 INFO:teuthology.orchestra.run.smithi033.stdout:/usr/bin/ceph: stderr
2024-03-28T14:49:06.047+0000 7f36c8839700 1 --2- >> [v2:172.21.15.33:3300/0,v1:172.21.15.33:6789/0] conn(0x7f36c4105b10 0x7f36c4199810 unknown :-1 s=BANNER_CONNECTING pgs=0 cs=0 l=1 rev1=0 crypto rx=0 tx=0 comp rx=0 tx=0)._handle_peer_banner_payload supported=3 required=0
2024-03-28T14:49:07.038 INFO:teuthology.orchestra.run.smithi033.stdout:/usr/bin/ceph: stderr
2024-03-28T14:49:06.047+0000 7f36c8839700 1 --2- >> [v2:172.21.15.33:3300/0,v1:172.21.15.33:6789/0] conn(0x7f36c4105b10 0x7f36c4199810 unknown :-1 s=HELLO_CONNECTING pgs=0 cs=0 l=1 rev1=1 crypto rx=0 tx=0 comp rx=0 tx=0).handle_hello peer v2:172.21.15.33:3300/0 says I am v2:172.21.15.33:44436/0 (socket says 172.21.15.33:44436)
2024-03-28T14:49:07.038 INFO:teuthology.orchestra.run.smithi033.stdout:/usr/bin/ceph: stderr
2024-03-28T14:49:06.047+0000 7f36c8839700 1 -- 172.21.15.33:0/2100950175 learned_addr learned my addr 172.21.15.33:0/2100950175 (peer_addr_for_me v2:172.21.15.33:0/0)
2024-03-28T14:49:07.038 INFO:teuthology.orchestra.run.smithi033.stdout:/usr/bin/ceph: stderr
2024-03-28T14:49:06.047+0000 7f36c8839700 1 -- 172.21.15.33:0/2100950175 --> [v2:172.21.15.33:3300/0,v1:172.21.15.33:6789/0] -- mon_subscribe({config=0+,monmap=0+}) v3 -- 0x7f36b8009550 con 0x7f36c4105b10
2024-03-28T14:49:07.038 INFO:teuthology.orchestra.run.smithi033.stdout:/usr/bin/ceph: stderr
2024-03-28T14:49:06.047+0000 7f36c8839700 1 --2- 172.21.15.33:0/2100950175 >> [v2:172.21.15.33:3300/0,v1:172.21.15.33:6789/0] conn(0x7f36c4105b10 0x7f36c4199810 secure :-1 s=READY pgs=52 cs=0 l=1 rev1=1 crypto rx=0x7f36b80119e0 tx=0x7f36b8011ac0 comp rx=0 tx=0).ready entity=mon.0 client_cookie=0 server_cookie=0 in_seq=0 out_seq=0
2024-03-28T14:49:07.039 INFO:teuthology.orchestra.run.smithi033.stdout:/usr/bin/ceph: stderr
2024-03-28T14:49:06.048+0000 7f36c1ffb700 1 -- 172.21.15.33:0/2100950175 <== mon.0 v2:172.21.15.33:3300/0 1 ==== mon_map magic: 0 v1 ==== 229+0+0 (secure 0 0 0) 0x7f36b8003b90 con 0x7f36c4105b10
2024-03-28T14:49:07.039 INFO:teuthology.orchestra.run.smithi033.stdout:/usr/bin/ceph: stderr
2024-03-28T14:49:06.048+0000 7f36c1ffb700 1 -- 172.21.15.33:0/2100950175 <== mon.0 v2:172.21.15.33:3300/0 2 ==== config(27 keys) v1 ==== 1037+0+0 (secure 0 0 0) 0x7f36b801a8a0 con 0x7f36c4105b10
2024-03-28T14:49:07.039 INFO:teuthology.orchestra.run.smithi033.stdout:/usr/bin/ceph: stderr
2024-03-28T14:49:06.048+0000 7f36caa9d700 1 -- 172.21.15.33:0/2100950175 --> [v2:172.21.15.33:3300/0,v1:172.21.15.33:6789/0] -- mon_subscribe({mgrmap=0+}) v3 -- 0x7f36c4199f50 con 0x7f36c4105b10
2024-03-28T14:49:07.039 INFO:teuthology.orchestra.run.smithi033.stdout:/usr/bin/ceph: stderr
2024-03-28T14:49:06.048+0000 7f36c1ffb700 1 -- 172.21.15.33:0/2100950175 <== mon.0 v2:172.21.15.33:3300/0 3 ==== mon_map magic: 0 v1 ==== 229+0+0 (secure 0 0 0) 0x7f36b8019930 con 0x7f36c4105b10
2024-03-28T14:49:07.039 INFO:teuthology.orchestra.run.smithi033.stdout:/usr/bin/ceph: stderr
2024-03-28T14:49:06.048+0000 7f36caa9d700 1 -- 172.21.15.33:0/2100950175 --> [v2:172.21.15.33:3300/0,v1:172.21.15.33:6789/0] -- mon_subscribe({osdmap=0}) v3 -- 0x7f36c419a370 con 0x7f36c4105b10
2024-03-28T14:49:07.039 INFO:teuthology.orchestra.run.smithi033.stdout:/usr/bin/ceph: stderr
2024-03-28T14:49:06.049+0000 7f36c1ffb700 1 -- 172.21.15.33:0/2100950175 <== mon.0 v2:172.21.15.33:3300/0 4 ==== mgrmap(e 8) v1 ==== 45084+0+0 (secure 0 0 0) 0x7f36b801aa10 con 0x7f36c4105b10
2024-03-28T14:49:07.039 INFO:teuthology.orchestra.run.smithi033.stdout:/usr/bin/ceph: stderr
2024-03-28T14:49:06.049+0000 7f36caa9d700 1 -- 172.21.15.33:0/2100950175 --> [v2:172.21.15.33:3300/0,v1:172.21.15.33:6789/0] -- mon_command({"prefix": "get_command_descriptions"} v 0) v1 -- 0x7f36c4062380 con 0x7f36c4105b10
2024-03-28T14:49:07.040 INFO:teuthology.orchestra.run.smithi033.stdout:/usr/bin/ceph: stderr
2024-03-28T14:49:06.049+0000 7f36c1ffb700 1 --2- 172.21.15.33:0/2100950175 >> [v2:172.21.15.33:6800/3523757413,v1:172.21.15.33:6801/3523757413] conn(0x7f36b4038400 0x7f36b403a8b0 unknown :-1 s=NONE pgs=0 cs=0 l=1 rev1=0 crypto rx=0 tx=0 comp rx=0 tx=0).connect
2024-03-28T14:49:07.040 INFO:teuthology.orchestra.run.smithi033.stdout:/usr/bin/ceph: stderr
2024-03-28T14:49:06.049+0000 7f36c1ffb700 1 -- 172.21.15.33:0/2100950175 <== mon.0 v2:172.21.15.33:3300/0 5 ==== osd_map(2..2 src has 1..2) v4 ==== 940+0+0 (secure 0 0 0) 0x7f36b804c680 con 0x7f36c4105b10
2024-03-28T14:49:07.040 INFO:teuthology.orchestra.run.smithi033.stdout:/usr/bin/ceph: stderr
2024-03-28T14:49:06.049+0000 7f36c3fff700 1 --2- 172.21.15.33:0/2100950175 >> [v2:172.21.15.33:6800/3523757413,v1:172.21.15.33:6801/3523757413] conn(0x7f36b4038400 0x7f36b403a8b0 unknown :-1 s=BANNER_CONNECTING pgs=0 cs=0 l=1 rev1=0 crypto rx=0 tx=0 comp rx=0 tx=0)._handle_peer_banner_payload supported=3 required=0
2024-03-28T14:49:07.040 INFO:teuthology.orchestra.run.smithi033.stdout:/usr/bin/ceph: stderr
2024-03-28T14:49:06.049+0000 7f36c3fff700 1 --2- 172.21.15.33:0/2100950175 >> [v2:172.21.15.33:6800/3523757413,v1:172.21.15.33:6801/3523757413] conn(0x7f36b4038400 0x7f36b403a8b0 secure :-1 s=READY pgs=14 cs=0 l=1 rev1=1 crypto rx=0x7f36b0006fd0 tx=0x7f36b0006e40 comp rx=0 tx=0).ready entity=mgr.14120 client_cookie=0 server_cookie=0 in_seq=0 out_seq=0
2024-03-28T14:49:07.040 INFO:teuthology.orchestra.run.smithi033.stdout:/usr/bin/ceph: stderr
2024-03-28T14:49:06.054+0000 7f36c1ffb700 1 -- 172.21.15.33:0/2100950175 <== mon.0 v2:172.21.15.33:3300/0 6 ==== mon_command_ack([{"prefix": "get_command_descriptions"}]=0 v0) v1 ==== 72+0+177933 (secure 0 0 0) 0x7f36b8019ba0 con 0x7f36c4105b10
2024-03-28T14:49:07.040 INFO:teuthology.orchestra.run.smithi033.stdout:/usr/bin/ceph: stderr
2024-03-28T14:49:06.268+0000 7f36caa9d700 1 -- 172.21.15.33:0/2100950175 --> [v2:172.21.15.33:6800/3523757413,v1:172.21.15.33:6801/3523757413] -- mgr_command(tid 0: {"prefix": "orch apply", "service_type": "crash", "target": ["mon-mgr", ""]}) v1 -- 0x7f36c4102610 con 0x7f36b4038400
2024-03-28T14:49:07.041 INFO:teuthology.orchestra.run.smithi033.stdout:/usr/bin/ceph: stderr
2024-03-28T14:49:06.279+0000 7f36c1ffb700 1 -- 172.21.15.33:0/2100950175 <== mgr.14120 v2:172.21.15.33:6800/3523757413 1 ==== mgr_command_reply(tid 0: 0 ) v1 ==== 8+0+26 (secure 0 0 0) 0x7f36c4102610 con 0x7f36b4038400
2024-03-28T14:49:07.041 INFO:teuthology.orchestra.run.smithi033.stdout:/usr/bin/ceph: stderr
2024-03-28T14:49:06.282+0000 7f36caa9d700 1 -- 172.21.15.33:0/2100950175 >> [v2:172.21.15.33:6800/3523757413,v1:172.21.15.33:6801/3523757413] conn(0x7f36b4038400 msgr2=0x7f36b403a8b0 secure :-1 s=STATE_CONNECTION_ESTABLISHED l=1).mark_down
2024-03-28T14:49:07.041 INFO:teuthology.orchestra.run.smithi033.stdout:/usr/bin/ceph: stderr
2024-03-28T14:49:06.282+0000 7f36caa9d700 1 --2- 172.21.15.33:0/2100950175 >> [v2:172.21.15.33:6800/3523757413,v1:172.21.15.33:6801/3523757413] conn(0x7f36b4038400 0x7f36b403a8b0 secure :-1 s=READY pgs=14 cs=0 l=1 rev1=1 crypto rx=0x7f36b0006fd0 tx=0x7f36b0006e40 comp rx=0 tx=0).stop
2024-03-28T14:49:07.041 INFO:teuthology.orchestra.run.smithi033.stdout:/usr/bin/ceph: stderr
2024-03-28T14:49:06.282+0000 7f36caa9d700 1 -- 172.21.15.33:0/2100950175 >> [v2:172.21.15.33:3300/0,v1:172.21.15.33:6789/0] conn(0x7f36c4105b10 msgr2=0x7f36c4199810 secure :-1 s=STATE_CONNECTION_ESTABLISHED l=1).mark_down
2024-03-28T14:49:07.041 INFO:teuthology.orchestra.run.smithi033.stdout:/usr/bin/ceph: stderr
2024-03-28T14:49:06.282+0000 7f36caa9d700 1 --2- 172.21.15.33:0/2100950175 >> [v2:172.21.15.33:3300/0,v1:172.21.15.33:6789/0] conn(0x7f36c4105b10 0x7f36c4199810 secure :-1 s=READY pgs=52 cs=0 l=1 rev1=1 crypto rx=0x7f36b80119e0 tx=0x7f36b8011ac0 comp rx=0 tx=0).stop
2024-03-28T14:49:07.041 INFO:teuthology.orchestra.run.smithi033.stdout:/usr/bin/ceph: stderr
2024-03-28T14:49:06.282+0000 7f36caa9d700 1 -- 172.21.15.33:0/2100950175 shutdown_connections
2024-03-28T14:49:07.042 INFO:teuthology.orchestra.run.smithi033.stdout:/usr/bin/ceph: stderr
2024-03-28T14:49:06.282+0000 7f36caa9d700 1 --2- 172.21.15.33:0/2100950175 >> [v2:172.21.15.33:6800/3523757413,v1:172.21.15.33:6801/3523757413] conn(0x7f36b4038400 0x7f36b403a8b0 unknown :-1 s=CLOSED pgs=14 cs=0 l=1 rev1=1 crypto rx=0 tx=0 comp rx=0 tx=0).stop
2024-03-28T14:49:07.042 INFO:teuthology.orchestra.run.smithi033.stdout:/usr/bin/ceph: stderr
2024-03-28T14:49:06.282+0000 7f36caa9d700 1 --2- 172.21.15.33:0/2100950175 >> [v2:172.21.15.33:3300/0,v1:172.21.15.33:6789/0] conn(0x7f36c4105b10 0x7f36c4199810 unknown :-1 s=CLOSED pgs=52 cs=0 l=1 rev1=1 crypto rx=0 tx=0 comp rx=0 tx=0).stop
2024-03-28T14:49:07.042 INFO:teuthology.orchestra.run.smithi033.stdout:/usr/bin/ceph: stderr
2024-03-28T14:49:06.282+0000 7f36caa9d700 1 -- 172.21.15.33:0/2100950175 >> 172.21.15.33:0/2100950175 conn(0x7f36c4101180 msgr2=0x7f36c4101f00 unknown :-1 s=STATE_NONE l=0).mark_down
2024-03-28T14:49:07.042 INFO:teuthology.orchestra.run.smithi033.stdout:/usr/bin/ceph: stderr
2024-03-28T14:49:06.282+0000 7f36caa9d700 1 -- 172.21.15.33:0/2100950175 shutdown_connections
2024-03-28T14:49:07.042 INFO:teuthology.orchestra.run.smithi033.stdout:/usr/bin/ceph: stderr
2024-03-28T14:49:06.282+0000 7f36caa9d700 1 -- 172.21.15.33:0/2100950175 wait complete.
2024-03-28T14:49:07.042 INFO:teuthology.orchestra.run.smithi033.stdout:Deploying ceph-exporter service with default placement...
2024-03-28T14:49:07.407 INFO:journalctl@ceph.mon.smithi033.smithi033.stdout:Mar 28 14:49:07 smithi033 ceph-mon[29179]: from='client.14146 -' entity='client.admin' cmd=[{"prefix": "orch apply", "service_type": "crash", "target": ["mon-mgr", ""]}]: dispatch
2024-03-28T14:49:07.407 INFO:journalctl@ceph.mon.smithi033.smithi033.stdout:Mar 28 14:49:07 smithi033 ceph-mon[29179]: Saving service crash spec with placement *
2024-03-28T14:49:07.407 INFO:journalctl@ceph.mon.smithi033.smithi033.stdout:Mar 28 14:49:07 smithi033 ceph-mon[29179]: from='mgr.14120 172.21.15.33:0/3936547960' entity='mgr.smithi033.fkpyxe'
2024-03-28T14:49:07.408 INFO:journalctl@ceph.mon.smithi033.smithi033.stdout:Mar 28 14:49:07 smithi033 ceph-mon[29179]: from='mgr.14120 172.21.15.33:0/3936547960' entity='mgr.smithi033.fkpyxe'
2024-03-28T14:49:07.408 INFO:journalctl@ceph.mon.smithi033.smithi033.stdout:Mar 28 14:49:07 smithi033 ceph-mon[29179]: from='mgr.14120 172.21.15.33:0/3936547960' entity='mgr.smithi033.fkpyxe'
2024-03-28T14:49:08.454 INFO:teuthology.orchestra.run.smithi033.stdout:/usr/bin/ceph: stdout Scheduled ceph-exporter update...
2024-03-28T14:49:08.454 INFO:teuthology.orchestra.run.smithi033.stdout:/usr/bin/ceph: stderr
2024-03-28T14:49:07.510+0000 7f28485a0700 1 Processor -- start
2024-03-28T14:49:08.454 INFO:teuthology.orchestra.run.smithi033.stdout:/usr/bin/ceph: stderr
2024-03-28T14:49:07.510+0000 7f28485a0700 1 -- start start
2024-03-28T14:49:08.454 INFO:teuthology.orchestra.run.smithi033.stdout:/usr/bin/ceph: stderr
2024-03-28T14:49:07.510+0000 7f28485a0700 1 --2- >> [v2:172.21.15.33:3300/0,v1:172.21.15.33:6789/0] conn(0x7f2840079cd0 0x7f28401086d0 unknown :-1 s=NONE pgs=0 cs=0 l=0 rev1=0 crypto rx=0 tx=0 comp rx=0 tx=0).connect
2024-03-28T14:49:08.455 INFO:teuthology.orchestra.run.smithi033.stdout:/usr/bin/ceph: stderr
2024-03-28T14:49:07.510+0000 7f28485a0700 1 -- --> [v2:172.21.15.33:3300/0,v1:172.21.15.33:6789/0] -- mon_getmap magic: 0 v1 -- 0x7f2840108c10 con 0x7f2840079cd0
2024-03-28T14:49:08.455 INFO:teuthology.orchestra.run.smithi033.stdout:/usr/bin/ceph: stderr
2024-03-28T14:49:07.510+0000 7f284633c700 1 --2- >> [v2:172.21.15.33:3300/0,v1:172.21.15.33:6789/0] conn(0x7f2840079cd0 0x7f28401086d0 unknown :-1 s=BANNER_CONNECTING pgs=0 cs=0 l=0 rev1=0 crypto rx=0 tx=0 comp rx=0 tx=0)._handle_peer_banner_payload supported=3 required=0
2024-03-28T14:49:08.455 INFO:teuthology.orchestra.run.smithi033.stdout:/usr/bin/ceph: stderr
2024-03-28T14:49:07.510+0000 7f284633c700 1 --2- >> [v2:172.21.15.33:3300/0,v1:172.21.15.33:6789/0] conn(0x7f2840079cd0 0x7f28401086d0 unknown :-1 s=HELLO_CONNECTING pgs=0 cs=0 l=0 rev1=1 crypto rx=0 tx=0 comp rx=0 tx=0).handle_hello peer v2:172.21.15.33:3300/0 says I am v2:172.21.15.33:44446/0 (socket says 172.21.15.33:44446)
2024-03-28T14:49:08.455 INFO:teuthology.orchestra.run.smithi033.stdout:/usr/bin/ceph: stderr
2024-03-28T14:49:07.510+0000 7f284633c700 1 -- 172.21.15.33:0/126752909 learned_addr learned my addr 172.21.15.33:0/126752909 (peer_addr_for_me v2:172.21.15.33:0/0)
2024-03-28T14:49:08.455 INFO:teuthology.orchestra.run.smithi033.stdout:/usr/bin/ceph: stderr
2024-03-28T14:49:07.510+0000 7f284633c700 1 -- 172.21.15.33:0/126752909 --> [v2:172.21.15.33:3300/0,v1:172.21.15.33:6789/0] -- mon_subscribe({config=0+,monmap=0+}) v3 -- 0x7f2840108d50 con 0x7f2840079cd0
2024-03-28T14:49:08.455 INFO:teuthology.orchestra.run.smithi033.stdout:/usr/bin/ceph: stderr
2024-03-28T14:49:07.511+0000 7f284633c700 1 --2- 172.21.15.33:0/126752909 >> [v2:172.21.15.33:3300/0,v1:172.21.15.33:6789/0] conn(0x7f2840079cd0 0x7f28401086d0 secure :-1 s=READY pgs=53 cs=0 l=1 rev1=1 crypto rx=0x7f283c0098a0 tx=0x7f283c009bb0 comp rx=0 tx=0).ready entity=mon.0 client_cookie=9b9783ac022f7edc server_cookie=0 in_seq=0 out_seq=0
2024-03-28T14:49:08.455 INFO:teuthology.orchestra.run.smithi033.stdout:/usr/bin/ceph: stderr
2024-03-28T14:49:07.511+0000 7f284533a700 1 -- 172.21.15.33:0/126752909 <== mon.0 v2:172.21.15.33:3300/0 1 ==== mon_map magic: 0 v1 ==== 229+0+0 (secure 0 0 0) 0x7f283c004180 con 0x7f2840079cd0
2024-03-28T14:49:08.455 INFO:teuthology.orchestra.run.smithi033.stdout:/usr/bin/ceph: stderr
2024-03-28T14:49:07.511+0000 7f284533a700 1 -- 172.21.15.33:0/126752909 <== mon.0 v2:172.21.15.33:3300/0 2 ==== config(27 keys) v1 ==== 1101+0+0 (secure 0 0 0) 0x7f283c0042e0 con 0x7f2840079cd0
2024-03-28T14:49:08.455 INFO:teuthology.orchestra.run.smithi033.stdout:/usr/bin/ceph: stderr
2024-03-28T14:49:07.511+0000 7f284533a700 1 -- 172.21.15.33:0/126752909 <== mon.0 v2:172.21.15.33:3300/0 3 ==== mon_map magic: 0 v1 ==== 229+0+0 (secure 0 0 0) 0x7f283c011af0 con 0x7f2840079cd0
2024-03-28T14:49:08.455 INFO:teuthology.orchestra.run.smithi033.stdout:/usr/bin/ceph: stderr
2024-03-28T14:49:07.511+0000 7f28485a0700 1 -- 172.21.15.33:0/126752909 >> [v2:172.21.15.33:3300/0,v1:172.21.15.33:6789/0] conn(0x7f2840079cd0 msgr2=0x7f28401086d0 secure :-1 s=STATE_CONNECTION_ESTABLISHED l=1).mark_down
2024-03-28T14:49:08.455 INFO:teuthology.orchestra.run.smithi033.stdout:/usr/bin/ceph: stderr
2024-03-28T14:49:07.511+0000 7f28485a0700 1 --2- 172.21.15.33:0/126752909 >> [v2:172.21.15.33:3300/0,v1:172.21.15.33:6789/0] conn(0x7f2840079cd0 0x7f28401086d0 secure :-1 s=READY pgs=53 cs=0 l=1 rev1=1 crypto rx=0x7f283c0098a0 tx=0x7f283c009bb0 comp rx=0 tx=0).stop
2024-03-28T14:49:08.455 INFO:teuthology.orchestra.run.smithi033.stdout:/usr/bin/ceph: stderr
2024-03-28T14:49:07.511+0000 7f28485a0700 1 -- 172.21.15.33:0/126752909 shutdown_connections
2024-03-28T14:49:08.455 INFO:teuthology.orchestra.run.smithi033.stdout:/usr/bin/ceph: stderr
2024-03-28T14:49:07.512+0000 7f28485a0700 1 --2- 172.21.15.33:0/126752909 >> [v2:172.21.15.33:3300/0,v1:172.21.15.33:6789/0] conn(0x7f2840079cd0 0x7f28401086d0 unknown :-1 s=CLOSED pgs=53 cs=0 l=1 rev1=1 crypto rx=0 tx=0 comp rx=0 tx=0).stop
2024-03-28T14:49:08.456 INFO:teuthology.orchestra.run.smithi033.stdout:/usr/bin/ceph: stderr
2024-03-28T14:49:07.512+0000 7f28485a0700 1 -- 172.21.15.33:0/126752909 >> 172.21.15.33:0/126752909 conn(0x7f2840100060 msgr2=0x7f2840102490 unknown :-1 s=STATE_NONE l=0).mark_down
2024-03-28T14:49:08.456 INFO:teuthology.orchestra.run.smithi033.stdout:/usr/bin/ceph: stderr
