2024-03-28T14:48:40.130 INFO:teuthology.orchestra.run.smithi033.stdout:/usr/bin/ceph: stderr
2024-03-28T14:48:39.467+0000 7f7f1c934700 1 --2- 172.21.15.33:0/2627054640 >> [v2:172.21.15.33:3300/0,v1:172.21.15.33:6789/0] conn(0x7f7f18105b10 0x7f7f18105f20 secure :-1 s=READY pgs=16 cs=0 l=1 rev1=1 crypto rx=0x7f7f000098a0 tx=0x7f7f00009bb0 comp rx=0 tx=0).ready entity=mon.0 client_cookie=ca7fd8c9f4e76898 server_cookie=0 in_seq=0 out_seq=0
2024-03-28T14:48:40.130 INFO:teuthology.orchestra.run.smithi033.stdout:/usr/bin/ceph: stderr
2024-03-28T14:48:39.467+0000 7f7f177fe700 1 -- 172.21.15.33:0/2627054640 <== mon.0 v2:172.21.15.33:3300/0 1 ==== mon_map magic: 0 v1 ==== 229+0+0 (secure 0 0 0) 0x7f7f00004180 con 0x7f7f18105b10
2024-03-28T14:48:40.130 INFO:teuthology.orchestra.run.smithi033.stdout:/usr/bin/ceph: stderr
2024-03-28T14:48:39.467+0000 7f7f177fe700 1 -- 172.21.15.33:0/2627054640 <== mon.0 v2:172.21.15.33:3300/0 2 ==== config(27 keys) v1 ==== 1037+0+0 (secure 0 0 0) 0x7f7f000042e0 con 0x7f7f18105b10
2024-03-28T14:48:40.130 INFO:teuthology.orchestra.run.smithi033.stdout:/usr/bin/ceph: stderr
2024-03-28T14:48:39.467+0000 7f7f177fe700 1 -- 172.21.15.33:0/2627054640 <== mon.0 v2:172.21.15.33:3300/0 3 ==== mon_map magic: 0 v1 ==== 229+0+0 (secure 0 0 0) 0x7f7f00011a50 con 0x7f7f18105b10
2024-03-28T14:48:40.130 INFO:teuthology.orchestra.run.smithi033.stdout:/usr/bin/ceph: stderr
2024-03-28T14:48:39.467+0000 7f7f1eb98700 1 -- 172.21.15.33:0/2627054640 >> [v2:172.21.15.33:3300/0,v1:172.21.15.33:6789/0] conn(0x7f7f18105b10 msgr2=0x7f7f18105f20 secure :-1 s=STATE_CONNECTION_ESTABLISHED l=1).mark_down
2024-03-28T14:48:40.130 INFO:teuthology.orchestra.run.smithi033.stdout:/usr/bin/ceph: stderr
2024-03-28T14:48:39.467+0000 7f7f1eb98700 1 --2- 172.21.15.33:0/2627054640 >> [v2:172.21.15.33:3300/0,v1:172.21.15.33:6789/0] conn(0x7f7f18105b10 0x7f7f18105f20 secure :-1 s=READY pgs=16 cs=0 l=1 rev1=1 crypto rx=0x7f7f000098a0 tx=0x7f7f00009bb0 comp rx=0 tx=0).stop
2024-03-28T14:48:40.130 INFO:teuthology.orchestra.run.smithi033.stdout:/usr/bin/ceph: stderr
2024-03-28T14:48:39.467+0000 7f7f1eb98700 1 -- 172.21.15.33:0/2627054640 shutdown_connections
2024-03-28T14:48:40.130 INFO:teuthology.orchestra.run.smithi033.stdout:/usr/bin/ceph: stderr
2024-03-28T14:48:39.467+0000 7f7f1eb98700 1 --2- 172.21.15.33:0/2627054640 >> [v2:172.21.15.33:3300/0,v1:172.21.15.33:6789/0] conn(0x7f7f18105b10 0x7f7f18105f20 unknown :-1 s=CLOSED pgs=16 cs=0 l=1 rev1=1 crypto rx=0 tx=0 comp rx=0 tx=0).stop
2024-03-28T14:48:40.130 INFO:teuthology.orchestra.run.smithi033.stdout:/usr/bin/ceph: stderr
2024-03-28T14:48:39.467+0000 7f7f1eb98700 1 -- 172.21.15.33:0/2627054640 >> 172.21.15.33:0/2627054640 conn(0x7f7f18101180 msgr2=0x7f7f18103590 unknown :-1 s=STATE_NONE l=0).mark_down
2024-03-28T14:48:40.130 INFO:teuthology.orchestra.run.smithi033.stdout:/usr/bin/ceph: stderr
2024-03-28T14:48:39.467+0000 7f7f1eb98700 1 -- 172.21.15.33:0/2627054640 shutdown_connections
2024-03-28T14:48:40.130 INFO:teuthology.orchestra.run.smithi033.stdout:/usr/bin/ceph: stderr
2024-03-28T14:48:39.468+0000 7f7f1eb98700 1 -- 172.21.15.33:0/2627054640 wait complete.
2024-03-28T14:48:40.130 INFO:teuthology.orchestra.run.smithi033.stdout:/usr/bin/ceph: stderr
2024-03-28T14:48:39.468+0000 7f7f1eb98700 1 Processor -- start
2024-03-28T14:48:40.131 INFO:teuthology.orchestra.run.smithi033.stdout:/usr/bin/ceph: stderr
2024-03-28T14:48:39.468+0000 7f7f1eb98700 1 -- start start
2024-03-28T14:48:40.131 INFO:teuthology.orchestra.run.smithi033.stdout:/usr/bin/ceph: stderr
2024-03-28T14:48:39.468+0000 7f7f1eb98700 1 --2- >> [v2:172.21.15.33:3300/0,v1:172.21.15.33:6789/0] conn(0x7f7f18105b10 0x7f7f1807bc40 unknown :-1 s=NONE pgs=0 cs=0 l=1 rev1=0 crypto rx=0 tx=0 comp rx=0 tx=0).connect
2024-03-28T14:48:40.131 INFO:teuthology.orchestra.run.smithi033.stdout:/usr/bin/ceph: stderr
2024-03-28T14:48:39.468+0000 7f7f1eb98700 1 -- --> [v2:172.21.15.33:3300/0,v1:172.21.15.33:6789/0] -- mon_getmap magic: 0 v1 -- 0x7f7f1807c180 con 0x7f7f18105b10
2024-03-28T14:48:40.131 INFO:teuthology.orchestra.run.smithi033.stdout:/usr/bin/ceph: stderr
2024-03-28T14:48:39.468+0000 7f7f1c934700 1 --2- >> [v2:172.21.15.33:3300/0,v1:172.21.15.33:6789/0] conn(0x7f7f18105b10 0x7f7f1807bc40 unknown :-1 s=BANNER_CONNECTING pgs=0 cs=0 l=1 rev1=0 crypto rx=0 tx=0 comp rx=0 tx=0)._handle_peer_banner_payload supported=3 required=0
2024-03-28T14:48:40.131 INFO:teuthology.orchestra.run.smithi033.stdout:/usr/bin/ceph: stderr
2024-03-28T14:48:39.468+0000 7f7f1c934700 1 --2- >> [v2:172.21.15.33:3300/0,v1:172.21.15.33:6789/0] conn(0x7f7f18105b10 0x7f7f1807bc40 unknown :-1 s=HELLO_CONNECTING pgs=0 cs=0 l=1 rev1=1 crypto rx=0 tx=0 comp rx=0 tx=0).handle_hello peer v2:172.21.15.33:3300/0 says I am v2:172.21.15.33:54974/0 (socket says 172.21.15.33:54974)
2024-03-28T14:48:40.131 INFO:teuthology.orchestra.run.smithi033.stdout:/usr/bin/ceph: stderr
2024-03-28T14:48:39.468+0000 7f7f1c934700 1 -- 172.21.15.33:0/220509020 learned_addr learned my addr 172.21.15.33:0/220509020 (peer_addr_for_me v2:172.21.15.33:0/0)
2024-03-28T14:48:40.131 INFO:teuthology.orchestra.run.smithi033.stdout:/usr/bin/ceph: stderr
2024-03-28T14:48:39.469+0000 7f7f1c934700 1 -- 172.21.15.33:0/220509020 --> [v2:172.21.15.33:3300/0,v1:172.21.15.33:6789/0] -- mon_subscribe({config=0+,monmap=0+}) v3 -- 0x7f7f00009550 con 0x7f7f18105b10
2024-03-28T14:48:40.131 INFO:teuthology.orchestra.run.smithi033.stdout:/usr/bin/ceph: stderr
2024-03-28T14:48:39.469+0000 7f7f1c934700 1 --2- 172.21.15.33:0/220509020 >> [v2:172.21.15.33:3300/0,v1:172.21.15.33:6789/0] conn(0x7f7f18105b10 0x7f7f1807bc40 secure :-1 s=READY pgs=17 cs=0 l=1 rev1=1 crypto rx=0x7f7f000119e0 tx=0x7f7f00011ac0 comp rx=0 tx=0).ready entity=mon.0 client_cookie=0 server_cookie=0 in_seq=0 out_seq=0
2024-03-28T14:48:40.131 INFO:teuthology.orchestra.run.smithi033.stdout:/usr/bin/ceph: stderr
2024-03-28T14:48:39.469+0000 7f7f15ffb700 1 -- 172.21.15.33:0/220509020 <== mon.0 v2:172.21.15.33:3300/0 1 ==== mon_map magic: 0 v1 ==== 229+0+0 (secure 0 0 0) 0x7f7f00003b90 con 0x7f7f18105b10
2024-03-28T14:48:40.131 INFO:teuthology.orchestra.run.smithi033.stdout:/usr/bin/ceph: stderr
2024-03-28T14:48:39.469+0000 7f7f15ffb700 1 -- 172.21.15.33:0/220509020 <== mon.0 v2:172.21.15.33:3300/0 2 ==== config(27 keys) v1 ==== 1037+0+0 (secure 0 0 0) 0x7f7f0001a8a0 con 0x7f7f18105b10
2024-03-28T14:48:40.131 INFO:teuthology.orchestra.run.smithi033.stdout:/usr/bin/ceph: stderr
2024-03-28T14:48:39.469+0000 7f7f1eb98700 1 -- 172.21.15.33:0/220509020 --> [v2:172.21.15.33:3300/0,v1:172.21.15.33:6789/0] -- mon_subscribe({mgrmap=0+}) v3 -- 0x7f7f1807a290 con 0x7f7f18105b10
2024-03-28T14:48:40.131 INFO:teuthology.orchestra.run.smithi033.stdout:/usr/bin/ceph: stderr
2024-03-28T14:48:39.469+0000 7f7f15ffb700 1 -- 172.21.15.33:0/220509020 <== mon.0 v2:172.21.15.33:3300/0 3 ==== mon_map magic: 0 v1 ==== 229+0+0 (secure 0 0 0) 0x7f7f00019930 con 0x7f7f18105b10
2024-03-28T14:48:40.131 INFO:teuthology.orchestra.run.smithi033.stdout:/usr/bin/ceph: stderr
2024-03-28T14:48:39.469+0000 7f7f1eb98700 1 -- 172.21.15.33:0/220509020 --> [v2:172.21.15.33:3300/0,v1:172.21.15.33:6789/0] -- mon_subscribe({osdmap=0}) v3 -- 0x7f7f1807a6b0 con 0x7f7f18105b10
2024-03-28T14:48:40.131 INFO:teuthology.orchestra.run.smithi033.stdout:/usr/bin/ceph: stderr
2024-03-28T14:48:39.470+0000 7f7f15ffb700 1 -- 172.21.15.33:0/220509020 <== mon.0 v2:172.21.15.33:3300/0 4 ==== mgrmap(e 2) v1 ==== 44840+0+0 (secure 0 0 0) 0x7f7f00019bf0 con 0x7f7f18105b10
2024-03-28T14:48:40.131 INFO:teuthology.orchestra.run.smithi033.stdout:/usr/bin/ceph: stderr
2024-03-28T14:48:39.470+0000 7f7f15ffb700 1 -- 172.21.15.33:0/220509020 <== mon.0 v2:172.21.15.33:3300/0 5 ==== osd_map(1..1 src has 1..1) v4 ==== 725+0+0 (secure 0 0 0) 0x7f7f0004c370 con 0x7f7f18105b10
2024-03-28T14:48:40.132 INFO:teuthology.orchestra.run.smithi033.stdout:/usr/bin/ceph: stderr
2024-03-28T14:48:39.470+0000 7f7f1eb98700 1 -- 172.21.15.33:0/220509020 --> [v2:172.21.15.33:3300/0,v1:172.21.15.33:6789/0] -- mon_command({"prefix": "get_command_descriptions"} v 0) v1 -- 0x7f7f18062380 con 0x7f7f18105b10
2024-03-28T14:48:40.132 INFO:teuthology.orchestra.run.smithi033.stdout:/usr/bin/ceph: stderr
2024-03-28T14:48:39.472+0000 7f7f15ffb700 1 -- 172.21.15.33:0/220509020 <== mon.0 v2:172.21.15.33:3300/0 6 ==== mon_command_ack([{"prefix": "get_command_descriptions"}]=0 v0) v1 ==== 72+0+72422 (secure 0 0 0) 0x7f7f0002d440 con 0x7f7f18105b10
2024-03-28T14:48:40.132 INFO:teuthology.orchestra.run.smithi033.stdout:/usr/bin/ceph: stderr
2024-03-28T14:48:39.546+0000 7f7f1eb98700 1 -- 172.21.15.33:0/220509020 --> [v2:172.21.15.33:3300/0,v1:172.21.15.33:6789/0] -- mon_command({"prefix": "status", "format": "json-pretty"} v 0) v1 -- 0x7f7f1807b080 con 0x7f7f18105b10
2024-03-28T14:48:40.132 INFO:teuthology.orchestra.run.smithi033.stdout:/usr/bin/ceph: stderr
2024-03-28T14:48:39.547+0000 7f7f15ffb700 1 -- 172.21.15.33:0/220509020 <== mon.0 v2:172.21.15.33:3300/0 7 ==== mon_command_ack([{"prefix": "status", "format": "json-pretty"}]=0 v0) v1 ==== 79+0+1247 (secure 0 0 0) 0x7f7f000172b0 con 0x7f7f18105b10
2024-03-28T14:48:40.132 INFO:teuthology.orchestra.run.smithi033.stdout:/usr/bin/ceph: stderr
2024-03-28T14:48:39.547+0000 7f7f1eb98700 1 -- 172.21.15.33:0/220509020 >> [v2:172.21.15.33:3300/0,v1:172.21.15.33:6789/0] conn(0x7f7f18105b10 msgr2=0x7f7f1807bc40 secure :-1 s=STATE_CONNECTION_ESTABLISHED l=1).mark_down
2024-03-28T14:48:40.132 INFO:teuthology.orchestra.run.smithi033.stdout:/usr/bin/ceph: stderr
2024-03-28T14:48:39.547+0000 7f7f1eb98700 1 --2- 172.21.15.33:0/220509020 >> [v2:172.21.15.33:3300/0,v1:172.21.15.33:6789/0] conn(0x7f7f18105b10 0x7f7f1807bc40 secure :-1 s=READY pgs=17 cs=0 l=1 rev1=1 crypto rx=0x7f7f000119e0 tx=0x7f7f00011ac0 comp rx=0 tx=0).stop
2024-03-28T14:48:40.132 INFO:teuthology.orchestra.run.smithi033.stdout:/usr/bin/ceph: stderr
2024-03-28T14:48:39.547+0000 7f7f1eb98700 1 -- 172.21.15.33:0/220509020 shutdown_connections
2024-03-28T14:48:40.132 INFO:teuthology.orchestra.run.smithi033.stdout:/usr/bin/ceph: stderr
2024-03-28T14:48:39.547+0000 7f7f1eb98700 1 --2- 172.21.15.33:0/220509020 >> [v2:172.21.15.33:3300/0,v1:172.21.15.33:6789/0] conn(0x7f7f18105b10 0x7f7f1807bc40 unknown :-1 s=CLOSED pgs=17 cs=0 l=1 rev1=1 crypto rx=0 tx=0 comp rx=0 tx=0).stop
2024-03-28T14:48:40.132 INFO:teuthology.orchestra.run.smithi033.stdout:/usr/bin/ceph: stderr
2024-03-28T14:48:39.547+0000 7f7f1eb98700 1 -- 172.21.15.33:0/220509020 >> 172.21.15.33:0/220509020 conn(0x7f7f18101180 msgr2=0x7f7f18101f00 unknown :-1 s=STATE_NONE l=0).mark_down
2024-03-28T14:48:40.132 INFO:teuthology.orchestra.run.smithi033.stdout:/usr/bin/ceph: stderr
2024-03-28T14:48:39.547+0000 7f7f1eb98700 1 -- 172.21.15.33:0/220509020 shutdown_connections
2024-03-28T14:48:40.132 INFO:teuthology.orchestra.run.smithi033.stdout:/usr/bin/ceph: stderr
2024-03-28T14:48:39.547+0000 7f7f1eb98700 1 -- 172.21.15.33:0/220509020 wait complete.
2024-03-28T14:48:40.132 INFO:teuthology.orchestra.run.smithi033.stdout:mgr not available, waiting (3/15)...
2024-03-28T14:48:42.255 INFO:journalctl@ceph.mon.smithi033.smithi033.stdout:Mar 28 14:48:41 smithi033 ceph-mon[29179]: mgrmap e4: smithi033.fkpyxe(active, since 2s)
2024-03-28T14:48:43.307 INFO:teuthology.orchestra.run.smithi033.stdout:/usr/bin/ceph: stdout
2024-03-28T14:48:43.307 INFO:teuthology.orchestra.run.smithi033.stdout:/usr/bin/ceph: stdout {
2024-03-28T14:48:43.307 INFO:teuthology.orchestra.run.smithi033.stdout:/usr/bin/ceph: stdout "fsid": "24085368-ed12-11ee-95d0-87774f69a715",
2024-03-28T14:48:43.307 INFO:teuthology.orchestra.run.smithi033.stdout:/usr/bin/ceph: stdout "health": {
2024-03-28T14:48:43.307 INFO:teuthology.orchestra.run.smithi033.stdout:/usr/bin/ceph: stdout "status": "HEALTH_OK",
2024-03-28T14:48:43.307 INFO:teuthology.orchestra.run.smithi033.stdout:/usr/bin/ceph: stdout "checks": {},
2024-03-28T14:48:43.307 INFO:teuthology.orchestra.run.smithi033.stdout:/usr/bin/ceph: stdout "mutes": []
2024-03-28T14:48:43.307 INFO:teuthology.orchestra.run.smithi033.stdout:/usr/bin/ceph: stdout },
2024-03-28T14:48:43.307 INFO:teuthology.orchestra.run.smithi033.stdout:/usr/bin/ceph: stdout "election_epoch": 5,
2024-03-28T14:48:43.307 INFO:teuthology.orchestra.run.smithi033.stdout:/usr/bin/ceph: stdout "quorum": [
2024-03-28T14:48:43.308 INFO:teuthology.orchestra.run.smithi033.stdout:/usr/bin/ceph: stdout 0
2024-03-28T14:48:43.308 INFO:teuthology.orchestra.run.smithi033.stdout:/usr/bin/ceph: stdout ],
2024-03-28T14:48:43.308 INFO:teuthology.orchestra.run.smithi033.stdout:/usr/bin/ceph: stdout "quorum_names": [
2024-03-28T14:48:43.308 INFO:teuthology.orchestra.run.smithi033.stdout:/usr/bin/ceph: stdout "smithi033"
2024-03-28T14:48:43.308 INFO:teuthology.orchestra.run.smithi033.stdout:/usr/bin/ceph: stdout ],
2024-03-28T14:48:43.308 INFO:teuthology.orchestra.run.smithi033.stdout:/usr/bin/ceph: stdout "quorum_age": 20,
2024-03-28T14:48:43.308 INFO:teuthology.orchestra.run.smithi033.stdout:/usr/bin/ceph: stdout "monmap": {
2024-03-28T14:48:43.308 INFO:teuthology.orchestra.run.smithi033.stdout:/usr/bin/ceph: stdout "epoch": 1,
2024-03-28T14:48:43.308 INFO:teuthology.orchestra.run.smithi033.stdout:/usr/bin/ceph: stdout "min_mon_release_name": "reef",
2024-03-28T14:48:43.308 INFO:teuthology.orchestra.run.smithi033.stdout:/usr/bin/ceph: stdout "num_mons": 1
2024-03-28T14:48:43.308 INFO:teuthology.orchestra.run.smithi033.stdout:/usr/bin/ceph: stdout },
2024-03-28T14:48:43.308 INFO:teuthology.orchestra.run.smithi033.stdout:/usr/bin/ceph: stdout "osdmap": {
2024-03-28T14:48:43.308 INFO:teuthology.orchestra.run.smithi033.stdout:/usr/bin/ceph: stdout "epoch": 1,
2024-03-28T14:48:43.308 INFO:teuthology.orchestra.run.smithi033.stdout:/usr/bin/ceph: stdout "num_osds": 0,
2024-03-28T14:48:43.308 INFO:teuthology.orchestra.run.smithi033.stdout:/usr/bin/ceph: stdout "num_up_osds": 0,
2024-03-28T14:48:43.309 INFO:teuthology.orchestra.run.smithi033.stdout:/usr/bin/ceph: stdout "osd_up_since": 0,
2024-03-28T14:48:43.317 INFO:teuthology.orchestra.run.smithi033.stdout:/usr/bin/ceph: stdout "num_in_osds": 0,
2024-03-28T14:48:43.317 INFO:teuthology.orchestra.run.smithi033.stdout:/usr/bin/ceph: stdout "osd_in_since": 0,
2024-03-28T14:48:43.317 INFO:teuthology.orchestra.run.smithi033.stdout:/usr/bin/ceph: stdout "num_remapped_pgs": 0
2024-03-28T14:48:43.317 INFO:teuthology.orchestra.run.smithi033.stdout:/usr/bin/ceph: stdout },
2024-03-28T14:48:43.318 INFO:teuthology.orchestra.run.smithi033.stdout:/usr/bin/ceph: stdout "pgmap": {
2024-03-28T14:48:43.318 INFO:teuthology.orchestra.run.smithi033.stdout:/usr/bin/ceph: stdout "pgs_by_state": [],
2024-03-28T14:48:43.318 INFO:teuthology.orchestra.run.smithi033.stdout:/usr/bin/ceph: stdout "num_pgs": 0,
2024-03-28T14:48:43.318 INFO:teuthology.orchestra.run.smithi033.stdout:/usr/bin/ceph: stdout "num_pools": 0,
2024-03-28T14:48:43.318 INFO:teuthology.orchestra.run.smithi033.stdout:/usr/bin/ceph: stdout "num_objects": 0,
2024-03-28T14:48:43.318 INFO:teuthology.orchestra.run.smithi033.stdout:/usr/bin/ceph: stdout "data_bytes": 0,
2024-03-28T14:48:43.318 INFO:teuthology.orchestra.run.smithi033.stdout:/usr/bin/ceph: stdout "bytes_used": 0,
2024-03-28T14:48:43.318 INFO:teuthology.orchestra.run.smithi033.stdout:/usr/bin/ceph: stdout "bytes_avail": 0,
2024-03-28T14:48:43.318 INFO:teuthology.orchestra.run.smithi033.stdout:/usr/bin/ceph: stdout "bytes_total": 0
2024-03-28T14:48:43.318 INFO:teuthology.orchestra.run.smithi033.stdout:/usr/bin/ceph: stdout },
2024-03-28T14:48:43.318 INFO:teuthology.orchestra.run.smithi033.stdout:/usr/bin/ceph: stdout "fsmap": {
2024-03-28T14:48:43.318 INFO:teuthology.orchestra.run.smithi033.stdout:/usr/bin/ceph: stdout "epoch": 1,
2024-03-28T14:48:43.318 INFO:teuthology.orchestra.run.smithi033.stdout:/usr/bin/ceph: stdout "by_rank": [],
2024-03-28T14:48:43.318 INFO:teuthology.orchestra.run.smithi033.stdout:/usr/bin/ceph: stdout "up:standby": 0
2024-03-28T14:48:43.319 INFO:teuthology.orchestra.run.smithi033.stdout:/usr/bin/ceph: stdout },
2024-03-28T14:48:43.319 INFO:teuthology.orchestra.run.smithi033.stdout:/usr/bin/ceph: stdout "mgrmap": {
2024-03-28T14:48:43.319 INFO:teuthology.orchestra.run.smithi033.stdout:/usr/bin/ceph: stdout "available": true,
2024-03-28T14:48:43.319 INFO:teuthology.orchestra.run.smithi033.stdout:/usr/bin/ceph: stdout "num_standbys": 0,
2024-03-28T14:48:43.319 INFO:teuthology.orchestra.run.smithi033.stdout:/usr/bin/ceph: stdout "modules": [
2024-03-28T14:48:43.319 INFO:teuthology.orchestra.run.smithi033.stdout:/usr/bin/ceph: stdout "iostat",
2024-03-28T14:48:43.319 INFO:teuthology.orchestra.run.smithi033.stdout:/usr/bin/ceph: stdout "nfs",
2024-03-28T14:48:43.319 INFO:teuthology.orchestra.run.smithi033.stdout:/usr/bin/ceph: stdout "restful"
2024-03-28T14:48:43.319 INFO:teuthology.orchestra.run.smithi033.stdout:/usr/bin/ceph: stdout ],
2024-03-28T14:48:43.319 INFO:teuthology.orchestra.run.smithi033.stdout:/usr/bin/ceph: stdout "services": {}
2024-03-28T14:48:43.319 INFO:teuthology.orchestra.run.smithi033.stdout:/usr/bin/ceph: stdout },
2024-03-28T14:48:43.319 INFO:teuthology.orchestra.run.smithi033.stdout:/usr/bin/ceph: stdout "servicemap": {
2024-03-28T14:48:43.319 INFO:teuthology.orchestra.run.smithi033.stdout:/usr/bin/ceph: stdout "epoch": 1,
2024-03-28T14:48:43.319 INFO:teuthology.orchestra.run.smithi033.stdout:/usr/bin/ceph: stdout "modified": "2024-03-28T14:48:17.990447+0000",
2024-03-28T14:48:43.319 INFO:teuthology.orchestra.run.smithi033.stdout:/usr/bin/ceph: stdout "services": {}
2024-03-28T14:48:43.320 INFO:teuthology.orchestra.run.smithi033.stdout:/usr/bin/ceph: stdout },
2024-03-28T14:48:43.320 INFO:teuthology.orchestra.run.smithi033.stdout:/usr/bin/ceph: stdout "progress_events": {}
2024-03-28T14:48:43.320 INFO:teuthology.orchestra.run.smithi033.stdout:/usr/bin/ceph: stdout }
2024-03-28T14:48:43.320 INFO:teuthology.orchestra.run.smithi033.stdout:/usr/bin/ceph: stderr
2024-03-28T14:48:42.540+0000 7f1814b5a700 1 Processor -- start
2024-03-28T14:48:43.320 INFO:teuthology.orchestra.run.smithi033.stdout:/usr/bin/ceph: stderr
2024-03-28T14:48:42.540+0000 7f1814b5a700 1 -- start start
2024-03-28T14:48:43.320 INFO:teuthology.orchestra.run.smithi033.stdout:/usr/bin/ceph: stderr
2024-03-28T14:48:42.540+0000 7f1814b5a700 1 --2- >> [v2:172.21.15.33:3300/0,v1:172.21.15.33:6789/0] conn(0x7f1810105b10 0x7f1810105f20 unknown :-1 s=NONE pgs=0 cs=0 l=0 rev1=0 crypto rx=0 tx=0 comp rx=0 tx=0).connect
2024-03-28T14:48:43.320 INFO:teuthology.orchestra.run.smithi033.stdout:/usr/bin/ceph: stderr
2024-03-28T14:48:42.540+0000 7f1814b5a700 1 -- --> [v2:172.21.15.33:3300/0,v1:172.21.15.33:6789/0] -- mon_getmap magic: 0 v1 -- 0x7f1810106460 con 0x7f1810105b10
2024-03-28T14:48:43.320 INFO:teuthology.orchestra.run.smithi033.stdout:/usr/bin/ceph: stderr
2024-03-28T14:48:42.540+0000 7f180e59c700 1 --2- >> [v2:172.21.15.33:3300/0,v1:172.21.15.33:6789/0] conn(0x7f1810105b10 0x7f1810105f20 unknown :-1 s=BANNER_CONNECTING pgs=0 cs=0 l=0 rev1=0 crypto rx=0 tx=0 comp rx=0 tx=0)._handle_peer_banner_payload supported=3 required=0
2024-03-28T14:48:43.320 INFO:teuthology.orchestra.run.smithi033.stdout:/usr/bin/ceph: stderr
2024-03-28T14:48:42.540+0000 7f180e59c700 1 --2- >> [v2:172.21.15.33:3300/0,v1:172.21.15.33:6789/0] conn(0x7f1810105b10 0x7f1810105f20 unknown :-1 s=HELLO_CONNECTING pgs=0 cs=0 l=0 rev1=1 crypto rx=0 tx=0 comp rx=0 tx=0).handle_hello peer v2:172.21.15.33:3300/0 says I am v2:172.21.15.33:54986/0 (socket says 172.21.15.33:54986)
2024-03-28T14:48:43.320 INFO:teuthology.orchestra.run.smithi033.stdout:/usr/bin/ceph: stderr
2024-03-28T14:48:42.540+0000 7f180e59c700 1 -- 172.21.15.33:0/3736201204 learned_addr learned my addr 172.21.15.33:0/3736201204 (peer_addr_for_me v2:172.21.15.33:0/0)
2024-03-28T14:48:43.320 INFO:teuthology.orchestra.run.smithi033.stdout:/usr/bin/ceph: stderr
2024-03-28T14:48:42.540+0000 7f180e59c700 1 -- 172.21.15.33:0/3736201204 --> [v2:172.21.15.33:3300/0,v1:172.21.15.33:6789/0] -- mon_subscribe({config=0+,monmap=0+}) v3 -- 0x7f18101065a0 con 0x7f1810105b10
2024-03-28T14:48:43.320 INFO:teuthology.orchestra.run.smithi033.stdout:/usr/bin/ceph: stderr
2024-03-28T14:48:42.541+0000 7f180e59c700 1 --2- 172.21.15.33:0/3736201204 >> [v2:172.21.15.33:3300/0,v1:172.21.15.33:6789/0] conn(0x7f1810105b10 0x7f1810105f20 secure :-1 s=READY pgs=18 cs=0 l=1 rev1=1 crypto rx=0x7f1808009e80 tx=0x7f180800b330 comp rx=0 tx=0).ready entity=mon.0 client_cookie=2577cf0923941d55 server_cookie=0 in_seq=0 out_seq=0
2024-03-28T14:48:43.320 INFO:teuthology.orchestra.run.smithi033.stdout:/usr/bin/ceph: stderr
2024-03-28T14:48:42.541+0000 7f180d59a700 1 -- 172.21.15.33:0/3736201204 <== mon.0 v2:172.21.15.33:3300/0 1 ==== mon_map magic: 0 v1 ==== 229+0+0 (secure 0 0 0) 0x7f180800e070 con 0x7f1810105b10
2024-03-28T14:48:43.320 INFO:teuthology.orchestra.run.smithi033.stdout:/usr/bin/ceph: stderr
2024-03-28T14:48:42.541+0000 7f180d59a700 1 -- 172.21.15.33:0/3736201204 <== mon.0 v2:172.21.15.33:3300/0 2 ==== config(27 keys) v1 ==== 1037+0+0 (secure 0 0 0) 0x7f1808003e90 con 0x7f1810105b10
2024-03-28T14:48:43.320 INFO:teuthology.orchestra.run.smithi033.stdout:/usr/bin/ceph: stderr
2024-03-28T14:48:42.541+0000 7f180d59a700 1 -- 172.21.15.33:0/3736201204 <== mon.0 v2:172.21.15.33:3300/0 3 ==== mon_map magic: 0 v1 ==== 229+0+0 (secure 0 0 0) 0x7f1808004380 con 0x7f1810105b10
2024-03-28T14:48:43.321 INFO:teuthology.orchestra.run.smithi033.stdout:/usr/bin/ceph: stderr
2024-03-28T14:48:42.541+0000 7f1814b5a700 1 -- 172.21.15.33:0/3736201204 >> [v2:172.21.15.33:3300/0,v1:172.21.15.33:6789/0] conn(0x7f1810105b10 msgr2=0x7f1810105f20 secure :-1 s=STATE_CONNECTION_ESTABLISHED l=1).mark_down
2024-03-28T14:48:43.321 INFO:teuthology.orchestra.run.smithi033.stdout:/usr/bin/ceph: stderr
2024-03-28T14:48:42.541+0000 7f1814b5a700 1 --2- 172.21.15.33:0/3736201204 >> [v2:172.21.15.33:3300/0,v1:172.21.15.33:6789/0] conn(0x7f1810105b10 0x7f1810105f20 secure :-1 s=READY pgs=18 cs=0 l=1 rev1=1 crypto rx=0x7f1808009e80 tx=0x7f180800b330 comp rx=0 tx=0).stop
2024-03-28T14:48:43.321 INFO:teuthology.orchestra.run.smithi033.stdout:/usr/bin/ceph: stderr
2024-03-28T14:48:42.541+0000 7f1814b5a700 1 -- 172.21.15.33:0/3736201204 shutdown_connections
2024-03-28T14:48:43.321 INFO:teuthology.orchestra.run.smithi033.stdout:/usr/bin/ceph: stderr
2024-03-28T14:48:42.541+0000 7f1814b5a700 1 --2- 172.21.15.33:0/3736201204 >> [v2:172.21.15.33:3300/0,v1:172.21.15.33:6789/0] conn(0x7f1810105b10 0x7f1810105f20 unknown :-1 s=CLOSED pgs=18 cs=0 l=1 rev1=1 crypto rx=0 tx=0 comp rx=0 tx=0).stop
2024-03-28T14:48:43.321 INFO:teuthology.orchestra.run.smithi033.stdout:/usr/bin/ceph: stderr
2024-03-28T14:48:42.541+0000 7f1814b5a700 1 -- 172.21.15.33:0/3736201204 >> 172.21.15.33:0/3736201204 conn(0x7f1810101180 msgr2=0x7f1810103590 unknown :-1 s=STATE_NONE l=0).mark_down
2024-03-28T14:48:43.321 INFO:teuthology.orchestra.run.smithi033.stdout:/usr/bin/ceph: stderr
2024-03-28T14:48:42.541+0000 7f1814b5a700 1 -- 172.21.15.33:0/3736201204 shutdown_connections
2024-03-28T14:48:43.321 INFO:teuthology.orchestra.run.smithi033.stdout:/usr/bin/ceph: stderr
2024-03-28T14:48:42.541+0000 7f1814b5a700 1 -- 172.21.15.33:0/3736201204 wait complete.
2024-03-28T14:48:43.321 INFO:teuthology.orchestra.run.smithi033.stdout:/usr/bin/ceph: stderr
2024-03-28T14:48:42.542+0000 7f1814b5a700 1 Processor -- start
2024-03-28T14:48:43.321 INFO:teuthology.orchestra.run.smithi033.stdout:/usr/bin/ceph: stderr
2024-03-28T14:48:42.542+0000 7f1814b5a700 1 -- start start
2024-03-28T14:48:43.321 INFO:teuthology.orchestra.run.smithi033.stdout:/usr/bin/ceph: stderr
2024-03-28T14:48:42.542+0000 7f1814b5a700 1 --2- >> [v2:172.21.15.33:3300/0,v1:172.21.15.33:6789/0] conn(0x7f1810105b10 0x7f18101997f0 unknown :-1 s=NONE pgs=0 cs=0 l=1 rev1=0 crypto rx=0 tx=0 comp rx=0 tx=0).connect
2024-03-28T14:48:43.321 INFO:teuthology.orchestra.run.smithi033.stdout:/usr/bin/ceph: stderr
2024-03-28T14:48:42.542+0000 7f1814b5a700 1 -- --> [v2:172.21.15.33:3300/0,v1:172.21.15.33:6789/0] -- mon_getmap magic: 0 v1 -- 0x7f1810199d30 con 0x7f1810105b10
2024-03-28T14:48:43.321 INFO:teuthology.orchestra.run.smithi033.stdout:/usr/bin/ceph: stderr
2024-03-28T14:48:42.542+0000 7f180e59c700 1 --2- >> [v2:172.21.15.33:3300/0,v1:172.21.15.33:6789/0] conn(0x7f1810105b10 0x7f18101997f0 unknown :-1 s=BANNER_CONNECTING pgs=0 cs=0 l=1 rev1=0 crypto rx=0 tx=0 comp rx=0 tx=0)._handle_peer_banner_payload supported=3 required=0
2024-03-28T14:48:43.321 INFO:teuthology.orchestra.run.smithi033.stdout:/usr/bin/ceph: stderr
2024-03-28T14:48:42.542+0000 7f180e59c700 1 --2- >> [v2:172.21.15.33:3300/0,v1:172.21.15.33:6789/0] conn(0x7f1810105b10 0x7f18101997f0 unknown :-1 s=HELLO_CONNECTING pgs=0 cs=0 l=1 rev1=1 crypto rx=0 tx=0 comp rx=0 tx=0).handle_hello peer v2:172.21.15.33:3300/0 says I am v2:172.21.15.33:54992/0 (socket says 172.21.15.33:54992)
2024-03-28T14:48:43.321 INFO:teuthology.orchestra.run.smithi033.stdout:/usr/bin/ceph: stderr
2024-03-28T14:48:42.542+0000 7f180e59c700 1 -- 172.21.15.33:0/3101408588 learned_addr learned my addr 172.21.15.33:0/3101408588 (peer_addr_for_me v2:172.21.15.33:0/0)
2024-03-28T14:48:43.322 INFO:teuthology.orchestra.run.smithi033.stdout:/usr/bin/ceph: stderr
2024-03-28T14:48:42.543+0000 7f180e59c700 1 -- 172.21.15.33:0/3101408588 --> [v2:172.21.15.33:3300/0,v1:172.21.15.33:6789/0] -- mon_subscribe({config=0+,monmap=0+}) v3 -- 0x7f1808009b30 con 0x7f1810105b10
2024-03-28T14:48:43.322 INFO:teuthology.orchestra.run.smithi033.stdout:/usr/bin/ceph: stderr
2024-03-28T14:48:42.543+0000 7f180e59c700 1 --2- 172.21.15.33:0/3101408588 >> [v2:172.21.15.33:3300/0,v1:172.21.15.33:6789/0] conn(0x7f1810105b10 0x7f18101997f0 secure :-1 s=READY pgs=19 cs=0 l=1 rev1=1 crypto rx=0x7f180800b7b0 tx=0x7f1808004430 comp rx=0 tx=0).ready entity=mon.0 client_cookie=0 server_cookie=0 in_seq=0 out_seq=0
2024-03-28T14:48:43.322 INFO:teuthology.orchestra.run.smithi033.stdout:/usr/bin/ceph: stderr
2024-03-28T14:48:42.543+0000 7f18077fe700 1 -- 172.21.15.33:0/3101408588 <== mon.0 v2:172.21.15.33:3300/0 1 ==== mon_map magic: 0 v1 ==== 229+0+0 (secure 0 0 0) 0x7f180800e040 con 0x7f1810105b10
2024-03-28T14:48:43.322 INFO:teuthology.orchestra.run.smithi033.stdout:/usr/bin/ceph: stderr
2024-03-28T14:48:42.543+0000 7f18077fe700 1 -- 172.21.15.33:0/3101408588 <== mon.0 v2:172.21.15.33:3300/0 2 ==== config(27 keys) v1 ==== 1037+0+0 (secure 0 0 0) 0x7f1808003c70 con 0x7f1810105b10
2024-03-28T14:48:43.322 INFO:teuthology.orchestra.run.smithi033.stdout:/usr/bin/ceph: stderr
2024-03-28T14:48:42.543+0000 7f1814b5a700 1 -- 172.21.15.33:0/3101408588 --> [v2:172.21.15.33:3300/0,v1:172.21.15.33:6789/0] -- mon_subscribe({mgrmap=0+}) v3 -- 0x7f1810199f30 con 0x7f1810105b10
2024-03-28T14:48:43.322 INFO:teuthology.orchestra.run.smithi033.stdout:/usr/bin/ceph: stderr
2024-03-28T14:48:42.543+0000 7f18077fe700 1 -- 172.21.15.33:0/3101408588 <== mon.0 v2:172.21.15.33:3300/0 3 ==== mon_map magic: 0 v1 ==== 229+0+0 (secure 0 0 0) 0x7f180801b760 con 0x7f1810105b10
2024-03-28T14:48:43.322 INFO:teuthology.orchestra.run.smithi033.stdout:/usr/bin/ceph: stderr
2024-03-28T14:48:42.543+0000 7f1814b5a700 1 -- 172.21.15.33:0/3101408588 --> [v2:172.21.15.33:3300/0,v1:172.21.15.33:6789/0] -- mon_subscribe({osdmap=0}) v3 -- 0x7f181019a3b0 con 0x7f1810105b10
2024-03-28T14:48:43.322 INFO:teuthology.orchestra.run.smithi033.stdout:/usr/bin/ceph: stderr
2024-03-28T14:48:42.544+0000 7f18077fe700 1 -- 172.21.15.33:0/3101408588 <== mon.0 v2:172.21.15.33:3300/0 4 ==== mgrmap(e 4) v1 ==== 45073+0+0 (secure 0 0 0) 0x7f1808019040 con 0x7f1810105b10
2024-03-28T14:48:43.322 INFO:teuthology.orchestra.run.smithi033.stdout:/usr/bin/ceph: stderr
2024-03-28T14:48:42.544+0000 7f1814b5a700 1 -- 172.21.15.33:0/3101408588 --> [v2:172.21.15.33:3300/0,v1:172.21.15.33:6789/0] -- mon_command({"prefix": "get_command_descriptions"} v 0) v1 -- 0x7f1810062380 con 0x7f1810105b10
2024-03-28T14:48:43.322 INFO:teuthology.orchestra.run.smithi033.stdout:/usr/bin/ceph: stderr
2024-03-28T14:48:42.544+0000 7f18077fe700 1 --2- 172.21.15.33:0/3101408588 >> [v2:172.21.15.33:6800/2581563389,v1:172.21.15.33:6801/2581563389] conn(0x7f17fc038360 0x7f17fc03a810 unknown :-1 s=NONE pgs=0 cs=0 l=1 rev1=0 crypto rx=0 tx=0 comp rx=0 tx=0).connect
2024-03-28T14:48:43.322 INFO:teuthology.orchestra.run.smithi033.stdout:/usr/bin/ceph: stderr
2024-03-28T14:48:42.544+0000 7f18077fe700 1 -- 172.21.15.33:0/3101408588 <== mon.0 v2:172.21.15.33:3300/0 5 ==== osd_map(1..1 src has 1..1) v4 ==== 725+0+0 (secure 0 0 0) 0x7f180804bf20 con 0x7f1810105b10
2024-03-28T14:48:43.322 INFO:teuthology.orchestra.run.smithi033.stdout:/usr/bin/ceph: stderr
2024-03-28T14:48:42.544+0000 7f180dd9b700 1 --2- 172.21.15.33:0/3101408588 >> [v2:172.21.15.33:6800/2581563389,v1:172.21.15.33:6801/2581563389] conn(0x7f17fc038360 0x7f17fc03a810 unknown :-1 s=BANNER_CONNECTING pgs=0 cs=0 l=1 rev1=0 crypto rx=0 tx=0 comp rx=0 tx=0)._handle_peer_banner_payload supported=3 required=0
2024-03-28T14:48:43.322 INFO:teuthology.orchestra.run.smithi033.stdout:/usr/bin/ceph: stderr
2024-03-28T14:48:42.545+0000 7f180dd9b700 1 --2- 172.21.15.33:0/3101408588 >> [v2:172.21.15.33:6800/2581563389,v1:172.21.15.33:6801/2581563389] conn(0x7f17fc038360 0x7f17fc03a810 secure :-1 s=READY pgs=6 cs=0 l=1 rev1=1 crypto rx=0x7f17f8006fd0 tx=0x7f17f8006e40 comp rx=0 tx=0).ready entity=mgr.14100 client_cookie=0 server_cookie=0 in_seq=0 out_seq=0
2024-03-28T14:48:43.323 INFO:teuthology.orchestra.run.smithi033.stdout:/usr/bin/ceph: stderr
2024-03-28T14:48:42.549+0000 7f18077fe700 1 -- 172.21.15.33:0/3101408588 <== mon.0 v2:172.21.15.33:3300/0 6 ==== mon_command_ack([{"prefix": "get_command_descriptions"}]=0 v0) v1 ==== 72+0+177933 (secure 0 0 0) 0x7f1808011980 con 0x7f1810105b10
2024-03-28T14:48:43.323 INFO:teuthology.orchestra.run.smithi033.stdout:/usr/bin/ceph: stderr
2024-03-28T14:48:42.834+0000 7f1814b5a700 1 -- 172.21.15.33:0/3101408588 --> [v2:172.21.15.33:3300/0,v1:172.21.15.33:6789/0] -- mon_command({"prefix": "status", "format": "json-pretty"} v 0) v1 -- 0x7f181019d1b0 con 0x7f1810105b10
2024-03-28T14:48:43.323 INFO:teuthology.orchestra.run.smithi033.stdout:/usr/bin/ceph: stderr
2024-03-28T14:48:42.834+0000 7f18077fe700 1 -- 172.21.15.33:0/3101408588 <== mon.0 v2:172.21.15.33:3300/0 7 ==== mon_command_ack([{"prefix": "status", "format": "json-pretty"}]=0 v0) v1 ==== 79+0+1246 (secure 0 0 0) 0x7f1808011390 con 0x7f1810105b10
2024-03-28T14:48:43.323 INFO:teuthology.orchestra.run.smithi033.stdout:/usr/bin/ceph: stderr
2024-03-28T14:48:42.837+0000 7f1814b5a700 1 -- 172.21.15.33:0/3101408588 >> [v2:172.21.15.33:6800/2581563389,v1:172.21.15.33:6801/2581563389] conn(0x7f17fc038360 msgr2=0x7f17fc03a810 secure :-1 s=STATE_CONNECTION_ESTABLISHED l=1).mark_down
2024-03-28T14:48:43.323 INFO:teuthology.orchestra.run.smithi033.stdout:/usr/bin/ceph: stderr
2024-03-28T14:48:42.837+0000 7f1814b5a700 1 --2- 172.21.15.33:0/3101408588 >> [v2:172.21.15.33:6800/2581563389,v1:172.21.15.33:6801/2581563389] conn(0x7f17fc038360 0x7f17fc03a810 secure :-1 s=READY pgs=6 cs=0 l=1 rev1=1 crypto rx=0x7f17f8006fd0 tx=0x7f17f8006e40 comp rx=0 tx=0).stop
2024-03-28T14:48:43.323 INFO:teuthology.orchestra.run.smithi033.stdout:/usr/bin/ceph: stderr
2024-03-28T14:48:42.837+0000 7f1814b5a700 1 -- 172.21.15.33:0/3101408588 >> [v2:172.21.15.33:3300/0,v1:172.21.15.33:6789/0] conn(0x7f1810105b10 msgr2=0x7f18101997f0 secure :-1 s=STATE_CONNECTION_ESTABLISHED l=1).mark_down
2024-03-28T14:48:43.323 INFO:teuthology.orchestra.run.smithi033.stdout:/usr/bin/ceph: stderr
2024-03-28T14:48:42.837+0000 7f1814b5a700 1 --2- 172.21.15.33:0/3101408588 >> [v2:172.21.15.33:3300/0,v1:172.21.15.33:6789/0] conn(0x7f1810105b10 0x7f18101997f0 secure :-1 s=READY pgs=19 cs=0 l=1 rev1=1 crypto rx=0x7f180800b7b0 tx=0x7f1808004430 comp rx=0 tx=0).stop
2024-03-28T14:48:43.323 INFO:teuthology.orchestra.run.smithi033.stdout:/usr/bin/ceph: stderr
2024-03-28T14:48:42.837+0000 7f1814b5a700 1 -- 172.21.15.33:0/3101408588 shutdown_connections
2024-03-28T14:48:43.323 INFO:teuthology.orchestra.run.smithi033.stdout:/usr/bin/ceph: stderr
2024-03-28T14:48:42.837+0000 7f1814b5a700 1 --2- 172.21.15.33:0/3101408588 >> [v2:172.21.15.33:6800/2581563389,v1:172.21.15.33:6801/2581563389] conn(0x7f17fc038360 0x7f17fc03a810 unknown :-1 s=CLOSED pgs=6 cs=0 l=1 rev1=1 crypto rx=0 tx=0 comp rx=0 tx=0).stop
2024-03-28T14:48:43.323 INFO:teuthology.orchestra.run.smithi033.stdout:/usr/bin/ceph: stderr
2024-03-28T14:48:42.837+0000 7f1814b5a700 1 --2- 172.21.15.33:0/3101408588 >> [v2:172.21.15.33:3300/0,v1:172.21.15.33:6789/0] conn(0x7f1810105b10 0x7f18101997f0 unknown :-1 s=CLOSED pgs=19 cs=0 l=1 rev1=1 crypto rx=0 tx=0 comp rx=0 tx=0).stop
2024-03-28T14:48:43.323 INFO:teuthology.orchestra.run.smithi033.stdout:/usr/bin/ceph: stderr
2024-03-28T14:48:42.837+0000 7f1814b5a700 1 -- 172.21.15.33:0/3101408588 >> 172.21.15.33:0/3101408588 conn(0x7f1810101180 msgr2=0x7f1810101ec0 unknown :-1 s=STATE_NONE l=0).mark_down
2024-03-28T14:48:43.323 INFO:teuthology.orchestra.run.smithi033.stdout:/usr/bin/ceph: stderr
2024-03-28T14:48:42.837+0000 7f1814b5a700 1 -- 172.21.15.33:0/3101408588 shutdown_connections
2024-03-28T14:48:43.323 INFO:teuthology.orchestra.run.smithi033.stdout:/usr/bin/ceph: stderr
2024-03-28T14:48:42.837+0000 7f1814b5a700 1 -- 172.21.15.33:0/3101408588 wait complete.
2024-03-28T14:48:43.323 INFO:teuthology.orchestra.run.smithi033.stdout:mgr is available
2024-03-28T14:48:43.588 INFO:journalctl@ceph.mon.smithi033.smithi033.stdout:Mar 28 14:48:43 smithi033 ceph-mon[29179]: from='client.? 172.21.15.33:0/3101408588' entity='client.admin' cmd=[{"prefix": "status", "format": "json-pretty"}]: dispatch
2024-03-28T14:48:44.494 INFO:teuthology.orchestra.run.smithi033.stdout:/usr/bin/ceph: stdout
2024-03-28T14:48:44.494 INFO:teuthology.orchestra.run.smithi033.stdout:/usr/bin/ceph: stdout [global]
2024-03-28T14:48:44.494 INFO:teuthology.orchestra.run.smithi033.stdout:/usr/bin/ceph: stdout fsid = 24085368-ed12-11ee-95d0-87774f69a715
2024-03-28T14:48:44.494 INFO:teuthology.orchestra.run.smithi033.stdout:/usr/bin/ceph: stdout mon_osd_allow_pg_remap = true
2024-03-28T14:48:44.494 INFO:teuthology.orchestra.run.smithi033.stdout:/usr/bin/ceph: stdout mon_osd_allow_primary_affinity = true
2024-03-28T14:48:44.494 INFO:teuthology.orchestra.run.smithi033.stdout:/usr/bin/ceph: stdout mon_warn_on_no_sortbitwise = false
2024-03-28T14:48:44.494 INFO:teuthology.orchestra.run.smithi033.stdout:/usr/bin/ceph: stdout osd_crush_chooseleaf_type = 0
2024-03-28T14:48:44.494 INFO:teuthology.orchestra.run.smithi033.stdout:/usr/bin/ceph: stdout
2024-03-28T14:48:44.494 INFO:teuthology.orchestra.run.smithi033.stdout:/usr/bin/ceph: stdout [mgr]
2024-03-28T14:48:44.494 INFO:teuthology.orchestra.run.smithi033.stdout:/usr/bin/ceph: stdout mgr/telemetry/nag = false
2024-03-28T14:48:44.494 INFO:teuthology.orchestra.run.smithi033.stdout:/usr/bin/ceph: stdout
2024-03-28T14:48:44.495 INFO:teuthology.orchestra.run.smithi033.stdout:/usr/bin/ceph: stdout [osd]
2024-03-28T14:48:44.495 INFO:teuthology.orchestra.run.smithi033.stdout:/usr/bin/ceph: stdout mon_osd_backfillfull_ratio = 0.85
2024-03-28T14:48:44.495 INFO:teuthology.orchestra.run.smithi033.stdout:/usr/bin/ceph: stdout mon_osd_full_ratio = 0.9
2024-03-28T14:48:44.495 INFO:teuthology.orchestra.run.smithi033.stdout:/usr/bin/ceph: stdout mon_osd_nearfull_ratio = 0.8
2024-03-28T14:48:44.495 INFO:teuthology.orchestra.run.smithi033.stdout:/usr/bin/ceph: stdout osd_map_max_advance = 10
2024-03-28T14:48:44.495 INFO:teuthology.orchestra.run.smithi033.stdout:/usr/bin/ceph: stdout osd_sloppy_crc = true
2024-03-28T14:48:44.495 INFO:teuthology.orchestra.run.smithi033.stdout:/usr/bin/ceph: stderr
2024-03-28T14:48:43.689+0000 7f6a7423e700 1 Processor -- start
2024-03-28T14:48:44.495 INFO:teuthology.orchestra.run.smithi033.stdout:/usr/bin/ceph: stderr
2024-03-28T14:48:43.689+0000 7f6a7423e700 1 -- start start
2024-03-28T14:48:44.495 INFO:teuthology.orchestra.run.smithi033.stdout:/usr/bin/ceph: stderr
2024-03-28T14:48:43.689+0000 7f6a7423e700 1 --2- >> [v2:172.21.15.33:3300/0,v1:172.21.15.33:6789/0] conn(0x7f6a6c106680 0x7f6a6c108a60 unknown :-1 s=NONE pgs=0 cs=0 l=0 rev1=0 crypto rx=0 tx=0 comp rx=0 tx=0).connect
2024-03-28T14:48:44.495 INFO:teuthology.orchestra.run.smithi033.stdout:/usr/bin/ceph: stderr
2024-03-28T14:48:43.689+0000 7f6a7423e700 1 -- --> [v2:172.21.15.33:3300/0,v1:172.21.15.33:6789/0] -- mon_getmap magic: 0 v1 -- 0x7f6a6c079d10 con 0x7f6a6c106680
2024-03-28T14:48:44.495 INFO:teuthology.orchestra.run.smithi033.stdout:/usr/bin/ceph: stderr
2024-03-28T14:48:43.689+0000 7f6a71fda700 1 --2- >> [v2:172.21.15.33:3300/0,v1:172.21.15.33:6789/0] conn(0x7f6a6c106680 0x7f6a6c108a60 unknown :-1 s=BANNER_CONNECTING pgs=0 cs=0 l=0 rev1=0 crypto rx=0 tx=0 comp rx=0 tx=0)._handle_peer_banner_payload supported=3 required=0
2024-03-28T14:48:44.495 INFO:teuthology.orchestra.run.smithi033.stdout:/usr/bin/ceph: stderr
2024-03-28T14:48:43.689+0000 7f6a71fda700 1 --2- >> [v2:172.21.15.33:3300/0,v1:172.21.15.33:6789/0] conn(0x7f6a6c106680 0x7f6a6c108a60 unknown :-1 s=HELLO_CONNECTING pgs=0 cs=0 l=0 rev1=1 crypto rx=0 tx=0 comp rx=0 tx=0).handle_hello peer v2:172.21.15.33:3300/0 says I am v2:172.21.15.33:54998/0 (socket says 172.21.15.33:54998)
2024-03-28T14:48:44.495 INFO:teuthology.orchestra.run.smithi033.stdout:/usr/bin/ceph: stderr
2024-03-28T14:48:43.689+0000 7f6a71fda700 1 -- 172.21.15.33:0/257792091 learned_addr learned my addr 172.21.15.33:0/257792091 (peer_addr_for_me v2:172.21.15.33:0/0)
2024-03-28T14:48:44.496 INFO:teuthology.orchestra.run.smithi033.stdout:/usr/bin/ceph: stderr
2024-03-28T14:48:43.690+0000 7f6a71fda700 1 -- 172.21.15.33:0/257792091 --> [v2:172.21.15.33:3300/0,v1:172.21.15.33:6789/0] -- mon_subscribe({config=0+,monmap=0+}) v3 -- 0x7f6a6c079e50 con 0x7f6a6c106680
2024-03-28T14:48:44.496 INFO:teuthology.orchestra.run.smithi033.stdout:/usr/bin/ceph: stderr
2024-03-28T14:48:43.690+0000 7f6a71fda700 1 --2- 172.21.15.33:0/257792091 >> [v2:172.21.15.33:3300/0,v1:172.21.15.33:6789/0] conn(0x7f6a6c106680 0x7f6a6c108a60 secure :-1 s=READY pgs=20 cs=0 l=1 rev1=1 crypto rx=0x7f6a680098a0 tx=0x7f6a68009bb0 comp rx=0 tx=0).ready entity=mon.0 client_cookie=e9d9a43977f6a721 server_cookie=0 in_seq=0 out_seq=0
2024-03-28T14:48:44.496 INFO:teuthology.orchestra.run.smithi033.stdout:/usr/bin/ceph: stderr
2024-03-28T14:48:43.690+0000 7f6a70fd8700 1 -- 172.21.15.33:0/257792091 <== mon.0 v2:172.21.15.33:3300/0 1 ==== mon_map magic: 0 v1 ==== 229+0+0 (secure 0 0 0) 0x7f6a68004180 con 0x7f6a6c106680
2024-03-28T14:48:44.496 INFO:teuthology.orchestra.run.smithi033.stdout:/usr/bin/ceph: stderr
2024-03-28T14:48:43.690+0000 7f6a70fd8700 1 -- 172.21.15.33:0/257792091 <== mon.0 v2:172.21.15.33:3300/0 2 ==== config(27 keys) v1 ==== 1037+0+0 (secure 0 0 0) 0x7f6a680042e0 con 0x7f6a6c106680
2024-03-28T14:48:44.496 INFO:teuthology.orchestra.run.smithi033.stdout:/usr/bin/ceph: stderr
2024-03-28T14:48:43.690+0000 7f6a70fd8700 1 -- 172.21.15.33:0/257792091 <== mon.0 v2:172.21.15.33:3300/0 3 ==== mon_map magic: 0 v1 ==== 229+0+0 (secure 0 0 0) 0x7f6a68011a50 con 0x7f6a6c106680
2024-03-28T14:48:44.496 INFO:teuthology.orchestra.run.smithi033.stdout:/usr/bin/ceph: stderr
2024-03-28T14:48:43.691+0000 7f6a7423e700 1 -- 172.21.15.33:0/257792091 >> [v2:172.21.15.33:3300/0,v1:172.21.15.33:6789/0] conn(0x7f6a6c106680 msgr2=0x7f6a6c108a60 secure :-1 s=STATE_CONNECTION_ESTABLISHED l=1).mark_down
2024-03-28T14:48:44.496 INFO:teuthology.orchestra.run.smithi033.stdout:/usr/bin/ceph: stderr
2024-03-28T14:48:43.691+0000 7f6a7423e700 1 --2- 172.21.15.33:0/257792091 >> [v2:172.21.15.33:3300/0,v1:172.21.15.33:6789/0] conn(0x7f6a6c106680 0x7f6a6c108a60 secure :-1 s=READY pgs=20 cs=0 l=1 rev1=1 crypto rx=0x7f6a680098a0 tx=0x7f6a68009bb0 comp rx=0 tx=0).stop
2024-03-28T14:48:44.496 INFO:teuthology.orchestra.run.smithi033.stdout:/usr/bin/ceph: stderr
2024-03-28T14:48:43.691+0000 7f6a7423e700 1 -- 172.21.15.33:0/257792091 shutdown_connections
2024-03-28T14:48:44.496 INFO:teuthology.orchestra.run.smithi033.stdout:/usr/bin/ceph: stderr
2024-03-28T14:48:43.691+0000 7f6a7423e700 1 --2- 172.21.15.33:0/257792091 >> [v2:172.21.15.33:3300/0,v1:172.21.15.33:6789/0] conn(0x7f6a6c106680 0x7f6a6c108a60 unknown :-1 s=CLOSED pgs=20 cs=0 l=1 rev1=1 crypto rx=0 tx=0 comp rx=0 tx=0).stop
2024-03-28T14:48:44.496 INFO:teuthology.orchestra.run.smithi033.stdout:/usr/bin/ceph: stderr
2024-03-28T14:48:43.691+0000 7f6a7423e700 1 -- 172.21.15.33:0/257792091 >> 172.21.15.33:0/257792091 conn(0x7f6a6c100060 msgr2=0x7f6a6c102490 unknown :-1 s=STATE_NONE l=0).mark_down
2024-03-28T14:48:44.496 INFO:teuthology.orchestra.run.smithi033.stdout:/usr/bin/ceph: stderr
2024-03-28T14:48:43.691+0000 7f6a7423e700 1 -- 172.21.15.33:0/257792091 shutdown_connections
2024-03-28T14:48:44.496 INFO:teuthology.orchestra.run.smithi033.stdout:/usr/bin/ceph: stderr
2024-03-28T14:48:43.691+0000 7f6a7423e700 1 -- 172.21.15.33:0/257792091 wait complete.
2024-03-28T14:48:44.496 INFO:teuthology.orchestra.run.smithi033.stdout:/usr/bin/ceph: stderr
2024-03-28T14:48:43.691+0000 7f6a7423e700 1 Processor -- start
2024-03-28T14:48:44.497 INFO:teuthology.orchestra.run.smithi033.stdout:/usr/bin/ceph: stderr
2024-03-28T14:48:43.691+0000 7f6a7423e700 1 -- start start
2024-03-28T14:48:44.497 INFO:teuthology.orchestra.run.smithi033.stdout:/usr/bin/ceph: stderr
2024-03-28T14:48:43.692+0000 7f6a7423e700 1 --2- >> [v2:172.21.15.33:3300/0,v1:172.21.15.33:6789/0] conn(0x7f6a6c106680 0x7f6a6c199850 unknown :-1 s=NONE pgs=0 cs=0 l=1 rev1=0 crypto rx=0 tx=0 comp rx=0 tx=0).connect
2024-03-28T14:48:44.497 INFO:teuthology.orchestra.run.smithi033.stdout:/usr/bin/ceph: stderr
2024-03-28T14:48:43.692+0000 7f6a7423e700 1 -- --> [v2:172.21.15.33:3300/0,v1:172.21.15.33:6789/0] -- mon_getmap magic: 0 v1 -- 0x7f6a6c199d90 con 0x7f6a6c106680
2024-03-28T14:48:44.497 INFO:teuthology.orchestra.run.smithi033.stdout:/usr/bin/ceph: stderr
2024-03-28T14:48:43.692+0000 7f6a71fda700 1 --2- >> [v2:172.21.15.33:3300/0,v1:172.21.15.33:6789/0] conn(0x7f6a6c106680 0x7f6a6c199850 unknown :-1 s=BANNER_CONNECTING pgs=0 cs=0 l=1 rev1=0 crypto rx=0 tx=0 comp rx=0 tx=0)._handle_peer_banner_payload supported=3 required=0
2024-03-28T14:48:44.497 INFO:teuthology.orchestra.run.smithi033.stdout:/usr/bin/ceph: stderr
2024-03-28T14:48:43.692+0000 7f6a71fda700 1 --2- >> [v2:172.21.15.33:3300/0,v1:172.21.15.33:6789/0] conn(0x7f6a6c106680 0x7f6a6c199850 unknown :-1 s=HELLO_CONNECTING pgs=0 cs=0 l=1 rev1=1 crypto rx=0 tx=0 comp rx=0 tx=0).handle_hello peer v2:172.21.15.33:3300/0 says I am v2:172.21.15.33:55004/0 (socket says 172.21.15.33:55004)
2024-03-28T14:48:44.497 INFO:teuthology.orchestra.run.smithi033.stdout:/usr/bin/ceph: stderr
2024-03-28T14:48:43.692+0000 7f6a71fda700 1 -- 172.21.15.33:0/3056584571 learned_addr learned my addr 172.21.15.33:0/3056584571 (peer_addr_for_me v2:172.21.15.33:0/0)
2024-03-28T14:48:44.497 INFO:teuthology.orchestra.run.smithi033.stdout:/usr/bin/ceph: stderr
2024-03-28T14:48:43.692+0000 7f6a71fda700 1 -- 172.21.15.33:0/3056584571 --> [v2:172.21.15.33:3300/0,v1:172.21.15.33:6789/0] -- mon_subscribe({config=0+,monmap=0+}) v3 -- 0x7f6a68009550 con 0x7f6a6c106680
2024-03-28T14:48:44.497 INFO:teuthology.orchestra.run.smithi033.stdout:/usr/bin/ceph: stderr
2024-03-28T14:48:43.692+0000 7f6a71fda700 1 --2- 172.21.15.33:0/3056584571 >> [v2:172.21.15.33:3300/0,v1:172.21.15.33:6789/0] conn(0x7f6a6c106680 0x7f6a6c199850 secure :-1 s=READY pgs=21 cs=0 l=1 rev1=1 crypto rx=0x7f6a68006af0 tx=0x7f6a68011a90 comp rx=0 tx=0).ready entity=mon.0 client_cookie=0 server_cookie=0 in_seq=0 out_seq=0
2024-03-28T14:48:44.497 INFO:teuthology.orchestra.run.smithi033.stdout:/usr/bin/ceph: stderr
2024-03-28T14:48:43.692+0000 7f6a62ffd700 1 -- 172.21.15.33:0/3056584571 <== mon.0 v2:172.21.15.33:3300/0 1 ==== mon_map magic: 0 v1 ==== 229+0+0 (secure 0 0 0) 0x7f6a68003b90 con 0x7f6a6c106680
2024-03-28T14:48:44.497 INFO:teuthology.orchestra.run.smithi033.stdout:/usr/bin/ceph: stderr
2024-03-28T14:48:43.692+0000 7f6a62ffd700 1 -- 172.21.15.33:0/3056584571 <== mon.0 v2:172.21.15.33:3300/0 2 ==== config(27 keys) v1 ==== 1037+0+0 (secure 0 0 0) 0x7f6a6801a8a0 con 0x7f6a6c106680
2024-03-28T14:48:44.497 INFO:teuthology.orchestra.run.smithi033.stdout:/usr/bin/ceph: stderr
2024-03-28T14:48:43.692+0000 7f6a62ffd700 1 -- 172.21.15.33:0/3056584571 <== mon.0 v2:172.21.15.33:3300/0 3 ==== mon_map magic: 0 v1 ==== 229+0+0 (secure 0 0 0) 0x7f6a68019880 con 0x7f6a6c106680
2024-03-28T14:48:44.497 INFO:teuthology.orchestra.run.smithi033.stdout:/usr/bin/ceph: stderr
2024-03-28T14:48:43.692+0000 7f6a7423e700 1 -- 172.21.15.33:0/3056584571 --> [v2:172.21.15.33:3300/0,v1:172.21.15.33:6789/0] -- mon_subscribe({mgrmap=0+}) v3 -- 0x7f6a6c199f90 con 0x7f6a6c106680
2024-03-28T14:48:44.497 INFO:teuthology.orchestra.run.smithi033.stdout:/usr/bin/ceph: stderr
2024-03-28T14:48:43.692+0000 7f6a7423e700 1 -- 172.21.15.33:0/3056584571 --> [v2:172.21.15.33:3300/0,v1:172.21.15.33:6789/0] -- mon_subscribe({osdmap=0}) v3 -- 0x7f6a6c19a3b0 con 0x7f6a6c106680
2024-03-28T14:48:44.497 INFO:teuthology.orchestra.run.smithi033.stdout:/usr/bin/ceph: stderr
2024-03-28T14:48:43.693+0000 7f6a62ffd700 1 -- 172.21.15.33:0/3056584571 <== mon.0 v2:172.21.15.33:3300/0 4 ==== mgrmap(e 4) v1 ==== 45073+0+0 (secure 0 0 0) 0x7f6a6801aa10 con 0x7f6a6c106680
2024-03-28T14:48:44.498 INFO:teuthology.orchestra.run.smithi033.stdout:/usr/bin/ceph: stderr
2024-03-28T14:48:43.693+0000 7f6a62ffd700 1 --2- 172.21.15.33:0/3056584571 >> [v2:172.21.15.33:6800/2581563389,v1:172.21.15.33:6801/2581563389] conn(0x7f6a58038360 0x7f6a5803a810 unknown :-1 s=NONE pgs=0 cs=0 l=1 rev1=0 crypto rx=0 tx=0 comp rx=0 tx=0).connect
2024-03-28T14:48:44.498 INFO:teuthology.orchestra.run.smithi033.stdout:/usr/bin/ceph: stderr
2024-03-28T14:48:43.693+0000 7f6a7423e700 1 -- 172.21.15.33:0/3056584571 --> [v2:172.21.15.33:3300/0,v1:172.21.15.33:6789/0] -- mon_command({"prefix": "get_command_descriptions"} v 0) v1 -- 0x7f6a6c062380 con 0x7f6a6c106680
2024-03-28T14:48:44.498 INFO:teuthology.orchestra.run.smithi033.stdout:/usr/bin/ceph: stderr
2024-03-28T14:48:43.693+0000 7f6a62ffd700 1 -- 172.21.15.33:0/3056584571 <== mon.0 v2:172.21.15.33:3300/0 5 ==== osd_map(1..1 src has 1..1) v4 ==== 725+0+0 (secure 0 0 0) 0x7f6a6804c680 con 0x7f6a6c106680
2024-03-28T14:48:44.498 INFO:teuthology.orchestra.run.smithi033.stdout:/usr/bin/ceph: stderr
2024-03-28T14:48:43.693+0000 7f6a717d9700 1 --2- 172.21.15.33:0/3056584571 >> [v2:172.21.15.33:6800/2581563389,v1:172.21.15.33:6801/2581563389] conn(0x7f6a58038360 0x7f6a5803a810 unknown :-1 s=BANNER_CONNECTING pgs=0 cs=0 l=1 rev1=0 crypto rx=0 tx=0 comp rx=0 tx=0)._handle_peer_banner_payload supported=3 required=0
2024-03-28T14:48:44.498 INFO:teuthology.orchestra.run.smithi033.stdout:/usr/bin/ceph: stderr
2024-03-28T14:48:43.694+0000 7f6a717d9700 1 --2- 172.21.15.33:0/3056584571 >> [v2:172.21.15.33:6800/2581563389,v1:172.21.15.33:6801/2581563389] conn(0x7f6a58038360 0x7f6a5803a810 secure :-1 s=READY pgs=7 cs=0 l=1 rev1=1 crypto rx=0x7f6a5c006fd0 tx=0x7f6a5c006e40 comp rx=0 tx=0).ready entity=mgr.14100 client_cookie=0 server_cookie=0 in_seq=0 out_seq=0
2024-03-28T14:48:44.498 INFO:teuthology.orchestra.run.smithi033.stdout:/usr/bin/ceph: stderr
2024-03-28T14:48:43.698+0000 7f6a62ffd700 1 -- 172.21.15.33:0/3056584571 <== mon.0 v2:172.21.15.33:3300/0 6 ==== mon_command_ack([{"prefix": "get_command_descriptions"}]=0 v0) v1 ==== 72+0+177933 (secure 0 0 0) 0x7f6a6801a430 con 0x7f6a6c106680
2024-03-28T14:48:44.498 INFO:teuthology.orchestra.run.smithi033.stdout:/usr/bin/ceph: stderr
2024-03-28T14:48:43.897+0000 7f6a7423e700 1 -- 172.21.15.33:0/3056584571 --> [v2:172.21.15.33:3300/0,v1:172.21.15.33:6789/0] -- mon_command({"prefix": "config assimilate-conf"} v 0) v1 -- 0x7f6a6c19d2a0 con 0x7f6a6c106680
2024-03-28T14:48:44.498 INFO:teuthology.orchestra.run.smithi033.stdout:/usr/bin/ceph: stderr
2024-03-28T14:48:43.898+0000 7f6a62ffd700 1 -- 172.21.15.33:0/3056584571 <== mon.0 v2:172.21.15.33:3300/0 7 ==== mon_command_ack([{"prefix": "config assimilate-conf"}]=0 v3) v1 ==== 70+0+373 (secure 0 0 0) 0x7f6a68018350 con 0x7f6a6c106680
2024-03-28T14:48:44.498 INFO:teuthology.orchestra.run.smithi033.stdout:/usr/bin/ceph: stderr
2024-03-28T14:48:43.900+0000 7f6a7423e700 1 -- 172.21.15.33:0/3056584571 >> [v2:172.21.15.33:6800/2581563389,v1:172.21.15.33:6801/2581563389] conn(0x7f6a58038360 msgr2=0x7f6a5803a810 secure :-1 s=STATE_CONNECTION_ESTABLISHED l=1).mark_down
2024-03-28T14:48:44.498 INFO:teuthology.orchestra.run.smithi033.stdout:/usr/bin/ceph: stderr
2024-03-28T14:48:43.900+0000 7f6a7423e700 1 --2- 172.21.15.33:0/3056584571 >> [v2:172.21.15.33:6800/2581563389,v1:172.21.15.33:6801/2581563389] conn(0x7f6a58038360 0x7f6a5803a810 secure :-1 s=READY pgs=7 cs=0 l=1 rev1=1 crypto rx=0x7f6a5c006fd0 tx=0x7f6a5c006e40 comp rx=0 tx=0).stop
2024-03-28T14:48:44.498 INFO:teuthology.orchestra.run.smithi033.stdout:/usr/bin/ceph: stderr
2024-03-28T14:48:43.900+0000 7f6a7423e700 1 -- 172.21.15.33:0/3056584571 >> [v2:172.21.15.33:3300/0,v1:172.21.15.33:6789/0] conn(0x7f6a6c106680 msgr2=0x7f6a6c199850 secure :-1 s=STATE_CONNECTION_ESTABLISHED l=1).mark_down
2024-03-28T14:48:44.498 INFO:teuthology.orchestra.run.smithi033.stdout:/usr/bin/ceph: stderr
2024-03-28T14:48:43.900+0000 7f6a7423e700 1 --2- 172.21.15.33:0/3056584571 >> [v2:172.21.15.33:3300/0,v1:172.21.15.33:6789/0] conn(0x7f6a6c106680 0x7f6a6c199850 secure :-1 s=READY pgs=21 cs=0 l=1 rev1=1 crypto rx=0x7f6a68006af0 tx=0x7f6a68011a90 comp rx=0 tx=0).stop
2024-03-28T14:48:44.499 INFO:teuthology.orchestra.run.smithi033.stdout:/usr/bin/ceph: stderr
2024-03-28T14:48:43.900+0000 7f6a7423e700 1 -- 172.21.15.33:0/3056584571 shutdown_connections
2024-03-28T14:48:44.499 INFO:teuthology.orchestra.run.smithi033.stdout:/usr/bin/ceph: stderr
