2024-03-28T14:49:11.551+0000 7fa6175e9700 1 -- start start
2024-03-28T14:49:12.407 INFO:teuthology.orchestra.run.smithi033.stdout:/usr/bin/ceph: stderr
2024-03-28T14:49:11.552+0000 7fa6175e9700 1 --2- >> [v2:172.21.15.33:3300/0,v1:172.21.15.33:6789/0] conn(0x7fa61007bdd0 0x7fa61019ba90 unknown :-1 s=NONE pgs=0 cs=0 l=1 rev1=0 crypto rx=0 tx=0 comp rx=0 tx=0).connect
2024-03-28T14:49:12.407 INFO:teuthology.orchestra.run.smithi033.stdout:/usr/bin/ceph: stderr
2024-03-28T14:49:11.552+0000 7fa6175e9700 1 -- --> [v2:172.21.15.33:3300/0,v1:172.21.15.33:6789/0] -- mon_getmap magic: 0 v1 -- 0x7fa61019bfd0 con 0x7fa61007bdd0
2024-03-28T14:49:12.407 INFO:teuthology.orchestra.run.smithi033.stdout:/usr/bin/ceph: stderr
2024-03-28T14:49:11.552+0000 7fa615385700 1 --2- >> [v2:172.21.15.33:3300/0,v1:172.21.15.33:6789/0] conn(0x7fa61007bdd0 0x7fa61019ba90 unknown :-1 s=BANNER_CONNECTING pgs=0 cs=0 l=1 rev1=0 crypto rx=0 tx=0 comp rx=0 tx=0)._handle_peer_banner_payload supported=3 required=0
2024-03-28T14:49:12.407 INFO:teuthology.orchestra.run.smithi033.stdout:/usr/bin/ceph: stderr
2024-03-28T14:49:11.552+0000 7fa615385700 1 --2- >> [v2:172.21.15.33:3300/0,v1:172.21.15.33:6789/0] conn(0x7fa61007bdd0 0x7fa61019ba90 unknown :-1 s=HELLO_CONNECTING pgs=0 cs=0 l=1 rev1=1 crypto rx=0 tx=0 comp rx=0 tx=0).handle_hello peer v2:172.21.15.33:3300/0 says I am v2:172.21.15.33:44510/0 (socket says 172.21.15.33:44510)
2024-03-28T14:49:12.407 INFO:teuthology.orchestra.run.smithi033.stdout:/usr/bin/ceph: stderr
2024-03-28T14:49:11.552+0000 7fa615385700 1 -- 172.21.15.33:0/3716995585 learned_addr learned my addr 172.21.15.33:0/3716995585 (peer_addr_for_me v2:172.21.15.33:0/0)
2024-03-28T14:49:12.407 INFO:teuthology.orchestra.run.smithi033.stdout:/usr/bin/ceph: stderr
2024-03-28T14:49:11.552+0000 7fa615385700 1 -- 172.21.15.33:0/3716995585 --> [v2:172.21.15.33:3300/0,v1:172.21.15.33:6789/0] -- mon_subscribe({config=0+,monmap=0+}) v3 -- 0x7fa60c009550 con 0x7fa61007bdd0
2024-03-28T14:49:12.407 INFO:teuthology.orchestra.run.smithi033.stdout:/usr/bin/ceph: stderr
2024-03-28T14:49:11.552+0000 7fa615385700 1 --2- 172.21.15.33:0/3716995585 >> [v2:172.21.15.33:3300/0,v1:172.21.15.33:6789/0] conn(0x7fa61007bdd0 0x7fa61019ba90 secure :-1 s=READY pgs=60 cs=0 l=1 rev1=1 crypto rx=0x7fa60c000c00 tx=0x7fa60c011b50 comp rx=0 tx=0).ready entity=mon.0 client_cookie=0 server_cookie=0 in_seq=0 out_seq=0
2024-03-28T14:49:12.407 INFO:teuthology.orchestra.run.smithi033.stdout:/usr/bin/ceph: stderr
2024-03-28T14:49:11.552+0000 7fa6067fc700 1 -- 172.21.15.33:0/3716995585 <== mon.0 v2:172.21.15.33:3300/0 1 ==== mon_map magic: 0 v1 ==== 229+0+0 (secure 0 0 0) 0x7fa60c003a70 con 0x7fa61007bdd0
2024-03-28T14:49:12.407 INFO:teuthology.orchestra.run.smithi033.stdout:/usr/bin/ceph: stderr
2024-03-28T14:49:11.552+0000 7fa6067fc700 1 -- 172.21.15.33:0/3716995585 <== mon.0 v2:172.21.15.33:3300/0 2 ==== config(27 keys) v1 ==== 1101+0+0 (secure 0 0 0) 0x7fa60c003bd0 con 0x7fa61007bdd0
2024-03-28T14:49:12.407 INFO:teuthology.orchestra.run.smithi033.stdout:/usr/bin/ceph: stderr
2024-03-28T14:49:11.552+0000 7fa6175e9700 1 -- 172.21.15.33:0/3716995585 --> [v2:172.21.15.33:3300/0,v1:172.21.15.33:6789/0] -- mon_subscribe({mgrmap=0+}) v3 -- 0x7fa61019c1d0 con 0x7fa61007bdd0
2024-03-28T14:49:12.408 INFO:teuthology.orchestra.run.smithi033.stdout:/usr/bin/ceph: stderr
2024-03-28T14:49:11.552+0000 7fa6067fc700 1 -- 172.21.15.33:0/3716995585 <== mon.0 v2:172.21.15.33:3300/0 3 ==== mon_map magic: 0 v1 ==== 229+0+0 (secure 0 0 0) 0x7fa60c0238c0 con 0x7fa61007bdd0
2024-03-28T14:49:12.408 INFO:teuthology.orchestra.run.smithi033.stdout:/usr/bin/ceph: stderr
2024-03-28T14:49:11.552+0000 7fa6175e9700 1 -- 172.21.15.33:0/3716995585 --> [v2:172.21.15.33:3300/0,v1:172.21.15.33:6789/0] -- mon_subscribe({osdmap=0}) v3 -- 0x7fa61019c5f0 con 0x7fa61007bdd0
2024-03-28T14:49:12.408 INFO:teuthology.orchestra.run.smithi033.stdout:/usr/bin/ceph: stderr
2024-03-28T14:49:11.553+0000 7fa6067fc700 1 -- 172.21.15.33:0/3716995585 <== mon.0 v2:172.21.15.33:3300/0 4 ==== mgrmap(e 8) v1 ==== 45084+0+0 (secure 0 0 0) 0x7fa60c023b30 con 0x7fa61007bdd0
2024-03-28T14:49:12.408 INFO:teuthology.orchestra.run.smithi033.stdout:/usr/bin/ceph: stderr
2024-03-28T14:49:11.553+0000 7fa6067fc700 1 --2- 172.21.15.33:0/3716995585 >> [v2:172.21.15.33:6800/3523757413,v1:172.21.15.33:6801/3523757413] conn(0x7fa5fc038440 0x7fa5fc03a8f0 unknown :-1 s=NONE pgs=0 cs=0 l=1 rev1=0 crypto rx=0 tx=0 comp rx=0 tx=0).connect
2024-03-28T14:49:12.408 INFO:teuthology.orchestra.run.smithi033.stdout:/usr/bin/ceph: stderr
2024-03-28T14:49:11.553+0000 7fa6067fc700 1 -- 172.21.15.33:0/3716995585 <== mon.0 v2:172.21.15.33:3300/0 5 ==== osd_map(2..2 src has 1..2) v4 ==== 940+0+0 (secure 0 0 0) 0x7fa60c04c1e0 con 0x7fa61007bdd0
2024-03-28T14:49:12.408 INFO:teuthology.orchestra.run.smithi033.stdout:/usr/bin/ceph: stderr
2024-03-28T14:49:11.553+0000 7fa6175e9700 1 -- 172.21.15.33:0/3716995585 --> [v2:172.21.15.33:3300/0,v1:172.21.15.33:6789/0] -- mon_command({"prefix": "get_command_descriptions"} v 0) v1 -- 0x7fa610062380 con 0x7fa61007bdd0
2024-03-28T14:49:12.408 INFO:teuthology.orchestra.run.smithi033.stdout:/usr/bin/ceph: stderr
2024-03-28T14:49:11.553+0000 7fa614b84700 1 --2- 172.21.15.33:0/3716995585 >> [v2:172.21.15.33:6800/3523757413,v1:172.21.15.33:6801/3523757413] conn(0x7fa5fc038440 0x7fa5fc03a8f0 unknown :-1 s=BANNER_CONNECTING pgs=0 cs=0 l=1 rev1=0 crypto rx=0 tx=0 comp rx=0 tx=0)._handle_peer_banner_payload supported=3 required=0
2024-03-28T14:49:12.408 INFO:teuthology.orchestra.run.smithi033.stdout:/usr/bin/ceph: stderr
2024-03-28T14:49:11.554+0000 7fa614b84700 1 --2- 172.21.15.33:0/3716995585 >> [v2:172.21.15.33:6800/3523757413,v1:172.21.15.33:6801/3523757413] conn(0x7fa5fc038440 0x7fa5fc03a8f0 secure :-1 s=READY pgs=18 cs=0 l=1 rev1=1 crypto rx=0x7fa600006fd0 tx=0x7fa600006e40 comp rx=0 tx=0).ready entity=mgr.14120 client_cookie=0 server_cookie=0 in_seq=0 out_seq=0
2024-03-28T14:49:12.408 INFO:teuthology.orchestra.run.smithi033.stdout:/usr/bin/ceph: stderr
2024-03-28T14:49:11.558+0000 7fa6067fc700 1 -- 172.21.15.33:0/3716995585 <== mon.0 v2:172.21.15.33:3300/0 6 ==== mon_command_ack([{"prefix": "get_command_descriptions"}]=0 v0) v1 ==== 72+0+177933 (secure 0 0 0) 0x7fa60c023e30 con 0x7fa61007bdd0
2024-03-28T14:49:12.408 INFO:teuthology.orchestra.run.smithi033.stdout:/usr/bin/ceph: stderr
2024-03-28T14:49:11.775+0000 7fa6175e9700 1 -- 172.21.15.33:0/3716995585 --> [v2:172.21.15.33:6800/3523757413,v1:172.21.15.33:6801/3523757413] -- mgr_command(tid 0: {"prefix": "orch apply", "service_type": "node-exporter", "target": ["mon-mgr", ""]}) v1 -- 0x7fa610102670 con 0x7fa5fc038440
2024-03-28T14:49:12.408 INFO:teuthology.orchestra.run.smithi033.stdout:/usr/bin/ceph: stderr
2024-03-28T14:49:11.780+0000 7fa6067fc700 1 -- 172.21.15.33:0/3716995585 <== mgr.14120 v2:172.21.15.33:6800/3523757413 1 ==== mgr_command_reply(tid 0: 0 ) v1 ==== 8+0+34 (secure 0 0 0) 0x7fa610102670 con 0x7fa5fc038440
2024-03-28T14:49:12.408 INFO:teuthology.orchestra.run.smithi033.stdout:/usr/bin/ceph: stderr
2024-03-28T14:49:11.782+0000 7fa6175e9700 1 -- 172.21.15.33:0/3716995585 >> [v2:172.21.15.33:6800/3523757413,v1:172.21.15.33:6801/3523757413] conn(0x7fa5fc038440 msgr2=0x7fa5fc03a8f0 secure :-1 s=STATE_CONNECTION_ESTABLISHED l=1).mark_down
2024-03-28T14:49:12.408 INFO:teuthology.orchestra.run.smithi033.stdout:/usr/bin/ceph: stderr
2024-03-28T14:49:11.782+0000 7fa6175e9700 1 --2- 172.21.15.33:0/3716995585 >> [v2:172.21.15.33:6800/3523757413,v1:172.21.15.33:6801/3523757413] conn(0x7fa5fc038440 0x7fa5fc03a8f0 secure :-1 s=READY pgs=18 cs=0 l=1 rev1=1 crypto rx=0x7fa600006fd0 tx=0x7fa600006e40 comp rx=0 tx=0).stop
2024-03-28T14:49:12.409 INFO:teuthology.orchestra.run.smithi033.stdout:/usr/bin/ceph: stderr
2024-03-28T14:49:11.782+0000 7fa6175e9700 1 -- 172.21.15.33:0/3716995585 >> [v2:172.21.15.33:3300/0,v1:172.21.15.33:6789/0] conn(0x7fa61007bdd0 msgr2=0x7fa61019ba90 secure :-1 s=STATE_CONNECTION_ESTABLISHED l=1).mark_down
2024-03-28T14:49:12.409 INFO:teuthology.orchestra.run.smithi033.stdout:/usr/bin/ceph: stderr
2024-03-28T14:49:11.782+0000 7fa6175e9700 1 --2- 172.21.15.33:0/3716995585 >> [v2:172.21.15.33:3300/0,v1:172.21.15.33:6789/0] conn(0x7fa61007bdd0 0x7fa61019ba90 secure :-1 s=READY pgs=60 cs=0 l=1 rev1=1 crypto rx=0x7fa60c000c00 tx=0x7fa60c011b50 comp rx=0 tx=0).stop
2024-03-28T14:49:12.409 INFO:teuthology.orchestra.run.smithi033.stdout:/usr/bin/ceph: stderr
2024-03-28T14:49:11.782+0000 7fa6175e9700 1 -- 172.21.15.33:0/3716995585 shutdown_connections
2024-03-28T14:49:12.409 INFO:teuthology.orchestra.run.smithi033.stdout:/usr/bin/ceph: stderr
2024-03-28T14:49:11.782+0000 7fa6175e9700 1 --2- 172.21.15.33:0/3716995585 >> [v2:172.21.15.33:6800/3523757413,v1:172.21.15.33:6801/3523757413] conn(0x7fa5fc038440 0x7fa5fc03a8f0 unknown :-1 s=CLOSED pgs=18 cs=0 l=1 rev1=1 crypto rx=0 tx=0 comp rx=0 tx=0).stop
2024-03-28T14:49:12.409 INFO:teuthology.orchestra.run.smithi033.stdout:/usr/bin/ceph: stderr
2024-03-28T14:49:11.782+0000 7fa6175e9700 1 --2- 172.21.15.33:0/3716995585 >> [v2:172.21.15.33:3300/0,v1:172.21.15.33:6789/0] conn(0x7fa61007bdd0 0x7fa61019ba90 unknown :-1 s=CLOSED pgs=60 cs=0 l=1 rev1=1 crypto rx=0 tx=0 comp rx=0 tx=0).stop
2024-03-28T14:49:12.409 INFO:teuthology.orchestra.run.smithi033.stdout:/usr/bin/ceph: stderr
2024-03-28T14:49:11.782+0000 7fa6175e9700 1 -- 172.21.15.33:0/3716995585 >> 172.21.15.33:0/3716995585 conn(0x7fa610101180 msgr2=0x7fa610101f60 unknown :-1 s=STATE_NONE l=0).mark_down
2024-03-28T14:49:12.409 INFO:teuthology.orchestra.run.smithi033.stdout:/usr/bin/ceph: stderr
2024-03-28T14:49:11.782+0000 7fa6175e9700 1 -- 172.21.15.33:0/3716995585 shutdown_connections
2024-03-28T14:49:12.409 INFO:teuthology.orchestra.run.smithi033.stdout:/usr/bin/ceph: stderr
2024-03-28T14:49:11.782+0000 7fa6175e9700 1 -- 172.21.15.33:0/3716995585 wait complete.
2024-03-28T14:49:12.409 INFO:teuthology.orchestra.run.smithi033.stdout:Deploying alertmanager service with default placement...
2024-03-28T14:49:13.093 INFO:journalctl@ceph.mon.smithi033.smithi033.stdout:Mar 28 14:49:12 smithi033 ceph-mon[29179]: from='client.14154 -' entity='client.admin' cmd=[{"prefix": "orch apply", "service_type": "node-exporter", "target": ["mon-mgr", ""]}]: dispatch
2024-03-28T14:49:13.093 INFO:journalctl@ceph.mon.smithi033.smithi033.stdout:Mar 28 14:49:12 smithi033 ceph-mon[29179]: Saving service node-exporter spec with placement *
2024-03-28T14:49:13.093 INFO:journalctl@ceph.mon.smithi033.smithi033.stdout:Mar 28 14:49:12 smithi033 ceph-mon[29179]: from='mgr.14120 172.21.15.33:0/3936547960' entity='mgr.smithi033.fkpyxe'
2024-03-28T14:49:13.094 INFO:journalctl@ceph.mon.smithi033.smithi033.stdout:Mar 28 14:49:12 smithi033 ceph-mon[29179]: pgmap v3: 0 pgs: ; 0 B data, 0 B used, 0 B / 0 B avail
2024-03-28T14:49:14.350 INFO:teuthology.orchestra.run.smithi033.stdout:/usr/bin/ceph: stdout Scheduled alertmanager update...
2024-03-28T14:49:14.350 INFO:teuthology.orchestra.run.smithi033.stdout:/usr/bin/ceph: stderr
2024-03-28T14:49:13.550+0000 7ffa6265f700 1 Processor -- start
2024-03-28T14:49:14.350 INFO:teuthology.orchestra.run.smithi033.stdout:/usr/bin/ceph: stderr
2024-03-28T14:49:13.550+0000 7ffa6265f700 1 -- start start
2024-03-28T14:49:14.350 INFO:teuthology.orchestra.run.smithi033.stdout:/usr/bin/ceph: stderr
2024-03-28T14:49:13.551+0000 7ffa6265f700 1 --2- >> [v2:172.21.15.33:3300/0,v1:172.21.15.33:6789/0] conn(0x7ffa5c105b10 0x7ffa5c105f20 unknown :-1 s=NONE pgs=0 cs=0 l=0 rev1=0 crypto rx=0 tx=0 comp rx=0 tx=0).connect
2024-03-28T14:49:14.350 INFO:teuthology.orchestra.run.smithi033.stdout:/usr/bin/ceph: stderr
2024-03-28T14:49:13.551+0000 7ffa6265f700 1 -- --> [v2:172.21.15.33:3300/0,v1:172.21.15.33:6789/0] -- mon_getmap magic: 0 v1 -- 0x7ffa5c106460 con 0x7ffa5c105b10
2024-03-28T14:49:14.350 INFO:teuthology.orchestra.run.smithi033.stdout:/usr/bin/ceph: stderr
2024-03-28T14:49:13.551+0000 7ffa5bfff700 1 --2- >> [v2:172.21.15.33:3300/0,v1:172.21.15.33:6789/0] conn(0x7ffa5c105b10 0x7ffa5c105f20 unknown :-1 s=BANNER_CONNECTING pgs=0 cs=0 l=0 rev1=0 crypto rx=0 tx=0 comp rx=0 tx=0)._handle_peer_banner_payload supported=3 required=0
2024-03-28T14:49:14.350 INFO:teuthology.orchestra.run.smithi033.stdout:/usr/bin/ceph: stderr
2024-03-28T14:49:13.551+0000 7ffa5bfff700 1 --2- >> [v2:172.21.15.33:3300/0,v1:172.21.15.33:6789/0] conn(0x7ffa5c105b10 0x7ffa5c105f20 unknown :-1 s=HELLO_CONNECTING pgs=0 cs=0 l=0 rev1=1 crypto rx=0 tx=0 comp rx=0 tx=0).handle_hello peer v2:172.21.15.33:3300/0 says I am v2:172.21.15.33:44518/0 (socket says 172.21.15.33:44518)
2024-03-28T14:49:14.350 INFO:teuthology.orchestra.run.smithi033.stdout:/usr/bin/ceph: stderr
2024-03-28T14:49:13.551+0000 7ffa5bfff700 1 -- 172.21.15.33:0/1457610042 learned_addr learned my addr 172.21.15.33:0/1457610042 (peer_addr_for_me v2:172.21.15.33:0/0)
2024-03-28T14:49:14.351 INFO:teuthology.orchestra.run.smithi033.stdout:/usr/bin/ceph: stderr
2024-03-28T14:49:13.551+0000 7ffa5bfff700 1 -- 172.21.15.33:0/1457610042 --> [v2:172.21.15.33:3300/0,v1:172.21.15.33:6789/0] -- mon_subscribe({config=0+,monmap=0+}) v3 -- 0x7ffa5c1065a0 con 0x7ffa5c105b10
2024-03-28T14:49:14.351 INFO:teuthology.orchestra.run.smithi033.stdout:/usr/bin/ceph: stderr
2024-03-28T14:49:13.551+0000 7ffa5bfff700 1 --2- 172.21.15.33:0/1457610042 >> [v2:172.21.15.33:3300/0,v1:172.21.15.33:6789/0] conn(0x7ffa5c105b10 0x7ffa5c105f20 secure :-1 s=READY pgs=61 cs=0 l=1 rev1=1 crypto rx=0x7ffa4c0098a0 tx=0x7ffa4c009bb0 comp rx=0 tx=0).ready entity=mon.0 client_cookie=dbad24d019e6c798 server_cookie=0 in_seq=0 out_seq=0
2024-03-28T14:49:14.351 INFO:teuthology.orchestra.run.smithi033.stdout:/usr/bin/ceph: stderr
2024-03-28T14:49:13.551+0000 7ffa5affd700 1 -- 172.21.15.33:0/1457610042 <== mon.0 v2:172.21.15.33:3300/0 1 ==== mon_map magic: 0 v1 ==== 229+0+0 (secure 0 0 0) 0x7ffa4c004180 con 0x7ffa5c105b10
2024-03-28T14:49:14.351 INFO:teuthology.orchestra.run.smithi033.stdout:/usr/bin/ceph: stderr
2024-03-28T14:49:13.551+0000 7ffa5affd700 1 -- 172.21.15.33:0/1457610042 <== mon.0 v2:172.21.15.33:3300/0 2 ==== config(27 keys) v1 ==== 1101+0+0 (secure 0 0 0) 0x7ffa4c0042e0 con 0x7ffa5c105b10
2024-03-28T14:49:14.351 INFO:teuthology.orchestra.run.smithi033.stdout:/usr/bin/ceph: stderr
2024-03-28T14:49:13.551+0000 7ffa5affd700 1 -- 172.21.15.33:0/1457610042 <== mon.0 v2:172.21.15.33:3300/0 3 ==== mon_map magic: 0 v1 ==== 229+0+0 (secure 0 0 0) 0x7ffa4c011af0 con 0x7ffa5c105b10
2024-03-28T14:49:14.351 INFO:teuthology.orchestra.run.smithi033.stdout:/usr/bin/ceph: stderr
2024-03-28T14:49:13.552+0000 7ffa6265f700 1 -- 172.21.15.33:0/1457610042 >> [v2:172.21.15.33:3300/0,v1:172.21.15.33:6789/0] conn(0x7ffa5c105b10 msgr2=0x7ffa5c105f20 secure :-1 s=STATE_CONNECTION_ESTABLISHED l=1).mark_down
2024-03-28T14:49:14.351 INFO:teuthology.orchestra.run.smithi033.stdout:/usr/bin/ceph: stderr
2024-03-28T14:49:13.552+0000 7ffa6265f700 1 --2- 172.21.15.33:0/1457610042 >> [v2:172.21.15.33:3300/0,v1:172.21.15.33:6789/0] conn(0x7ffa5c105b10 0x7ffa5c105f20 secure :-1 s=READY pgs=61 cs=0 l=1 rev1=1 crypto rx=0x7ffa4c0098a0 tx=0x7ffa4c009bb0 comp rx=0 tx=0).stop
2024-03-28T14:49:14.351 INFO:teuthology.orchestra.run.smithi033.stdout:/usr/bin/ceph: stderr
2024-03-28T14:49:13.552+0000 7ffa6265f700 1 -- 172.21.15.33:0/1457610042 shutdown_connections
2024-03-28T14:49:14.351 INFO:teuthology.orchestra.run.smithi033.stdout:/usr/bin/ceph: stderr
2024-03-28T14:49:13.552+0000 7ffa6265f700 1 --2- 172.21.15.33:0/1457610042 >> [v2:172.21.15.33:3300/0,v1:172.21.15.33:6789/0] conn(0x7ffa5c105b10 0x7ffa5c105f20 unknown :-1 s=CLOSED pgs=61 cs=0 l=1 rev1=1 crypto rx=0 tx=0 comp rx=0 tx=0).stop
2024-03-28T14:49:14.351 INFO:teuthology.orchestra.run.smithi033.stdout:/usr/bin/ceph: stderr
2024-03-28T14:49:13.552+0000 7ffa6265f700 1 -- 172.21.15.33:0/1457610042 >> 172.21.15.33:0/1457610042 conn(0x7ffa5c101160 msgr2=0x7ffa5c103590 unknown :-1 s=STATE_NONE l=0).mark_down
2024-03-28T14:49:14.351 INFO:teuthology.orchestra.run.smithi033.stdout:/usr/bin/ceph: stderr
2024-03-28T14:49:13.552+0000 7ffa6265f700 1 -- 172.21.15.33:0/1457610042 shutdown_connections
2024-03-28T14:49:14.351 INFO:teuthology.orchestra.run.smithi033.stdout:/usr/bin/ceph: stderr
2024-03-28T14:49:13.552+0000 7ffa6265f700 1 -- 172.21.15.33:0/1457610042 wait complete.
2024-03-28T14:49:14.351 INFO:teuthology.orchestra.run.smithi033.stdout:/usr/bin/ceph: stderr
2024-03-28T14:49:13.553+0000 7ffa6265f700 1 Processor -- start
2024-03-28T14:49:14.352 INFO:teuthology.orchestra.run.smithi033.stdout:/usr/bin/ceph: stderr
2024-03-28T14:49:13.553+0000 7ffa6265f700 1 -- start start
2024-03-28T14:49:14.352 INFO:teuthology.orchestra.run.smithi033.stdout:/usr/bin/ceph: stderr
2024-03-28T14:49:13.553+0000 7ffa6265f700 1 --2- >> [v2:172.21.15.33:3300/0,v1:172.21.15.33:6789/0] conn(0x7ffa5c105b10 0x7ffa5c199870 unknown :-1 s=NONE pgs=0 cs=0 l=1 rev1=0 crypto rx=0 tx=0 comp rx=0 tx=0).connect
2024-03-28T14:49:14.352 INFO:teuthology.orchestra.run.smithi033.stdout:/usr/bin/ceph: stderr
2024-03-28T14:49:13.553+0000 7ffa6265f700 1 -- --> [v2:172.21.15.33:3300/0,v1:172.21.15.33:6789/0] -- mon_getmap magic: 0 v1 -- 0x7ffa5c199db0 con 0x7ffa5c105b10
2024-03-28T14:49:14.352 INFO:teuthology.orchestra.run.smithi033.stdout:/usr/bin/ceph: stderr
2024-03-28T14:49:13.553+0000 7ffa5bfff700 1 --2- >> [v2:172.21.15.33:3300/0,v1:172.21.15.33:6789/0] conn(0x7ffa5c105b10 0x7ffa5c199870 unknown :-1 s=BANNER_CONNECTING pgs=0 cs=0 l=1 rev1=0 crypto rx=0 tx=0 comp rx=0 tx=0)._handle_peer_banner_payload supported=3 required=0
2024-03-28T14:49:14.352 INFO:teuthology.orchestra.run.smithi033.stdout:/usr/bin/ceph: stderr
2024-03-28T14:49:13.553+0000 7ffa5bfff700 1 --2- >> [v2:172.21.15.33:3300/0,v1:172.21.15.33:6789/0] conn(0x7ffa5c105b10 0x7ffa5c199870 unknown :-1 s=HELLO_CONNECTING pgs=0 cs=0 l=1 rev1=1 crypto rx=0 tx=0 comp rx=0 tx=0).handle_hello peer v2:172.21.15.33:3300/0 says I am v2:172.21.15.33:44522/0 (socket says 172.21.15.33:44522)
2024-03-28T14:49:14.352 INFO:teuthology.orchestra.run.smithi033.stdout:/usr/bin/ceph: stderr
2024-03-28T14:49:13.553+0000 7ffa5bfff700 1 -- 172.21.15.33:0/1226654027 learned_addr learned my addr 172.21.15.33:0/1226654027 (peer_addr_for_me v2:172.21.15.33:0/0)
2024-03-28T14:49:14.352 INFO:teuthology.orchestra.run.smithi033.stdout:/usr/bin/ceph: stderr
2024-03-28T14:49:13.554+0000 7ffa5bfff700 1 -- 172.21.15.33:0/1226654027 --> [v2:172.21.15.33:3300/0,v1:172.21.15.33:6789/0] -- mon_subscribe({config=0+,monmap=0+}) v3 -- 0x7ffa4c009550 con 0x7ffa5c105b10
2024-03-28T14:49:14.352 INFO:teuthology.orchestra.run.smithi033.stdout:/usr/bin/ceph: stderr
2024-03-28T14:49:13.554+0000 7ffa5bfff700 1 --2- 172.21.15.33:0/1226654027 >> [v2:172.21.15.33:3300/0,v1:172.21.15.33:6789/0] conn(0x7ffa5c105b10 0x7ffa5c199870 secure :-1 s=READY pgs=62 cs=0 l=1 rev1=1 crypto rx=0x7ffa4c006ba0 tx=0x7ffa4c011b50 comp rx=0 tx=0).ready entity=mon.0 client_cookie=0 server_cookie=0 in_seq=0 out_seq=0
2024-03-28T14:49:14.352 INFO:teuthology.orchestra.run.smithi033.stdout:/usr/bin/ceph: stderr
2024-03-28T14:49:13.554+0000 7ffa597fa700 1 -- 172.21.15.33:0/1226654027 <== mon.0 v2:172.21.15.33:3300/0 1 ==== mon_map magic: 0 v1 ==== 229+0+0 (secure 0 0 0) 0x7ffa4c003b00 con 0x7ffa5c105b10
2024-03-28T14:49:14.352 INFO:teuthology.orchestra.run.smithi033.stdout:/usr/bin/ceph: stderr
2024-03-28T14:49:13.554+0000 7ffa597fa700 1 -- 172.21.15.33:0/1226654027 <== mon.0 v2:172.21.15.33:3300/0 2 ==== config(27 keys) v1 ==== 1101+0+0 (secure 0 0 0) 0x7ffa4c01a8e0 con 0x7ffa5c105b10
2024-03-28T14:49:14.352 INFO:teuthology.orchestra.run.smithi033.stdout:/usr/bin/ceph: stderr
2024-03-28T14:49:13.554+0000 7ffa6265f700 1 -- 172.21.15.33:0/1226654027 --> [v2:172.21.15.33:3300/0,v1:172.21.15.33:6789/0] -- mon_subscribe({mgrmap=0+}) v3 -- 0x7ffa5c199fb0 con 0x7ffa5c105b10
2024-03-28T14:49:14.352 INFO:teuthology.orchestra.run.smithi033.stdout:/usr/bin/ceph: stderr
2024-03-28T14:49:13.554+0000 7ffa597fa700 1 -- 172.21.15.33:0/1226654027 <== mon.0 v2:172.21.15.33:3300/0 3 ==== mon_map magic: 0 v1 ==== 229+0+0 (secure 0 0 0) 0x7ffa4c0199c0 con 0x7ffa5c105b10
2024-03-28T14:49:14.352 INFO:teuthology.orchestra.run.smithi033.stdout:/usr/bin/ceph: stderr
2024-03-28T14:49:13.554+0000 7ffa6265f700 1 -- 172.21.15.33:0/1226654027 --> [v2:172.21.15.33:3300/0,v1:172.21.15.33:6789/0] -- mon_subscribe({osdmap=0}) v3 -- 0x7ffa5c19a3d0 con 0x7ffa5c105b10
2024-03-28T14:49:14.352 INFO:teuthology.orchestra.run.smithi033.stdout:/usr/bin/ceph: stderr
2024-03-28T14:49:13.555+0000 7ffa597fa700 1 -- 172.21.15.33:0/1226654027 <== mon.0 v2:172.21.15.33:3300/0 4 ==== mgrmap(e 8) v1 ==== 45084+0+0 (secure 0 0 0) 0x7ffa4c019c30 con 0x7ffa5c105b10
2024-03-28T14:49:14.352 INFO:teuthology.orchestra.run.smithi033.stdout:/usr/bin/ceph: stderr
2024-03-28T14:49:13.555+0000 7ffa6265f700 1 -- 172.21.15.33:0/1226654027 --> [v2:172.21.15.33:3300/0,v1:172.21.15.33:6789/0] -- mon_command({"prefix": "get_command_descriptions"} v 0) v1 -- 0x7ffa5c062380 con 0x7ffa5c105b10
2024-03-28T14:49:14.353 INFO:teuthology.orchestra.run.smithi033.stdout:/usr/bin/ceph: stderr
2024-03-28T14:49:13.555+0000 7ffa597fa700 1 --2- 172.21.15.33:0/1226654027 >> [v2:172.21.15.33:6800/3523757413,v1:172.21.15.33:6801/3523757413] conn(0x7ffa440383f0 0x7ffa4403a8a0 unknown :-1 s=NONE pgs=0 cs=0 l=1 rev1=0 crypto rx=0 tx=0 comp rx=0 tx=0).connect
2024-03-28T14:49:14.353 INFO:teuthology.orchestra.run.smithi033.stdout:/usr/bin/ceph: stderr
2024-03-28T14:49:13.555+0000 7ffa597fa700 1 -- 172.21.15.33:0/1226654027 <== mon.0 v2:172.21.15.33:3300/0 5 ==== osd_map(2..2 src has 1..2) v4 ==== 940+0+0 (secure 0 0 0) 0x7ffa4c04c830 con 0x7ffa5c105b10
2024-03-28T14:49:14.353 INFO:teuthology.orchestra.run.smithi033.stdout:/usr/bin/ceph: stderr
2024-03-28T14:49:13.555+0000 7ffa5b7fe700 1 --2- 172.21.15.33:0/1226654027 >> [v2:172.21.15.33:6800/3523757413,v1:172.21.15.33:6801/3523757413] conn(0x7ffa440383f0 0x7ffa4403a8a0 unknown :-1 s=BANNER_CONNECTING pgs=0 cs=0 l=1 rev1=0 crypto rx=0 tx=0 comp rx=0 tx=0)._handle_peer_banner_payload supported=3 required=0
2024-03-28T14:49:14.353 INFO:teuthology.orchestra.run.smithi033.stdout:/usr/bin/ceph: stderr
2024-03-28T14:49:13.556+0000 7ffa5b7fe700 1 --2- 172.21.15.33:0/1226654027 >> [v2:172.21.15.33:6800/3523757413,v1:172.21.15.33:6801/3523757413] conn(0x7ffa440383f0 0x7ffa4403a8a0 secure :-1 s=READY pgs=19 cs=0 l=1 rev1=1 crypto rx=0x7ffa50006fd0 tx=0x7ffa50006e40 comp rx=0 tx=0).ready entity=mgr.14120 client_cookie=0 server_cookie=0 in_seq=0 out_seq=0
2024-03-28T14:49:14.353 INFO:teuthology.orchestra.run.smithi033.stdout:/usr/bin/ceph: stderr
2024-03-28T14:49:13.560+0000 7ffa597fa700 1 -- 172.21.15.33:0/1226654027 <== mon.0 v2:172.21.15.33:3300/0 6 ==== mon_command_ack([{"prefix": "get_command_descriptions"}]=0 v0) v1 ==== 72+0+177933 (secure 0 0 0) 0x7ffa4c02b930 con 0x7ffa5c105b10
2024-03-28T14:49:14.353 INFO:teuthology.orchestra.run.smithi033.stdout:/usr/bin/ceph: stderr
2024-03-28T14:49:13.771+0000 7ffa6265f700 1 -- 172.21.15.33:0/1226654027 --> [v2:172.21.15.33:6800/3523757413,v1:172.21.15.33:6801/3523757413] -- mgr_command(tid 0: {"prefix": "orch apply", "service_type": "alertmanager", "target": ["mon-mgr", ""]}) v1 -- 0x7ffa5c102620 con 0x7ffa440383f0
2024-03-28T14:49:14.353 INFO:teuthology.orchestra.run.smithi033.stdout:/usr/bin/ceph: stderr
2024-03-28T14:49:13.776+0000 7ffa597fa700 1 -- 172.21.15.33:0/1226654027 <== mgr.14120 v2:172.21.15.33:6800/3523757413 1 ==== mgr_command_reply(tid 0: 0 ) v1 ==== 8+0+33 (secure 0 0 0) 0x7ffa5c102620 con 0x7ffa440383f0
2024-03-28T14:49:14.353 INFO:teuthology.orchestra.run.smithi033.stdout:/usr/bin/ceph: stderr
2024-03-28T14:49:13.778+0000 7ffa6265f700 1 -- 172.21.15.33:0/1226654027 >> [v2:172.21.15.33:6800/3523757413,v1:172.21.15.33:6801/3523757413] conn(0x7ffa440383f0 msgr2=0x7ffa4403a8a0 secure :-1 s=STATE_CONNECTION_ESTABLISHED l=1).mark_down
2024-03-28T14:49:14.353 INFO:teuthology.orchestra.run.smithi033.stdout:/usr/bin/ceph: stderr
2024-03-28T14:49:13.778+0000 7ffa6265f700 1 --2- 172.21.15.33:0/1226654027 >> [v2:172.21.15.33:6800/3523757413,v1:172.21.15.33:6801/3523757413] conn(0x7ffa440383f0 0x7ffa4403a8a0 secure :-1 s=READY pgs=19 cs=0 l=1 rev1=1 crypto rx=0x7ffa50006fd0 tx=0x7ffa50006e40 comp rx=0 tx=0).stop
2024-03-28T14:49:14.353 INFO:teuthology.orchestra.run.smithi033.stdout:/usr/bin/ceph: stderr
2024-03-28T14:49:13.778+0000 7ffa6265f700 1 -- 172.21.15.33:0/1226654027 >> [v2:172.21.15.33:3300/0,v1:172.21.15.33:6789/0] conn(0x7ffa5c105b10 msgr2=0x7ffa5c199870 secure :-1 s=STATE_CONNECTION_ESTABLISHED l=1).mark_down
2024-03-28T14:49:14.353 INFO:teuthology.orchestra.run.smithi033.stdout:/usr/bin/ceph: stderr
2024-03-28T14:49:13.778+0000 7ffa6265f700 1 --2- 172.21.15.33:0/1226654027 >> [v2:172.21.15.33:3300/0,v1:172.21.15.33:6789/0] conn(0x7ffa5c105b10 0x7ffa5c199870 secure :-1 s=READY pgs=62 cs=0 l=1 rev1=1 crypto rx=0x7ffa4c006ba0 tx=0x7ffa4c011b50 comp rx=0 tx=0).stop
2024-03-28T14:49:14.353 INFO:teuthology.orchestra.run.smithi033.stdout:/usr/bin/ceph: stderr
2024-03-28T14:49:13.778+0000 7ffa6265f700 1 -- 172.21.15.33:0/1226654027 shutdown_connections
2024-03-28T14:49:14.353 INFO:teuthology.orchestra.run.smithi033.stdout:/usr/bin/ceph: stderr
2024-03-28T14:49:13.778+0000 7ffa6265f700 1 --2- 172.21.15.33:0/1226654027 >> [v2:172.21.15.33:6800/3523757413,v1:172.21.15.33:6801/3523757413] conn(0x7ffa440383f0 0x7ffa4403a8a0 unknown :-1 s=CLOSED pgs=19 cs=0 l=1 rev1=1 crypto rx=0 tx=0 comp rx=0 tx=0).stop
2024-03-28T14:49:14.353 INFO:teuthology.orchestra.run.smithi033.stdout:/usr/bin/ceph: stderr
2024-03-28T14:49:13.778+0000 7ffa6265f700 1 --2- 172.21.15.33:0/1226654027 >> [v2:172.21.15.33:3300/0,v1:172.21.15.33:6789/0] conn(0x7ffa5c105b10 0x7ffa5c199870 unknown :-1 s=CLOSED pgs=62 cs=0 l=1 rev1=1 crypto rx=0 tx=0 comp rx=0 tx=0).stop
2024-03-28T14:49:14.354 INFO:teuthology.orchestra.run.smithi033.stdout:/usr/bin/ceph: stderr
2024-03-28T14:49:13.778+0000 7ffa6265f700 1 -- 172.21.15.33:0/1226654027 >> 172.21.15.33:0/1226654027 conn(0x7ffa5c101160 msgr2=0x7ffa5c101f10 unknown :-1 s=STATE_NONE l=0).mark_down
2024-03-28T14:49:14.354 INFO:teuthology.orchestra.run.smithi033.stdout:/usr/bin/ceph: stderr
2024-03-28T14:49:13.778+0000 7ffa6265f700 1 -- 172.21.15.33:0/1226654027 shutdown_connections
2024-03-28T14:49:14.354 INFO:teuthology.orchestra.run.smithi033.stdout:/usr/bin/ceph: stderr
2024-03-28T14:49:13.778+0000 7ffa6265f700 1 -- 172.21.15.33:0/1226654027 wait complete.
2024-03-28T14:49:14.986 INFO:journalctl@ceph.mon.smithi033.smithi033.stdout:Mar 28 14:49:14 smithi033 ceph-mon[29179]: from='client.14156 -' entity='client.admin' cmd=[{"prefix": "orch apply", "service_type": "alertmanager", "target": ["mon-mgr", ""]}]: dispatch
2024-03-28T14:49:14.986 INFO:journalctl@ceph.mon.smithi033.smithi033.stdout:Mar 28 14:49:14 smithi033 ceph-mon[29179]: Saving service alertmanager spec with placement count:1
2024-03-28T14:49:14.986 INFO:journalctl@ceph.mon.smithi033.smithi033.stdout:Mar 28 14:49:14 smithi033 ceph-mon[29179]: from='mgr.14120 172.21.15.33:0/3936547960' entity='mgr.smithi033.fkpyxe'
2024-03-28T14:49:14.986 INFO:journalctl@ceph.mon.smithi033.smithi033.stdout:Mar 28 14:49:14 smithi033 ceph-mon[29179]: pgmap v4: 0 pgs: ; 0 B data, 0 B used, 0 B / 0 B avail
2024-03-28T14:49:15.516 INFO:teuthology.orchestra.run.smithi033.stdout:/usr/bin/ceph: stderr
2024-03-28T14:49:14.773+0000 7f1ec81f8700 1 Processor -- start
2024-03-28T14:49:15.516 INFO:teuthology.orchestra.run.smithi033.stdout:/usr/bin/ceph: stderr
2024-03-28T14:49:14.773+0000 7f1ec81f8700 1 -- start start
2024-03-28T14:49:15.516 INFO:teuthology.orchestra.run.smithi033.stdout:/usr/bin/ceph: stderr
2024-03-28T14:49:14.774+0000 7f1ec81f8700 1 --2- >> [v2:172.21.15.33:3300/0,v1:172.21.15.33:6789/0] conn(0x7f1ec0106680 0x7f1ec0108a60 unknown :-1 s=NONE pgs=0 cs=0 l=0 rev1=0 crypto rx=0 tx=0 comp rx=0 tx=0).connect
2024-03-28T14:49:15.516 INFO:teuthology.orchestra.run.smithi033.stdout:/usr/bin/ceph: stderr
2024-03-28T14:49:14.774+0000 7f1ec81f8700 1 -- --> [v2:172.21.15.33:3300/0,v1:172.21.15.33:6789/0] -- mon_getmap magic: 0 v1 -- 0x7f1ec0079d10 con 0x7f1ec0106680
2024-03-28T14:49:15.516 INFO:teuthology.orchestra.run.smithi033.stdout:/usr/bin/ceph: stderr
2024-03-28T14:49:14.774+0000 7f1ec5f94700 1 --2- >> [v2:172.21.15.33:3300/0,v1:172.21.15.33:6789/0] conn(0x7f1ec0106680 0x7f1ec0108a60 unknown :-1 s=BANNER_CONNECTING pgs=0 cs=0 l=0 rev1=0 crypto rx=0 tx=0 comp rx=0 tx=0)._handle_peer_banner_payload supported=3 required=0
2024-03-28T14:49:15.516 INFO:teuthology.orchestra.run.smithi033.stdout:/usr/bin/ceph: stderr
2024-03-28T14:49:14.774+0000 7f1ec5f94700 1 --2- >> [v2:172.21.15.33:3300/0,v1:172.21.15.33:6789/0] conn(0x7f1ec0106680 0x7f1ec0108a60 unknown :-1 s=HELLO_CONNECTING pgs=0 cs=0 l=0 rev1=1 crypto rx=0 tx=0 comp rx=0 tx=0).handle_hello peer v2:172.21.15.33:3300/0 says I am v2:172.21.15.33:35600/0 (socket says 172.21.15.33:35600)
2024-03-28T14:49:15.516 INFO:teuthology.orchestra.run.smithi033.stdout:/usr/bin/ceph: stderr
2024-03-28T14:49:14.774+0000 7f1ec5f94700 1 -- 172.21.15.33:0/606190830 learned_addr learned my addr 172.21.15.33:0/606190830 (peer_addr_for_me v2:172.21.15.33:0/0)
2024-03-28T14:49:15.516 INFO:teuthology.orchestra.run.smithi033.stdout:/usr/bin/ceph: stderr
2024-03-28T14:49:14.774+0000 7f1ec5f94700 1 -- 172.21.15.33:0/606190830 --> [v2:172.21.15.33:3300/0,v1:172.21.15.33:6789/0] -- mon_subscribe({config=0+,monmap=0+}) v3 -- 0x7f1ec0079e50 con 0x7f1ec0106680
2024-03-28T14:49:15.516 INFO:teuthology.orchestra.run.smithi033.stdout:/usr/bin/ceph: stderr
2024-03-28T14:49:14.774+0000 7f1ec5f94700 1 --2- 172.21.15.33:0/606190830 >> [v2:172.21.15.33:3300/0,v1:172.21.15.33:6789/0] conn(0x7f1ec0106680 0x7f1ec0108a60 secure :-1 s=READY pgs=63 cs=0 l=1 rev1=1 crypto rx=0x7f1ebc0098a0 tx=0x7f1ebc009bb0 comp rx=0 tx=0).ready entity=mon.0 client_cookie=f3d8bbe2e4cf44e1 server_cookie=0 in_seq=0 out_seq=0
2024-03-28T14:49:15.517 INFO:teuthology.orchestra.run.smithi033.stdout:/usr/bin/ceph: stderr
2024-03-28T14:49:14.776+0000 7f1ec4f92700 1 -- 172.21.15.33:0/606190830 <== mon.0 v2:172.21.15.33:3300/0 1 ==== mon_map magic: 0 v1 ==== 229+0+0 (secure 0 0 0) 0x7f1ebc004180 con 0x7f1ec0106680
2024-03-28T14:49:15.517 INFO:teuthology.orchestra.run.smithi033.stdout:/usr/bin/ceph: stderr
2024-03-28T14:49:14.776+0000 7f1ec4f92700 1 -- 172.21.15.33:0/606190830 <== mon.0 v2:172.21.15.33:3300/0 2 ==== config(27 keys) v1 ==== 1101+0+0 (secure 0 0 0) 0x7f1ebc0042e0 con 0x7f1ec0106680
2024-03-28T14:49:15.517 INFO:teuthology.orchestra.run.smithi033.stdout:/usr/bin/ceph: stderr
2024-03-28T14:49:14.776+0000 7f1ec4f92700 1 -- 172.21.15.33:0/606190830 <== mon.0 v2:172.21.15.33:3300/0 3 ==== mon_map magic: 0 v1 ==== 229+0+0 (secure 0 0 0) 0x7f1ebc011af0 con 0x7f1ec0106680
2024-03-28T14:49:15.517 INFO:teuthology.orchestra.run.smithi033.stdout:/usr/bin/ceph: stderr
2024-03-28T14:49:14.777+0000 7f1ec81f8700 1 -- 172.21.15.33:0/606190830 >> [v2:172.21.15.33:3300/0,v1:172.21.15.33:6789/0] conn(0x7f1ec0106680 msgr2=0x7f1ec0108a60 secure :-1 s=STATE_CONNECTION_ESTABLISHED l=1).mark_down
2024-03-28T14:49:15.517 INFO:teuthology.orchestra.run.smithi033.stdout:/usr/bin/ceph: stderr
2024-03-28T14:49:14.777+0000 7f1ec81f8700 1 --2- 172.21.15.33:0/606190830 >> [v2:172.21.15.33:3300/0,v1:172.21.15.33:6789/0] conn(0x7f1ec0106680 0x7f1ec0108a60 secure :-1 s=READY pgs=63 cs=0 l=1 rev1=1 crypto rx=0x7f1ebc0098a0 tx=0x7f1ebc009bb0 comp rx=0 tx=0).stop
2024-03-28T14:49:15.517 INFO:teuthology.orchestra.run.smithi033.stdout:/usr/bin/ceph: stderr
2024-03-28T14:49:14.777+0000 7f1ec81f8700 1 -- 172.21.15.33:0/606190830 shutdown_connections
2024-03-28T14:49:15.517 INFO:teuthology.orchestra.run.smithi033.stdout:/usr/bin/ceph: stderr
2024-03-28T14:49:14.777+0000 7f1ec81f8700 1 --2- 172.21.15.33:0/606190830 >> [v2:172.21.15.33:3300/0,v1:172.21.15.33:6789/0] conn(0x7f1ec0106680 0x7f1ec0108a60 unknown :-1 s=CLOSED pgs=63 cs=0 l=1 rev1=1 crypto rx=0 tx=0 comp rx=0 tx=0).stop
2024-03-28T14:49:15.517 INFO:teuthology.orchestra.run.smithi033.stdout:/usr/bin/ceph: stderr
2024-03-28T14:49:14.777+0000 7f1ec81f8700 1 -- 172.21.15.33:0/606190830 >> 172.21.15.33:0/606190830 conn(0x7f1ec0100060 msgr2=0x7f1ec0102490 unknown :-1 s=STATE_NONE l=0).mark_down
2024-03-28T14:49:15.517 INFO:teuthology.orchestra.run.smithi033.stdout:/usr/bin/ceph: stderr
2024-03-28T14:49:14.777+0000 7f1ec81f8700 1 -- 172.21.15.33:0/606190830 shutdown_connections
2024-03-28T14:49:15.517 INFO:teuthology.orchestra.run.smithi033.stdout:/usr/bin/ceph: stderr
2024-03-28T14:49:14.777+0000 7f1ec81f8700 1 -- 172.21.15.33:0/606190830 wait complete.
2024-03-28T14:49:15.517 INFO:teuthology.orchestra.run.smithi033.stdout:/usr/bin/ceph: stderr
2024-03-28T14:49:14.777+0000 7f1ec81f8700 1 Processor -- start
2024-03-28T14:49:15.517 INFO:teuthology.orchestra.run.smithi033.stdout:/usr/bin/ceph: stderr
2024-03-28T14:49:14.777+0000 7f1ec81f8700 1 -- start start
2024-03-28T14:49:15.517 INFO:teuthology.orchestra.run.smithi033.stdout:/usr/bin/ceph: stderr
2024-03-28T14:49:14.778+0000 7f1ec81f8700 1 --2- >> [v2:172.21.15.33:3300/0,v1:172.21.15.33:6789/0] conn(0x7f1ec0106680 0x7f1ec0199890 unknown :-1 s=NONE pgs=0 cs=0 l=1 rev1=0 crypto rx=0 tx=0 comp rx=0 tx=0).connect
2024-03-28T14:49:15.518 INFO:teuthology.orchestra.run.smithi033.stdout:/usr/bin/ceph: stderr
2024-03-28T14:49:14.778+0000 7f1ec81f8700 1 -- --> [v2:172.21.15.33:3300/0,v1:172.21.15.33:6789/0] -- mon_getmap magic: 0 v1 -- 0x7f1ec0199dd0 con 0x7f1ec0106680
2024-03-28T14:49:15.518 INFO:teuthology.orchestra.run.smithi033.stdout:/usr/bin/ceph: stderr
2024-03-28T14:49:14.778+0000 7f1ec5f94700 1 --2- >> [v2:172.21.15.33:3300/0,v1:172.21.15.33:6789/0] conn(0x7f1ec0106680 0x7f1ec0199890 unknown :-1 s=BANNER_CONNECTING pgs=0 cs=0 l=1 rev1=0 crypto rx=0 tx=0 comp rx=0 tx=0)._handle_peer_banner_payload supported=3 required=0
2024-03-28T14:49:15.518 INFO:teuthology.orchestra.run.smithi033.stdout:/usr/bin/ceph: stderr
2024-03-28T14:49:14.778+0000 7f1ec5f94700 1 --2- >> [v2:172.21.15.33:3300/0,v1:172.21.15.33:6789/0] conn(0x7f1ec0106680 0x7f1ec0199890 unknown :-1 s=HELLO_CONNECTING pgs=0 cs=0 l=1 rev1=1 crypto rx=0 tx=0 comp rx=0 tx=0).handle_hello peer v2:172.21.15.33:3300/0 says I am v2:172.21.15.33:35604/0 (socket says 172.21.15.33:35604)
2024-03-28T14:49:15.518 INFO:teuthology.orchestra.run.smithi033.stdout:/usr/bin/ceph: stderr
2024-03-28T14:49:14.778+0000 7f1ec5f94700 1 -- 172.21.15.33:0/3512849477 learned_addr learned my addr 172.21.15.33:0/3512849477 (peer_addr_for_me v2:172.21.15.33:0/0)
2024-03-28T14:49:15.518 INFO:teuthology.orchestra.run.smithi033.stdout:/usr/bin/ceph: stderr
2024-03-28T14:49:14.778+0000 7f1ec5f94700 1 -- 172.21.15.33:0/3512849477 --> [v2:172.21.15.33:3300/0,v1:172.21.15.33:6789/0] -- mon_subscribe({config=0+,monmap=0+}) v3 -- 0x7f1ebc009550 con 0x7f1ec0106680
2024-03-28T14:49:15.518 INFO:teuthology.orchestra.run.smithi033.stdout:/usr/bin/ceph: stderr
2024-03-28T14:49:14.778+0000 7f1ec5f94700 1 --2- 172.21.15.33:0/3512849477 >> [v2:172.21.15.33:3300/0,v1:172.21.15.33:6789/0] conn(0x7f1ec0106680 0x7f1ec0199890 secure :-1 s=READY pgs=64 cs=0 l=1 rev1=1 crypto rx=0x7f1ebc000c00 tx=0x7f1ebc011b50 comp rx=0 tx=0).ready entity=mon.0 client_cookie=0 server_cookie=0 in_seq=0 out_seq=0
2024-03-28T14:49:15.518 INFO:teuthology.orchestra.run.smithi033.stdout:/usr/bin/ceph: stderr
2024-03-28T14:49:14.779+0000 7f1eb6ffd700 1 -- 172.21.15.33:0/3512849477 <== mon.0 v2:172.21.15.33:3300/0 1 ==== mon_map magic: 0 v1 ==== 229+0+0 (secure 0 0 0) 0x7f1ebc003a70 con 0x7f1ec0106680
2024-03-28T14:49:15.518 INFO:teuthology.orchestra.run.smithi033.stdout:/usr/bin/ceph: stderr
2024-03-28T14:49:14.779+0000 7f1eb6ffd700 1 -- 172.21.15.33:0/3512849477 <== mon.0 v2:172.21.15.33:3300/0 2 ==== config(27 keys) v1 ==== 1101+0+0 (secure 0 0 0) 0x7f1ebc003bd0 con 0x7f1ec0106680
2024-03-28T14:49:15.518 INFO:teuthology.orchestra.run.smithi033.stdout:/usr/bin/ceph: stderr
2024-03-28T14:49:14.779+0000 7f1ec81f8700 1 -- 172.21.15.33:0/3512849477 --> [v2:172.21.15.33:3300/0,v1:172.21.15.33:6789/0] -- mon_subscribe({mgrmap=0+}) v3 -- 0x7f1ec0199fd0 con 0x7f1ec0106680
2024-03-28T14:49:15.518 INFO:teuthology.orchestra.run.smithi033.stdout:/usr/bin/ceph: stderr
2024-03-28T14:49:14.779+0000 7f1eb6ffd700 1 -- 172.21.15.33:0/3512849477 <== mon.0 v2:172.21.15.33:3300/0 3 ==== mon_map magic: 0 v1 ==== 229+0+0 (secure 0 0 0) 0x7f1ebc0238c0 con 0x7f1ec0106680
2024-03-28T14:49:15.518 INFO:teuthology.orchestra.run.smithi033.stdout:/usr/bin/ceph: stderr
2024-03-28T14:49:14.779+0000 7f1ec81f8700 1 -- 172.21.15.33:0/3512849477 --> [v2:172.21.15.33:3300/0,v1:172.21.15.33:6789/0] -- mon_subscribe({osdmap=0}) v3 -- 0x7f1ec019a3f0 con 0x7f1ec0106680
2024-03-28T14:49:15.519 INFO:teuthology.orchestra.run.smithi033.stdout:/usr/bin/ceph: stderr
2024-03-28T14:49:14.780+0000 7f1eb6ffd700 1 -- 172.21.15.33:0/3512849477 <== mon.0 v2:172.21.15.33:3300/0 4 ==== mgrmap(e 8) v1 ==== 45084+0+0 (secure 0 0 0) 0x7f1ebc023b30 con 0x7f1ec0106680
2024-03-28T14:49:15.519 INFO:teuthology.orchestra.run.smithi033.stdout:/usr/bin/ceph: stderr
2024-03-28T14:49:14.780+0000 7f1eb6ffd700 1 --2- 172.21.15.33:0/3512849477 >> [v2:172.21.15.33:6800/3523757413,v1:172.21.15.33:6801/3523757413] conn(0x7f1eac038440 0x7f1eac03a8f0 unknown :-1 s=NONE pgs=0 cs=0 l=1 rev1=0 crypto rx=0 tx=0 comp rx=0 tx=0).connect
2024-03-28T14:49:15.519 INFO:teuthology.orchestra.run.smithi033.stdout:/usr/bin/ceph: stderr
2024-03-28T14:49:14.780+0000 7f1ec81f8700 1 -- 172.21.15.33:0/3512849477 --> [v2:172.21.15.33:3300/0,v1:172.21.15.33:6789/0] -- mon_command({"prefix": "get_command_descriptions"} v 0) v1 -- 0x7f1ec0062380 con 0x7f1ec0106680
2024-03-28T14:49:15.519 INFO:teuthology.orchestra.run.smithi033.stdout:/usr/bin/ceph: stderr
2024-03-28T14:49:14.780+0000 7f1eb6ffd700 1 -- 172.21.15.33:0/3512849477 <== mon.0 v2:172.21.15.33:3300/0 5 ==== osd_map(2..2 src has 1..2) v4 ==== 940+0+0 (secure 0 0 0) 0x7f1ebc04c1d0 con 0x7f1ec0106680
2024-03-28T14:49:15.519 INFO:teuthology.orchestra.run.smithi033.stdout:/usr/bin/ceph: stderr
2024-03-28T14:49:14.780+0000 7f1ec5793700 1 --2- 172.21.15.33:0/3512849477 >> [v2:172.21.15.33:6800/3523757413,v1:172.21.15.33:6801/3523757413] conn(0x7f1eac038440 0x7f1eac03a8f0 unknown :-1 s=BANNER_CONNECTING pgs=0 cs=0 l=1 rev1=0 crypto rx=0 tx=0 comp rx=0 tx=0)._handle_peer_banner_payload supported=3 required=0
2024-03-28T14:49:15.519 INFO:teuthology.orchestra.run.smithi033.stdout:/usr/bin/ceph: stderr
2024-03-28T14:49:14.781+0000 7f1ec5793700 1 --2- 172.21.15.33:0/3512849477 >> [v2:172.21.15.33:6800/3523757413,v1:172.21.15.33:6801/3523757413] conn(0x7f1eac038440 0x7f1eac03a8f0 secure :-1 s=READY pgs=20 cs=0 l=1 rev1=1 crypto rx=0x7f1eb0006fd0 tx=0x7f1eb0006e40 comp rx=0 tx=0).ready entity=mgr.14120 client_cookie=0 server_cookie=0 in_seq=0 out_seq=0
2024-03-28T14:49:15.519 INFO:teuthology.orchestra.run.smithi033.stdout:/usr/bin/ceph: stderr
2024-03-28T14:49:14.785+0000 7f1eb6ffd700 1 -- 172.21.15.33:0/3512849477 <== mon.0 v2:172.21.15.33:3300/0 6 ==== mon_command_ack([{"prefix": "get_command_descriptions"}]=0 v0) v1 ==== 72+0+177933 (secure 0 0 0) 0x7f1ebc010c20 con 0x7f1ec0106680
2024-03-28T14:49:15.519 INFO:teuthology.orchestra.run.smithi033.stdout:/usr/bin/ceph: stderr
2024-03-28T14:49:14.984+0000 7f1ec81f8700 1 -- 172.21.15.33:0/3512849477 --> [v2:172.21.15.33:3300/0,v1:172.21.15.33:6789/0] -- mon_command([{prefix=config set, name=mgr/cephadm/container_init}] v 0) v1 -- 0x7f1ec019ce30 con 0x7f1ec0106680
2024-03-28T14:49:15.520 INFO:teuthology.orchestra.run.smithi033.stdout:/usr/bin/ceph: stderr
2024-03-28T14:49:14.988+0000 7f1eb6ffd700 1 -- 172.21.15.33:0/3512849477 <== mon.0 v2:172.21.15.33:3300/0 7 ==== mon_command_ack([{prefix=config set, name=mgr/cephadm/container_init}]=0 v7)=0 v7) v1 ==== 142+0+0 (secure 0 0 0) 0x7f1ebc0172b0 con 0x7f1ec0106680
2024-03-28T14:49:15.520 INFO:teuthology.orchestra.run.smithi033.stdout:/usr/bin/ceph: stderr
2024-03-28T14:49:14.991+0000 7f1ec81f8700 1 -- 172.21.15.33:0/3512849477 >> [v2:172.21.15.33:6800/3523757413,v1:172.21.15.33:6801/3523757413] conn(0x7f1eac038440 msgr2=0x7f1eac03a8f0 secure :-1 s=STATE_CONNECTION_ESTABLISHED l=1).mark_down
2024-03-28T14:49:15.520 INFO:teuthology.orchestra.run.smithi033.stdout:/usr/bin/ceph: stderr
2024-03-28T14:49:14.991+0000 7f1ec81f8700 1 --2- 172.21.15.33:0/3512849477 >> [v2:172.21.15.33:6800/3523757413,v1:172.21.15.33:6801/3523757413] conn(0x7f1eac038440 0x7f1eac03a8f0 secure :-1 s=READY pgs=20 cs=0 l=1 rev1=1 crypto rx=0x7f1eb0006fd0 tx=0x7f1eb0006e40 comp rx=0 tx=0).stop
2024-03-28T14:49:15.520 INFO:teuthology.orchestra.run.smithi033.stdout:/usr/bin/ceph: stderr
2024-03-28T14:49:14.991+0000 7f1ec81f8700 1 -- 172.21.15.33:0/3512849477 >> [v2:172.21.15.33:3300/0,v1:172.21.15.33:6789/0] conn(0x7f1ec0106680 msgr2=0x7f1ec0199890 secure :-1 s=STATE_CONNECTION_ESTABLISHED l=1).mark_down
2024-03-28T14:49:15.520 INFO:teuthology.orchestra.run.smithi033.stdout:/usr/bin/ceph: stderr
2024-03-28T14:49:14.991+0000 7f1ec81f8700 1 --2- 172.21.15.33:0/3512849477 >> [v2:172.21.15.33:3300/0,v1:172.21.15.33:6789/0] conn(0x7f1ec0106680 0x7f1ec0199890 secure :-1 s=READY pgs=64 cs=0 l=1 rev1=1 crypto rx=0x7f1ebc000c00 tx=0x7f1ebc011b50 comp rx=0 tx=0).stop
2024-03-28T14:49:15.520 INFO:teuthology.orchestra.run.smithi033.stdout:/usr/bin/ceph: stderr
2024-03-28T14:49:14.991+0000 7f1ec81f8700 1 -- 172.21.15.33:0/3512849477 shutdown_connections
2024-03-28T14:49:15.520 INFO:teuthology.orchestra.run.smithi033.stdout:/usr/bin/ceph: stderr
2024-03-28T14:49:14.991+0000 7f1ec81f8700 1 --2- 172.21.15.33:0/3512849477 >> [v2:172.21.15.33:6800/3523757413,v1:172.21.15.33:6801/3523757413] conn(0x7f1eac038440 0x7f1eac03a8f0 unknown :-1 s=CLOSED pgs=20 cs=0 l=1 rev1=1 crypto rx=0 tx=0 comp rx=0 tx=0).stop
2024-03-28T14:49:15.520 INFO:teuthology.orchestra.run.smithi033.stdout:/usr/bin/ceph: stderr
2024-03-28T14:49:14.991+0000 7f1ec81f8700 1 --2- 172.21.15.33:0/3512849477 >> [v2:172.21.15.33:3300/0,v1:172.21.15.33:6789/0] conn(0x7f1ec0106680 0x7f1ec0199890 unknown :-1 s=CLOSED pgs=64 cs=0 l=1 rev1=1 crypto rx=0 tx=0 comp rx=0 tx=0).stop
2024-03-28T14:49:15.520 INFO:teuthology.orchestra.run.smithi033.stdout:/usr/bin/ceph: stderr
2024-03-28T14:49:14.991+0000 7f1ec81f8700 1 -- 172.21.15.33:0/3512849477 >> 172.21.15.33:0/3512849477 conn(0x7f1ec0100060 msgr2=0x7f1ec0101740 unknown :-1 s=STATE_NONE l=0).mark_down
2024-03-28T14:49:15.520 INFO:teuthology.orchestra.run.smithi033.stdout:/usr/bin/ceph: stderr
2024-03-28T14:49:14.991+0000 7f1ec81f8700 1 -- 172.21.15.33:0/3512849477 shutdown_connections
2024-03-28T14:49:15.520 INFO:teuthology.orchestra.run.smithi033.stdout:/usr/bin/ceph: stderr
2024-03-28T14:49:14.991+0000 7f1ec81f8700 1 -- 172.21.15.33:0/3512849477 wait complete.
2024-03-28T14:49:16.364 INFO:journalctl@ceph.mon.smithi033.smithi033.stdout:Mar 28 14:49:15 smithi033 ceph-mon[29179]: from='client.? 172.21.15.33:0/3512849477' entity='client.admin'
2024-03-28T14:49:16.677 INFO:teuthology.orchestra.run.smithi033.stdout:/usr/bin/ceph: stderr
2024-03-28T14:49:15.889+0000 7fd53b364700 1 Processor -- start
2024-03-28T14:49:16.677 INFO:teuthology.orchestra.run.smithi033.stdout:/usr/bin/ceph: stderr
2024-03-28T14:49:15.889+0000 7fd53b364700 1 -- start start
2024-03-28T14:49:16.677 INFO:teuthology.orchestra.run.smithi033.stdout:/usr/bin/ceph: stderr
2024-03-28T14:49:15.889+0000 7fd53b364700 1 --2- >> [v2:172.21.15.33:3300/0,v1:172.21.15.33:6789/0] conn(0x7fd534105b10 0x7fd534105f20 unknown :-1 s=NONE pgs=0 cs=0 l=0 rev1=0 crypto rx=0 tx=0 comp rx=0 tx=0).connect
2024-03-28T14:49:16.677 INFO:teuthology.orchestra.run.smithi033.stdout:/usr/bin/ceph: stderr
2024-03-28T14:49:15.889+0000 7fd53b364700 1 -- --> [v2:172.21.15.33:3300/0,v1:172.21.15.33:6789/0] -- mon_getmap magic: 0 v1 -- 0x7fd534106460 con 0x7fd534105b10
2024-03-28T14:49:16.677 INFO:teuthology.orchestra.run.smithi033.stdout:/usr/bin/ceph: stderr
2024-03-28T14:49:15.889+0000 7fd539100700 1 --2- >> [v2:172.21.15.33:3300/0,v1:172.21.15.33:6789/0] conn(0x7fd534105b10 0x7fd534105f20 unknown :-1 s=BANNER_CONNECTING pgs=0 cs=0 l=0 rev1=0 crypto rx=0 tx=0 comp rx=0 tx=0)._handle_peer_banner_payload supported=3 required=0
2024-03-28T14:49:16.677 INFO:teuthology.orchestra.run.smithi033.stdout:/usr/bin/ceph: stderr
2024-03-28T14:49:15.889+0000 7fd539100700 1 --2- >> [v2:172.21.15.33:3300/0,v1:172.21.15.33:6789/0] conn(0x7fd534105b10 0x7fd534105f20 unknown :-1 s=HELLO_CONNECTING pgs=0 cs=0 l=0 rev1=1 crypto rx=0 tx=0 comp rx=0 tx=0).handle_hello peer v2:172.21.15.33:3300/0 says I am v2:172.21.15.33:35620/0 (socket says 172.21.15.33:35620)
2024-03-28T14:49:16.677 INFO:teuthology.orchestra.run.smithi033.stdout:/usr/bin/ceph: stderr
2024-03-28T14:49:15.889+0000 7fd539100700 1 -- 172.21.15.33:0/2089967243 learned_addr learned my addr 172.21.15.33:0/2089967243 (peer_addr_for_me v2:172.21.15.33:0/0)
2024-03-28T14:49:16.677 INFO:teuthology.orchestra.run.smithi033.stdout:/usr/bin/ceph: stderr
2024-03-28T14:49:15.890+0000 7fd539100700 1 -- 172.21.15.33:0/2089967243 --> [v2:172.21.15.33:3300/0,v1:172.21.15.33:6789/0] -- mon_subscribe({config=0+,monmap=0+}) v3 -- 0x7fd5341065a0 con 0x7fd534105b10
2024-03-28T14:49:16.678 INFO:teuthology.orchestra.run.smithi033.stdout:/usr/bin/ceph: stderr
2024-03-28T14:49:15.890+0000 7fd539100700 1 --2- 172.21.15.33:0/2089967243 >> [v2:172.21.15.33:3300/0,v1:172.21.15.33:6789/0] conn(0x7fd534105b10 0x7fd534105f20 secure :-1 s=READY pgs=65 cs=0 l=1 rev1=1 crypto rx=0x7fd5300098a0 tx=0x7fd530009bb0 comp rx=0 tx=0).ready entity=mon.0 client_cookie=e906561199e41a1 server_cookie=0 in_seq=0 out_seq=0
2024-03-28T14:49:16.678 INFO:teuthology.orchestra.run.smithi033.stdout:/usr/bin/ceph: stderr
2024-03-28T14:49:15.890+0000 7fd52bfff700 1 -- 172.21.15.33:0/2089967243 <== mon.0 v2:172.21.15.33:3300/0 1 ==== mon_map magic: 0 v1 ==== 229+0+0 (secure 0 0 0) 0x7fd530004180 con 0x7fd534105b10
2024-03-28T14:49:16.683 INFO:teuthology.orchestra.run.smithi033.stdout:/usr/bin/ceph: stderr
2024-03-28T14:49:15.890+0000 7fd52bfff700 1 -- 172.21.15.33:0/2089967243 <== mon.0 v2:172.21.15.33:3300/0 2 ==== config(27 keys) v1 ==== 1101+0+0 (secure 0 0 0) 0x7fd5300042e0 con 0x7fd534105b10
2024-03-28T14:49:16.683 INFO:teuthology.orchestra.run.smithi033.stdout:/usr/bin/ceph: stderr
2024-03-28T14:49:15.890+0000 7fd52bfff700 1 -- 172.21.15.33:0/2089967243 <== mon.0 v2:172.21.15.33:3300/0 3 ==== mon_map magic: 0 v1 ==== 229+0+0 (secure 0 0 0) 0x7fd530011af0 con 0x7fd534105b10
2024-03-28T14:49:16.683 INFO:teuthology.orchestra.run.smithi033.stdout:/usr/bin/ceph: stderr
2024-03-28T14:49:15.891+0000 7fd53b364700 1 -- 172.21.15.33:0/2089967243 >> [v2:172.21.15.33:3300/0,v1:172.21.15.33:6789/0] conn(0x7fd534105b10 msgr2=0x7fd534105f20 secure :-1 s=STATE_CONNECTION_ESTABLISHED l=1).mark_down
2024-03-28T14:49:16.683 INFO:teuthology.orchestra.run.smithi033.stdout:/usr/bin/ceph: stderr
2024-03-28T14:49:15.891+0000 7fd53b364700 1 --2- 172.21.15.33:0/2089967243 >> [v2:172.21.15.33:3300/0,v1:172.21.15.33:6789/0] conn(0x7fd534105b10 0x7fd534105f20 secure :-1 s=READY pgs=65 cs=0 l=1 rev1=1 crypto rx=0x7fd5300098a0 tx=0x7fd530009bb0 comp rx=0 tx=0).stop
2024-03-28T14:49:16.683 INFO:teuthology.orchestra.run.smithi033.stdout:/usr/bin/ceph: stderr
2024-03-28T14:49:15.891+0000 7fd53b364700 1 -- 172.21.15.33:0/2089967243 shutdown_connections
2024-03-28T14:49:16.683 INFO:teuthology.orchestra.run.smithi033.stdout:/usr/bin/ceph: stderr
2024-03-28T14:49:15.891+0000 7fd53b364700 1 --2- 172.21.15.33:0/2089967243 >> [v2:172.21.15.33:3300/0,v1:172.21.15.33:6789/0] conn(0x7fd534105b10 0x7fd534105f20 unknown :-1 s=CLOSED pgs=65 cs=0 l=1 rev1=1 crypto rx=0 tx=0 comp rx=0 tx=0).stop
2024-03-28T14:49:16.683 INFO:teuthology.orchestra.run.smithi033.stdout:/usr/bin/ceph: stderr
2024-03-28T14:49:15.891+0000 7fd53b364700 1 -- 172.21.15.33:0/2089967243 >> 172.21.15.33:0/2089967243 conn(0x7fd534101180 msgr2=0x7fd534103590 unknown :-1 s=STATE_NONE l=0).mark_down
2024-03-28T14:49:16.683 INFO:teuthology.orchestra.run.smithi033.stdout:/usr/bin/ceph: stderr
2024-03-28T14:49:15.891+0000 7fd53b364700 1 -- 172.21.15.33:0/2089967243 shutdown_connections
2024-03-28T14:49:16.683 INFO:teuthology.orchestra.run.smithi033.stdout:/usr/bin/ceph: stderr
2024-03-28T14:49:15.891+0000 7fd53b364700 1 -- 172.21.15.33:0/2089967243 wait complete.
2024-03-28T14:49:16.683 INFO:teuthology.orchestra.run.smithi033.stdout:/usr/bin/ceph: stderr
2024-03-28T14:49:15.891+0000 7fd53b364700 1 Processor -- start
2024-03-28T14:49:16.683 INFO:teuthology.orchestra.run.smithi033.stdout:/usr/bin/ceph: stderr
2024-03-28T14:49:15.891+0000 7fd53b364700 1 -- start start
2024-03-28T14:49:16.683 INFO:teuthology.orchestra.run.smithi033.stdout:/usr/bin/ceph: stderr
2024-03-28T14:49:15.892+0000 7fd53b364700 1 --2- >> [v2:172.21.15.33:3300/0,v1:172.21.15.33:6789/0] conn(0x7fd534105b10 0x7fd53407bc40 unknown :-1 s=NONE pgs=0 cs=0 l=1 rev1=0 crypto rx=0 tx=0 comp rx=0 tx=0).connect
2024-03-28T14:49:16.683 INFO:teuthology.orchestra.run.smithi033.stdout:/usr/bin/ceph: stderr
2024-03-28T14:49:15.892+0000 7fd53b364700 1 -- --> [v2:172.21.15.33:3300/0,v1:172.21.15.33:6789/0] -- mon_getmap magic: 0 v1 -- 0x7fd53407c180 con 0x7fd534105b10
2024-03-28T14:49:16.684 INFO:teuthology.orchestra.run.smithi033.stdout:/usr/bin/ceph: stderr
2024-03-28T14:49:15.892+0000 7fd539100700 1 --2- >> [v2:172.21.15.33:3300/0,v1:172.21.15.33:6789/0] conn(0x7fd534105b10 0x7fd53407bc40 unknown :-1 s=BANNER_CONNECTING pgs=0 cs=0 l=1 rev1=0 crypto rx=0 tx=0 comp rx=0 tx=0)._handle_peer_banner_payload supported=3 required=0
2024-03-28T14:49:16.684 INFO:teuthology.orchestra.run.smithi033.stdout:/usr/bin/ceph: stderr
2024-03-28T14:49:15.892+0000 7fd539100700 1 --2- >> [v2:172.21.15.33:3300/0,v1:172.21.15.33:6789/0] conn(0x7fd534105b10 0x7fd53407bc40 unknown :-1 s=HELLO_CONNECTING pgs=0 cs=0 l=1 rev1=1 crypto rx=0 tx=0 comp rx=0 tx=0).handle_hello peer v2:172.21.15.33:3300/0 says I am v2:172.21.15.33:35636/0 (socket says 172.21.15.33:35636)
