2024-03-28T14:48:56.486+0000 7f3b3afdb700 1 --2- 172.21.15.33:0/1864639796 >> [v2:172.21.15.33:3300/0,v1:172.21.15.33:6789/0] conn(0x7f3b34079cb0 0x7f3b34108710 unknown :-1 s=CLOSED pgs=41 cs=0 l=1 rev1=1 crypto rx=0 tx=0 comp rx=0 tx=0).stop
2024-03-28T14:48:58.186 INFO:teuthology.orchestra.run.smithi033.stdout:/usr/bin/ceph: stderr
2024-03-28T14:48:56.486+0000 7f3b3afdb700 1 -- 172.21.15.33:0/1864639796 >> 172.21.15.33:0/1864639796 conn(0x7f3b34100060 msgr2=0x7f3b341024b0 unknown :-1 s=STATE_NONE l=0).mark_down
2024-03-28T14:48:58.186 INFO:teuthology.orchestra.run.smithi033.stdout:/usr/bin/ceph: stderr
2024-03-28T14:48:56.486+0000 7f3b3afdb700 1 -- 172.21.15.33:0/1864639796 shutdown_connections
2024-03-28T14:48:58.186 INFO:teuthology.orchestra.run.smithi033.stdout:/usr/bin/ceph: stderr
2024-03-28T14:48:56.486+0000 7f3b3afdb700 1 -- 172.21.15.33:0/1864639796 wait complete.
2024-03-28T14:48:58.186 INFO:teuthology.orchestra.run.smithi033.stdout:/usr/bin/ceph: stderr
2024-03-28T14:48:56.486+0000 7f3b3afdb700 1 Processor -- start
2024-03-28T14:48:58.186 INFO:teuthology.orchestra.run.smithi033.stdout:/usr/bin/ceph: stderr
2024-03-28T14:48:56.486+0000 7f3b3afdb700 1 -- start start
2024-03-28T14:48:58.187 INFO:teuthology.orchestra.run.smithi033.stdout:/usr/bin/ceph: stderr
2024-03-28T14:48:56.487+0000 7f3b3afdb700 1 --2- >> [v2:172.21.15.33:3300/0,v1:172.21.15.33:6789/0] conn(0x7f3b34079cb0 0x7f3b34106060 unknown :-1 s=NONE pgs=0 cs=0 l=1 rev1=0 crypto rx=0 tx=0 comp rx=0 tx=0).connect
2024-03-28T14:48:58.187 INFO:teuthology.orchestra.run.smithi033.stdout:/usr/bin/ceph: stderr
2024-03-28T14:48:56.487+0000 7f3b3afdb700 1 -- --> [v2:172.21.15.33:3300/0,v1:172.21.15.33:6789/0] -- mon_getmap magic: 0 v1 -- 0x7f3b341065a0 con 0x7f3b34079cb0
2024-03-28T14:48:58.187 INFO:teuthology.orchestra.run.smithi033.stdout:/usr/bin/ceph: stderr
2024-03-28T14:48:56.487+0000 7f3b38d77700 1 --2- >> [v2:172.21.15.33:3300/0,v1:172.21.15.33:6789/0] conn(0x7f3b34079cb0 0x7f3b34106060 unknown :-1 s=BANNER_CONNECTING pgs=0 cs=0 l=1 rev1=0 crypto rx=0 tx=0 comp rx=0 tx=0)._handle_peer_banner_payload supported=3 required=0
2024-03-28T14:48:58.187 INFO:teuthology.orchestra.run.smithi033.stdout:/usr/bin/ceph: stderr
2024-03-28T14:48:56.487+0000 7f3b38d77700 1 --2- >> [v2:172.21.15.33:3300/0,v1:172.21.15.33:6789/0] conn(0x7f3b34079cb0 0x7f3b34106060 unknown :-1 s=HELLO_CONNECTING pgs=0 cs=0 l=1 rev1=1 crypto rx=0 tx=0 comp rx=0 tx=0).handle_hello peer v2:172.21.15.33:3300/0 says I am v2:172.21.15.33:56674/0 (socket says 172.21.15.33:56674)
2024-03-28T14:48:58.187 INFO:teuthology.orchestra.run.smithi033.stdout:/usr/bin/ceph: stderr
2024-03-28T14:48:56.487+0000 7f3b38d77700 1 -- 172.21.15.33:0/2171947440 learned_addr learned my addr 172.21.15.33:0/2171947440 (peer_addr_for_me v2:172.21.15.33:0/0)
2024-03-28T14:48:58.187 INFO:teuthology.orchestra.run.smithi033.stdout:/usr/bin/ceph: stderr
2024-03-28T14:48:56.487+0000 7f3b38d77700 1 -- 172.21.15.33:0/2171947440 --> [v2:172.21.15.33:3300/0,v1:172.21.15.33:6789/0] -- mon_subscribe({config=0+,monmap=0+}) v3 -- 0x7f3b28009550 con 0x7f3b34079cb0
2024-03-28T14:48:58.187 INFO:teuthology.orchestra.run.smithi033.stdout:/usr/bin/ceph: stderr
2024-03-28T14:48:56.487+0000 7f3b38d77700 1 --2- 172.21.15.33:0/2171947440 >> [v2:172.21.15.33:3300/0,v1:172.21.15.33:6789/0] conn(0x7f3b34079cb0 0x7f3b34106060 secure :-1 s=READY pgs=42 cs=0 l=1 rev1=1 crypto rx=0x7f3b28000c00 tx=0x7f3b28011ab0 comp rx=0 tx=0).ready entity=mon.0 client_cookie=0 server_cookie=0 in_seq=0 out_seq=0
2024-03-28T14:48:58.187 INFO:teuthology.orchestra.run.smithi033.stdout:/usr/bin/ceph: stderr
2024-03-28T14:48:56.487+0000 7f3b31ffb700 1 -- 172.21.15.33:0/2171947440 <== mon.0 v2:172.21.15.33:3300/0 1 ==== mon_map magic: 0 v1 ==== 229+0+0 (secure 0 0 0) 0x7f3b280039c0 con 0x7f3b34079cb0
2024-03-28T14:48:58.187 INFO:teuthology.orchestra.run.smithi033.stdout:/usr/bin/ceph: stderr
2024-03-28T14:48:56.487+0000 7f3b3afdb700 1 -- 172.21.15.33:0/2171947440 --> [v2:172.21.15.33:3300/0,v1:172.21.15.33:6789/0] -- mon_subscribe({mgrmap=0+}) v3 -- 0x7f3b341046b0 con 0x7f3b34079cb0
2024-03-28T14:48:58.187 INFO:teuthology.orchestra.run.smithi033.stdout:/usr/bin/ceph: stderr
2024-03-28T14:48:56.487+0000 7f3b31ffb700 1 -- 172.21.15.33:0/2171947440 <== mon.0 v2:172.21.15.33:3300/0 2 ==== config(27 keys) v1 ==== 1037+0+0 (secure 0 0 0) 0x7f3b28003b20 con 0x7f3b34079cb0
2024-03-28T14:48:58.187 INFO:teuthology.orchestra.run.smithi033.stdout:/usr/bin/ceph: stderr
2024-03-28T14:48:56.487+0000 7f3b31ffb700 1 -- 172.21.15.33:0/2171947440 <== mon.0 v2:172.21.15.33:3300/0 3 ==== mon_map magic: 0 v1 ==== 229+0+0 (secure 0 0 0) 0x7f3b28019770 con 0x7f3b34079cb0
2024-03-28T14:48:58.187 INFO:teuthology.orchestra.run.smithi033.stdout:/usr/bin/ceph: stderr
2024-03-28T14:48:56.488+0000 7f3b3afdb700 1 -- 172.21.15.33:0/2171947440 --> [v2:172.21.15.33:3300/0,v1:172.21.15.33:6789/0] -- mon_subscribe({osdmap=0}) v3 -- 0x7f3b34104ad0 con 0x7f3b34079cb0
2024-03-28T14:48:58.187 INFO:teuthology.orchestra.run.smithi033.stdout:/usr/bin/ceph: stderr
2024-03-28T14:48:56.488+0000 7f3b31ffb700 1 -- 172.21.15.33:0/2171947440 <== mon.0 v2:172.21.15.33:3300/0 4 ==== mgrmap(e 8) v1 ==== 45084+0+0 (secure 0 0 0) 0x7f3b2801a430 con 0x7f3b34079cb0
2024-03-28T14:48:58.188 INFO:teuthology.orchestra.run.smithi033.stdout:/usr/bin/ceph: stderr
2024-03-28T14:48:56.489+0000 7f3b31ffb700 1 --2- 172.21.15.33:0/2171947440 >> [v2:172.21.15.33:6800/3523757413,v1:172.21.15.33:6801/3523757413] conn(0x7f3b240383f0 0x7f3b2403a8a0 unknown :-1 s=NONE pgs=0 cs=0 l=1 rev1=0 crypto rx=0 tx=0 comp rx=0 tx=0).connect
2024-03-28T14:48:58.188 INFO:teuthology.orchestra.run.smithi033.stdout:/usr/bin/ceph: stderr
2024-03-28T14:48:56.489+0000 7f3b31ffb700 1 -- 172.21.15.33:0/2171947440 <== mon.0 v2:172.21.15.33:3300/0 5 ==== osd_map(2..2 src has 1..2) v4 ==== 940+0+0 (secure 0 0 0) 0x7f3b2804c450 con 0x7f3b34079cb0
2024-03-28T14:48:58.188 INFO:teuthology.orchestra.run.smithi033.stdout:/usr/bin/ceph: stderr
2024-03-28T14:48:56.489+0000 7f3b3afdb700 1 -- 172.21.15.33:0/2171947440 --> [v2:172.21.15.33:3300/0,v1:172.21.15.33:6789/0] -- mon_command({"prefix": "get_command_descriptions"} v 0) v1 -- 0x7f3b340623f0 con 0x7f3b34079cb0
2024-03-28T14:48:58.188 INFO:teuthology.orchestra.run.smithi033.stdout:/usr/bin/ceph: stderr
2024-03-28T14:48:56.489+0000 7f3b33fff700 1 --2- 172.21.15.33:0/2171947440 >> [v2:172.21.15.33:6800/3523757413,v1:172.21.15.33:6801/3523757413] conn(0x7f3b240383f0 0x7f3b2403a8a0 unknown :-1 s=BANNER_CONNECTING pgs=0 cs=0 l=1 rev1=0 crypto rx=0 tx=0 comp rx=0 tx=0)._handle_peer_banner_payload supported=3 required=0
2024-03-28T14:48:58.188 INFO:teuthology.orchestra.run.smithi033.stdout:/usr/bin/ceph: stderr
2024-03-28T14:48:56.489+0000 7f3b33fff700 1 --2- 172.21.15.33:0/2171947440 >> [v2:172.21.15.33:6800/3523757413,v1:172.21.15.33:6801/3523757413] conn(0x7f3b240383f0 0x7f3b2403a8a0 secure :-1 s=READY pgs=9 cs=0 l=1 rev1=1 crypto rx=0x7f3b20006fd0 tx=0x7f3b20006e40 comp rx=0 tx=0).ready entity=mgr.14120 client_cookie=0 server_cookie=0 in_seq=0 out_seq=0
2024-03-28T14:48:58.188 INFO:teuthology.orchestra.run.smithi033.stdout:/usr/bin/ceph: stderr
2024-03-28T14:48:56.494+0000 7f3b31ffb700 1 -- 172.21.15.33:0/2171947440 <== mon.0 v2:172.21.15.33:3300/0 6 ==== mon_command_ack([{"prefix": "get_command_descriptions"}]=0 v0) v1 ==== 72+0+177933 (secure 0 0 0) 0x7f3b340623f0 con 0x7f3b34079cb0
2024-03-28T14:48:58.188 INFO:teuthology.orchestra.run.smithi033.stdout:/usr/bin/ceph: stderr
2024-03-28T14:48:56.695+0000 7f3b3afdb700 1 -- 172.21.15.33:0/2171947440 --> [v2:172.21.15.33:6800/3523757413,v1:172.21.15.33:6801/3523757413] -- mgr_command(tid 0: {"prefix": "cephadm generate-key", "target": ["mon-mgr", ""]}) v1 -- 0x7f3b34062380 con 0x7f3b240383f0
2024-03-28T14:48:58.188 INFO:teuthology.orchestra.run.smithi033.stdout:/usr/bin/ceph: stderr
2024-03-28T14:48:57.495+0000 7f3b31ffb700 1 -- 172.21.15.33:0/2171947440 <== mgr.14120 v2:172.21.15.33:6800/3523757413 1 ==== mgr_command_reply(tid 0: 0 ) v1 ==== 8+0+0 (secure 0 0 0) 0x7f3b34062380 con 0x7f3b240383f0
2024-03-28T14:48:58.188 INFO:teuthology.orchestra.run.smithi033.stdout:/usr/bin/ceph: stderr
2024-03-28T14:48:57.497+0000 7f3b3afdb700 1 -- 172.21.15.33:0/2171947440 >> [v2:172.21.15.33:6800/3523757413,v1:172.21.15.33:6801/3523757413] conn(0x7f3b240383f0 msgr2=0x7f3b2403a8a0 secure :-1 s=STATE_CONNECTION_ESTABLISHED l=1).mark_down
2024-03-28T14:48:58.188 INFO:teuthology.orchestra.run.smithi033.stdout:/usr/bin/ceph: stderr
2024-03-28T14:48:57.497+0000 7f3b3afdb700 1 --2- 172.21.15.33:0/2171947440 >> [v2:172.21.15.33:6800/3523757413,v1:172.21.15.33:6801/3523757413] conn(0x7f3b240383f0 0x7f3b2403a8a0 secure :-1 s=READY pgs=9 cs=0 l=1 rev1=1 crypto rx=0x7f3b20006fd0 tx=0x7f3b20006e40 comp rx=0 tx=0).stop
2024-03-28T14:48:58.188 INFO:teuthology.orchestra.run.smithi033.stdout:/usr/bin/ceph: stderr
2024-03-28T14:48:57.497+0000 7f3b3afdb700 1 -- 172.21.15.33:0/2171947440 >> [v2:172.21.15.33:3300/0,v1:172.21.15.33:6789/0] conn(0x7f3b34079cb0 msgr2=0x7f3b34106060 secure :-1 s=STATE_CONNECTION_ESTABLISHED l=1).mark_down
2024-03-28T14:48:58.188 INFO:teuthology.orchestra.run.smithi033.stdout:/usr/bin/ceph: stderr
2024-03-28T14:48:57.497+0000 7f3b3afdb700 1 --2- 172.21.15.33:0/2171947440 >> [v2:172.21.15.33:3300/0,v1:172.21.15.33:6789/0] conn(0x7f3b34079cb0 0x7f3b34106060 secure :-1 s=READY pgs=42 cs=0 l=1 rev1=1 crypto rx=0x7f3b28000c00 tx=0x7f3b28011ab0 comp rx=0 tx=0).stop
2024-03-28T14:48:58.188 INFO:teuthology.orchestra.run.smithi033.stdout:/usr/bin/ceph: stderr
2024-03-28T14:48:57.497+0000 7f3b3afdb700 1 -- 172.21.15.33:0/2171947440 shutdown_connections
2024-03-28T14:48:58.188 INFO:teuthology.orchestra.run.smithi033.stdout:/usr/bin/ceph: stderr
2024-03-28T14:48:57.497+0000 7f3b3afdb700 1 --2- 172.21.15.33:0/2171947440 >> [v2:172.21.15.33:6800/3523757413,v1:172.21.15.33:6801/3523757413] conn(0x7f3b240383f0 0x7f3b2403a8a0 unknown :-1 s=CLOSED pgs=9 cs=0 l=1 rev1=1 crypto rx=0 tx=0 comp rx=0 tx=0).stop
2024-03-28T14:48:58.189 INFO:teuthology.orchestra.run.smithi033.stdout:/usr/bin/ceph: stderr
2024-03-28T14:48:57.497+0000 7f3b3afdb700 1 --2- 172.21.15.33:0/2171947440 >> [v2:172.21.15.33:3300/0,v1:172.21.15.33:6789/0] conn(0x7f3b34079cb0 0x7f3b34106060 unknown :-1 s=CLOSED pgs=42 cs=0 l=1 rev1=1 crypto rx=0 tx=0 comp rx=0 tx=0).stop
2024-03-28T14:48:58.189 INFO:teuthology.orchestra.run.smithi033.stdout:/usr/bin/ceph: stderr
2024-03-28T14:48:57.497+0000 7f3b3afdb700 1 -- 172.21.15.33:0/2171947440 >> 172.21.15.33:0/2171947440 conn(0x7f3b34100060 msgr2=0x7f3b341017b0 unknown :-1 s=STATE_NONE l=0).mark_down
2024-03-28T14:48:58.189 INFO:teuthology.orchestra.run.smithi033.stdout:/usr/bin/ceph: stderr
2024-03-28T14:48:57.497+0000 7f3b3afdb700 1 -- 172.21.15.33:0/2171947440 shutdown_connections
2024-03-28T14:48:58.189 INFO:teuthology.orchestra.run.smithi033.stdout:/usr/bin/ceph: stderr
2024-03-28T14:48:57.497+0000 7f3b3afdb700 1 -- 172.21.15.33:0/2171947440 wait complete.
2024-03-28T14:48:58.605 INFO:journalctl@ceph.mon.smithi033.smithi033.stdout:Mar 28 14:48:58 smithi033 ceph-mon[29179]: from='client.14136 -' entity='client.admin' cmd=[{"prefix": "cephadm generate-key", "target": ["mon-mgr", ""]}]: dispatch
2024-03-28T14:48:58.605 INFO:journalctl@ceph.mon.smithi033.smithi033.stdout:Mar 28 14:48:58 smithi033 ceph-mon[29179]: Generating ssh key...
2024-03-28T14:48:58.605 INFO:journalctl@ceph.mon.smithi033.smithi033.stdout:Mar 28 14:48:58 smithi033 ceph-mon[29179]: from='mgr.14120 172.21.15.33:0/3936547960' entity='mgr.smithi033.fkpyxe'
2024-03-28T14:48:58.605 INFO:journalctl@ceph.mon.smithi033.smithi033.stdout:Mar 28 14:48:58 smithi033 ceph-mon[29179]: from='mgr.14120 172.21.15.33:0/3936547960' entity='mgr.smithi033.fkpyxe'
2024-03-28T14:48:59.342 INFO:teuthology.orchestra.run.smithi033.stdout:/usr/bin/ceph: stdout ssh-rsa AAAAB3NzaC1yc2EAAAADAQABAAABgQDfnA8fBgQac2HvdBM1z8Lh2UWOCS1SALhz6BbwxQu01stPXlHjK22y2GJszihrf1EH9Ugp7bW5hRCQ4FMdU8fCwZtkR/6lMEqCO+l4ivtFSOYGiZpaFZkz7yaftCnDPASq6LCIZFl/qZlVFZ4cCasJu/fyXpljSqX7QSCVHPBGKVXojERYLzcsBx1lb0D+yEhR3l+Kq1G50/NIDIut/6NESOj9hhS+W4cbdfGhHELepCStI2/kNYSH0SS/2DdpOoFp5yGHt3gxPOqzo1ve1rA5uB01+G31/f83r1vqJJWSxiUjo6eqwu1evP8MqoLI5NO4wW5yt1Xm2+JGwfLKtzFgGWNSsiPETu+uL6DL9FI+FEgELZq74/0Sy8lqSCsHAQumzGc2k8nBDUFDXHrtdWXfo1DklGUiMiwM1sLtGgzvfBBAMshCzJkU+KdU+NwN4zviDmsHyZfzfsDbJIQbGrAiuOOhRYyW8J+BeO/T0Z8BNaDPDwxIXqA1m9kqNgYcggc= ceph-24085368-ed12-11ee-95d0-87774f69a715
2024-03-28T14:48:59.342 INFO:teuthology.orchestra.run.smithi033.stdout:/usr/bin/ceph: stderr
2024-03-28T14:48:58.633+0000 7ffaca8ca700 1 Processor -- start
2024-03-28T14:48:59.342 INFO:teuthology.orchestra.run.smithi033.stdout:/usr/bin/ceph: stderr
2024-03-28T14:48:58.633+0000 7ffaca8ca700 1 -- start start
2024-03-28T14:48:59.342 INFO:teuthology.orchestra.run.smithi033.stdout:/usr/bin/ceph: stderr
2024-03-28T14:48:58.634+0000 7ffaca8ca700 1 --2- >> [v2:172.21.15.33:3300/0,v1:172.21.15.33:6789/0] conn(0x7ffac4106620 0x7ffac4108a00 unknown :-1 s=NONE pgs=0 cs=0 l=0 rev1=0 crypto rx=0 tx=0 comp rx=0 tx=0).connect
2024-03-28T14:48:59.342 INFO:teuthology.orchestra.run.smithi033.stdout:/usr/bin/ceph: stderr
2024-03-28T14:48:58.634+0000 7ffaca8ca700 1 -- --> [v2:172.21.15.33:3300/0,v1:172.21.15.33:6789/0] -- mon_getmap magic: 0 v1 -- 0x7ffac4079d70 con 0x7ffac4106620
2024-03-28T14:48:59.342 INFO:teuthology.orchestra.run.smithi033.stdout:/usr/bin/ceph: stderr
2024-03-28T14:48:58.634+0000 7ffac3fff700 1 --2- >> [v2:172.21.15.33:3300/0,v1:172.21.15.33:6789/0] conn(0x7ffac4106620 0x7ffac4108a00 unknown :-1 s=BANNER_CONNECTING pgs=0 cs=0 l=0 rev1=0 crypto rx=0 tx=0 comp rx=0 tx=0)._handle_peer_banner_payload supported=3 required=0
2024-03-28T14:48:59.342 INFO:teuthology.orchestra.run.smithi033.stdout:/usr/bin/ceph: stderr
2024-03-28T14:48:58.634+0000 7ffac3fff700 1 --2- >> [v2:172.21.15.33:3300/0,v1:172.21.15.33:6789/0] conn(0x7ffac4106620 0x7ffac4108a00 unknown :-1 s=HELLO_CONNECTING pgs=0 cs=0 l=0 rev1=1 crypto rx=0 tx=0 comp rx=0 tx=0).handle_hello peer v2:172.21.15.33:3300/0 says I am v2:172.21.15.33:56686/0 (socket says 172.21.15.33:56686)
2024-03-28T14:48:59.342 INFO:teuthology.orchestra.run.smithi033.stdout:/usr/bin/ceph: stderr
2024-03-28T14:48:58.634+0000 7ffac3fff700 1 -- 172.21.15.33:0/3666879207 learned_addr learned my addr 172.21.15.33:0/3666879207 (peer_addr_for_me v2:172.21.15.33:0/0)
2024-03-28T14:48:59.342 INFO:teuthology.orchestra.run.smithi033.stdout:/usr/bin/ceph: stderr
2024-03-28T14:48:58.634+0000 7ffac3fff700 1 -- 172.21.15.33:0/3666879207 --> [v2:172.21.15.33:3300/0,v1:172.21.15.33:6789/0] -- mon_subscribe({config=0+,monmap=0+}) v3 -- 0x7ffac4079eb0 con 0x7ffac4106620
2024-03-28T14:48:59.342 INFO:teuthology.orchestra.run.smithi033.stdout:/usr/bin/ceph: stderr
2024-03-28T14:48:58.634+0000 7ffac3fff700 1 --2- 172.21.15.33:0/3666879207 >> [v2:172.21.15.33:3300/0,v1:172.21.15.33:6789/0] conn(0x7ffac4106620 0x7ffac4108a00 secure :-1 s=READY pgs=43 cs=0 l=1 rev1=1 crypto rx=0x7ffab40098a0 tx=0x7ffab4009bb0 comp rx=0 tx=0).ready entity=mon.0 client_cookie=c69b21954b0a5047 server_cookie=0 in_seq=0 out_seq=0
2024-03-28T14:48:59.343 INFO:teuthology.orchestra.run.smithi033.stdout:/usr/bin/ceph: stderr
2024-03-28T14:48:58.635+0000 7ffac2ffd700 1 -- 172.21.15.33:0/3666879207 <== mon.0 v2:172.21.15.33:3300/0 1 ==== mon_map magic: 0 v1 ==== 229+0+0 (secure 0 0 0) 0x7ffab4004180 con 0x7ffac4106620
2024-03-28T14:48:59.343 INFO:teuthology.orchestra.run.smithi033.stdout:/usr/bin/ceph: stderr
2024-03-28T14:48:58.635+0000 7ffac2ffd700 1 -- 172.21.15.33:0/3666879207 <== mon.0 v2:172.21.15.33:3300/0 2 ==== config(27 keys) v1 ==== 1037+0+0 (secure 0 0 0) 0x7ffab40042e0 con 0x7ffac4106620
2024-03-28T14:48:59.343 INFO:teuthology.orchestra.run.smithi033.stdout:/usr/bin/ceph: stderr
2024-03-28T14:48:58.635+0000 7ffac2ffd700 1 -- 172.21.15.33:0/3666879207 <== mon.0 v2:172.21.15.33:3300/0 3 ==== mon_map magic: 0 v1 ==== 229+0+0 (secure 0 0 0) 0x7ffab4011a50 con 0x7ffac4106620
2024-03-28T14:48:59.343 INFO:teuthology.orchestra.run.smithi033.stdout:/usr/bin/ceph: stderr
2024-03-28T14:48:58.635+0000 7ffaca8ca700 1 -- 172.21.15.33:0/3666879207 >> [v2:172.21.15.33:3300/0,v1:172.21.15.33:6789/0] conn(0x7ffac4106620 msgr2=0x7ffac4108a00 secure :-1 s=STATE_CONNECTION_ESTABLISHED l=1).mark_down
2024-03-28T14:48:59.343 INFO:teuthology.orchestra.run.smithi033.stdout:/usr/bin/ceph: stderr
2024-03-28T14:48:58.635+0000 7ffaca8ca700 1 --2- 172.21.15.33:0/3666879207 >> [v2:172.21.15.33:3300/0,v1:172.21.15.33:6789/0] conn(0x7ffac4106620 0x7ffac4108a00 secure :-1 s=READY pgs=43 cs=0 l=1 rev1=1 crypto rx=0x7ffab40098a0 tx=0x7ffab4009bb0 comp rx=0 tx=0).stop
2024-03-28T14:48:59.343 INFO:teuthology.orchestra.run.smithi033.stdout:/usr/bin/ceph: stderr
2024-03-28T14:48:58.635+0000 7ffaca8ca700 1 -- 172.21.15.33:0/3666879207 shutdown_connections
2024-03-28T14:48:59.343 INFO:teuthology.orchestra.run.smithi033.stdout:/usr/bin/ceph: stderr
2024-03-28T14:48:58.635+0000 7ffaca8ca700 1 --2- 172.21.15.33:0/3666879207 >> [v2:172.21.15.33:3300/0,v1:172.21.15.33:6789/0] conn(0x7ffac4106620 0x7ffac4108a00 unknown :-1 s=CLOSED pgs=43 cs=0 l=1 rev1=1 crypto rx=0 tx=0 comp rx=0 tx=0).stop
2024-03-28T14:48:59.343 INFO:teuthology.orchestra.run.smithi033.stdout:/usr/bin/ceph: stderr
2024-03-28T14:48:58.635+0000 7ffaca8ca700 1 -- 172.21.15.33:0/3666879207 >> 172.21.15.33:0/3666879207 conn(0x7ffac4100060 msgr2=0x7ffac4102490 unknown :-1 s=STATE_NONE l=0).mark_down
2024-03-28T14:48:59.343 INFO:teuthology.orchestra.run.smithi033.stdout:/usr/bin/ceph: stderr
2024-03-28T14:48:58.635+0000 7ffaca8ca700 1 -- 172.21.15.33:0/3666879207 shutdown_connections
2024-03-28T14:48:59.343 INFO:teuthology.orchestra.run.smithi033.stdout:/usr/bin/ceph: stderr
2024-03-28T14:48:58.635+0000 7ffaca8ca700 1 -- 172.21.15.33:0/3666879207 wait complete.
2024-03-28T14:48:59.343 INFO:teuthology.orchestra.run.smithi033.stdout:/usr/bin/ceph: stderr
2024-03-28T14:48:58.636+0000 7ffaca8ca700 1 Processor -- start
2024-03-28T14:48:59.343 INFO:teuthology.orchestra.run.smithi033.stdout:/usr/bin/ceph: stderr
2024-03-28T14:48:58.636+0000 7ffaca8ca700 1 -- start start
2024-03-28T14:48:59.343 INFO:teuthology.orchestra.run.smithi033.stdout:/usr/bin/ceph: stderr
2024-03-28T14:48:58.636+0000 7ffaca8ca700 1 --2- >> [v2:172.21.15.33:3300/0,v1:172.21.15.33:6789/0] conn(0x7ffac4106620 0x7ffac4199870 unknown :-1 s=NONE pgs=0 cs=0 l=1 rev1=0 crypto rx=0 tx=0 comp rx=0 tx=0).connect
2024-03-28T14:48:59.343 INFO:teuthology.orchestra.run.smithi033.stdout:/usr/bin/ceph: stderr
2024-03-28T14:48:58.636+0000 7ffaca8ca700 1 -- --> [v2:172.21.15.33:3300/0,v1:172.21.15.33:6789/0] -- mon_getmap magic: 0 v1 -- 0x7ffac4199db0 con 0x7ffac4106620
2024-03-28T14:48:59.344 INFO:teuthology.orchestra.run.smithi033.stdout:/usr/bin/ceph: stderr
2024-03-28T14:48:58.636+0000 7ffac3fff700 1 --2- >> [v2:172.21.15.33:3300/0,v1:172.21.15.33:6789/0] conn(0x7ffac4106620 0x7ffac4199870 unknown :-1 s=BANNER_CONNECTING pgs=0 cs=0 l=1 rev1=0 crypto rx=0 tx=0 comp rx=0 tx=0)._handle_peer_banner_payload supported=3 required=0
2024-03-28T14:48:59.344 INFO:teuthology.orchestra.run.smithi033.stdout:/usr/bin/ceph: stderr
2024-03-28T14:48:58.636+0000 7ffac3fff700 1 --2- >> [v2:172.21.15.33:3300/0,v1:172.21.15.33:6789/0] conn(0x7ffac4106620 0x7ffac4199870 unknown :-1 s=HELLO_CONNECTING pgs=0 cs=0 l=1 rev1=1 crypto rx=0 tx=0 comp rx=0 tx=0).handle_hello peer v2:172.21.15.33:3300/0 says I am v2:172.21.15.33:56694/0 (socket says 172.21.15.33:56694)
2024-03-28T14:48:59.344 INFO:teuthology.orchestra.run.smithi033.stdout:/usr/bin/ceph: stderr
2024-03-28T14:48:58.636+0000 7ffac3fff700 1 -- 172.21.15.33:0/786549577 learned_addr learned my addr 172.21.15.33:0/786549577 (peer_addr_for_me v2:172.21.15.33:0/0)
2024-03-28T14:48:59.344 INFO:teuthology.orchestra.run.smithi033.stdout:/usr/bin/ceph: stderr
2024-03-28T14:48:58.637+0000 7ffac3fff700 1 -- 172.21.15.33:0/786549577 --> [v2:172.21.15.33:3300/0,v1:172.21.15.33:6789/0] -- mon_subscribe({config=0+,monmap=0+}) v3 -- 0x7ffab4009550 con 0x7ffac4106620
2024-03-28T14:48:59.344 INFO:teuthology.orchestra.run.smithi033.stdout:/usr/bin/ceph: stderr
2024-03-28T14:48:58.637+0000 7ffac3fff700 1 --2- 172.21.15.33:0/786549577 >> [v2:172.21.15.33:3300/0,v1:172.21.15.33:6789/0] conn(0x7ffac4106620 0x7ffac4199870 secure :-1 s=READY pgs=44 cs=0 l=1 rev1=1 crypto rx=0x7ffab4000c00 tx=0x7ffab4011ab0 comp rx=0 tx=0).ready entity=mon.0 client_cookie=0 server_cookie=0 in_seq=0 out_seq=0
2024-03-28T14:48:59.344 INFO:teuthology.orchestra.run.smithi033.stdout:/usr/bin/ceph: stderr
2024-03-28T14:48:58.637+0000 7ffac17fa700 1 -- 172.21.15.33:0/786549577 <== mon.0 v2:172.21.15.33:3300/0 1 ==== mon_map magic: 0 v1 ==== 229+0+0 (secure 0 0 0) 0x7ffab4003b90 con 0x7ffac4106620
2024-03-28T14:48:59.344 INFO:teuthology.orchestra.run.smithi033.stdout:/usr/bin/ceph: stderr
2024-03-28T14:48:58.637+0000 7ffaca8ca700 1 -- 172.21.15.33:0/786549577 --> [v2:172.21.15.33:3300/0,v1:172.21.15.33:6789/0] -- mon_subscribe({mgrmap=0+}) v3 -- 0x7ffac4199fb0 con 0x7ffac4106620
2024-03-28T14:48:59.344 INFO:teuthology.orchestra.run.smithi033.stdout:/usr/bin/ceph: stderr
2024-03-28T14:48:58.637+0000 7ffac17fa700 1 -- 172.21.15.33:0/786549577 <== mon.0 v2:172.21.15.33:3300/0 2 ==== config(27 keys) v1 ==== 1037+0+0 (secure 0 0 0) 0x7ffab40248b0 con 0x7ffac4106620
2024-03-28T14:48:59.344 INFO:teuthology.orchestra.run.smithi033.stdout:/usr/bin/ceph: stderr
2024-03-28T14:48:58.637+0000 7ffac17fa700 1 -- 172.21.15.33:0/786549577 <== mon.0 v2:172.21.15.33:3300/0 3 ==== mon_map magic: 0 v1 ==== 229+0+0 (secure 0 0 0) 0x7ffab401a8e0 con 0x7ffac4106620
2024-03-28T14:48:59.344 INFO:teuthology.orchestra.run.smithi033.stdout:/usr/bin/ceph: stderr
2024-03-28T14:48:58.637+0000 7ffaca8ca700 1 -- 172.21.15.33:0/786549577 --> [v2:172.21.15.33:3300/0,v1:172.21.15.33:6789/0] -- mon_subscribe({osdmap=0}) v3 -- 0x7ffac419a3d0 con 0x7ffac4106620
2024-03-28T14:48:59.344 INFO:teuthology.orchestra.run.smithi033.stdout:/usr/bin/ceph: stderr
2024-03-28T14:48:58.638+0000 7ffac17fa700 1 -- 172.21.15.33:0/786549577 <== mon.0 v2:172.21.15.33:3300/0 4 ==== mgrmap(e 8) v1 ==== 45084+0+0 (secure 0 0 0) 0x7ffab4024a20 con 0x7ffac4106620
2024-03-28T14:48:59.344 INFO:teuthology.orchestra.run.smithi033.stdout:/usr/bin/ceph: stderr
2024-03-28T14:48:58.638+0000 7ffaca8ca700 1 -- 172.21.15.33:0/786549577 --> [v2:172.21.15.33:3300/0,v1:172.21.15.33:6789/0] -- mon_command({"prefix": "get_command_descriptions"} v 0) v1 -- 0x7ffac4109b90 con 0x7ffac4106620
2024-03-28T14:48:59.344 INFO:teuthology.orchestra.run.smithi033.stdout:/usr/bin/ceph: stderr
2024-03-28T14:48:58.638+0000 7ffac17fa700 1 --2- 172.21.15.33:0/786549577 >> [v2:172.21.15.33:6800/3523757413,v1:172.21.15.33:6801/3523757413] conn(0x7ffaac0383f0 0x7ffaac03a8a0 unknown :-1 s=NONE pgs=0 cs=0 l=1 rev1=0 crypto rx=0 tx=0 comp rx=0 tx=0).connect
2024-03-28T14:48:59.344 INFO:teuthology.orchestra.run.smithi033.stdout:/usr/bin/ceph: stderr
2024-03-28T14:48:58.638+0000 7ffac17fa700 1 -- 172.21.15.33:0/786549577 <== mon.0 v2:172.21.15.33:3300/0 5 ==== osd_map(2..2 src has 1..2) v4 ==== 940+0+0 (secure 0 0 0) 0x7ffab404c420 con 0x7ffac4106620
2024-03-28T14:48:59.345 INFO:teuthology.orchestra.run.smithi033.stdout:/usr/bin/ceph: stderr
2024-03-28T14:48:58.638+0000 7ffac37fe700 1 --2- 172.21.15.33:0/786549577 >> [v2:172.21.15.33:6800/3523757413,v1:172.21.15.33:6801/3523757413] conn(0x7ffaac0383f0 0x7ffaac03a8a0 unknown :-1 s=BANNER_CONNECTING pgs=0 cs=0 l=1 rev1=0 crypto rx=0 tx=0 comp rx=0 tx=0)._handle_peer_banner_payload supported=3 required=0
2024-03-28T14:48:59.345 INFO:teuthology.orchestra.run.smithi033.stdout:/usr/bin/ceph: stderr
2024-03-28T14:48:58.639+0000 7ffac37fe700 1 --2- 172.21.15.33:0/786549577 >> [v2:172.21.15.33:6800/3523757413,v1:172.21.15.33:6801/3523757413] conn(0x7ffaac0383f0 0x7ffaac03a8a0 secure :-1 s=READY pgs=10 cs=0 l=1 rev1=1 crypto rx=0x7ffab8006fd0 tx=0x7ffab8006e40 comp rx=0 tx=0).ready entity=mgr.14120 client_cookie=0 server_cookie=0 in_seq=0 out_seq=0
2024-03-28T14:48:59.345 INFO:teuthology.orchestra.run.smithi033.stdout:/usr/bin/ceph: stderr
2024-03-28T14:48:58.643+0000 7ffac17fa700 1 -- 172.21.15.33:0/786549577 <== mon.0 v2:172.21.15.33:3300/0 6 ==== mon_command_ack([{"prefix": "get_command_descriptions"}]=0 v0) v1 ==== 72+0+177933 (secure 0 0 0) 0x7ffab4018db0 con 0x7ffac4106620
2024-03-28T14:48:59.345 INFO:teuthology.orchestra.run.smithi033.stdout:/usr/bin/ceph: stderr
2024-03-28T14:48:58.846+0000 7ffaca8ca700 1 -- 172.21.15.33:0/786549577 --> [v2:172.21.15.33:6800/3523757413,v1:172.21.15.33:6801/3523757413] -- mgr_command(tid 0: {"prefix": "cephadm get-pub-key", "target": ["mon-mgr", ""]}) v1 -- 0x7ffac419d230 con 0x7ffaac0383f0
2024-03-28T14:48:59.345 INFO:teuthology.orchestra.run.smithi033.stdout:/usr/bin/ceph: stderr
2024-03-28T14:48:58.846+0000 7ffac17fa700 1 -- 172.21.15.33:0/786549577 <== mgr.14120 v2:172.21.15.33:6800/3523757413 1 ==== mgr_command_reply(tid 0: 0 ) v1 ==== 8+0+595 (secure 0 0 0) 0x7ffac419d230 con 0x7ffaac0383f0
2024-03-28T14:48:59.345 INFO:teuthology.orchestra.run.smithi033.stdout:/usr/bin/ceph: stderr
2024-03-28T14:48:58.848+0000 7ffaca8ca700 1 -- 172.21.15.33:0/786549577 >> [v2:172.21.15.33:6800/3523757413,v1:172.21.15.33:6801/3523757413] conn(0x7ffaac0383f0 msgr2=0x7ffaac03a8a0 secure :-1 s=STATE_CONNECTION_ESTABLISHED l=1).mark_down
2024-03-28T14:48:59.345 INFO:teuthology.orchestra.run.smithi033.stdout:/usr/bin/ceph: stderr
2024-03-28T14:48:58.848+0000 7ffaca8ca700 1 --2- 172.21.15.33:0/786549577 >> [v2:172.21.15.33:6800/3523757413,v1:172.21.15.33:6801/3523757413] conn(0x7ffaac0383f0 0x7ffaac03a8a0 secure :-1 s=READY pgs=10 cs=0 l=1 rev1=1 crypto rx=0x7ffab8006fd0 tx=0x7ffab8006e40 comp rx=0 tx=0).stop
2024-03-28T14:48:59.345 INFO:teuthology.orchestra.run.smithi033.stdout:/usr/bin/ceph: stderr
2024-03-28T14:48:58.848+0000 7ffaca8ca700 1 -- 172.21.15.33:0/786549577 >> [v2:172.21.15.33:3300/0,v1:172.21.15.33:6789/0] conn(0x7ffac4106620 msgr2=0x7ffac4199870 secure :-1 s=STATE_CONNECTION_ESTABLISHED l=1).mark_down
2024-03-28T14:48:59.345 INFO:teuthology.orchestra.run.smithi033.stdout:/usr/bin/ceph: stderr
2024-03-28T14:48:58.848+0000 7ffaca8ca700 1 --2- 172.21.15.33:0/786549577 >> [v2:172.21.15.33:3300/0,v1:172.21.15.33:6789/0] conn(0x7ffac4106620 0x7ffac4199870 secure :-1 s=READY pgs=44 cs=0 l=1 rev1=1 crypto rx=0x7ffab4000c00 tx=0x7ffab4011ab0 comp rx=0 tx=0).stop
2024-03-28T14:48:59.345 INFO:teuthology.orchestra.run.smithi033.stdout:/usr/bin/ceph: stderr
2024-03-28T14:48:58.848+0000 7ffaca8ca700 1 -- 172.21.15.33:0/786549577 shutdown_connections
2024-03-28T14:48:59.345 INFO:teuthology.orchestra.run.smithi033.stdout:/usr/bin/ceph: stderr
2024-03-28T14:48:58.848+0000 7ffaca8ca700 1 --2- 172.21.15.33:0/786549577 >> [v2:172.21.15.33:6800/3523757413,v1:172.21.15.33:6801/3523757413] conn(0x7ffaac0383f0 0x7ffaac03a8a0 unknown :-1 s=CLOSED pgs=10 cs=0 l=1 rev1=1 crypto rx=0 tx=0 comp rx=0 tx=0).stop
2024-03-28T14:48:59.345 INFO:teuthology.orchestra.run.smithi033.stdout:/usr/bin/ceph: stderr
2024-03-28T14:48:58.848+0000 7ffaca8ca700 1 --2- 172.21.15.33:0/786549577 >> [v2:172.21.15.33:3300/0,v1:172.21.15.33:6789/0] conn(0x7ffac4106620 0x7ffac4199870 unknown :-1 s=CLOSED pgs=44 cs=0 l=1 rev1=1 crypto rx=0 tx=0 comp rx=0 tx=0).stop
2024-03-28T14:48:59.345 INFO:teuthology.orchestra.run.smithi033.stdout:/usr/bin/ceph: stderr
2024-03-28T14:48:58.848+0000 7ffaca8ca700 1 -- 172.21.15.33:0/786549577 >> 172.21.15.33:0/786549577 conn(0x7ffac4100060 msgr2=0x7ffac4101760 unknown :-1 s=STATE_NONE l=0).mark_down
2024-03-28T14:48:59.345 INFO:teuthology.orchestra.run.smithi033.stdout:/usr/bin/ceph: stderr
2024-03-28T14:48:58.848+0000 7ffaca8ca700 1 -- 172.21.15.33:0/786549577 shutdown_connections
2024-03-28T14:48:59.346 INFO:teuthology.orchestra.run.smithi033.stdout:/usr/bin/ceph: stderr
2024-03-28T14:48:58.848+0000 7ffaca8ca700 1 -- 172.21.15.33:0/786549577 wait complete.
2024-03-28T14:48:59.346 INFO:teuthology.orchestra.run.smithi033.stdout:Wrote public SSH key to /home/ubuntu/cephtest/ceph.pub
2024-03-28T14:48:59.346 INFO:teuthology.orchestra.run.smithi033.stdout:Adding key to root@localhost authorized_keys...
2024-03-28T14:48:59.346 INFO:teuthology.orchestra.run.smithi033.stdout:Adding host smithi033...
2024-03-28T14:48:59.728 INFO:journalctl@ceph.mon.smithi033.smithi033.stdout:Mar 28 14:48:59 smithi033 ceph-mon[29179]: from='client.14138 -' entity='client.admin' cmd=[{"prefix": "cephadm get-pub-key", "target": ["mon-mgr", ""]}]: dispatch
2024-03-28T14:49:00.569 INFO:journalctl@ceph.mon.smithi033.smithi033.stdout:Mar 28 14:49:00 smithi033 ceph-mon[29179]: from='client.14140 -' entity='client.admin' cmd=[{"prefix": "orch host add", "hostname": "smithi033", "addr": "172.21.15.33", "target": ["mon-mgr", ""]}]: dispatch
2024-03-28T14:49:01.866 INFO:journalctl@ceph.mon.smithi033.smithi033.stdout:Mar 28 14:49:01 smithi033 ceph-mon[29179]: Deploying cephadm binary to smithi033
2024-03-28T14:49:03.068 INFO:teuthology.orchestra.run.smithi033.stdout:/usr/bin/ceph: stdout Added host 'smithi033' with addr '172.21.15.33'
2024-03-28T14:49:03.069 INFO:teuthology.orchestra.run.smithi033.stdout:/usr/bin/ceph: stderr
2024-03-28T14:48:59.769+0000 7f0fcd557700 1 Processor -- start
2024-03-28T14:49:03.069 INFO:teuthology.orchestra.run.smithi033.stdout:/usr/bin/ceph: stderr
2024-03-28T14:48:59.769+0000 7f0fcd557700 1 -- start start
2024-03-28T14:49:03.069 INFO:teuthology.orchestra.run.smithi033.stdout:/usr/bin/ceph: stderr
2024-03-28T14:48:59.769+0000 7f0fcd557700 1 --2- >> [v2:172.21.15.33:3300/0,v1:172.21.15.33:6789/0] conn(0x7f0fc8106680 0x7f0fc8108a60 unknown :-1 s=NONE pgs=0 cs=0 l=0 rev1=0 crypto rx=0 tx=0 comp rx=0 tx=0).connect
2024-03-28T14:49:03.069 INFO:teuthology.orchestra.run.smithi033.stdout:/usr/bin/ceph: stderr
2024-03-28T14:48:59.769+0000 7f0fcd557700 1 -- --> [v2:172.21.15.33:3300/0,v1:172.21.15.33:6789/0] -- mon_getmap magic: 0 v1 -- 0x7f0fc8079d10 con 0x7f0fc8106680
2024-03-28T14:49:03.069 INFO:teuthology.orchestra.run.smithi033.stdout:/usr/bin/ceph: stderr
2024-03-28T14:48:59.770+0000 7f0fc6ffd700 1 --2- >> [v2:172.21.15.33:3300/0,v1:172.21.15.33:6789/0] conn(0x7f0fc8106680 0x7f0fc8108a60 unknown :-1 s=BANNER_CONNECTING pgs=0 cs=0 l=0 rev1=0 crypto rx=0 tx=0 comp rx=0 tx=0)._handle_peer_banner_payload supported=3 required=0
2024-03-28T14:49:03.069 INFO:teuthology.orchestra.run.smithi033.stdout:/usr/bin/ceph: stderr
2024-03-28T14:48:59.770+0000 7f0fc6ffd700 1 --2- >> [v2:172.21.15.33:3300/0,v1:172.21.15.33:6789/0] conn(0x7f0fc8106680 0x7f0fc8108a60 unknown :-1 s=HELLO_CONNECTING pgs=0 cs=0 l=0 rev1=1 crypto rx=0 tx=0 comp rx=0 tx=0).handle_hello peer v2:172.21.15.33:3300/0 says I am v2:172.21.15.33:56706/0 (socket says 172.21.15.33:56706)
2024-03-28T14:49:03.069 INFO:teuthology.orchestra.run.smithi033.stdout:/usr/bin/ceph: stderr
2024-03-28T14:48:59.770+0000 7f0fc6ffd700 1 -- 172.21.15.33:0/213109312 learned_addr learned my addr 172.21.15.33:0/213109312 (peer_addr_for_me v2:172.21.15.33:0/0)
2024-03-28T14:49:03.069 INFO:teuthology.orchestra.run.smithi033.stdout:/usr/bin/ceph: stderr
2024-03-28T14:48:59.770+0000 7f0fc6ffd700 1 -- 172.21.15.33:0/213109312 --> [v2:172.21.15.33:3300/0,v1:172.21.15.33:6789/0] -- mon_subscribe({config=0+,monmap=0+}) v3 -- 0x7f0fc8079e50 con 0x7f0fc8106680
2024-03-28T14:49:03.069 INFO:teuthology.orchestra.run.smithi033.stdout:/usr/bin/ceph: stderr
2024-03-28T14:48:59.770+0000 7f0fc6ffd700 1 --2- 172.21.15.33:0/213109312 >> [v2:172.21.15.33:3300/0,v1:172.21.15.33:6789/0] conn(0x7f0fc8106680 0x7f0fc8108a60 secure :-1 s=READY pgs=45 cs=0 l=1 rev1=1 crypto rx=0x7f0fb80098a0 tx=0x7f0fb8009bb0 comp rx=0 tx=0).ready entity=mon.0 client_cookie=7e3a4993508188dc server_cookie=0 in_seq=0 out_seq=0
2024-03-28T14:49:03.069 INFO:teuthology.orchestra.run.smithi033.stdout:/usr/bin/ceph: stderr
2024-03-28T14:48:59.770+0000 7f0fc5ffb700 1 -- 172.21.15.33:0/213109312 <== mon.0 v2:172.21.15.33:3300/0 1 ==== mon_map magic: 0 v1 ==== 229+0+0 (secure 0 0 0) 0x7f0fb8004180 con 0x7f0fc8106680
2024-03-28T14:49:03.070 INFO:teuthology.orchestra.run.smithi033.stdout:/usr/bin/ceph: stderr
2024-03-28T14:48:59.770+0000 7f0fc5ffb700 1 -- 172.21.15.33:0/213109312 <== mon.0 v2:172.21.15.33:3300/0 2 ==== config(27 keys) v1 ==== 1037+0+0 (secure 0 0 0) 0x7f0fb80042e0 con 0x7f0fc8106680
2024-03-28T14:49:03.070 INFO:teuthology.orchestra.run.smithi033.stdout:/usr/bin/ceph: stderr
2024-03-28T14:48:59.770+0000 7f0fc5ffb700 1 -- 172.21.15.33:0/213109312 <== mon.0 v2:172.21.15.33:3300/0 3 ==== mon_map magic: 0 v1 ==== 229+0+0 (secure 0 0 0) 0x7f0fb8011a50 con 0x7f0fc8106680
2024-03-28T14:49:03.070 INFO:teuthology.orchestra.run.smithi033.stdout:/usr/bin/ceph: stderr
2024-03-28T14:48:59.771+0000 7f0fcd557700 1 -- 172.21.15.33:0/213109312 >> [v2:172.21.15.33:3300/0,v1:172.21.15.33:6789/0] conn(0x7f0fc8106680 msgr2=0x7f0fc8108a60 secure :-1 s=STATE_CONNECTION_ESTABLISHED l=1).mark_down
2024-03-28T14:49:03.070 INFO:teuthology.orchestra.run.smithi033.stdout:/usr/bin/ceph: stderr
2024-03-28T14:48:59.771+0000 7f0fcd557700 1 --2- 172.21.15.33:0/213109312 >> [v2:172.21.15.33:3300/0,v1:172.21.15.33:6789/0] conn(0x7f0fc8106680 0x7f0fc8108a60 secure :-1 s=READY pgs=45 cs=0 l=1 rev1=1 crypto rx=0x7f0fb80098a0 tx=0x7f0fb8009bb0 comp rx=0 tx=0).stop
2024-03-28T14:49:03.070 INFO:teuthology.orchestra.run.smithi033.stdout:/usr/bin/ceph: stderr
2024-03-28T14:48:59.771+0000 7f0fcd557700 1 -- 172.21.15.33:0/213109312 shutdown_connections
2024-03-28T14:49:03.070 INFO:teuthology.orchestra.run.smithi033.stdout:/usr/bin/ceph: stderr
2024-03-28T14:48:59.771+0000 7f0fcd557700 1 --2- 172.21.15.33:0/213109312 >> [v2:172.21.15.33:3300/0,v1:172.21.15.33:6789/0] conn(0x7f0fc8106680 0x7f0fc8108a60 unknown :-1 s=CLOSED pgs=45 cs=0 l=1 rev1=1 crypto rx=0 tx=0 comp rx=0 tx=0).stop
2024-03-28T14:49:03.070 INFO:teuthology.orchestra.run.smithi033.stdout:/usr/bin/ceph: stderr
2024-03-28T14:48:59.771+0000 7f0fcd557700 1 -- 172.21.15.33:0/213109312 >> 172.21.15.33:0/213109312 conn(0x7f0fc8100060 msgr2=0x7f0fc8102490 unknown :-1 s=STATE_NONE l=0).mark_down
2024-03-28T14:49:03.070 INFO:teuthology.orchestra.run.smithi033.stdout:/usr/bin/ceph: stderr
2024-03-28T14:48:59.771+0000 7f0fcd557700 1 -- 172.21.15.33:0/213109312 shutdown_connections
2024-03-28T14:49:03.070 INFO:teuthology.orchestra.run.smithi033.stdout:/usr/bin/ceph: stderr
2024-03-28T14:48:59.771+0000 7f0fcd557700 1 -- 172.21.15.33:0/213109312 wait complete.
2024-03-28T14:49:03.070 INFO:teuthology.orchestra.run.smithi033.stdout:/usr/bin/ceph: stderr
2024-03-28T14:48:59.771+0000 7f0fcd557700 1 Processor -- start
2024-03-28T14:49:03.070 INFO:teuthology.orchestra.run.smithi033.stdout:/usr/bin/ceph: stderr
2024-03-28T14:48:59.772+0000 7f0fcd557700 1 -- start start
2024-03-28T14:49:03.070 INFO:teuthology.orchestra.run.smithi033.stdout:/usr/bin/ceph: stderr
2024-03-28T14:48:59.772+0000 7f0fcd557700 1 --2- >> [v2:172.21.15.33:3300/0,v1:172.21.15.33:6789/0] conn(0x7f0fc8106680 0x7f0fc819ba70 unknown :-1 s=NONE pgs=0 cs=0 l=1 rev1=0 crypto rx=0 tx=0 comp rx=0 tx=0).connect
2024-03-28T14:49:03.071 INFO:teuthology.orchestra.run.smithi033.stdout:/usr/bin/ceph: stderr
2024-03-28T14:48:59.772+0000 7f0fcd557700 1 -- --> [v2:172.21.15.33:3300/0,v1:172.21.15.33:6789/0] -- mon_getmap magic: 0 v1 -- 0x7f0fc819bfb0 con 0x7f0fc8106680
2024-03-28T14:49:03.071 INFO:teuthology.orchestra.run.smithi033.stdout:/usr/bin/ceph: stderr
2024-03-28T14:48:59.772+0000 7f0fc6ffd700 1 --2- >> [v2:172.21.15.33:3300/0,v1:172.21.15.33:6789/0] conn(0x7f0fc8106680 0x7f0fc819ba70 unknown :-1 s=BANNER_CONNECTING pgs=0 cs=0 l=1 rev1=0 crypto rx=0 tx=0 comp rx=0 tx=0)._handle_peer_banner_payload supported=3 required=0
2024-03-28T14:49:03.071 INFO:teuthology.orchestra.run.smithi033.stdout:/usr/bin/ceph: stderr
2024-03-28T14:48:59.772+0000 7f0fc6ffd700 1 --2- >> [v2:172.21.15.33:3300/0,v1:172.21.15.33:6789/0] conn(0x7f0fc8106680 0x7f0fc819ba70 unknown :-1 s=HELLO_CONNECTING pgs=0 cs=0 l=1 rev1=1 crypto rx=0 tx=0 comp rx=0 tx=0).handle_hello peer v2:172.21.15.33:3300/0 says I am v2:172.21.15.33:56722/0 (socket says 172.21.15.33:56722)
2024-03-28T14:49:03.071 INFO:teuthology.orchestra.run.smithi033.stdout:/usr/bin/ceph: stderr
2024-03-28T14:48:59.772+0000 7f0fc6ffd700 1 -- 172.21.15.33:0/2910943228 learned_addr learned my addr 172.21.15.33:0/2910943228 (peer_addr_for_me v2:172.21.15.33:0/0)
2024-03-28T14:49:03.071 INFO:teuthology.orchestra.run.smithi033.stdout:/usr/bin/ceph: stderr
2024-03-28T14:48:59.772+0000 7f0fc6ffd700 1 -- 172.21.15.33:0/2910943228 --> [v2:172.21.15.33:3300/0,v1:172.21.15.33:6789/0] -- mon_subscribe({config=0+,monmap=0+}) v3 -- 0x7f0fb8009550 con 0x7f0fc8106680
2024-03-28T14:49:03.071 INFO:teuthology.orchestra.run.smithi033.stdout:/usr/bin/ceph: stderr
2024-03-28T14:48:59.772+0000 7f0fc6ffd700 1 --2- 172.21.15.33:0/2910943228 >> [v2:172.21.15.33:3300/0,v1:172.21.15.33:6789/0] conn(0x7f0fc8106680 0x7f0fc819ba70 secure :-1 s=READY pgs=46 cs=0 l=1 rev1=1 crypto rx=0x7f0fb8000c00 tx=0x7f0fb8011ab0 comp rx=0 tx=0).ready entity=mon.0 client_cookie=0 server_cookie=0 in_seq=0 out_seq=0
2024-03-28T14:49:03.071 INFO:teuthology.orchestra.run.smithi033.stdout:/usr/bin/ceph: stderr
2024-03-28T14:48:59.773+0000 7f0faffff700 1 -- 172.21.15.33:0/2910943228 <== mon.0 v2:172.21.15.33:3300/0 1 ==== mon_map magic: 0 v1 ==== 229+0+0 (secure 0 0 0) 0x7f0fb8003b90 con 0x7f0fc8106680
2024-03-28T14:49:03.071 INFO:teuthology.orchestra.run.smithi033.stdout:/usr/bin/ceph: stderr
2024-03-28T14:48:59.773+0000 7f0faffff700 1 -- 172.21.15.33:0/2910943228 <== mon.0 v2:172.21.15.33:3300/0 2 ==== config(27 keys) v1 ==== 1037+0+0 (secure 0 0 0) 0x7f0fb80248b0 con 0x7f0fc8106680
2024-03-28T14:49:03.071 INFO:teuthology.orchestra.run.smithi033.stdout:/usr/bin/ceph: stderr
2024-03-28T14:48:59.773+0000 7f0faffff700 1 -- 172.21.15.33:0/2910943228 <== mon.0 v2:172.21.15.33:3300/0 3 ==== mon_map magic: 0 v1 ==== 229+0+0 (secure 0 0 0) 0x7f0fb801a8e0 con 0x7f0fc8106680
2024-03-28T14:49:03.071 INFO:teuthology.orchestra.run.smithi033.stdout:/usr/bin/ceph: stderr
2024-03-28T14:48:59.773+0000 7f0fcd557700 1 -- 172.21.15.33:0/2910943228 --> [v2:172.21.15.33:3300/0,v1:172.21.15.33:6789/0] -- mon_subscribe({mgrmap=0+}) v3 -- 0x7f0fc819c1b0 con 0x7f0fc8106680
2024-03-28T14:49:03.072 INFO:teuthology.orchestra.run.smithi033.stdout:/usr/bin/ceph: stderr
2024-03-28T14:48:59.773+0000 7f0fcd557700 1 -- 172.21.15.33:0/2910943228 --> [v2:172.21.15.33:3300/0,v1:172.21.15.33:6789/0] -- mon_subscribe({osdmap=0}) v3 -- 0x7f0fc819c5d0 con 0x7f0fc8106680
2024-03-28T14:49:03.072 INFO:teuthology.orchestra.run.smithi033.stdout:/usr/bin/ceph: stderr
2024-03-28T14:48:59.773+0000 7f0faffff700 1 -- 172.21.15.33:0/2910943228 <== mon.0 v2:172.21.15.33:3300/0 4 ==== mgrmap(e 8) v1 ==== 45084+0+0 (secure 0 0 0) 0x7f0fb801ab50 con 0x7f0fc8106680
2024-03-28T14:49:03.072 INFO:teuthology.orchestra.run.smithi033.stdout:/usr/bin/ceph: stderr
2024-03-28T14:48:59.774+0000 7f0fcd557700 1 -- 172.21.15.33:0/2910943228 --> [v2:172.21.15.33:3300/0,v1:172.21.15.33:6789/0] -- mon_command({"prefix": "get_command_descriptions"} v 0) v1 -- 0x7f0fc8062380 con 0x7f0fc8106680
2024-03-28T14:49:03.072 INFO:teuthology.orchestra.run.smithi033.stdout:/usr/bin/ceph: stderr
2024-03-28T14:48:59.774+0000 7f0faffff700 1 --2- 172.21.15.33:0/2910943228 >> [v2:172.21.15.33:6800/3523757413,v1:172.21.15.33:6801/3523757413] conn(0x7f0fb0038440 0x7f0fb003a8f0 unknown :-1 s=NONE pgs=0 cs=0 l=1 rev1=0 crypto rx=0 tx=0 comp rx=0 tx=0).connect
2024-03-28T14:49:03.072 INFO:teuthology.orchestra.run.smithi033.stdout:/usr/bin/ceph: stderr
2024-03-28T14:48:59.774+0000 7f0faffff700 1 -- 172.21.15.33:0/2910943228 <== mon.0 v2:172.21.15.33:3300/0 5 ==== osd_map(2..2 src has 1..2) v4 ==== 940+0+0 (secure 0 0 0) 0x7f0fb804c600 con 0x7f0fc8106680
2024-03-28T14:49:03.072 INFO:teuthology.orchestra.run.smithi033.stdout:/usr/bin/ceph: stderr
2024-03-28T14:48:59.774+0000 7f0fc67fc700 1 --2- 172.21.15.33:0/2910943228 >> [v2:172.21.15.33:6800/3523757413,v1:172.21.15.33:6801/3523757413] conn(0x7f0fb0038440 0x7f0fb003a8f0 unknown :-1 s=BANNER_CONNECTING pgs=0 cs=0 l=1 rev1=0 crypto rx=0 tx=0 comp rx=0 tx=0)._handle_peer_banner_payload supported=3 required=0
2024-03-28T14:49:03.072 INFO:teuthology.orchestra.run.smithi033.stdout:/usr/bin/ceph: stderr
2024-03-28T14:48:59.774+0000 7f0fc67fc700 1 --2- 172.21.15.33:0/2910943228 >> [v2:172.21.15.33:6800/3523757413,v1:172.21.15.33:6801/3523757413] conn(0x7f0fb0038440 0x7f0fb003a8f0 secure :-1 s=READY pgs=11 cs=0 l=1 rev1=1 crypto rx=0x7f0fbc006fd0 tx=0x7f0fbc006e40 comp rx=0 tx=0).ready entity=mgr.14120 client_cookie=0 server_cookie=0 in_seq=0 out_seq=0
2024-03-28T14:49:03.072 INFO:teuthology.orchestra.run.smithi033.stdout:/usr/bin/ceph: stderr
2024-03-28T14:48:59.778+0000 7f0faffff700 1 -- 172.21.15.33:0/2910943228 <== mon.0 v2:172.21.15.33:3300/0 6 ==== mon_command_ack([{"prefix": "get_command_descriptions"}]=0 v0) v1 ==== 72+0+177933 (secure 0 0 0) 0x7f0fb80233a0 con 0x7f0fc8106680
2024-03-28T14:49:03.073 INFO:teuthology.orchestra.run.smithi033.stdout:/usr/bin/ceph: stderr
2024-03-28T14:48:59.979+0000 7f0fcd557700 1 -- 172.21.15.33:0/2910943228 --> [v2:172.21.15.33:6800/3523757413,v1:172.21.15.33:6801/3523757413] -- mgr_command(tid 0: {"prefix": "orch host add", "hostname": "smithi033", "addr": "172.21.15.33", "target": ["mon-mgr", ""]}) v1 -- 0x7f0fc8102320 con 0x7f0fb0038440
2024-03-28T14:49:03.073 INFO:teuthology.orchestra.run.smithi033.stdout:/usr/bin/ceph: stderr
2024-03-28T14:49:02.525+0000 7f0faffff700 1 -- 172.21.15.33:0/2910943228 <== mgr.14120 v2:172.21.15.33:6800/3523757413 1 ==== mgr_command_reply(tid 0: 0 ) v1 ==== 8+0+48 (secure 0 0 0) 0x7f0fc8102320 con 0x7f0fb0038440
2024-03-28T14:49:03.073 INFO:teuthology.orchestra.run.smithi033.stdout:/usr/bin/ceph: stderr
2024-03-28T14:49:02.527+0000 7f0fcd557700 1 -- 172.21.15.33:0/2910943228 >> [v2:172.21.15.33:6800/3523757413,v1:172.21.15.33:6801/3523757413] conn(0x7f0fb0038440 msgr2=0x7f0fb003a8f0 secure :-1 s=STATE_CONNECTION_ESTABLISHED l=1).mark_down
2024-03-28T14:49:03.073 INFO:teuthology.orchestra.run.smithi033.stdout:/usr/bin/ceph: stderr
2024-03-28T14:49:02.527+0000 7f0fcd557700 1 --2- 172.21.15.33:0/2910943228 >> [v2:172.21.15.33:6800/3523757413,v1:172.21.15.33:6801/3523757413] conn(0x7f0fb0038440 0x7f0fb003a8f0 secure :-1 s=READY pgs=11 cs=0 l=1 rev1=1 crypto rx=0x7f0fbc006fd0 tx=0x7f0fbc006e40 comp rx=0 tx=0).stop
2024-03-28T14:49:03.073 INFO:teuthology.orchestra.run.smithi033.stdout:/usr/bin/ceph: stderr
2024-03-28T14:49:02.527+0000 7f0fcd557700 1 -- 172.21.15.33:0/2910943228 >> [v2:172.21.15.33:3300/0,v1:172.21.15.33:6789/0] conn(0x7f0fc8106680 msgr2=0x7f0fc819ba70 secure :-1 s=STATE_CONNECTION_ESTABLISHED l=1).mark_down
2024-03-28T14:49:03.073 INFO:teuthology.orchestra.run.smithi033.stdout:/usr/bin/ceph: stderr
2024-03-28T14:49:02.527+0000 7f0fcd557700 1 --2- 172.21.15.33:0/2910943228 >> [v2:172.21.15.33:3300/0,v1:172.21.15.33:6789/0] conn(0x7f0fc8106680 0x7f0fc819ba70 secure :-1 s=READY pgs=46 cs=0 l=1 rev1=1 crypto rx=0x7f0fb8000c00 tx=0x7f0fb8011ab0 comp rx=0 tx=0).stop
2024-03-28T14:49:03.073 INFO:teuthology.orchestra.run.smithi033.stdout:/usr/bin/ceph: stderr
2024-03-28T14:49:02.527+0000 7f0fcd557700 1 -- 172.21.15.33:0/2910943228 shutdown_connections
2024-03-28T14:49:03.074 INFO:teuthology.orchestra.run.smithi033.stdout:/usr/bin/ceph: stderr
2024-03-28T14:49:02.527+0000 7f0fcd557700 1 --2- 172.21.15.33:0/2910943228 >> [v2:172.21.15.33:6800/3523757413,v1:172.21.15.33:6801/3523757413] conn(0x7f0fb0038440 0x7f0fb003a8f0 unknown :-1 s=CLOSED pgs=11 cs=0 l=1 rev1=1 crypto rx=0 tx=0 comp rx=0 tx=0).stop
2024-03-28T14:49:03.074 INFO:teuthology.orchestra.run.smithi033.stdout:/usr/bin/ceph: stderr
2024-03-28T14:49:02.527+0000 7f0fcd557700 1 --2- 172.21.15.33:0/2910943228 >> [v2:172.21.15.33:3300/0,v1:172.21.15.33:6789/0] conn(0x7f0fc8106680 0x7f0fc819ba70 unknown :-1 s=CLOSED pgs=46 cs=0 l=1 rev1=1 crypto rx=0 tx=0 comp rx=0 tx=0).stop
2024-03-28T14:49:03.074 INFO:teuthology.orchestra.run.smithi033.stdout:/usr/bin/ceph: stderr
2024-03-28T14:49:02.527+0000 7f0fcd557700 1 -- 172.21.15.33:0/2910943228 >> 172.21.15.33:0/2910943228 conn(0x7f0fc8100060 msgr2=0x7f0fc8101700 unknown :-1 s=STATE_NONE l=0).mark_down
2024-03-28T14:49:03.074 INFO:teuthology.orchestra.run.smithi033.stdout:/usr/bin/ceph: stderr
2024-03-28T14:49:02.528+0000 7f0fcd557700 1 -- 172.21.15.33:0/2910943228 shutdown_connections
2024-03-28T14:49:03.074 INFO:teuthology.orchestra.run.smithi033.stdout:/usr/bin/ceph: stderr
2024-03-28T14:49:02.528+0000 7f0fcd557700 1 -- 172.21.15.33:0/2910943228 wait complete.
2024-03-28T14:49:03.074 INFO:teuthology.orchestra.run.smithi033.stdout:Deploying mon service with default placement...
2024-03-28T14:49:03.758 INFO:journalctl@ceph.mon.smithi033.smithi033.stdout:Mar 28 14:49:03 smithi033 ceph-mon[29179]: from='mgr.14120 172.21.15.33:0/3936547960' entity='mgr.smithi033.fkpyxe'
2024-03-28T14:49:03.758 INFO:journalctl@ceph.mon.smithi033.smithi033.stdout:Mar 28 14:49:03 smithi033 ceph-mon[29179]: Added host smithi033
2024-03-28T14:49:03.758 INFO:journalctl@ceph.mon.smithi033.smithi033.stdout:Mar 28 14:49:03 smithi033 ceph-mon[29179]: from='mgr.14120 172.21.15.33:0/3936547960' entity='mgr.smithi033.fkpyxe' cmd=[{"prefix": "config dump", "format": "json"}]: dispatch
2024-03-28T14:49:04.261 INFO:teuthology.orchestra.run.smithi033.stdout:/usr/bin/ceph: stdout Scheduled mon update...
2024-03-28T14:49:04.261 INFO:teuthology.orchestra.run.smithi033.stdout:/usr/bin/ceph: stderr
2024-03-28T14:49:03.527+0000 7f2c039db700 1 Processor -- start
2024-03-28T14:49:04.261 INFO:teuthology.orchestra.run.smithi033.stdout:/usr/bin/ceph: stderr
2024-03-28T14:49:03.527+0000 7f2c039db700 1 -- start start
2024-03-28T14:49:04.261 INFO:teuthology.orchestra.run.smithi033.stdout:/usr/bin/ceph: stderr
2024-03-28T14:49:03.527+0000 7f2c039db700 1 --2- >> [v2:172.21.15.33:3300/0,v1:172.21.15.33:6789/0] conn(0x7f2bfc1066a0 0x7f2bfc108a80 unknown :-1 s=NONE pgs=0 cs=0 l=0 rev1=0 crypto rx=0 tx=0 comp rx=0 tx=0).connect
2024-03-28T14:49:04.261 INFO:teuthology.orchestra.run.smithi033.stdout:/usr/bin/ceph: stderr
2024-03-28T14:49:03.527+0000 7f2c039db700 1 -- --> [v2:172.21.15.33:3300/0,v1:172.21.15.33:6789/0] -- mon_getmap magic: 0 v1 -- 0x7f2bfc079d10 con 0x7f2bfc1066a0
2024-03-28T14:49:04.261 INFO:teuthology.orchestra.run.smithi033.stdout:/usr/bin/ceph: stderr
2024-03-28T14:49:03.527+0000 7f2c01777700 1 --2- >> [v2:172.21.15.33:3300/0,v1:172.21.15.33:6789/0] conn(0x7f2bfc1066a0 0x7f2bfc108a80 unknown :-1 s=BANNER_CONNECTING pgs=0 cs=0 l=0 rev1=0 crypto rx=0 tx=0 comp rx=0 tx=0)._handle_peer_banner_payload supported=3 required=0
2024-03-28T14:49:04.261 INFO:teuthology.orchestra.run.smithi033.stdout:/usr/bin/ceph: stderr
2024-03-28T14:49:03.527+0000 7f2c01777700 1 --2- >> [v2:172.21.15.33:3300/0,v1:172.21.15.33:6789/0] conn(0x7f2bfc1066a0 0x7f2bfc108a80 unknown :-1 s=HELLO_CONNECTING pgs=0 cs=0 l=0 rev1=1 crypto rx=0 tx=0 comp rx=0 tx=0).handle_hello peer v2:172.21.15.33:3300/0 says I am v2:172.21.15.33:56730/0 (socket says 172.21.15.33:56730)
2024-03-28T14:49:04.261 INFO:teuthology.orchestra.run.smithi033.stdout:/usr/bin/ceph: stderr
2024-03-28T14:49:03.527+0000 7f2c01777700 1 -- 172.21.15.33:0/2751398622 learned_addr learned my addr 172.21.15.33:0/2751398622 (peer_addr_for_me v2:172.21.15.33:0/0)
2024-03-28T14:49:04.262 INFO:teuthology.orchestra.run.smithi033.stdout:/usr/bin/ceph: stderr
2024-03-28T14:49:03.528+0000 7f2c01777700 1 -- 172.21.15.33:0/2751398622 --> [v2:172.21.15.33:3300/0,v1:172.21.15.33:6789/0] -- mon_subscribe({config=0+,monmap=0+}) v3 -- 0x7f2bfc079e50 con 0x7f2bfc1066a0
2024-03-28T14:49:04.262 INFO:teuthology.orchestra.run.smithi033.stdout:/usr/bin/ceph: stderr
2024-03-28T14:49:03.528+0000 7f2c01777700 1 --2- 172.21.15.33:0/2751398622 >> [v2:172.21.15.33:3300/0,v1:172.21.15.33:6789/0] conn(0x7f2bfc1066a0 0x7f2bfc108a80 secure :-1 s=READY pgs=47 cs=0 l=1 rev1=1 crypto rx=0x7f2bf80098a0 tx=0x7f2bf8009bb0 comp rx=0 tx=0).ready entity=mon.0 client_cookie=6f69cb0ad77d0cb5 server_cookie=0 in_seq=0 out_seq=0
2024-03-28T14:49:04.262 INFO:teuthology.orchestra.run.smithi033.stdout:/usr/bin/ceph: stderr
2024-03-28T14:49:03.528+0000 7f2bf3fff700 1 -- 172.21.15.33:0/2751398622 <== mon.0 v2:172.21.15.33:3300/0 1 ==== mon_map magic: 0 v1 ==== 229+0+0 (secure 0 0 0) 0x7f2bf8004180 con 0x7f2bfc1066a0
2024-03-28T14:49:04.262 INFO:teuthology.orchestra.run.smithi033.stdout:/usr/bin/ceph: stderr
2024-03-28T14:49:03.528+0000 7f2bf3fff700 1 -- 172.21.15.33:0/2751398622 <== mon.0 v2:172.21.15.33:3300/0 2 ==== config(27 keys) v1 ==== 1037+0+0 (secure 0 0 0) 0x7f2bf80042e0 con 0x7f2bfc1066a0
2024-03-28T14:49:04.262 INFO:teuthology.orchestra.run.smithi033.stdout:/usr/bin/ceph: stderr
2024-03-28T14:49:03.528+0000 7f2bf3fff700 1 -- 172.21.15.33:0/2751398622 <== mon.0 v2:172.21.15.33:3300/0 3 ==== mon_map magic: 0 v1 ==== 229+0+0 (secure 0 0 0) 0x7f2bf8011a50 con 0x7f2bfc1066a0
2024-03-28T14:49:04.262 INFO:teuthology.orchestra.run.smithi033.stdout:/usr/bin/ceph: stderr
2024-03-28T14:49:03.528+0000 7f2c039db700 1 -- 172.21.15.33:0/2751398622 >> [v2:172.21.15.33:3300/0,v1:172.21.15.33:6789/0] conn(0x7f2bfc1066a0 msgr2=0x7f2bfc108a80 secure :-1 s=STATE_CONNECTION_ESTABLISHED l=1).mark_down
2024-03-28T14:49:04.262 INFO:teuthology.orchestra.run.smithi033.stdout:/usr/bin/ceph: stderr
2024-03-28T14:49:03.528+0000 7f2c039db700 1 --2- 172.21.15.33:0/2751398622 >> [v2:172.21.15.33:3300/0,v1:172.21.15.33:6789/0] conn(0x7f2bfc1066a0 0x7f2bfc108a80 secure :-1 s=READY pgs=47 cs=0 l=1 rev1=1 crypto rx=0x7f2bf80098a0 tx=0x7f2bf8009bb0 comp rx=0 tx=0).stop
2024-03-28T14:49:04.262 INFO:teuthology.orchestra.run.smithi033.stdout:/usr/bin/ceph: stderr
2024-03-28T14:49:03.528+0000 7f2c039db700 1 -- 172.21.15.33:0/2751398622 shutdown_connections
2024-03-28T14:49:04.262 INFO:teuthology.orchestra.run.smithi033.stdout:/usr/bin/ceph: stderr
