2024-04-02T13:00:15.331+0000 7f497effd700 1 --2- 172.21.15.167:0/728078859 >> [v2:172.21.15.167:6800/884007870,v1:172.21.15.167:6801/884007870] conn(0x7f49680393e0 0x7f496803b8a0 unknown :-1 s=BANNER_CONNECTING pgs=0 cs=0 l=1 rev1=0 crypto rx=0 tx=0 comp rx=0 tx=0)._handle_peer_banner_payload supported=3 required=0
2024-04-02T13:00:16.217 INFO:teuthology.orchestra.run.smithi167.stdout:/usr/bin/ceph: stderr
2024-04-02T13:00:15.331+0000 7f497effd700 1 --2- 172.21.15.167:0/728078859 >> [v2:172.21.15.167:6800/884007870,v1:172.21.15.167:6801/884007870] conn(0x7f49680393e0 0x7f496803b8a0 secure :-1 s=READY pgs=6 cs=0 l=1 rev1=1 crypto rx=0x7f4974006fd0 tx=0x7f4974006e40 comp rx=0 tx=0).ready entity=mgr.14100 client_cookie=0 server_cookie=0 in_seq=0 out_seq=0
2024-04-02T13:00:16.217 INFO:teuthology.orchestra.run.smithi167.stdout:/usr/bin/ceph: stderr
2024-04-02T13:00:15.336+0000 7f497cff9700 1 -- 172.21.15.167:0/728078859 <== mon.0 v2:172.21.15.167:3300/0 6 ==== mon_command_ack([{"prefix": "get_command_descriptions"}]=0 v0) ==== 72+0+188173 (secure 0 0 0) 0x7f497000bbf0 con 0x7f4980107f80
2024-04-02T13:00:16.217 INFO:teuthology.orchestra.run.smithi167.stdout:/usr/bin/ceph: stderr
2024-04-02T13:00:15.532+0000 7f497cff9700 1 -- 172.21.15.167:0/728078859 <== mon.0 v2:172.21.15.167:3300/0 7 ==== mgrmap(e 4) ==== 46547+0+0 (secure 0 0 0) 0x7f497002d440 con 0x7f4980107f80
2024-04-02T13:00:16.217 INFO:teuthology.orchestra.run.smithi167.stdout:/usr/bin/ceph: stderr
2024-04-02T13:00:15.617+0000 7f498606a700 1 -- 172.21.15.167:0/728078859 --> [v2:172.21.15.167:3300/0,v1:172.21.15.167:6789/0] -- mon_command({"prefix": "status", "format": "json-pretty"} v 0) -- 0x7f498019eab0 con 0x7f4980107f80
2024-04-02T13:00:16.217 INFO:teuthology.orchestra.run.smithi167.stdout:/usr/bin/ceph: stderr
2024-04-02T13:00:15.617+0000 7f497cff9700 1 -- 172.21.15.167:0/728078859 <== mon.0 v2:172.21.15.167:3300/0 8 ==== mon_command_ack([{"prefix": "status", "format": "json-pretty"}]=0 v0) ==== 79+0+1239 (secure 0 0 0) 0x7f498019eab0 con 0x7f4980107f80
2024-04-02T13:00:16.217 INFO:teuthology.orchestra.run.smithi167.stdout:/usr/bin/ceph: stderr
2024-04-02T13:00:15.620+0000 7f498606a700 1 -- 172.21.15.167:0/728078859 >> [v2:172.21.15.167:6800/884007870,v1:172.21.15.167:6801/884007870] conn(0x7f49680393e0 msgr2=0x7f496803b8a0 secure :-1 s=STATE_CONNECTION_ESTABLISHED l=1).mark_down
2024-04-02T13:00:16.217 INFO:teuthology.orchestra.run.smithi167.stdout:/usr/bin/ceph: stderr
2024-04-02T13:00:15.620+0000 7f498606a700 1 --2- 172.21.15.167:0/728078859 >> [v2:172.21.15.167:6800/884007870,v1:172.21.15.167:6801/884007870] conn(0x7f49680393e0 0x7f496803b8a0 secure :-1 s=READY pgs=6 cs=0 l=1 rev1=1 crypto rx=0x7f4974006fd0 tx=0x7f4974006e40 comp rx=0 tx=0).stop
2024-04-02T13:00:16.217 INFO:teuthology.orchestra.run.smithi167.stdout:/usr/bin/ceph: stderr
2024-04-02T13:00:15.620+0000 7f498606a700 1 -- 172.21.15.167:0/728078859 >> [v2:172.21.15.167:3300/0,v1:172.21.15.167:6789/0] conn(0x7f4980107f80 msgr2=0x7f498019b420 secure :-1 s=STATE_CONNECTION_ESTABLISHED l=1).mark_down
2024-04-02T13:00:16.217 INFO:teuthology.orchestra.run.smithi167.stdout:/usr/bin/ceph: stderr
2024-04-02T13:00:15.620+0000 7f498606a700 1 --2- 172.21.15.167:0/728078859 >> [v2:172.21.15.167:3300/0,v1:172.21.15.167:6789/0] conn(0x7f4980107f80 0x7f498019b420 secure :-1 s=READY pgs=17 cs=0 l=1 rev1=1 crypto rx=0x7f4970006af0 tx=0x7f4970011b70 comp rx=0 tx=0).stop
2024-04-02T13:00:16.217 INFO:teuthology.orchestra.run.smithi167.stdout:/usr/bin/ceph: stderr
2024-04-02T13:00:15.620+0000 7f498606a700 1 -- 172.21.15.167:0/728078859 shutdown_connections
2024-04-02T13:00:16.218 INFO:teuthology.orchestra.run.smithi167.stdout:/usr/bin/ceph: stderr
2024-04-02T13:00:15.620+0000 7f498606a700 1 --2- 172.21.15.167:0/728078859 >> [v2:172.21.15.167:6800/884007870,v1:172.21.15.167:6801/884007870] conn(0x7f49680393e0 0x7f496803b8a0 unknown :-1 s=CLOSED pgs=6 cs=0 l=1 rev1=1 crypto rx=0 tx=0 comp rx=0 tx=0).stop
2024-04-02T13:00:16.218 INFO:teuthology.orchestra.run.smithi167.stdout:/usr/bin/ceph: stderr
2024-04-02T13:00:15.620+0000 7f498606a700 1 --2- 172.21.15.167:0/728078859 >> [v2:172.21.15.167:3300/0,v1:172.21.15.167:6789/0] conn(0x7f4980107f80 0x7f498019b420 unknown :-1 s=CLOSED pgs=17 cs=0 l=1 rev1=1 crypto rx=0 tx=0 comp rx=0 tx=0).stop
2024-04-02T13:00:16.218 INFO:teuthology.orchestra.run.smithi167.stdout:/usr/bin/ceph: stderr
2024-04-02T13:00:15.620+0000 7f498606a700 1 -- 172.21.15.167:0/728078859 >> 172.21.15.167:0/728078859 conn(0x7f4980101990 msgr2=0x7f4980102520 unknown :-1 s=STATE_NONE l=0).mark_down
2024-04-02T13:00:16.218 INFO:teuthology.orchestra.run.smithi167.stdout:/usr/bin/ceph: stderr
2024-04-02T13:00:15.620+0000 7f498606a700 1 -- 172.21.15.167:0/728078859 shutdown_connections
2024-04-02T13:00:16.218 INFO:teuthology.orchestra.run.smithi167.stdout:/usr/bin/ceph: stderr
2024-04-02T13:00:15.620+0000 7f498606a700 1 -- 172.21.15.167:0/728078859 wait complete.
2024-04-02T13:00:16.218 INFO:teuthology.orchestra.run.smithi167.stdout:mgr is available
2024-04-02T13:00:16.612 INFO:journalctl@ceph.mon.a.smithi167.stdout:Apr 02 13:00:16 smithi167 ceph-mon[29609]: mgrmap e4: x(active, since 2s)
2024-04-02T13:00:16.612 INFO:journalctl@ceph.mon.a.smithi167.stdout:Apr 02 13:00:16 smithi167 ceph-mon[29609]: from='client.? 172.21.15.167:0/728078859' entity='client.admin' cmd=[{"prefix": "status", "format": "json-pretty"}]: dispatch
2024-04-02T13:00:17.712 INFO:teuthology.orchestra.run.smithi167.stdout:/usr/bin/ceph: stdout
2024-04-02T13:00:17.712 INFO:teuthology.orchestra.run.smithi167.stdout:/usr/bin/ceph: stdout [global]
2024-04-02T13:00:17.712 INFO:teuthology.orchestra.run.smithi167.stdout:/usr/bin/ceph: stdout fsid = cd8edb46-f0f0-11ee-b647-cb9ed24678a4
2024-04-02T13:00:17.712 INFO:teuthology.orchestra.run.smithi167.stdout:/usr/bin/ceph: stdout mon_osd_allow_pg_remap = true
2024-04-02T13:00:17.712 INFO:teuthology.orchestra.run.smithi167.stdout:/usr/bin/ceph: stdout mon_osd_allow_primary_affinity = true
2024-04-02T13:00:17.712 INFO:teuthology.orchestra.run.smithi167.stdout:/usr/bin/ceph: stdout mon_warn_on_no_sortbitwise = false
2024-04-02T13:00:17.712 INFO:teuthology.orchestra.run.smithi167.stdout:/usr/bin/ceph: stdout osd_crush_chooseleaf_type = 0
2024-04-02T13:00:17.712 INFO:teuthology.orchestra.run.smithi167.stdout:/usr/bin/ceph: stdout
2024-04-02T13:00:17.712 INFO:teuthology.orchestra.run.smithi167.stdout:/usr/bin/ceph: stdout [mgr]
2024-04-02T13:00:17.712 INFO:teuthology.orchestra.run.smithi167.stdout:/usr/bin/ceph: stdout mgr/telemetry/nag = false
2024-04-02T13:00:17.712 INFO:teuthology.orchestra.run.smithi167.stdout:/usr/bin/ceph: stdout
2024-04-02T13:00:17.712 INFO:teuthology.orchestra.run.smithi167.stdout:/usr/bin/ceph: stdout [osd]
2024-04-02T13:00:17.712 INFO:teuthology.orchestra.run.smithi167.stdout:/usr/bin/ceph: stdout osd_map_max_advance = 10
2024-04-02T13:00:17.713 INFO:teuthology.orchestra.run.smithi167.stdout:/usr/bin/ceph: stdout osd_sloppy_crc = true
2024-04-02T13:00:17.713 INFO:teuthology.orchestra.run.smithi167.stdout:/usr/bin/ceph: stderr
2024-04-02T13:00:16.621+0000 7fb6a6679700 1 Processor -- start
2024-04-02T13:00:17.713 INFO:teuthology.orchestra.run.smithi167.stdout:/usr/bin/ceph: stderr
2024-04-02T13:00:16.621+0000 7fb6a6679700 1 -- start start
2024-04-02T13:00:17.713 INFO:teuthology.orchestra.run.smithi167.stdout:/usr/bin/ceph: stderr
2024-04-02T13:00:16.621+0000 7fb6a6679700 1 --2- >> [v2:172.21.15.167:3300/0,v1:172.21.15.167:6789/0] conn(0x7fb6a0107fc0 0x7fb6a010a3b0 unknown :-1 s=NONE pgs=0 cs=0 l=0 rev1=0 crypto rx=0 tx=0 comp rx=0 tx=0).connect
2024-04-02T13:00:17.713 INFO:teuthology.orchestra.run.smithi167.stdout:/usr/bin/ceph: stderr
2024-04-02T13:00:16.621+0000 7fb6a6679700 1 -- --> [v2:172.21.15.167:3300/0,v1:172.21.15.167:6789/0] -- mon_getmap magic: 0 -- 0x7fb6a007b690 con 0x7fb6a0107fc0
2024-04-02T13:00:17.713 INFO:teuthology.orchestra.run.smithi167.stdout:/usr/bin/ceph: stderr
2024-04-02T13:00:16.622+0000 7fb69ffff700 1 --2- >> [v2:172.21.15.167:3300/0,v1:172.21.15.167:6789/0] conn(0x7fb6a0107fc0 0x7fb6a010a3b0 unknown :-1 s=BANNER_CONNECTING pgs=0 cs=0 l=0 rev1=0 crypto rx=0 tx=0 comp rx=0 tx=0)._handle_peer_banner_payload supported=3 required=0
2024-04-02T13:00:17.713 INFO:teuthology.orchestra.run.smithi167.stdout:/usr/bin/ceph: stderr
2024-04-02T13:00:16.622+0000 7fb69ffff700 1 --2- >> [v2:172.21.15.167:3300/0,v1:172.21.15.167:6789/0] conn(0x7fb6a0107fc0 0x7fb6a010a3b0 unknown :-1 s=HELLO_CONNECTING pgs=0 cs=0 l=0 rev1=1 crypto rx=0 tx=0 comp rx=0 tx=0).handle_hello peer v2:172.21.15.167:3300/0 says I am v2:172.21.15.167:52386/0 (socket says 172.21.15.167:52386)
2024-04-02T13:00:17.713 INFO:teuthology.orchestra.run.smithi167.stdout:/usr/bin/ceph: stderr
2024-04-02T13:00:16.622+0000 7fb69ffff700 1 -- 172.21.15.167:0/211117260 learned_addr learned my addr 172.21.15.167:0/211117260 (peer_addr_for_me v2:172.21.15.167:0/0)
2024-04-02T13:00:17.713 INFO:teuthology.orchestra.run.smithi167.stdout:/usr/bin/ceph: stderr
2024-04-02T13:00:16.622+0000 7fb69ffff700 1 -- 172.21.15.167:0/211117260 --> [v2:172.21.15.167:3300/0,v1:172.21.15.167:6789/0] -- mon_subscribe({config=0+,monmap=0+}) -- 0x7fb6a010a8f0 con 0x7fb6a0107fc0
2024-04-02T13:00:17.713 INFO:teuthology.orchestra.run.smithi167.stdout:/usr/bin/ceph: stderr
2024-04-02T13:00:16.622+0000 7fb69ffff700 1 --2- 172.21.15.167:0/211117260 >> [v2:172.21.15.167:3300/0,v1:172.21.15.167:6789/0] conn(0x7fb6a0107fc0 0x7fb6a010a3b0 secure :-1 s=READY pgs=18 cs=0 l=1 rev1=1 crypto rx=0x7fb6900098a0 tx=0x7fb690009bb0 comp rx=0 tx=0).ready entity=mon.0 client_cookie=1a67a9b82dd0d592 server_cookie=0 in_seq=0 out_seq=0
2024-04-02T13:00:17.713 INFO:teuthology.orchestra.run.smithi167.stdout:/usr/bin/ceph: stderr
2024-04-02T13:00:16.622+0000 7fb69effd700 1 -- 172.21.15.167:0/211117260 <== mon.0 v2:172.21.15.167:3300/0 1 ==== mon_map magic: 0 ==== 205+0+0 (secure 0 0 0) 0x7fb690004160 con 0x7fb6a0107fc0
2024-04-02T13:00:17.713 INFO:teuthology.orchestra.run.smithi167.stdout:/usr/bin/ceph: stderr
2024-04-02T13:00:16.622+0000 7fb69effd700 1 -- 172.21.15.167:0/211117260 <== mon.0 v2:172.21.15.167:3300/0 2 ==== config(26 keys) ==== 1071+0+0 (secure 0 0 0) 0x7fb690004300 con 0x7fb6a0107fc0
2024-04-02T13:00:17.713 INFO:teuthology.orchestra.run.smithi167.stdout:/usr/bin/ceph: stderr
2024-04-02T13:00:16.622+0000 7fb69effd700 1 -- 172.21.15.167:0/211117260 <== mon.0 v2:172.21.15.167:3300/0 3 ==== mon_map magic: 0 ==== 205+0+0 (secure 0 0 0) 0x7fb690011a80 con 0x7fb6a0107fc0
2024-04-02T13:00:17.713 INFO:teuthology.orchestra.run.smithi167.stdout:/usr/bin/ceph: stderr
2024-04-02T13:00:16.623+0000 7fb6a6679700 1 -- 172.21.15.167:0/211117260 >> [v2:172.21.15.167:3300/0,v1:172.21.15.167:6789/0] conn(0x7fb6a0107fc0 msgr2=0x7fb6a010a3b0 secure :-1 s=STATE_CONNECTION_ESTABLISHED l=1).mark_down
2024-04-02T13:00:17.714 INFO:teuthology.orchestra.run.smithi167.stdout:/usr/bin/ceph: stderr
2024-04-02T13:00:16.623+0000 7fb6a6679700 1 --2- 172.21.15.167:0/211117260 >> [v2:172.21.15.167:3300/0,v1:172.21.15.167:6789/0] conn(0x7fb6a0107fc0 0x7fb6a010a3b0 secure :-1 s=READY pgs=18 cs=0 l=1 rev1=1 crypto rx=0x7fb6900098a0 tx=0x7fb690009bb0 comp rx=0 tx=0).stop
2024-04-02T13:00:17.714 INFO:teuthology.orchestra.run.smithi167.stdout:/usr/bin/ceph: stderr
2024-04-02T13:00:16.623+0000 7fb6a6679700 1 -- 172.21.15.167:0/211117260 shutdown_connections
2024-04-02T13:00:17.714 INFO:teuthology.orchestra.run.smithi167.stdout:/usr/bin/ceph: stderr
2024-04-02T13:00:16.623+0000 7fb6a6679700 1 --2- 172.21.15.167:0/211117260 >> [v2:172.21.15.167:3300/0,v1:172.21.15.167:6789/0] conn(0x7fb6a0107fc0 0x7fb6a010a3b0 unknown :-1 s=CLOSED pgs=18 cs=0 l=1 rev1=1 crypto rx=0 tx=0 comp rx=0 tx=0).stop
2024-04-02T13:00:17.714 INFO:teuthology.orchestra.run.smithi167.stdout:/usr/bin/ceph: stderr
2024-04-02T13:00:16.623+0000 7fb6a6679700 1 -- 172.21.15.167:0/211117260 >> 172.21.15.167:0/211117260 conn(0x7fb6a01019d0 msgr2=0x7fb6a0103df0 unknown :-1 s=STATE_NONE l=0).mark_down
2024-04-02T13:00:17.714 INFO:teuthology.orchestra.run.smithi167.stdout:/usr/bin/ceph: stderr
2024-04-02T13:00:16.623+0000 7fb6a6679700 1 -- 172.21.15.167:0/211117260 shutdown_connections
2024-04-02T13:00:17.714 INFO:teuthology.orchestra.run.smithi167.stdout:/usr/bin/ceph: stderr
2024-04-02T13:00:16.623+0000 7fb6a6679700 1 -- 172.21.15.167:0/211117260 wait complete.
2024-04-02T13:00:17.714 INFO:teuthology.orchestra.run.smithi167.stdout:/usr/bin/ceph: stderr
2024-04-02T13:00:16.623+0000 7fb6a6679700 1 Processor -- start
2024-04-02T13:00:17.714 INFO:teuthology.orchestra.run.smithi167.stdout:/usr/bin/ceph: stderr
2024-04-02T13:00:16.623+0000 7fb6a6679700 1 -- start start
2024-04-02T13:00:17.714 INFO:teuthology.orchestra.run.smithi167.stdout:/usr/bin/ceph: stderr
2024-04-02T13:00:16.624+0000 7fb6a6679700 1 --2- >> [v2:172.21.15.167:3300/0,v1:172.21.15.167:6789/0] conn(0x7fb6a0107fc0 0x7fb6a019b420 unknown :-1 s=NONE pgs=0 cs=0 l=1 rev1=0 crypto rx=0 tx=0 comp rx=0 tx=0).connect
2024-04-02T13:00:17.714 INFO:teuthology.orchestra.run.smithi167.stdout:/usr/bin/ceph: stderr
2024-04-02T13:00:16.624+0000 7fb6a6679700 1 -- --> [v2:172.21.15.167:3300/0,v1:172.21.15.167:6789/0] -- mon_getmap magic: 0 -- 0x7fb6a010b860 con 0x7fb6a0107fc0
2024-04-02T13:00:17.714 INFO:teuthology.orchestra.run.smithi167.stdout:/usr/bin/ceph: stderr
2024-04-02T13:00:16.624+0000 7fb69ffff700 1 --2- >> [v2:172.21.15.167:3300/0,v1:172.21.15.167:6789/0] conn(0x7fb6a0107fc0 0x7fb6a019b420 unknown :-1 s=BANNER_CONNECTING pgs=0 cs=0 l=1 rev1=0 crypto rx=0 tx=0 comp rx=0 tx=0)._handle_peer_banner_payload supported=3 required=0
2024-04-02T13:00:17.714 INFO:teuthology.orchestra.run.smithi167.stdout:/usr/bin/ceph: stderr
2024-04-02T13:00:16.624+0000 7fb69ffff700 1 --2- >> [v2:172.21.15.167:3300/0,v1:172.21.15.167:6789/0] conn(0x7fb6a0107fc0 0x7fb6a019b420 unknown :-1 s=HELLO_CONNECTING pgs=0 cs=0 l=1 rev1=1 crypto rx=0 tx=0 comp rx=0 tx=0).handle_hello peer v2:172.21.15.167:3300/0 says I am v2:172.21.15.167:52396/0 (socket says 172.21.15.167:52396)
2024-04-02T13:00:17.714 INFO:teuthology.orchestra.run.smithi167.stdout:/usr/bin/ceph: stderr
2024-04-02T13:00:16.624+0000 7fb69ffff700 1 -- 172.21.15.167:0/3666139809 learned_addr learned my addr 172.21.15.167:0/3666139809 (peer_addr_for_me v2:172.21.15.167:0/0)
2024-04-02T13:00:17.714 INFO:teuthology.orchestra.run.smithi167.stdout:/usr/bin/ceph: stderr
2024-04-02T13:00:16.624+0000 7fb69ffff700 1 -- 172.21.15.167:0/3666139809 --> [v2:172.21.15.167:3300/0,v1:172.21.15.167:6789/0] -- mon_subscribe({config=0+,monmap=0+}) -- 0x7fb6a019b960 con 0x7fb6a0107fc0
2024-04-02T13:00:17.714 INFO:teuthology.orchestra.run.smithi167.stdout:/usr/bin/ceph: stderr
2024-04-02T13:00:16.624+0000 7fb69ffff700 1 --2- 172.21.15.167:0/3666139809 >> [v2:172.21.15.167:3300/0,v1:172.21.15.167:6789/0] conn(0x7fb6a0107fc0 0x7fb6a019b420 secure :-1 s=READY pgs=19 cs=0 l=1 rev1=1 crypto rx=0x7fb690006af0 tx=0x7fb690011b70 comp rx=0 tx=0).ready entity=mon.0 client_cookie=0 server_cookie=0 in_seq=0 out_seq=0
2024-04-02T13:00:17.715 INFO:teuthology.orchestra.run.smithi167.stdout:/usr/bin/ceph: stderr
2024-04-02T13:00:16.624+0000 7fb69d7fa700 1 -- 172.21.15.167:0/3666139809 <== mon.0 v2:172.21.15.167:3300/0 1 ==== mon_map magic: 0 ==== 205+0+0 (secure 0 0 0) 0x7fb690003930 con 0x7fb6a0107fc0
2024-04-02T13:00:17.715 INFO:teuthology.orchestra.run.smithi167.stdout:/usr/bin/ceph: stderr
2024-04-02T13:00:16.624+0000 7fb69d7fa700 1 -- 172.21.15.167:0/3666139809 <== mon.0 v2:172.21.15.167:3300/0 2 ==== config(26 keys) ==== 1071+0+0 (secure 0 0 0) 0x7fb690003ad0 con 0x7fb6a0107fc0
2024-04-02T13:00:17.715 INFO:teuthology.orchestra.run.smithi167.stdout:/usr/bin/ceph: stderr
2024-04-02T13:00:16.624+0000 7fb6a6679700 1 -- 172.21.15.167:0/3666139809 --> [v2:172.21.15.167:3300/0,v1:172.21.15.167:6789/0] -- mon_subscribe({mgrmap=0+}) -- 0x7fb6a019bbf0 con 0x7fb6a0107fc0
2024-04-02T13:00:17.715 INFO:teuthology.orchestra.run.smithi167.stdout:/usr/bin/ceph: stderr
2024-04-02T13:00:16.624+0000 7fb6a6679700 1 -- 172.21.15.167:0/3666139809 --> [v2:172.21.15.167:3300/0,v1:172.21.15.167:6789/0] -- mon_subscribe({osdmap=0}) -- 0x7fb6a019e8e0 con 0x7fb6a0107fc0
2024-04-02T13:00:17.715 INFO:teuthology.orchestra.run.smithi167.stdout:/usr/bin/ceph: stderr
2024-04-02T13:00:16.624+0000 7fb69d7fa700 1 -- 172.21.15.167:0/3666139809 <== mon.0 v2:172.21.15.167:3300/0 3 ==== mon_map magic: 0 ==== 205+0+0 (secure 0 0 0) 0x7fb6900195e0 con 0x7fb6a0107fc0
2024-04-02T13:00:17.715 INFO:teuthology.orchestra.run.smithi167.stdout:/usr/bin/ceph: stderr
2024-04-02T13:00:16.625+0000 7fb69d7fa700 1 -- 172.21.15.167:0/3666139809 <== mon.0 v2:172.21.15.167:3300/0 4 ==== mgrmap(e 4) ==== 46547+0+0 (secure 0 0 0) 0x7fb690019960 con 0x7fb6a0107fc0
2024-04-02T13:00:17.715 INFO:teuthology.orchestra.run.smithi167.stdout:/usr/bin/ceph: stderr
2024-04-02T13:00:16.625+0000 7fb69d7fa700 1 --2- 172.21.15.167:0/3666139809 >> [v2:172.21.15.167:6800/884007870,v1:172.21.15.167:6801/884007870] conn(0x7fb688039510 0x7fb68803b9d0 unknown :-1 s=NONE pgs=0 cs=0 l=1 rev1=0 crypto rx=0 tx=0 comp rx=0 tx=0).connect
2024-04-02T13:00:17.715 INFO:teuthology.orchestra.run.smithi167.stdout:/usr/bin/ceph: stderr
2024-04-02T13:00:16.625+0000 7fb6a6679700 1 -- 172.21.15.167:0/3666139809 --> [v2:172.21.15.167:3300/0,v1:172.21.15.167:6789/0] -- mon_command({"prefix": "get_command_descriptions"} v 0) -- 0x7fb68c005360 con 0x7fb6a0107fc0
2024-04-02T13:00:17.715 INFO:teuthology.orchestra.run.smithi167.stdout:/usr/bin/ceph: stderr
2024-04-02T13:00:16.625+0000 7fb69d7fa700 1 -- 172.21.15.167:0/3666139809 <== mon.0 v2:172.21.15.167:3300/0 5 ==== osd_map(1..1 src has 1..1) ==== 725+0+0 (secure 0 0 0) 0x7fb69004dba0 con 0x7fb6a0107fc0
2024-04-02T13:00:17.715 INFO:teuthology.orchestra.run.smithi167.stdout:/usr/bin/ceph: stderr
2024-04-02T13:00:16.625+0000 7fb69f7fe700 1 --2- 172.21.15.167:0/3666139809 >> [v2:172.21.15.167:6800/884007870,v1:172.21.15.167:6801/884007870] conn(0x7fb688039510 0x7fb68803b9d0 unknown :-1 s=BANNER_CONNECTING pgs=0 cs=0 l=1 rev1=0 crypto rx=0 tx=0 comp rx=0 tx=0)._handle_peer_banner_payload supported=3 required=0
2024-04-02T13:00:17.715 INFO:teuthology.orchestra.run.smithi167.stdout:/usr/bin/ceph: stderr
2024-04-02T13:00:16.626+0000 7fb69f7fe700 1 --2- 172.21.15.167:0/3666139809 >> [v2:172.21.15.167:6800/884007870,v1:172.21.15.167:6801/884007870] conn(0x7fb688039510 0x7fb68803b9d0 secure :-1 s=READY pgs=7 cs=0 l=1 rev1=1 crypto rx=0x7fb694006fd0 tx=0x7fb694006e40 comp rx=0 tx=0).ready entity=mgr.14100 client_cookie=0 server_cookie=0 in_seq=0 out_seq=0
2024-04-02T13:00:17.715 INFO:teuthology.orchestra.run.smithi167.stdout:/usr/bin/ceph: stderr
2024-04-02T13:00:16.631+0000 7fb69d7fa700 1 -- 172.21.15.167:0/3666139809 <== mon.0 v2:172.21.15.167:3300/0 6 ==== mon_command_ack([{"prefix": "get_command_descriptions"}]=0 v0) ==== 72+0+188173 (secure 0 0 0) 0x7fb69004de20 con 0x7fb6a0107fc0
2024-04-02T13:00:17.716 INFO:teuthology.orchestra.run.smithi167.stdout:/usr/bin/ceph: stderr
2024-04-02T13:00:16.826+0000 7fb6a6679700 1 -- 172.21.15.167:0/3666139809 --> [v2:172.21.15.167:3300/0,v1:172.21.15.167:6789/0] -- mon_command({"prefix": "config assimilate-conf"} v 0) -- 0x7fb68c002430 con 0x7fb6a0107fc0
2024-04-02T13:00:17.716 INFO:teuthology.orchestra.run.smithi167.stdout:/usr/bin/ceph: stderr
2024-04-02T13:00:16.827+0000 7fb69d7fa700 1 -- 172.21.15.167:0/3666139809 <== mon.0 v2:172.21.15.167:3300/0 7 ==== mon_command_ack([{"prefix": "config assimilate-conf"}]=0 v3) ==== 70+0+282 (secure 0 0 0) 0x7fb69004a740 con 0x7fb6a0107fc0
2024-04-02T13:00:17.716 INFO:teuthology.orchestra.run.smithi167.stdout:/usr/bin/ceph: stderr
2024-04-02T13:00:16.829+0000 7fb6a6679700 1 -- 172.21.15.167:0/3666139809 >> [v2:172.21.15.167:6800/884007870,v1:172.21.15.167:6801/884007870] conn(0x7fb688039510 msgr2=0x7fb68803b9d0 secure :-1 s=STATE_CONNECTION_ESTABLISHED l=1).mark_down
2024-04-02T13:00:17.716 INFO:teuthology.orchestra.run.smithi167.stdout:/usr/bin/ceph: stderr
2024-04-02T13:00:16.829+0000 7fb6a6679700 1 --2- 172.21.15.167:0/3666139809 >> [v2:172.21.15.167:6800/884007870,v1:172.21.15.167:6801/884007870] conn(0x7fb688039510 0x7fb68803b9d0 secure :-1 s=READY pgs=7 cs=0 l=1 rev1=1 crypto rx=0x7fb694006fd0 tx=0x7fb694006e40 comp rx=0 tx=0).stop
2024-04-02T13:00:17.716 INFO:teuthology.orchestra.run.smithi167.stdout:/usr/bin/ceph: stderr
2024-04-02T13:00:16.829+0000 7fb6a6679700 1 -- 172.21.15.167:0/3666139809 >> [v2:172.21.15.167:3300/0,v1:172.21.15.167:6789/0] conn(0x7fb6a0107fc0 msgr2=0x7fb6a019b420 secure :-1 s=STATE_CONNECTION_ESTABLISHED l=1).mark_down
2024-04-02T13:00:17.716 INFO:teuthology.orchestra.run.smithi167.stdout:/usr/bin/ceph: stderr
2024-04-02T13:00:16.829+0000 7fb6a6679700 1 --2- 172.21.15.167:0/3666139809 >> [v2:172.21.15.167:3300/0,v1:172.21.15.167:6789/0] conn(0x7fb6a0107fc0 0x7fb6a019b420 secure :-1 s=READY pgs=19 cs=0 l=1 rev1=1 crypto rx=0x7fb690006af0 tx=0x7fb690011b70 comp rx=0 tx=0).stop
2024-04-02T13:00:17.716 INFO:teuthology.orchestra.run.smithi167.stdout:/usr/bin/ceph: stderr
2024-04-02T13:00:16.829+0000 7fb6a6679700 1 -- 172.21.15.167:0/3666139809 shutdown_connections
2024-04-02T13:00:17.716 INFO:teuthology.orchestra.run.smithi167.stdout:/usr/bin/ceph: stderr
2024-04-02T13:00:16.829+0000 7fb6a6679700 1 --2- 172.21.15.167:0/3666139809 >> [v2:172.21.15.167:6800/884007870,v1:172.21.15.167:6801/884007870] conn(0x7fb688039510 0x7fb68803b9d0 unknown :-1 s=CLOSED pgs=7 cs=0 l=1 rev1=1 crypto rx=0 tx=0 comp rx=0 tx=0).stop
2024-04-02T13:00:17.716 INFO:teuthology.orchestra.run.smithi167.stdout:/usr/bin/ceph: stderr
2024-04-02T13:00:16.829+0000 7fb6a6679700 1 --2- 172.21.15.167:0/3666139809 >> [v2:172.21.15.167:3300/0,v1:172.21.15.167:6789/0] conn(0x7fb6a0107fc0 0x7fb6a019b420 unknown :-1 s=CLOSED pgs=19 cs=0 l=1 rev1=1 crypto rx=0 tx=0 comp rx=0 tx=0).stop
2024-04-02T13:00:17.716 INFO:teuthology.orchestra.run.smithi167.stdout:/usr/bin/ceph: stderr
2024-04-02T13:00:16.829+0000 7fb6a6679700 1 -- 172.21.15.167:0/3666139809 >> 172.21.15.167:0/3666139809 conn(0x7fb6a01019d0 msgr2=0x7fb6a01024c0 unknown :-1 s=STATE_NONE l=0).mark_down
2024-04-02T13:00:17.716 INFO:teuthology.orchestra.run.smithi167.stdout:/usr/bin/ceph: stderr
2024-04-02T13:00:16.830+0000 7fb6a6679700 1 -- 172.21.15.167:0/3666139809 shutdown_connections
2024-04-02T13:00:17.716 INFO:teuthology.orchestra.run.smithi167.stdout:/usr/bin/ceph: stderr
2024-04-02T13:00:16.830+0000 7fb6a6679700 1 -- 172.21.15.167:0/3666139809 wait complete.
2024-04-02T13:00:17.716 INFO:teuthology.orchestra.run.smithi167.stdout:Enabling cephadm module...
2024-04-02T13:00:17.781 INFO:journalctl@ceph.mon.a.smithi167.stdout:Apr 02 13:00:17 smithi167 ceph-mon[29609]: from='client.? 172.21.15.167:0/3666139809' entity='client.admin' cmd=[{"prefix": "config assimilate-conf"}]: dispatch
2024-04-02T13:00:18.782 INFO:journalctl@ceph.mon.a.smithi167.stdout:Apr 02 13:00:18 smithi167 ceph-mon[29609]: from='client.? 172.21.15.167:0/2351027700' entity='client.admin' cmd=[{"prefix": "mgr module enable", "module": "cephadm"}]: dispatch
2024-04-02T13:00:18.782 INFO:journalctl@ceph.mgr.x.smithi167.stdout:Apr 02 13:00:18 smithi167 ceph-cd8edb46-f0f0-11ee-b647-cb9ed24678a4-mgr-x[29840]: ignoring --setuser ceph since I am not root
2024-04-02T13:00:18.782 INFO:journalctl@ceph.mgr.x.smithi167.stdout:Apr 02 13:00:18 smithi167 ceph-cd8edb46-f0f0-11ee-b647-cb9ed24678a4-mgr-x[29840]: ignoring --setgroup ceph since I am not root
2024-04-02T13:00:19.132 INFO:teuthology.orchestra.run.smithi167.stdout:/usr/bin/ceph: stderr
2024-04-02T13:00:18.121+0000 7f2045b53700 1 Processor -- start
2024-04-02T13:00:19.133 INFO:teuthology.orchestra.run.smithi167.stdout:/usr/bin/ceph: stderr
2024-04-02T13:00:18.121+0000 7f2045b53700 1 -- start start
2024-04-02T13:00:19.133 INFO:teuthology.orchestra.run.smithi167.stdout:/usr/bin/ceph: stderr
2024-04-02T13:00:18.121+0000 7f2045b53700 1 --2- >> [v2:172.21.15.167:3300/0,v1:172.21.15.167:6789/0] conn(0x7f2040107fc0 0x7f204010a3b0 unknown :-1 s=NONE pgs=0 cs=0 l=0 rev1=0 crypto rx=0 tx=0 comp rx=0 tx=0).connect
2024-04-02T13:00:19.133 INFO:teuthology.orchestra.run.smithi167.stdout:/usr/bin/ceph: stderr
2024-04-02T13:00:18.121+0000 7f2045b53700 1 -- --> [v2:172.21.15.167:3300/0,v1:172.21.15.167:6789/0] -- mon_getmap magic: 0 -- 0x7f204007b6b0 con 0x7f2040107fc0
2024-04-02T13:00:19.133 INFO:teuthology.orchestra.run.smithi167.stdout:/usr/bin/ceph: stderr
2024-04-02T13:00:18.121+0000 7f203f7fe700 1 --2- >> [v2:172.21.15.167:3300/0,v1:172.21.15.167:6789/0] conn(0x7f2040107fc0 0x7f204010a3b0 unknown :-1 s=BANNER_CONNECTING pgs=0 cs=0 l=0 rev1=0 crypto rx=0 tx=0 comp rx=0 tx=0)._handle_peer_banner_payload supported=3 required=0
2024-04-02T13:00:19.133 INFO:teuthology.orchestra.run.smithi167.stdout:/usr/bin/ceph: stderr
2024-04-02T13:00:18.121+0000 7f203f7fe700 1 --2- >> [v2:172.21.15.167:3300/0,v1:172.21.15.167:6789/0] conn(0x7f2040107fc0 0x7f204010a3b0 unknown :-1 s=HELLO_CONNECTING pgs=0 cs=0 l=0 rev1=1 crypto rx=0 tx=0 comp rx=0 tx=0).handle_hello peer v2:172.21.15.167:3300/0 says I am v2:172.21.15.167:59650/0 (socket says 172.21.15.167:59650)
2024-04-02T13:00:19.133 INFO:teuthology.orchestra.run.smithi167.stdout:/usr/bin/ceph: stderr
2024-04-02T13:00:18.121+0000 7f203f7fe700 1 -- 172.21.15.167:0/1592969962 learned_addr learned my addr 172.21.15.167:0/1592969962 (peer_addr_for_me v2:172.21.15.167:0/0)
2024-04-02T13:00:19.133 INFO:teuthology.orchestra.run.smithi167.stdout:/usr/bin/ceph: stderr
2024-04-02T13:00:18.122+0000 7f203f7fe700 1 -- 172.21.15.167:0/1592969962 --> [v2:172.21.15.167:3300/0,v1:172.21.15.167:6789/0] -- mon_subscribe({config=0+,monmap=0+}) -- 0x7f204010a8f0 con 0x7f2040107fc0
2024-04-02T13:00:19.133 INFO:teuthology.orchestra.run.smithi167.stdout:/usr/bin/ceph: stderr
2024-04-02T13:00:18.122+0000 7f203f7fe700 1 --2- 172.21.15.167:0/1592969962 >> [v2:172.21.15.167:3300/0,v1:172.21.15.167:6789/0] conn(0x7f2040107fc0 0x7f204010a3b0 secure :-1 s=READY pgs=20 cs=0 l=1 rev1=1 crypto rx=0x7f20300098a0 tx=0x7f2030009bb0 comp rx=0 tx=0).ready entity=mon.0 client_cookie=bc994a72756aeb3e server_cookie=0 in_seq=0 out_seq=0
2024-04-02T13:00:19.133 INFO:teuthology.orchestra.run.smithi167.stdout:/usr/bin/ceph: stderr
2024-04-02T13:00:18.122+0000 7f203e7fc700 1 -- 172.21.15.167:0/1592969962 <== mon.0 v2:172.21.15.167:3300/0 1 ==== mon_map magic: 0 ==== 205+0+0 (secure 0 0 0) 0x7f2030004160 con 0x7f2040107fc0
2024-04-02T13:00:19.133 INFO:teuthology.orchestra.run.smithi167.stdout:/usr/bin/ceph: stderr
2024-04-02T13:00:18.122+0000 7f203e7fc700 1 -- 172.21.15.167:0/1592969962 <== mon.0 v2:172.21.15.167:3300/0 2 ==== config(26 keys) ==== 1071+0+0 (secure 0 0 0) 0x7f2030004300 con 0x7f2040107fc0
2024-04-02T13:00:19.133 INFO:teuthology.orchestra.run.smithi167.stdout:/usr/bin/ceph: stderr
2024-04-02T13:00:18.122+0000 7f203e7fc700 1 -- 172.21.15.167:0/1592969962 <== mon.0 v2:172.21.15.167:3300/0 3 ==== mon_map magic: 0 ==== 205+0+0 (secure 0 0 0) 0x7f2030011a80 con 0x7f2040107fc0
2024-04-02T13:00:19.133 INFO:teuthology.orchestra.run.smithi167.stdout:/usr/bin/ceph: stderr
2024-04-02T13:00:18.123+0000 7f2045b53700 1 -- 172.21.15.167:0/1592969962 >> [v2:172.21.15.167:3300/0,v1:172.21.15.167:6789/0] conn(0x7f2040107fc0 msgr2=0x7f204010a3b0 secure :-1 s=STATE_CONNECTION_ESTABLISHED l=1).mark_down
2024-04-02T13:00:19.133 INFO:teuthology.orchestra.run.smithi167.stdout:/usr/bin/ceph: stderr
2024-04-02T13:00:18.123+0000 7f2045b53700 1 --2- 172.21.15.167:0/1592969962 >> [v2:172.21.15.167:3300/0,v1:172.21.15.167:6789/0] conn(0x7f2040107fc0 0x7f204010a3b0 secure :-1 s=READY pgs=20 cs=0 l=1 rev1=1 crypto rx=0x7f20300098a0 tx=0x7f2030009bb0 comp rx=0 tx=0).stop
2024-04-02T13:00:19.133 INFO:teuthology.orchestra.run.smithi167.stdout:/usr/bin/ceph: stderr
2024-04-02T13:00:18.123+0000 7f2045b53700 1 -- 172.21.15.167:0/1592969962 shutdown_connections
2024-04-02T13:00:19.133 INFO:teuthology.orchestra.run.smithi167.stdout:/usr/bin/ceph: stderr
2024-04-02T13:00:18.123+0000 7f2045b53700 1 --2- 172.21.15.167:0/1592969962 >> [v2:172.21.15.167:3300/0,v1:172.21.15.167:6789/0] conn(0x7f2040107fc0 0x7f204010a3b0 unknown :-1 s=CLOSED pgs=20 cs=0 l=1 rev1=1 crypto rx=0 tx=0 comp rx=0 tx=0).stop
2024-04-02T13:00:19.134 INFO:teuthology.orchestra.run.smithi167.stdout:/usr/bin/ceph: stderr
2024-04-02T13:00:18.123+0000 7f2045b53700 1 -- 172.21.15.167:0/1592969962 >> 172.21.15.167:0/1592969962 conn(0x7f20401019b0 msgr2=0x7f2040103df0 unknown :-1 s=STATE_NONE l=0).mark_down
2024-04-02T13:00:19.134 INFO:teuthology.orchestra.run.smithi167.stdout:/usr/bin/ceph: stderr
2024-04-02T13:00:18.123+0000 7f2045b53700 1 -- 172.21.15.167:0/1592969962 shutdown_connections
2024-04-02T13:00:19.134 INFO:teuthology.orchestra.run.smithi167.stdout:/usr/bin/ceph: stderr
2024-04-02T13:00:18.123+0000 7f2045b53700 1 -- 172.21.15.167:0/1592969962 wait complete.
2024-04-02T13:00:19.134 INFO:teuthology.orchestra.run.smithi167.stdout:/usr/bin/ceph: stderr
2024-04-02T13:00:18.123+0000 7f2045b53700 1 Processor -- start
2024-04-02T13:00:19.134 INFO:teuthology.orchestra.run.smithi167.stdout:/usr/bin/ceph: stderr
2024-04-02T13:00:18.124+0000 7f2045b53700 1 -- start start
2024-04-02T13:00:19.134 INFO:teuthology.orchestra.run.smithi167.stdout:/usr/bin/ceph: stderr
2024-04-02T13:00:18.124+0000 7f2045b53700 1 --2- >> [v2:172.21.15.167:3300/0,v1:172.21.15.167:6789/0] conn(0x7f2040107fc0 0x7f204019b440 unknown :-1 s=NONE pgs=0 cs=0 l=1 rev1=0 crypto rx=0 tx=0 comp rx=0 tx=0).connect
2024-04-02T13:00:19.134 INFO:teuthology.orchestra.run.smithi167.stdout:/usr/bin/ceph: stderr
2024-04-02T13:00:18.124+0000 7f2045b53700 1 -- --> [v2:172.21.15.167:3300/0,v1:172.21.15.167:6789/0] -- mon_getmap magic: 0 -- 0x7f204010b8b0 con 0x7f2040107fc0
2024-04-02T13:00:19.134 INFO:teuthology.orchestra.run.smithi167.stdout:/usr/bin/ceph: stderr
2024-04-02T13:00:18.124+0000 7f203f7fe700 1 --2- >> [v2:172.21.15.167:3300/0,v1:172.21.15.167:6789/0] conn(0x7f2040107fc0 0x7f204019b440 unknown :-1 s=BANNER_CONNECTING pgs=0 cs=0 l=1 rev1=0 crypto rx=0 tx=0 comp rx=0 tx=0)._handle_peer_banner_payload supported=3 required=0
2024-04-02T13:00:19.134 INFO:teuthology.orchestra.run.smithi167.stdout:/usr/bin/ceph: stderr
2024-04-02T13:00:18.124+0000 7f203f7fe700 1 --2- >> [v2:172.21.15.167:3300/0,v1:172.21.15.167:6789/0] conn(0x7f2040107fc0 0x7f204019b440 unknown :-1 s=HELLO_CONNECTING pgs=0 cs=0 l=1 rev1=1 crypto rx=0 tx=0 comp rx=0 tx=0).handle_hello peer v2:172.21.15.167:3300/0 says I am v2:172.21.15.167:59656/0 (socket says 172.21.15.167:59656)
2024-04-02T13:00:19.134 INFO:teuthology.orchestra.run.smithi167.stdout:/usr/bin/ceph: stderr
2024-04-02T13:00:18.124+0000 7f203f7fe700 1 -- 172.21.15.167:0/2351027700 learned_addr learned my addr 172.21.15.167:0/2351027700 (peer_addr_for_me v2:172.21.15.167:0/0)
2024-04-02T13:00:19.134 INFO:teuthology.orchestra.run.smithi167.stdout:/usr/bin/ceph: stderr
2024-04-02T13:00:18.124+0000 7f203f7fe700 1 -- 172.21.15.167:0/2351027700 --> [v2:172.21.15.167:3300/0,v1:172.21.15.167:6789/0] -- mon_subscribe({config=0+,monmap=0+}) -- 0x7f204019b980 con 0x7f2040107fc0
2024-04-02T13:00:19.134 INFO:teuthology.orchestra.run.smithi167.stdout:/usr/bin/ceph: stderr
2024-04-02T13:00:18.124+0000 7f203f7fe700 1 --2- 172.21.15.167:0/2351027700 >> [v2:172.21.15.167:3300/0,v1:172.21.15.167:6789/0] conn(0x7f2040107fc0 0x7f204019b440 secure :-1 s=READY pgs=21 cs=0 l=1 rev1=1 crypto rx=0x7f2030011a50 tx=0x7f2030004290 comp rx=0 tx=0).ready entity=mon.0 client_cookie=0 server_cookie=0 in_seq=0 out_seq=0
2024-04-02T13:00:19.134 INFO:teuthology.orchestra.run.smithi167.stdout:/usr/bin/ceph: stderr
2024-04-02T13:00:18.125+0000 7f203cff9700 1 -- 172.21.15.167:0/2351027700 <== mon.0 v2:172.21.15.167:3300/0 1 ==== mon_map magic: 0 ==== 205+0+0 (secure 0 0 0) 0x7f20300039f0 con 0x7f2040107fc0
2024-04-02T13:00:19.134 INFO:teuthology.orchestra.run.smithi167.stdout:/usr/bin/ceph: stderr
2024-04-02T13:00:18.125+0000 7f203cff9700 1 -- 172.21.15.167:0/2351027700 <== mon.0 v2:172.21.15.167:3300/0 2 ==== config(26 keys) ==== 1071+0+0 (secure 0 0 0) 0x7f2030003b90 con 0x7f2040107fc0
2024-04-02T13:00:19.134 INFO:teuthology.orchestra.run.smithi167.stdout:/usr/bin/ceph: stderr
2024-04-02T13:00:18.125+0000 7f2045b53700 1 -- 172.21.15.167:0/2351027700 --> [v2:172.21.15.167:3300/0,v1:172.21.15.167:6789/0] -- mon_subscribe({mgrmap=0+}) -- 0x7f204019bc10 con 0x7f2040107fc0
2024-04-02T13:00:19.135 INFO:teuthology.orchestra.run.smithi167.stdout:/usr/bin/ceph: stderr
2024-04-02T13:00:18.125+0000 7f203cff9700 1 -- 172.21.15.167:0/2351027700 <== mon.0 v2:172.21.15.167:3300/0 3 ==== mon_map magic: 0 ==== 205+0+0 (secure 0 0 0) 0x7f203001a600 con 0x7f2040107fc0
2024-04-02T13:00:19.135 INFO:teuthology.orchestra.run.smithi167.stdout:/usr/bin/ceph: stderr
2024-04-02T13:00:18.125+0000 7f2045b53700 1 -- 172.21.15.167:0/2351027700 --> [v2:172.21.15.167:3300/0,v1:172.21.15.167:6789/0] -- mon_subscribe({osdmap=0}) -- 0x7f204019e900 con 0x7f2040107fc0
2024-04-02T13:00:19.135 INFO:teuthology.orchestra.run.smithi167.stdout:/usr/bin/ceph: stderr
2024-04-02T13:00:18.125+0000 7f203cff9700 1 -- 172.21.15.167:0/2351027700 <== mon.0 v2:172.21.15.167:3300/0 4 ==== mgrmap(e 4) ==== 46547+0+0 (secure 0 0 0) 0x7f203001a930 con 0x7f2040107fc0
2024-04-02T13:00:19.135 INFO:teuthology.orchestra.run.smithi167.stdout:/usr/bin/ceph: stderr
2024-04-02T13:00:18.126+0000 7f203cff9700 1 --2- 172.21.15.167:0/2351027700 >> [v2:172.21.15.167:6800/884007870,v1:172.21.15.167:6801/884007870] conn(0x7f20280395b0 0x7f202803ba70 unknown :-1 s=NONE pgs=0 cs=0 l=1 rev1=0 crypto rx=0 tx=0 comp rx=0 tx=0).connect
2024-04-02T13:00:19.135 INFO:teuthology.orchestra.run.smithi167.stdout:/usr/bin/ceph: stderr
2024-04-02T13:00:18.126+0000 7f203cff9700 1 -- 172.21.15.167:0/2351027700 <== mon.0 v2:172.21.15.167:3300/0 5 ==== osd_map(1..1 src has 1..1) ==== 725+0+0 (secure 0 0 0) 0x7f203004dbf0 con 0x7f2040107fc0
2024-04-02T13:00:19.135 INFO:teuthology.orchestra.run.smithi167.stdout:/usr/bin/ceph: stderr
2024-04-02T13:00:18.126+0000 7f2045b53700 1 -- 172.21.15.167:0/2351027700 --> [v2:172.21.15.167:3300/0,v1:172.21.15.167:6789/0] -- mon_command({"prefix": "get_command_descriptions"} v 0) -- 0x7f2040063c20 con 0x7f2040107fc0
2024-04-02T13:00:19.135 INFO:teuthology.orchestra.run.smithi167.stdout:/usr/bin/ceph: stderr
2024-04-02T13:00:18.126+0000 7f203effd700 1 --2- 172.21.15.167:0/2351027700 >> [v2:172.21.15.167:6800/884007870,v1:172.21.15.167:6801/884007870] conn(0x7f20280395b0 0x7f202803ba70 unknown :-1 s=BANNER_CONNECTING pgs=0 cs=0 l=1 rev1=0 crypto rx=0 tx=0 comp rx=0 tx=0)._handle_peer_banner_payload supported=3 required=0
2024-04-02T13:00:19.135 INFO:teuthology.orchestra.run.smithi167.stdout:/usr/bin/ceph: stderr
2024-04-02T13:00:18.126+0000 7f203effd700 1 --2- 172.21.15.167:0/2351027700 >> [v2:172.21.15.167:6800/884007870,v1:172.21.15.167:6801/884007870] conn(0x7f20280395b0 0x7f202803ba70 secure :-1 s=READY pgs=8 cs=0 l=1 rev1=1 crypto rx=0x7f2034006fd0 tx=0x7f2034006e40 comp rx=0 tx=0).ready entity=mgr.14100 client_cookie=0 server_cookie=0 in_seq=0 out_seq=0
2024-04-02T13:00:19.135 INFO:teuthology.orchestra.run.smithi167.stdout:/usr/bin/ceph: stderr
2024-04-02T13:00:18.131+0000 7f203cff9700 1 -- 172.21.15.167:0/2351027700 <== mon.0 v2:172.21.15.167:3300/0 6 ==== mon_command_ack([{"prefix": "get_command_descriptions"}]=0 v0) ==== 72+0+188173 (secure 0 0 0) 0x7f2030024a40 con 0x7f2040107fc0
2024-04-02T13:00:19.135 INFO:teuthology.orchestra.run.smithi167.stdout:/usr/bin/ceph: stderr
2024-04-02T13:00:18.385+0000 7f2045b53700 1 -- 172.21.15.167:0/2351027700 --> [v2:172.21.15.167:3300/0,v1:172.21.15.167:6789/0] -- mon_command({"prefix": "mgr module enable", "module": "cephadm"} v 0) -- 0x7f204019eed0 con 0x7f2040107fc0
2024-04-02T13:00:19.135 INFO:teuthology.orchestra.run.smithi167.stdout:/usr/bin/ceph: stderr
2024-04-02T13:00:18.535+0000 7f203cff9700 1 -- 172.21.15.167:0/2351027700 <== mon.0 v2:172.21.15.167:3300/0 7 ==== mon_command_ack([{"prefix": "mgr module enable", "module": "cephadm"}]=0 v5) ==== 86+0+0 (secure 0 0 0) 0x7f2030019c70 con 0x7f2040107fc0
2024-04-02T13:00:19.135 INFO:teuthology.orchestra.run.smithi167.stdout:/usr/bin/ceph: stderr
2024-04-02T13:00:18.537+0000 7f203cff9700 1 -- 172.21.15.167:0/2351027700 <== mon.0 v2:172.21.15.167:3300/0 8 ==== mgrmap(e 5) ==== 46558+0+0 (secure 0 0 0) 0x7f203001ac20 con 0x7f2040107fc0
2024-04-02T13:00:19.135 INFO:teuthology.orchestra.run.smithi167.stdout:/usr/bin/ceph: stderr
2024-04-02T13:00:18.538+0000 7f2045b53700 1 -- 172.21.15.167:0/2351027700 >> [v2:172.21.15.167:6800/884007870,v1:172.21.15.167:6801/884007870] conn(0x7f20280395b0 msgr2=0x7f202803ba70 secure :-1 s=STATE_CONNECTION_ESTABLISHED l=1).mark_down
2024-04-02T13:00:19.135 INFO:teuthology.orchestra.run.smithi167.stdout:/usr/bin/ceph: stderr
2024-04-02T13:00:18.538+0000 7f2045b53700 1 --2- 172.21.15.167:0/2351027700 >> [v2:172.21.15.167:6800/884007870,v1:172.21.15.167:6801/884007870] conn(0x7f20280395b0 0x7f202803ba70 secure :-1 s=READY pgs=8 cs=0 l=1 rev1=1 crypto rx=0x7f2034006fd0 tx=0x7f2034006e40 comp rx=0 tx=0).stop
2024-04-02T13:00:19.135 INFO:teuthology.orchestra.run.smithi167.stdout:/usr/bin/ceph: stderr
2024-04-02T13:00:18.538+0000 7f2045b53700 1 -- 172.21.15.167:0/2351027700 >> [v2:172.21.15.167:3300/0,v1:172.21.15.167:6789/0] conn(0x7f2040107fc0 msgr2=0x7f204019b440 secure :-1 s=STATE_CONNECTION_ESTABLISHED l=1).mark_down
2024-04-02T13:00:19.135 INFO:teuthology.orchestra.run.smithi167.stdout:/usr/bin/ceph: stderr
2024-04-02T13:00:18.538+0000 7f2045b53700 1 --2- 172.21.15.167:0/2351027700 >> [v2:172.21.15.167:3300/0,v1:172.21.15.167:6789/0] conn(0x7f2040107fc0 0x7f204019b440 secure :-1 s=READY pgs=21 cs=0 l=1 rev1=1 crypto rx=0x7f2030011a50 tx=0x7f2030004290 comp rx=0 tx=0).stop
2024-04-02T13:00:19.135 INFO:teuthology.orchestra.run.smithi167.stdout:/usr/bin/ceph: stderr
2024-04-02T13:00:18.538+0000 7f2045b53700 1 -- 172.21.15.167:0/2351027700 shutdown_connections
2024-04-02T13:00:19.136 INFO:teuthology.orchestra.run.smithi167.stdout:/usr/bin/ceph: stderr
2024-04-02T13:00:18.538+0000 7f2045b53700 1 --2- 172.21.15.167:0/2351027700 >> [v2:172.21.15.167:6800/884007870,v1:172.21.15.167:6801/884007870] conn(0x7f20280395b0 0x7f202803ba70 unknown :-1 s=CLOSED pgs=8 cs=0 l=1 rev1=1 crypto rx=0 tx=0 comp rx=0 tx=0).stop
2024-04-02T13:00:19.136 INFO:teuthology.orchestra.run.smithi167.stdout:/usr/bin/ceph: stderr
2024-04-02T13:00:18.538+0000 7f2045b53700 1 --2- 172.21.15.167:0/2351027700 >> [v2:172.21.15.167:3300/0,v1:172.21.15.167:6789/0] conn(0x7f2040107fc0 0x7f204019b440 unknown :-1 s=CLOSED pgs=21 cs=0 l=1 rev1=1 crypto rx=0 tx=0 comp rx=0 tx=0).stop
2024-04-02T13:00:19.136 INFO:teuthology.orchestra.run.smithi167.stdout:/usr/bin/ceph: stderr
2024-04-02T13:00:18.538+0000 7f2045b53700 1 -- 172.21.15.167:0/2351027700 >> 172.21.15.167:0/2351027700 conn(0x7f20401019b0 msgr2=0x7f20401024c0 unknown :-1 s=STATE_NONE l=0).mark_down
2024-04-02T13:00:19.136 INFO:teuthology.orchestra.run.smithi167.stdout:/usr/bin/ceph: stderr
2024-04-02T13:00:18.539+0000 7f2045b53700 1 -- 172.21.15.167:0/2351027700 shutdown_connections
2024-04-02T13:00:19.136 INFO:teuthology.orchestra.run.smithi167.stdout:/usr/bin/ceph: stderr
2024-04-02T13:00:18.539+0000 7f2045b53700 1 -- 172.21.15.167:0/2351027700 wait complete.
2024-04-02T13:00:19.186 INFO:journalctl@ceph.mgr.x.smithi167.stdout:Apr 02 13:00:19 smithi167 ceph-cd8edb46-f0f0-11ee-b647-cb9ed24678a4-mgr-x[29840]:
2024-04-02T13:00:19.095+0000 7f1364986200 -1 mgr[py] Module osd_perf_query has missing NOTIFY_TYPES member
2024-04-02T13:00:19.444 INFO:journalctl@ceph.mgr.x.smithi167.stdout:Apr 02 13:00:19 smithi167 ceph-cd8edb46-f0f0-11ee-b647-cb9ed24678a4-mgr-x[29840]:
2024-04-02T13:00:19.193+0000 7f1364986200 -1 mgr[py] Module snap_schedule has missing NOTIFY_TYPES member
2024-04-02T13:00:19.749 INFO:journalctl@ceph.mon.a.smithi167.stdout:Apr 02 13:00:19 smithi167 ceph-mon[29609]: from='client.? 172.21.15.167:0/2351027700' entity='client.admin' cmd='[{"prefix": "mgr module enable", "module": "cephadm"}]': finished
2024-04-02T13:00:19.750 INFO:journalctl@ceph.mon.a.smithi167.stdout:Apr 02 13:00:19 smithi167 ceph-mon[29609]: mgrmap e5: x(active, since 5s)
2024-04-02T13:00:20.032 INFO:journalctl@ceph.mgr.x.smithi167.stdout:Apr 02 13:00:19 smithi167 ceph-cd8edb46-f0f0-11ee-b647-cb9ed24678a4-mgr-x[29840]:
2024-04-02T13:00:19.853+0000 7f1364986200 -1 mgr[py] Module zabbix has missing NOTIFY_TYPES member
2024-04-02T13:00:20.032 INFO:journalctl@ceph.mgr.x.smithi167.stdout:Apr 02 13:00:19 smithi167 ceph-cd8edb46-f0f0-11ee-b647-cb9ed24678a4-mgr-x[29840]:
2024-04-02T13:00:19.949+0000 7f1364986200 -1 mgr[py] Module balancer has missing NOTIFY_TYPES member
2024-04-02T13:00:20.466 INFO:journalctl@ceph.mgr.x.smithi167.stdout:Apr 02 13:00:20 smithi167 ceph-cd8edb46-f0f0-11ee-b647-cb9ed24678a4-mgr-x[29840]:
2024-04-02T13:00:20.091+0000 7f1364986200 -1 mgr[py] Module influx has missing NOTIFY_TYPES member
2024-04-02T13:00:20.466 INFO:journalctl@ceph.mgr.x.smithi167.stdout:Apr 02 13:00:20 smithi167 ceph-cd8edb46-f0f0-11ee-b647-cb9ed24678a4-mgr-x[29840]:
2024-04-02T13:00:20.190+0000 7f1364986200 -1 mgr[py] Module alerts has missing NOTIFY_TYPES member
2024-04-02T13:00:20.466 INFO:journalctl@ceph.mgr.x.smithi167.stdout:Apr 02 13:00:20 smithi167 ceph-cd8edb46-f0f0-11ee-b647-cb9ed24678a4-mgr-x[29840]:
2024-04-02T13:00:20.275+0000 7f1364986200 -1 mgr[py] Module iostat has missing NOTIFY_TYPES member
2024-04-02T13:00:20.474 INFO:teuthology.orchestra.run.smithi167.stdout:/usr/bin/ceph: stdout {
2024-04-02T13:00:20.474 INFO:teuthology.orchestra.run.smithi167.stdout:/usr/bin/ceph: stdout "epoch": 5,
2024-04-02T13:00:20.474 INFO:teuthology.orchestra.run.smithi167.stdout:/usr/bin/ceph: stdout "available": true,
2024-04-02T13:00:20.474 INFO:teuthology.orchestra.run.smithi167.stdout:/usr/bin/ceph: stdout "active_name": "x",
2024-04-02T13:00:20.475 INFO:teuthology.orchestra.run.smithi167.stdout:/usr/bin/ceph: stdout "num_standby": 0
2024-04-02T13:00:20.475 INFO:teuthology.orchestra.run.smithi167.stdout:/usr/bin/ceph: stdout }
2024-04-02T13:00:20.475 INFO:teuthology.orchestra.run.smithi167.stdout:/usr/bin/ceph: stderr
2024-04-02T13:00:19.551+0000 7faeae838700 1 Processor -- start
2024-04-02T13:00:20.475 INFO:teuthology.orchestra.run.smithi167.stdout:/usr/bin/ceph: stderr
2024-04-02T13:00:19.551+0000 7faeae838700 1 -- start start
2024-04-02T13:00:20.475 INFO:teuthology.orchestra.run.smithi167.stdout:/usr/bin/ceph: stderr
2024-04-02T13:00:19.551+0000 7faeae838700 1 --2- >> [v2:172.21.15.167:3300/0,v1:172.21.15.167:6789/0] conn(0x7faea8107f80 0x7faea810a370 unknown :-1 s=NONE pgs=0 cs=0 l=0 rev1=0 crypto rx=0 tx=0 comp rx=0 tx=0).connect
2024-04-02T13:00:20.475 INFO:teuthology.orchestra.run.smithi167.stdout:/usr/bin/ceph: stderr
2024-04-02T13:00:19.551+0000 7faeae838700 1 -- --> [v2:172.21.15.167:3300/0,v1:172.21.15.167:6789/0] -- mon_getmap magic: 0 -- 0x7faea807b6b0 con 0x7faea8107f80
2024-04-02T13:00:20.475 INFO:teuthology.orchestra.run.smithi167.stdout:/usr/bin/ceph: stderr
2024-04-02T13:00:19.551+0000 7faea7fff700 1 --2- >> [v2:172.21.15.167:3300/0,v1:172.21.15.167:6789/0] conn(0x7faea8107f80 0x7faea810a370 unknown :-1 s=BANNER_CONNECTING pgs=0 cs=0 l=0 rev1=0 crypto rx=0 tx=0 comp rx=0 tx=0)._handle_peer_banner_payload supported=3 required=0
2024-04-02T13:00:20.475 INFO:teuthology.orchestra.run.smithi167.stdout:/usr/bin/ceph: stderr
2024-04-02T13:00:19.551+0000 7faea7fff700 1 --2- >> [v2:172.21.15.167:3300/0,v1:172.21.15.167:6789/0] conn(0x7faea8107f80 0x7faea810a370 unknown :-1 s=HELLO_CONNECTING pgs=0 cs=0 l=0 rev1=1 crypto rx=0 tx=0 comp rx=0 tx=0).handle_hello peer v2:172.21.15.167:3300/0 says I am v2:172.21.15.167:59680/0 (socket says 172.21.15.167:59680)
2024-04-02T13:00:20.475 INFO:teuthology.orchestra.run.smithi167.stdout:/usr/bin/ceph: stderr
2024-04-02T13:00:19.551+0000 7faea7fff700 1 -- 172.21.15.167:0/941041495 learned_addr learned my addr 172.21.15.167:0/941041495 (peer_addr_for_me v2:172.21.15.167:0/0)
2024-04-02T13:00:20.475 INFO:teuthology.orchestra.run.smithi167.stdout:/usr/bin/ceph: stderr
2024-04-02T13:00:19.552+0000 7faea7fff700 1 -- 172.21.15.167:0/941041495 --> [v2:172.21.15.167:3300/0,v1:172.21.15.167:6789/0] -- mon_subscribe({config=0+,monmap=0+}) -- 0x7faea810a8b0 con 0x7faea8107f80
2024-04-02T13:00:20.475 INFO:teuthology.orchestra.run.smithi167.stdout:/usr/bin/ceph: stderr
2024-04-02T13:00:19.552+0000 7faea7fff700 1 --2- 172.21.15.167:0/941041495 >> [v2:172.21.15.167:3300/0,v1:172.21.15.167:6789/0] conn(0x7faea8107f80 0x7faea810a370 secure :-1 s=READY pgs=24 cs=0 l=1 rev1=1 crypto rx=0x7fae9c0098a0 tx=0x7fae9c009bb0 comp rx=0 tx=0).ready entity=mon.0 client_cookie=28aa6ae5f5f7457f server_cookie=0 in_seq=0 out_seq=0
2024-04-02T13:00:20.475 INFO:teuthology.orchestra.run.smithi167.stdout:/usr/bin/ceph: stderr
2024-04-02T13:00:19.552+0000 7faea6ffd700 1 -- 172.21.15.167:0/941041495 <== mon.0 v2:172.21.15.167:3300/0 1 ==== mon_map magic: 0 ==== 205+0+0 (secure 0 0 0) 0x7fae9c004160 con 0x7faea8107f80
2024-04-02T13:00:20.475 INFO:teuthology.orchestra.run.smithi167.stdout:/usr/bin/ceph: stderr
2024-04-02T13:00:19.552+0000 7faea6ffd700 1 -- 172.21.15.167:0/941041495 <== mon.0 v2:172.21.15.167:3300/0 2 ==== config(26 keys) ==== 1071+0+0 (secure 0 0 0) 0x7fae9c004300 con 0x7faea8107f80
2024-04-02T13:00:20.475 INFO:teuthology.orchestra.run.smithi167.stdout:/usr/bin/ceph: stderr
2024-04-02T13:00:19.552+0000 7faea6ffd700 1 -- 172.21.15.167:0/941041495 <== mon.0 v2:172.21.15.167:3300/0 3 ==== mon_map magic: 0 ==== 205+0+0 (secure 0 0 0) 0x7fae9c011a80 con 0x7faea8107f80
2024-04-02T13:00:20.475 INFO:teuthology.orchestra.run.smithi167.stdout:/usr/bin/ceph: stderr
2024-04-02T13:00:19.553+0000 7faeae838700 1 -- 172.21.15.167:0/941041495 >> [v2:172.21.15.167:3300/0,v1:172.21.15.167:6789/0] conn(0x7faea8107f80 msgr2=0x7faea810a370 secure :-1 s=STATE_CONNECTION_ESTABLISHED l=1).mark_down
2024-04-02T13:00:20.475 INFO:teuthology.orchestra.run.smithi167.stdout:/usr/bin/ceph: stderr
2024-04-02T13:00:19.553+0000 7faeae838700 1 --2- 172.21.15.167:0/941041495 >> [v2:172.21.15.167:3300/0,v1:172.21.15.167:6789/0] conn(0x7faea8107f80 0x7faea810a370 secure :-1 s=READY pgs=24 cs=0 l=1 rev1=1 crypto rx=0x7fae9c0098a0 tx=0x7fae9c009bb0 comp rx=0 tx=0).stop
2024-04-02T13:00:20.475 INFO:teuthology.orchestra.run.smithi167.stdout:/usr/bin/ceph: stderr
2024-04-02T13:00:19.553+0000 7faeae838700 1 -- 172.21.15.167:0/941041495 shutdown_connections
2024-04-02T13:00:20.476 INFO:teuthology.orchestra.run.smithi167.stdout:/usr/bin/ceph: stderr
2024-04-02T13:00:19.553+0000 7faeae838700 1 --2- 172.21.15.167:0/941041495 >> [v2:172.21.15.167:3300/0,v1:172.21.15.167:6789/0] conn(0x7faea8107f80 0x7faea810a370 unknown :-1 s=CLOSED pgs=24 cs=0 l=1 rev1=1 crypto rx=0 tx=0 comp rx=0 tx=0).stop
2024-04-02T13:00:20.476 INFO:teuthology.orchestra.run.smithi167.stdout:/usr/bin/ceph: stderr
2024-04-02T13:00:19.553+0000 7faeae838700 1 -- 172.21.15.167:0/941041495 >> 172.21.15.167:0/941041495 conn(0x7faea8101990 msgr2=0x7faea8103db0 unknown :-1 s=STATE_NONE l=0).mark_down
2024-04-02T13:00:20.476 INFO:teuthology.orchestra.run.smithi167.stdout:/usr/bin/ceph: stderr
2024-04-02T13:00:19.553+0000 7faeae838700 1 -- 172.21.15.167:0/941041495 shutdown_connections
2024-04-02T13:00:20.476 INFO:teuthology.orchestra.run.smithi167.stdout:/usr/bin/ceph: stderr
2024-04-02T13:00:19.553+0000 7faeae838700 1 -- 172.21.15.167:0/941041495 wait complete.
2024-04-02T13:00:20.476 INFO:teuthology.orchestra.run.smithi167.stdout:/usr/bin/ceph: stderr
2024-04-02T13:00:19.553+0000 7faeae838700 1 Processor -- start
2024-04-02T13:00:20.476 INFO:teuthology.orchestra.run.smithi167.stdout:/usr/bin/ceph: stderr
2024-04-02T13:00:19.553+0000 7faeae838700 1 -- start start
2024-04-02T13:00:20.476 INFO:teuthology.orchestra.run.smithi167.stdout:/usr/bin/ceph: stderr
2024-04-02T13:00:19.554+0000 7faeae838700 1 --2- >> [v2:172.21.15.167:3300/0,v1:172.21.15.167:6789/0] conn(0x7faea8107f80 0x7faea819b420 unknown :-1 s=NONE pgs=0 cs=0 l=1 rev1=0 crypto rx=0 tx=0 comp rx=0 tx=0).connect
2024-04-02T13:00:20.476 INFO:teuthology.orchestra.run.smithi167.stdout:/usr/bin/ceph: stderr
2024-04-02T13:00:19.554+0000 7faeae838700 1 -- --> [v2:172.21.15.167:3300/0,v1:172.21.15.167:6789/0] -- mon_getmap magic: 0 -- 0x7faea810b870 con 0x7faea8107f80
2024-04-02T13:00:20.476 INFO:teuthology.orchestra.run.smithi167.stdout:/usr/bin/ceph: stderr
2024-04-02T13:00:19.554+0000 7faea7fff700 1 --2- >> [v2:172.21.15.167:3300/0,v1:172.21.15.167:6789/0] conn(0x7faea8107f80 0x7faea819b420 unknown :-1 s=BANNER_CONNECTING pgs=0 cs=0 l=1 rev1=0 crypto rx=0 tx=0 comp rx=0 tx=0)._handle_peer_banner_payload supported=3 required=0
2024-04-02T13:00:20.476 INFO:teuthology.orchestra.run.smithi167.stdout:/usr/bin/ceph: stderr
2024-04-02T13:00:19.554+0000 7faea7fff700 1 --2- >> [v2:172.21.15.167:3300/0,v1:172.21.15.167:6789/0] conn(0x7faea8107f80 0x7faea819b420 unknown :-1 s=HELLO_CONNECTING pgs=0 cs=0 l=1 rev1=1 crypto rx=0 tx=0 comp rx=0 tx=0).handle_hello peer v2:172.21.15.167:3300/0 says I am v2:172.21.15.167:59690/0 (socket says 172.21.15.167:59690)
2024-04-02T13:00:20.476 INFO:teuthology.orchestra.run.smithi167.stdout:/usr/bin/ceph: stderr
2024-04-02T13:00:19.554+0000 7faea7fff700 1 -- 172.21.15.167:0/1970383829 learned_addr learned my addr 172.21.15.167:0/1970383829 (peer_addr_for_me v2:172.21.15.167:0/0)
2024-04-02T13:00:20.476 INFO:teuthology.orchestra.run.smithi167.stdout:/usr/bin/ceph: stderr
2024-04-02T13:00:19.554+0000 7faea7fff700 1 -- 172.21.15.167:0/1970383829 --> [v2:172.21.15.167:3300/0,v1:172.21.15.167:6789/0] -- mon_subscribe({config=0+,monmap=0+}) -- 0x7faea819b960 con 0x7faea8107f80
2024-04-02T13:00:20.476 INFO:teuthology.orchestra.run.smithi167.stdout:/usr/bin/ceph: stderr
