2024-04-02T13:00:39.680+0000 7fc9e6ffd700 1 -- 172.21.15.167:0/2256773897 learned_addr learned my addr 172.21.15.167:0/2256773897 (peer_addr_for_me v2:172.21.15.167:0/0)
2024-04-02T13:00:40.701 INFO:teuthology.orchestra.run.smithi167.stdout:/usr/bin/ceph: stderr
2024-04-02T13:00:39.680+0000 7fc9e6ffd700 1 -- 172.21.15.167:0/2256773897 --> [v2:172.21.15.167:3300/0,v1:172.21.15.167:6789/0] -- mon_subscribe({config=0+,monmap=0+}) -- 0x7fc9e81997a0 con 0x7fc9e81063b0
2024-04-02T13:00:40.701 INFO:teuthology.orchestra.run.smithi167.stdout:/usr/bin/ceph: stderr
2024-04-02T13:00:39.680+0000 7fc9e6ffd700 1 --2- 172.21.15.167:0/2256773897 >> [v2:172.21.15.167:3300/0,v1:172.21.15.167:6789/0] conn(0x7fc9e81063b0 0x7fc9e8199260 secure :-1 s=READY pgs=48 cs=0 l=1 rev1=1 crypto rx=0x7fc9d800b340 tx=0x7fc9d8003fe0 comp rx=0 tx=0).ready entity=mon.0 client_cookie=0 server_cookie=0 in_seq=0 out_seq=0
2024-04-02T13:00:40.701 INFO:teuthology.orchestra.run.smithi167.stdout:/usr/bin/ceph: stderr
2024-04-02T13:00:39.680+0000 7fc9cffff700 1 -- 172.21.15.167:0/2256773897 <== mon.0 v2:172.21.15.167:3300/0 1 ==== mon_map magic: 0 ==== 205+0+0 (secure 0 0 0) 0x7fc9d8027070 con 0x7fc9e81063b0
2024-04-02T13:00:40.701 INFO:teuthology.orchestra.run.smithi167.stdout:/usr/bin/ceph: stderr
2024-04-02T13:00:39.681+0000 7fc9cffff700 1 -- 172.21.15.167:0/2256773897 <== mon.0 v2:172.21.15.167:3300/0 2 ==== config(26 keys) ==== 1071+0+0 (secure 0 0 0) 0x7fc9d80104e0 con 0x7fc9e81063b0
2024-04-02T13:00:40.701 INFO:teuthology.orchestra.run.smithi167.stdout:/usr/bin/ceph: stderr
2024-04-02T13:00:39.681+0000 7fc9cffff700 1 -- 172.21.15.167:0/2256773897 <== mon.0 v2:172.21.15.167:3300/0 3 ==== mon_map magic: 0 ==== 205+0+0 (secure 0 0 0) 0x7fc9d80229e0 con 0x7fc9e81063b0
2024-04-02T13:00:40.701 INFO:teuthology.orchestra.run.smithi167.stdout:/usr/bin/ceph: stderr
2024-04-02T13:00:39.681+0000 7fc9ed7f6700 1 -- 172.21.15.167:0/2256773897 --> [v2:172.21.15.167:3300/0,v1:172.21.15.167:6789/0] -- mon_subscribe({mgrmap=0+}) -- 0x7fc9e8199a30 con 0x7fc9e81063b0
2024-04-02T13:00:40.701 INFO:teuthology.orchestra.run.smithi167.stdout:/usr/bin/ceph: stderr
2024-04-02T13:00:39.681+0000 7fc9ed7f6700 1 -- 172.21.15.167:0/2256773897 --> [v2:172.21.15.167:3300/0,v1:172.21.15.167:6789/0] -- mon_subscribe({osdmap=0}) -- 0x7fc9e819c720 con 0x7fc9e81063b0
2024-04-02T13:00:40.701 INFO:teuthology.orchestra.run.smithi167.stdout:/usr/bin/ceph: stderr
2024-04-02T13:00:39.682+0000 7fc9cffff700 1 -- 172.21.15.167:0/2256773897 <== mon.0 v2:172.21.15.167:3300/0 4 ==== mgrmap(e 8) ==== 46558+0+0 (secure 0 0 0) 0x7fc9d802a070 con 0x7fc9e81063b0
2024-04-02T13:00:40.701 INFO:teuthology.orchestra.run.smithi167.stdout:/usr/bin/ceph: stderr
2024-04-02T13:00:39.682+0000 7fc9ed7f6700 1 -- 172.21.15.167:0/2256773897 --> [v2:172.21.15.167:3300/0,v1:172.21.15.167:6789/0] -- mon_command({"prefix": "get_command_descriptions"} v 0) -- 0x7fc9e8063c20 con 0x7fc9e81063b0
2024-04-02T13:00:40.702 INFO:teuthology.orchestra.run.smithi167.stdout:/usr/bin/ceph: stderr
2024-04-02T13:00:39.682+0000 7fc9cffff700 1 --2- 172.21.15.167:0/2256773897 >> [v2:172.21.15.167:6800/1209822783,v1:172.21.15.167:6801/1209822783] conn(0x7fc9d0039600 0x7fc9d003bac0 unknown :-1 s=NONE pgs=0 cs=0 l=1 rev1=0 crypto rx=0 tx=0 comp rx=0 tx=0).connect
2024-04-02T13:00:40.702 INFO:teuthology.orchestra.run.smithi167.stdout:/usr/bin/ceph: stderr
2024-04-02T13:00:39.682+0000 7fc9cffff700 1 -- 172.21.15.167:0/2256773897 <== mon.0 v2:172.21.15.167:3300/0 5 ==== osd_map(2..2 src has 1..2) ==== 940+0+0 (secure 0 0 0) 0x7fc9d801f070 con 0x7fc9e81063b0
2024-04-02T13:00:40.702 INFO:teuthology.orchestra.run.smithi167.stdout:/usr/bin/ceph: stderr
2024-04-02T13:00:39.682+0000 7fc9e67fc700 1 --2- 172.21.15.167:0/2256773897 >> [v2:172.21.15.167:6800/1209822783,v1:172.21.15.167:6801/1209822783] conn(0x7fc9d0039600 0x7fc9d003bac0 unknown :-1 s=BANNER_CONNECTING pgs=0 cs=0 l=1 rev1=0 crypto rx=0 tx=0 comp rx=0 tx=0)._handle_peer_banner_payload supported=3 required=0
2024-04-02T13:00:40.702 INFO:teuthology.orchestra.run.smithi167.stdout:/usr/bin/ceph: stderr
2024-04-02T13:00:39.682+0000 7fc9e67fc700 1 --2- 172.21.15.167:0/2256773897 >> [v2:172.21.15.167:6800/1209822783,v1:172.21.15.167:6801/1209822783] conn(0x7fc9d0039600 0x7fc9d003bac0 secure :-1 s=READY pgs=13 cs=0 l=1 rev1=1 crypto rx=0x7fc9dc006fd0 tx=0x7fc9dc006e40 comp rx=0 tx=0).ready entity=mgr.14118 client_cookie=0 server_cookie=0 in_seq=0 out_seq=0
2024-04-02T13:00:40.702 INFO:teuthology.orchestra.run.smithi167.stdout:/usr/bin/ceph: stderr
2024-04-02T13:00:39.687+0000 7fc9cffff700 1 -- 172.21.15.167:0/2256773897 <== mon.0 v2:172.21.15.167:3300/0 6 ==== mon_command_ack([{"prefix": "get_command_descriptions"}]=0 v0) ==== 72+0+188173 (secure 0 0 0) 0x7fc9d8015070 con 0x7fc9e81063b0
2024-04-02T13:00:40.702 INFO:teuthology.orchestra.run.smithi167.stdout:/usr/bin/ceph: stderr
2024-04-02T13:00:39.902+0000 7fc9ed7f6700 1 -- 172.21.15.167:0/2256773897 --> [v2:172.21.15.167:6800/1209822783,v1:172.21.15.167:6801/1209822783] -- mgr_command(tid 0: {"prefix": "orch apply", "service_type": "mgr", "unmanaged": true, "target": ["mon-mgr", ""]}) -- 0x7fc9e80008d0 con 0x7fc9d0039600
2024-04-02T13:00:40.702 INFO:teuthology.orchestra.run.smithi167.stdout:/usr/bin/ceph: stderr
2024-04-02T13:00:39.906+0000 7fc9cffff700 1 -- 172.21.15.167:0/2256773897 <== mgr.14118 v2:172.21.15.167:6800/1209822783 1 ==== mgr_command_reply(tid 0: 0 ) ==== 8+0+24 (secure 0 0 0) 0x7fc9e80008d0 con 0x7fc9d0039600
2024-04-02T13:00:40.702 INFO:teuthology.orchestra.run.smithi167.stdout:/usr/bin/ceph: stderr
2024-04-02T13:00:39.908+0000 7fc9ed7f6700 1 -- 172.21.15.167:0/2256773897 >> [v2:172.21.15.167:6800/1209822783,v1:172.21.15.167:6801/1209822783] conn(0x7fc9d0039600 msgr2=0x7fc9d003bac0 secure :-1 s=STATE_CONNECTION_ESTABLISHED l=1).mark_down
2024-04-02T13:00:40.702 INFO:teuthology.orchestra.run.smithi167.stdout:/usr/bin/ceph: stderr
2024-04-02T13:00:39.908+0000 7fc9ed7f6700 1 --2- 172.21.15.167:0/2256773897 >> [v2:172.21.15.167:6800/1209822783,v1:172.21.15.167:6801/1209822783] conn(0x7fc9d0039600 0x7fc9d003bac0 secure :-1 s=READY pgs=13 cs=0 l=1 rev1=1 crypto rx=0x7fc9dc006fd0 tx=0x7fc9dc006e40 comp rx=0 tx=0).stop
2024-04-02T13:00:40.702 INFO:teuthology.orchestra.run.smithi167.stdout:/usr/bin/ceph: stderr
2024-04-02T13:00:39.908+0000 7fc9ed7f6700 1 -- 172.21.15.167:0/2256773897 >> [v2:172.21.15.167:3300/0,v1:172.21.15.167:6789/0] conn(0x7fc9e81063b0 msgr2=0x7fc9e8199260 secure :-1 s=STATE_CONNECTION_ESTABLISHED l=1).mark_down
2024-04-02T13:00:40.702 INFO:teuthology.orchestra.run.smithi167.stdout:/usr/bin/ceph: stderr
2024-04-02T13:00:39.908+0000 7fc9ed7f6700 1 --2- 172.21.15.167:0/2256773897 >> [v2:172.21.15.167:3300/0,v1:172.21.15.167:6789/0] conn(0x7fc9e81063b0 0x7fc9e8199260 secure :-1 s=READY pgs=48 cs=0 l=1 rev1=1 crypto rx=0x7fc9d800b340 tx=0x7fc9d8003fe0 comp rx=0 tx=0).stop
2024-04-02T13:00:40.702 INFO:teuthology.orchestra.run.smithi167.stdout:/usr/bin/ceph: stderr
2024-04-02T13:00:39.908+0000 7fc9ed7f6700 1 -- 172.21.15.167:0/2256773897 shutdown_connections
2024-04-02T13:00:40.702 INFO:teuthology.orchestra.run.smithi167.stdout:/usr/bin/ceph: stderr
2024-04-02T13:00:39.908+0000 7fc9ed7f6700 1 --2- 172.21.15.167:0/2256773897 >> [v2:172.21.15.167:6800/1209822783,v1:172.21.15.167:6801/1209822783] conn(0x7fc9d0039600 0x7fc9d003bac0 unknown :-1 s=CLOSED pgs=13 cs=0 l=1 rev1=1 crypto rx=0 tx=0 comp rx=0 tx=0).stop
2024-04-02T13:00:40.703 INFO:teuthology.orchestra.run.smithi167.stdout:/usr/bin/ceph: stderr
2024-04-02T13:00:39.908+0000 7fc9ed7f6700 1 --2- 172.21.15.167:0/2256773897 >> [v2:172.21.15.167:3300/0,v1:172.21.15.167:6789/0] conn(0x7fc9e81063b0 0x7fc9e8199260 unknown :-1 s=CLOSED pgs=48 cs=0 l=1 rev1=1 crypto rx=0 tx=0 comp rx=0 tx=0).stop
2024-04-02T13:00:40.703 INFO:teuthology.orchestra.run.smithi167.stdout:/usr/bin/ceph: stderr
2024-04-02T13:00:39.909+0000 7fc9ed7f6700 1 -- 172.21.15.167:0/2256773897 >> 172.21.15.167:0/2256773897 conn(0x7fc9e8101970 msgr2=0x7fc9e818fd80 unknown :-1 s=STATE_NONE l=0).mark_down
2024-04-02T13:00:40.703 INFO:teuthology.orchestra.run.smithi167.stdout:/usr/bin/ceph: stderr
2024-04-02T13:00:39.909+0000 7fc9ed7f6700 1 -- 172.21.15.167:0/2256773897 shutdown_connections
2024-04-02T13:00:40.703 INFO:teuthology.orchestra.run.smithi167.stdout:/usr/bin/ceph: stderr
2024-04-02T13:00:39.909+0000 7fc9ed7f6700 1 -- 172.21.15.167:0/2256773897 wait complete.
2024-04-02T13:00:40.944 INFO:journalctl@ceph.mon.a.smithi167.stdout:Apr 02 13:00:40 smithi167 ceph-mon[29609]: from='client.14142 -' entity='client.admin' cmd=[{"prefix": "orch apply", "service_type": "mgr", "unmanaged": true, "target": ["mon-mgr", ""]}]: dispatch
2024-04-02T13:00:40.944 INFO:journalctl@ceph.mon.a.smithi167.stdout:Apr 02 13:00:40 smithi167 ceph-mon[29609]: Saving service mgr spec with placement count:2
2024-04-02T13:00:40.944 INFO:journalctl@ceph.mon.a.smithi167.stdout:Apr 02 13:00:40 smithi167 ceph-mon[29609]: from='mgr.14118 172.21.15.167:0/2655923811' entity='mgr.x'
2024-04-02T13:00:40.944 INFO:journalctl@ceph.mon.a.smithi167.stdout:Apr 02 13:00:40 smithi167 ceph-mon[29609]: from='mgr.14118 172.21.15.167:0/2655923811' entity='mgr.x'
2024-04-02T13:00:40.945 INFO:journalctl@ceph.mon.a.smithi167.stdout:Apr 02 13:00:40 smithi167 ceph-mon[29609]: from='mgr.14118 172.21.15.167:0/2655923811' entity='mgr.x'
2024-04-02T13:00:42.641 INFO:journalctl@ceph.mon.a.smithi167.stdout:Apr 02 13:00:42 smithi167 ceph-mon[29609]: from='client.? 172.21.15.167:0/3266079455' entity='client.admin'
2024-04-02T13:00:42.641 INFO:journalctl@ceph.mon.a.smithi167.stdout:Apr 02 13:00:42 smithi167 ceph-mon[29609]: from='mgr.14118 172.21.15.167:0/2655923811' entity='mgr.x'
2024-04-02T13:00:42.653 INFO:teuthology.orchestra.run.smithi167.stdout:/usr/bin/ceph: stderr
2024-04-02T13:00:41.149+0000 7fcff43d1700 1 Processor -- start
2024-04-02T13:00:42.653 INFO:teuthology.orchestra.run.smithi167.stdout:/usr/bin/ceph: stderr
2024-04-02T13:00:41.149+0000 7fcff43d1700 1 -- start start
2024-04-02T13:00:42.653 INFO:teuthology.orchestra.run.smithi167.stdout:/usr/bin/ceph: stderr
2024-04-02T13:00:41.149+0000 7fcff43d1700 1 --2- >> [v2:172.21.15.167:3300/0,v1:172.21.15.167:6789/0] conn(0x7fcfec1063d0 0x7fcfec1067f0 unknown :-1 s=NONE pgs=0 cs=0 l=0 rev1=0 crypto rx=0 tx=0 comp rx=0 tx=0).connect
2024-04-02T13:00:42.653 INFO:teuthology.orchestra.run.smithi167.stdout:/usr/bin/ceph: stderr
2024-04-02T13:00:41.149+0000 7fcff43d1700 1 -- --> [v2:172.21.15.167:3300/0,v1:172.21.15.167:6789/0] -- mon_getmap magic: 0 -- 0x7fcfec106dc0 con 0x7fcfec1063d0
2024-04-02T13:00:42.653 INFO:teuthology.orchestra.run.smithi167.stdout:/usr/bin/ceph: stderr
2024-04-02T13:00:41.149+0000 7fcff216d700 1 --2- >> [v2:172.21.15.167:3300/0,v1:172.21.15.167:6789/0] conn(0x7fcfec1063d0 0x7fcfec1067f0 unknown :-1 s=BANNER_CONNECTING pgs=0 cs=0 l=0 rev1=0 crypto rx=0 tx=0 comp rx=0 tx=0)._handle_peer_banner_payload supported=3 required=0
2024-04-02T13:00:42.653 INFO:teuthology.orchestra.run.smithi167.stdout:/usr/bin/ceph: stderr
2024-04-02T13:00:41.149+0000 7fcff216d700 1 --2- >> [v2:172.21.15.167:3300/0,v1:172.21.15.167:6789/0] conn(0x7fcfec1063d0 0x7fcfec1067f0 unknown :-1 s=HELLO_CONNECTING pgs=0 cs=0 l=0 rev1=1 crypto rx=0 tx=0 comp rx=0 tx=0).handle_hello peer v2:172.21.15.167:3300/0 says I am v2:172.21.15.167:54832/0 (socket says 172.21.15.167:54832)
2024-04-02T13:00:42.653 INFO:teuthology.orchestra.run.smithi167.stdout:/usr/bin/ceph: stderr
2024-04-02T13:00:41.149+0000 7fcff216d700 1 -- 172.21.15.167:0/298341517 learned_addr learned my addr 172.21.15.167:0/298341517 (peer_addr_for_me v2:172.21.15.167:0/0)
2024-04-02T13:00:42.653 INFO:teuthology.orchestra.run.smithi167.stdout:/usr/bin/ceph: stderr
2024-04-02T13:00:41.150+0000 7fcff216d700 1 -- 172.21.15.167:0/298341517 --> [v2:172.21.15.167:3300/0,v1:172.21.15.167:6789/0] -- mon_subscribe({config=0+,monmap=0+}) -- 0x7fcfec1075d0 con 0x7fcfec1063d0
2024-04-02T13:00:42.653 INFO:teuthology.orchestra.run.smithi167.stdout:/usr/bin/ceph: stderr
2024-04-02T13:00:41.150+0000 7fcff216d700 1 --2- 172.21.15.167:0/298341517 >> [v2:172.21.15.167:3300/0,v1:172.21.15.167:6789/0] conn(0x7fcfec1063d0 0x7fcfec1067f0 secure :-1 s=READY pgs=49 cs=0 l=1 rev1=1 crypto rx=0x7fcfe800bb40 tx=0x7fcfe800be50 comp rx=0 tx=0).ready entity=mon.0 client_cookie=f96d078ce46527be server_cookie=0 in_seq=0 out_seq=0
2024-04-02T13:00:42.653 INFO:teuthology.orchestra.run.smithi167.stdout:/usr/bin/ceph: stderr
2024-04-02T13:00:41.150+0000 7fcff116b700 1 -- 172.21.15.167:0/298341517 <== mon.0 v2:172.21.15.167:3300/0 1 ==== mon_map magic: 0 ==== 205+0+0 (secure 0 0 0) 0x7fcfe800dbe0 con 0x7fcfec1063d0
2024-04-02T13:00:42.653 INFO:teuthology.orchestra.run.smithi167.stdout:/usr/bin/ceph: stderr
2024-04-02T13:00:41.150+0000 7fcff116b700 1 -- 172.21.15.167:0/298341517 <== mon.0 v2:172.21.15.167:3300/0 2 ==== config(26 keys) ==== 1102+0+0 (secure 0 0 0) 0x7fcfe80044e0 con 0x7fcfec1063d0
2024-04-02T13:00:42.653 INFO:teuthology.orchestra.run.smithi167.stdout:/usr/bin/ceph: stderr
2024-04-02T13:00:41.150+0000 7fcff116b700 1 -- 172.21.15.167:0/298341517 <== mon.0 v2:172.21.15.167:3300/0 3 ==== mon_map magic: 0 ==== 205+0+0 (secure 0 0 0) 0x7fcfe8010470 con 0x7fcfec1063d0
2024-04-02T13:00:42.653 INFO:teuthology.orchestra.run.smithi167.stdout:/usr/bin/ceph: stderr
2024-04-02T13:00:41.151+0000 7fcff43d1700 1 -- 172.21.15.167:0/298341517 >> [v2:172.21.15.167:3300/0,v1:172.21.15.167:6789/0] conn(0x7fcfec1063d0 msgr2=0x7fcfec1067f0 secure :-1 s=STATE_CONNECTION_ESTABLISHED l=1).mark_down
2024-04-02T13:00:42.654 INFO:teuthology.orchestra.run.smithi167.stdout:/usr/bin/ceph: stderr
2024-04-02T13:00:41.151+0000 7fcff43d1700 1 --2- 172.21.15.167:0/298341517 >> [v2:172.21.15.167:3300/0,v1:172.21.15.167:6789/0] conn(0x7fcfec1063d0 0x7fcfec1067f0 secure :-1 s=READY pgs=49 cs=0 l=1 rev1=1 crypto rx=0x7fcfe800bb40 tx=0x7fcfe800be50 comp rx=0 tx=0).stop
2024-04-02T13:00:42.654 INFO:teuthology.orchestra.run.smithi167.stdout:/usr/bin/ceph: stderr
2024-04-02T13:00:41.151+0000 7fcff43d1700 1 -- 172.21.15.167:0/298341517 shutdown_connections
2024-04-02T13:00:42.654 INFO:teuthology.orchestra.run.smithi167.stdout:/usr/bin/ceph: stderr
2024-04-02T13:00:41.151+0000 7fcff43d1700 1 --2- 172.21.15.167:0/298341517 >> [v2:172.21.15.167:3300/0,v1:172.21.15.167:6789/0] conn(0x7fcfec1063d0 0x7fcfec1067f0 unknown :-1 s=CLOSED pgs=49 cs=0 l=1 rev1=1 crypto rx=0 tx=0 comp rx=0 tx=0).stop
2024-04-02T13:00:42.654 INFO:teuthology.orchestra.run.smithi167.stdout:/usr/bin/ceph: stderr
2024-04-02T13:00:41.151+0000 7fcff43d1700 1 -- 172.21.15.167:0/298341517 >> 172.21.15.167:0/298341517 conn(0x7fcfec101990 msgr2=0x7fcfec103db0 unknown :-1 s=STATE_NONE l=0).mark_down
2024-04-02T13:00:42.654 INFO:teuthology.orchestra.run.smithi167.stdout:/usr/bin/ceph: stderr
2024-04-02T13:00:41.151+0000 7fcff43d1700 1 -- 172.21.15.167:0/298341517 shutdown_connections
2024-04-02T13:00:42.654 INFO:teuthology.orchestra.run.smithi167.stdout:/usr/bin/ceph: stderr
2024-04-02T13:00:41.151+0000 7fcff43d1700 1 -- 172.21.15.167:0/298341517 wait complete.
2024-04-02T13:00:42.654 INFO:teuthology.orchestra.run.smithi167.stdout:/usr/bin/ceph: stderr
2024-04-02T13:00:41.151+0000 7fcff43d1700 1 Processor -- start
2024-04-02T13:00:42.654 INFO:teuthology.orchestra.run.smithi167.stdout:/usr/bin/ceph: stderr
2024-04-02T13:00:41.151+0000 7fcff43d1700 1 -- start start
2024-04-02T13:00:42.654 INFO:teuthology.orchestra.run.smithi167.stdout:/usr/bin/ceph: stderr
2024-04-02T13:00:41.152+0000 7fcff43d1700 1 --2- >> [v2:172.21.15.167:3300/0,v1:172.21.15.167:6789/0] conn(0x7fcfec1063d0 0x7fcfec19d630 unknown :-1 s=NONE pgs=0 cs=0 l=1 rev1=0 crypto rx=0 tx=0 comp rx=0 tx=0).connect
2024-04-02T13:00:42.654 INFO:teuthology.orchestra.run.smithi167.stdout:/usr/bin/ceph: stderr
2024-04-02T13:00:41.152+0000 7fcff43d1700 1 -- --> [v2:172.21.15.167:3300/0,v1:172.21.15.167:6789/0] -- mon_getmap magic: 0 -- 0x7fcfec07a810 con 0x7fcfec1063d0
2024-04-02T13:00:42.654 INFO:teuthology.orchestra.run.smithi167.stdout:/usr/bin/ceph: stderr
2024-04-02T13:00:41.152+0000 7fcff216d700 1 --2- >> [v2:172.21.15.167:3300/0,v1:172.21.15.167:6789/0] conn(0x7fcfec1063d0 0x7fcfec19d630 unknown :-1 s=BANNER_CONNECTING pgs=0 cs=0 l=1 rev1=0 crypto rx=0 tx=0 comp rx=0 tx=0)._handle_peer_banner_payload supported=3 required=0
2024-04-02T13:00:42.654 INFO:teuthology.orchestra.run.smithi167.stdout:/usr/bin/ceph: stderr
2024-04-02T13:00:41.152+0000 7fcff216d700 1 --2- >> [v2:172.21.15.167:3300/0,v1:172.21.15.167:6789/0] conn(0x7fcfec1063d0 0x7fcfec19d630 unknown :-1 s=HELLO_CONNECTING pgs=0 cs=0 l=1 rev1=1 crypto rx=0 tx=0 comp rx=0 tx=0).handle_hello peer v2:172.21.15.167:3300/0 says I am v2:172.21.15.167:54844/0 (socket says 172.21.15.167:54844)
2024-04-02T13:00:42.654 INFO:teuthology.orchestra.run.smithi167.stdout:/usr/bin/ceph: stderr
2024-04-02T13:00:41.152+0000 7fcff216d700 1 -- 172.21.15.167:0/3266079455 learned_addr learned my addr 172.21.15.167:0/3266079455 (peer_addr_for_me v2:172.21.15.167:0/0)
2024-04-02T13:00:42.654 INFO:teuthology.orchestra.run.smithi167.stdout:/usr/bin/ceph: stderr
2024-04-02T13:00:41.152+0000 7fcff216d700 1 -- 172.21.15.167:0/3266079455 --> [v2:172.21.15.167:3300/0,v1:172.21.15.167:6789/0] -- mon_subscribe({config=0+,monmap=0+}) -- 0x7fcfec19db70 con 0x7fcfec1063d0
2024-04-02T13:00:42.654 INFO:teuthology.orchestra.run.smithi167.stdout:/usr/bin/ceph: stderr
2024-04-02T13:00:41.152+0000 7fcff216d700 1 --2- 172.21.15.167:0/3266079455 >> [v2:172.21.15.167:3300/0,v1:172.21.15.167:6789/0] conn(0x7fcfec1063d0 0x7fcfec19d630 secure :-1 s=READY pgs=50 cs=0 l=1 rev1=1 crypto rx=0x7fcfe800b340 tx=0x7fcfe8003fb0 comp rx=0 tx=0).ready entity=mon.0 client_cookie=0 server_cookie=0 in_seq=0 out_seq=0
2024-04-02T13:00:42.655 INFO:teuthology.orchestra.run.smithi167.stdout:/usr/bin/ceph: stderr
2024-04-02T13:00:41.152+0000 7fcfe37fe700 1 -- 172.21.15.167:0/3266079455 <== mon.0 v2:172.21.15.167:3300/0 1 ==== mon_map magic: 0 ==== 205+0+0 (secure 0 0 0) 0x7fcfe8010720 con 0x7fcfec1063d0
2024-04-02T13:00:42.655 INFO:teuthology.orchestra.run.smithi167.stdout:/usr/bin/ceph: stderr
2024-04-02T13:00:41.152+0000 7fcff43d1700 1 -- 172.21.15.167:0/3266079455 --> [v2:172.21.15.167:3300/0,v1:172.21.15.167:6789/0] -- mon_subscribe({mgrmap=0+}) -- 0x7fcfec19de00 con 0x7fcfec1063d0
2024-04-02T13:00:42.655 INFO:teuthology.orchestra.run.smithi167.stdout:/usr/bin/ceph: stderr
2024-04-02T13:00:41.152+0000 7fcfe37fe700 1 -- 172.21.15.167:0/3266079455 <== mon.0 v2:172.21.15.167:3300/0 2 ==== config(26 keys) ==== 1102+0+0 (secure 0 0 0) 0x7fcfe801d070 con 0x7fcfec1063d0
2024-04-02T13:00:42.655 INFO:teuthology.orchestra.run.smithi167.stdout:/usr/bin/ceph: stderr
2024-04-02T13:00:41.152+0000 7fcfe37fe700 1 -- 172.21.15.167:0/3266079455 <== mon.0 v2:172.21.15.167:3300/0 3 ==== mon_map magic: 0 ==== 205+0+0 (secure 0 0 0) 0x7fcfe8021b90 con 0x7fcfec1063d0
2024-04-02T13:00:42.655 INFO:teuthology.orchestra.run.smithi167.stdout:/usr/bin/ceph: stderr
2024-04-02T13:00:41.152+0000 7fcff43d1700 1 -- 172.21.15.167:0/3266079455 --> [v2:172.21.15.167:3300/0,v1:172.21.15.167:6789/0] -- mon_subscribe({osdmap=0}) -- 0x7fcfec19e200 con 0x7fcfec1063d0
2024-04-02T13:00:42.655 INFO:teuthology.orchestra.run.smithi167.stdout:/usr/bin/ceph: stderr
2024-04-02T13:00:41.153+0000 7fcfe37fe700 1 -- 172.21.15.167:0/3266079455 <== mon.0 v2:172.21.15.167:3300/0 4 ==== mgrmap(e 8) ==== 46558+0+0 (secure 0 0 0) 0x7fcfe801f030 con 0x7fcfec1063d0
2024-04-02T13:00:42.655 INFO:teuthology.orchestra.run.smithi167.stdout:/usr/bin/ceph: stderr
2024-04-02T13:00:41.153+0000 7fcff43d1700 1 -- 172.21.15.167:0/3266079455 --> [v2:172.21.15.167:3300/0,v1:172.21.15.167:6789/0] -- mon_command({"prefix": "get_command_descriptions"} v 0) -- 0x7fcfec063c20 con 0x7fcfec1063d0
2024-04-02T13:00:42.655 INFO:teuthology.orchestra.run.smithi167.stdout:/usr/bin/ceph: stderr
2024-04-02T13:00:41.154+0000 7fcfe37fe700 1 --2- 172.21.15.167:0/3266079455 >> [v2:172.21.15.167:6800/1209822783,v1:172.21.15.167:6801/1209822783] conn(0x7fcfd80395b0 0x7fcfd803ba70 unknown :-1 s=NONE pgs=0 cs=0 l=1 rev1=0 crypto rx=0 tx=0 comp rx=0 tx=0).connect
2024-04-02T13:00:42.655 INFO:teuthology.orchestra.run.smithi167.stdout:/usr/bin/ceph: stderr
2024-04-02T13:00:41.154+0000 7fcfe37fe700 1 -- 172.21.15.167:0/3266079455 <== mon.0 v2:172.21.15.167:3300/0 5 ==== osd_map(2..2 src has 1..2) ==== 940+0+0 (secure 0 0 0) 0x7fcfe804da90 con 0x7fcfec1063d0
2024-04-02T13:00:42.655 INFO:teuthology.orchestra.run.smithi167.stdout:/usr/bin/ceph: stderr
2024-04-02T13:00:41.154+0000 7fcff196c700 1 --2- 172.21.15.167:0/3266079455 >> [v2:172.21.15.167:6800/1209822783,v1:172.21.15.167:6801/1209822783] conn(0x7fcfd80395b0 0x7fcfd803ba70 unknown :-1 s=BANNER_CONNECTING pgs=0 cs=0 l=1 rev1=0 crypto rx=0 tx=0 comp rx=0 tx=0)._handle_peer_banner_payload supported=3 required=0
2024-04-02T13:00:42.655 INFO:teuthology.orchestra.run.smithi167.stdout:/usr/bin/ceph: stderr
2024-04-02T13:00:41.154+0000 7fcff196c700 1 --2- 172.21.15.167:0/3266079455 >> [v2:172.21.15.167:6800/1209822783,v1:172.21.15.167:6801/1209822783] conn(0x7fcfd80395b0 0x7fcfd803ba70 secure :-1 s=READY pgs=14 cs=0 l=1 rev1=1 crypto rx=0x7fcfdc006fd0 tx=0x7fcfdc006e40 comp rx=0 tx=0).ready entity=mgr.14118 client_cookie=0 server_cookie=0 in_seq=0 out_seq=0
2024-04-02T13:00:42.655 INFO:teuthology.orchestra.run.smithi167.stdout:/usr/bin/ceph: stderr
2024-04-02T13:00:41.159+0000 7fcfe37fe700 1 -- 172.21.15.167:0/3266079455 <== mon.0 v2:172.21.15.167:3300/0 6 ==== mon_command_ack([{"prefix": "get_command_descriptions"}]=0 v0) ==== 72+0+188173 (secure 0 0 0) 0x7fcfe8015070 con 0x7fcfec1063d0
2024-04-02T13:00:42.655 INFO:teuthology.orchestra.run.smithi167.stdout:/usr/bin/ceph: stderr
2024-04-02T13:00:41.388+0000 7fcff43d1700 1 -- 172.21.15.167:0/3266079455 --> [v2:172.21.15.167:3300/0,v1:172.21.15.167:6789/0] -- mon_command([{prefix=config set, name=mgr/cephadm/container_init}] v 0) -- 0x7fcfec063200 con 0x7fcfec1063d0
2024-04-02T13:00:42.655 INFO:teuthology.orchestra.run.smithi167.stdout:/usr/bin/ceph: stderr
2024-04-02T13:00:41.391+0000 7fcfe37fe700 1 -- 172.21.15.167:0/3266079455 <== mon.0 v2:172.21.15.167:3300/0 7 ==== mon_command_ack([{prefix=config set, name=mgr/cephadm/container_init}]=0 v7)=0 v7) ==== 142+0+0 (secure 0 0 0) 0x7fcfe8021dc0 con 0x7fcfec1063d0
2024-04-02T13:00:42.655 INFO:teuthology.orchestra.run.smithi167.stdout:/usr/bin/ceph: stderr
2024-04-02T13:00:41.393+0000 7fcff43d1700 1 -- 172.21.15.167:0/3266079455 >> [v2:172.21.15.167:6800/1209822783,v1:172.21.15.167:6801/1209822783] conn(0x7fcfd80395b0 msgr2=0x7fcfd803ba70 secure :-1 s=STATE_CONNECTION_ESTABLISHED l=1).mark_down
2024-04-02T13:00:42.656 INFO:teuthology.orchestra.run.smithi167.stdout:/usr/bin/ceph: stderr
2024-04-02T13:00:41.393+0000 7fcff43d1700 1 --2- 172.21.15.167:0/3266079455 >> [v2:172.21.15.167:6800/1209822783,v1:172.21.15.167:6801/1209822783] conn(0x7fcfd80395b0 0x7fcfd803ba70 secure :-1 s=READY pgs=14 cs=0 l=1 rev1=1 crypto rx=0x7fcfdc006fd0 tx=0x7fcfdc006e40 comp rx=0 tx=0).stop
2024-04-02T13:00:42.656 INFO:teuthology.orchestra.run.smithi167.stdout:/usr/bin/ceph: stderr
2024-04-02T13:00:41.393+0000 7fcff43d1700 1 -- 172.21.15.167:0/3266079455 >> [v2:172.21.15.167:3300/0,v1:172.21.15.167:6789/0] conn(0x7fcfec1063d0 msgr2=0x7fcfec19d630 secure :-1 s=STATE_CONNECTION_ESTABLISHED l=1).mark_down
2024-04-02T13:00:42.656 INFO:teuthology.orchestra.run.smithi167.stdout:/usr/bin/ceph: stderr
2024-04-02T13:00:41.393+0000 7fcff43d1700 1 --2- 172.21.15.167:0/3266079455 >> [v2:172.21.15.167:3300/0,v1:172.21.15.167:6789/0] conn(0x7fcfec1063d0 0x7fcfec19d630 secure :-1 s=READY pgs=50 cs=0 l=1 rev1=1 crypto rx=0x7fcfe800b340 tx=0x7fcfe8003fb0 comp rx=0 tx=0).stop
2024-04-02T13:00:42.656 INFO:teuthology.orchestra.run.smithi167.stdout:/usr/bin/ceph: stderr
2024-04-02T13:00:41.393+0000 7fcff43d1700 1 -- 172.21.15.167:0/3266079455 shutdown_connections
2024-04-02T13:00:42.656 INFO:teuthology.orchestra.run.smithi167.stdout:/usr/bin/ceph: stderr
2024-04-02T13:00:41.393+0000 7fcff43d1700 1 --2- 172.21.15.167:0/3266079455 >> [v2:172.21.15.167:6800/1209822783,v1:172.21.15.167:6801/1209822783] conn(0x7fcfd80395b0 0x7fcfd803ba70 unknown :-1 s=CLOSED pgs=14 cs=0 l=1 rev1=1 crypto rx=0 tx=0 comp rx=0 tx=0).stop
2024-04-02T13:00:42.656 INFO:teuthology.orchestra.run.smithi167.stdout:/usr/bin/ceph: stderr
2024-04-02T13:00:41.393+0000 7fcff43d1700 1 --2- 172.21.15.167:0/3266079455 >> [v2:172.21.15.167:3300/0,v1:172.21.15.167:6789/0] conn(0x7fcfec1063d0 0x7fcfec19d630 unknown :-1 s=CLOSED pgs=50 cs=0 l=1 rev1=1 crypto rx=0 tx=0 comp rx=0 tx=0).stop
2024-04-02T13:00:42.656 INFO:teuthology.orchestra.run.smithi167.stdout:/usr/bin/ceph: stderr
2024-04-02T13:00:41.393+0000 7fcff43d1700 1 -- 172.21.15.167:0/3266079455 >> 172.21.15.167:0/3266079455 conn(0x7fcfec101990 msgr2=0x7fcfec18fda0 unknown :-1 s=STATE_NONE l=0).mark_down
2024-04-02T13:00:42.656 INFO:teuthology.orchestra.run.smithi167.stdout:/usr/bin/ceph: stderr
2024-04-02T13:00:41.393+0000 7fcff43d1700 1 -- 172.21.15.167:0/3266079455 shutdown_connections
2024-04-02T13:00:42.656 INFO:teuthology.orchestra.run.smithi167.stdout:/usr/bin/ceph: stderr
2024-04-02T13:00:41.393+0000 7fcff43d1700 1 -- 172.21.15.167:0/3266079455 wait complete.
2024-04-02T13:00:43.985 INFO:teuthology.orchestra.run.smithi167.stdout:/usr/bin/ceph: stderr
2024-04-02T13:00:43.113+0000 7f09aea05700 1 Processor -- start
2024-04-02T13:00:43.985 INFO:teuthology.orchestra.run.smithi167.stdout:/usr/bin/ceph: stderr
2024-04-02T13:00:43.113+0000 7f09aea05700 1 -- start start
2024-04-02T13:00:43.985 INFO:teuthology.orchestra.run.smithi167.stdout:/usr/bin/ceph: stderr
2024-04-02T13:00:43.113+0000 7f09aea05700 1 --2- >> [v2:172.21.15.167:3300/0,v1:172.21.15.167:6789/0] conn(0x7f09a8107500 0x7f09a8107920 unknown :-1 s=NONE pgs=0 cs=0 l=0 rev1=0 crypto rx=0 tx=0 comp rx=0 tx=0).connect
2024-04-02T13:00:43.985 INFO:teuthology.orchestra.run.smithi167.stdout:/usr/bin/ceph: stderr
2024-04-02T13:00:43.113+0000 7f09aea05700 1 -- --> [v2:172.21.15.167:3300/0,v1:172.21.15.167:6789/0] -- mon_getmap magic: 0 -- 0x7f09a8107ef0 con 0x7f09a8107500
2024-04-02T13:00:43.985 INFO:teuthology.orchestra.run.smithi167.stdout:/usr/bin/ceph: stderr
2024-04-02T13:00:43.113+0000 7f09a7fff700 1 --2- >> [v2:172.21.15.167:3300/0,v1:172.21.15.167:6789/0] conn(0x7f09a8107500 0x7f09a8107920 unknown :-1 s=BANNER_CONNECTING pgs=0 cs=0 l=0 rev1=0 crypto rx=0 tx=0 comp rx=0 tx=0)._handle_peer_banner_payload supported=3 required=0
2024-04-02T13:00:43.985 INFO:teuthology.orchestra.run.smithi167.stdout:/usr/bin/ceph: stderr
2024-04-02T13:00:43.113+0000 7f09a7fff700 1 --2- >> [v2:172.21.15.167:3300/0,v1:172.21.15.167:6789/0] conn(0x7f09a8107500 0x7f09a8107920 unknown :-1 s=HELLO_CONNECTING pgs=0 cs=0 l=0 rev1=1 crypto rx=0 tx=0 comp rx=0 tx=0).handle_hello peer v2:172.21.15.167:3300/0 says I am v2:172.21.15.167:54860/0 (socket says 172.21.15.167:54860)
2024-04-02T13:00:43.985 INFO:teuthology.orchestra.run.smithi167.stdout:/usr/bin/ceph: stderr
2024-04-02T13:00:43.113+0000 7f09a7fff700 1 -- 172.21.15.167:0/1685421329 learned_addr learned my addr 172.21.15.167:0/1685421329 (peer_addr_for_me v2:172.21.15.167:0/0)
2024-04-02T13:00:43.985 INFO:teuthology.orchestra.run.smithi167.stdout:/usr/bin/ceph: stderr
2024-04-02T13:00:43.114+0000 7f09a7fff700 1 -- 172.21.15.167:0/1685421329 --> [v2:172.21.15.167:3300/0,v1:172.21.15.167:6789/0] -- mon_subscribe({config=0+,monmap=0+}) -- 0x7f09a81086b0 con 0x7f09a8107500
2024-04-02T13:00:43.985 INFO:teuthology.orchestra.run.smithi167.stdout:/usr/bin/ceph: stderr
2024-04-02T13:00:43.114+0000 7f09a7fff700 1 --2- 172.21.15.167:0/1685421329 >> [v2:172.21.15.167:3300/0,v1:172.21.15.167:6789/0] conn(0x7f09a8107500 0x7f09a8107920 secure :-1 s=READY pgs=51 cs=0 l=1 rev1=1 crypto rx=0x7f09980098a0 tx=0x7f0998009bb0 comp rx=0 tx=0).ready entity=mon.0 client_cookie=58bd53cb089c7b4d server_cookie=0 in_seq=0 out_seq=0
2024-04-02T13:00:43.985 INFO:teuthology.orchestra.run.smithi167.stdout:/usr/bin/ceph: stderr
2024-04-02T13:00:43.114+0000 7f09a6ffd700 1 -- 172.21.15.167:0/1685421329 <== mon.0 v2:172.21.15.167:3300/0 1 ==== mon_map magic: 0 ==== 205+0+0 (secure 0 0 0) 0x7f0998004160 con 0x7f09a8107500
2024-04-02T13:00:43.985 INFO:teuthology.orchestra.run.smithi167.stdout:/usr/bin/ceph: stderr
2024-04-02T13:00:43.114+0000 7f09a6ffd700 1 -- 172.21.15.167:0/1685421329 <== mon.0 v2:172.21.15.167:3300/0 2 ==== config(26 keys) ==== 1102+0+0 (secure 0 0 0) 0x7f0998004300 con 0x7f09a8107500
2024-04-02T13:00:43.985 INFO:teuthology.orchestra.run.smithi167.stdout:/usr/bin/ceph: stderr
2024-04-02T13:00:43.114+0000 7f09a6ffd700 1 -- 172.21.15.167:0/1685421329 <== mon.0 v2:172.21.15.167:3300/0 3 ==== mon_map magic: 0 ==== 205+0+0 (secure 0 0 0) 0x7f0998011a50 con 0x7f09a8107500
2024-04-02T13:00:43.986 INFO:teuthology.orchestra.run.smithi167.stdout:/usr/bin/ceph: stderr
2024-04-02T13:00:43.115+0000 7f09aea05700 1 -- 172.21.15.167:0/1685421329 >> [v2:172.21.15.167:3300/0,v1:172.21.15.167:6789/0] conn(0x7f09a8107500 msgr2=0x7f09a8107920 secure :-1 s=STATE_CONNECTION_ESTABLISHED l=1).mark_down
2024-04-02T13:00:43.986 INFO:teuthology.orchestra.run.smithi167.stdout:/usr/bin/ceph: stderr
2024-04-02T13:00:43.115+0000 7f09aea05700 1 --2- 172.21.15.167:0/1685421329 >> [v2:172.21.15.167:3300/0,v1:172.21.15.167:6789/0] conn(0x7f09a8107500 0x7f09a8107920 secure :-1 s=READY pgs=51 cs=0 l=1 rev1=1 crypto rx=0x7f09980098a0 tx=0x7f0998009bb0 comp rx=0 tx=0).stop
2024-04-02T13:00:43.986 INFO:teuthology.orchestra.run.smithi167.stdout:/usr/bin/ceph: stderr
2024-04-02T13:00:43.115+0000 7f09aea05700 1 -- 172.21.15.167:0/1685421329 shutdown_connections
2024-04-02T13:00:43.986 INFO:teuthology.orchestra.run.smithi167.stdout:/usr/bin/ceph: stderr
2024-04-02T13:00:43.115+0000 7f09aea05700 1 --2- 172.21.15.167:0/1685421329 >> [v2:172.21.15.167:3300/0,v1:172.21.15.167:6789/0] conn(0x7f09a8107500 0x7f09a8107920 unknown :-1 s=CLOSED pgs=51 cs=0 l=1 rev1=1 crypto rx=0 tx=0 comp rx=0 tx=0).stop
2024-04-02T13:00:43.986 INFO:teuthology.orchestra.run.smithi167.stdout:/usr/bin/ceph: stderr
2024-04-02T13:00:43.115+0000 7f09aea05700 1 -- 172.21.15.167:0/1685421329 >> 172.21.15.167:0/1685421329 conn(0x7f09a8102ac0 msgr2=0x7f09a8104ee0 unknown :-1 s=STATE_NONE l=0).mark_down
2024-04-02T13:00:43.986 INFO:teuthology.orchestra.run.smithi167.stdout:/usr/bin/ceph: stderr
2024-04-02T13:00:43.115+0000 7f09aea05700 1 -- 172.21.15.167:0/1685421329 shutdown_connections
2024-04-02T13:00:43.986 INFO:teuthology.orchestra.run.smithi167.stdout:/usr/bin/ceph: stderr
2024-04-02T13:00:43.115+0000 7f09aea05700 1 -- 172.21.15.167:0/1685421329 wait complete.
2024-04-02T13:00:43.986 INFO:teuthology.orchestra.run.smithi167.stdout:/usr/bin/ceph: stderr
2024-04-02T13:00:43.115+0000 7f09aea05700 1 Processor -- start
2024-04-02T13:00:43.986 INFO:teuthology.orchestra.run.smithi167.stdout:/usr/bin/ceph: stderr
2024-04-02T13:00:43.115+0000 7f09aea05700 1 -- start start
2024-04-02T13:00:43.986 INFO:teuthology.orchestra.run.smithi167.stdout:/usr/bin/ceph: stderr
2024-04-02T13:00:43.116+0000 7f09aea05700 1 --2- >> [v2:172.21.15.167:3300/0,v1:172.21.15.167:6789/0] conn(0x7f09a8107500 0x7f09a81991e0 unknown :-1 s=NONE pgs=0 cs=0 l=1 rev1=0 crypto rx=0 tx=0 comp rx=0 tx=0).connect
2024-04-02T13:00:43.986 INFO:teuthology.orchestra.run.smithi167.stdout:/usr/bin/ceph: stderr
2024-04-02T13:00:43.116+0000 7f09aea05700 1 -- --> [v2:172.21.15.167:3300/0,v1:172.21.15.167:6789/0] -- mon_getmap magic: 0 -- 0x7f09a807b920 con 0x7f09a8107500
2024-04-02T13:00:43.986 INFO:teuthology.orchestra.run.smithi167.stdout:/usr/bin/ceph: stderr
2024-04-02T13:00:43.116+0000 7f09a7fff700 1 --2- >> [v2:172.21.15.167:3300/0,v1:172.21.15.167:6789/0] conn(0x7f09a8107500 0x7f09a81991e0 unknown :-1 s=BANNER_CONNECTING pgs=0 cs=0 l=1 rev1=0 crypto rx=0 tx=0 comp rx=0 tx=0)._handle_peer_banner_payload supported=3 required=0
2024-04-02T13:00:43.986 INFO:teuthology.orchestra.run.smithi167.stdout:/usr/bin/ceph: stderr
2024-04-02T13:00:43.116+0000 7f09a7fff700 1 --2- >> [v2:172.21.15.167:3300/0,v1:172.21.15.167:6789/0] conn(0x7f09a8107500 0x7f09a81991e0 unknown :-1 s=HELLO_CONNECTING pgs=0 cs=0 l=1 rev1=1 crypto rx=0 tx=0 comp rx=0 tx=0).handle_hello peer v2:172.21.15.167:3300/0 says I am v2:172.21.15.167:54876/0 (socket says 172.21.15.167:54876)
2024-04-02T13:00:43.987 INFO:teuthology.orchestra.run.smithi167.stdout:/usr/bin/ceph: stderr
2024-04-02T13:00:43.116+0000 7f09a7fff700 1 -- 172.21.15.167:0/2146079770 learned_addr learned my addr 172.21.15.167:0/2146079770 (peer_addr_for_me v2:172.21.15.167:0/0)
2024-04-02T13:00:43.987 INFO:teuthology.orchestra.run.smithi167.stdout:/usr/bin/ceph: stderr
2024-04-02T13:00:43.116+0000 7f09a7fff700 1 -- 172.21.15.167:0/2146079770 --> [v2:172.21.15.167:3300/0,v1:172.21.15.167:6789/0] -- mon_subscribe({config=0+,monmap=0+}) -- 0x7f09a8199720 con 0x7f09a8107500
2024-04-02T13:00:43.987 INFO:teuthology.orchestra.run.smithi167.stdout:/usr/bin/ceph: stderr
2024-04-02T13:00:43.116+0000 7f09a7fff700 1 --2- 172.21.15.167:0/2146079770 >> [v2:172.21.15.167:3300/0,v1:172.21.15.167:6789/0] conn(0x7f09a8107500 0x7f09a81991e0 secure :-1 s=READY pgs=52 cs=0 l=1 rev1=1 crypto rx=0x7f0998011710 tx=0x7f0998011ad0 comp rx=0 tx=0).ready entity=mon.0 client_cookie=0 server_cookie=0 in_seq=0 out_seq=0
2024-04-02T13:00:43.987 INFO:teuthology.orchestra.run.smithi167.stdout:/usr/bin/ceph: stderr
2024-04-02T13:00:43.116+0000 7f09a57fa700 1 -- 172.21.15.167:0/2146079770 <== mon.0 v2:172.21.15.167:3300/0 1 ==== mon_map magic: 0 ==== 205+0+0 (secure 0 0 0) 0x7f09980039c0 con 0x7f09a8107500
2024-04-02T13:00:43.987 INFO:teuthology.orchestra.run.smithi167.stdout:/usr/bin/ceph: stderr
2024-04-02T13:00:43.116+0000 7f09a57fa700 1 -- 172.21.15.167:0/2146079770 <== mon.0 v2:172.21.15.167:3300/0 2 ==== config(26 keys) ==== 1102+0+0 (secure 0 0 0) 0x7f0998003b60 con 0x7f09a8107500
2024-04-02T13:00:43.987 INFO:teuthology.orchestra.run.smithi167.stdout:/usr/bin/ceph: stderr
2024-04-02T13:00:43.117+0000 7f09a57fa700 1 -- 172.21.15.167:0/2146079770 <== mon.0 v2:172.21.15.167:3300/0 3 ==== mon_map magic: 0 ==== 205+0+0 (secure 0 0 0) 0x7f099801a690 con 0x7f09a8107500
2024-04-02T13:00:43.987 INFO:teuthology.orchestra.run.smithi167.stdout:/usr/bin/ceph: stderr
2024-04-02T13:00:43.117+0000 7f09aea05700 1 -- 172.21.15.167:0/2146079770 --> [v2:172.21.15.167:3300/0,v1:172.21.15.167:6789/0] -- mon_subscribe({mgrmap=0+}) -- 0x7f09a81999b0 con 0x7f09a8107500
2024-04-02T13:00:43.987 INFO:teuthology.orchestra.run.smithi167.stdout:/usr/bin/ceph: stderr
2024-04-02T13:00:43.117+0000 7f09aea05700 1 -- 172.21.15.167:0/2146079770 --> [v2:172.21.15.167:3300/0,v1:172.21.15.167:6789/0] -- mon_subscribe({osdmap=0}) -- 0x7f09a819c6a0 con 0x7f09a8107500
2024-04-02T13:00:43.987 INFO:teuthology.orchestra.run.smithi167.stdout:/usr/bin/ceph: stderr
2024-04-02T13:00:43.118+0000 7f09aea05700 1 -- 172.21.15.167:0/2146079770 --> [v2:172.21.15.167:3300/0,v1:172.21.15.167:6789/0] -- mon_command({"prefix": "get_command_descriptions"} v 0) -- 0x7f09a8063c20 con 0x7f09a8107500
2024-04-02T13:00:43.987 INFO:teuthology.orchestra.run.smithi167.stdout:/usr/bin/ceph: stderr
2024-04-02T13:00:43.118+0000 7f09a57fa700 1 -- 172.21.15.167:0/2146079770 <== mon.0 v2:172.21.15.167:3300/0 4 ==== mgrmap(e 8) ==== 46558+0+0 (secure 0 0 0) 0x7f0998024430 con 0x7f09a8107500
2024-04-02T13:00:43.987 INFO:teuthology.orchestra.run.smithi167.stdout:/usr/bin/ceph: stderr
2024-04-02T13:00:43.118+0000 7f09a57fa700 1 --2- 172.21.15.167:0/2146079770 >> [v2:172.21.15.167:6800/1209822783,v1:172.21.15.167:6801/1209822783] conn(0x7f099003d970 0x7f099003fe30 unknown :-1 s=NONE pgs=0 cs=0 l=1 rev1=0 crypto rx=0 tx=0 comp rx=0 tx=0).connect
2024-04-02T13:00:43.987 INFO:teuthology.orchestra.run.smithi167.stdout:/usr/bin/ceph: stderr
2024-04-02T13:00:43.118+0000 7f09a57fa700 1 -- 172.21.15.167:0/2146079770 <== mon.0 v2:172.21.15.167:3300/0 5 ==== osd_map(2..2 src has 1..2) ==== 940+0+0 (secure 0 0 0) 0x7f099804dd30 con 0x7f09a8107500
2024-04-02T13:00:43.987 INFO:teuthology.orchestra.run.smithi167.stdout:/usr/bin/ceph: stderr
2024-04-02T13:00:43.118+0000 7f09a77fe700 1 --2- 172.21.15.167:0/2146079770 >> [v2:172.21.15.167:6800/1209822783,v1:172.21.15.167:6801/1209822783] conn(0x7f099003d970 0x7f099003fe30 unknown :-1 s=BANNER_CONNECTING pgs=0 cs=0 l=1 rev1=0 crypto rx=0 tx=0 comp rx=0 tx=0)._handle_peer_banner_payload supported=3 required=0
2024-04-02T13:00:43.987 INFO:teuthology.orchestra.run.smithi167.stdout:/usr/bin/ceph: stderr
2024-04-02T13:00:43.119+0000 7f09a77fe700 1 --2- 172.21.15.167:0/2146079770 >> [v2:172.21.15.167:6800/1209822783,v1:172.21.15.167:6801/1209822783] conn(0x7f099003d970 0x7f099003fe30 secure :-1 s=READY pgs=15 cs=0 l=1 rev1=1 crypto rx=0x7f099c006fd0 tx=0x7f099c006e40 comp rx=0 tx=0).ready entity=mgr.14118 client_cookie=0 server_cookie=0 in_seq=0 out_seq=0
2024-04-02T13:00:43.987 INFO:teuthology.orchestra.run.smithi167.stdout:/usr/bin/ceph: stderr
2024-04-02T13:00:43.123+0000 7f09a57fa700 1 -- 172.21.15.167:0/2146079770 <== mon.0 v2:172.21.15.167:3300/0 6 ==== mon_command_ack([{"prefix": "get_command_descriptions"}]=0 v0) ==== 72+0+188173 (secure 0 0 0) 0x7f099800f2e0 con 0x7f09a8107500
2024-04-02T13:00:43.988 INFO:teuthology.orchestra.run.smithi167.stdout:/usr/bin/ceph: stderr
2024-04-02T13:00:43.334+0000 7f09aea05700 1 -- 172.21.15.167:0/2146079770 --> [v2:172.21.15.167:3300/0,v1:172.21.15.167:6789/0] -- mon_command([{prefix=config set, name=mgr/dashboard/ssl_server_port}] v 0) -- 0x7f09a802e030 con 0x7f09a8107500
2024-04-02T13:00:43.988 INFO:teuthology.orchestra.run.smithi167.stdout:/usr/bin/ceph: stderr
2024-04-02T13:00:43.336+0000 7f09a57fa700 1 -- 172.21.15.167:0/2146079770 <== mon.0 v2:172.21.15.167:3300/0 7 ==== mon_command_ack([{prefix=config set, name=mgr/dashboard/ssl_server_port}]=0 v8)=0 v8) ==== 130+0+0 (secure 0 0 0) 0x7f0998024a70 con 0x7f09a8107500
2024-04-02T13:00:43.988 INFO:teuthology.orchestra.run.smithi167.stdout:/usr/bin/ceph: stderr
2024-04-02T13:00:43.339+0000 7f09aea05700 1 -- 172.21.15.167:0/2146079770 >> [v2:172.21.15.167:6800/1209822783,v1:172.21.15.167:6801/1209822783] conn(0x7f099003d970 msgr2=0x7f099003fe30 secure :-1 s=STATE_CONNECTION_ESTABLISHED l=1).mark_down
2024-04-02T13:00:43.988 INFO:teuthology.orchestra.run.smithi167.stdout:/usr/bin/ceph: stderr
2024-04-02T13:00:43.339+0000 7f09aea05700 1 --2- 172.21.15.167:0/2146079770 >> [v2:172.21.15.167:6800/1209822783,v1:172.21.15.167:6801/1209822783] conn(0x7f099003d970 0x7f099003fe30 secure :-1 s=READY pgs=15 cs=0 l=1 rev1=1 crypto rx=0x7f099c006fd0 tx=0x7f099c006e40 comp rx=0 tx=0).stop
2024-04-02T13:00:43.988 INFO:teuthology.orchestra.run.smithi167.stdout:/usr/bin/ceph: stderr
2024-04-02T13:00:43.339+0000 7f09aea05700 1 -- 172.21.15.167:0/2146079770 >> [v2:172.21.15.167:3300/0,v1:172.21.15.167:6789/0] conn(0x7f09a8107500 msgr2=0x7f09a81991e0 secure :-1 s=STATE_CONNECTION_ESTABLISHED l=1).mark_down
2024-04-02T13:00:43.988 INFO:teuthology.orchestra.run.smithi167.stdout:/usr/bin/ceph: stderr
2024-04-02T13:00:43.339+0000 7f09aea05700 1 --2- 172.21.15.167:0/2146079770 >> [v2:172.21.15.167:3300/0,v1:172.21.15.167:6789/0] conn(0x7f09a8107500 0x7f09a81991e0 secure :-1 s=READY pgs=52 cs=0 l=1 rev1=1 crypto rx=0x7f0998011710 tx=0x7f0998011ad0 comp rx=0 tx=0).stop
2024-04-02T13:00:43.988 INFO:teuthology.orchestra.run.smithi167.stdout:/usr/bin/ceph: stderr
2024-04-02T13:00:43.339+0000 7f09aea05700 1 -- 172.21.15.167:0/2146079770 shutdown_connections
2024-04-02T13:00:43.988 INFO:teuthology.orchestra.run.smithi167.stdout:/usr/bin/ceph: stderr
2024-04-02T13:00:43.339+0000 7f09aea05700 1 --2- 172.21.15.167:0/2146079770 >> [v2:172.21.15.167:6800/1209822783,v1:172.21.15.167:6801/1209822783] conn(0x7f099003d970 0x7f099003fe30 unknown :-1 s=CLOSED pgs=15 cs=0 l=1 rev1=1 crypto rx=0 tx=0 comp rx=0 tx=0).stop
2024-04-02T13:00:43.988 INFO:teuthology.orchestra.run.smithi167.stdout:/usr/bin/ceph: stderr
2024-04-02T13:00:43.339+0000 7f09aea05700 1 --2- 172.21.15.167:0/2146079770 >> [v2:172.21.15.167:3300/0,v1:172.21.15.167:6789/0] conn(0x7f09a8107500 0x7f09a81991e0 unknown :-1 s=CLOSED pgs=52 cs=0 l=1 rev1=1 crypto rx=0 tx=0 comp rx=0 tx=0).stop
2024-04-02T13:00:43.988 INFO:teuthology.orchestra.run.smithi167.stdout:/usr/bin/ceph: stderr
2024-04-02T13:00:43.339+0000 7f09aea05700 1 -- 172.21.15.167:0/2146079770 >> 172.21.15.167:0/2146079770 conn(0x7f09a8102ac0 msgr2=0x7f09a8104e20 unknown :-1 s=STATE_NONE l=0).mark_down
2024-04-02T13:00:43.988 INFO:teuthology.orchestra.run.smithi167.stdout:/usr/bin/ceph: stderr
2024-04-02T13:00:43.339+0000 7f09aea05700 1 -- 172.21.15.167:0/2146079770 shutdown_connections
2024-04-02T13:00:43.988 INFO:teuthology.orchestra.run.smithi167.stdout:/usr/bin/ceph: stderr
2024-04-02T13:00:43.339+0000 7f09aea05700 1 -- 172.21.15.167:0/2146079770 wait complete.
2024-04-02T13:00:43.988 INFO:teuthology.orchestra.run.smithi167.stdout:Enabling the dashboard module...
2024-04-02T13:00:44.532 INFO:journalctl@ceph.mon.a.smithi167.stdout:Apr 02 13:00:44 smithi167 ceph-mon[29609]: from='client.? 172.21.15.167:0/2146079770' entity='client.admin'
2024-04-02T13:00:44.532 INFO:journalctl@ceph.mon.a.smithi167.stdout:Apr 02 13:00:44 smithi167 ceph-mon[29609]: from='mgr.14118 172.21.15.167:0/2655923811' entity='mgr.x'
2024-04-02T13:00:45.532 INFO:journalctl@ceph.mon.a.smithi167.stdout:Apr 02 13:00:45 smithi167 ceph-mon[29609]: from='client.? 172.21.15.167:0/1199980786' entity='client.admin' cmd=[{"prefix": "mgr module enable", "module": "dashboard"}]: dispatch
2024-04-02T13:00:45.532 INFO:journalctl@ceph.mgr.x.smithi167.stdout:Apr 02 13:00:45 smithi167 ceph-cd8edb46-f0f0-11ee-b647-cb9ed24678a4-mgr-x[29840]: ignoring --setuser ceph since I am not root
2024-04-02T13:00:45.532 INFO:journalctl@ceph.mgr.x.smithi167.stdout:Apr 02 13:00:45 smithi167 ceph-cd8edb46-f0f0-11ee-b647-cb9ed24678a4-mgr-x[29840]: ignoring --setgroup ceph since I am not root
2024-04-02T13:00:46.040 INFO:teuthology.orchestra.run.smithi167.stdout:/usr/bin/ceph: stderr
2024-04-02T13:00:44.460+0000 7f3d194c0700 1 Processor -- start
2024-04-02T13:00:46.040 INFO:teuthology.orchestra.run.smithi167.stdout:/usr/bin/ceph: stderr
2024-04-02T13:00:44.460+0000 7f3d194c0700 1 -- start start
2024-04-02T13:00:46.040 INFO:teuthology.orchestra.run.smithi167.stdout:/usr/bin/ceph: stderr
2024-04-02T13:00:44.460+0000 7f3d194c0700 1 --2- >> [v2:172.21.15.167:3300/0,v1:172.21.15.167:6789/0] conn(0x7f3d141057b0 0x7f3d14105bd0 unknown :-1 s=NONE pgs=0 cs=0 l=0 rev1=0 crypto rx=0 tx=0 comp rx=0 tx=0).connect
2024-04-02T13:00:46.041 INFO:teuthology.orchestra.run.smithi167.stdout:/usr/bin/ceph: stderr
2024-04-02T13:00:44.460+0000 7f3d194c0700 1 -- --> [v2:172.21.15.167:3300/0,v1:172.21.15.167:6789/0] -- mon_getmap magic: 0 -- 0x7f3d141061a0 con 0x7f3d141057b0
2024-04-02T13:00:46.041 INFO:teuthology.orchestra.run.smithi167.stdout:/usr/bin/ceph: stderr
2024-04-02T13:00:44.460+0000 7f3d12ffd700 1 --2- >> [v2:172.21.15.167:3300/0,v1:172.21.15.167:6789/0] conn(0x7f3d141057b0 0x7f3d14105bd0 unknown :-1 s=BANNER_CONNECTING pgs=0 cs=0 l=0 rev1=0 crypto rx=0 tx=0 comp rx=0 tx=0)._handle_peer_banner_payload supported=3 required=0
2024-04-02T13:00:46.041 INFO:teuthology.orchestra.run.smithi167.stdout:/usr/bin/ceph: stderr
2024-04-02T13:00:44.460+0000 7f3d12ffd700 1 --2- >> [v2:172.21.15.167:3300/0,v1:172.21.15.167:6789/0] conn(0x7f3d141057b0 0x7f3d14105bd0 unknown :-1 s=HELLO_CONNECTING pgs=0 cs=0 l=0 rev1=1 crypto rx=0 tx=0 comp rx=0 tx=0).handle_hello peer v2:172.21.15.167:3300/0 says I am v2:172.21.15.167:54882/0 (socket says 172.21.15.167:54882)
2024-04-02T13:00:46.041 INFO:teuthology.orchestra.run.smithi167.stdout:/usr/bin/ceph: stderr
2024-04-02T13:00:44.460+0000 7f3d12ffd700 1 -- 172.21.15.167:0/685668675 learned_addr learned my addr 172.21.15.167:0/685668675 (peer_addr_for_me v2:172.21.15.167:0/0)
2024-04-02T13:00:46.041 INFO:teuthology.orchestra.run.smithi167.stdout:/usr/bin/ceph: stderr
2024-04-02T13:00:44.460+0000 7f3d12ffd700 1 -- 172.21.15.167:0/685668675 --> [v2:172.21.15.167:3300/0,v1:172.21.15.167:6789/0] -- mon_subscribe({config=0+,monmap=0+}) -- 0x7f3d14108740 con 0x7f3d141057b0
2024-04-02T13:00:46.041 INFO:teuthology.orchestra.run.smithi167.stdout:/usr/bin/ceph: stderr
2024-04-02T13:00:44.460+0000 7f3d12ffd700 1 --2- 172.21.15.167:0/685668675 >> [v2:172.21.15.167:3300/0,v1:172.21.15.167:6789/0] conn(0x7f3d141057b0 0x7f3d14105bd0 secure :-1 s=READY pgs=53 cs=0 l=1 rev1=1 crypto rx=0x7f3d040098a0 tx=0x7f3d04009bb0 comp rx=0 tx=0).ready entity=mon.0 client_cookie=87c89518e4493b0d server_cookie=0 in_seq=0 out_seq=0
2024-04-02T13:00:46.041 INFO:teuthology.orchestra.run.smithi167.stdout:/usr/bin/ceph: stderr
2024-04-02T13:00:44.461+0000 7f3d11ffb700 1 -- 172.21.15.167:0/685668675 <== mon.0 v2:172.21.15.167:3300/0 1 ==== mon_map magic: 0 ==== 205+0+0 (secure 0 0 0) 0x7f3d04004160 con 0x7f3d141057b0
2024-04-02T13:00:46.041 INFO:teuthology.orchestra.run.smithi167.stdout:/usr/bin/ceph: stderr
2024-04-02T13:00:44.461+0000 7f3d11ffb700 1 -- 172.21.15.167:0/685668675 <== mon.0 v2:172.21.15.167:3300/0 2 ==== config(26 keys) ==== 1102+0+0 (secure 0 0 0) 0x7f3d04004300 con 0x7f3d141057b0
2024-04-02T13:00:46.041 INFO:teuthology.orchestra.run.smithi167.stdout:/usr/bin/ceph: stderr
2024-04-02T13:00:44.461+0000 7f3d11ffb700 1 -- 172.21.15.167:0/685668675 <== mon.0 v2:172.21.15.167:3300/0 3 ==== mon_map magic: 0 ==== 205+0+0 (secure 0 0 0) 0x7f3d04011a50 con 0x7f3d141057b0
2024-04-02T13:00:46.041 INFO:teuthology.orchestra.run.smithi167.stdout:/usr/bin/ceph: stderr
2024-04-02T13:00:44.461+0000 7f3d194c0700 1 -- 172.21.15.167:0/685668675 >> [v2:172.21.15.167:3300/0,v1:172.21.15.167:6789/0] conn(0x7f3d141057b0 msgr2=0x7f3d14105bd0 secure :-1 s=STATE_CONNECTION_ESTABLISHED l=1).mark_down
2024-04-02T13:00:46.041 INFO:teuthology.orchestra.run.smithi167.stdout:/usr/bin/ceph: stderr
2024-04-02T13:00:44.461+0000 7f3d194c0700 1 --2- 172.21.15.167:0/685668675 >> [v2:172.21.15.167:3300/0,v1:172.21.15.167:6789/0] conn(0x7f3d141057b0 0x7f3d14105bd0 secure :-1 s=READY pgs=53 cs=0 l=1 rev1=1 crypto rx=0x7f3d040098a0 tx=0x7f3d04009bb0 comp rx=0 tx=0).stop
2024-04-02T13:00:46.041 INFO:teuthology.orchestra.run.smithi167.stdout:/usr/bin/ceph: stderr
2024-04-02T13:00:44.462+0000 7f3d194c0700 1 -- 172.21.15.167:0/685668675 shutdown_connections
2024-04-02T13:00:46.041 INFO:teuthology.orchestra.run.smithi167.stdout:/usr/bin/ceph: stderr
2024-04-02T13:00:44.462+0000 7f3d194c0700 1 --2- 172.21.15.167:0/685668675 >> [v2:172.21.15.167:3300/0,v1:172.21.15.167:6789/0] conn(0x7f3d141057b0 0x7f3d14105bd0 unknown :-1 s=CLOSED pgs=53 cs=0 l=1 rev1=1 crypto rx=0 tx=0 comp rx=0 tx=0).stop
2024-04-02T13:00:46.041 INFO:teuthology.orchestra.run.smithi167.stdout:/usr/bin/ceph: stderr
2024-04-02T13:00:44.462+0000 7f3d194c0700 1 -- 172.21.15.167:0/685668675 >> 172.21.15.167:0/685668675 conn(0x7f3d14101120 msgr2=0x7f3d14103540 unknown :-1 s=STATE_NONE l=0).mark_down
2024-04-02T13:00:46.041 INFO:teuthology.orchestra.run.smithi167.stdout:/usr/bin/ceph: stderr
2024-04-02T13:00:44.462+0000 7f3d194c0700 1 -- 172.21.15.167:0/685668675 shutdown_connections
2024-04-02T13:00:46.042 INFO:teuthology.orchestra.run.smithi167.stdout:/usr/bin/ceph: stderr
2024-04-02T13:00:44.462+0000 7f3d194c0700 1 -- 172.21.15.167:0/685668675 wait complete.
2024-04-02T13:00:46.042 INFO:teuthology.orchestra.run.smithi167.stdout:/usr/bin/ceph: stderr
2024-04-02T13:00:44.462+0000 7f3d194c0700 1 Processor -- start
2024-04-02T13:00:46.042 INFO:teuthology.orchestra.run.smithi167.stdout:/usr/bin/ceph: stderr
2024-04-02T13:00:44.462+0000 7f3d194c0700 1 -- start start
2024-04-02T13:00:46.042 INFO:teuthology.orchestra.run.smithi167.stdout:/usr/bin/ceph: stderr
2024-04-02T13:00:44.462+0000 7f3d194c0700 1 --2- >> [v2:172.21.15.167:3300/0,v1:172.21.15.167:6789/0] conn(0x7f3d141057b0 0x7f3d1419b400 unknown :-1 s=NONE pgs=0 cs=0 l=1 rev1=0 crypto rx=0 tx=0 comp rx=0 tx=0).connect
2024-04-02T13:00:46.042 INFO:teuthology.orchestra.run.smithi167.stdout:/usr/bin/ceph: stderr
2024-04-02T13:00:44.463+0000 7f3d194c0700 1 -- --> [v2:172.21.15.167:3300/0,v1:172.21.15.167:6789/0] -- mon_getmap magic: 0 -- 0x7f3d1410baf0 con 0x7f3d141057b0
2024-04-02T13:00:46.042 INFO:teuthology.orchestra.run.smithi167.stdout:/usr/bin/ceph: stderr
2024-04-02T13:00:44.463+0000 7f3d12ffd700 1 --2- >> [v2:172.21.15.167:3300/0,v1:172.21.15.167:6789/0] conn(0x7f3d141057b0 0x7f3d1419b400 unknown :-1 s=BANNER_CONNECTING pgs=0 cs=0 l=1 rev1=0 crypto rx=0 tx=0 comp rx=0 tx=0)._handle_peer_banner_payload supported=3 required=0
2024-04-02T13:00:46.042 INFO:teuthology.orchestra.run.smithi167.stdout:/usr/bin/ceph: stderr
2024-04-02T13:00:44.463+0000 7f3d12ffd700 1 --2- >> [v2:172.21.15.167:3300/0,v1:172.21.15.167:6789/0] conn(0x7f3d141057b0 0x7f3d1419b400 unknown :-1 s=HELLO_CONNECTING pgs=0 cs=0 l=1 rev1=1 crypto rx=0 tx=0 comp rx=0 tx=0).handle_hello peer v2:172.21.15.167:3300/0 says I am v2:172.21.15.167:54894/0 (socket says 172.21.15.167:54894)
2024-04-02T13:00:46.042 INFO:teuthology.orchestra.run.smithi167.stdout:/usr/bin/ceph: stderr
2024-04-02T13:00:44.463+0000 7f3d12ffd700 1 -- 172.21.15.167:0/1199980786 learned_addr learned my addr 172.21.15.167:0/1199980786 (peer_addr_for_me v2:172.21.15.167:0/0)
2024-04-02T13:00:46.042 INFO:teuthology.orchestra.run.smithi167.stdout:/usr/bin/ceph: stderr
2024-04-02T13:00:44.463+0000 7f3d12ffd700 1 -- 172.21.15.167:0/1199980786 --> [v2:172.21.15.167:3300/0,v1:172.21.15.167:6789/0] -- mon_subscribe({config=0+,monmap=0+}) -- 0x7f3d1419b940 con 0x7f3d141057b0
2024-04-02T13:00:46.042 INFO:teuthology.orchestra.run.smithi167.stdout:/usr/bin/ceph: stderr
2024-04-02T13:00:44.463+0000 7f3d12ffd700 1 --2- 172.21.15.167:0/1199980786 >> [v2:172.21.15.167:3300/0,v1:172.21.15.167:6789/0] conn(0x7f3d141057b0 0x7f3d1419b400 secure :-1 s=READY pgs=54 cs=0 l=1 rev1=1 crypto rx=0x7f3d04011710 tx=0x7f3d04011ad0 comp rx=0 tx=0).ready entity=mon.0 client_cookie=0 server_cookie=0 in_seq=0 out_seq=0
