2024-04-02T13:26:01.088+0000 7f4d47b46700 1 -- --> [v2:172.21.15.122:3300/0,v1:172.21.15.122:6789/0] -- mon_getmap magic: 0 -- 0x7f4d4010c490 con 0x7f4d40108070
2024-04-02T13:26:01.808 INFO:teuthology.orchestra.run.smithi122.stdout:/usr/bin/ceph: stderr
2024-04-02T13:26:01.088+0000 7f4d458e2700 1 --2- >> [v2:172.21.15.122:3300/0,v1:172.21.15.122:6789/0] conn(0x7f4d40108070 0x7f4d4019bf10 unknown :-1 s=BANNER_CONNECTING pgs=0 cs=0 l=1 rev1=0 crypto rx=0 tx=0 comp rx=0 tx=0)._handle_peer_banner_payload supported=3 required=0
2024-04-02T13:26:01.808 INFO:teuthology.orchestra.run.smithi122.stdout:/usr/bin/ceph: stderr
2024-04-02T13:26:01.088+0000 7f4d458e2700 1 --2- >> [v2:172.21.15.122:3300/0,v1:172.21.15.122:6789/0] conn(0x7f4d40108070 0x7f4d4019bf10 unknown :-1 s=HELLO_CONNECTING pgs=0 cs=0 l=1 rev1=1 crypto rx=0 tx=0 comp rx=0 tx=0).handle_hello peer v2:172.21.15.122:3300/0 says I am v2:172.21.15.122:52674/0 (socket says 172.21.15.122:52674)
2024-04-02T13:26:01.808 INFO:teuthology.orchestra.run.smithi122.stdout:/usr/bin/ceph: stderr
2024-04-02T13:26:01.088+0000 7f4d458e2700 1 -- 172.21.15.122:0/2457615103 learned_addr learned my addr 172.21.15.122:0/2457615103 (peer_addr_for_me v2:172.21.15.122:0/0)
2024-04-02T13:26:01.808 INFO:teuthology.orchestra.run.smithi122.stdout:/usr/bin/ceph: stderr
2024-04-02T13:26:01.088+0000 7f4d458e2700 1 -- 172.21.15.122:0/2457615103 --> [v2:172.21.15.122:3300/0,v1:172.21.15.122:6789/0] -- mon_subscribe({config=0+,monmap=0+}) -- 0x7f4d4019c450 con 0x7f4d40108070
2024-04-02T13:26:01.809 INFO:teuthology.orchestra.run.smithi122.stdout:/usr/bin/ceph: stderr
2024-04-02T13:26:01.088+0000 7f4d458e2700 1 --2- 172.21.15.122:0/2457615103 >> [v2:172.21.15.122:3300/0,v1:172.21.15.122:6789/0] conn(0x7f4d40108070 0x7f4d4019bf10 secure :-1 s=READY pgs=77 cs=0 l=1 rev1=1 crypto rx=0x7f4d3c0117e0 tx=0x7f4d3c011c10 comp rx=0 tx=0).ready entity=mon.0 client_cookie=0 server_cookie=0 in_seq=0 out_seq=0
2024-04-02T13:26:01.809 INFO:teuthology.orchestra.run.smithi122.stdout:/usr/bin/ceph: stderr
2024-04-02T13:26:01.088+0000 7f4d36ffd700 1 -- 172.21.15.122:0/2457615103 <== mon.0 v2:172.21.15.122:3300/0 1 ==== mon_map magic: 0 ==== 205+0+0 (secure 0 0 0) 0x7f4d3c003bf0 con 0x7f4d40108070
2024-04-02T13:26:01.809 INFO:teuthology.orchestra.run.smithi122.stdout:/usr/bin/ceph: stderr
2024-04-02T13:26:01.088+0000 7f4d47b46700 1 -- 172.21.15.122:0/2457615103 --> [v2:172.21.15.122:3300/0,v1:172.21.15.122:6789/0] -- mon_subscribe({mgrmap=0+}) -- 0x7f4d4019c6e0 con 0x7f4d40108070
2024-04-02T13:26:01.809 INFO:teuthology.orchestra.run.smithi122.stdout:/usr/bin/ceph: stderr
2024-04-02T13:26:01.088+0000 7f4d36ffd700 1 -- 172.21.15.122:0/2457615103 <== mon.0 v2:172.21.15.122:3300/0 2 ==== config(27 keys) ==== 1140+0+0 (secure 0 0 0) 0x7f4d3c01a910 con 0x7f4d40108070
2024-04-02T13:26:01.809 INFO:teuthology.orchestra.run.smithi122.stdout:/usr/bin/ceph: stderr
2024-04-02T13:26:01.088+0000 7f4d36ffd700 1 -- 172.21.15.122:0/2457615103 <== mon.0 v2:172.21.15.122:3300/0 3 ==== mon_map magic: 0 ==== 205+0+0 (secure 0 0 0) 0x7f4d3c024970 con 0x7f4d40108070
2024-04-02T13:26:01.809 INFO:teuthology.orchestra.run.smithi122.stdout:/usr/bin/ceph: stderr
2024-04-02T13:26:01.088+0000 7f4d47b46700 1 -- 172.21.15.122:0/2457615103 --> [v2:172.21.15.122:3300/0,v1:172.21.15.122:6789/0] -- mon_subscribe({osdmap=0}) -- 0x7f4d4019cb40 con 0x7f4d40108070
2024-04-02T13:26:01.809 INFO:teuthology.orchestra.run.smithi122.stdout:/usr/bin/ceph: stderr
2024-04-02T13:26:01.089+0000 7f4d36ffd700 1 -- 172.21.15.122:0/2457615103 <== mon.0 v2:172.21.15.122:3300/0 4 ==== mgrmap(e 13) ==== 46615+0+0 (secure 0 0 0) 0x7f4d3c022020 con 0x7f4d40108070
2024-04-02T13:26:01.809 INFO:teuthology.orchestra.run.smithi122.stdout:/usr/bin/ceph: stderr
2024-04-02T13:26:01.089+0000 7f4d47b46700 1 -- 172.21.15.122:0/2457615103 --> [v2:172.21.15.122:3300/0,v1:172.21.15.122:6789/0] -- mon_command({"prefix": "get_command_descriptions"} v 0) -- 0x7f4d40063c20 con 0x7f4d40108070
2024-04-02T13:26:01.809 INFO:teuthology.orchestra.run.smithi122.stdout:/usr/bin/ceph: stderr
2024-04-02T13:26:01.089+0000 7f4d36ffd700 1 --2- 172.21.15.122:0/2457615103 >> [v2:172.21.15.122:6800/3450525377,v1:172.21.15.122:6801/3450525377] conn(0x7f4d2c039650 0x7f4d2c03bb10 unknown :-1 s=NONE pgs=0 cs=0 l=1 rev1=0 crypto rx=0 tx=0 comp rx=0 tx=0).connect
2024-04-02T13:26:01.809 INFO:teuthology.orchestra.run.smithi122.stdout:/usr/bin/ceph: stderr
2024-04-02T13:26:01.090+0000 7f4d36ffd700 1 -- 172.21.15.122:0/2457615103 <== mon.0 v2:172.21.15.122:3300/0 5 ==== osd_map(3..3 src has 1..3) ==== 1155+0+0 (secure 0 0 0) 0x7f4d3c04dd10 con 0x7f4d40108070
2024-04-02T13:26:01.809 INFO:teuthology.orchestra.run.smithi122.stdout:/usr/bin/ceph: stderr
2024-04-02T13:26:01.090+0000 7f4d450e1700 1 --2- 172.21.15.122:0/2457615103 >> [v2:172.21.15.122:6800/3450525377,v1:172.21.15.122:6801/3450525377] conn(0x7f4d2c039650 0x7f4d2c03bb10 unknown :-1 s=BANNER_CONNECTING pgs=0 cs=0 l=1 rev1=0 crypto rx=0 tx=0 comp rx=0 tx=0)._handle_peer_banner_payload supported=3 required=0
2024-04-02T13:26:01.809 INFO:teuthology.orchestra.run.smithi122.stdout:/usr/bin/ceph: stderr
2024-04-02T13:26:01.090+0000 7f4d450e1700 1 --2- 172.21.15.122:0/2457615103 >> [v2:172.21.15.122:6800/3450525377,v1:172.21.15.122:6801/3450525377] conn(0x7f4d2c039650 0x7f4d2c03bb10 secure :-1 s=READY pgs=10 cs=0 l=1 rev1=1 crypto rx=0x7f4d30006fd0 tx=0x7f4d30006e40 comp rx=0 tx=0).ready entity=mgr.14152 client_cookie=0 server_cookie=0 in_seq=0 out_seq=0
2024-04-02T13:26:01.809 INFO:teuthology.orchestra.run.smithi122.stdout:/usr/bin/ceph: stderr
2024-04-02T13:26:01.095+0000 7f4d36ffd700 1 -- 172.21.15.122:0/2457615103 <== mon.0 v2:172.21.15.122:3300/0 6 ==== mon_command_ack([{"prefix": "get_command_descriptions"}]=0 v0) ==== 72+0+188173 (secure 0 0 0) 0x7f4d3c053020 con 0x7f4d40108070
2024-04-02T13:26:01.809 INFO:teuthology.orchestra.run.smithi122.stdout:/usr/bin/ceph: stderr
2024-04-02T13:26:01.293+0000 7f4d47b46700 1 -- 172.21.15.122:0/2457615103 --> [v2:172.21.15.122:3300/0,v1:172.21.15.122:6789/0] -- mon_command([{prefix=config set, name=osd_memory_target_autotune}] v 0) -- 0x7f4d4019f3d0 con 0x7f4d40108070
2024-04-02T13:26:01.810 INFO:teuthology.orchestra.run.smithi122.stdout:/usr/bin/ceph: stderr
2024-04-02T13:26:01.293+0000 7f4d36ffd700 1 -- 172.21.15.122:0/2457615103 <== mon.0 v2:172.21.15.122:3300/0 7 ==== mon_command_ack([{prefix=config set, name=osd_memory_target_autotune}]=0 v8)=0 v8) ==== 127+0+0 (secure 0 0 0) 0x7f4d3c011e20 con 0x7f4d40108070
2024-04-02T13:26:01.810 INFO:teuthology.orchestra.run.smithi122.stdout:/usr/bin/ceph: stderr
2024-04-02T13:26:01.295+0000 7f4d47b46700 1 -- 172.21.15.122:0/2457615103 >> [v2:172.21.15.122:6800/3450525377,v1:172.21.15.122:6801/3450525377] conn(0x7f4d2c039650 msgr2=0x7f4d2c03bb10 secure :-1 s=STATE_CONNECTION_ESTABLISHED l=1).mark_down
2024-04-02T13:26:01.810 INFO:teuthology.orchestra.run.smithi122.stdout:/usr/bin/ceph: stderr
2024-04-02T13:26:01.295+0000 7f4d47b46700 1 --2- 172.21.15.122:0/2457615103 >> [v2:172.21.15.122:6800/3450525377,v1:172.21.15.122:6801/3450525377] conn(0x7f4d2c039650 0x7f4d2c03bb10 secure :-1 s=READY pgs=10 cs=0 l=1 rev1=1 crypto rx=0x7f4d30006fd0 tx=0x7f4d30006e40 comp rx=0 tx=0).stop
2024-04-02T13:26:01.810 INFO:teuthology.orchestra.run.smithi122.stdout:/usr/bin/ceph: stderr
2024-04-02T13:26:01.295+0000 7f4d47b46700 1 -- 172.21.15.122:0/2457615103 >> [v2:172.21.15.122:3300/0,v1:172.21.15.122:6789/0] conn(0x7f4d40108070 msgr2=0x7f4d4019bf10 secure :-1 s=STATE_CONNECTION_ESTABLISHED l=1).mark_down
2024-04-02T13:26:01.810 INFO:teuthology.orchestra.run.smithi122.stdout:/usr/bin/ceph: stderr
2024-04-02T13:26:01.295+0000 7f4d47b46700 1 --2- 172.21.15.122:0/2457615103 >> [v2:172.21.15.122:3300/0,v1:172.21.15.122:6789/0] conn(0x7f4d40108070 0x7f4d4019bf10 secure :-1 s=READY pgs=77 cs=0 l=1 rev1=1 crypto rx=0x7f4d3c0117e0 tx=0x7f4d3c011c10 comp rx=0 tx=0).stop
2024-04-02T13:26:01.810 INFO:teuthology.orchestra.run.smithi122.stdout:/usr/bin/ceph: stderr
2024-04-02T13:26:01.295+0000 7f4d47b46700 1 -- 172.21.15.122:0/2457615103 shutdown_connections
2024-04-02T13:26:01.810 INFO:teuthology.orchestra.run.smithi122.stdout:/usr/bin/ceph: stderr
2024-04-02T13:26:01.295+0000 7f4d47b46700 1 --2- 172.21.15.122:0/2457615103 >> [v2:172.21.15.122:6800/3450525377,v1:172.21.15.122:6801/3450525377] conn(0x7f4d2c039650 0x7f4d2c03bb10 unknown :-1 s=CLOSED pgs=10 cs=0 l=1 rev1=1 crypto rx=0 tx=0 comp rx=0 tx=0).stop
2024-04-02T13:26:01.810 INFO:teuthology.orchestra.run.smithi122.stdout:/usr/bin/ceph: stderr
2024-04-02T13:26:01.295+0000 7f4d47b46700 1 --2- 172.21.15.122:0/2457615103 >> [v2:172.21.15.122:3300/0,v1:172.21.15.122:6789/0] conn(0x7f4d40108070 0x7f4d4019bf10 unknown :-1 s=CLOSED pgs=77 cs=0 l=1 rev1=1 crypto rx=0 tx=0 comp rx=0 tx=0).stop
2024-04-02T13:26:01.810 INFO:teuthology.orchestra.run.smithi122.stdout:/usr/bin/ceph: stderr
2024-04-02T13:26:01.295+0000 7f4d47b46700 1 -- 172.21.15.122:0/2457615103 >> 172.21.15.122:0/2457615103 conn(0x7f4d401036d0 msgr2=0x7f4d40104170 unknown :-1 s=STATE_NONE l=0).mark_down
2024-04-02T13:26:01.810 INFO:teuthology.orchestra.run.smithi122.stdout:/usr/bin/ceph: stderr
2024-04-02T13:26:01.296+0000 7f4d47b46700 1 -- 172.21.15.122:0/2457615103 shutdown_connections
2024-04-02T13:26:01.810 INFO:teuthology.orchestra.run.smithi122.stdout:/usr/bin/ceph: stderr
2024-04-02T13:26:01.296+0000 7f4d47b46700 1 -- 172.21.15.122:0/2457615103 wait complete.
2024-04-02T13:26:03.091 INFO:teuthology.orchestra.run.smithi122.stdout:/usr/bin/ceph: stderr
2024-04-02T13:26:02.202+0000 7f277ae47700 1 Processor -- start
2024-04-02T13:26:03.091 INFO:teuthology.orchestra.run.smithi122.stdout:/usr/bin/ceph: stderr
2024-04-02T13:26:02.202+0000 7f277ae47700 1 -- start start
2024-04-02T13:26:03.091 INFO:teuthology.orchestra.run.smithi122.stdout:/usr/bin/ceph: stderr
2024-04-02T13:26:02.202+0000 7f277ae47700 1 --2- >> [v2:172.21.15.122:3300/0,v1:172.21.15.122:6789/0] conn(0x7f2774108030 0x7f2774108450 unknown :-1 s=NONE pgs=0 cs=0 l=0 rev1=0 crypto rx=0 tx=0 comp rx=0 tx=0).connect
2024-04-02T13:26:03.091 INFO:teuthology.orchestra.run.smithi122.stdout:/usr/bin/ceph: stderr
2024-04-02T13:26:02.202+0000 7f277ae47700 1 -- --> [v2:172.21.15.122:3300/0,v1:172.21.15.122:6789/0] -- mon_getmap magic: 0 -- 0x7f2774108a20 con 0x7f2774108030
2024-04-02T13:26:03.091 INFO:teuthology.orchestra.run.smithi122.stdout:/usr/bin/ceph: stderr
2024-04-02T13:26:02.202+0000 7f2778be3700 1 --2- >> [v2:172.21.15.122:3300/0,v1:172.21.15.122:6789/0] conn(0x7f2774108030 0x7f2774108450 unknown :-1 s=BANNER_CONNECTING pgs=0 cs=0 l=0 rev1=0 crypto rx=0 tx=0 comp rx=0 tx=0)._handle_peer_banner_payload supported=3 required=0
2024-04-02T13:26:03.091 INFO:teuthology.orchestra.run.smithi122.stdout:/usr/bin/ceph: stderr
2024-04-02T13:26:02.202+0000 7f2778be3700 1 --2- >> [v2:172.21.15.122:3300/0,v1:172.21.15.122:6789/0] conn(0x7f2774108030 0x7f2774108450 unknown :-1 s=HELLO_CONNECTING pgs=0 cs=0 l=0 rev1=1 crypto rx=0 tx=0 comp rx=0 tx=0).handle_hello peer v2:172.21.15.122:3300/0 says I am v2:172.21.15.122:52684/0 (socket says 172.21.15.122:52684)
2024-04-02T13:26:03.092 INFO:teuthology.orchestra.run.smithi122.stdout:/usr/bin/ceph: stderr
2024-04-02T13:26:02.202+0000 7f2778be3700 1 -- 172.21.15.122:0/4156963959 learned_addr learned my addr 172.21.15.122:0/4156963959 (peer_addr_for_me v2:172.21.15.122:0/0)
2024-04-02T13:26:03.092 INFO:teuthology.orchestra.run.smithi122.stdout:/usr/bin/ceph: stderr
2024-04-02T13:26:02.202+0000 7f2778be3700 1 -- 172.21.15.122:0/4156963959 --> [v2:172.21.15.122:3300/0,v1:172.21.15.122:6789/0] -- mon_subscribe({config=0+,monmap=0+}) -- 0x7f27741091e0 con 0x7f2774108030
2024-04-02T13:26:03.092 INFO:teuthology.orchestra.run.smithi122.stdout:/usr/bin/ceph: stderr
2024-04-02T13:26:02.202+0000 7f2778be3700 1 --2- 172.21.15.122:0/4156963959 >> [v2:172.21.15.122:3300/0,v1:172.21.15.122:6789/0] conn(0x7f2774108030 0x7f2774108450 secure :-1 s=READY pgs=78 cs=0 l=1 rev1=1 crypto rx=0x7f27680098a0 tx=0x7f2768009bb0 comp rx=0 tx=0).ready entity=mon.0 client_cookie=dd6a849782a74de6 server_cookie=0 in_seq=0 out_seq=0
2024-04-02T13:26:03.092 INFO:teuthology.orchestra.run.smithi122.stdout:/usr/bin/ceph: stderr
2024-04-02T13:26:02.202+0000 7f27737fe700 1 -- 172.21.15.122:0/4156963959 <== mon.0 v2:172.21.15.122:3300/0 1 ==== mon_map magic: 0 ==== 205+0+0 (secure 0 0 0) 0x7f2768004160 con 0x7f2774108030
2024-04-02T13:26:03.092 INFO:teuthology.orchestra.run.smithi122.stdout:/usr/bin/ceph: stderr
2024-04-02T13:26:02.203+0000 7f27737fe700 1 -- 172.21.15.122:0/4156963959 <== mon.0 v2:172.21.15.122:3300/0 2 ==== config(27 keys) ==== 1140+0+0 (secure 0 0 0) 0x7f2768004300 con 0x7f2774108030
2024-04-02T13:26:03.092 INFO:teuthology.orchestra.run.smithi122.stdout:/usr/bin/ceph: stderr
2024-04-02T13:26:02.203+0000 7f27737fe700 1 -- 172.21.15.122:0/4156963959 <== mon.0 v2:172.21.15.122:3300/0 3 ==== mon_map magic: 0 ==== 205+0+0 (secure 0 0 0) 0x7f2768011b20 con 0x7f2774108030
2024-04-02T13:26:03.092 INFO:teuthology.orchestra.run.smithi122.stdout:/usr/bin/ceph: stderr
2024-04-02T13:26:02.203+0000 7f277ae47700 1 -- 172.21.15.122:0/4156963959 >> [v2:172.21.15.122:3300/0,v1:172.21.15.122:6789/0] conn(0x7f2774108030 msgr2=0x7f2774108450 secure :-1 s=STATE_CONNECTION_ESTABLISHED l=1).mark_down
2024-04-02T13:26:03.092 INFO:teuthology.orchestra.run.smithi122.stdout:/usr/bin/ceph: stderr
2024-04-02T13:26:02.203+0000 7f277ae47700 1 --2- 172.21.15.122:0/4156963959 >> [v2:172.21.15.122:3300/0,v1:172.21.15.122:6789/0] conn(0x7f2774108030 0x7f2774108450 secure :-1 s=READY pgs=78 cs=0 l=1 rev1=1 crypto rx=0x7f27680098a0 tx=0x7f2768009bb0 comp rx=0 tx=0).stop
2024-04-02T13:26:03.092 INFO:teuthology.orchestra.run.smithi122.stdout:/usr/bin/ceph: stderr
2024-04-02T13:26:02.203+0000 7f277ae47700 1 -- 172.21.15.122:0/4156963959 shutdown_connections
2024-04-02T13:26:03.092 INFO:teuthology.orchestra.run.smithi122.stdout:/usr/bin/ceph: stderr
2024-04-02T13:26:02.203+0000 7f277ae47700 1 --2- 172.21.15.122:0/4156963959 >> [v2:172.21.15.122:3300/0,v1:172.21.15.122:6789/0] conn(0x7f2774108030 0x7f2774108450 unknown :-1 s=CLOSED pgs=78 cs=0 l=1 rev1=1 crypto rx=0 tx=0 comp rx=0 tx=0).stop
2024-04-02T13:26:03.092 INFO:teuthology.orchestra.run.smithi122.stdout:/usr/bin/ceph: stderr
2024-04-02T13:26:02.203+0000 7f277ae47700 1 -- 172.21.15.122:0/4156963959 >> 172.21.15.122:0/4156963959 conn(0x7f27741035f0 msgr2=0x7f2774105a10 unknown :-1 s=STATE_NONE l=0).mark_down
2024-04-02T13:26:03.092 INFO:teuthology.orchestra.run.smithi122.stdout:/usr/bin/ceph: stderr
2024-04-02T13:26:02.203+0000 7f277ae47700 1 -- 172.21.15.122:0/4156963959 shutdown_connections
2024-04-02T13:26:03.092 INFO:teuthology.orchestra.run.smithi122.stdout:/usr/bin/ceph: stderr
2024-04-02T13:26:02.203+0000 7f277ae47700 1 -- 172.21.15.122:0/4156963959 wait complete.
2024-04-02T13:26:03.092 INFO:teuthology.orchestra.run.smithi122.stdout:/usr/bin/ceph: stderr
2024-04-02T13:26:02.204+0000 7f277ae47700 1 Processor -- start
2024-04-02T13:26:03.092 INFO:teuthology.orchestra.run.smithi122.stdout:/usr/bin/ceph: stderr
2024-04-02T13:26:02.204+0000 7f277ae47700 1 -- start start
2024-04-02T13:26:03.093 INFO:teuthology.orchestra.run.smithi122.stdout:/usr/bin/ceph: stderr
2024-04-02T13:26:02.204+0000 7f277ae47700 1 --2- >> [v2:172.21.15.122:3300/0,v1:172.21.15.122:6789/0] conn(0x7f2774108030 0x7f277419e260 unknown :-1 s=NONE pgs=0 cs=0 l=1 rev1=0 crypto rx=0 tx=0 comp rx=0 tx=0).connect
2024-04-02T13:26:03.093 INFO:teuthology.orchestra.run.smithi122.stdout:/usr/bin/ceph: stderr
2024-04-02T13:26:02.204+0000 7f277ae47700 1 -- --> [v2:172.21.15.122:3300/0,v1:172.21.15.122:6789/0] -- mon_getmap magic: 0 -- 0x7f277407c900 con 0x7f2774108030
2024-04-02T13:26:03.093 INFO:teuthology.orchestra.run.smithi122.stdout:/usr/bin/ceph: stderr
2024-04-02T13:26:02.204+0000 7f2778be3700 1 --2- >> [v2:172.21.15.122:3300/0,v1:172.21.15.122:6789/0] conn(0x7f2774108030 0x7f277419e260 unknown :-1 s=BANNER_CONNECTING pgs=0 cs=0 l=1 rev1=0 crypto rx=0 tx=0 comp rx=0 tx=0)._handle_peer_banner_payload supported=3 required=0
2024-04-02T13:26:03.093 INFO:teuthology.orchestra.run.smithi122.stdout:/usr/bin/ceph: stderr
2024-04-02T13:26:02.204+0000 7f2778be3700 1 --2- >> [v2:172.21.15.122:3300/0,v1:172.21.15.122:6789/0] conn(0x7f2774108030 0x7f277419e260 unknown :-1 s=HELLO_CONNECTING pgs=0 cs=0 l=1 rev1=1 crypto rx=0 tx=0 comp rx=0 tx=0).handle_hello peer v2:172.21.15.122:3300/0 says I am v2:172.21.15.122:52698/0 (socket says 172.21.15.122:52698)
2024-04-02T13:26:03.093 INFO:teuthology.orchestra.run.smithi122.stdout:/usr/bin/ceph: stderr
2024-04-02T13:26:02.204+0000 7f2778be3700 1 -- 172.21.15.122:0/2752381160 learned_addr learned my addr 172.21.15.122:0/2752381160 (peer_addr_for_me v2:172.21.15.122:0/0)
2024-04-02T13:26:03.093 INFO:teuthology.orchestra.run.smithi122.stdout:/usr/bin/ceph: stderr
2024-04-02T13:26:02.204+0000 7f2778be3700 1 -- 172.21.15.122:0/2752381160 --> [v2:172.21.15.122:3300/0,v1:172.21.15.122:6789/0] -- mon_subscribe({config=0+,monmap=0+}) -- 0x7f277419e7a0 con 0x7f2774108030
2024-04-02T13:26:03.093 INFO:teuthology.orchestra.run.smithi122.stdout:/usr/bin/ceph: stderr
2024-04-02T13:26:02.204+0000 7f2778be3700 1 --2- 172.21.15.122:0/2752381160 >> [v2:172.21.15.122:3300/0,v1:172.21.15.122:6789/0] conn(0x7f2774108030 0x7f277419e260 secure :-1 s=READY pgs=79 cs=0 l=1 rev1=1 crypto rx=0x7f27680116a0 tx=0x7f2768011ba0 comp rx=0 tx=0).ready entity=mon.0 client_cookie=0 server_cookie=0 in_seq=0 out_seq=0
2024-04-02T13:26:03.093 INFO:teuthology.orchestra.run.smithi122.stdout:/usr/bin/ceph: stderr
2024-04-02T13:26:02.205+0000 7f2771ffb700 1 -- 172.21.15.122:0/2752381160 <== mon.0 v2:172.21.15.122:3300/0 1 ==== mon_map magic: 0 ==== 205+0+0 (secure 0 0 0) 0x7f2768003a40 con 0x7f2774108030
2024-04-02T13:26:03.093 INFO:teuthology.orchestra.run.smithi122.stdout:/usr/bin/ceph: stderr
2024-04-02T13:26:02.205+0000 7f277ae47700 1 -- 172.21.15.122:0/2752381160 --> [v2:172.21.15.122:3300/0,v1:172.21.15.122:6789/0] -- mon_subscribe({mgrmap=0+}) -- 0x7f277419ea30 con 0x7f2774108030
2024-04-02T13:26:03.093 INFO:teuthology.orchestra.run.smithi122.stdout:/usr/bin/ceph: stderr
2024-04-02T13:26:02.205+0000 7f2771ffb700 1 -- 172.21.15.122:0/2752381160 <== mon.0 v2:172.21.15.122:3300/0 2 ==== config(27 keys) ==== 1140+0+0 (secure 0 0 0) 0x7f2768003be0 con 0x7f2774108030
2024-04-02T13:26:03.093 INFO:teuthology.orchestra.run.smithi122.stdout:/usr/bin/ceph: stderr
2024-04-02T13:26:02.205+0000 7f2771ffb700 1 -- 172.21.15.122:0/2752381160 <== mon.0 v2:172.21.15.122:3300/0 3 ==== mon_map magic: 0 ==== 205+0+0 (secure 0 0 0) 0x7f276801a720 con 0x7f2774108030
2024-04-02T13:26:03.093 INFO:teuthology.orchestra.run.smithi122.stdout:/usr/bin/ceph: stderr
2024-04-02T13:26:02.205+0000 7f277ae47700 1 -- 172.21.15.122:0/2752381160 --> [v2:172.21.15.122:3300/0,v1:172.21.15.122:6789/0] -- mon_subscribe({osdmap=0}) -- 0x7f277419ee90 con 0x7f2774108030
2024-04-02T13:26:03.093 INFO:teuthology.orchestra.run.smithi122.stdout:/usr/bin/ceph: stderr
2024-04-02T13:26:02.206+0000 7f2771ffb700 1 -- 172.21.15.122:0/2752381160 <== mon.0 v2:172.21.15.122:3300/0 4 ==== mgrmap(e 13) ==== 46615+0+0 (secure 0 0 0) 0x7f276801aa20 con 0x7f2774108030
2024-04-02T13:26:03.093 INFO:teuthology.orchestra.run.smithi122.stdout:/usr/bin/ceph: stderr
2024-04-02T13:26:02.206+0000 7f277ae47700 1 -- 172.21.15.122:0/2752381160 --> [v2:172.21.15.122:3300/0,v1:172.21.15.122:6789/0] -- mon_command({"prefix": "get_command_descriptions"} v 0) -- 0x7f2774063c20 con 0x7f2774108030
2024-04-02T13:26:03.094 INFO:teuthology.orchestra.run.smithi122.stdout:/usr/bin/ceph: stderr
2024-04-02T13:26:02.206+0000 7f2771ffb700 1 --2- 172.21.15.122:0/2752381160 >> [v2:172.21.15.122:6800/3450525377,v1:172.21.15.122:6801/3450525377] conn(0x7f2764039650 0x7f276403bb10 unknown :-1 s=NONE pgs=0 cs=0 l=1 rev1=0 crypto rx=0 tx=0 comp rx=0 tx=0).connect
2024-04-02T13:26:03.094 INFO:teuthology.orchestra.run.smithi122.stdout:/usr/bin/ceph: stderr
2024-04-02T13:26:02.206+0000 7f2771ffb700 1 -- 172.21.15.122:0/2752381160 <== mon.0 v2:172.21.15.122:3300/0 5 ==== osd_map(3..3 src has 1..3) ==== 1155+0+0 (secure 0 0 0) 0x7f276804dfd0 con 0x7f2774108030
2024-04-02T13:26:03.094 INFO:teuthology.orchestra.run.smithi122.stdout:/usr/bin/ceph: stderr
2024-04-02T13:26:02.206+0000 7f2773fff700 1 --2- 172.21.15.122:0/2752381160 >> [v2:172.21.15.122:6800/3450525377,v1:172.21.15.122:6801/3450525377] conn(0x7f2764039650 0x7f276403bb10 unknown :-1 s=BANNER_CONNECTING pgs=0 cs=0 l=1 rev1=0 crypto rx=0 tx=0 comp rx=0 tx=0)._handle_peer_banner_payload supported=3 required=0
2024-04-02T13:26:03.094 INFO:teuthology.orchestra.run.smithi122.stdout:/usr/bin/ceph: stderr
2024-04-02T13:26:02.206+0000 7f2773fff700 1 --2- 172.21.15.122:0/2752381160 >> [v2:172.21.15.122:6800/3450525377,v1:172.21.15.122:6801/3450525377] conn(0x7f2764039650 0x7f276403bb10 secure :-1 s=READY pgs=11 cs=0 l=1 rev1=1 crypto rx=0x7f2760006fd0 tx=0x7f2760006e40 comp rx=0 tx=0).ready entity=mgr.14152 client_cookie=0 server_cookie=0 in_seq=0 out_seq=0
2024-04-02T13:26:03.094 INFO:teuthology.orchestra.run.smithi122.stdout:/usr/bin/ceph: stderr
2024-04-02T13:26:02.211+0000 7f2771ffb700 1 -- 172.21.15.122:0/2752381160 <== mon.0 v2:172.21.15.122:3300/0 6 ==== mon_command_ack([{"prefix": "get_command_descriptions"}]=0 v0) ==== 72+0+188173 (secure 0 0 0) 0x7f2768011e20 con 0x7f2774108030
2024-04-02T13:26:03.094 INFO:teuthology.orchestra.run.smithi122.stdout:/usr/bin/ceph: stderr
2024-04-02T13:26:02.516+0000 7f277ae47700 1 -- 172.21.15.122:0/2752381160 --> [v2:172.21.15.122:3300/0,v1:172.21.15.122:6789/0] -- mon_command([{prefix=config-key set, key=mgr/dashboard/cluster/status}] v 0) -- 0x7f2774063200 con 0x7f2774108030
2024-04-02T13:26:03.094 INFO:teuthology.orchestra.run.smithi122.stdout:/usr/bin/ceph: stderr
2024-04-02T13:26:02.518+0000 7f2771ffb700 1 -- 172.21.15.122:0/2752381160 <== mon.0 v2:172.21.15.122:3300/0 7 ==== mon_command_ack([{prefix=config-key set, key=mgr/dashboard/cluster/status}]=0 set mgr/dashboard/cluster/status v27)=0 set mgr/dashboard/cluster/status v27) ==== 153+0+0 (secure 0 0 0) 0x7f276800bc40 con 0x7f2774108030
2024-04-02T13:26:03.094 INFO:teuthology.orchestra.run.smithi122.stdout:/usr/bin/ceph: stderr
2024-04-02T13:26:02.520+0000 7f277ae47700 1 -- 172.21.15.122:0/2752381160 >> [v2:172.21.15.122:6800/3450525377,v1:172.21.15.122:6801/3450525377] conn(0x7f2764039650 msgr2=0x7f276403bb10 secure :-1 s=STATE_CONNECTION_ESTABLISHED l=1).mark_down
2024-04-02T13:26:03.094 INFO:teuthology.orchestra.run.smithi122.stdout:/usr/bin/ceph: stderr
2024-04-02T13:26:02.520+0000 7f277ae47700 1 --2- 172.21.15.122:0/2752381160 >> [v2:172.21.15.122:6800/3450525377,v1:172.21.15.122:6801/3450525377] conn(0x7f2764039650 0x7f276403bb10 secure :-1 s=READY pgs=11 cs=0 l=1 rev1=1 crypto rx=0x7f2760006fd0 tx=0x7f2760006e40 comp rx=0 tx=0).stop
2024-04-02T13:26:03.094 INFO:teuthology.orchestra.run.smithi122.stdout:/usr/bin/ceph: stderr
2024-04-02T13:26:02.520+0000 7f277ae47700 1 -- 172.21.15.122:0/2752381160 >> [v2:172.21.15.122:3300/0,v1:172.21.15.122:6789/0] conn(0x7f2774108030 msgr2=0x7f277419e260 secure :-1 s=STATE_CONNECTION_ESTABLISHED l=1).mark_down
2024-04-02T13:26:03.094 INFO:teuthology.orchestra.run.smithi122.stdout:/usr/bin/ceph: stderr
2024-04-02T13:26:02.520+0000 7f277ae47700 1 --2- 172.21.15.122:0/2752381160 >> [v2:172.21.15.122:3300/0,v1:172.21.15.122:6789/0] conn(0x7f2774108030 0x7f277419e260 secure :-1 s=READY pgs=79 cs=0 l=1 rev1=1 crypto rx=0x7f27680116a0 tx=0x7f2768011ba0 comp rx=0 tx=0).stop
2024-04-02T13:26:03.094 INFO:teuthology.orchestra.run.smithi122.stdout:/usr/bin/ceph: stderr
2024-04-02T13:26:02.521+0000 7f277ae47700 1 -- 172.21.15.122:0/2752381160 shutdown_connections
2024-04-02T13:26:03.094 INFO:teuthology.orchestra.run.smithi122.stdout:/usr/bin/ceph: stderr
2024-04-02T13:26:02.521+0000 7f277ae47700 1 --2- 172.21.15.122:0/2752381160 >> [v2:172.21.15.122:6800/3450525377,v1:172.21.15.122:6801/3450525377] conn(0x7f2764039650 0x7f276403bb10 unknown :-1 s=CLOSED pgs=11 cs=0 l=1 rev1=1 crypto rx=0 tx=0 comp rx=0 tx=0).stop
2024-04-02T13:26:03.095 INFO:teuthology.orchestra.run.smithi122.stdout:/usr/bin/ceph: stderr
2024-04-02T13:26:02.521+0000 7f277ae47700 1 --2- 172.21.15.122:0/2752381160 >> [v2:172.21.15.122:3300/0,v1:172.21.15.122:6789/0] conn(0x7f2774108030 0x7f277419e260 unknown :-1 s=CLOSED pgs=79 cs=0 l=1 rev1=1 crypto rx=0 tx=0 comp rx=0 tx=0).stop
2024-04-02T13:26:03.095 INFO:teuthology.orchestra.run.smithi122.stdout:/usr/bin/ceph: stderr
2024-04-02T13:26:02.521+0000 7f277ae47700 1 -- 172.21.15.122:0/2752381160 >> 172.21.15.122:0/2752381160 conn(0x7f27741035f0 msgr2=0x7f2774195530 unknown :-1 s=STATE_NONE l=0).mark_down
2024-04-02T13:26:03.095 INFO:teuthology.orchestra.run.smithi122.stdout:/usr/bin/ceph: stderr
2024-04-02T13:26:02.521+0000 7f277ae47700 1 -- 172.21.15.122:0/2752381160 shutdown_connections
2024-04-02T13:26:03.095 INFO:teuthology.orchestra.run.smithi122.stdout:/usr/bin/ceph: stderr
2024-04-02T13:26:02.521+0000 7f277ae47700 1 -- 172.21.15.122:0/2752381160 wait complete.
2024-04-02T13:26:03.095 INFO:teuthology.orchestra.run.smithi122.stdout:/usr/bin/ceph: stderr set mgr/dashboard/cluster/status
2024-04-02T13:26:03.095 INFO:teuthology.orchestra.run.smithi122.stdout:You can access the Ceph CLI as following in case of multi-cluster or non-default config:
2024-04-02T13:26:03.095 INFO:teuthology.orchestra.run.smithi122.stdout:
2024-04-02T13:26:03.095 INFO:teuthology.orchestra.run.smithi122.stdout: sudo /home/ubuntu/cephtest/cephadm shell --fsid 3c818384-f0f4-11ee-b647-cb9ed24678a4 -c /etc/ceph/ceph.conf -k /etc/ceph/ceph.client.admin.keyring
2024-04-02T13:26:03.095 INFO:teuthology.orchestra.run.smithi122.stdout:
2024-04-02T13:26:03.095 INFO:teuthology.orchestra.run.smithi122.stdout:Or, if you are only running a single cluster on this host:
2024-04-02T13:26:03.095 INFO:teuthology.orchestra.run.smithi122.stdout:
2024-04-02T13:26:03.095 INFO:teuthology.orchestra.run.smithi122.stdout: sudo /home/ubuntu/cephtest/cephadm shell
2024-04-02T13:26:03.095 INFO:teuthology.orchestra.run.smithi122.stdout:
2024-04-02T13:26:03.095 INFO:teuthology.orchestra.run.smithi122.stdout:Please consider enabling telemetry to help improve Ceph:
2024-04-02T13:26:03.096 INFO:teuthology.orchestra.run.smithi122.stdout:
2024-04-02T13:26:03.096 INFO:teuthology.orchestra.run.smithi122.stdout: ceph telemetry on
2024-04-02T13:26:03.096 INFO:teuthology.orchestra.run.smithi122.stdout:
2024-04-02T13:26:03.096 INFO:teuthology.orchestra.run.smithi122.stdout:For more information see:
2024-04-02T13:26:03.096 INFO:teuthology.orchestra.run.smithi122.stdout:
2024-04-02T13:26:03.096 INFO:teuthology.orchestra.run.smithi122.stdout: https://docs.ceph.com/en/latest/mgr/telemetry/
2024-04-02T13:26:03.096 INFO:teuthology.orchestra.run.smithi122.stdout:
2024-04-02T13:26:03.096 INFO:teuthology.orchestra.run.smithi122.stdout:Bootstrap complete.
2024-04-02T13:26:03.129 INFO:tasks.cephadm:Fetching config...
2024-04-02T13:26:03.129 DEBUG:teuthology.orchestra.run.smithi122:> set -ex
2024-04-02T13:26:03.130 DEBUG:teuthology.orchestra.run.smithi122:> dd if=/etc/ceph/ceph.conf of=/dev/stdout
2024-04-02T13:26:03.145 INFO:tasks.cephadm:Fetching client.admin keyring...
2024-04-02T13:26:03.145 DEBUG:teuthology.orchestra.run.smithi122:> set -ex
2024-04-02T13:26:03.145 DEBUG:teuthology.orchestra.run.smithi122:> dd if=/etc/ceph/ceph.client.admin.keyring of=/dev/stdout
2024-04-02T13:26:03.200 INFO:tasks.cephadm:Fetching mon keyring...
2024-04-02T13:26:03.200 DEBUG:teuthology.orchestra.run.smithi122:> set -ex
2024-04-02T13:26:03.200 DEBUG:teuthology.orchestra.run.smithi122:> sudo dd if=/var/lib/ceph/3c818384-f0f4-11ee-b647-cb9ed24678a4/mon.a/keyring of=/dev/stdout
2024-04-02T13:26:03.267 INFO:tasks.cephadm:Fetching pub ssh key...
2024-04-02T13:26:03.267 DEBUG:teuthology.orchestra.run.smithi122:> set -ex
2024-04-02T13:26:03.267 DEBUG:teuthology.orchestra.run.smithi122:> dd if=/home/ubuntu/cephtest/ceph.pub of=/dev/stdout
2024-04-02T13:26:03.321 INFO:tasks.cephadm:Installing pub ssh key for root users...
2024-04-02T13:26:03.325 DEBUG:teuthology.orchestra.run.smithi122:> sudo install -d -m 0700 /root/.ssh && echo 'ssh-rsa AAAAB3NzaC1yc2EAAAADAQABAAABgQDZ3bkuapj2BzTUU2+MjyYkxwkYyGxH3H2lC83DIlB/HWTkGIvuj/ujBoDhgkwMj5XZqXrkWVRI6jZEyirGiWYhTXg835XCU7A6Q3b8X6c8AbKcayUx+VvgRPANToDAsbTAun7MJkscHEHpVdLKQ3nUMxN/S7it3N1noGCnOSHvqaYNy6ylWm7L67VmUGomAG9enjFXLhmiuV1MFGUxANJePFgwRKBGFa1WXe+L1rOtSPE8AVFsR0QfQ5cjky1wOe+5hxEe4jpVG7mRKMIrwKg1ZDCShT4zWtTJJQzK7Ff5KpBoLNtwqP/m0lSY8NP+bM2FciM6qCvrtVRXs6v5alm1C3DBF+jE0xx3sqQx/ILjB9985cUuVebwo+VJQHM+6FsWLa9sv3IqUv8VTIbE5bp/1tNltJT3olLKOolEq0LJuEoWOf4Wrzp8J+ttyuNuCBWB0X57s5eZ4GiUSS3F1OyHSh4jcPMiDt+J7rQyNZJPz7cD6xtBw0koT9ZptB6F1lM= ceph-3c818384-f0f4-11ee-b647-cb9ed24678a4' | sudo tee -a /root/.ssh/authorized_keys && sudo chmod 0600 /root/.ssh/authorized_keys
2024-04-02T13:26:03.402 INFO:teuthology.orchestra.run.smithi122.stdout:ssh-rsa AAAAB3NzaC1yc2EAAAADAQABAAABgQDZ3bkuapj2BzTUU2+MjyYkxwkYyGxH3H2lC83DIlB/HWTkGIvuj/ujBoDhgkwMj5XZqXrkWVRI6jZEyirGiWYhTXg835XCU7A6Q3b8X6c8AbKcayUx+VvgRPANToDAsbTAun7MJkscHEHpVdLKQ3nUMxN/S7it3N1noGCnOSHvqaYNy6ylWm7L67VmUGomAG9enjFXLhmiuV1MFGUxANJePFgwRKBGFa1WXe+L1rOtSPE8AVFsR0QfQ5cjky1wOe+5hxEe4jpVG7mRKMIrwKg1ZDCShT4zWtTJJQzK7Ff5KpBoLNtwqP/m0lSY8NP+bM2FciM6qCvrtVRXs6v5alm1C3DBF+jE0xx3sqQx/ILjB9985cUuVebwo+VJQHM+6FsWLa9sv3IqUv8VTIbE5bp/1tNltJT3olLKOolEq0LJuEoWOf4Wrzp8J+ttyuNuCBWB0X57s5eZ4GiUSS3F1OyHSh4jcPMiDt+J7rQyNZJPz7cD6xtBw0koT9ZptB6F1lM= ceph-3c818384-f0f4-11ee-b647-cb9ed24678a4
2024-04-02T13:26:03.416 DEBUG:teuthology.orchestra.run.smithi187:> sudo install -d -m 0700 /root/.ssh && echo 'ssh-rsa AAAAB3NzaC1yc2EAAAADAQABAAABgQDZ3bkuapj2BzTUU2+MjyYkxwkYyGxH3H2lC83DIlB/HWTkGIvuj/ujBoDhgkwMj5XZqXrkWVRI6jZEyirGiWYhTXg835XCU7A6Q3b8X6c8AbKcayUx+VvgRPANToDAsbTAun7MJkscHEHpVdLKQ3nUMxN/S7it3N1noGCnOSHvqaYNy6ylWm7L67VmUGomAG9enjFXLhmiuV1MFGUxANJePFgwRKBGFa1WXe+L1rOtSPE8AVFsR0QfQ5cjky1wOe+5hxEe4jpVG7mRKMIrwKg1ZDCShT4zWtTJJQzK7Ff5KpBoLNtwqP/m0lSY8NP+bM2FciM6qCvrtVRXs6v5alm1C3DBF+jE0xx3sqQx/ILjB9985cUuVebwo+VJQHM+6FsWLa9sv3IqUv8VTIbE5bp/1tNltJT3olLKOolEq0LJuEoWOf4Wrzp8J+ttyuNuCBWB0X57s5eZ4GiUSS3F1OyHSh4jcPMiDt+J7rQyNZJPz7cD6xtBw0koT9ZptB6F1lM= ceph-3c818384-f0f4-11ee-b647-cb9ed24678a4' | sudo tee -a /root/.ssh/authorized_keys && sudo chmod 0600 /root/.ssh/authorized_keys
2024-04-02T13:26:03.461 INFO:teuthology.orchestra.run.smithi187.stdout:ssh-rsa AAAAB3NzaC1yc2EAAAADAQABAAABgQDZ3bkuapj2BzTUU2+MjyYkxwkYyGxH3H2lC83DIlB/HWTkGIvuj/ujBoDhgkwMj5XZqXrkWVRI6jZEyirGiWYhTXg835XCU7A6Q3b8X6c8AbKcayUx+VvgRPANToDAsbTAun7MJkscHEHpVdLKQ3nUMxN/S7it3N1noGCnOSHvqaYNy6ylWm7L67VmUGomAG9enjFXLhmiuV1MFGUxANJePFgwRKBGFa1WXe+L1rOtSPE8AVFsR0QfQ5cjky1wOe+5hxEe4jpVG7mRKMIrwKg1ZDCShT4zWtTJJQzK7Ff5KpBoLNtwqP/m0lSY8NP+bM2FciM6qCvrtVRXs6v5alm1C3DBF+jE0xx3sqQx/ILjB9985cUuVebwo+VJQHM+6FsWLa9sv3IqUv8VTIbE5bp/1tNltJT3olLKOolEq0LJuEoWOf4Wrzp8J+ttyuNuCBWB0X57s5eZ4GiUSS3F1OyHSh4jcPMiDt+J7rQyNZJPz7cD6xtBw0koT9ZptB6F1lM= ceph-3c818384-f0f4-11ee-b647-cb9ed24678a4
2024-04-02T13:26:03.476 DEBUG:teuthology.orchestra.run.smithi188:> sudo install -d -m 0700 /root/.ssh && echo 'ssh-rsa AAAAB3NzaC1yc2EAAAADAQABAAABgQDZ3bkuapj2BzTUU2+MjyYkxwkYyGxH3H2lC83DIlB/HWTkGIvuj/ujBoDhgkwMj5XZqXrkWVRI6jZEyirGiWYhTXg835XCU7A6Q3b8X6c8AbKcayUx+VvgRPANToDAsbTAun7MJkscHEHpVdLKQ3nUMxN/S7it3N1noGCnOSHvqaYNy6ylWm7L67VmUGomAG9enjFXLhmiuV1MFGUxANJePFgwRKBGFa1WXe+L1rOtSPE8AVFsR0QfQ5cjky1wOe+5hxEe4jpVG7mRKMIrwKg1ZDCShT4zWtTJJQzK7Ff5KpBoLNtwqP/m0lSY8NP+bM2FciM6qCvrtVRXs6v5alm1C3DBF+jE0xx3sqQx/ILjB9985cUuVebwo+VJQHM+6FsWLa9sv3IqUv8VTIbE5bp/1tNltJT3olLKOolEq0LJuEoWOf4Wrzp8J+ttyuNuCBWB0X57s5eZ4GiUSS3F1OyHSh4jcPMiDt+J7rQyNZJPz7cD6xtBw0koT9ZptB6F1lM= ceph-3c818384-f0f4-11ee-b647-cb9ed24678a4' | sudo tee -a /root/.ssh/authorized_keys && sudo chmod 0600 /root/.ssh/authorized_keys
2024-04-02T13:26:03.522 INFO:teuthology.orchestra.run.smithi188.stdout:ssh-rsa AAAAB3NzaC1yc2EAAAADAQABAAABgQDZ3bkuapj2BzTUU2+MjyYkxwkYyGxH3H2lC83DIlB/HWTkGIvuj/ujBoDhgkwMj5XZqXrkWVRI6jZEyirGiWYhTXg835XCU7A6Q3b8X6c8AbKcayUx+VvgRPANToDAsbTAun7MJkscHEHpVdLKQ3nUMxN/S7it3N1noGCnOSHvqaYNy6ylWm7L67VmUGomAG9enjFXLhmiuV1MFGUxANJePFgwRKBGFa1WXe+L1rOtSPE8AVFsR0QfQ5cjky1wOe+5hxEe4jpVG7mRKMIrwKg1ZDCShT4zWtTJJQzK7Ff5KpBoLNtwqP/m0lSY8NP+bM2FciM6qCvrtVRXs6v5alm1C3DBF+jE0xx3sqQx/ILjB9985cUuVebwo+VJQHM+6FsWLa9sv3IqUv8VTIbE5bp/1tNltJT3olLKOolEq0LJuEoWOf4Wrzp8J+ttyuNuCBWB0X57s5eZ4GiUSS3F1OyHSh4jcPMiDt+J7rQyNZJPz7cD6xtBw0koT9ZptB6F1lM= ceph-3c818384-f0f4-11ee-b647-cb9ed24678a4
2024-04-02T13:26:03.537 DEBUG:teuthology.orchestra.run.smithi122:> sudo /home/ubuntu/cephtest/cephadm --image quay-quay-quay.apps.os.sepia.ceph.com/ceph-ci/ceph:191d963ac9de7322da8aff20b567b3fa458e2ef6 shell -c /etc/ceph/ceph.conf -k /etc/ceph/ceph.client.admin.keyring --fsid 3c818384-f0f4-11ee-b647-cb9ed24678a4 -- ceph config set mgr mgr/cephadm/allow_ptrace true
2024-04-02T13:26:03.774 INFO:teuthology.orchestra.run.smithi122.stderr:Inferring config /var/lib/ceph/3c818384-f0f4-11ee-b647-cb9ed24678a4/mon.a/config
2024-04-02T13:26:03.820 INFO:journalctl@ceph.mon.a.smithi122.stdout:Apr 02 13:26:03 smithi122 ceph-mon[32114]: from='client.? 172.21.15.122:0/2752381160' entity='client.admin'
2024-04-02T13:26:05.948 INFO:teuthology.orchestra.run.smithi122.stderr:2024-04-02T13:26:05.943+0000 7ff9eca51700 1 -- 172.21.15.122:0/2249976724 >> [v2:172.21.15.122:3300/0,v1:172.21.15.122:6789/0] conn(0x7ff9e8102b20 msgr2=0x7ff9e8104f10 secure :-1 s=STATE_CONNECTION_ESTABLISHED l=1).mark_down
2024-04-02T13:26:05.948 INFO:teuthology.orchestra.run.smithi122.stderr:2024-04-02T13:26:05.943+0000 7ff9eca51700 1 --2- 172.21.15.122:0/2249976724 >> [v2:172.21.15.122:3300/0,v1:172.21.15.122:6789/0] conn(0x7ff9e8102b20 0x7ff9e8104f10 secure :-1 s=READY pgs=80 cs=0 l=1 rev1=1 crypto rx=0x7ff9dc009910 tx=0x7ff9dc009c20 comp rx=0 tx=0).stop
2024-04-02T13:26:05.949 INFO:teuthology.orchestra.run.smithi122.stderr:2024-04-02T13:26:05.944+0000 7ff9eca51700 1 -- 172.21.15.122:0/2249976724 shutdown_connections
2024-04-02T13:26:05.949 INFO:teuthology.orchestra.run.smithi122.stderr:2024-04-02T13:26:05.944+0000 7ff9eca51700 1 --2- 172.21.15.122:0/2249976724 >> [v2:172.21.15.122:3300/0,v1:172.21.15.122:6789/0] conn(0x7ff9e8102b20 0x7ff9e8104f10 unknown :-1 s=CLOSED pgs=80 cs=0 l=1 rev1=1 crypto rx=0 tx=0 comp rx=0 tx=0).stop
2024-04-02T13:26:05.949 INFO:teuthology.orchestra.run.smithi122.stderr:2024-04-02T13:26:05.944+0000 7ff9eca51700 1 -- 172.21.15.122:0/2249976724 >> 172.21.15.122:0/2249976724 conn(0x7ff9e80fc4b0 msgr2=0x7ff9e80fe910 unknown :-1 s=STATE_NONE l=0).mark_down
2024-04-02T13:26:05.949 INFO:teuthology.orchestra.run.smithi122.stderr:2024-04-02T13:26:05.944+0000 7ff9eca51700 1 -- 172.21.15.122:0/2249976724 shutdown_connections
2024-04-02T13:26:05.949 INFO:teuthology.orchestra.run.smithi122.stderr:2024-04-02T13:26:05.944+0000 7ff9eca51700 1 -- 172.21.15.122:0/2249976724 wait complete.
2024-04-02T13:26:05.949 INFO:teuthology.orchestra.run.smithi122.stderr:2024-04-02T13:26:05.944+0000 7ff9eca51700 1 Processor -- start
2024-04-02T13:26:05.949 INFO:teuthology.orchestra.run.smithi122.stderr:2024-04-02T13:26:05.944+0000 7ff9eca51700 1 -- start start
2024-04-02T13:26:05.949 INFO:teuthology.orchestra.run.smithi122.stderr:2024-04-02T13:26:05.944+0000 7ff9eca51700 1 --2- >> [v2:172.21.15.122:3300/0,v1:172.21.15.122:6789/0] conn(0x7ff9e8102b20 0x7ff9e8197770 unknown :-1 s=NONE pgs=0 cs=0 l=1 rev1=0 crypto rx=0 tx=0 comp rx=0 tx=0).connect
2024-04-02T13:26:05.949 INFO:teuthology.orchestra.run.smithi122.stderr:2024-04-02T13:26:05.944+0000 7ff9eca51700 1 -- --> [v2:172.21.15.122:3300/0,v1:172.21.15.122:6789/0] -- mon_getmap magic: 0 -- 0x7ff9e81080d0 con 0x7ff9e8102b20
2024-04-02T13:26:05.949 INFO:teuthology.orchestra.run.smithi122.stderr:2024-04-02T13:26:05.945+0000 7ff9e659c700 1 --2- >> [v2:172.21.15.122:3300/0,v1:172.21.15.122:6789/0] conn(0x7ff9e8102b20 0x7ff9e8197770 unknown :-1 s=BANNER_CONNECTING pgs=0 cs=0 l=1 rev1=0 crypto rx=0 tx=0 comp rx=0 tx=0)._handle_peer_banner_payload supported=3 required=0
2024-04-02T13:26:05.949 INFO:teuthology.orchestra.run.smithi122.stderr:2024-04-02T13:26:05.945+0000 7ff9e659c700 1 --2- >> [v2:172.21.15.122:3300/0,v1:172.21.15.122:6789/0] conn(0x7ff9e8102b20 0x7ff9e8197770 unknown :-1 s=HELLO_CONNECTING pgs=0 cs=0 l=1 rev1=1 crypto rx=0 tx=0 comp rx=0 tx=0).handle_hello peer v2:172.21.15.122:3300/0 says I am v2:172.21.15.122:52720/0 (socket says 172.21.15.122:52720)
2024-04-02T13:26:05.949 INFO:teuthology.orchestra.run.smithi122.stderr:2024-04-02T13:26:05.945+0000 7ff9e659c700 1 -- 172.21.15.122:0/1913130560 learned_addr learned my addr 172.21.15.122:0/1913130560 (peer_addr_for_me v2:172.21.15.122:0/0)
2024-04-02T13:26:05.949 INFO:teuthology.orchestra.run.smithi122.stderr:2024-04-02T13:26:05.945+0000 7ff9e659c700 1 -- 172.21.15.122:0/1913130560 --> [v2:172.21.15.122:3300/0,v1:172.21.15.122:6789/0] -- mon_subscribe({config=0+,monmap=0+}) -- 0x7ff9e8197cb0 con 0x7ff9e8102b20
2024-04-02T13:26:05.950 INFO:teuthology.orchestra.run.smithi122.stderr:2024-04-02T13:26:05.945+0000 7ff9e659c700 1 --2- 172.21.15.122:0/1913130560 >> [v2:172.21.15.122:3300/0,v1:172.21.15.122:6789/0] conn(0x7ff9e8102b20 0x7ff9e8197770 secure :-1 s=READY pgs=81 cs=0 l=1 rev1=1 crypto rx=0x7ff9dc0052c0 tx=0x7ff9dc005030 comp rx=0 tx=0).ready entity=mon.0 client_cookie=0 server_cookie=0 in_seq=0 out_seq=0
2024-04-02T13:26:05.950 INFO:teuthology.orchestra.run.smithi122.stderr:2024-04-02T13:26:05.945+0000 7ff9d77fe700 1 -- 172.21.15.122:0/1913130560 <== mon.0 v2:172.21.15.122:3300/0 1 ==== mon_map magic: 0 ==== 205+0+0 (secure 0 0 0) 0x7ff9dc026070 con 0x7ff9e8102b20
2024-04-02T13:26:05.950 INFO:teuthology.orchestra.run.smithi122.stderr:2024-04-02T13:26:05.945+0000 7ff9d77fe700 1 -- 172.21.15.122:0/1913130560 <== mon.0 v2:172.21.15.122:3300/0 2 ==== config(27 keys) ==== 1140+0+0 (secure 0 0 0) 0x7ff9dc00bc30 con 0x7ff9e8102b20
2024-04-02T13:26:05.950 INFO:teuthology.orchestra.run.smithi122.stderr:2024-04-02T13:26:05.945+0000 7ff9eca51700 1 -- 172.21.15.122:0/1913130560 --> [v2:172.21.15.122:3300/0,v1:172.21.15.122:6789/0] -- mon_subscribe({mgrmap=0+}) -- 0x7ff9e8197f40 con 0x7ff9e8102b20
2024-04-02T13:26:05.950 INFO:teuthology.orchestra.run.smithi122.stderr:2024-04-02T13:26:05.945+0000 7ff9d77fe700 1 -- 172.21.15.122:0/1913130560 <== mon.0 v2:172.21.15.122:3300/0 3 ==== mon_map magic: 0 ==== 205+0+0 (secure 0 0 0) 0x7ff9dc003b10 con 0x7ff9e8102b20
2024-04-02T13:26:05.950 INFO:teuthology.orchestra.run.smithi122.stderr:2024-04-02T13:26:05.945+0000 7ff9eca51700 1 -- 172.21.15.122:0/1913130560 --> [v2:172.21.15.122:3300/0,v1:172.21.15.122:6789/0] -- mon_subscribe({osdmap=0}) -- 0x7ff9e819ac30 con 0x7ff9e8102b20
2024-04-02T13:26:05.951 INFO:teuthology.orchestra.run.smithi122.stderr:2024-04-02T13:26:05.946+0000 7ff9d77fe700 1 -- 172.21.15.122:0/1913130560 <== mon.0 v2:172.21.15.122:3300/0 4 ==== mgrmap(e 13) ==== 46615+0+0 (secure 0 0 0) 0x7ff9dc029070 con 0x7ff9e8102b20
2024-04-02T13:26:05.951 INFO:teuthology.orchestra.run.smithi122.stderr:2024-04-02T13:26:05.946+0000 7ff9eca51700 1 -- 172.21.15.122:0/1913130560 --> [v2:172.21.15.122:3300/0,v1:172.21.15.122:6789/0] -- mon_command({"prefix": "get_command_descriptions"} v 0) -- 0x7ff9e8108850 con 0x7ff9e8102b20
2024-04-02T13:26:05.951 INFO:teuthology.orchestra.run.smithi122.stderr:2024-04-02T13:26:05.946+0000 7ff9d77fe700 1 --2- 172.21.15.122:0/1913130560 >> [v2:172.21.15.122:6800/3450525377,v1:172.21.15.122:6801/3450525377] conn(0x7ff9d0039650 0x7ff9d003bb10 unknown :-1 s=NONE pgs=0 cs=0 l=1 rev1=0 crypto rx=0 tx=0 comp rx=0 tx=0).connect
2024-04-02T13:26:05.951 INFO:teuthology.orchestra.run.smithi122.stderr:2024-04-02T13:26:05.946+0000 7ff9d77fe700 1 -- 172.21.15.122:0/1913130560 <== mon.0 v2:172.21.15.122:3300/0 5 ==== osd_map(3..3 src has 1..3) ==== 1155+0+0 (secure 0 0 0) 0x7ff9dc01e070 con 0x7ff9e8102b20
2024-04-02T13:26:05.951 INFO:teuthology.orchestra.run.smithi122.stderr:2024-04-02T13:26:05.946+0000 7ff9e5d9b700 1 --2- 172.21.15.122:0/1913130560 >> [v2:172.21.15.122:6800/3450525377,v1:172.21.15.122:6801/3450525377] conn(0x7ff9d0039650 0x7ff9d003bb10 unknown :-1 s=BANNER_CONNECTING pgs=0 cs=0 l=1 rev1=0 crypto rx=0 tx=0 comp rx=0 tx=0)._handle_peer_banner_payload supported=3 required=0
2024-04-02T13:26:05.951 INFO:teuthology.orchestra.run.smithi122.stderr:2024-04-02T13:26:05.947+0000 7ff9e5d9b700 1 --2- 172.21.15.122:0/1913130560 >> [v2:172.21.15.122:6800/3450525377,v1:172.21.15.122:6801/3450525377] conn(0x7ff9d0039650 0x7ff9d003bb10 secure :-1 s=READY pgs=12 cs=0 l=1 rev1=1 crypto rx=0x7ff9d8006fd0 tx=0x7ff9d8006e40 comp rx=0 tx=0).ready entity=mgr.14152 client_cookie=0 server_cookie=0 in_seq=0 out_seq=0
2024-04-02T13:26:05.954 INFO:teuthology.orchestra.run.smithi122.stderr:2024-04-02T13:26:05.951+0000 7ff9d77fe700 1 -- 172.21.15.122:0/1913130560 <== mon.0 v2:172.21.15.122:3300/0 6 ==== mon_command_ack([{"prefix": "get_command_descriptions"}]=0 v0) ==== 72+0+188173 (secure 0 0 0) 0x7ff9dc013070 con 0x7ff9e8102b20
2024-04-02T13:26:06.151 INFO:teuthology.orchestra.run.smithi122.stderr:2024-04-02T13:26:06.148+0000 7ff9eca51700 1 -- 172.21.15.122:0/1913130560 --> [v2:172.21.15.122:3300/0,v1:172.21.15.122:6789/0] -- mon_command([{prefix=config set, name=mgr/cephadm/allow_ptrace}] v 0) -- 0x7ff9e802de40 con 0x7ff9e8102b20
2024-04-02T13:26:06.153 INFO:teuthology.orchestra.run.smithi122.stderr:2024-04-02T13:26:06.150+0000 7ff9d77fe700 1 -- 172.21.15.122:0/1913130560 <== mon.0 v2:172.21.15.122:3300/0 7 ==== mon_command_ack([{prefix=config set, name=mgr/cephadm/allow_ptrace}]=0 v9)=0 v9) ==== 125+0+0 (secure 0 0 0) 0x7ff9dc030020 con 0x7ff9e8102b20
2024-04-02T13:26:06.156 INFO:teuthology.orchestra.run.smithi122.stderr:2024-04-02T13:26:06.153+0000 7ff9eca51700 1 -- 172.21.15.122:0/1913130560 >> [v2:172.21.15.122:6800/3450525377,v1:172.21.15.122:6801/3450525377] conn(0x7ff9d0039650 msgr2=0x7ff9d003bb10 secure :-1 s=STATE_CONNECTION_ESTABLISHED l=1).mark_down
2024-04-02T13:26:06.156 INFO:teuthology.orchestra.run.smithi122.stderr:2024-04-02T13:26:06.153+0000 7ff9eca51700 1 --2- 172.21.15.122:0/1913130560 >> [v2:172.21.15.122:6800/3450525377,v1:172.21.15.122:6801/3450525377] conn(0x7ff9d0039650 0x7ff9d003bb10 secure :-1 s=READY pgs=12 cs=0 l=1 rev1=1 crypto rx=0x7ff9d8006fd0 tx=0x7ff9d8006e40 comp rx=0 tx=0).stop
2024-04-02T13:26:06.156 INFO:teuthology.orchestra.run.smithi122.stderr:2024-04-02T13:26:06.153+0000 7ff9eca51700 1 -- 172.21.15.122:0/1913130560 >> [v2:172.21.15.122:3300/0,v1:172.21.15.122:6789/0] conn(0x7ff9e8102b20 msgr2=0x7ff9e8197770 secure :-1 s=STATE_CONNECTION_ESTABLISHED l=1).mark_down
2024-04-02T13:26:06.156 INFO:teuthology.orchestra.run.smithi122.stderr:2024-04-02T13:26:06.153+0000 7ff9eca51700 1 --2- 172.21.15.122:0/1913130560 >> [v2:172.21.15.122:3300/0,v1:172.21.15.122:6789/0] conn(0x7ff9e8102b20 0x7ff9e8197770 secure :-1 s=READY pgs=81 cs=0 l=1 rev1=1 crypto rx=0x7ff9dc0052c0 tx=0x7ff9dc005030 comp rx=0 tx=0).stop
2024-04-02T13:26:06.156 INFO:teuthology.orchestra.run.smithi122.stderr:2024-04-02T13:26:06.153+0000 7ff9eca51700 1 -- 172.21.15.122:0/1913130560 shutdown_connections
2024-04-02T13:26:06.156 INFO:teuthology.orchestra.run.smithi122.stderr:2024-04-02T13:26:06.153+0000 7ff9eca51700 1 --2- 172.21.15.122:0/1913130560 >> [v2:172.21.15.122:6800/3450525377,v1:172.21.15.122:6801/3450525377] conn(0x7ff9d0039650 0x7ff9d003bb10 unknown :-1 s=CLOSED pgs=12 cs=0 l=1 rev1=1 crypto rx=0 tx=0 comp rx=0 tx=0).stop
2024-04-02T13:26:06.156 INFO:teuthology.orchestra.run.smithi122.stderr:2024-04-02T13:26:06.153+0000 7ff9eca51700 1 --2- 172.21.15.122:0/1913130560 >> [v2:172.21.15.122:3300/0,v1:172.21.15.122:6789/0] conn(0x7ff9e8102b20 0x7ff9e8197770 unknown :-1 s=CLOSED pgs=81 cs=0 l=1 rev1=1 crypto rx=0 tx=0 comp rx=0 tx=0).stop
2024-04-02T13:26:06.157 INFO:teuthology.orchestra.run.smithi122.stderr:2024-04-02T13:26:06.153+0000 7ff9eca51700 1 -- 172.21.15.122:0/1913130560 >> 172.21.15.122:0/1913130560 conn(0x7ff9e80fc4b0 msgr2=0x7ff9e80fcfa0 unknown :-1 s=STATE_NONE l=0).mark_down
2024-04-02T13:26:06.157 INFO:teuthology.orchestra.run.smithi122.stderr:2024-04-02T13:26:06.153+0000 7ff9eca51700 1 -- 172.21.15.122:0/1913130560 shutdown_connections
2024-04-02T13:26:06.157 INFO:teuthology.orchestra.run.smithi122.stderr:2024-04-02T13:26:06.153+0000 7ff9eca51700 1 -- 172.21.15.122:0/1913130560 wait complete.
2024-04-02T13:26:06.750 INFO:tasks.cephadm:Distributing conf and client.admin keyring to all hosts + 0755
2024-04-02T13:26:06.750 DEBUG:teuthology.orchestra.run.smithi122:> sudo /home/ubuntu/cephtest/cephadm --image quay-quay-quay.apps.os.sepia.ceph.com/ceph-ci/ceph:191d963ac9de7322da8aff20b567b3fa458e2ef6 shell -c /etc/ceph/ceph.conf -k /etc/ceph/ceph.client.admin.keyring --fsid 3c818384-f0f4-11ee-b647-cb9ed24678a4 -- ceph orch client-keyring set client.admin '*' --mode 0755
2024-04-02T13:26:06.775 INFO:journalctl@ceph.mon.a.smithi122.stdout:Apr 02 13:26:06 smithi122 ceph-mon[32114]: from='mgr.14152 172.21.15.122:0/1876772125' entity='mgr.x'
2024-04-02T13:26:06.775 INFO:journalctl@ceph.mon.a.smithi122.stdout:Apr 02 13:26:06 smithi122 ceph-mon[32114]: from='mgr.14152 172.21.15.122:0/1876772125' entity='mgr.x'
2024-04-02T13:26:06.776 INFO:journalctl@ceph.mon.a.smithi122.stdout:Apr 02 13:26:06 smithi122 ceph-mon[32114]: from='mgr.14152 172.21.15.122:0/1876772125' entity='mgr.x' cmd=[{"prefix": "config rm", "who": "osd/host:smithi122", "name": "osd_memory_target"}]: dispatch
2024-04-02T13:26:06.776 INFO:journalctl@ceph.mon.a.smithi122.stdout:Apr 02 13:26:06 smithi122 ceph-mon[32114]: from='mgr.14152 172.21.15.122:0/1876772125' entity='mgr.x'
2024-04-02T13:26:06.776 INFO:journalctl@ceph.mon.a.smithi122.stdout:Apr 02 13:26:06 smithi122 ceph-mon[32114]: from='mgr.14152 172.21.15.122:0/1876772125' entity='mgr.x' cmd=[{"prefix": "config dump", "format": "json"}]: dispatch
2024-04-02T13:26:06.776 INFO:journalctl@ceph.mon.a.smithi122.stdout:Apr 02 13:26:06 smithi122 ceph-mon[32114]: from='mgr.14152 172.21.15.122:0/1876772125' entity='mgr.x'
2024-04-02T13:26:06.776 INFO:journalctl@ceph.mon.a.smithi122.stdout:Apr 02 13:26:06 smithi122 ceph-mon[32114]: from='client.? 172.21.15.122:0/1913130560' entity='client.admin'
2024-04-02T13:26:06.776 INFO:journalctl@ceph.mon.a.smithi122.stdout:Apr 02 13:26:06 smithi122 ceph-mon[32114]: from='mgr.14152 172.21.15.122:0/1876772125' entity='mgr.x' cmd=[{"prefix": "config dump", "format": "json"}]: dispatch
2024-04-02T13:26:06.776 INFO:journalctl@ceph.mon.a.smithi122.stdout:Apr 02 13:26:06 smithi122 ceph-mon[32114]: from='mgr.14152 172.21.15.122:0/1876772125' entity='mgr.x'
2024-04-02T13:26:06.983 INFO:teuthology.orchestra.run.smithi122.stderr:Inferring config /var/lib/ceph/3c818384-f0f4-11ee-b647-cb9ed24678a4/mon.a/config
2024-04-02T13:26:08.276 INFO:teuthology.orchestra.run.smithi122.stderr:2024-04-02T13:26:08.269+0000 7f205fa63700 1 -- 172.21.15.122:0/1038357772 >> [v2:172.21.15.122:3300/0,v1:172.21.15.122:6789/0] conn(0x7f2058100310 msgr2=0x7f2058100730 secure :-1 s=STATE_CONNECTION_ESTABLISHED l=1).mark_down
2024-04-02T13:26:08.276 INFO:teuthology.orchestra.run.smithi122.stderr:2024-04-02T13:26:08.269+0000 7f205fa63700 1 --2- 172.21.15.122:0/1038357772 >> [v2:172.21.15.122:3300/0,v1:172.21.15.122:6789/0] conn(0x7f2058100310 0x7f2058100730 secure :-1 s=READY pgs=82 cs=0 l=1 rev1=1 crypto rx=0x7f2054009910 tx=0x7f2054009c20 comp rx=0 tx=0).stop
2024-04-02T13:26:08.276 INFO:teuthology.orchestra.run.smithi122.stderr:2024-04-02T13:26:08.269+0000 7f205fa63700 1 -- 172.21.15.122:0/1038357772 shutdown_connections
2024-04-02T13:26:08.276 INFO:teuthology.orchestra.run.smithi122.stderr:2024-04-02T13:26:08.269+0000 7f205fa63700 1 --2- 172.21.15.122:0/1038357772 >> [v2:172.21.15.122:3300/0,v1:172.21.15.122:6789/0] conn(0x7f2058100310 0x7f2058100730 unknown :-1 s=CLOSED pgs=82 cs=0 l=1 rev1=1 crypto rx=0 tx=0 comp rx=0 tx=0).stop
2024-04-02T13:26:08.276 INFO:teuthology.orchestra.run.smithi122.stderr:2024-04-02T13:26:08.269+0000 7f205fa63700 1 -- 172.21.15.122:0/1038357772 >> 172.21.15.122:0/1038357772 conn(0x7f20580fbc50 msgr2=0x7f20580fe090 unknown :-1 s=STATE_NONE l=0).mark_down
2024-04-02T13:26:08.277 INFO:teuthology.orchestra.run.smithi122.stderr:2024-04-02T13:26:08.269+0000 7f205fa63700 1 -- 172.21.15.122:0/1038357772 shutdown_connections
2024-04-02T13:26:08.277 INFO:teuthology.orchestra.run.smithi122.stderr:2024-04-02T13:26:08.269+0000 7f205fa63700 1 -- 172.21.15.122:0/1038357772 wait complete.
2024-04-02T13:26:08.277 INFO:teuthology.orchestra.run.smithi122.stderr:2024-04-02T13:26:08.269+0000 7f205fa63700 1 Processor -- start
2024-04-02T13:26:08.277 INFO:teuthology.orchestra.run.smithi122.stderr:2024-04-02T13:26:08.269+0000 7f205fa63700 1 -- start start
2024-04-02T13:26:08.277 INFO:teuthology.orchestra.run.smithi122.stderr:2024-04-02T13:26:08.270+0000 7f205fa63700 1 --2- >> [v2:172.21.15.122:3300/0,v1:172.21.15.122:6789/0] conn(0x7f2058100310 0x7f20581976e0 unknown :-1 s=NONE pgs=0 cs=0 l=1 rev1=0 crypto rx=0 tx=0 comp rx=0 tx=0).connect
2024-04-02T13:26:08.277 INFO:teuthology.orchestra.run.smithi122.stderr:2024-04-02T13:26:08.270+0000 7f205fa63700 1 -- --> [v2:172.21.15.122:3300/0,v1:172.21.15.122:6789/0] -- mon_getmap magic: 0 -- 0x7f2058108060 con 0x7f2058100310
2024-04-02T13:26:08.277 INFO:teuthology.orchestra.run.smithi122.stderr:2024-04-02T13:26:08.270+0000 7f205d7ff700 1 --2- >> [v2:172.21.15.122:3300/0,v1:172.21.15.122:6789/0] conn(0x7f2058100310 0x7f20581976e0 unknown :-1 s=BANNER_CONNECTING pgs=0 cs=0 l=1 rev1=0 crypto rx=0 tx=0 comp rx=0 tx=0)._handle_peer_banner_payload supported=3 required=0
2024-04-02T13:26:08.277 INFO:teuthology.orchestra.run.smithi122.stderr:2024-04-02T13:26:08.270+0000 7f205d7ff700 1 --2- >> [v2:172.21.15.122:3300/0,v1:172.21.15.122:6789/0] conn(0x7f2058100310 0x7f20581976e0 unknown :-1 s=HELLO_CONNECTING pgs=0 cs=0 l=1 rev1=1 crypto rx=0 tx=0 comp rx=0 tx=0).handle_hello peer v2:172.21.15.122:3300/0 says I am v2:172.21.15.122:52736/0 (socket says 172.21.15.122:52736)
