2024-04-02T13:25:28.071 INFO:journalctl@ceph.mon.a.smithi122.stdout:Apr 02 13:25:27 smithi122 ceph-mon[32114]: from='mgr.14120 172.21.15.122:0/3501964371' entity='mgr.x' cmd=[{"prefix": "mds metadata"}]: dispatch
2024-04-02T13:25:28.071 INFO:journalctl@ceph.mon.a.smithi122.stdout:Apr 02 13:25:27 smithi122 ceph-mon[32114]: from='mgr.14120 172.21.15.122:0/3501964371' entity='mgr.x' cmd=[{"prefix": "osd metadata"}]: dispatch
2024-04-02T13:25:28.071 INFO:journalctl@ceph.mon.a.smithi122.stdout:Apr 02 13:25:27 smithi122 ceph-mon[32114]: from='mgr.14120 172.21.15.122:0/3501964371' entity='mgr.x' cmd=[{"prefix": "mon metadata"}]: dispatch
2024-04-02T13:25:28.071 INFO:journalctl@ceph.mon.a.smithi122.stdout:Apr 02 13:25:27 smithi122 ceph-mon[32114]: Manager daemon x is now available
2024-04-02T13:25:28.071 INFO:journalctl@ceph.mon.a.smithi122.stdout:Apr 02 13:25:27 smithi122 ceph-mon[32114]: from='mgr.14120 172.21.15.122:0/3501964371' entity='mgr.x'
2024-04-02T13:25:28.071 INFO:journalctl@ceph.mon.a.smithi122.stdout:Apr 02 13:25:27 smithi122 ceph-mon[32114]: from='mgr.14120 172.21.15.122:0/3501964371' entity='mgr.x'
2024-04-02T13:25:28.071 INFO:journalctl@ceph.mon.a.smithi122.stdout:Apr 02 13:25:27 smithi122 ceph-mon[32114]: from='mgr.14120 172.21.15.122:0/3501964371' entity='mgr.x' cmd=[{"prefix": "config dump", "format": "json"}]: dispatch
2024-04-02T13:25:28.071 INFO:journalctl@ceph.mon.a.smithi122.stdout:Apr 02 13:25:27 smithi122 ceph-mon[32114]: from='mgr.14120 172.21.15.122:0/3501964371' entity='mgr.x' cmd=[{"prefix": "config dump", "format": "json"}]: dispatch
2024-04-02T13:25:28.071 INFO:journalctl@ceph.mon.a.smithi122.stdout:Apr 02 13:25:27 smithi122 ceph-mon[32114]: from='mgr.14120 172.21.15.122:0/3501964371' entity='mgr.x' cmd=[{"prefix":"config rm","who":"mgr","name":"mgr/rbd_support/x/mirror_snapshot_schedule"}]: dispatch
2024-04-02T13:25:28.071 INFO:journalctl@ceph.mon.a.smithi122.stdout:Apr 02 13:25:27 smithi122 ceph-mon[32114]: from='mgr.14120 172.21.15.122:0/3501964371' entity='mgr.x' cmd=[{"prefix":"config rm","who":"mgr","name":"mgr/rbd_support/x/trash_purge_schedule"}]: dispatch
2024-04-02T13:25:29.005 INFO:journalctl@ceph.mon.a.smithi122.stdout:Apr 02 13:25:28 smithi122 ceph-mon[32114]: Found migration_current of "None". Setting to last migration.
2024-04-02T13:25:29.006 INFO:journalctl@ceph.mon.a.smithi122.stdout:Apr 02 13:25:28 smithi122 ceph-mon[32114]: from='mgr.14120 172.21.15.122:0/3501964371' entity='mgr.x'
2024-04-02T13:25:29.006 INFO:journalctl@ceph.mon.a.smithi122.stdout:Apr 02 13:25:28 smithi122 ceph-mon[32114]: from='mgr.14120 172.21.15.122:0/3501964371' entity='mgr.x'
2024-04-02T13:25:29.006 INFO:journalctl@ceph.mon.a.smithi122.stdout:Apr 02 13:25:28 smithi122 ceph-mon[32114]: mgrmap e7: x(active, since 1.00617s)
2024-04-02T13:25:29.006 INFO:journalctl@ceph.mon.a.smithi122.stdout:Apr 02 13:25:28 smithi122 ceph-mon[32114]: from='mgr.14120 172.21.15.122:0/3501964371' entity='mgr.x' cmd=[{"prefix": "config dump", "format": "json"}]: dispatch
2024-04-02T13:25:29.243 INFO:teuthology.orchestra.run.smithi122.stdout:/usr/bin/ceph: stdout {
2024-04-02T13:25:29.243 INFO:teuthology.orchestra.run.smithi122.stdout:/usr/bin/ceph: stdout "mgrmap_epoch": 7,
2024-04-02T13:25:29.243 INFO:teuthology.orchestra.run.smithi122.stdout:/usr/bin/ceph: stdout "initialized": true
2024-04-02T13:25:29.243 INFO:teuthology.orchestra.run.smithi122.stdout:/usr/bin/ceph: stdout }
2024-04-02T13:25:29.243 INFO:teuthology.orchestra.run.smithi122.stdout:/usr/bin/ceph: stderr
2024-04-02T13:25:23.107+0000 7f7e0559b700 1 Processor -- start
2024-04-02T13:25:29.243 INFO:teuthology.orchestra.run.smithi122.stdout:/usr/bin/ceph: stderr
2024-04-02T13:25:23.107+0000 7f7e0559b700 1 -- start start
2024-04-02T13:25:29.243 INFO:teuthology.orchestra.run.smithi122.stdout:/usr/bin/ceph: stderr
2024-04-02T13:25:23.107+0000 7f7e0559b700 1 --2- >> [v2:172.21.15.122:3300/0,v1:172.21.15.122:6789/0] conn(0x7f7e00106860 0x7f7e00106c80 unknown :-1 s=NONE pgs=0 cs=0 l=0 rev1=0 crypto rx=0 tx=0 comp rx=0 tx=0).connect
2024-04-02T13:25:29.243 INFO:teuthology.orchestra.run.smithi122.stdout:/usr/bin/ceph: stderr
2024-04-02T13:25:23.107+0000 7f7e0559b700 1 -- --> [v2:172.21.15.122:3300/0,v1:172.21.15.122:6789/0] -- mon_getmap magic: 0 -- 0x7f7e0007bde0 con 0x7f7e00106860
2024-04-02T13:25:29.243 INFO:teuthology.orchestra.run.smithi122.stdout:/usr/bin/ceph: stderr
2024-04-02T13:25:23.107+0000 7f7dfeffd700 1 --2- >> [v2:172.21.15.122:3300/0,v1:172.21.15.122:6789/0] conn(0x7f7e00106860 0x7f7e00106c80 unknown :-1 s=BANNER_CONNECTING pgs=0 cs=0 l=0 rev1=0 crypto rx=0 tx=0 comp rx=0 tx=0)._handle_peer_banner_payload supported=3 required=0
2024-04-02T13:25:29.244 INFO:teuthology.orchestra.run.smithi122.stdout:/usr/bin/ceph: stderr
2024-04-02T13:25:23.107+0000 7f7dfeffd700 1 --2- >> [v2:172.21.15.122:3300/0,v1:172.21.15.122:6789/0] conn(0x7f7e00106860 0x7f7e00106c80 unknown :-1 s=HELLO_CONNECTING pgs=0 cs=0 l=0 rev1=1 crypto rx=0 tx=0 comp rx=0 tx=0).handle_hello peer v2:172.21.15.122:3300/0 says I am v2:172.21.15.122:51656/0 (socket says 172.21.15.122:51656)
2024-04-02T13:25:29.244 INFO:teuthology.orchestra.run.smithi122.stdout:/usr/bin/ceph: stderr
2024-04-02T13:25:23.107+0000 7f7dfeffd700 1 -- 172.21.15.122:0/3136577622 learned_addr learned my addr 172.21.15.122:0/3136577622 (peer_addr_for_me v2:172.21.15.122:0/0)
2024-04-02T13:25:29.244 INFO:teuthology.orchestra.run.smithi122.stdout:/usr/bin/ceph: stderr
2024-04-02T13:25:23.108+0000 7f7dfeffd700 1 -- 172.21.15.122:0/3136577622 --> [v2:172.21.15.122:3300/0,v1:172.21.15.122:6789/0] -- mon_subscribe({config=0+,monmap=0+}) -- 0x7f7e001071c0 con 0x7f7e00106860
2024-04-02T13:25:29.244 INFO:teuthology.orchestra.run.smithi122.stdout:/usr/bin/ceph: stderr
2024-04-02T13:25:23.108+0000 7f7dfeffd700 1 --2- 172.21.15.122:0/3136577622 >> [v2:172.21.15.122:3300/0,v1:172.21.15.122:6789/0] conn(0x7f7e00106860 0x7f7e00106c80 secure :-1 s=READY pgs=28 cs=0 l=1 rev1=1 crypto rx=0x7f7df00098a0 tx=0x7f7df0009bb0 comp rx=0 tx=0).ready entity=mon.0 client_cookie=3a726efff3e1d540 server_cookie=0 in_seq=0 out_seq=0
2024-04-02T13:25:29.244 INFO:teuthology.orchestra.run.smithi122.stdout:/usr/bin/ceph: stderr
2024-04-02T13:25:23.108+0000 7f7dfdffb700 1 -- 172.21.15.122:0/3136577622 <== mon.0 v2:172.21.15.122:3300/0 1 ==== mon_map magic: 0 ==== 205+0+0 (secure 0 0 0) 0x7f7df0004160 con 0x7f7e00106860
2024-04-02T13:25:29.244 INFO:teuthology.orchestra.run.smithi122.stdout:/usr/bin/ceph: stderr
2024-04-02T13:25:23.108+0000 7f7dfdffb700 1 -- 172.21.15.122:0/3136577622 <== mon.0 v2:172.21.15.122:3300/0 2 ==== config(27 keys) ==== 1109+0+0 (secure 0 0 0) 0x7f7df0004300 con 0x7f7e00106860
2024-04-02T13:25:29.244 INFO:teuthology.orchestra.run.smithi122.stdout:/usr/bin/ceph: stderr
2024-04-02T13:25:23.108+0000 7f7dfdffb700 1 -- 172.21.15.122:0/3136577622 <== mon.0 v2:172.21.15.122:3300/0 3 ==== mon_map magic: 0 ==== 205+0+0 (secure 0 0 0) 0x7f7df0011b50 con 0x7f7e00106860
2024-04-02T13:25:29.244 INFO:teuthology.orchestra.run.smithi122.stdout:/usr/bin/ceph: stderr
2024-04-02T13:25:23.109+0000 7f7e0559b700 1 -- 172.21.15.122:0/3136577622 >> [v2:172.21.15.122:3300/0,v1:172.21.15.122:6789/0] conn(0x7f7e00106860 msgr2=0x7f7e00106c80 secure :-1 s=STATE_CONNECTION_ESTABLISHED l=1).mark_down
2024-04-02T13:25:29.244 INFO:teuthology.orchestra.run.smithi122.stdout:/usr/bin/ceph: stderr
2024-04-02T13:25:23.109+0000 7f7e0559b700 1 --2- 172.21.15.122:0/3136577622 >> [v2:172.21.15.122:3300/0,v1:172.21.15.122:6789/0] conn(0x7f7e00106860 0x7f7e00106c80 secure :-1 s=READY pgs=28 cs=0 l=1 rev1=1 crypto rx=0x7f7df00098a0 tx=0x7f7df0009bb0 comp rx=0 tx=0).stop
2024-04-02T13:25:29.244 INFO:teuthology.orchestra.run.smithi122.stdout:/usr/bin/ceph: stderr
2024-04-02T13:25:23.109+0000 7f7e0559b700 1 -- 172.21.15.122:0/3136577622 shutdown_connections
2024-04-02T13:25:29.244 INFO:teuthology.orchestra.run.smithi122.stdout:/usr/bin/ceph: stderr
2024-04-02T13:25:23.109+0000 7f7e0559b700 1 --2- 172.21.15.122:0/3136577622 >> [v2:172.21.15.122:3300/0,v1:172.21.15.122:6789/0] conn(0x7f7e00106860 0x7f7e00106c80 unknown :-1 s=CLOSED pgs=28 cs=0 l=1 rev1=1 crypto rx=0 tx=0 comp rx=0 tx=0).stop
2024-04-02T13:25:29.244 INFO:teuthology.orchestra.run.smithi122.stdout:/usr/bin/ceph: stderr
2024-04-02T13:25:23.109+0000 7f7e0559b700 1 -- 172.21.15.122:0/3136577622 >> 172.21.15.122:0/3136577622 conn(0x7f7e00102460 msgr2=0x7f7e00104880 unknown :-1 s=STATE_NONE l=0).mark_down
2024-04-02T13:25:29.245 INFO:teuthology.orchestra.run.smithi122.stdout:/usr/bin/ceph: stderr
2024-04-02T13:25:23.109+0000 7f7e0559b700 1 -- 172.21.15.122:0/3136577622 shutdown_connections
2024-04-02T13:25:29.245 INFO:teuthology.orchestra.run.smithi122.stdout:/usr/bin/ceph: stderr
2024-04-02T13:25:23.109+0000 7f7e0559b700 1 -- 172.21.15.122:0/3136577622 wait complete.
2024-04-02T13:25:29.245 INFO:teuthology.orchestra.run.smithi122.stdout:/usr/bin/ceph: stderr
2024-04-02T13:25:23.109+0000 7f7e0559b700 1 Processor -- start
2024-04-02T13:25:29.245 INFO:teuthology.orchestra.run.smithi122.stdout:/usr/bin/ceph: stderr
2024-04-02T13:25:23.110+0000 7f7e0559b700 1 -- start start
2024-04-02T13:25:29.245 INFO:teuthology.orchestra.run.smithi122.stdout:/usr/bin/ceph: stderr
2024-04-02T13:25:23.110+0000 7f7e0559b700 1 --2- >> [v2:172.21.15.122:3300/0,v1:172.21.15.122:6789/0] conn(0x7f7e00106860 0x7f7e0019e1c0 unknown :-1 s=NONE pgs=0 cs=0 l=1 rev1=0 crypto rx=0 tx=0 comp rx=0 tx=0).connect
2024-04-02T13:25:29.245 INFO:teuthology.orchestra.run.smithi122.stdout:/usr/bin/ceph: stderr
2024-04-02T13:25:23.110+0000 7f7e0559b700 1 -- --> [v2:172.21.15.122:3300/0,v1:172.21.15.122:6789/0] -- mon_getmap magic: 0 -- 0x7f7e00108250 con 0x7f7e00106860
2024-04-02T13:25:29.245 INFO:teuthology.orchestra.run.smithi122.stdout:/usr/bin/ceph: stderr
2024-04-02T13:25:23.110+0000 7f7dfeffd700 1 --2- >> [v2:172.21.15.122:3300/0,v1:172.21.15.122:6789/0] conn(0x7f7e00106860 0x7f7e0019e1c0 unknown :-1 s=BANNER_CONNECTING pgs=0 cs=0 l=1 rev1=0 crypto rx=0 tx=0 comp rx=0 tx=0)._handle_peer_banner_payload supported=3 required=0
2024-04-02T13:25:29.245 INFO:teuthology.orchestra.run.smithi122.stdout:/usr/bin/ceph: stderr
2024-04-02T13:25:23.110+0000 7f7dfeffd700 1 --2- >> [v2:172.21.15.122:3300/0,v1:172.21.15.122:6789/0] conn(0x7f7e00106860 0x7f7e0019e1c0 unknown :-1 s=HELLO_CONNECTING pgs=0 cs=0 l=1 rev1=1 crypto rx=0 tx=0 comp rx=0 tx=0).handle_hello peer v2:172.21.15.122:3300/0 says I am v2:172.21.15.122:51662/0 (socket says 172.21.15.122:51662)
2024-04-02T13:25:29.245 INFO:teuthology.orchestra.run.smithi122.stdout:/usr/bin/ceph: stderr
2024-04-02T13:25:23.110+0000 7f7dfeffd700 1 -- 172.21.15.122:0/2154934257 learned_addr learned my addr 172.21.15.122:0/2154934257 (peer_addr_for_me v2:172.21.15.122:0/0)
2024-04-02T13:25:29.245 INFO:teuthology.orchestra.run.smithi122.stdout:/usr/bin/ceph: stderr
2024-04-02T13:25:23.110+0000 7f7dfeffd700 1 -- 172.21.15.122:0/2154934257 --> [v2:172.21.15.122:3300/0,v1:172.21.15.122:6789/0] -- mon_subscribe({config=0+,monmap=0+}) -- 0x7f7e0019e700 con 0x7f7e00106860
2024-04-02T13:25:29.245 INFO:teuthology.orchestra.run.smithi122.stdout:/usr/bin/ceph: stderr
2024-04-02T13:25:23.110+0000 7f7dfeffd700 1 --2- 172.21.15.122:0/2154934257 >> [v2:172.21.15.122:3300/0,v1:172.21.15.122:6789/0] conn(0x7f7e00106860 0x7f7e0019e1c0 secure :-1 s=READY pgs=29 cs=0 l=1 rev1=1 crypto rx=0x7f7df0011b60 tx=0x7f7df0011c40 comp rx=0 tx=0).ready entity=mon.0 client_cookie=0 server_cookie=0 in_seq=0 out_seq=0
2024-04-02T13:25:29.245 INFO:teuthology.orchestra.run.smithi122.stdout:/usr/bin/ceph: stderr
2024-04-02T13:25:23.110+0000 7f7de7fff700 1 -- 172.21.15.122:0/2154934257 <== mon.0 v2:172.21.15.122:3300/0 1 ==== mon_map magic: 0 ==== 205+0+0 (secure 0 0 0) 0x7f7df0003b20 con 0x7f7e00106860
2024-04-02T13:25:29.245 INFO:teuthology.orchestra.run.smithi122.stdout:/usr/bin/ceph: stderr
2024-04-02T13:25:23.111+0000 7f7de7fff700 1 -- 172.21.15.122:0/2154934257 <== mon.0 v2:172.21.15.122:3300/0 2 ==== config(27 keys) ==== 1109+0+0 (secure 0 0 0) 0x7f7df0003cc0 con 0x7f7e00106860
2024-04-02T13:25:29.246 INFO:teuthology.orchestra.run.smithi122.stdout:/usr/bin/ceph: stderr
2024-04-02T13:25:23.111+0000 7f7e0559b700 1 -- 172.21.15.122:0/2154934257 --> [v2:172.21.15.122:3300/0,v1:172.21.15.122:6789/0] -- mon_subscribe({mgrmap=0+}) -- 0x7f7e0019e990 con 0x7f7e00106860
2024-04-02T13:25:29.246 INFO:teuthology.orchestra.run.smithi122.stdout:/usr/bin/ceph: stderr
2024-04-02T13:25:23.111+0000 7f7de7fff700 1 -- 172.21.15.122:0/2154934257 <== mon.0 v2:172.21.15.122:3300/0 3 ==== mon_map magic: 0 ==== 205+0+0 (secure 0 0 0) 0x7f7df0024840 con 0x7f7e00106860
2024-04-02T13:25:29.246 INFO:teuthology.orchestra.run.smithi122.stdout:/usr/bin/ceph: stderr
2024-04-02T13:25:23.111+0000 7f7e0559b700 1 -- 172.21.15.122:0/2154934257 --> [v2:172.21.15.122:3300/0,v1:172.21.15.122:6789/0] -- mon_subscribe({osdmap=0}) -- 0x7f7e0019edb0 con 0x7f7e00106860
2024-04-02T13:25:29.246 INFO:teuthology.orchestra.run.smithi122.stdout:/usr/bin/ceph: stderr
2024-04-02T13:25:23.111+0000 7f7de7fff700 1 -- 172.21.15.122:0/2154934257 <== mon.0 v2:172.21.15.122:3300/0 4 ==== mgrmap(e 5) ==== 46558+0+0 (secure 0 0 0) 0x7f7df0022020 con 0x7f7e00106860
2024-04-02T13:25:29.246 INFO:teuthology.orchestra.run.smithi122.stdout:/usr/bin/ceph: stderr
2024-04-02T13:25:23.112+0000 7f7de7fff700 1 --2- 172.21.15.122:0/2154934257 >> [v2:172.21.15.122:6800/1645681773,v1:172.21.15.122:6801/1645681773] conn(0x7f7de80395b0 0x7f7de803ba70 unknown :-1 s=NONE pgs=0 cs=0 l=1 rev1=0 crypto rx=0 tx=0 comp rx=0 tx=0).connect
2024-04-02T13:25:29.246 INFO:teuthology.orchestra.run.smithi122.stdout:/usr/bin/ceph: stderr
2024-04-02T13:25:23.112+0000 7f7e0559b700 1 -- 172.21.15.122:0/2154934257 --> [v2:172.21.15.122:6800/1645681773,v1:172.21.15.122:6801/1645681773] -- command(tid 0: {"prefix": "get_command_descriptions"}) -- 0x7f7e00063c20 con 0x7f7de80395b0
2024-04-02T13:25:29.246 INFO:teuthology.orchestra.run.smithi122.stdout:/usr/bin/ceph: stderr
2024-04-02T13:25:23.112+0000 7f7de7fff700 1 -- 172.21.15.122:0/2154934257 <== mon.0 v2:172.21.15.122:3300/0 5 ==== osd_map(1..1 src has 1..1) ==== 725+0+0 (secure 0 0 0) 0x7f7df0011e00 con 0x7f7e00106860
2024-04-02T13:25:29.246 INFO:teuthology.orchestra.run.smithi122.stdout:/usr/bin/ceph: stderr
2024-04-02T13:25:23.112+0000 7f7dfe7fc700 1 -- 172.21.15.122:0/2154934257 >> [v2:172.21.15.122:6800/1645681773,v1:172.21.15.122:6801/1645681773] conn(0x7f7de80395b0 msgr2=0x7f7de803ba70 unknown :-1 s=STATE_CONNECTING_RE l=1).process reconnect failed to v2:172.21.15.122:6800/1645681773
2024-04-02T13:25:29.246 INFO:teuthology.orchestra.run.smithi122.stdout:/usr/bin/ceph: stderr
2024-04-02T13:25:23.112+0000 7f7dfe7fc700 1 --2- 172.21.15.122:0/2154934257 >> [v2:172.21.15.122:6800/1645681773,v1:172.21.15.122:6801/1645681773] conn(0x7f7de80395b0 0x7f7de803ba70 unknown :-1 s=START_CONNECT pgs=0 cs=0 l=1 rev1=0 crypto rx=0 tx=0 comp rx=0 tx=0)._fault waiting 0.200000
2024-04-02T13:25:29.246 INFO:teuthology.orchestra.run.smithi122.stdout:/usr/bin/ceph: stderr
2024-04-02T13:25:23.313+0000 7f7dfe7fc700 1 -- 172.21.15.122:0/2154934257 >> [v2:172.21.15.122:6800/1645681773,v1:172.21.15.122:6801/1645681773] conn(0x7f7de80395b0 msgr2=0x7f7de803ba70 unknown :-1 s=STATE_CONNECTING_RE l=1).process reconnect failed to v2:172.21.15.122:6800/1645681773
2024-04-02T13:25:29.246 INFO:teuthology.orchestra.run.smithi122.stdout:/usr/bin/ceph: stderr
2024-04-02T13:25:23.313+0000 7f7dfe7fc700 1 --2- 172.21.15.122:0/2154934257 >> [v2:172.21.15.122:6800/1645681773,v1:172.21.15.122:6801/1645681773] conn(0x7f7de80395b0 0x7f7de803ba70 unknown :-1 s=START_CONNECT pgs=0 cs=0 l=1 rev1=0 crypto rx=0 tx=0 comp rx=0 tx=0)._fault waiting 0.400000
2024-04-02T13:25:29.246 INFO:teuthology.orchestra.run.smithi122.stdout:/usr/bin/ceph: stderr
2024-04-02T13:25:23.714+0000 7f7dfe7fc700 1 -- 172.21.15.122:0/2154934257 >> [v2:172.21.15.122:6800/1645681773,v1:172.21.15.122:6801/1645681773] conn(0x7f7de80395b0 msgr2=0x7f7de803ba70 unknown :-1 s=STATE_CONNECTING_RE l=1).process reconnect failed to v2:172.21.15.122:6800/1645681773
2024-04-02T13:25:29.247 INFO:teuthology.orchestra.run.smithi122.stdout:/usr/bin/ceph: stderr
2024-04-02T13:25:23.714+0000 7f7dfe7fc700 1 --2- 172.21.15.122:0/2154934257 >> [v2:172.21.15.122:6800/1645681773,v1:172.21.15.122:6801/1645681773] conn(0x7f7de80395b0 0x7f7de803ba70 unknown :-1 s=START_CONNECT pgs=0 cs=0 l=1 rev1=0 crypto rx=0 tx=0 comp rx=0 tx=0)._fault waiting 0.800000
2024-04-02T13:25:29.247 INFO:teuthology.orchestra.run.smithi122.stdout:/usr/bin/ceph: stderr
2024-04-02T13:25:24.515+0000 7f7dfe7fc700 1 -- 172.21.15.122:0/2154934257 >> [v2:172.21.15.122:6800/1645681773,v1:172.21.15.122:6801/1645681773] conn(0x7f7de80395b0 msgr2=0x7f7de803ba70 unknown :-1 s=STATE_CONNECTING_RE l=1).process reconnect failed to v2:172.21.15.122:6800/1645681773
2024-04-02T13:25:29.247 INFO:teuthology.orchestra.run.smithi122.stdout:/usr/bin/ceph: stderr
2024-04-02T13:25:24.515+0000 7f7dfe7fc700 1 --2- 172.21.15.122:0/2154934257 >> [v2:172.21.15.122:6800/1645681773,v1:172.21.15.122:6801/1645681773] conn(0x7f7de80395b0 0x7f7de803ba70 unknown :-1 s=START_CONNECT pgs=0 cs=0 l=1 rev1=0 crypto rx=0 tx=0 comp rx=0 tx=0)._fault waiting 1.600000
2024-04-02T13:25:29.247 INFO:teuthology.orchestra.run.smithi122.stdout:/usr/bin/ceph: stderr
2024-04-02T13:25:26.116+0000 7f7dfe7fc700 1 -- 172.21.15.122:0/2154934257 >> [v2:172.21.15.122:6800/1645681773,v1:172.21.15.122:6801/1645681773] conn(0x7f7de80395b0 msgr2=0x7f7de803ba70 unknown :-1 s=STATE_CONNECTING_RE l=1).process reconnect failed to v2:172.21.15.122:6800/1645681773
2024-04-02T13:25:29.247 INFO:teuthology.orchestra.run.smithi122.stdout:/usr/bin/ceph: stderr
2024-04-02T13:25:26.116+0000 7f7dfe7fc700 1 --2- 172.21.15.122:0/2154934257 >> [v2:172.21.15.122:6800/1645681773,v1:172.21.15.122:6801/1645681773] conn(0x7f7de80395b0 0x7f7de803ba70 unknown :-1 s=START_CONNECT pgs=0 cs=0 l=1 rev1=0 crypto rx=0 tx=0 comp rx=0 tx=0)._fault waiting 3.200000
2024-04-02T13:25:29.247 INFO:teuthology.orchestra.run.smithi122.stdout:/usr/bin/ceph: stderr
2024-04-02T13:25:27.691+0000 7f7de7fff700 1 -- 172.21.15.122:0/2154934257 <== mon.0 v2:172.21.15.122:3300/0 6 ==== mgrmap(e 6) ==== 46325+0+0 (secure 0 0 0) 0x7f7df002d910 con 0x7f7e00106860
2024-04-02T13:25:29.247 INFO:teuthology.orchestra.run.smithi122.stdout:/usr/bin/ceph: stderr
2024-04-02T13:25:27.691+0000 7f7de7fff700 1 -- 172.21.15.122:0/2154934257 >> [v2:172.21.15.122:6800/1645681773,v1:172.21.15.122:6801/1645681773] conn(0x7f7de80395b0 msgr2=0x7f7de803ba70 unknown :-1 s=STATE_CONNECTING l=1).mark_down
2024-04-02T13:25:29.247 INFO:teuthology.orchestra.run.smithi122.stdout:/usr/bin/ceph: stderr
2024-04-02T13:25:27.691+0000 7f7de7fff700 1 --2- 172.21.15.122:0/2154934257 >> [v2:172.21.15.122:6800/1645681773,v1:172.21.15.122:6801/1645681773] conn(0x7f7de80395b0 0x7f7de803ba70 unknown :-1 s=START_CONNECT pgs=0 cs=0 l=1 rev1=0 crypto rx=0 tx=0 comp rx=0 tx=0).stop
2024-04-02T13:25:29.247 INFO:teuthology.orchestra.run.smithi122.stdout:/usr/bin/ceph: stderr
2024-04-02T13:25:28.693+0000 7f7de7fff700 1 -- 172.21.15.122:0/2154934257 <== mon.0 v2:172.21.15.122:3300/0 7 ==== mgrmap(e 7) ==== 46452+0+0 (secure 0 0 0) 0x7f7df004f700 con 0x7f7e00106860
2024-04-02T13:25:29.247 INFO:teuthology.orchestra.run.smithi122.stdout:/usr/bin/ceph: stderr
2024-04-02T13:25:28.693+0000 7f7de7fff700 1 --2- 172.21.15.122:0/2154934257 >> [v2:172.21.15.122:6800/1783168866,v1:172.21.15.122:6801/1783168866] conn(0x7f7de803ccb0 0x7f7de803f0a0 unknown :-1 s=NONE pgs=0 cs=0 l=1 rev1=0 crypto rx=0 tx=0 comp rx=0 tx=0).connect
2024-04-02T13:25:29.247 INFO:teuthology.orchestra.run.smithi122.stdout:/usr/bin/ceph: stderr
2024-04-02T13:25:28.693+0000 7f7de7fff700 1 -- 172.21.15.122:0/2154934257 --> [v2:172.21.15.122:6800/1783168866,v1:172.21.15.122:6801/1783168866] -- command(tid 0: {"prefix": "get_command_descriptions"}) -- 0x7f7e00063c20 con 0x7f7de803ccb0
2024-04-02T13:25:29.247 INFO:teuthology.orchestra.run.smithi122.stdout:/usr/bin/ceph: stderr
2024-04-02T13:25:28.693+0000 7f7dfe7fc700 1 --2- 172.21.15.122:0/2154934257 >> [v2:172.21.15.122:6800/1783168866,v1:172.21.15.122:6801/1783168866] conn(0x7f7de803ccb0 0x7f7de803f0a0 unknown :-1 s=BANNER_CONNECTING pgs=0 cs=0 l=1 rev1=0 crypto rx=0 tx=0 comp rx=0 tx=0)._handle_peer_banner_payload supported=3 required=0
2024-04-02T13:25:29.247 INFO:teuthology.orchestra.run.smithi122.stdout:/usr/bin/ceph: stderr
2024-04-02T13:25:28.694+0000 7f7dfe7fc700 1 --2- 172.21.15.122:0/2154934257 >> [v2:172.21.15.122:6800/1783168866,v1:172.21.15.122:6801/1783168866] conn(0x7f7de803ccb0 0x7f7de803f0a0 secure :-1 s=READY pgs=1 cs=0 l=1 rev1=1 crypto rx=0x7f7df4003a10 tx=0x7f7df4009290 comp rx=0 tx=0).ready entity=mgr.14120 client_cookie=0 server_cookie=0 in_seq=0 out_seq=0
2024-04-02T13:25:29.247 INFO:teuthology.orchestra.run.smithi122.stdout:/usr/bin/ceph: stderr
2024-04-02T13:25:28.695+0000 7f7de7fff700 1 -- 172.21.15.122:0/2154934257 <== mgr.14120 v2:172.21.15.122:6800/1783168866 1 ==== command_reply(tid 0: 0 ) ==== 8+0+7774 (secure 0 0 0) 0x7f7e00063c20 con 0x7f7de803ccb0
2024-04-02T13:25:29.248 INFO:teuthology.orchestra.run.smithi122.stdout:/usr/bin/ceph: stderr
2024-04-02T13:25:28.702+0000 7f7e0559b700 1 -- 172.21.15.122:0/2154934257 --> [v2:172.21.15.122:6800/1783168866,v1:172.21.15.122:6801/1783168866] -- command(tid 1: {"prefix": "mgr_status"}) -- 0x7f7e00063c20 con 0x7f7de803ccb0
2024-04-02T13:25:29.248 INFO:teuthology.orchestra.run.smithi122.stdout:/usr/bin/ceph: stderr
2024-04-02T13:25:28.702+0000 7f7de7fff700 1 -- 172.21.15.122:0/2154934257 <== mgr.14120 v2:172.21.15.122:6800/1783168866 2 ==== command_reply(tid 1: 0 ) ==== 8+0+51 (secure 0 0 0) 0x7f7e00063c20 con 0x7f7de803ccb0
2024-04-02T13:25:29.248 INFO:teuthology.orchestra.run.smithi122.stdout:/usr/bin/ceph: stderr
2024-04-02T13:25:28.702+0000 7f7e0559b700 1 -- 172.21.15.122:0/2154934257 >> [v2:172.21.15.122:6800/1783168866,v1:172.21.15.122:6801/1783168866] conn(0x7f7de803ccb0 msgr2=0x7f7de803f0a0 secure :-1 s=STATE_CONNECTION_ESTABLISHED l=1).mark_down
2024-04-02T13:25:29.248 INFO:teuthology.orchestra.run.smithi122.stdout:/usr/bin/ceph: stderr
2024-04-02T13:25:28.702+0000 7f7e0559b700 1 --2- 172.21.15.122:0/2154934257 >> [v2:172.21.15.122:6800/1783168866,v1:172.21.15.122:6801/1783168866] conn(0x7f7de803ccb0 0x7f7de803f0a0 secure :-1 s=READY pgs=1 cs=0 l=1 rev1=1 crypto rx=0x7f7df4003a10 tx=0x7f7df4009290 comp rx=0 tx=0).stop
2024-04-02T13:25:29.248 INFO:teuthology.orchestra.run.smithi122.stdout:/usr/bin/ceph: stderr
2024-04-02T13:25:28.702+0000 7f7e0559b700 1 -- 172.21.15.122:0/2154934257 >> [v2:172.21.15.122:3300/0,v1:172.21.15.122:6789/0] conn(0x7f7e00106860 msgr2=0x7f7e0019e1c0 secure :-1 s=STATE_CONNECTION_ESTABLISHED l=1).mark_down
2024-04-02T13:25:29.248 INFO:teuthology.orchestra.run.smithi122.stdout:/usr/bin/ceph: stderr
2024-04-02T13:25:28.702+0000 7f7e0559b700 1 --2- 172.21.15.122:0/2154934257 >> [v2:172.21.15.122:3300/0,v1:172.21.15.122:6789/0] conn(0x7f7e00106860 0x7f7e0019e1c0 secure :-1 s=READY pgs=29 cs=0 l=1 rev1=1 crypto rx=0x7f7df0011b60 tx=0x7f7df0011c40 comp rx=0 tx=0).stop
2024-04-02T13:25:29.248 INFO:teuthology.orchestra.run.smithi122.stdout:/usr/bin/ceph: stderr
2024-04-02T13:25:28.702+0000 7f7e0559b700 1 -- 172.21.15.122:0/2154934257 shutdown_connections
2024-04-02T13:25:29.248 INFO:teuthology.orchestra.run.smithi122.stdout:/usr/bin/ceph: stderr
2024-04-02T13:25:28.702+0000 7f7e0559b700 1 --2- 172.21.15.122:0/2154934257 >> [v2:172.21.15.122:6800/1783168866,v1:172.21.15.122:6801/1783168866] conn(0x7f7de803ccb0 0x7f7de803f0a0 unknown :-1 s=CLOSED pgs=1 cs=0 l=1 rev1=1 crypto rx=0 tx=0 comp rx=0 tx=0).stop
2024-04-02T13:25:29.248 INFO:teuthology.orchestra.run.smithi122.stdout:/usr/bin/ceph: stderr
2024-04-02T13:25:28.702+0000 7f7e0559b700 1 --2- 172.21.15.122:0/2154934257 >> [v2:172.21.15.122:3300/0,v1:172.21.15.122:6789/0] conn(0x7f7e00106860 0x7f7e0019e1c0 unknown :-1 s=CLOSED pgs=29 cs=0 l=1 rev1=1 crypto rx=0 tx=0 comp rx=0 tx=0).stop
2024-04-02T13:25:29.248 INFO:teuthology.orchestra.run.smithi122.stdout:/usr/bin/ceph: stderr
2024-04-02T13:25:28.702+0000 7f7e0559b700 1 --2- 172.21.15.122:0/2154934257 >> [v2:172.21.15.122:6800/1645681773,v1:172.21.15.122:6801/1645681773] conn(0x7f7de80395b0 0x7f7de803ba70 unknown :-1 s=CLOSED pgs=0 cs=0 l=1 rev1=0 crypto rx=0 tx=0 comp rx=0 tx=0).stop
2024-04-02T13:25:29.248 INFO:teuthology.orchestra.run.smithi122.stdout:/usr/bin/ceph: stderr
2024-04-02T13:25:28.702+0000 7f7e0559b700 1 -- 172.21.15.122:0/2154934257 >> 172.21.15.122:0/2154934257 conn(0x7f7e00102460 msgr2=0x7f7e00194e60 unknown :-1 s=STATE_NONE l=0).mark_down
2024-04-02T13:25:29.248 INFO:teuthology.orchestra.run.smithi122.stdout:/usr/bin/ceph: stderr
2024-04-02T13:25:28.702+0000 7f7e0559b700 1 -- 172.21.15.122:0/2154934257 shutdown_connections
2024-04-02T13:25:29.248 INFO:teuthology.orchestra.run.smithi122.stdout:/usr/bin/ceph: stderr
2024-04-02T13:25:28.702+0000 7f7e0559b700 1 -- 172.21.15.122:0/2154934257 wait complete.
2024-04-02T13:25:29.249 INFO:teuthology.orchestra.run.smithi122.stdout:mgr epoch 5 is available
2024-04-02T13:25:29.249 INFO:teuthology.orchestra.run.smithi122.stdout:Setting orchestrator backend to cephadm...
2024-04-02T13:25:30.187 INFO:journalctl@ceph.mon.a.smithi122.stdout:Apr 02 13:25:29 smithi122 ceph-mon[32114]: [02/Apr/2024:13:25:28] ENGINE Bus STARTING
2024-04-02T13:25:30.187 INFO:journalctl@ceph.mon.a.smithi122.stdout:Apr 02 13:25:29 smithi122 ceph-mon[32114]: [02/Apr/2024:13:25:28] ENGINE Serving on https://172.21.15.122:7150
2024-04-02T13:25:30.187 INFO:journalctl@ceph.mon.a.smithi122.stdout:Apr 02 13:25:29 smithi122 ceph-mon[32114]: [02/Apr/2024:13:25:28] ENGINE Serving on http://172.21.15.122:8765
2024-04-02T13:25:30.187 INFO:journalctl@ceph.mon.a.smithi122.stdout:Apr 02 13:25:29 smithi122 ceph-mon[32114]: [02/Apr/2024:13:25:28] ENGINE Bus STARTED
2024-04-02T13:25:30.187 INFO:journalctl@ceph.mon.a.smithi122.stdout:Apr 02 13:25:29 smithi122 ceph-mon[32114]: from='client.14124 -' entity='client.admin' cmd=[{"prefix": "get_command_descriptions"}]: dispatch
2024-04-02T13:25:30.187 INFO:journalctl@ceph.mon.a.smithi122.stdout:Apr 02 13:25:29 smithi122 ceph-mon[32114]: from='client.14124 -' entity='client.admin' cmd=[{"prefix": "mgr_status"}]: dispatch
2024-04-02T13:25:30.187 INFO:journalctl@ceph.mon.a.smithi122.stdout:Apr 02 13:25:29 smithi122 ceph-mon[32114]: from='client.14132 -' entity='client.admin' cmd=[{"prefix": "orch set backend", "module_name": "cephadm", "target": ["mon-mgr", ""]}]: dispatch
2024-04-02T13:25:30.188 INFO:journalctl@ceph.mon.a.smithi122.stdout:Apr 02 13:25:29 smithi122 ceph-mon[32114]: from='mgr.14120 172.21.15.122:0/3501964371' entity='mgr.x'
2024-04-02T13:25:30.188 INFO:journalctl@ceph.mon.a.smithi122.stdout:Apr 02 13:25:29 smithi122 ceph-mon[32114]: from='mgr.14120 172.21.15.122:0/3501964371' entity='mgr.x' cmd=[{"prefix": "config dump", "format": "json"}]: dispatch
2024-04-02T13:25:30.470 INFO:teuthology.orchestra.run.smithi122.stdout:/usr/bin/ceph: stderr
2024-04-02T13:25:29.656+0000 7f69e8921700 1 Processor -- start
2024-04-02T13:25:30.470 INFO:teuthology.orchestra.run.smithi122.stdout:/usr/bin/ceph: stderr
2024-04-02T13:25:29.656+0000 7f69e8921700 1 -- start start
2024-04-02T13:25:30.470 INFO:teuthology.orchestra.run.smithi122.stdout:/usr/bin/ceph: stderr
2024-04-02T13:25:29.656+0000 7f69e8921700 1 --2- >> [v2:172.21.15.122:3300/0,v1:172.21.15.122:6789/0] conn(0x7f69e4106260 0x7f69e4106680 unknown :-1 s=NONE pgs=0 cs=0 l=0 rev1=0 crypto rx=0 tx=0 comp rx=0 tx=0).connect
2024-04-02T13:25:30.470 INFO:teuthology.orchestra.run.smithi122.stdout:/usr/bin/ceph: stderr
2024-04-02T13:25:29.656+0000 7f69e8921700 1 -- --> [v2:172.21.15.122:3300/0,v1:172.21.15.122:6789/0] -- mon_getmap magic: 0 -- 0x7f69e4106c50 con 0x7f69e4106260
2024-04-02T13:25:30.470 INFO:teuthology.orchestra.run.smithi122.stdout:/usr/bin/ceph: stderr
2024-04-02T13:25:29.656+0000 7f69e259c700 1 --2- >> [v2:172.21.15.122:3300/0,v1:172.21.15.122:6789/0] conn(0x7f69e4106260 0x7f69e4106680 unknown :-1 s=BANNER_CONNECTING pgs=0 cs=0 l=0 rev1=0 crypto rx=0 tx=0 comp rx=0 tx=0)._handle_peer_banner_payload supported=3 required=0
2024-04-02T13:25:30.470 INFO:teuthology.orchestra.run.smithi122.stdout:/usr/bin/ceph: stderr
2024-04-02T13:25:29.656+0000 7f69e259c700 1 --2- >> [v2:172.21.15.122:3300/0,v1:172.21.15.122:6789/0] conn(0x7f69e4106260 0x7f69e4106680 unknown :-1 s=HELLO_CONNECTING pgs=0 cs=0 l=0 rev1=1 crypto rx=0 tx=0 comp rx=0 tx=0).handle_hello peer v2:172.21.15.122:3300/0 says I am v2:172.21.15.122:51034/0 (socket says 172.21.15.122:51034)
2024-04-02T13:25:30.471 INFO:teuthology.orchestra.run.smithi122.stdout:/usr/bin/ceph: stderr
2024-04-02T13:25:29.656+0000 7f69e259c700 1 -- 172.21.15.122:0/4140930837 learned_addr learned my addr 172.21.15.122:0/4140930837 (peer_addr_for_me v2:172.21.15.122:0/0)
2024-04-02T13:25:30.471 INFO:teuthology.orchestra.run.smithi122.stdout:/usr/bin/ceph: stderr
2024-04-02T13:25:29.657+0000 7f69e259c700 1 -- 172.21.15.122:0/4140930837 --> [v2:172.21.15.122:3300/0,v1:172.21.15.122:6789/0] -- mon_subscribe({config=0+,monmap=0+}) -- 0x7f69e4106dd0 con 0x7f69e4106260
2024-04-02T13:25:30.471 INFO:teuthology.orchestra.run.smithi122.stdout:/usr/bin/ceph: stderr
2024-04-02T13:25:29.657+0000 7f69e259c700 1 --2- 172.21.15.122:0/4140930837 >> [v2:172.21.15.122:3300/0,v1:172.21.15.122:6789/0] conn(0x7f69e4106260 0x7f69e4106680 secure :-1 s=READY pgs=37 cs=0 l=1 rev1=1 crypto rx=0x7f69d40098a0 tx=0x7f69d4009bb0 comp rx=0 tx=0).ready entity=mon.0 client_cookie=49508d4ce998910f server_cookie=0 in_seq=0 out_seq=0
2024-04-02T13:25:30.471 INFO:teuthology.orchestra.run.smithi122.stdout:/usr/bin/ceph: stderr
2024-04-02T13:25:29.657+0000 7f69e1d9b700 1 -- 172.21.15.122:0/4140930837 <== mon.0 v2:172.21.15.122:3300/0 1 ==== mon_map magic: 0 ==== 205+0+0 (secure 0 0 0) 0x7f69d4004160 con 0x7f69e4106260
2024-04-02T13:25:30.471 INFO:teuthology.orchestra.run.smithi122.stdout:/usr/bin/ceph: stderr
2024-04-02T13:25:29.657+0000 7f69e1d9b700 1 -- 172.21.15.122:0/4140930837 <== mon.0 v2:172.21.15.122:3300/0 2 ==== config(27 keys) ==== 1109+0+0 (secure 0 0 0) 0x7f69d4004300 con 0x7f69e4106260
2024-04-02T13:25:30.471 INFO:teuthology.orchestra.run.smithi122.stdout:/usr/bin/ceph: stderr
2024-04-02T13:25:29.657+0000 7f69e1d9b700 1 -- 172.21.15.122:0/4140930837 <== mon.0 v2:172.21.15.122:3300/0 3 ==== mon_map magic: 0 ==== 205+0+0 (secure 0 0 0) 0x7f69d4011b50 con 0x7f69e4106260
2024-04-02T13:25:30.471 INFO:teuthology.orchestra.run.smithi122.stdout:/usr/bin/ceph: stderr
2024-04-02T13:25:29.658+0000 7f69e8921700 1 -- 172.21.15.122:0/4140930837 >> [v2:172.21.15.122:3300/0,v1:172.21.15.122:6789/0] conn(0x7f69e4106260 msgr2=0x7f69e4106680 secure :-1 s=STATE_CONNECTION_ESTABLISHED l=1).mark_down
2024-04-02T13:25:30.471 INFO:teuthology.orchestra.run.smithi122.stdout:/usr/bin/ceph: stderr
2024-04-02T13:25:29.658+0000 7f69e8921700 1 --2- 172.21.15.122:0/4140930837 >> [v2:172.21.15.122:3300/0,v1:172.21.15.122:6789/0] conn(0x7f69e4106260 0x7f69e4106680 secure :-1 s=READY pgs=37 cs=0 l=1 rev1=1 crypto rx=0x7f69d40098a0 tx=0x7f69d4009bb0 comp rx=0 tx=0).stop
2024-04-02T13:25:30.471 INFO:teuthology.orchestra.run.smithi122.stdout:/usr/bin/ceph: stderr
2024-04-02T13:25:29.658+0000 7f69e8921700 1 -- 172.21.15.122:0/4140930837 shutdown_connections
2024-04-02T13:25:30.471 INFO:teuthology.orchestra.run.smithi122.stdout:/usr/bin/ceph: stderr
2024-04-02T13:25:29.658+0000 7f69e8921700 1 --2- 172.21.15.122:0/4140930837 >> [v2:172.21.15.122:3300/0,v1:172.21.15.122:6789/0] conn(0x7f69e4106260 0x7f69e4106680 unknown :-1 s=CLOSED pgs=37 cs=0 l=1 rev1=1 crypto rx=0 tx=0 comp rx=0 tx=0).stop
2024-04-02T13:25:30.471 INFO:teuthology.orchestra.run.smithi122.stdout:/usr/bin/ceph: stderr
2024-04-02T13:25:29.658+0000 7f69e8921700 1 -- 172.21.15.122:0/4140930837 >> 172.21.15.122:0/4140930837 conn(0x7f69e4101be0 msgr2=0x7f69e4104000 unknown :-1 s=STATE_NONE l=0).mark_down
2024-04-02T13:25:30.471 INFO:teuthology.orchestra.run.smithi122.stdout:/usr/bin/ceph: stderr
2024-04-02T13:25:29.658+0000 7f69e8921700 1 -- 172.21.15.122:0/4140930837 shutdown_connections
2024-04-02T13:25:30.471 INFO:teuthology.orchestra.run.smithi122.stdout:/usr/bin/ceph: stderr
2024-04-02T13:25:29.658+0000 7f69e8921700 1 -- 172.21.15.122:0/4140930837 wait complete.
2024-04-02T13:25:30.472 INFO:teuthology.orchestra.run.smithi122.stdout:/usr/bin/ceph: stderr
2024-04-02T13:25:29.658+0000 7f69e8921700 1 Processor -- start
2024-04-02T13:25:30.472 INFO:teuthology.orchestra.run.smithi122.stdout:/usr/bin/ceph: stderr
2024-04-02T13:25:29.659+0000 7f69e8921700 1 -- start start
2024-04-02T13:25:30.472 INFO:teuthology.orchestra.run.smithi122.stdout:/usr/bin/ceph: stderr
2024-04-02T13:25:29.659+0000 7f69e8921700 1 --2- >> [v2:172.21.15.122:3300/0,v1:172.21.15.122:6789/0] conn(0x7f69e4106260 0x7f69e419bff0 unknown :-1 s=NONE pgs=0 cs=0 l=1 rev1=0 crypto rx=0 tx=0 comp rx=0 tx=0).connect
2024-04-02T13:25:30.472 INFO:teuthology.orchestra.run.smithi122.stdout:/usr/bin/ceph: stderr
2024-04-02T13:25:29.659+0000 7f69e8921700 1 -- --> [v2:172.21.15.122:3300/0,v1:172.21.15.122:6789/0] -- mon_getmap magic: 0 -- 0x7f69e410c510 con 0x7f69e4106260
2024-04-02T13:25:30.472 INFO:teuthology.orchestra.run.smithi122.stdout:/usr/bin/ceph: stderr
2024-04-02T13:25:29.659+0000 7f69e259c700 1 --2- >> [v2:172.21.15.122:3300/0,v1:172.21.15.122:6789/0] conn(0x7f69e4106260 0x7f69e419bff0 unknown :-1 s=BANNER_CONNECTING pgs=0 cs=0 l=1 rev1=0 crypto rx=0 tx=0 comp rx=0 tx=0)._handle_peer_banner_payload supported=3 required=0
2024-04-02T13:25:30.472 INFO:teuthology.orchestra.run.smithi122.stdout:/usr/bin/ceph: stderr
2024-04-02T13:25:29.659+0000 7f69e259c700 1 --2- >> [v2:172.21.15.122:3300/0,v1:172.21.15.122:6789/0] conn(0x7f69e4106260 0x7f69e419bff0 unknown :-1 s=HELLO_CONNECTING pgs=0 cs=0 l=1 rev1=1 crypto rx=0 tx=0 comp rx=0 tx=0).handle_hello peer v2:172.21.15.122:3300/0 says I am v2:172.21.15.122:51044/0 (socket says 172.21.15.122:51044)
2024-04-02T13:25:30.472 INFO:teuthology.orchestra.run.smithi122.stdout:/usr/bin/ceph: stderr
2024-04-02T13:25:29.659+0000 7f69e259c700 1 -- 172.21.15.122:0/25592965 learned_addr learned my addr 172.21.15.122:0/25592965 (peer_addr_for_me v2:172.21.15.122:0/0)
2024-04-02T13:25:30.472 INFO:teuthology.orchestra.run.smithi122.stdout:/usr/bin/ceph: stderr
2024-04-02T13:25:29.659+0000 7f69e259c700 1 -- 172.21.15.122:0/25592965 --> [v2:172.21.15.122:3300/0,v1:172.21.15.122:6789/0] -- mon_subscribe({config=0+,monmap=0+}) -- 0x7f69e419c530 con 0x7f69e4106260
2024-04-02T13:25:30.472 INFO:teuthology.orchestra.run.smithi122.stdout:/usr/bin/ceph: stderr
2024-04-02T13:25:29.659+0000 7f69e259c700 1 --2- 172.21.15.122:0/25592965 >> [v2:172.21.15.122:3300/0,v1:172.21.15.122:6789/0] conn(0x7f69e4106260 0x7f69e419bff0 secure :-1 s=READY pgs=38 cs=0 l=1 rev1=1 crypto rx=0x7f69d4000c00 tx=0x7f69d4011c10 comp rx=0 tx=0).ready entity=mon.0 client_cookie=0 server_cookie=0 in_seq=0 out_seq=0
2024-04-02T13:25:30.472 INFO:teuthology.orchestra.run.smithi122.stdout:/usr/bin/ceph: stderr
2024-04-02T13:25:29.659+0000 7f69dbfff700 1 -- 172.21.15.122:0/25592965 <== mon.0 v2:172.21.15.122:3300/0 1 ==== mon_map magic: 0 ==== 205+0+0 (secure 0 0 0) 0x7f69d4003b20 con 0x7f69e4106260
2024-04-02T13:25:30.472 INFO:teuthology.orchestra.run.smithi122.stdout:/usr/bin/ceph: stderr
2024-04-02T13:25:29.659+0000 7f69dbfff700 1 -- 172.21.15.122:0/25592965 <== mon.0 v2:172.21.15.122:3300/0 2 ==== config(27 keys) ==== 1109+0+0 (secure 0 0 0) 0x7f69d4003cc0 con 0x7f69e4106260
2024-04-02T13:25:30.472 INFO:teuthology.orchestra.run.smithi122.stdout:/usr/bin/ceph: stderr
2024-04-02T13:25:29.659+0000 7f69e8921700 1 -- 172.21.15.122:0/25592965 --> [v2:172.21.15.122:3300/0,v1:172.21.15.122:6789/0] -- mon_subscribe({mgrmap=0+}) -- 0x7f69e419c7c0 con 0x7f69e4106260
2024-04-02T13:25:30.472 INFO:teuthology.orchestra.run.smithi122.stdout:/usr/bin/ceph: stderr
2024-04-02T13:25:29.659+0000 7f69dbfff700 1 -- 172.21.15.122:0/25592965 <== mon.0 v2:172.21.15.122:3300/0 3 ==== mon_map magic: 0 ==== 205+0+0 (secure 0 0 0) 0x7f69d4024910 con 0x7f69e4106260
2024-04-02T13:25:30.472 INFO:teuthology.orchestra.run.smithi122.stdout:/usr/bin/ceph: stderr
2024-04-02T13:25:29.660+0000 7f69e8921700 1 -- 172.21.15.122:0/25592965 --> [v2:172.21.15.122:3300/0,v1:172.21.15.122:6789/0] -- mon_subscribe({osdmap=0}) -- 0x7f69e419f4b0 con 0x7f69e4106260
2024-04-02T13:25:30.472 INFO:teuthology.orchestra.run.smithi122.stdout:/usr/bin/ceph: stderr
2024-04-02T13:25:29.660+0000 7f69dbfff700 1 -- 172.21.15.122:0/25592965 <== mon.0 v2:172.21.15.122:3300/0 4 ==== mgrmap(e 7) ==== 46452+0+0 (secure 0 0 0) 0x7f69d4022020 con 0x7f69e4106260
2024-04-02T13:25:30.473 INFO:teuthology.orchestra.run.smithi122.stdout:/usr/bin/ceph: stderr
2024-04-02T13:25:29.660+0000 7f69dbfff700 1 --2- 172.21.15.122:0/25592965 >> [v2:172.21.15.122:6800/1783168866,v1:172.21.15.122:6801/1783168866] conn(0x7f69d0039490 0x7f69d003b950 unknown :-1 s=NONE pgs=0 cs=0 l=1 rev1=0 crypto rx=0 tx=0 comp rx=0 tx=0).connect
2024-04-02T13:25:30.473 INFO:teuthology.orchestra.run.smithi122.stdout:/usr/bin/ceph: stderr
2024-04-02T13:25:29.660+0000 7f69e8921700 1 -- 172.21.15.122:0/25592965 --> [v2:172.21.15.122:3300/0,v1:172.21.15.122:6789/0] -- mon_command({"prefix": "get_command_descriptions"} v 0) -- 0x7f69e4063c20 con 0x7f69e4106260
2024-04-02T13:25:30.473 INFO:teuthology.orchestra.run.smithi122.stdout:/usr/bin/ceph: stderr
2024-04-02T13:25:29.661+0000 7f69dbfff700 1 -- 172.21.15.122:0/25592965 <== mon.0 v2:172.21.15.122:3300/0 5 ==== osd_map(2..2 src has 1..2) ==== 940+0+0 (secure 0 0 0) 0x7f69d4011e00 con 0x7f69e4106260
2024-04-02T13:25:30.473 INFO:teuthology.orchestra.run.smithi122.stdout:/usr/bin/ceph: stderr
2024-04-02T13:25:29.661+0000 7f69d9d9b700 1 --2- 172.21.15.122:0/25592965 >> [v2:172.21.15.122:6800/1783168866,v1:172.21.15.122:6801/1783168866] conn(0x7f69d0039490 0x7f69d003b950 unknown :-1 s=BANNER_CONNECTING pgs=0 cs=0 l=1 rev1=0 crypto rx=0 tx=0 comp rx=0 tx=0)._handle_peer_banner_payload supported=3 required=0
2024-04-02T13:25:30.473 INFO:teuthology.orchestra.run.smithi122.stdout:/usr/bin/ceph: stderr
2024-04-02T13:25:29.661+0000 7f69d9d9b700 1 --2- 172.21.15.122:0/25592965 >> [v2:172.21.15.122:6800/1783168866,v1:172.21.15.122:6801/1783168866] conn(0x7f69d0039490 0x7f69d003b950 secure :-1 s=READY pgs=7 cs=0 l=1 rev1=1 crypto rx=0x7f69cc006fd0 tx=0x7f69cc006e40 comp rx=0 tx=0).ready entity=mgr.14120 client_cookie=0 server_cookie=0 in_seq=0 out_seq=0
2024-04-02T13:25:30.473 INFO:teuthology.orchestra.run.smithi122.stdout:/usr/bin/ceph: stderr
2024-04-02T13:25:29.666+0000 7f69dbfff700 1 -- 172.21.15.122:0/25592965 <== mon.0 v2:172.21.15.122:3300/0 6 ==== mon_command_ack([{"prefix": "get_command_descriptions"}]=0 v0) ==== 72+0+188173 (secure 0 0 0) 0x7f69d4016cd0 con 0x7f69e4106260
2024-04-02T13:25:30.473 INFO:teuthology.orchestra.run.smithi122.stdout:/usr/bin/ceph: stderr
2024-04-02T13:25:29.877+0000 7f69e8921700 1 -- 172.21.15.122:0/25592965 --> [v2:172.21.15.122:6800/1783168866,v1:172.21.15.122:6801/1783168866] -- mgr_command(tid 0: {"prefix": "orch set backend", "module_name": "cephadm", "target": ["mon-mgr", ""]}) -- 0x7f69e4102e70 con 0x7f69d0039490
2024-04-02T13:25:30.473 INFO:teuthology.orchestra.run.smithi122.stdout:/usr/bin/ceph: stderr
2024-04-02T13:25:29.883+0000 7f69dbfff700 1 -- 172.21.15.122:0/25592965 <== mgr.14120 v2:172.21.15.122:6800/1783168866 1 ==== mgr_command_reply(tid 0: 0 ) ==== 8+0+0 (secure 0 0 0) 0x7f69e4102e70 con 0x7f69d0039490
2024-04-02T13:25:30.473 INFO:teuthology.orchestra.run.smithi122.stdout:/usr/bin/ceph: stderr
2024-04-02T13:25:29.885+0000 7f69e8921700 1 -- 172.21.15.122:0/25592965 >> [v2:172.21.15.122:6800/1783168866,v1:172.21.15.122:6801/1783168866] conn(0x7f69d0039490 msgr2=0x7f69d003b950 secure :-1 s=STATE_CONNECTION_ESTABLISHED l=1).mark_down
2024-04-02T13:25:30.473 INFO:teuthology.orchestra.run.smithi122.stdout:/usr/bin/ceph: stderr
2024-04-02T13:25:29.885+0000 7f69e8921700 1 --2- 172.21.15.122:0/25592965 >> [v2:172.21.15.122:6800/1783168866,v1:172.21.15.122:6801/1783168866] conn(0x7f69d0039490 0x7f69d003b950 secure :-1 s=READY pgs=7 cs=0 l=1 rev1=1 crypto rx=0x7f69cc006fd0 tx=0x7f69cc006e40 comp rx=0 tx=0).stop
2024-04-02T13:25:30.473 INFO:teuthology.orchestra.run.smithi122.stdout:/usr/bin/ceph: stderr
2024-04-02T13:25:29.885+0000 7f69e8921700 1 -- 172.21.15.122:0/25592965 >> [v2:172.21.15.122:3300/0,v1:172.21.15.122:6789/0] conn(0x7f69e4106260 msgr2=0x7f69e419bff0 secure :-1 s=STATE_CONNECTION_ESTABLISHED l=1).mark_down
2024-04-02T13:25:30.473 INFO:teuthology.orchestra.run.smithi122.stdout:/usr/bin/ceph: stderr
2024-04-02T13:25:29.885+0000 7f69e8921700 1 --2- 172.21.15.122:0/25592965 >> [v2:172.21.15.122:3300/0,v1:172.21.15.122:6789/0] conn(0x7f69e4106260 0x7f69e419bff0 secure :-1 s=READY pgs=38 cs=0 l=1 rev1=1 crypto rx=0x7f69d4000c00 tx=0x7f69d4011c10 comp rx=0 tx=0).stop
2024-04-02T13:25:30.473 INFO:teuthology.orchestra.run.smithi122.stdout:/usr/bin/ceph: stderr
2024-04-02T13:25:29.885+0000 7f69e8921700 1 -- 172.21.15.122:0/25592965 shutdown_connections
2024-04-02T13:25:30.473 INFO:teuthology.orchestra.run.smithi122.stdout:/usr/bin/ceph: stderr
2024-04-02T13:25:29.885+0000 7f69e8921700 1 --2- 172.21.15.122:0/25592965 >> [v2:172.21.15.122:6800/1783168866,v1:172.21.15.122:6801/1783168866] conn(0x7f69d0039490 0x7f69d003b950 unknown :-1 s=CLOSED pgs=7 cs=0 l=1 rev1=1 crypto rx=0 tx=0 comp rx=0 tx=0).stop
2024-04-02T13:25:30.473 INFO:teuthology.orchestra.run.smithi122.stdout:/usr/bin/ceph: stderr
2024-04-02T13:25:29.885+0000 7f69e8921700 1 --2- 172.21.15.122:0/25592965 >> [v2:172.21.15.122:3300/0,v1:172.21.15.122:6789/0] conn(0x7f69e4106260 0x7f69e419bff0 unknown :-1 s=CLOSED pgs=38 cs=0 l=1 rev1=1 crypto rx=0 tx=0 comp rx=0 tx=0).stop
2024-04-02T13:25:30.474 INFO:teuthology.orchestra.run.smithi122.stdout:/usr/bin/ceph: stderr
2024-04-02T13:25:29.885+0000 7f69e8921700 1 -- 172.21.15.122:0/25592965 >> 172.21.15.122:0/25592965 conn(0x7f69e4101be0 msgr2=0x7f69e4102760 unknown :-1 s=STATE_NONE l=0).mark_down
2024-04-02T13:25:30.474 INFO:teuthology.orchestra.run.smithi122.stdout:/usr/bin/ceph: stderr
2024-04-02T13:25:29.886+0000 7f69e8921700 1 -- 172.21.15.122:0/25592965 shutdown_connections
2024-04-02T13:25:30.474 INFO:teuthology.orchestra.run.smithi122.stdout:/usr/bin/ceph: stderr
2024-04-02T13:25:29.886+0000 7f69e8921700 1 -- 172.21.15.122:0/25592965 wait complete.
2024-04-02T13:25:31.070 INFO:journalctl@ceph.mon.a.smithi122.stdout:Apr 02 13:25:30 smithi122 ceph-mon[32114]: mgrmap e8: x(active, since 2s)
2024-04-02T13:25:31.577 INFO:teuthology.orchestra.run.smithi122.stdout:/usr/bin/ceph: stdout value unchanged
2024-04-02T13:25:31.577 INFO:teuthology.orchestra.run.smithi122.stdout:/usr/bin/ceph: stderr
2024-04-02T13:25:30.905+0000 7f5c62b67700 1 Processor -- start
2024-04-02T13:25:31.577 INFO:teuthology.orchestra.run.smithi122.stdout:/usr/bin/ceph: stderr
2024-04-02T13:25:30.905+0000 7f5c62b67700 1 -- start start
2024-04-02T13:25:31.577 INFO:teuthology.orchestra.run.smithi122.stdout:/usr/bin/ceph: stderr
2024-04-02T13:25:30.905+0000 7f5c62b67700 1 --2- >> [v2:172.21.15.122:3300/0,v1:172.21.15.122:6789/0] conn(0x7f5c5c108030 0x7f5c5c108450 unknown :-1 s=NONE pgs=0 cs=0 l=0 rev1=0 crypto rx=0 tx=0 comp rx=0 tx=0).connect
2024-04-02T13:25:31.577 INFO:teuthology.orchestra.run.smithi122.stdout:/usr/bin/ceph: stderr
2024-04-02T13:25:30.905+0000 7f5c62b67700 1 -- --> [v2:172.21.15.122:3300/0,v1:172.21.15.122:6789/0] -- mon_getmap magic: 0 -- 0x7f5c5c108a20 con 0x7f5c5c108030
2024-04-02T13:25:31.577 INFO:teuthology.orchestra.run.smithi122.stdout:/usr/bin/ceph: stderr
2024-04-02T13:25:30.905+0000 7f5c60903700 1 --2- >> [v2:172.21.15.122:3300/0,v1:172.21.15.122:6789/0] conn(0x7f5c5c108030 0x7f5c5c108450 unknown :-1 s=BANNER_CONNECTING pgs=0 cs=0 l=0 rev1=0 crypto rx=0 tx=0 comp rx=0 tx=0)._handle_peer_banner_payload supported=3 required=0
2024-04-02T13:25:31.577 INFO:teuthology.orchestra.run.smithi122.stdout:/usr/bin/ceph: stderr
2024-04-02T13:25:30.905+0000 7f5c60903700 1 --2- >> [v2:172.21.15.122:3300/0,v1:172.21.15.122:6789/0] conn(0x7f5c5c108030 0x7f5c5c108450 unknown :-1 s=HELLO_CONNECTING pgs=0 cs=0 l=0 rev1=1 crypto rx=0 tx=0 comp rx=0 tx=0).handle_hello peer v2:172.21.15.122:3300/0 says I am v2:172.21.15.122:51058/0 (socket says 172.21.15.122:51058)
2024-04-02T13:25:31.577 INFO:teuthology.orchestra.run.smithi122.stdout:/usr/bin/ceph: stderr
2024-04-02T13:25:30.905+0000 7f5c60903700 1 -- 172.21.15.122:0/1536171034 learned_addr learned my addr 172.21.15.122:0/1536171034 (peer_addr_for_me v2:172.21.15.122:0/0)
2024-04-02T13:25:31.577 INFO:teuthology.orchestra.run.smithi122.stdout:/usr/bin/ceph: stderr
2024-04-02T13:25:30.905+0000 7f5c60903700 1 -- 172.21.15.122:0/1536171034 --> [v2:172.21.15.122:3300/0,v1:172.21.15.122:6789/0] -- mon_subscribe({config=0+,monmap=0+}) -- 0x7f5c5c1091e0 con 0x7f5c5c108030
2024-04-02T13:25:31.578 INFO:teuthology.orchestra.run.smithi122.stdout:/usr/bin/ceph: stderr
2024-04-02T13:25:30.905+0000 7f5c60903700 1 --2- 172.21.15.122:0/1536171034 >> [v2:172.21.15.122:3300/0,v1:172.21.15.122:6789/0] conn(0x7f5c5c108030 0x7f5c5c108450 secure :-1 s=READY pgs=39 cs=0 l=1 rev1=1 crypto rx=0x7f5c500098a0 tx=0x7f5c50009bb0 comp rx=0 tx=0).ready entity=mon.0 client_cookie=2c69215ba27627cd server_cookie=0 in_seq=0 out_seq=0
2024-04-02T13:25:31.578 INFO:teuthology.orchestra.run.smithi122.stdout:/usr/bin/ceph: stderr
2024-04-02T13:25:30.906+0000 7f5c5b7fe700 1 -- 172.21.15.122:0/1536171034 <== mon.0 v2:172.21.15.122:3300/0 1 ==== mon_map magic: 0 ==== 205+0+0 (secure 0 0 0) 0x7f5c50004160 con 0x7f5c5c108030
2024-04-02T13:25:31.578 INFO:teuthology.orchestra.run.smithi122.stdout:/usr/bin/ceph: stderr
2024-04-02T13:25:30.906+0000 7f5c5b7fe700 1 -- 172.21.15.122:0/1536171034 <== mon.0 v2:172.21.15.122:3300/0 2 ==== config(27 keys) ==== 1109+0+0 (secure 0 0 0) 0x7f5c50004300 con 0x7f5c5c108030
2024-04-02T13:25:31.578 INFO:teuthology.orchestra.run.smithi122.stdout:/usr/bin/ceph: stderr
2024-04-02T13:25:30.906+0000 7f5c5b7fe700 1 -- 172.21.15.122:0/1536171034 <== mon.0 v2:172.21.15.122:3300/0 3 ==== mon_map magic: 0 ==== 205+0+0 (secure 0 0 0) 0x7f5c50011b50 con 0x7f5c5c108030
2024-04-02T13:25:31.578 INFO:teuthology.orchestra.run.smithi122.stdout:/usr/bin/ceph: stderr
2024-04-02T13:25:30.906+0000 7f5c62b67700 1 -- 172.21.15.122:0/1536171034 >> [v2:172.21.15.122:3300/0,v1:172.21.15.122:6789/0] conn(0x7f5c5c108030 msgr2=0x7f5c5c108450 secure :-1 s=STATE_CONNECTION_ESTABLISHED l=1).mark_down
2024-04-02T13:25:31.578 INFO:teuthology.orchestra.run.smithi122.stdout:/usr/bin/ceph: stderr
2024-04-02T13:25:30.906+0000 7f5c62b67700 1 --2- 172.21.15.122:0/1536171034 >> [v2:172.21.15.122:3300/0,v1:172.21.15.122:6789/0] conn(0x7f5c5c108030 0x7f5c5c108450 secure :-1 s=READY pgs=39 cs=0 l=1 rev1=1 crypto rx=0x7f5c500098a0 tx=0x7f5c50009bb0 comp rx=0 tx=0).stop
2024-04-02T13:25:31.578 INFO:teuthology.orchestra.run.smithi122.stdout:/usr/bin/ceph: stderr
2024-04-02T13:25:30.906+0000 7f5c62b67700 1 -- 172.21.15.122:0/1536171034 shutdown_connections
2024-04-02T13:25:31.578 INFO:teuthology.orchestra.run.smithi122.stdout:/usr/bin/ceph: stderr
2024-04-02T13:25:30.906+0000 7f5c62b67700 1 --2- 172.21.15.122:0/1536171034 >> [v2:172.21.15.122:3300/0,v1:172.21.15.122:6789/0] conn(0x7f5c5c108030 0x7f5c5c108450 unknown :-1 s=CLOSED pgs=39 cs=0 l=1 rev1=1 crypto rx=0 tx=0 comp rx=0 tx=0).stop
2024-04-02T13:25:31.578 INFO:teuthology.orchestra.run.smithi122.stdout:/usr/bin/ceph: stderr
2024-04-02T13:25:30.906+0000 7f5c62b67700 1 -- 172.21.15.122:0/1536171034 >> 172.21.15.122:0/1536171034 conn(0x7f5c5c1035f0 msgr2=0x7f5c5c105a10 unknown :-1 s=STATE_NONE l=0).mark_down
2024-04-02T13:25:31.578 INFO:teuthology.orchestra.run.smithi122.stdout:/usr/bin/ceph: stderr
2024-04-02T13:25:30.906+0000 7f5c62b67700 1 -- 172.21.15.122:0/1536171034 shutdown_connections
2024-04-02T13:25:31.578 INFO:teuthology.orchestra.run.smithi122.stdout:/usr/bin/ceph: stderr
2024-04-02T13:25:30.906+0000 7f5c62b67700 1 -- 172.21.15.122:0/1536171034 wait complete.
2024-04-02T13:25:31.578 INFO:teuthology.orchestra.run.smithi122.stdout:/usr/bin/ceph: stderr
2024-04-02T13:25:30.907+0000 7f5c62b67700 1 Processor -- start
2024-04-02T13:25:31.579 INFO:teuthology.orchestra.run.smithi122.stdout:/usr/bin/ceph: stderr
2024-04-02T13:25:30.907+0000 7f5c62b67700 1 -- start start
2024-04-02T13:25:31.579 INFO:teuthology.orchestra.run.smithi122.stdout:/usr/bin/ceph: stderr
2024-04-02T13:25:30.907+0000 7f5c62b67700 1 --2- >> [v2:172.21.15.122:3300/0,v1:172.21.15.122:6789/0] conn(0x7f5c5c108030 0x7f5c5c07e390 unknown :-1 s=NONE pgs=0 cs=0 l=1 rev1=0 crypto rx=0 tx=0 comp rx=0 tx=0).connect
2024-04-02T13:25:31.579 INFO:teuthology.orchestra.run.smithi122.stdout:/usr/bin/ceph: stderr
2024-04-02T13:25:30.907+0000 7f5c62b67700 1 -- --> [v2:172.21.15.122:3300/0,v1:172.21.15.122:6789/0] -- mon_getmap magic: 0 -- 0x7f5c5c10c590 con 0x7f5c5c108030
2024-04-02T13:25:31.580 INFO:teuthology.orchestra.run.smithi122.stdout:/usr/bin/ceph: stderr
2024-04-02T13:25:30.907+0000 7f5c60903700 1 --2- >> [v2:172.21.15.122:3300/0,v1:172.21.15.122:6789/0] conn(0x7f5c5c108030 0x7f5c5c07e390 unknown :-1 s=BANNER_CONNECTING pgs=0 cs=0 l=1 rev1=0 crypto rx=0 tx=0 comp rx=0 tx=0)._handle_peer_banner_payload supported=3 required=0
2024-04-02T13:25:31.580 INFO:teuthology.orchestra.run.smithi122.stdout:/usr/bin/ceph: stderr
2024-04-02T13:25:30.907+0000 7f5c60903700 1 --2- >> [v2:172.21.15.122:3300/0,v1:172.21.15.122:6789/0] conn(0x7f5c5c108030 0x7f5c5c07e390 unknown :-1 s=HELLO_CONNECTING pgs=0 cs=0 l=1 rev1=1 crypto rx=0 tx=0 comp rx=0 tx=0).handle_hello peer v2:172.21.15.122:3300/0 says I am v2:172.21.15.122:51070/0 (socket says 172.21.15.122:51070)
2024-04-02T13:25:31.580 INFO:teuthology.orchestra.run.smithi122.stdout:/usr/bin/ceph: stderr
