2024-04-02T13:25:15.291 INFO:teuthology.orchestra.run.smithi122.stdout:/usr/bin/ceph: stdout "by_rank": [],
2024-04-02T13:25:15.291 INFO:teuthology.orchestra.run.smithi122.stdout:/usr/bin/ceph: stdout "up:standby": 0
2024-04-02T13:25:15.291 INFO:teuthology.orchestra.run.smithi122.stdout:/usr/bin/ceph: stdout },
2024-04-02T13:25:15.291 INFO:teuthology.orchestra.run.smithi122.stdout:/usr/bin/ceph: stdout "mgrmap": {
2024-04-02T13:25:15.291 INFO:teuthology.orchestra.run.smithi122.stdout:/usr/bin/ceph: stdout "available": false,
2024-04-02T13:25:15.291 INFO:teuthology.orchestra.run.smithi122.stdout:/usr/bin/ceph: stdout "num_standbys": 0,
2024-04-02T13:25:15.291 INFO:teuthology.orchestra.run.smithi122.stdout:/usr/bin/ceph: stdout "modules": [
2024-04-02T13:25:15.291 INFO:teuthology.orchestra.run.smithi122.stdout:/usr/bin/ceph: stdout "iostat",
2024-04-02T13:25:15.291 INFO:teuthology.orchestra.run.smithi122.stdout:/usr/bin/ceph: stdout "nfs",
2024-04-02T13:25:15.291 INFO:teuthology.orchestra.run.smithi122.stdout:/usr/bin/ceph: stdout "restful"
2024-04-02T13:25:15.291 INFO:teuthology.orchestra.run.smithi122.stdout:/usr/bin/ceph: stdout ],
2024-04-02T13:25:15.291 INFO:teuthology.orchestra.run.smithi122.stdout:/usr/bin/ceph: stdout "services": {}
2024-04-02T13:25:15.292 INFO:teuthology.orchestra.run.smithi122.stdout:/usr/bin/ceph: stdout },
2024-04-02T13:25:15.292 INFO:teuthology.orchestra.run.smithi122.stdout:/usr/bin/ceph: stdout "servicemap": {
2024-04-02T13:25:15.292 INFO:teuthology.orchestra.run.smithi122.stdout:/usr/bin/ceph: stdout "epoch": 1,
2024-04-02T13:25:15.292 INFO:teuthology.orchestra.run.smithi122.stdout:/usr/bin/ceph: stdout "modified": "2024-04-02T13:25:00.910782+0000",
2024-04-02T13:25:15.292 INFO:teuthology.orchestra.run.smithi122.stdout:/usr/bin/ceph: stdout "services": {}
2024-04-02T13:25:15.292 INFO:teuthology.orchestra.run.smithi122.stdout:/usr/bin/ceph: stdout },
2024-04-02T13:25:15.292 INFO:teuthology.orchestra.run.smithi122.stdout:/usr/bin/ceph: stdout "progress_events": {}
2024-04-02T13:25:15.292 INFO:teuthology.orchestra.run.smithi122.stdout:/usr/bin/ceph: stdout }
2024-04-02T13:25:15.292 INFO:teuthology.orchestra.run.smithi122.stdout:/usr/bin/ceph: stderr
2024-04-02T13:25:14.617+0000 7fae0d1c9700 1 Processor -- start
2024-04-02T13:25:15.292 INFO:teuthology.orchestra.run.smithi122.stdout:/usr/bin/ceph: stderr
2024-04-02T13:25:14.617+0000 7fae0d1c9700 1 -- start start
2024-04-02T13:25:15.292 INFO:teuthology.orchestra.run.smithi122.stdout:/usr/bin/ceph: stderr
2024-04-02T13:25:14.618+0000 7fae0d1c9700 1 --2- >> [v2:172.21.15.122:3300/0,v1:172.21.15.122:6789/0] conn(0x7fae08106e90 0x7fae081072b0 unknown :-1 s=NONE pgs=0 cs=0 l=0 rev1=0 crypto rx=0 tx=0 comp rx=0 tx=0).connect
2024-04-02T13:25:15.292 INFO:teuthology.orchestra.run.smithi122.stdout:/usr/bin/ceph: stderr
2024-04-02T13:25:14.618+0000 7fae0d1c9700 1 -- --> [v2:172.21.15.122:3300/0,v1:172.21.15.122:6789/0] -- mon_getmap magic: 0 -- 0x7fae081077f0 con 0x7fae08106e90
2024-04-02T13:25:15.292 INFO:teuthology.orchestra.run.smithi122.stdout:/usr/bin/ceph: stderr
2024-04-02T13:25:14.618+0000 7fae06d9d700 1 --2- >> [v2:172.21.15.122:3300/0,v1:172.21.15.122:6789/0] conn(0x7fae08106e90 0x7fae081072b0 unknown :-1 s=BANNER_CONNECTING pgs=0 cs=0 l=0 rev1=0 crypto rx=0 tx=0 comp rx=0 tx=0)._handle_peer_banner_payload supported=3 required=0
2024-04-02T13:25:15.292 INFO:teuthology.orchestra.run.smithi122.stdout:/usr/bin/ceph: stderr
2024-04-02T13:25:14.618+0000 7fae06d9d700 1 --2- >> [v2:172.21.15.122:3300/0,v1:172.21.15.122:6789/0] conn(0x7fae08106e90 0x7fae081072b0 unknown :-1 s=HELLO_CONNECTING pgs=0 cs=0 l=0 rev1=1 crypto rx=0 tx=0 comp rx=0 tx=0).handle_hello peer v2:172.21.15.122:3300/0 says I am v2:172.21.15.122:33848/0 (socket says 172.21.15.122:33848)
2024-04-02T13:25:15.292 INFO:teuthology.orchestra.run.smithi122.stdout:/usr/bin/ceph: stderr
2024-04-02T13:25:14.618+0000 7fae06d9d700 1 -- 172.21.15.122:0/1419178845 learned_addr learned my addr 172.21.15.122:0/1419178845 (peer_addr_for_me v2:172.21.15.122:0/0)
2024-04-02T13:25:15.293 INFO:teuthology.orchestra.run.smithi122.stdout:/usr/bin/ceph: stderr
2024-04-02T13:25:14.618+0000 7fae06d9d700 1 -- 172.21.15.122:0/1419178845 --> [v2:172.21.15.122:3300/0,v1:172.21.15.122:6789/0] -- mon_subscribe({config=0+,monmap=0+}) -- 0x7fae08108080 con 0x7fae08106e90
2024-04-02T13:25:15.293 INFO:teuthology.orchestra.run.smithi122.stdout:/usr/bin/ceph: stderr
2024-04-02T13:25:14.618+0000 7fae06d9d700 1 --2- 172.21.15.122:0/1419178845 >> [v2:172.21.15.122:3300/0,v1:172.21.15.122:6789/0] conn(0x7fae08106e90 0x7fae081072b0 secure :-1 s=READY pgs=9 cs=0 l=1 rev1=1 crypto rx=0x7fadf80098a0 tx=0x7fadf8009bb0 comp rx=0 tx=0).ready entity=mon.0 client_cookie=d9581ab5e9264a0a server_cookie=0 in_seq=0 out_seq=0
2024-04-02T13:25:15.293 INFO:teuthology.orchestra.run.smithi122.stdout:/usr/bin/ceph: stderr
2024-04-02T13:25:14.618+0000 7fae05d9b700 1 -- 172.21.15.122:0/1419178845 <== mon.0 v2:172.21.15.122:3300/0 1 ==== mon_map magic: 0 ==== 205+0+0 (secure 0 0 0) 0x7fadf8004160 con 0x7fae08106e90
2024-04-02T13:25:15.293 INFO:teuthology.orchestra.run.smithi122.stdout:/usr/bin/ceph: stderr
2024-04-02T13:25:14.619+0000 7fae05d9b700 1 -- 172.21.15.122:0/1419178845 <== mon.0 v2:172.21.15.122:3300/0 2 ==== config(27 keys) ==== 1109+0+0 (secure 0 0 0) 0x7fadf8004300 con 0x7fae08106e90
2024-04-02T13:25:15.293 INFO:teuthology.orchestra.run.smithi122.stdout:/usr/bin/ceph: stderr
2024-04-02T13:25:14.619+0000 7fae05d9b700 1 -- 172.21.15.122:0/1419178845 <== mon.0 v2:172.21.15.122:3300/0 3 ==== mon_map magic: 0 ==== 205+0+0 (secure 0 0 0) 0x7fadf8011b50 con 0x7fae08106e90
2024-04-02T13:25:15.293 INFO:teuthology.orchestra.run.smithi122.stdout:/usr/bin/ceph: stderr
2024-04-02T13:25:14.619+0000 7fae0d1c9700 1 -- 172.21.15.122:0/1419178845 >> [v2:172.21.15.122:3300/0,v1:172.21.15.122:6789/0] conn(0x7fae08106e90 msgr2=0x7fae081072b0 secure :-1 s=STATE_CONNECTION_ESTABLISHED l=1).mark_down
2024-04-02T13:25:15.293 INFO:teuthology.orchestra.run.smithi122.stdout:/usr/bin/ceph: stderr
2024-04-02T13:25:14.619+0000 7fae0d1c9700 1 --2- 172.21.15.122:0/1419178845 >> [v2:172.21.15.122:3300/0,v1:172.21.15.122:6789/0] conn(0x7fae08106e90 0x7fae081072b0 secure :-1 s=READY pgs=9 cs=0 l=1 rev1=1 crypto rx=0x7fadf80098a0 tx=0x7fadf8009bb0 comp rx=0 tx=0).stop
2024-04-02T13:25:15.293 INFO:teuthology.orchestra.run.smithi122.stdout:/usr/bin/ceph: stderr
2024-04-02T13:25:14.619+0000 7fae0d1c9700 1 -- 172.21.15.122:0/1419178845 shutdown_connections
2024-04-02T13:25:15.293 INFO:teuthology.orchestra.run.smithi122.stdout:/usr/bin/ceph: stderr
2024-04-02T13:25:14.619+0000 7fae0d1c9700 1 --2- 172.21.15.122:0/1419178845 >> [v2:172.21.15.122:3300/0,v1:172.21.15.122:6789/0] conn(0x7fae08106e90 0x7fae081072b0 unknown :-1 s=CLOSED pgs=9 cs=0 l=1 rev1=1 crypto rx=0 tx=0 comp rx=0 tx=0).stop
2024-04-02T13:25:15.294 INFO:teuthology.orchestra.run.smithi122.stdout:/usr/bin/ceph: stderr
2024-04-02T13:25:14.619+0000 7fae0d1c9700 1 -- 172.21.15.122:0/1419178845 >> 172.21.15.122:0/1419178845 conn(0x7fae08102500 msgr2=0x7fae08104920 unknown :-1 s=STATE_NONE l=0).mark_down
2024-04-02T13:25:15.294 INFO:teuthology.orchestra.run.smithi122.stdout:/usr/bin/ceph: stderr
2024-04-02T13:25:14.619+0000 7fae0d1c9700 1 -- 172.21.15.122:0/1419178845 shutdown_connections
2024-04-02T13:25:15.294 INFO:teuthology.orchestra.run.smithi122.stdout:/usr/bin/ceph: stderr
2024-04-02T13:25:14.619+0000 7fae0d1c9700 1 -- 172.21.15.122:0/1419178845 wait complete.
2024-04-02T13:25:15.294 INFO:teuthology.orchestra.run.smithi122.stdout:/usr/bin/ceph: stderr
2024-04-02T13:25:14.620+0000 7fae0d1c9700 1 Processor -- start
2024-04-02T13:25:15.294 INFO:teuthology.orchestra.run.smithi122.stdout:/usr/bin/ceph: stderr
2024-04-02T13:25:14.620+0000 7fae0d1c9700 1 -- start start
2024-04-02T13:25:15.294 INFO:teuthology.orchestra.run.smithi122.stdout:/usr/bin/ceph: stderr
2024-04-02T13:25:14.620+0000 7fae0d1c9700 1 --2- >> [v2:172.21.15.122:3300/0,v1:172.21.15.122:6789/0] conn(0x7fae08106e90 0x7fae0819c080 unknown :-1 s=NONE pgs=0 cs=0 l=1 rev1=0 crypto rx=0 tx=0 comp rx=0 tx=0).connect
2024-04-02T13:25:15.295 INFO:teuthology.orchestra.run.smithi122.stdout:/usr/bin/ceph: stderr
2024-04-02T13:25:14.620+0000 7fae0d1c9700 1 -- --> [v2:172.21.15.122:3300/0,v1:172.21.15.122:6789/0] -- mon_getmap magic: 0 -- 0x7fae0810b340 con 0x7fae08106e90
2024-04-02T13:25:15.295 INFO:teuthology.orchestra.run.smithi122.stdout:/usr/bin/ceph: stderr
2024-04-02T13:25:14.620+0000 7fae06d9d700 1 --2- >> [v2:172.21.15.122:3300/0,v1:172.21.15.122:6789/0] conn(0x7fae08106e90 0x7fae0819c080 unknown :-1 s=BANNER_CONNECTING pgs=0 cs=0 l=1 rev1=0 crypto rx=0 tx=0 comp rx=0 tx=0)._handle_peer_banner_payload supported=3 required=0
2024-04-02T13:25:15.295 INFO:teuthology.orchestra.run.smithi122.stdout:/usr/bin/ceph: stderr
2024-04-02T13:25:14.620+0000 7fae06d9d700 1 --2- >> [v2:172.21.15.122:3300/0,v1:172.21.15.122:6789/0] conn(0x7fae08106e90 0x7fae0819c080 unknown :-1 s=HELLO_CONNECTING pgs=0 cs=0 l=1 rev1=1 crypto rx=0 tx=0 comp rx=0 tx=0).handle_hello peer v2:172.21.15.122:3300/0 says I am v2:172.21.15.122:33852/0 (socket says 172.21.15.122:33852)
2024-04-02T13:25:15.295 INFO:teuthology.orchestra.run.smithi122.stdout:/usr/bin/ceph: stderr
2024-04-02T13:25:14.620+0000 7fae06d9d700 1 -- 172.21.15.122:0/1921929557 learned_addr learned my addr 172.21.15.122:0/1921929557 (peer_addr_for_me v2:172.21.15.122:0/0)
2024-04-02T13:25:15.295 INFO:teuthology.orchestra.run.smithi122.stdout:/usr/bin/ceph: stderr
2024-04-02T13:25:14.621+0000 7fae06d9d700 1 -- 172.21.15.122:0/1921929557 --> [v2:172.21.15.122:3300/0,v1:172.21.15.122:6789/0] -- mon_subscribe({config=0+,monmap=0+}) -- 0x7fae0819c5c0 con 0x7fae08106e90
2024-04-02T13:25:15.295 INFO:teuthology.orchestra.run.smithi122.stdout:/usr/bin/ceph: stderr
2024-04-02T13:25:14.621+0000 7fae06d9d700 1 --2- 172.21.15.122:0/1921929557 >> [v2:172.21.15.122:3300/0,v1:172.21.15.122:6789/0] conn(0x7fae08106e90 0x7fae0819c080 secure :-1 s=READY pgs=10 cs=0 l=1 rev1=1 crypto rx=0x7fadf8009fb0 tx=0x7fadf8011bf0 comp rx=0 tx=0).ready entity=mon.0 client_cookie=0 server_cookie=0 in_seq=0 out_seq=0
2024-04-02T13:25:15.295 INFO:teuthology.orchestra.run.smithi122.stdout:/usr/bin/ceph: stderr
2024-04-02T13:25:14.621+0000 7fadeffff700 1 -- 172.21.15.122:0/1921929557 <== mon.0 v2:172.21.15.122:3300/0 1 ==== mon_map magic: 0 ==== 205+0+0 (secure 0 0 0) 0x7fadf80038b0 con 0x7fae08106e90
2024-04-02T13:25:15.296 INFO:teuthology.orchestra.run.smithi122.stdout:/usr/bin/ceph: stderr
2024-04-02T13:25:14.621+0000 7fadeffff700 1 -- 172.21.15.122:0/1921929557 <== mon.0 v2:172.21.15.122:3300/0 2 ==== config(27 keys) ==== 1109+0+0 (secure 0 0 0) 0x7fadf8011e50 con 0x7fae08106e90
2024-04-02T13:25:15.296 INFO:teuthology.orchestra.run.smithi122.stdout:/usr/bin/ceph: stderr
2024-04-02T13:25:14.621+0000 7fae0d1c9700 1 -- 172.21.15.122:0/1921929557 --> [v2:172.21.15.122:3300/0,v1:172.21.15.122:6789/0] -- mon_subscribe({mgrmap=0+}) -- 0x7fae0819c850 con 0x7fae08106e90
2024-04-02T13:25:15.296 INFO:teuthology.orchestra.run.smithi122.stdout:/usr/bin/ceph: stderr
2024-04-02T13:25:14.621+0000 7fadeffff700 1 -- 172.21.15.122:0/1921929557 <== mon.0 v2:172.21.15.122:3300/0 3 ==== mon_map magic: 0 ==== 205+0+0 (secure 0 0 0) 0x7fadf8019550 con 0x7fae08106e90
2024-04-02T13:25:15.296 INFO:teuthology.orchestra.run.smithi122.stdout:/usr/bin/ceph: stderr
2024-04-02T13:25:14.621+0000 7fae0d1c9700 1 -- 172.21.15.122:0/1921929557 --> [v2:172.21.15.122:3300/0,v1:172.21.15.122:6789/0] -- mon_subscribe({osdmap=0}) -- 0x7fae0819f540 con 0x7fae08106e90
2024-04-02T13:25:15.296 INFO:teuthology.orchestra.run.smithi122.stdout:/usr/bin/ceph: stderr
2024-04-02T13:25:14.621+0000 7fadeffff700 1 -- 172.21.15.122:0/1921929557 <== mon.0 v2:172.21.15.122:3300/0 4 ==== mgrmap(e 1) ==== 807+0+0 (secure 0 0 0) 0x7fadf8019be0 con 0x7fae08106e90
2024-04-02T13:25:15.296 INFO:teuthology.orchestra.run.smithi122.stdout:/usr/bin/ceph: stderr
2024-04-02T13:25:14.621+0000 7fadeffff700 1 -- 172.21.15.122:0/1921929557 <== mon.0 v2:172.21.15.122:3300/0 5 ==== osd_map(1..1 src has 1..1) ==== 725+0+0 (secure 0 0 0) 0x7fadf8024730 con 0x7fae08106e90
2024-04-02T13:25:15.297 INFO:teuthology.orchestra.run.smithi122.stdout:/usr/bin/ceph: stderr
2024-04-02T13:25:14.622+0000 7fae0d1c9700 1 -- 172.21.15.122:0/1921929557 --> [v2:172.21.15.122:3300/0,v1:172.21.15.122:6789/0] -- mon_command({"prefix": "get_command_descriptions"} v 0) -- 0x7fae0810b4c0 con 0x7fae08106e90
2024-04-02T13:25:15.297 INFO:teuthology.orchestra.run.smithi122.stdout:/usr/bin/ceph: stderr
2024-04-02T13:25:14.624+0000 7fadeffff700 1 -- 172.21.15.122:0/1921929557 <== mon.0 v2:172.21.15.122:3300/0 6 ==== mon_command_ack([{"prefix": "get_command_descriptions"}]=0 v0) ==== 72+0+73141 (secure 0 0 0) 0x7fadf8003a50 con 0x7fae08106e90
2024-04-02T13:25:15.297 INFO:teuthology.orchestra.run.smithi122.stdout:/usr/bin/ceph: stderr
2024-04-02T13:25:14.697+0000 7fae0d1c9700 1 -- 172.21.15.122:0/1921929557 --> [v2:172.21.15.122:3300/0,v1:172.21.15.122:6789/0] -- mon_command({"prefix": "status", "format": "json-pretty"} v 0) -- 0x7fae0802dff0 con 0x7fae08106e90
2024-04-02T13:25:15.297 INFO:teuthology.orchestra.run.smithi122.stdout:/usr/bin/ceph: stderr
2024-04-02T13:25:14.697+0000 7fadeffff700 1 -- 172.21.15.122:0/1921929557 <== mon.0 v2:172.21.15.122:3300/0 7 ==== mon_command_ack([{"prefix": "status", "format": "json-pretty"}]=0 v0) ==== 79+0+1239 (secure 0 0 0) 0x7fadf8024930 con 0x7fae08106e90
2024-04-02T13:25:15.297 INFO:teuthology.orchestra.run.smithi122.stdout:/usr/bin/ceph: stderr
2024-04-02T13:25:14.698+0000 7fae0d1c9700 1 -- 172.21.15.122:0/1921929557 >> [v2:172.21.15.122:3300/0,v1:172.21.15.122:6789/0] conn(0x7fae08106e90 msgr2=0x7fae0819c080 secure :-1 s=STATE_CONNECTION_ESTABLISHED l=1).mark_down
2024-04-02T13:25:15.297 INFO:teuthology.orchestra.run.smithi122.stdout:/usr/bin/ceph: stderr
2024-04-02T13:25:14.698+0000 7fae0d1c9700 1 --2- 172.21.15.122:0/1921929557 >> [v2:172.21.15.122:3300/0,v1:172.21.15.122:6789/0] conn(0x7fae08106e90 0x7fae0819c080 secure :-1 s=READY pgs=10 cs=0 l=1 rev1=1 crypto rx=0x7fadf8009fb0 tx=0x7fadf8011bf0 comp rx=0 tx=0).stop
2024-04-02T13:25:15.297 INFO:teuthology.orchestra.run.smithi122.stdout:/usr/bin/ceph: stderr
2024-04-02T13:25:14.698+0000 7fae0d1c9700 1 -- 172.21.15.122:0/1921929557 shutdown_connections
2024-04-02T13:25:15.298 INFO:teuthology.orchestra.run.smithi122.stdout:/usr/bin/ceph: stderr
2024-04-02T13:25:14.698+0000 7fae0d1c9700 1 --2- 172.21.15.122:0/1921929557 >> [v2:172.21.15.122:3300/0,v1:172.21.15.122:6789/0] conn(0x7fae08106e90 0x7fae0819c080 unknown :-1 s=CLOSED pgs=10 cs=0 l=1 rev1=1 crypto rx=0 tx=0 comp rx=0 tx=0).stop
2024-04-02T13:25:15.298 INFO:teuthology.orchestra.run.smithi122.stdout:/usr/bin/ceph: stderr
2024-04-02T13:25:14.698+0000 7fae0d1c9700 1 -- 172.21.15.122:0/1921929557 >> 172.21.15.122:0/1921929557 conn(0x7fae08102500 msgr2=0x7fae08103400 unknown :-1 s=STATE_NONE l=0).mark_down
2024-04-02T13:25:15.298 INFO:teuthology.orchestra.run.smithi122.stdout:/usr/bin/ceph: stderr
2024-04-02T13:25:14.698+0000 7fae0d1c9700 1 -- 172.21.15.122:0/1921929557 shutdown_connections
2024-04-02T13:25:15.298 INFO:teuthology.orchestra.run.smithi122.stdout:/usr/bin/ceph: stderr
2024-04-02T13:25:14.698+0000 7fae0d1c9700 1 -- 172.21.15.122:0/1921929557 wait complete.
2024-04-02T13:25:15.298 INFO:teuthology.orchestra.run.smithi122.stdout:mgr not available, waiting (3/15)...
2024-04-02T13:25:16.031 INFO:journalctl@ceph.mon.a.smithi122.stdout:Apr 02 13:25:15 smithi122 ceph-mon[32114]: Activating manager daemon x
2024-04-02T13:25:16.031 INFO:journalctl@ceph.mon.a.smithi122.stdout:Apr 02 13:25:15 smithi122 ceph-mon[32114]: mgrmap e2: x(active, starting, since 0.00315613s)
2024-04-02T13:25:16.031 INFO:journalctl@ceph.mon.a.smithi122.stdout:Apr 02 13:25:15 smithi122 ceph-mon[32114]: from='mgr.14100 172.21.15.122:0/2666729161' entity='mgr.x' cmd=[{"prefix": "mds metadata"}]: dispatch
2024-04-02T13:25:16.032 INFO:journalctl@ceph.mon.a.smithi122.stdout:Apr 02 13:25:15 smithi122 ceph-mon[32114]: from='mgr.14100 172.21.15.122:0/2666729161' entity='mgr.x' cmd=[{"prefix": "osd metadata"}]: dispatch
2024-04-02T13:25:16.032 INFO:journalctl@ceph.mon.a.smithi122.stdout:Apr 02 13:25:15 smithi122 ceph-mon[32114]: from='mgr.14100 172.21.15.122:0/2666729161' entity='mgr.x' cmd=[{"prefix": "mon metadata"}]: dispatch
2024-04-02T13:25:16.032 INFO:journalctl@ceph.mon.a.smithi122.stdout:Apr 02 13:25:15 smithi122 ceph-mon[32114]: from='mgr.14100 172.21.15.122:0/2666729161' entity='mgr.x' cmd=[{"prefix": "mon metadata", "id": "a"}]: dispatch
2024-04-02T13:25:16.032 INFO:journalctl@ceph.mon.a.smithi122.stdout:Apr 02 13:25:15 smithi122 ceph-mon[32114]: from='mgr.14100 172.21.15.122:0/2666729161' entity='mgr.x' cmd=[{"prefix": "mgr metadata", "who": "x", "id": "x"}]: dispatch
2024-04-02T13:25:16.032 INFO:journalctl@ceph.mon.a.smithi122.stdout:Apr 02 13:25:15 smithi122 ceph-mon[32114]: Manager daemon x is now available
2024-04-02T13:25:16.032 INFO:journalctl@ceph.mon.a.smithi122.stdout:Apr 02 13:25:15 smithi122 ceph-mon[32114]: from='mgr.14100 172.21.15.122:0/2666729161' entity='mgr.x' cmd=[{"prefix":"config rm","who":"mgr","name":"mgr/rbd_support/x/mirror_snapshot_schedule"}]: dispatch
2024-04-02T13:25:16.032 INFO:journalctl@ceph.mon.a.smithi122.stdout:Apr 02 13:25:15 smithi122 ceph-mon[32114]: from='mgr.14100 172.21.15.122:0/2666729161' entity='mgr.x' cmd=[{"prefix":"config rm","who":"mgr","name":"mgr/rbd_support/x/trash_purge_schedule"}]: dispatch
2024-04-02T13:25:16.032 INFO:journalctl@ceph.mon.a.smithi122.stdout:Apr 02 13:25:15 smithi122 ceph-mon[32114]: from='mgr.14100 172.21.15.122:0/2666729161' entity='mgr.x'
2024-04-02T13:25:16.032 INFO:journalctl@ceph.mon.a.smithi122.stdout:Apr 02 13:25:15 smithi122 ceph-mon[32114]: from='mgr.14100 172.21.15.122:0/2666729161' entity='mgr.x'
2024-04-02T13:25:16.032 INFO:journalctl@ceph.mon.a.smithi122.stdout:Apr 02 13:25:15 smithi122 ceph-mon[32114]: from='mgr.14100 172.21.15.122:0/2666729161' entity='mgr.x'
2024-04-02T13:25:17.205 INFO:journalctl@ceph.mon.a.smithi122.stdout:Apr 02 13:25:16 smithi122 ceph-mon[32114]: mgrmap e3: x(active, since 1.00658s)
2024-04-02T13:25:18.320 INFO:journalctl@ceph.mon.a.smithi122.stdout:Apr 02 13:25:17 smithi122 ceph-mon[32114]: mgrmap e4: x(active, since 2s)
2024-04-02T13:25:18.516 INFO:teuthology.orchestra.run.smithi122.stdout:/usr/bin/ceph: stdout
2024-04-02T13:25:18.519 INFO:teuthology.orchestra.run.smithi122.stdout:/usr/bin/ceph: stdout {
2024-04-02T13:25:18.521 INFO:teuthology.orchestra.run.smithi122.stdout:/usr/bin/ceph: stdout "fsid": "3c818384-f0f4-11ee-b647-cb9ed24678a4",
2024-04-02T13:25:18.521 INFO:teuthology.orchestra.run.smithi122.stdout:/usr/bin/ceph: stdout "health": {
2024-04-02T13:25:18.521 INFO:teuthology.orchestra.run.smithi122.stdout:/usr/bin/ceph: stdout "status": "HEALTH_OK",
2024-04-02T13:25:18.522 INFO:teuthology.orchestra.run.smithi122.stdout:/usr/bin/ceph: stdout "checks": {},
2024-04-02T13:25:18.522 INFO:teuthology.orchestra.run.smithi122.stdout:/usr/bin/ceph: stdout "mutes": []
2024-04-02T13:25:18.522 INFO:teuthology.orchestra.run.smithi122.stdout:/usr/bin/ceph: stdout },
2024-04-02T13:25:18.522 INFO:teuthology.orchestra.run.smithi122.stdout:/usr/bin/ceph: stdout "election_epoch": 5,
2024-04-02T13:25:18.522 INFO:teuthology.orchestra.run.smithi122.stdout:/usr/bin/ceph: stdout "quorum": [
2024-04-02T13:25:18.522 INFO:teuthology.orchestra.run.smithi122.stdout:/usr/bin/ceph: stdout 0
2024-04-02T13:25:18.522 INFO:teuthology.orchestra.run.smithi122.stdout:/usr/bin/ceph: stdout ],
2024-04-02T13:25:18.522 INFO:teuthology.orchestra.run.smithi122.stdout:/usr/bin/ceph: stdout "quorum_names": [
2024-04-02T13:25:18.522 INFO:teuthology.orchestra.run.smithi122.stdout:/usr/bin/ceph: stdout "a"
2024-04-02T13:25:18.522 INFO:teuthology.orchestra.run.smithi122.stdout:/usr/bin/ceph: stdout ],
2024-04-02T13:25:18.522 INFO:teuthology.orchestra.run.smithi122.stdout:/usr/bin/ceph: stdout "quorum_age": 11,
2024-04-02T13:25:18.522 INFO:teuthology.orchestra.run.smithi122.stdout:/usr/bin/ceph: stdout "monmap": {
2024-04-02T13:25:18.522 INFO:teuthology.orchestra.run.smithi122.stdout:/usr/bin/ceph: stdout "epoch": 1,
2024-04-02T13:25:18.522 INFO:teuthology.orchestra.run.smithi122.stdout:/usr/bin/ceph: stdout "min_mon_release_name": "squid",
2024-04-02T13:25:18.522 INFO:teuthology.orchestra.run.smithi122.stdout:/usr/bin/ceph: stdout "num_mons": 1
2024-04-02T13:25:18.523 INFO:teuthology.orchestra.run.smithi122.stdout:/usr/bin/ceph: stdout },
2024-04-02T13:25:18.523 INFO:teuthology.orchestra.run.smithi122.stdout:/usr/bin/ceph: stdout "osdmap": {
2024-04-02T13:25:18.523 INFO:teuthology.orchestra.run.smithi122.stdout:/usr/bin/ceph: stdout "epoch": 1,
2024-04-02T13:25:18.523 INFO:teuthology.orchestra.run.smithi122.stdout:/usr/bin/ceph: stdout "num_osds": 0,
2024-04-02T13:25:18.523 INFO:teuthology.orchestra.run.smithi122.stdout:/usr/bin/ceph: stdout "num_up_osds": 0,
2024-04-02T13:25:18.531 INFO:teuthology.orchestra.run.smithi122.stdout:/usr/bin/ceph: stdout "osd_up_since": 0,
2024-04-02T13:25:18.531 INFO:teuthology.orchestra.run.smithi122.stdout:/usr/bin/ceph: stdout "num_in_osds": 0,
2024-04-02T13:25:18.532 INFO:teuthology.orchestra.run.smithi122.stdout:/usr/bin/ceph: stdout "osd_in_since": 0,
2024-04-02T13:25:18.532 INFO:teuthology.orchestra.run.smithi122.stdout:/usr/bin/ceph: stdout "num_remapped_pgs": 0
2024-04-02T13:25:18.532 INFO:teuthology.orchestra.run.smithi122.stdout:/usr/bin/ceph: stdout },
2024-04-02T13:25:18.532 INFO:teuthology.orchestra.run.smithi122.stdout:/usr/bin/ceph: stdout "pgmap": {
2024-04-02T13:25:18.532 INFO:teuthology.orchestra.run.smithi122.stdout:/usr/bin/ceph: stdout "pgs_by_state": [],
2024-04-02T13:25:18.532 INFO:teuthology.orchestra.run.smithi122.stdout:/usr/bin/ceph: stdout "num_pgs": 0,
2024-04-02T13:25:18.532 INFO:teuthology.orchestra.run.smithi122.stdout:/usr/bin/ceph: stdout "num_pools": 0,
2024-04-02T13:25:18.532 INFO:teuthology.orchestra.run.smithi122.stdout:/usr/bin/ceph: stdout "num_objects": 0,
2024-04-02T13:25:18.532 INFO:teuthology.orchestra.run.smithi122.stdout:/usr/bin/ceph: stdout "data_bytes": 0,
2024-04-02T13:25:18.532 INFO:teuthology.orchestra.run.smithi122.stdout:/usr/bin/ceph: stdout "bytes_used": 0,
2024-04-02T13:25:18.532 INFO:teuthology.orchestra.run.smithi122.stdout:/usr/bin/ceph: stdout "bytes_avail": 0,
2024-04-02T13:25:18.532 INFO:teuthology.orchestra.run.smithi122.stdout:/usr/bin/ceph: stdout "bytes_total": 0
2024-04-02T13:25:18.532 INFO:teuthology.orchestra.run.smithi122.stdout:/usr/bin/ceph: stdout },
2024-04-02T13:25:18.532 INFO:teuthology.orchestra.run.smithi122.stdout:/usr/bin/ceph: stdout "fsmap": {
2024-04-02T13:25:18.533 INFO:teuthology.orchestra.run.smithi122.stdout:/usr/bin/ceph: stdout "epoch": 1,
2024-04-02T13:25:18.533 INFO:teuthology.orchestra.run.smithi122.stdout:/usr/bin/ceph: stdout "by_rank": [],
2024-04-02T13:25:18.533 INFO:teuthology.orchestra.run.smithi122.stdout:/usr/bin/ceph: stdout "up:standby": 0
2024-04-02T13:25:18.533 INFO:teuthology.orchestra.run.smithi122.stdout:/usr/bin/ceph: stdout },
2024-04-02T13:25:18.533 INFO:teuthology.orchestra.run.smithi122.stdout:/usr/bin/ceph: stdout "mgrmap": {
2024-04-02T13:25:18.533 INFO:teuthology.orchestra.run.smithi122.stdout:/usr/bin/ceph: stdout "available": true,
2024-04-02T13:25:18.533 INFO:teuthology.orchestra.run.smithi122.stdout:/usr/bin/ceph: stdout "num_standbys": 0,
2024-04-02T13:25:18.533 INFO:teuthology.orchestra.run.smithi122.stdout:/usr/bin/ceph: stdout "modules": [
2024-04-02T13:25:18.533 INFO:teuthology.orchestra.run.smithi122.stdout:/usr/bin/ceph: stdout "iostat",
2024-04-02T13:25:18.533 INFO:teuthology.orchestra.run.smithi122.stdout:/usr/bin/ceph: stdout "nfs",
2024-04-02T13:25:18.533 INFO:teuthology.orchestra.run.smithi122.stdout:/usr/bin/ceph: stdout "restful"
2024-04-02T13:25:18.533 INFO:teuthology.orchestra.run.smithi122.stdout:/usr/bin/ceph: stdout ],
2024-04-02T13:25:18.533 INFO:teuthology.orchestra.run.smithi122.stdout:/usr/bin/ceph: stdout "services": {}
2024-04-02T13:25:18.533 INFO:teuthology.orchestra.run.smithi122.stdout:/usr/bin/ceph: stdout },
2024-04-02T13:25:18.533 INFO:teuthology.orchestra.run.smithi122.stdout:/usr/bin/ceph: stdout "servicemap": {
2024-04-02T13:25:18.533 INFO:teuthology.orchestra.run.smithi122.stdout:/usr/bin/ceph: stdout "epoch": 1,
2024-04-02T13:25:18.534 INFO:teuthology.orchestra.run.smithi122.stdout:/usr/bin/ceph: stdout "modified": "2024-04-02T13:25:00.910782+0000",
2024-04-02T13:25:18.534 INFO:teuthology.orchestra.run.smithi122.stdout:/usr/bin/ceph: stdout "services": {}
2024-04-02T13:25:18.534 INFO:teuthology.orchestra.run.smithi122.stdout:/usr/bin/ceph: stdout },
2024-04-02T13:25:18.534 INFO:teuthology.orchestra.run.smithi122.stdout:/usr/bin/ceph: stdout "progress_events": {}
2024-04-02T13:25:18.534 INFO:teuthology.orchestra.run.smithi122.stdout:/usr/bin/ceph: stdout }
2024-04-02T13:25:18.534 INFO:teuthology.orchestra.run.smithi122.stdout:/usr/bin/ceph: stderr
2024-04-02T13:25:17.713+0000 7f3a18452700 1 Processor -- start
2024-04-02T13:25:18.534 INFO:teuthology.orchestra.run.smithi122.stdout:/usr/bin/ceph: stderr
2024-04-02T13:25:17.713+0000 7f3a18452700 1 -- start start
2024-04-02T13:25:18.534 INFO:teuthology.orchestra.run.smithi122.stdout:/usr/bin/ceph: stderr
2024-04-02T13:25:17.713+0000 7f3a18452700 1 --2- >> [v2:172.21.15.122:3300/0,v1:172.21.15.122:6789/0] conn(0x7f3a10108070 0x7f3a10108490 unknown :-1 s=NONE pgs=0 cs=0 l=0 rev1=0 crypto rx=0 tx=0 comp rx=0 tx=0).connect
2024-04-02T13:25:18.534 INFO:teuthology.orchestra.run.smithi122.stdout:/usr/bin/ceph: stderr
2024-04-02T13:25:17.713+0000 7f3a18452700 1 -- --> [v2:172.21.15.122:3300/0,v1:172.21.15.122:6789/0] -- mon_getmap magic: 0 -- 0x7f3a101089d0 con 0x7f3a10108070
2024-04-02T13:25:18.534 INFO:teuthology.orchestra.run.smithi122.stdout:/usr/bin/ceph: stderr
2024-04-02T13:25:17.714+0000 7f3a161ee700 1 --2- >> [v2:172.21.15.122:3300/0,v1:172.21.15.122:6789/0] conn(0x7f3a10108070 0x7f3a10108490 unknown :-1 s=BANNER_CONNECTING pgs=0 cs=0 l=0 rev1=0 crypto rx=0 tx=0 comp rx=0 tx=0)._handle_peer_banner_payload supported=3 required=0
2024-04-02T13:25:18.534 INFO:teuthology.orchestra.run.smithi122.stdout:/usr/bin/ceph: stderr
2024-04-02T13:25:17.714+0000 7f3a161ee700 1 --2- >> [v2:172.21.15.122:3300/0,v1:172.21.15.122:6789/0] conn(0x7f3a10108070 0x7f3a10108490 unknown :-1 s=HELLO_CONNECTING pgs=0 cs=0 l=0 rev1=1 crypto rx=0 tx=0 comp rx=0 tx=0).handle_hello peer v2:172.21.15.122:3300/0 says I am v2:172.21.15.122:33914/0 (socket says 172.21.15.122:33914)
2024-04-02T13:25:18.534 INFO:teuthology.orchestra.run.smithi122.stdout:/usr/bin/ceph: stderr
2024-04-02T13:25:17.714+0000 7f3a161ee700 1 -- 172.21.15.122:0/2083287594 learned_addr learned my addr 172.21.15.122:0/2083287594 (peer_addr_for_me v2:172.21.15.122:0/0)
2024-04-02T13:25:18.535 INFO:teuthology.orchestra.run.smithi122.stdout:/usr/bin/ceph: stderr
2024-04-02T13:25:17.714+0000 7f3a161ee700 1 -- 172.21.15.122:0/2083287594 --> [v2:172.21.15.122:3300/0,v1:172.21.15.122:6789/0] -- mon_subscribe({config=0+,monmap=0+}) -- 0x7f3a10108b50 con 0x7f3a10108070
2024-04-02T13:25:18.535 INFO:teuthology.orchestra.run.smithi122.stdout:/usr/bin/ceph: stderr
2024-04-02T13:25:17.714+0000 7f3a161ee700 1 --2- 172.21.15.122:0/2083287594 >> [v2:172.21.15.122:3300/0,v1:172.21.15.122:6789/0] conn(0x7f3a10108070 0x7f3a10108490 secure :-1 s=READY pgs=18 cs=0 l=1 rev1=1 crypto rx=0x7f3a0c0098a0 tx=0x7f3a0c009bb0 comp rx=0 tx=0).ready entity=mon.0 client_cookie=1ba712807cc378a9 server_cookie=0 in_seq=0 out_seq=0
2024-04-02T13:25:18.535 INFO:teuthology.orchestra.run.smithi122.stdout:/usr/bin/ceph: stderr
2024-04-02T13:25:17.714+0000 7f3a151ec700 1 -- 172.21.15.122:0/2083287594 <== mon.0 v2:172.21.15.122:3300/0 1 ==== mon_map magic: 0 ==== 205+0+0 (secure 0 0 0) 0x7f3a0c004160 con 0x7f3a10108070
2024-04-02T13:25:18.535 INFO:teuthology.orchestra.run.smithi122.stdout:/usr/bin/ceph: stderr
2024-04-02T13:25:17.714+0000 7f3a151ec700 1 -- 172.21.15.122:0/2083287594 <== mon.0 v2:172.21.15.122:3300/0 2 ==== config(27 keys) ==== 1109+0+0 (secure 0 0 0) 0x7f3a0c004300 con 0x7f3a10108070
2024-04-02T13:25:18.535 INFO:teuthology.orchestra.run.smithi122.stdout:/usr/bin/ceph: stderr
2024-04-02T13:25:17.714+0000 7f3a151ec700 1 -- 172.21.15.122:0/2083287594 <== mon.0 v2:172.21.15.122:3300/0 3 ==== mon_map magic: 0 ==== 205+0+0 (secure 0 0 0) 0x7f3a0c011b50 con 0x7f3a10108070
2024-04-02T13:25:18.535 INFO:teuthology.orchestra.run.smithi122.stdout:/usr/bin/ceph: stderr
2024-04-02T13:25:17.715+0000 7f3a18452700 1 -- 172.21.15.122:0/2083287594 >> [v2:172.21.15.122:3300/0,v1:172.21.15.122:6789/0] conn(0x7f3a10108070 msgr2=0x7f3a10108490 secure :-1 s=STATE_CONNECTION_ESTABLISHED l=1).mark_down
2024-04-02T13:25:18.535 INFO:teuthology.orchestra.run.smithi122.stdout:/usr/bin/ceph: stderr
2024-04-02T13:25:17.715+0000 7f3a18452700 1 --2- 172.21.15.122:0/2083287594 >> [v2:172.21.15.122:3300/0,v1:172.21.15.122:6789/0] conn(0x7f3a10108070 0x7f3a10108490 secure :-1 s=READY pgs=18 cs=0 l=1 rev1=1 crypto rx=0x7f3a0c0098a0 tx=0x7f3a0c009bb0 comp rx=0 tx=0).stop
2024-04-02T13:25:18.535 INFO:teuthology.orchestra.run.smithi122.stdout:/usr/bin/ceph: stderr
2024-04-02T13:25:17.715+0000 7f3a18452700 1 -- 172.21.15.122:0/2083287594 shutdown_connections
2024-04-02T13:25:18.535 INFO:teuthology.orchestra.run.smithi122.stdout:/usr/bin/ceph: stderr
2024-04-02T13:25:17.715+0000 7f3a18452700 1 --2- 172.21.15.122:0/2083287594 >> [v2:172.21.15.122:3300/0,v1:172.21.15.122:6789/0] conn(0x7f3a10108070 0x7f3a10108490 unknown :-1 s=CLOSED pgs=18 cs=0 l=1 rev1=1 crypto rx=0 tx=0 comp rx=0 tx=0).stop
2024-04-02T13:25:18.535 INFO:teuthology.orchestra.run.smithi122.stdout:/usr/bin/ceph: stderr
2024-04-02T13:25:17.715+0000 7f3a18452700 1 -- 172.21.15.122:0/2083287594 >> 172.21.15.122:0/2083287594 conn(0x7f3a101036d0 msgr2=0x7f3a10105af0 unknown :-1 s=STATE_NONE l=0).mark_down
2024-04-02T13:25:18.535 INFO:teuthology.orchestra.run.smithi122.stdout:/usr/bin/ceph: stderr
2024-04-02T13:25:17.715+0000 7f3a18452700 1 -- 172.21.15.122:0/2083287594 shutdown_connections
2024-04-02T13:25:18.535 INFO:teuthology.orchestra.run.smithi122.stdout:/usr/bin/ceph: stderr
2024-04-02T13:25:17.715+0000 7f3a18452700 1 -- 172.21.15.122:0/2083287594 wait complete.
2024-04-02T13:25:18.535 INFO:teuthology.orchestra.run.smithi122.stdout:/usr/bin/ceph: stderr
2024-04-02T13:25:17.715+0000 7f3a18452700 1 Processor -- start
2024-04-02T13:25:18.535 INFO:teuthology.orchestra.run.smithi122.stdout:/usr/bin/ceph: stderr
2024-04-02T13:25:17.716+0000 7f3a18452700 1 -- start start
2024-04-02T13:25:18.535 INFO:teuthology.orchestra.run.smithi122.stdout:/usr/bin/ceph: stderr
2024-04-02T13:25:17.716+0000 7f3a18452700 1 --2- >> [v2:172.21.15.122:3300/0,v1:172.21.15.122:6789/0] conn(0x7f3a10108070 0x7f3a1019bf90 unknown :-1 s=NONE pgs=0 cs=0 l=1 rev1=0 crypto rx=0 tx=0 comp rx=0 tx=0).connect
2024-04-02T13:25:18.536 INFO:teuthology.orchestra.run.smithi122.stdout:/usr/bin/ceph: stderr
2024-04-02T13:25:17.716+0000 7f3a18452700 1 -- --> [v2:172.21.15.122:3300/0,v1:172.21.15.122:6789/0] -- mon_getmap magic: 0 -- 0x7f3a1010c490 con 0x7f3a10108070
2024-04-02T13:25:18.536 INFO:teuthology.orchestra.run.smithi122.stdout:/usr/bin/ceph: stderr
2024-04-02T13:25:17.716+0000 7f3a161ee700 1 --2- >> [v2:172.21.15.122:3300/0,v1:172.21.15.122:6789/0] conn(0x7f3a10108070 0x7f3a1019bf90 unknown :-1 s=BANNER_CONNECTING pgs=0 cs=0 l=1 rev1=0 crypto rx=0 tx=0 comp rx=0 tx=0)._handle_peer_banner_payload supported=3 required=0
2024-04-02T13:25:18.536 INFO:teuthology.orchestra.run.smithi122.stdout:/usr/bin/ceph: stderr
2024-04-02T13:25:17.716+0000 7f3a161ee700 1 --2- >> [v2:172.21.15.122:3300/0,v1:172.21.15.122:6789/0] conn(0x7f3a10108070 0x7f3a1019bf90 unknown :-1 s=HELLO_CONNECTING pgs=0 cs=0 l=1 rev1=1 crypto rx=0 tx=0 comp rx=0 tx=0).handle_hello peer v2:172.21.15.122:3300/0 says I am v2:172.21.15.122:33930/0 (socket says 172.21.15.122:33930)
2024-04-02T13:25:18.536 INFO:teuthology.orchestra.run.smithi122.stdout:/usr/bin/ceph: stderr
2024-04-02T13:25:17.716+0000 7f3a161ee700 1 -- 172.21.15.122:0/3054730220 learned_addr learned my addr 172.21.15.122:0/3054730220 (peer_addr_for_me v2:172.21.15.122:0/0)
2024-04-02T13:25:18.536 INFO:teuthology.orchestra.run.smithi122.stdout:/usr/bin/ceph: stderr
2024-04-02T13:25:17.716+0000 7f3a161ee700 1 -- 172.21.15.122:0/3054730220 --> [v2:172.21.15.122:3300/0,v1:172.21.15.122:6789/0] -- mon_subscribe({config=0+,monmap=0+}) -- 0x7f3a1019c4d0 con 0x7f3a10108070
2024-04-02T13:25:18.536 INFO:teuthology.orchestra.run.smithi122.stdout:/usr/bin/ceph: stderr
2024-04-02T13:25:17.716+0000 7f3a161ee700 1 --2- 172.21.15.122:0/3054730220 >> [v2:172.21.15.122:3300/0,v1:172.21.15.122:6789/0] conn(0x7f3a10108070 0x7f3a1019bf90 secure :-1 s=READY pgs=19 cs=0 l=1 rev1=1 crypto rx=0x7f3a0c011b60 tx=0x7f3a0c011c40 comp rx=0 tx=0).ready entity=mon.0 client_cookie=0 server_cookie=0 in_seq=0 out_seq=0
2024-04-02T13:25:18.536 INFO:teuthology.orchestra.run.smithi122.stdout:/usr/bin/ceph: stderr
2024-04-02T13:25:17.716+0000 7f3a077fe700 1 -- 172.21.15.122:0/3054730220 <== mon.0 v2:172.21.15.122:3300/0 1 ==== mon_map magic: 0 ==== 205+0+0 (secure 0 0 0) 0x7f3a0c003b20 con 0x7f3a10108070
2024-04-02T13:25:18.536 INFO:teuthology.orchestra.run.smithi122.stdout:/usr/bin/ceph: stderr
2024-04-02T13:25:17.716+0000 7f3a077fe700 1 -- 172.21.15.122:0/3054730220 <== mon.0 v2:172.21.15.122:3300/0 2 ==== config(27 keys) ==== 1109+0+0 (secure 0 0 0) 0x7f3a0c003cc0 con 0x7f3a10108070
2024-04-02T13:25:18.536 INFO:teuthology.orchestra.run.smithi122.stdout:/usr/bin/ceph: stderr
2024-04-02T13:25:17.716+0000 7f3a077fe700 1 -- 172.21.15.122:0/3054730220 <== mon.0 v2:172.21.15.122:3300/0 3 ==== mon_map magic: 0 ==== 205+0+0 (secure 0 0 0) 0x7f3a0c024840 con 0x7f3a10108070
2024-04-02T13:25:18.536 INFO:teuthology.orchestra.run.smithi122.stdout:/usr/bin/ceph: stderr
2024-04-02T13:25:17.716+0000 7f3a18452700 1 -- 172.21.15.122:0/3054730220 --> [v2:172.21.15.122:3300/0,v1:172.21.15.122:6789/0] -- mon_subscribe({mgrmap=0+}) -- 0x7f3a1019c760 con 0x7f3a10108070
2024-04-02T13:25:18.536 INFO:teuthology.orchestra.run.smithi122.stdout:/usr/bin/ceph: stderr
2024-04-02T13:25:17.716+0000 7f3a18452700 1 -- 172.21.15.122:0/3054730220 --> [v2:172.21.15.122:3300/0,v1:172.21.15.122:6789/0] -- mon_subscribe({osdmap=0}) -- 0x7f3a1019f450 con 0x7f3a10108070
2024-04-02T13:25:18.536 INFO:teuthology.orchestra.run.smithi122.stdout:/usr/bin/ceph: stderr
2024-04-02T13:25:17.717+0000 7f3a077fe700 1 -- 172.21.15.122:0/3054730220 <== mon.0 v2:172.21.15.122:3300/0 4 ==== mgrmap(e 4) ==== 46547+0+0 (secure 0 0 0) 0x7f3a0c022020 con 0x7f3a10108070
2024-04-02T13:25:18.536 INFO:teuthology.orchestra.run.smithi122.stdout:/usr/bin/ceph: stderr
2024-04-02T13:25:17.717+0000 7f3a077fe700 1 --2- 172.21.15.122:0/3054730220 >> [v2:172.21.15.122:6800/1645681773,v1:172.21.15.122:6801/1645681773] conn(0x7f39fc0395b0 0x7f39fc03ba70 unknown :-1 s=NONE pgs=0 cs=0 l=1 rev1=0 crypto rx=0 tx=0 comp rx=0 tx=0).connect
2024-04-02T13:25:18.536 INFO:teuthology.orchestra.run.smithi122.stdout:/usr/bin/ceph: stderr
2024-04-02T13:25:17.717+0000 7f3a077fe700 1 -- 172.21.15.122:0/3054730220 <== mon.0 v2:172.21.15.122:3300/0 5 ==== osd_map(1..1 src has 1..1) ==== 725+0+0 (secure 0 0 0) 0x7f3a0c011e00 con 0x7f3a10108070
2024-04-02T13:25:18.537 INFO:teuthology.orchestra.run.smithi122.stdout:/usr/bin/ceph: stderr
2024-04-02T13:25:17.717+0000 7f3a159ed700 1 --2- 172.21.15.122:0/3054730220 >> [v2:172.21.15.122:6800/1645681773,v1:172.21.15.122:6801/1645681773] conn(0x7f39fc0395b0 0x7f39fc03ba70 unknown :-1 s=BANNER_CONNECTING pgs=0 cs=0 l=1 rev1=0 crypto rx=0 tx=0 comp rx=0 tx=0)._handle_peer_banner_payload supported=3 required=0
2024-04-02T13:25:18.537 INFO:teuthology.orchestra.run.smithi122.stdout:/usr/bin/ceph: stderr
2024-04-02T13:25:17.717+0000 7f3a18452700 1 -- 172.21.15.122:0/3054730220 --> [v2:172.21.15.122:3300/0,v1:172.21.15.122:6789/0] -- mon_command({"prefix": "get_command_descriptions"} v 0) -- 0x7f3a10063c20 con 0x7f3a10108070
2024-04-02T13:25:18.537 INFO:teuthology.orchestra.run.smithi122.stdout:/usr/bin/ceph: stderr
2024-04-02T13:25:17.718+0000 7f3a159ed700 1 --2- 172.21.15.122:0/3054730220 >> [v2:172.21.15.122:6800/1645681773,v1:172.21.15.122:6801/1645681773] conn(0x7f39fc0395b0 0x7f39fc03ba70 secure :-1 s=READY pgs=6 cs=0 l=1 rev1=1 crypto rx=0x7f3a00006fd0 tx=0x7f3a00006e40 comp rx=0 tx=0).ready entity=mgr.14100 client_cookie=0 server_cookie=0 in_seq=0 out_seq=0
2024-04-02T13:25:18.537 INFO:teuthology.orchestra.run.smithi122.stdout:/usr/bin/ceph: stderr
2024-04-02T13:25:17.723+0000 7f3a077fe700 1 -- 172.21.15.122:0/3054730220 <== mon.0 v2:172.21.15.122:3300/0 6 ==== mon_command_ack([{"prefix": "get_command_descriptions"}]=0 v0) ==== 72+0+188173 (secure 0 0 0) 0x7f3a0c0172b0 con 0x7f3a10108070
2024-04-02T13:25:18.537 INFO:teuthology.orchestra.run.smithi122.stdout:/usr/bin/ceph: stderr
2024-04-02T13:25:18.008+0000 7f3a18452700 1 -- 172.21.15.122:0/3054730220 --> [v2:172.21.15.122:3300/0,v1:172.21.15.122:6789/0] -- mon_command({"prefix": "status", "format": "json-pretty"} v 0) -- 0x7f3a1019f930 con 0x7f3a10108070
2024-04-02T13:25:18.537 INFO:teuthology.orchestra.run.smithi122.stdout:/usr/bin/ceph: stderr
2024-04-02T13:25:18.008+0000 7f3a077fe700 1 -- 172.21.15.122:0/3054730220 <== mon.0 v2:172.21.15.122:3300/0 7 ==== mon_command_ack([{"prefix": "status", "format": "json-pretty"}]=0 v0) ==== 79+0+1239 (secure 0 0 0) 0x7f3a0c00ba30 con 0x7f3a10108070
2024-04-02T13:25:18.537 INFO:teuthology.orchestra.run.smithi122.stdout:/usr/bin/ceph: stderr
2024-04-02T13:25:18.010+0000 7f3a18452700 1 -- 172.21.15.122:0/3054730220 >> [v2:172.21.15.122:6800/1645681773,v1:172.21.15.122:6801/1645681773] conn(0x7f39fc0395b0 msgr2=0x7f39fc03ba70 secure :-1 s=STATE_CONNECTION_ESTABLISHED l=1).mark_down
2024-04-02T13:25:18.537 INFO:teuthology.orchestra.run.smithi122.stdout:/usr/bin/ceph: stderr
2024-04-02T13:25:18.010+0000 7f3a18452700 1 --2- 172.21.15.122:0/3054730220 >> [v2:172.21.15.122:6800/1645681773,v1:172.21.15.122:6801/1645681773] conn(0x7f39fc0395b0 0x7f39fc03ba70 secure :-1 s=READY pgs=6 cs=0 l=1 rev1=1 crypto rx=0x7f3a00006fd0 tx=0x7f3a00006e40 comp rx=0 tx=0).stop
2024-04-02T13:25:18.537 INFO:teuthology.orchestra.run.smithi122.stdout:/usr/bin/ceph: stderr
2024-04-02T13:25:18.010+0000 7f3a18452700 1 -- 172.21.15.122:0/3054730220 >> [v2:172.21.15.122:3300/0,v1:172.21.15.122:6789/0] conn(0x7f3a10108070 msgr2=0x7f3a1019bf90 secure :-1 s=STATE_CONNECTION_ESTABLISHED l=1).mark_down
2024-04-02T13:25:18.537 INFO:teuthology.orchestra.run.smithi122.stdout:/usr/bin/ceph: stderr
2024-04-02T13:25:18.010+0000 7f3a18452700 1 --2- 172.21.15.122:0/3054730220 >> [v2:172.21.15.122:3300/0,v1:172.21.15.122:6789/0] conn(0x7f3a10108070 0x7f3a1019bf90 secure :-1 s=READY pgs=19 cs=0 l=1 rev1=1 crypto rx=0x7f3a0c011b60 tx=0x7f3a0c011c40 comp rx=0 tx=0).stop
2024-04-02T13:25:18.537 INFO:teuthology.orchestra.run.smithi122.stdout:/usr/bin/ceph: stderr
2024-04-02T13:25:18.010+0000 7f3a18452700 1 -- 172.21.15.122:0/3054730220 shutdown_connections
2024-04-02T13:25:18.537 INFO:teuthology.orchestra.run.smithi122.stdout:/usr/bin/ceph: stderr
2024-04-02T13:25:18.010+0000 7f3a18452700 1 --2- 172.21.15.122:0/3054730220 >> [v2:172.21.15.122:6800/1645681773,v1:172.21.15.122:6801/1645681773] conn(0x7f39fc0395b0 0x7f39fc03ba70 unknown :-1 s=CLOSED pgs=6 cs=0 l=1 rev1=1 crypto rx=0 tx=0 comp rx=0 tx=0).stop
2024-04-02T13:25:18.537 INFO:teuthology.orchestra.run.smithi122.stdout:/usr/bin/ceph: stderr
2024-04-02T13:25:18.010+0000 7f3a18452700 1 --2- 172.21.15.122:0/3054730220 >> [v2:172.21.15.122:3300/0,v1:172.21.15.122:6789/0] conn(0x7f3a10108070 0x7f3a1019bf90 unknown :-1 s=CLOSED pgs=19 cs=0 l=1 rev1=1 crypto rx=0 tx=0 comp rx=0 tx=0).stop
2024-04-02T13:25:18.537 INFO:teuthology.orchestra.run.smithi122.stdout:/usr/bin/ceph: stderr
2024-04-02T13:25:18.010+0000 7f3a18452700 1 -- 172.21.15.122:0/3054730220 >> 172.21.15.122:0/3054730220 conn(0x7f3a101036d0 msgr2=0x7f3a10104190 unknown :-1 s=STATE_NONE l=0).mark_down
2024-04-02T13:25:18.537 INFO:teuthology.orchestra.run.smithi122.stdout:/usr/bin/ceph: stderr
2024-04-02T13:25:18.011+0000 7f3a18452700 1 -- 172.21.15.122:0/3054730220 shutdown_connections
2024-04-02T13:25:18.537 INFO:teuthology.orchestra.run.smithi122.stdout:/usr/bin/ceph: stderr
2024-04-02T13:25:18.011+0000 7f3a18452700 1 -- 172.21.15.122:0/3054730220 wait complete.
2024-04-02T13:25:18.537 INFO:teuthology.orchestra.run.smithi122.stdout:mgr is available
2024-04-02T13:25:19.070 INFO:journalctl@ceph.mon.a.smithi122.stdout:Apr 02 13:25:18 smithi122 ceph-mon[32114]: from='client.? 172.21.15.122:0/3054730220' entity='client.admin' cmd=[{"prefix": "status", "format": "json-pretty"}]: dispatch
2024-04-02T13:25:19.587 INFO:teuthology.orchestra.run.smithi122.stdout:/usr/bin/ceph: stdout
2024-04-02T13:25:19.587 INFO:teuthology.orchestra.run.smithi122.stdout:/usr/bin/ceph: stdout [global]
2024-04-02T13:25:19.587 INFO:teuthology.orchestra.run.smithi122.stdout:/usr/bin/ceph: stdout fsid = 3c818384-f0f4-11ee-b647-cb9ed24678a4
2024-04-02T13:25:19.587 INFO:teuthology.orchestra.run.smithi122.stdout:/usr/bin/ceph: stdout mon_osd_allow_pg_remap = true
2024-04-02T13:25:19.587 INFO:teuthology.orchestra.run.smithi122.stdout:/usr/bin/ceph: stdout mon_osd_allow_primary_affinity = true
2024-04-02T13:25:19.587 INFO:teuthology.orchestra.run.smithi122.stdout:/usr/bin/ceph: stdout mon_warn_on_no_sortbitwise = false
2024-04-02T13:25:19.587 INFO:teuthology.orchestra.run.smithi122.stdout:/usr/bin/ceph: stdout osd_crush_chooseleaf_type = 0
2024-04-02T13:25:19.587 INFO:teuthology.orchestra.run.smithi122.stdout:/usr/bin/ceph: stdout
2024-04-02T13:25:19.587 INFO:teuthology.orchestra.run.smithi122.stdout:/usr/bin/ceph: stdout [mgr]
2024-04-02T13:25:19.587 INFO:teuthology.orchestra.run.smithi122.stdout:/usr/bin/ceph: stdout mgr/telemetry/nag = false
2024-04-02T13:25:19.587 INFO:teuthology.orchestra.run.smithi122.stdout:/usr/bin/ceph: stdout
2024-04-02T13:25:19.588 INFO:teuthology.orchestra.run.smithi122.stdout:/usr/bin/ceph: stdout [osd]
2024-04-02T13:25:19.588 INFO:teuthology.orchestra.run.smithi122.stdout:/usr/bin/ceph: stdout mon_osd_backfillfull_ratio = 0.85
2024-04-02T13:25:19.588 INFO:teuthology.orchestra.run.smithi122.stdout:/usr/bin/ceph: stdout mon_osd_full_ratio = 0.9
2024-04-02T13:25:19.588 INFO:teuthology.orchestra.run.smithi122.stdout:/usr/bin/ceph: stdout mon_osd_nearfull_ratio = 0.8
2024-04-02T13:25:19.588 INFO:teuthology.orchestra.run.smithi122.stdout:/usr/bin/ceph: stdout osd_map_max_advance = 10
2024-04-02T13:25:19.588 INFO:teuthology.orchestra.run.smithi122.stdout:/usr/bin/ceph: stdout osd_sloppy_crc = true
2024-04-02T13:25:19.588 INFO:teuthology.orchestra.run.smithi122.stdout:/usr/bin/ceph: stderr
2024-04-02T13:25:18.921+0000 7f233185c700 1 Processor -- start
2024-04-02T13:25:19.588 INFO:teuthology.orchestra.run.smithi122.stdout:/usr/bin/ceph: stderr
2024-04-02T13:25:18.921+0000 7f233185c700 1 -- start start
2024-04-02T13:25:19.588 INFO:teuthology.orchestra.run.smithi122.stdout:/usr/bin/ceph: stderr
2024-04-02T13:25:18.921+0000 7f233185c700 1 --2- >> [v2:172.21.15.122:3300/0,v1:172.21.15.122:6789/0] conn(0x7f232c107fb0 0x7f232c1083d0 unknown :-1 s=NONE pgs=0 cs=0 l=0 rev1=0 crypto rx=0 tx=0 comp rx=0 tx=0).connect
2024-04-02T13:25:19.588 INFO:teuthology.orchestra.run.smithi122.stdout:/usr/bin/ceph: stderr
2024-04-02T13:25:18.921+0000 7f233185c700 1 -- --> [v2:172.21.15.122:3300/0,v1:172.21.15.122:6789/0] -- mon_getmap magic: 0 -- 0x7f232c1089a0 con 0x7f232c107fb0
2024-04-02T13:25:19.588 INFO:teuthology.orchestra.run.smithi122.stdout:/usr/bin/ceph: stderr
2024-04-02T13:25:18.921+0000 7f232affd700 1 --2- >> [v2:172.21.15.122:3300/0,v1:172.21.15.122:6789/0] conn(0x7f232c107fb0 0x7f232c1083d0 unknown :-1 s=BANNER_CONNECTING pgs=0 cs=0 l=0 rev1=0 crypto rx=0 tx=0 comp rx=0 tx=0)._handle_peer_banner_payload supported=3 required=0
2024-04-02T13:25:19.588 INFO:teuthology.orchestra.run.smithi122.stdout:/usr/bin/ceph: stderr
2024-04-02T13:25:18.921+0000 7f232affd700 1 --2- >> [v2:172.21.15.122:3300/0,v1:172.21.15.122:6789/0] conn(0x7f232c107fb0 0x7f232c1083d0 unknown :-1 s=HELLO_CONNECTING pgs=0 cs=0 l=0 rev1=1 crypto rx=0 tx=0 comp rx=0 tx=0).handle_hello peer v2:172.21.15.122:3300/0 says I am v2:172.21.15.122:51590/0 (socket says 172.21.15.122:51590)
2024-04-02T13:25:19.588 INFO:teuthology.orchestra.run.smithi122.stdout:/usr/bin/ceph: stderr
2024-04-02T13:25:18.921+0000 7f232affd700 1 -- 172.21.15.122:0/1290803474 learned_addr learned my addr 172.21.15.122:0/1290803474 (peer_addr_for_me v2:172.21.15.122:0/0)
2024-04-02T13:25:19.588 INFO:teuthology.orchestra.run.smithi122.stdout:/usr/bin/ceph: stderr
2024-04-02T13:25:18.922+0000 7f232affd700 1 -- 172.21.15.122:0/1290803474 --> [v2:172.21.15.122:3300/0,v1:172.21.15.122:6789/0] -- mon_subscribe({config=0+,monmap=0+}) -- 0x7f232c1091b0 con 0x7f232c107fb0
2024-04-02T13:25:19.588 INFO:teuthology.orchestra.run.smithi122.stdout:/usr/bin/ceph: stderr
2024-04-02T13:25:18.922+0000 7f232affd700 1 --2- 172.21.15.122:0/1290803474 >> [v2:172.21.15.122:3300/0,v1:172.21.15.122:6789/0] conn(0x7f232c107fb0 0x7f232c1083d0 secure :-1 s=READY pgs=20 cs=0 l=1 rev1=1 crypto rx=0x7f231c0098a0 tx=0x7f231c009bb0 comp rx=0 tx=0).ready entity=mon.0 client_cookie=fee93428051da4d2 server_cookie=0 in_seq=0 out_seq=0
2024-04-02T13:25:19.589 INFO:teuthology.orchestra.run.smithi122.stdout:/usr/bin/ceph: stderr
2024-04-02T13:25:18.922+0000 7f232a7fc700 1 -- 172.21.15.122:0/1290803474 <== mon.0 v2:172.21.15.122:3300/0 1 ==== mon_map magic: 0 ==== 205+0+0 (secure 0 0 0) 0x7f231c004160 con 0x7f232c107fb0
2024-04-02T13:25:19.589 INFO:teuthology.orchestra.run.smithi122.stdout:/usr/bin/ceph: stderr
2024-04-02T13:25:18.922+0000 7f232a7fc700 1 -- 172.21.15.122:0/1290803474 <== mon.0 v2:172.21.15.122:3300/0 2 ==== config(27 keys) ==== 1109+0+0 (secure 0 0 0) 0x7f231c004300 con 0x7f232c107fb0
2024-04-02T13:25:19.589 INFO:teuthology.orchestra.run.smithi122.stdout:/usr/bin/ceph: stderr
2024-04-02T13:25:18.922+0000 7f232a7fc700 1 -- 172.21.15.122:0/1290803474 <== mon.0 v2:172.21.15.122:3300/0 3 ==== mon_map magic: 0 ==== 205+0+0 (secure 0 0 0) 0x7f231c011b50 con 0x7f232c107fb0
2024-04-02T13:25:19.589 INFO:teuthology.orchestra.run.smithi122.stdout:/usr/bin/ceph: stderr
2024-04-02T13:25:18.923+0000 7f233185c700 1 -- 172.21.15.122:0/1290803474 >> [v2:172.21.15.122:3300/0,v1:172.21.15.122:6789/0] conn(0x7f232c107fb0 msgr2=0x7f232c1083d0 secure :-1 s=STATE_CONNECTION_ESTABLISHED l=1).mark_down
2024-04-02T13:25:19.589 INFO:teuthology.orchestra.run.smithi122.stdout:/usr/bin/ceph: stderr
2024-04-02T13:25:18.923+0000 7f233185c700 1 --2- 172.21.15.122:0/1290803474 >> [v2:172.21.15.122:3300/0,v1:172.21.15.122:6789/0] conn(0x7f232c107fb0 0x7f232c1083d0 secure :-1 s=READY pgs=20 cs=0 l=1 rev1=1 crypto rx=0x7f231c0098a0 tx=0x7f231c009bb0 comp rx=0 tx=0).stop
2024-04-02T13:25:19.589 INFO:teuthology.orchestra.run.smithi122.stdout:/usr/bin/ceph: stderr
2024-04-02T13:25:18.923+0000 7f233185c700 1 -- 172.21.15.122:0/1290803474 shutdown_connections
2024-04-02T13:25:19.589 INFO:teuthology.orchestra.run.smithi122.stdout:/usr/bin/ceph: stderr
2024-04-02T13:25:18.923+0000 7f233185c700 1 --2- 172.21.15.122:0/1290803474 >> [v2:172.21.15.122:3300/0,v1:172.21.15.122:6789/0] conn(0x7f232c107fb0 0x7f232c1083d0 unknown :-1 s=CLOSED pgs=20 cs=0 l=1 rev1=1 crypto rx=0 tx=0 comp rx=0 tx=0).stop
2024-04-02T13:25:19.589 INFO:teuthology.orchestra.run.smithi122.stdout:/usr/bin/ceph: stderr
2024-04-02T13:25:18.923+0000 7f233185c700 1 -- 172.21.15.122:0/1290803474 >> 172.21.15.122:0/1290803474 conn(0x7f232c103590 msgr2=0x7f232c1059b0 unknown :-1 s=STATE_NONE l=0).mark_down
2024-04-02T13:25:19.589 INFO:teuthology.orchestra.run.smithi122.stdout:/usr/bin/ceph: stderr
2024-04-02T13:25:18.923+0000 7f233185c700 1 -- 172.21.15.122:0/1290803474 shutdown_connections
2024-04-02T13:25:19.589 INFO:teuthology.orchestra.run.smithi122.stdout:/usr/bin/ceph: stderr
2024-04-02T13:25:18.923+0000 7f233185c700 1 -- 172.21.15.122:0/1290803474 wait complete.
2024-04-02T13:25:19.589 INFO:teuthology.orchestra.run.smithi122.stdout:/usr/bin/ceph: stderr
2024-04-02T13:25:18.923+0000 7f233185c700 1 Processor -- start
2024-04-02T13:25:19.589 INFO:teuthology.orchestra.run.smithi122.stdout:/usr/bin/ceph: stderr
2024-04-02T13:25:18.923+0000 7f233185c700 1 -- start start
2024-04-02T13:25:19.589 INFO:teuthology.orchestra.run.smithi122.stdout:/usr/bin/ceph: stderr
2024-04-02T13:25:18.924+0000 7f233185c700 1 --2- >> [v2:172.21.15.122:3300/0,v1:172.21.15.122:6789/0] conn(0x7f232c107fb0 0x7f232c19bfd0 unknown :-1 s=NONE pgs=0 cs=0 l=1 rev1=0 crypto rx=0 tx=0 comp rx=0 tx=0).connect
2024-04-02T13:25:19.589 INFO:teuthology.orchestra.run.smithi122.stdout:/usr/bin/ceph: stderr
2024-04-02T13:25:18.924+0000 7f233185c700 1 -- --> [v2:172.21.15.122:3300/0,v1:172.21.15.122:6789/0] -- mon_getmap magic: 0 -- 0x7f232c10c560 con 0x7f232c107fb0
2024-04-02T13:25:19.589 INFO:teuthology.orchestra.run.smithi122.stdout:/usr/bin/ceph: stderr
2024-04-02T13:25:18.924+0000 7f232affd700 1 --2- >> [v2:172.21.15.122:3300/0,v1:172.21.15.122:6789/0] conn(0x7f232c107fb0 0x7f232c19bfd0 unknown :-1 s=BANNER_CONNECTING pgs=0 cs=0 l=1 rev1=0 crypto rx=0 tx=0 comp rx=0 tx=0)._handle_peer_banner_payload supported=3 required=0
2024-04-02T13:25:19.589 INFO:teuthology.orchestra.run.smithi122.stdout:/usr/bin/ceph: stderr
2024-04-02T13:25:18.924+0000 7f232affd700 1 --2- >> [v2:172.21.15.122:3300/0,v1:172.21.15.122:6789/0] conn(0x7f232c107fb0 0x7f232c19bfd0 unknown :-1 s=HELLO_CONNECTING pgs=0 cs=0 l=1 rev1=1 crypto rx=0 tx=0 comp rx=0 tx=0).handle_hello peer v2:172.21.15.122:3300/0 says I am v2:172.21.15.122:51596/0 (socket says 172.21.15.122:51596)
2024-04-02T13:25:19.590 INFO:teuthology.orchestra.run.smithi122.stdout:/usr/bin/ceph: stderr
