2024-04-02T13:29:07.160 INFO:teuthology.orchestra.run.smithi033.stdout:/usr/bin/ceph: stderr
2024-04-02T13:29:05.918+0000 7f680d8b2700 1 -- 172.21.15.33:0/3565477175 shutdown_connections
2024-04-02T13:29:07.160 INFO:teuthology.orchestra.run.smithi033.stdout:/usr/bin/ceph: stderr
2024-04-02T13:29:05.918+0000 7f680d8b2700 1 -- 172.21.15.33:0/3565477175 wait complete.
2024-04-02T13:29:07.160 INFO:teuthology.orchestra.run.smithi033.stdout:/usr/bin/ceph: stderr
2024-04-02T13:29:05.918+0000 7f680d8b2700 1 Processor -- start
2024-04-02T13:29:07.160 INFO:teuthology.orchestra.run.smithi033.stdout:/usr/bin/ceph: stderr
2024-04-02T13:29:05.919+0000 7f680d8b2700 1 -- start start
2024-04-02T13:29:07.160 INFO:teuthology.orchestra.run.smithi033.stdout:/usr/bin/ceph: stderr
2024-04-02T13:29:05.919+0000 7f680d8b2700 1 --2- >> [v2:172.21.15.33:3300/0,v1:172.21.15.33:6789/0] conn(0x7f6808108130 0x7f680819e2a0 unknown :-1 s=NONE pgs=0 cs=0 l=1 rev1=0 crypto rx=0 tx=0 comp rx=0 tx=0).connect
2024-04-02T13:29:07.161 INFO:teuthology.orchestra.run.smithi033.stdout:/usr/bin/ceph: stderr
2024-04-02T13:29:05.919+0000 7f680d8b2700 1 -- --> [v2:172.21.15.33:3300/0,v1:172.21.15.33:6789/0] -- mon_getmap magic: 0 -- 0x7f680810c6e0 con 0x7f6808108130
2024-04-02T13:29:07.161 INFO:teuthology.orchestra.run.smithi033.stdout:/usr/bin/ceph: stderr
2024-04-02T13:29:05.919+0000 7f6806ffd700 1 --2- >> [v2:172.21.15.33:3300/0,v1:172.21.15.33:6789/0] conn(0x7f6808108130 0x7f680819e2a0 unknown :-1 s=BANNER_CONNECTING pgs=0 cs=0 l=1 rev1=0 crypto rx=0 tx=0 comp rx=0 tx=0)._handle_peer_banner_payload supported=3 required=0
2024-04-02T13:29:07.161 INFO:teuthology.orchestra.run.smithi033.stdout:/usr/bin/ceph: stderr
2024-04-02T13:29:05.919+0000 7f6806ffd700 1 --2- >> [v2:172.21.15.33:3300/0,v1:172.21.15.33:6789/0] conn(0x7f6808108130 0x7f680819e2a0 unknown :-1 s=HELLO_CONNECTING pgs=0 cs=0 l=1 rev1=1 crypto rx=0 tx=0 comp rx=0 tx=0).handle_hello peer v2:172.21.15.33:3300/0 says I am v2:172.21.15.33:53986/0 (socket says 172.21.15.33:53986)
2024-04-02T13:29:07.161 INFO:teuthology.orchestra.run.smithi033.stdout:/usr/bin/ceph: stderr
2024-04-02T13:29:05.919+0000 7f6806ffd700 1 -- 172.21.15.33:0/2707616191 learned_addr learned my addr 172.21.15.33:0/2707616191 (peer_addr_for_me v2:172.21.15.33:0/0)
2024-04-02T13:29:07.161 INFO:teuthology.orchestra.run.smithi033.stdout:/usr/bin/ceph: stderr
2024-04-02T13:29:05.919+0000 7f6806ffd700 1 -- 172.21.15.33:0/2707616191 --> [v2:172.21.15.33:3300/0,v1:172.21.15.33:6789/0] -- mon_subscribe({config=0+,monmap=0+}) -- 0x7f680819e7e0 con 0x7f6808108130
2024-04-02T13:29:07.161 INFO:teuthology.orchestra.run.smithi033.stdout:/usr/bin/ceph: stderr
2024-04-02T13:29:05.919+0000 7f6806ffd700 1 --2- 172.21.15.33:0/2707616191 >> [v2:172.21.15.33:3300/0,v1:172.21.15.33:6789/0] conn(0x7f6808108130 0x7f680819e2a0 secure :-1 s=READY pgs=54 cs=0 l=1 rev1=1 crypto rx=0x7f67f8006af0 tx=0x7f67f8011bd0 comp rx=0 tx=0).ready entity=mon.0 client_cookie=0 server_cookie=0 in_seq=0 out_seq=0
2024-04-02T13:29:07.161 INFO:teuthology.orchestra.run.smithi033.stdout:/usr/bin/ceph: stderr
2024-04-02T13:29:05.919+0000 7f680c8b0700 1 -- 172.21.15.33:0/2707616191 <== mon.0 v2:172.21.15.33:3300/0 1 ==== mon_map magic: 0 ==== 205+0+0 (secure 0 0 0) 0x7f67f8003af0 con 0x7f6808108130
2024-04-02T13:29:07.161 INFO:teuthology.orchestra.run.smithi033.stdout:/usr/bin/ceph: stderr
2024-04-02T13:29:05.920+0000 7f680c8b0700 1 -- 172.21.15.33:0/2707616191 <== mon.0 v2:172.21.15.33:3300/0 2 ==== config(27 keys) ==== 1136+0+0 (secure 0 0 0) 0x7f67f8003c90 con 0x7f6808108130
2024-04-02T13:29:07.161 INFO:teuthology.orchestra.run.smithi033.stdout:/usr/bin/ceph: stderr
2024-04-02T13:29:05.920+0000 7f680c8b0700 1 -- 172.21.15.33:0/2707616191 <== mon.0 v2:172.21.15.33:3300/0 3 ==== mon_map magic: 0 ==== 205+0+0 (secure 0 0 0) 0x7f67f8024830 con 0x7f6808108130
2024-04-02T13:29:07.161 INFO:teuthology.orchestra.run.smithi033.stdout:/usr/bin/ceph: stderr
2024-04-02T13:29:05.920+0000 7f680d8b2700 1 -- 172.21.15.33:0/2707616191 --> [v2:172.21.15.33:3300/0,v1:172.21.15.33:6789/0] -- mon_subscribe({mgrmap=0+}) -- 0x7f680819ea70 con 0x7f6808108130
2024-04-02T13:29:07.161 INFO:teuthology.orchestra.run.smithi033.stdout:/usr/bin/ceph: stderr
2024-04-02T13:29:05.920+0000 7f680d8b2700 1 -- 172.21.15.33:0/2707616191 --> [v2:172.21.15.33:3300/0,v1:172.21.15.33:6789/0] -- mon_subscribe({osdmap=0}) -- 0x7f68081a1760 con 0x7f6808108130
2024-04-02T13:29:07.161 INFO:teuthology.orchestra.run.smithi033.stdout:/usr/bin/ceph: stderr
2024-04-02T13:29:05.920+0000 7f680c8b0700 1 -- 172.21.15.33:0/2707616191 <== mon.0 v2:172.21.15.33:3300/0 4 ==== mgrmap(e 8) ==== 46558+0+0 (secure 0 0 0) 0x7f67f8022020 con 0x7f6808108130
2024-04-02T13:29:07.161 INFO:teuthology.orchestra.run.smithi033.stdout:/usr/bin/ceph: stderr
2024-04-02T13:29:05.921+0000 7f680c8b0700 1 --2- 172.21.15.33:0/2707616191 >> [v2:172.21.15.33:6800/2666001000,v1:172.21.15.33:6801/2666001000] conn(0x7f67f0039670 0x7f67f003bb30 unknown :-1 s=NONE pgs=0 cs=0 l=1 rev1=0 crypto rx=0 tx=0 comp rx=0 tx=0).connect
2024-04-02T13:29:07.161 INFO:teuthology.orchestra.run.smithi033.stdout:/usr/bin/ceph: stderr
2024-04-02T13:29:05.921+0000 7f680c8b0700 1 -- 172.21.15.33:0/2707616191 <== mon.0 v2:172.21.15.33:3300/0 5 ==== osd_map(2..2 src has 1..2) ==== 940+0+0 (secure 0 0 0) 0x7f67f804eab0 con 0x7f6808108130
2024-04-02T13:29:07.161 INFO:teuthology.orchestra.run.smithi033.stdout:/usr/bin/ceph: stderr
2024-04-02T13:29:05.921+0000 7f68067fc700 1 --2- 172.21.15.33:0/2707616191 >> [v2:172.21.15.33:6800/2666001000,v1:172.21.15.33:6801/2666001000] conn(0x7f67f0039670 0x7f67f003bb30 unknown :-1 s=BANNER_CONNECTING pgs=0 cs=0 l=1 rev1=0 crypto rx=0 tx=0 comp rx=0 tx=0)._handle_peer_banner_payload supported=3 required=0
2024-04-02T13:29:07.162 INFO:teuthology.orchestra.run.smithi033.stdout:/usr/bin/ceph: stderr
2024-04-02T13:29:05.921+0000 7f680d8b2700 1 -- 172.21.15.33:0/2707616191 --> [v2:172.21.15.33:3300/0,v1:172.21.15.33:6789/0] -- mon_command({"prefix": "get_command_descriptions"} v 0) -- 0x7f6808063c20 con 0x7f6808108130
2024-04-02T13:29:07.162 INFO:teuthology.orchestra.run.smithi033.stdout:/usr/bin/ceph: stderr
2024-04-02T13:29:05.921+0000 7f68067fc700 1 --2- 172.21.15.33:0/2707616191 >> [v2:172.21.15.33:6800/2666001000,v1:172.21.15.33:6801/2666001000] conn(0x7f67f0039670 0x7f67f003bb30 secure :-1 s=READY pgs=15 cs=0 l=1 rev1=1 crypto rx=0x7f67fc006fd0 tx=0x7f67fc006e40 comp rx=0 tx=0).ready entity=mgr.14120 client_cookie=0 server_cookie=0 in_seq=0 out_seq=0
2024-04-02T13:29:07.162 INFO:teuthology.orchestra.run.smithi033.stdout:/usr/bin/ceph: stderr
2024-04-02T13:29:05.926+0000 7f680c8b0700 1 -- 172.21.15.33:0/2707616191 <== mon.0 v2:172.21.15.33:3300/0 6 ==== mon_command_ack([{"prefix": "get_command_descriptions"}]=0 v0) ==== 72+0+188173 (secure 0 0 0) 0x7f67f802ad60 con 0x7f6808108130
2024-04-02T13:29:07.162 INFO:teuthology.orchestra.run.smithi033.stdout:/usr/bin/ceph: stderr
2024-04-02T13:29:06.144+0000 7f680d8b2700 1 -- 172.21.15.33:0/2707616191 --> [v2:172.21.15.33:3300/0,v1:172.21.15.33:6789/0] -- mon_command([{prefix=config set, name=mgr/dashboard/ssl_server_port}] v 0) -- 0x7f68081a1930 con 0x7f6808108130
2024-04-02T13:29:07.162 INFO:teuthology.orchestra.run.smithi033.stdout:/usr/bin/ceph: stderr
2024-04-02T13:29:06.146+0000 7f680c8b0700 1 -- 172.21.15.33:0/2707616191 <== mon.0 v2:172.21.15.33:3300/0 7 ==== mon_command_ack([{prefix=config set, name=mgr/dashboard/ssl_server_port}]=0 v8)=0 v8) ==== 130+0+0 (secure 0 0 0) 0x7f67f8006ea0 con 0x7f6808108130
2024-04-02T13:29:07.162 INFO:teuthology.orchestra.run.smithi033.stdout:/usr/bin/ceph: stderr
2024-04-02T13:29:06.148+0000 7f680d8b2700 1 -- 172.21.15.33:0/2707616191 >> [v2:172.21.15.33:6800/2666001000,v1:172.21.15.33:6801/2666001000] conn(0x7f67f0039670 msgr2=0x7f67f003bb30 secure :-1 s=STATE_CONNECTION_ESTABLISHED l=1).mark_down
2024-04-02T13:29:07.162 INFO:teuthology.orchestra.run.smithi033.stdout:/usr/bin/ceph: stderr
2024-04-02T13:29:06.148+0000 7f680d8b2700 1 --2- 172.21.15.33:0/2707616191 >> [v2:172.21.15.33:6800/2666001000,v1:172.21.15.33:6801/2666001000] conn(0x7f67f0039670 0x7f67f003bb30 secure :-1 s=READY pgs=15 cs=0 l=1 rev1=1 crypto rx=0x7f67fc006fd0 tx=0x7f67fc006e40 comp rx=0 tx=0).stop
2024-04-02T13:29:07.162 INFO:teuthology.orchestra.run.smithi033.stdout:/usr/bin/ceph: stderr
2024-04-02T13:29:06.149+0000 7f680d8b2700 1 -- 172.21.15.33:0/2707616191 >> [v2:172.21.15.33:3300/0,v1:172.21.15.33:6789/0] conn(0x7f6808108130 msgr2=0x7f680819e2a0 secure :-1 s=STATE_CONNECTION_ESTABLISHED l=1).mark_down
2024-04-02T13:29:07.162 INFO:teuthology.orchestra.run.smithi033.stdout:/usr/bin/ceph: stderr
2024-04-02T13:29:06.149+0000 7f680d8b2700 1 --2- 172.21.15.33:0/2707616191 >> [v2:172.21.15.33:3300/0,v1:172.21.15.33:6789/0] conn(0x7f6808108130 0x7f680819e2a0 secure :-1 s=READY pgs=54 cs=0 l=1 rev1=1 crypto rx=0x7f67f8006af0 tx=0x7f67f8011bd0 comp rx=0 tx=0).stop
2024-04-02T13:29:07.162 INFO:teuthology.orchestra.run.smithi033.stdout:/usr/bin/ceph: stderr
2024-04-02T13:29:06.149+0000 7f680d8b2700 1 -- 172.21.15.33:0/2707616191 shutdown_connections
2024-04-02T13:29:07.162 INFO:teuthology.orchestra.run.smithi033.stdout:/usr/bin/ceph: stderr
2024-04-02T13:29:06.149+0000 7f680d8b2700 1 --2- 172.21.15.33:0/2707616191 >> [v2:172.21.15.33:6800/2666001000,v1:172.21.15.33:6801/2666001000] conn(0x7f67f0039670 0x7f67f003bb30 unknown :-1 s=CLOSED pgs=15 cs=0 l=1 rev1=1 crypto rx=0 tx=0 comp rx=0 tx=0).stop
2024-04-02T13:29:07.162 INFO:teuthology.orchestra.run.smithi033.stdout:/usr/bin/ceph: stderr
2024-04-02T13:29:06.149+0000 7f680d8b2700 1 --2- 172.21.15.33:0/2707616191 >> [v2:172.21.15.33:3300/0,v1:172.21.15.33:6789/0] conn(0x7f6808108130 0x7f680819e2a0 unknown :-1 s=CLOSED pgs=54 cs=0 l=1 rev1=1 crypto rx=0 tx=0 comp rx=0 tx=0).stop
2024-04-02T13:29:07.162 INFO:teuthology.orchestra.run.smithi033.stdout:/usr/bin/ceph: stderr
2024-04-02T13:29:06.149+0000 7f680d8b2700 1 -- 172.21.15.33:0/2707616191 >> 172.21.15.33:0/2707616191 conn(0x7f68081036f0 msgr2=0x7f6808104170 unknown :-1 s=STATE_NONE l=0).mark_down
2024-04-02T13:29:07.163 INFO:teuthology.orchestra.run.smithi033.stdout:/usr/bin/ceph: stderr
2024-04-02T13:29:06.149+0000 7f680d8b2700 1 -- 172.21.15.33:0/2707616191 shutdown_connections
2024-04-02T13:29:07.163 INFO:teuthology.orchestra.run.smithi033.stdout:/usr/bin/ceph: stderr
2024-04-02T13:29:06.149+0000 7f680d8b2700 1 -- 172.21.15.33:0/2707616191 wait complete.
2024-04-02T13:29:07.163 INFO:teuthology.orchestra.run.smithi033.stdout:Enabling the dashboard module...
2024-04-02T13:29:07.470 INFO:journalctl@ceph.mon.a.smithi033.stdout:Apr 02 13:29:07 smithi033 ceph-mon[32390]: from='client.? 172.21.15.33:0/2707616191' entity='client.admin'
2024-04-02T13:29:08.990 INFO:journalctl@ceph.mon.a.smithi033.stdout:Apr 02 13:29:08 smithi033 ceph-mon[32390]: from='mgr.14120 172.21.15.33:0/3218318227' entity='mgr.x'
2024-04-02T13:29:08.991 INFO:journalctl@ceph.mon.a.smithi033.stdout:Apr 02 13:29:08 smithi033 ceph-mon[32390]: from='client.? 172.21.15.33:0/1568021887' entity='client.admin' cmd=[{"prefix": "mgr module enable", "module": "dashboard"}]: dispatch
2024-04-02T13:29:08.991 INFO:journalctl@ceph.mgr.x.smithi033.stdout:Apr 02 13:29:08 smithi033 ceph-b5fd982e-f0f4-11ee-b647-cb9ed24678a4-mgr-x[32621]: ignoring --setuser ceph since I am not root
2024-04-02T13:29:08.991 INFO:journalctl@ceph.mgr.x.smithi033.stdout:Apr 02 13:29:08 smithi033 ceph-b5fd982e-f0f4-11ee-b647-cb9ed24678a4-mgr-x[32621]: ignoring --setgroup ceph since I am not root
2024-04-02T13:29:09.291 INFO:teuthology.orchestra.run.smithi033.stdout:/usr/bin/ceph: stderr
2024-04-02T13:29:07.574+0000 7fe3afc0f700 1 Processor -- start
2024-04-02T13:29:09.291 INFO:teuthology.orchestra.run.smithi033.stdout:/usr/bin/ceph: stderr
2024-04-02T13:29:07.575+0000 7fe3afc0f700 1 -- start start
2024-04-02T13:29:09.291 INFO:teuthology.orchestra.run.smithi033.stdout:/usr/bin/ceph: stderr
2024-04-02T13:29:07.575+0000 7fe3afc0f700 1 --2- >> [v2:172.21.15.33:3300/0,v1:172.21.15.33:6789/0] conn(0x7fe3a8107020 0x7fe3a8107440 unknown :-1 s=NONE pgs=0 cs=0 l=0 rev1=0 crypto rx=0 tx=0 comp rx=0 tx=0).connect
2024-04-02T13:29:09.292 INFO:teuthology.orchestra.run.smithi033.stdout:/usr/bin/ceph: stderr
2024-04-02T13:29:07.575+0000 7fe3afc0f700 1 -- --> [v2:172.21.15.33:3300/0,v1:172.21.15.33:6789/0] -- mon_getmap magic: 0 -- 0x7fe3a8107a10 con 0x7fe3a8107020
2024-04-02T13:29:09.292 INFO:teuthology.orchestra.run.smithi033.stdout:/usr/bin/ceph: stderr
2024-04-02T13:29:07.575+0000 7fe3ad9ab700 1 --2- >> [v2:172.21.15.33:3300/0,v1:172.21.15.33:6789/0] conn(0x7fe3a8107020 0x7fe3a8107440 unknown :-1 s=BANNER_CONNECTING pgs=0 cs=0 l=0 rev1=0 crypto rx=0 tx=0 comp rx=0 tx=0)._handle_peer_banner_payload supported=3 required=0
2024-04-02T13:29:09.292 INFO:teuthology.orchestra.run.smithi033.stdout:/usr/bin/ceph: stderr
2024-04-02T13:29:07.575+0000 7fe3ad9ab700 1 --2- >> [v2:172.21.15.33:3300/0,v1:172.21.15.33:6789/0] conn(0x7fe3a8107020 0x7fe3a8107440 unknown :-1 s=HELLO_CONNECTING pgs=0 cs=0 l=0 rev1=1 crypto rx=0 tx=0 comp rx=0 tx=0).handle_hello peer v2:172.21.15.33:3300/0 says I am v2:172.21.15.33:53996/0 (socket says 172.21.15.33:53996)
2024-04-02T13:29:09.292 INFO:teuthology.orchestra.run.smithi033.stdout:/usr/bin/ceph: stderr
2024-04-02T13:29:07.575+0000 7fe3ad9ab700 1 -- 172.21.15.33:0/1304411462 learned_addr learned my addr 172.21.15.33:0/1304411462 (peer_addr_for_me v2:172.21.15.33:0/0)
2024-04-02T13:29:09.292 INFO:teuthology.orchestra.run.smithi033.stdout:/usr/bin/ceph: stderr
2024-04-02T13:29:07.575+0000 7fe3ad9ab700 1 -- 172.21.15.33:0/1304411462 --> [v2:172.21.15.33:3300/0,v1:172.21.15.33:6789/0] -- mon_subscribe({config=0+,monmap=0+}) -- 0x7fe3a8108220 con 0x7fe3a8107020
2024-04-02T13:29:09.292 INFO:teuthology.orchestra.run.smithi033.stdout:/usr/bin/ceph: stderr
2024-04-02T13:29:07.576+0000 7fe3ad9ab700 1 --2- 172.21.15.33:0/1304411462 >> [v2:172.21.15.33:3300/0,v1:172.21.15.33:6789/0] conn(0x7fe3a8107020 0x7fe3a8107440 secure :-1 s=READY pgs=55 cs=0 l=1 rev1=1 crypto rx=0x7fe3980098a0 tx=0x7fe398009bb0 comp rx=0 tx=0).ready entity=mon.0 client_cookie=31616ab31fc326b1 server_cookie=0 in_seq=0 out_seq=0
2024-04-02T13:29:09.292 INFO:teuthology.orchestra.run.smithi033.stdout:/usr/bin/ceph: stderr
2024-04-02T13:29:07.576+0000 7fe3ac9a9700 1 -- 172.21.15.33:0/1304411462 <== mon.0 v2:172.21.15.33:3300/0 1 ==== mon_map magic: 0 ==== 205+0+0 (secure 0 0 0) 0x7fe398004160 con 0x7fe3a8107020
2024-04-02T13:29:09.292 INFO:teuthology.orchestra.run.smithi033.stdout:/usr/bin/ceph: stderr
2024-04-02T13:29:07.576+0000 7fe3ac9a9700 1 -- 172.21.15.33:0/1304411462 <== mon.0 v2:172.21.15.33:3300/0 2 ==== config(27 keys) ==== 1136+0+0 (secure 0 0 0) 0x7fe398004300 con 0x7fe3a8107020
2024-04-02T13:29:09.292 INFO:teuthology.orchestra.run.smithi033.stdout:/usr/bin/ceph: stderr
2024-04-02T13:29:07.576+0000 7fe3ac9a9700 1 -- 172.21.15.33:0/1304411462 <== mon.0 v2:172.21.15.33:3300/0 3 ==== mon_map magic: 0 ==== 205+0+0 (secure 0 0 0) 0x7fe398011b10 con 0x7fe3a8107020
2024-04-02T13:29:09.292 INFO:teuthology.orchestra.run.smithi033.stdout:/usr/bin/ceph: stderr
2024-04-02T13:29:07.576+0000 7fe3afc0f700 1 -- 172.21.15.33:0/1304411462 >> [v2:172.21.15.33:3300/0,v1:172.21.15.33:6789/0] conn(0x7fe3a8107020 msgr2=0x7fe3a8107440 secure :-1 s=STATE_CONNECTION_ESTABLISHED l=1).mark_down
2024-04-02T13:29:09.292 INFO:teuthology.orchestra.run.smithi033.stdout:/usr/bin/ceph: stderr
2024-04-02T13:29:07.576+0000 7fe3afc0f700 1 --2- 172.21.15.33:0/1304411462 >> [v2:172.21.15.33:3300/0,v1:172.21.15.33:6789/0] conn(0x7fe3a8107020 0x7fe3a8107440 secure :-1 s=READY pgs=55 cs=0 l=1 rev1=1 crypto rx=0x7fe3980098a0 tx=0x7fe398009bb0 comp rx=0 tx=0).stop
2024-04-02T13:29:09.292 INFO:teuthology.orchestra.run.smithi033.stdout:/usr/bin/ceph: stderr
2024-04-02T13:29:07.576+0000 7fe3afc0f700 1 -- 172.21.15.33:0/1304411462 shutdown_connections
2024-04-02T13:29:09.292 INFO:teuthology.orchestra.run.smithi033.stdout:/usr/bin/ceph: stderr
2024-04-02T13:29:07.576+0000 7fe3afc0f700 1 --2- 172.21.15.33:0/1304411462 >> [v2:172.21.15.33:3300/0,v1:172.21.15.33:6789/0] conn(0x7fe3a8107020 0x7fe3a8107440 unknown :-1 s=CLOSED pgs=55 cs=0 l=1 rev1=1 crypto rx=0 tx=0 comp rx=0 tx=0).stop
2024-04-02T13:29:09.293 INFO:teuthology.orchestra.run.smithi033.stdout:/usr/bin/ceph: stderr
2024-04-02T13:29:07.576+0000 7fe3afc0f700 1 -- 172.21.15.33:0/1304411462 >> 172.21.15.33:0/1304411462 conn(0x7fe3a81025e0 msgr2=0x7fe3a8104a00 unknown :-1 s=STATE_NONE l=0).mark_down
2024-04-02T13:29:09.293 INFO:teuthology.orchestra.run.smithi033.stdout:/usr/bin/ceph: stderr
2024-04-02T13:29:07.576+0000 7fe3afc0f700 1 -- 172.21.15.33:0/1304411462 shutdown_connections
2024-04-02T13:29:09.293 INFO:teuthology.orchestra.run.smithi033.stdout:/usr/bin/ceph: stderr
2024-04-02T13:29:07.576+0000 7fe3afc0f700 1 -- 172.21.15.33:0/1304411462 wait complete.
2024-04-02T13:29:09.293 INFO:teuthology.orchestra.run.smithi033.stdout:/usr/bin/ceph: stderr
2024-04-02T13:29:07.577+0000 7fe3afc0f700 1 Processor -- start
2024-04-02T13:29:09.293 INFO:teuthology.orchestra.run.smithi033.stdout:/usr/bin/ceph: stderr
2024-04-02T13:29:07.577+0000 7fe3afc0f700 1 -- start start
2024-04-02T13:29:09.293 INFO:teuthology.orchestra.run.smithi033.stdout:/usr/bin/ceph: stderr
2024-04-02T13:29:07.577+0000 7fe3afc0f700 1 --2- >> [v2:172.21.15.33:3300/0,v1:172.21.15.33:6789/0] conn(0x7fe3a8107020 0x7fe3a819c0a0 unknown :-1 s=NONE pgs=0 cs=0 l=1 rev1=0 crypto rx=0 tx=0 comp rx=0 tx=0).connect
2024-04-02T13:29:09.293 INFO:teuthology.orchestra.run.smithi033.stdout:/usr/bin/ceph: stderr
2024-04-02T13:29:07.577+0000 7fe3afc0f700 1 -- --> [v2:172.21.15.33:3300/0,v1:172.21.15.33:6789/0] -- mon_getmap magic: 0 -- 0x7fe3a810b5d0 con 0x7fe3a8107020
2024-04-02T13:29:09.293 INFO:teuthology.orchestra.run.smithi033.stdout:/usr/bin/ceph: stderr
2024-04-02T13:29:07.577+0000 7fe3ad9ab700 1 --2- >> [v2:172.21.15.33:3300/0,v1:172.21.15.33:6789/0] conn(0x7fe3a8107020 0x7fe3a819c0a0 unknown :-1 s=BANNER_CONNECTING pgs=0 cs=0 l=1 rev1=0 crypto rx=0 tx=0 comp rx=0 tx=0)._handle_peer_banner_payload supported=3 required=0
2024-04-02T13:29:09.293 INFO:teuthology.orchestra.run.smithi033.stdout:/usr/bin/ceph: stderr
2024-04-02T13:29:07.577+0000 7fe3ad9ab700 1 --2- >> [v2:172.21.15.33:3300/0,v1:172.21.15.33:6789/0] conn(0x7fe3a8107020 0x7fe3a819c0a0 unknown :-1 s=HELLO_CONNECTING pgs=0 cs=0 l=1 rev1=1 crypto rx=0 tx=0 comp rx=0 tx=0).handle_hello peer v2:172.21.15.33:3300/0 says I am v2:172.21.15.33:53998/0 (socket says 172.21.15.33:53998)
2024-04-02T13:29:09.293 INFO:teuthology.orchestra.run.smithi033.stdout:/usr/bin/ceph: stderr
2024-04-02T13:29:07.577+0000 7fe3ad9ab700 1 -- 172.21.15.33:0/1568021887 learned_addr learned my addr 172.21.15.33:0/1568021887 (peer_addr_for_me v2:172.21.15.33:0/0)
2024-04-02T13:29:09.293 INFO:teuthology.orchestra.run.smithi033.stdout:/usr/bin/ceph: stderr
2024-04-02T13:29:07.578+0000 7fe3ad9ab700 1 -- 172.21.15.33:0/1568021887 --> [v2:172.21.15.33:3300/0,v1:172.21.15.33:6789/0] -- mon_subscribe({config=0+,monmap=0+}) -- 0x7fe3a819c5e0 con 0x7fe3a8107020
2024-04-02T13:29:09.293 INFO:teuthology.orchestra.run.smithi033.stdout:/usr/bin/ceph: stderr
2024-04-02T13:29:07.578+0000 7fe3ad9ab700 1 --2- 172.21.15.33:0/1568021887 >> [v2:172.21.15.33:3300/0,v1:172.21.15.33:6789/0] conn(0x7fe3a8107020 0x7fe3a819c0a0 secure :-1 s=READY pgs=56 cs=0 l=1 rev1=1 crypto rx=0x7fe398006af0 tx=0x7fe398011bd0 comp rx=0 tx=0).ready entity=mon.0 client_cookie=0 server_cookie=0 in_seq=0 out_seq=0
2024-04-02T13:29:09.293 INFO:teuthology.orchestra.run.smithi033.stdout:/usr/bin/ceph: stderr
2024-04-02T13:29:07.578+0000 7fe39effd700 1 -- 172.21.15.33:0/1568021887 <== mon.0 v2:172.21.15.33:3300/0 1 ==== mon_map magic: 0 ==== 205+0+0 (secure 0 0 0) 0x7fe3980038b0 con 0x7fe3a8107020
2024-04-02T13:29:09.293 INFO:teuthology.orchestra.run.smithi033.stdout:/usr/bin/ceph: stderr
2024-04-02T13:29:07.578+0000 7fe39effd700 1 -- 172.21.15.33:0/1568021887 <== mon.0 v2:172.21.15.33:3300/0 2 ==== config(27 keys) ==== 1136+0+0 (secure 0 0 0) 0x7fe39801a430 con 0x7fe3a8107020
2024-04-02T13:29:09.294 INFO:teuthology.orchestra.run.smithi033.stdout:/usr/bin/ceph: stderr
2024-04-02T13:29:07.578+0000 7fe3afc0f700 1 -- 172.21.15.33:0/1568021887 --> [v2:172.21.15.33:3300/0,v1:172.21.15.33:6789/0] -- mon_subscribe({mgrmap=0+}) -- 0x7fe3a819c870 con 0x7fe3a8107020
2024-04-02T13:29:09.294 INFO:teuthology.orchestra.run.smithi033.stdout:/usr/bin/ceph: stderr
2024-04-02T13:29:07.578+0000 7fe39effd700 1 -- 172.21.15.33:0/1568021887 <== mon.0 v2:172.21.15.33:3300/0 3 ==== mon_map magic: 0 ==== 205+0+0 (secure 0 0 0) 0x7fe398019530 con 0x7fe3a8107020
2024-04-02T13:29:09.294 INFO:teuthology.orchestra.run.smithi033.stdout:/usr/bin/ceph: stderr
2024-04-02T13:29:07.578+0000 7fe3afc0f700 1 -- 172.21.15.33:0/1568021887 --> [v2:172.21.15.33:3300/0,v1:172.21.15.33:6789/0] -- mon_subscribe({osdmap=0}) -- 0x7fe3a819f560 con 0x7fe3a8107020
2024-04-02T13:29:09.294 INFO:teuthology.orchestra.run.smithi033.stdout:/usr/bin/ceph: stderr
2024-04-02T13:29:07.579+0000 7fe39effd700 1 -- 172.21.15.33:0/1568021887 <== mon.0 v2:172.21.15.33:3300/0 4 ==== mgrmap(e 8) ==== 46558+0+0 (secure 0 0 0) 0x7fe398003a50 con 0x7fe3a8107020
2024-04-02T13:29:09.294 INFO:teuthology.orchestra.run.smithi033.stdout:/usr/bin/ceph: stderr
2024-04-02T13:29:07.579+0000 7fe3afc0f700 1 -- 172.21.15.33:0/1568021887 --> [v2:172.21.15.33:3300/0,v1:172.21.15.33:6789/0] -- mon_command({"prefix": "get_command_descriptions"} v 0) -- 0x7fe3a8063c20 con 0x7fe3a8107020
2024-04-02T13:29:09.294 INFO:teuthology.orchestra.run.smithi033.stdout:/usr/bin/ceph: stderr
2024-04-02T13:29:07.579+0000 7fe39effd700 1 --2- 172.21.15.33:0/1568021887 >> [v2:172.21.15.33:6800/2666001000,v1:172.21.15.33:6801/2666001000] conn(0x7fe394039620 0x7fe39403bae0 unknown :-1 s=NONE pgs=0 cs=0 l=1 rev1=0 crypto rx=0 tx=0 comp rx=0 tx=0).connect
2024-04-02T13:29:09.294 INFO:teuthology.orchestra.run.smithi033.stdout:/usr/bin/ceph: stderr
2024-04-02T13:29:07.579+0000 7fe39effd700 1 -- 172.21.15.33:0/1568021887 <== mon.0 v2:172.21.15.33:3300/0 5 ==== osd_map(2..2 src has 1..2) ==== 940+0+0 (secure 0 0 0) 0x7fe39804d9d0 con 0x7fe3a8107020
2024-04-02T13:29:09.294 INFO:teuthology.orchestra.run.smithi033.stdout:/usr/bin/ceph: stderr
2024-04-02T13:29:07.579+0000 7fe3ad1aa700 1 --2- 172.21.15.33:0/1568021887 >> [v2:172.21.15.33:6800/2666001000,v1:172.21.15.33:6801/2666001000] conn(0x7fe394039620 0x7fe39403bae0 unknown :-1 s=BANNER_CONNECTING pgs=0 cs=0 l=1 rev1=0 crypto rx=0 tx=0 comp rx=0 tx=0)._handle_peer_banner_payload supported=3 required=0
2024-04-02T13:29:09.294 INFO:teuthology.orchestra.run.smithi033.stdout:/usr/bin/ceph: stderr
2024-04-02T13:29:07.579+0000 7fe3ad1aa700 1 --2- 172.21.15.33:0/1568021887 >> [v2:172.21.15.33:6800/2666001000,v1:172.21.15.33:6801/2666001000] conn(0x7fe394039620 0x7fe39403bae0 secure :-1 s=READY pgs=16 cs=0 l=1 rev1=1 crypto rx=0x7fe3a4006fd0 tx=0x7fe3a4006e40 comp rx=0 tx=0).ready entity=mgr.14120 client_cookie=0 server_cookie=0 in_seq=0 out_seq=0
2024-04-02T13:29:09.294 INFO:teuthology.orchestra.run.smithi033.stdout:/usr/bin/ceph: stderr
2024-04-02T13:29:07.584+0000 7fe39effd700 1 -- 172.21.15.33:0/1568021887 <== mon.0 v2:172.21.15.33:3300/0 6 ==== mon_command_ack([{"prefix": "get_command_descriptions"}]=0 v0) ==== 72+0+188173 (secure 0 0 0) 0x7fe398003d40 con 0x7fe3a8107020
2024-04-02T13:29:09.294 INFO:teuthology.orchestra.run.smithi033.stdout:/usr/bin/ceph: stderr
2024-04-02T13:29:07.858+0000 7fe3afc0f700 1 -- 172.21.15.33:0/1568021887 --> [v2:172.21.15.33:3300/0,v1:172.21.15.33:6789/0] -- mon_command({"prefix": "mgr module enable", "module": "dashboard"} v 0) -- 0x7fe3a802dfc0 con 0x7fe3a8107020
2024-04-02T13:29:09.294 INFO:teuthology.orchestra.run.smithi033.stdout:/usr/bin/ceph: stderr
2024-04-02T13:29:08.666+0000 7fe39effd700 1 -- 172.21.15.33:0/1568021887 <== mon.0 v2:172.21.15.33:3300/0 7 ==== mon_command_ack([{"prefix": "mgr module enable", "module": "dashboard"}]=0 v9) ==== 88+0+0 (secure 0 0 0) 0x7fe398023e00 con 0x7fe3a8107020
2024-04-02T13:29:09.294 INFO:teuthology.orchestra.run.smithi033.stdout:/usr/bin/ceph: stderr
2024-04-02T13:29:08.669+0000 7fe39effd700 1 -- 172.21.15.33:0/1568021887 <== mon.0 v2:172.21.15.33:3300/0 8 ==== mgrmap(e 9) ==== 46571+0+0 (secure 0 0 0) 0x7fe3980197f0 con 0x7fe3a8107020
2024-04-02T13:29:09.294 INFO:teuthology.orchestra.run.smithi033.stdout:/usr/bin/ceph: stderr
2024-04-02T13:29:08.669+0000 7fe3afc0f700 1 -- 172.21.15.33:0/1568021887 >> [v2:172.21.15.33:6800/2666001000,v1:172.21.15.33:6801/2666001000] conn(0x7fe394039620 msgr2=0x7fe39403bae0 secure :-1 s=STATE_CONNECTION_ESTABLISHED l=1).mark_down
2024-04-02T13:29:09.294 INFO:teuthology.orchestra.run.smithi033.stdout:/usr/bin/ceph: stderr
2024-04-02T13:29:08.669+0000 7fe3afc0f700 1 --2- 172.21.15.33:0/1568021887 >> [v2:172.21.15.33:6800/2666001000,v1:172.21.15.33:6801/2666001000] conn(0x7fe394039620 0x7fe39403bae0 secure :-1 s=READY pgs=16 cs=0 l=1 rev1=1 crypto rx=0x7fe3a4006fd0 tx=0x7fe3a4006e40 comp rx=0 tx=0).stop
2024-04-02T13:29:09.295 INFO:teuthology.orchestra.run.smithi033.stdout:/usr/bin/ceph: stderr
2024-04-02T13:29:08.669+0000 7fe3afc0f700 1 -- 172.21.15.33:0/1568021887 >> [v2:172.21.15.33:3300/0,v1:172.21.15.33:6789/0] conn(0x7fe3a8107020 msgr2=0x7fe3a819c0a0 secure :-1 s=STATE_CONNECTION_ESTABLISHED l=1).mark_down
2024-04-02T13:29:09.295 INFO:teuthology.orchestra.run.smithi033.stdout:/usr/bin/ceph: stderr
2024-04-02T13:29:08.669+0000 7fe3afc0f700 1 --2- 172.21.15.33:0/1568021887 >> [v2:172.21.15.33:3300/0,v1:172.21.15.33:6789/0] conn(0x7fe3a8107020 0x7fe3a819c0a0 secure :-1 s=READY pgs=56 cs=0 l=1 rev1=1 crypto rx=0x7fe398006af0 tx=0x7fe398011bd0 comp rx=0 tx=0).stop
2024-04-02T13:29:09.295 INFO:teuthology.orchestra.run.smithi033.stdout:/usr/bin/ceph: stderr
2024-04-02T13:29:08.670+0000 7fe3afc0f700 1 -- 172.21.15.33:0/1568021887 shutdown_connections
2024-04-02T13:29:09.295 INFO:teuthology.orchestra.run.smithi033.stdout:/usr/bin/ceph: stderr
2024-04-02T13:29:08.670+0000 7fe3afc0f700 1 --2- 172.21.15.33:0/1568021887 >> [v2:172.21.15.33:6800/2666001000,v1:172.21.15.33:6801/2666001000] conn(0x7fe394039620 0x7fe39403bae0 unknown :-1 s=CLOSED pgs=16 cs=0 l=1 rev1=1 crypto rx=0 tx=0 comp rx=0 tx=0).stop
2024-04-02T13:29:09.295 INFO:teuthology.orchestra.run.smithi033.stdout:/usr/bin/ceph: stderr
2024-04-02T13:29:08.670+0000 7fe3afc0f700 1 --2- 172.21.15.33:0/1568021887 >> [v2:172.21.15.33:3300/0,v1:172.21.15.33:6789/0] conn(0x7fe3a8107020 0x7fe3a819c0a0 unknown :-1 s=CLOSED pgs=56 cs=0 l=1 rev1=1 crypto rx=0 tx=0 comp rx=0 tx=0).stop
2024-04-02T13:29:09.295 INFO:teuthology.orchestra.run.smithi033.stdout:/usr/bin/ceph: stderr
2024-04-02T13:29:08.670+0000 7fe3afc0f700 1 -- 172.21.15.33:0/1568021887 >> 172.21.15.33:0/1568021887 conn(0x7fe3a81025e0 msgr2=0x7fe3a8192c60 unknown :-1 s=STATE_NONE l=0).mark_down
2024-04-02T13:29:09.295 INFO:teuthology.orchestra.run.smithi033.stdout:/usr/bin/ceph: stderr
2024-04-02T13:29:08.670+0000 7fe3afc0f700 1 -- 172.21.15.33:0/1568021887 shutdown_connections
2024-04-02T13:29:09.295 INFO:teuthology.orchestra.run.smithi033.stdout:/usr/bin/ceph: stderr
2024-04-02T13:29:08.670+0000 7fe3afc0f700 1 -- 172.21.15.33:0/1568021887 wait complete.
2024-04-02T13:29:09.539 INFO:journalctl@ceph.mgr.x.smithi033.stdout:Apr 02 13:29:09 smithi033 ceph-b5fd982e-f0f4-11ee-b647-cb9ed24678a4-mgr-x[32621]:
2024-04-02T13:29:09.266+0000 7f854c2b2200 -1 mgr[py] Module osd_perf_query has missing NOTIFY_TYPES member
2024-04-02T13:29:09.539 INFO:journalctl@ceph.mgr.x.smithi033.stdout:Apr 02 13:29:09 smithi033 ceph-b5fd982e-f0f4-11ee-b647-cb9ed24678a4-mgr-x[32621]:
2024-04-02T13:29:09.375+0000 7f854c2b2200 -1 mgr[py] Module snap_schedule has missing NOTIFY_TYPES member
2024-04-02T13:29:09.818 INFO:journalctl@ceph.mon.a.smithi033.stdout:Apr 02 13:29:09 smithi033 ceph-mon[32390]: from='client.? 172.21.15.33:0/1568021887' entity='client.admin' cmd='[{"prefix": "mgr module enable", "module": "dashboard"}]': finished
2024-04-02T13:29:09.819 INFO:journalctl@ceph.mon.a.smithi033.stdout:Apr 02 13:29:09 smithi033 ceph-mon[32390]: mgrmap e9: x(active, since 20s)
2024-04-02T13:29:10.155 INFO:journalctl@ceph.mgr.x.smithi033.stdout:Apr 02 13:29:10 smithi033 ceph-b5fd982e-f0f4-11ee-b647-cb9ed24678a4-mgr-x[32621]:
2024-04-02T13:29:10.054+0000 7f854c2b2200 -1 mgr[py] Module zabbix has missing NOTIFY_TYPES member
2024-04-02T13:29:10.155 INFO:journalctl@ceph.mgr.x.smithi033.stdout:Apr 02 13:29:10 smithi033 ceph-b5fd982e-f0f4-11ee-b647-cb9ed24678a4-mgr-x[32621]:
2024-04-02T13:29:10.152+0000 7f854c2b2200 -1 mgr[py] Module balancer has missing NOTIFY_TYPES member
2024-04-02T13:29:10.486 INFO:journalctl@ceph.mgr.x.smithi033.stdout:Apr 02 13:29:10 smithi033 ceph-b5fd982e-f0f4-11ee-b647-cb9ed24678a4-mgr-x[32621]:
2024-04-02T13:29:10.297+0000 7f854c2b2200 -1 mgr[py] Module influx has missing NOTIFY_TYPES member
2024-04-02T13:29:10.487 INFO:journalctl@ceph.mgr.x.smithi033.stdout:Apr 02 13:29:10 smithi033 ceph-b5fd982e-f0f4-11ee-b647-cb9ed24678a4-mgr-x[32621]:
2024-04-02T13:29:10.396+0000 7f854c2b2200 -1 mgr[py] Module alerts has missing NOTIFY_TYPES member
2024-04-02T13:29:10.487 INFO:journalctl@ceph.mgr.x.smithi033.stdout:Apr 02 13:29:10 smithi033 ceph-b5fd982e-f0f4-11ee-b647-cb9ed24678a4-mgr-x[32621]:
2024-04-02T13:29:10.483+0000 7f854c2b2200 -1 mgr[py] Module iostat has missing NOTIFY_TYPES member
2024-04-02T13:29:10.709 INFO:teuthology.orchestra.run.smithi033.stdout:/usr/bin/ceph: stdout {
2024-04-02T13:29:10.709 INFO:teuthology.orchestra.run.smithi033.stdout:/usr/bin/ceph: stdout "epoch": 9,
2024-04-02T13:29:10.709 INFO:teuthology.orchestra.run.smithi033.stdout:/usr/bin/ceph: stdout "available": true,
2024-04-02T13:29:10.709 INFO:teuthology.orchestra.run.smithi033.stdout:/usr/bin/ceph: stdout "active_name": "x",
2024-04-02T13:29:10.709 INFO:teuthology.orchestra.run.smithi033.stdout:/usr/bin/ceph: stdout "num_standby": 0
2024-04-02T13:29:10.709 INFO:teuthology.orchestra.run.smithi033.stdout:/usr/bin/ceph: stdout }
2024-04-02T13:29:10.709 INFO:teuthology.orchestra.run.smithi033.stdout:/usr/bin/ceph: stderr
2024-04-02T13:29:09.744+0000 7f0612dc9700 1 Processor -- start
2024-04-02T13:29:10.709 INFO:teuthology.orchestra.run.smithi033.stdout:/usr/bin/ceph: stderr
2024-04-02T13:29:09.744+0000 7f0612dc9700 1 -- start start
2024-04-02T13:29:10.709 INFO:teuthology.orchestra.run.smithi033.stdout:/usr/bin/ceph: stderr
2024-04-02T13:29:09.744+0000 7f0612dc9700 1 --2- >> [v2:172.21.15.33:3300/0,v1:172.21.15.33:6789/0] conn(0x7f060c108120 0x7f060c108540 unknown :-1 s=NONE pgs=0 cs=0 l=0 rev1=0 crypto rx=0 tx=0 comp rx=0 tx=0).connect
2024-04-02T13:29:10.709 INFO:teuthology.orchestra.run.smithi033.stdout:/usr/bin/ceph: stderr
2024-04-02T13:29:09.744+0000 7f0612dc9700 1 -- --> [v2:172.21.15.33:3300/0,v1:172.21.15.33:6789/0] -- mon_getmap magic: 0 -- 0x7f060c108b10 con 0x7f060c108120
2024-04-02T13:29:10.709 INFO:teuthology.orchestra.run.smithi033.stdout:/usr/bin/ceph: stderr
2024-04-02T13:29:09.744+0000 7f0610b65700 1 --2- >> [v2:172.21.15.33:3300/0,v1:172.21.15.33:6789/0] conn(0x7f060c108120 0x7f060c108540 unknown :-1 s=BANNER_CONNECTING pgs=0 cs=0 l=0 rev1=0 crypto rx=0 tx=0 comp rx=0 tx=0)._handle_peer_banner_payload supported=3 required=0
2024-04-02T13:29:10.709 INFO:teuthology.orchestra.run.smithi033.stdout:/usr/bin/ceph: stderr
2024-04-02T13:29:09.744+0000 7f0610b65700 1 --2- >> [v2:172.21.15.33:3300/0,v1:172.21.15.33:6789/0] conn(0x7f060c108120 0x7f060c108540 unknown :-1 s=HELLO_CONNECTING pgs=0 cs=0 l=0 rev1=1 crypto rx=0 tx=0 comp rx=0 tx=0).handle_hello peer v2:172.21.15.33:3300/0 says I am v2:172.21.15.33:54030/0 (socket says 172.21.15.33:54030)
2024-04-02T13:29:10.709 INFO:teuthology.orchestra.run.smithi033.stdout:/usr/bin/ceph: stderr
2024-04-02T13:29:09.744+0000 7f0610b65700 1 -- 172.21.15.33:0/2691697904 learned_addr learned my addr 172.21.15.33:0/2691697904 (peer_addr_for_me v2:172.21.15.33:0/0)
2024-04-02T13:29:10.710 INFO:teuthology.orchestra.run.smithi033.stdout:/usr/bin/ceph: stderr
2024-04-02T13:29:09.744+0000 7f0610b65700 1 -- 172.21.15.33:0/2691697904 --> [v2:172.21.15.33:3300/0,v1:172.21.15.33:6789/0] -- mon_subscribe({config=0+,monmap=0+}) -- 0x7f060c109320 con 0x7f060c108120
2024-04-02T13:29:10.710 INFO:teuthology.orchestra.run.smithi033.stdout:/usr/bin/ceph: stderr
2024-04-02T13:29:09.745+0000 7f0610b65700 1 --2- 172.21.15.33:0/2691697904 >> [v2:172.21.15.33:3300/0,v1:172.21.15.33:6789/0] conn(0x7f060c108120 0x7f060c108540 secure :-1 s=READY pgs=59 cs=0 l=1 rev1=1 crypto rx=0x7f06000098a0 tx=0x7f0600009bb0 comp rx=0 tx=0).ready entity=mon.0 client_cookie=4631b022b77fe012 server_cookie=0 in_seq=0 out_seq=0
2024-04-02T13:29:10.710 INFO:teuthology.orchestra.run.smithi033.stdout:/usr/bin/ceph: stderr
2024-04-02T13:29:09.745+0000 7f060b7fe700 1 -- 172.21.15.33:0/2691697904 <== mon.0 v2:172.21.15.33:3300/0 1 ==== mon_map magic: 0 ==== 205+0+0 (secure 0 0 0) 0x7f0600004160 con 0x7f060c108120
2024-04-02T13:29:10.710 INFO:teuthology.orchestra.run.smithi033.stdout:/usr/bin/ceph: stderr
2024-04-02T13:29:09.745+0000 7f060b7fe700 1 -- 172.21.15.33:0/2691697904 <== mon.0 v2:172.21.15.33:3300/0 2 ==== config(27 keys) ==== 1136+0+0 (secure 0 0 0) 0x7f0600004300 con 0x7f060c108120
2024-04-02T13:29:10.710 INFO:teuthology.orchestra.run.smithi033.stdout:/usr/bin/ceph: stderr
2024-04-02T13:29:09.745+0000 7f060b7fe700 1 -- 172.21.15.33:0/2691697904 <== mon.0 v2:172.21.15.33:3300/0 3 ==== mon_map magic: 0 ==== 205+0+0 (secure 0 0 0) 0x7f0600011b10 con 0x7f060c108120
2024-04-02T13:29:10.710 INFO:teuthology.orchestra.run.smithi033.stdout:/usr/bin/ceph: stderr
2024-04-02T13:29:09.745+0000 7f0612dc9700 1 -- 172.21.15.33:0/2691697904 >> [v2:172.21.15.33:3300/0,v1:172.21.15.33:6789/0] conn(0x7f060c108120 msgr2=0x7f060c108540 secure :-1 s=STATE_CONNECTION_ESTABLISHED l=1).mark_down
2024-04-02T13:29:10.710 INFO:teuthology.orchestra.run.smithi033.stdout:/usr/bin/ceph: stderr
2024-04-02T13:29:09.745+0000 7f0612dc9700 1 --2- 172.21.15.33:0/2691697904 >> [v2:172.21.15.33:3300/0,v1:172.21.15.33:6789/0] conn(0x7f060c108120 0x7f060c108540 secure :-1 s=READY pgs=59 cs=0 l=1 rev1=1 crypto rx=0x7f06000098a0 tx=0x7f0600009bb0 comp rx=0 tx=0).stop
2024-04-02T13:29:10.710 INFO:teuthology.orchestra.run.smithi033.stdout:/usr/bin/ceph: stderr
2024-04-02T13:29:09.745+0000 7f0612dc9700 1 -- 172.21.15.33:0/2691697904 shutdown_connections
2024-04-02T13:29:10.710 INFO:teuthology.orchestra.run.smithi033.stdout:/usr/bin/ceph: stderr
2024-04-02T13:29:09.745+0000 7f0612dc9700 1 --2- 172.21.15.33:0/2691697904 >> [v2:172.21.15.33:3300/0,v1:172.21.15.33:6789/0] conn(0x7f060c108120 0x7f060c108540 unknown :-1 s=CLOSED pgs=59 cs=0 l=1 rev1=1 crypto rx=0 tx=0 comp rx=0 tx=0).stop
2024-04-02T13:29:10.710 INFO:teuthology.orchestra.run.smithi033.stdout:/usr/bin/ceph: stderr
2024-04-02T13:29:09.745+0000 7f0612dc9700 1 -- 172.21.15.33:0/2691697904 >> 172.21.15.33:0/2691697904 conn(0x7f060c1036e0 msgr2=0x7f060c105b00 unknown :-1 s=STATE_NONE l=0).mark_down
2024-04-02T13:29:10.710 INFO:teuthology.orchestra.run.smithi033.stdout:/usr/bin/ceph: stderr
2024-04-02T13:29:09.745+0000 7f0612dc9700 1 -- 172.21.15.33:0/2691697904 shutdown_connections
2024-04-02T13:29:10.710 INFO:teuthology.orchestra.run.smithi033.stdout:/usr/bin/ceph: stderr
2024-04-02T13:29:09.745+0000 7f0612dc9700 1 -- 172.21.15.33:0/2691697904 wait complete.
2024-04-02T13:29:10.710 INFO:teuthology.orchestra.run.smithi033.stdout:/usr/bin/ceph: stderr
2024-04-02T13:29:09.746+0000 7f0612dc9700 1 Processor -- start
2024-04-02T13:29:10.710 INFO:teuthology.orchestra.run.smithi033.stdout:/usr/bin/ceph: stderr
2024-04-02T13:29:09.746+0000 7f0612dc9700 1 -- start start
2024-04-02T13:29:10.711 INFO:teuthology.orchestra.run.smithi033.stdout:/usr/bin/ceph: stderr
2024-04-02T13:29:09.746+0000 7f0612dc9700 1 --2- >> [v2:172.21.15.33:3300/0,v1:172.21.15.33:6789/0] conn(0x7f060c108120 0x7f060c19c0b0 unknown :-1 s=NONE pgs=0 cs=0 l=1 rev1=0 crypto rx=0 tx=0 comp rx=0 tx=0).connect
2024-04-02T13:29:10.711 INFO:teuthology.orchestra.run.smithi033.stdout:/usr/bin/ceph: stderr
2024-04-02T13:29:09.746+0000 7f0612dc9700 1 -- --> [v2:172.21.15.33:3300/0,v1:172.21.15.33:6789/0] -- mon_getmap magic: 0 -- 0x7f060c10c6d0 con 0x7f060c108120
2024-04-02T13:29:10.711 INFO:teuthology.orchestra.run.smithi033.stdout:/usr/bin/ceph: stderr
2024-04-02T13:29:09.746+0000 7f0610b65700 1 --2- >> [v2:172.21.15.33:3300/0,v1:172.21.15.33:6789/0] conn(0x7f060c108120 0x7f060c19c0b0 unknown :-1 s=BANNER_CONNECTING pgs=0 cs=0 l=1 rev1=0 crypto rx=0 tx=0 comp rx=0 tx=0)._handle_peer_banner_payload supported=3 required=0
2024-04-02T13:29:10.711 INFO:teuthology.orchestra.run.smithi033.stdout:/usr/bin/ceph: stderr
2024-04-02T13:29:09.746+0000 7f0610b65700 1 --2- >> [v2:172.21.15.33:3300/0,v1:172.21.15.33:6789/0] conn(0x7f060c108120 0x7f060c19c0b0 unknown :-1 s=HELLO_CONNECTING pgs=0 cs=0 l=1 rev1=1 crypto rx=0 tx=0 comp rx=0 tx=0).handle_hello peer v2:172.21.15.33:3300/0 says I am v2:172.21.15.33:54038/0 (socket says 172.21.15.33:54038)
2024-04-02T13:29:10.711 INFO:teuthology.orchestra.run.smithi033.stdout:/usr/bin/ceph: stderr
2024-04-02T13:29:09.746+0000 7f0610b65700 1 -- 172.21.15.33:0/1437817153 learned_addr learned my addr 172.21.15.33:0/1437817153 (peer_addr_for_me v2:172.21.15.33:0/0)
2024-04-02T13:29:10.711 INFO:teuthology.orchestra.run.smithi033.stdout:/usr/bin/ceph: stderr
2024-04-02T13:29:09.747+0000 7f0610b65700 1 -- 172.21.15.33:0/1437817153 --> [v2:172.21.15.33:3300/0,v1:172.21.15.33:6789/0] -- mon_subscribe({config=0+,monmap=0+}) -- 0x7f060c19c5f0 con 0x7f060c108120
2024-04-02T13:29:10.711 INFO:teuthology.orchestra.run.smithi033.stdout:/usr/bin/ceph: stderr
2024-04-02T13:29:09.747+0000 7f0610b65700 1 --2- 172.21.15.33:0/1437817153 >> [v2:172.21.15.33:3300/0,v1:172.21.15.33:6789/0] conn(0x7f060c108120 0x7f060c19c0b0 secure :-1 s=READY pgs=60 cs=0 l=1 rev1=1 crypto rx=0x7f0600006af0 tx=0x7f0600011bd0 comp rx=0 tx=0).ready entity=mon.0 client_cookie=0 server_cookie=0 in_seq=0 out_seq=0
2024-04-02T13:29:10.711 INFO:teuthology.orchestra.run.smithi033.stdout:/usr/bin/ceph: stderr
2024-04-02T13:29:09.747+0000 7f0609ffb700 1 -- 172.21.15.33:0/1437817153 <== mon.0 v2:172.21.15.33:3300/0 1 ==== mon_map magic: 0 ==== 205+0+0 (secure 0 0 0) 0x7f06000038b0 con 0x7f060c108120
2024-04-02T13:29:10.711 INFO:teuthology.orchestra.run.smithi033.stdout:/usr/bin/ceph: stderr
2024-04-02T13:29:09.747+0000 7f0609ffb700 1 -- 172.21.15.33:0/1437817153 <== mon.0 v2:172.21.15.33:3300/0 2 ==== config(27 keys) ==== 1136+0+0 (secure 0 0 0) 0x7f060001a430 con 0x7f060c108120
2024-04-02T13:29:10.711 INFO:teuthology.orchestra.run.smithi033.stdout:/usr/bin/ceph: stderr
2024-04-02T13:29:09.747+0000 7f0609ffb700 1 -- 172.21.15.33:0/1437817153 <== mon.0 v2:172.21.15.33:3300/0 3 ==== mon_map magic: 0 ==== 205+0+0 (secure 0 0 0) 0x7f0600019530 con 0x7f060c108120
2024-04-02T13:29:10.711 INFO:teuthology.orchestra.run.smithi033.stdout:/usr/bin/ceph: stderr
2024-04-02T13:29:09.747+0000 7f0612dc9700 1 -- 172.21.15.33:0/1437817153 --> [v2:172.21.15.33:3300/0,v1:172.21.15.33:6789/0] -- mon_subscribe({mgrmap=0+}) -- 0x7f060c19c880 con 0x7f060c108120
2024-04-02T13:29:10.711 INFO:teuthology.orchestra.run.smithi033.stdout:/usr/bin/ceph: stderr
2024-04-02T13:29:09.747+0000 7f0612dc9700 1 -- 172.21.15.33:0/1437817153 --> [v2:172.21.15.33:3300/0,v1:172.21.15.33:6789/0] -- mon_subscribe({osdmap=0}) -- 0x7f060c19f570 con 0x7f060c108120
2024-04-02T13:29:10.711 INFO:teuthology.orchestra.run.smithi033.stdout:/usr/bin/ceph: stderr
2024-04-02T13:29:09.748+0000 7f0612dc9700 1 -- 172.21.15.33:0/1437817153 --> [v2:172.21.15.33:3300/0,v1:172.21.15.33:6789/0] -- mon_command({"prefix": "get_command_descriptions"} v 0) -- 0x7f060c063c20 con 0x7f060c108120
2024-04-02T13:29:10.711 INFO:teuthology.orchestra.run.smithi033.stdout:/usr/bin/ceph: stderr
2024-04-02T13:29:09.748+0000 7f0609ffb700 1 -- 172.21.15.33:0/1437817153 <== mon.0 v2:172.21.15.33:3300/0 4 ==== mgrmap(e 9) ==== 46571+0+0 (secure 0 0 0) 0x7f06000197f0 con 0x7f060c108120
2024-04-02T13:29:10.711 INFO:teuthology.orchestra.run.smithi033.stdout:/usr/bin/ceph: stderr
2024-04-02T13:29:09.748+0000 7f0609ffb700 1 --2- 172.21.15.33:0/1437817153 >> [v2:172.21.15.33:6800/2666001000,v1:172.21.15.33:6801/2666001000] conn(0x7f05fc039670 0x7f05fc03bb30 unknown :-1 s=NONE pgs=0 cs=0 l=1 rev1=0 crypto rx=0 tx=0 comp rx=0 tx=0).connect
2024-04-02T13:29:10.712 INFO:teuthology.orchestra.run.smithi033.stdout:/usr/bin/ceph: stderr
2024-04-02T13:29:09.748+0000 7f0609ffb700 1 -- 172.21.15.33:0/1437817153 <== mon.0 v2:172.21.15.33:3300/0 5 ==== osd_map(2..2 src has 1..2) ==== 940+0+0 (secure 0 0 0) 0x7f060004da50 con 0x7f060c108120
2024-04-02T13:29:10.712 INFO:teuthology.orchestra.run.smithi033.stdout:/usr/bin/ceph: stderr
2024-04-02T13:29:09.749+0000 7f060bfff700 1 -- 172.21.15.33:0/1437817153 >> [v2:172.21.15.33:6800/2666001000,v1:172.21.15.33:6801/2666001000] conn(0x7f05fc039670 msgr2=0x7f05fc03bb30 unknown :-1 s=STATE_CONNECTING_RE l=1).process reconnect failed to v2:172.21.15.33:6800/2666001000
2024-04-02T13:29:10.712 INFO:teuthology.orchestra.run.smithi033.stdout:/usr/bin/ceph: stderr
2024-04-02T13:29:09.749+0000 7f060bfff700 1 --2- 172.21.15.33:0/1437817153 >> [v2:172.21.15.33:6800/2666001000,v1:172.21.15.33:6801/2666001000] conn(0x7f05fc039670 0x7f05fc03bb30 unknown :-1 s=START_CONNECT pgs=0 cs=0 l=1 rev1=0 crypto rx=0 tx=0 comp rx=0 tx=0)._fault waiting 0.200000
2024-04-02T13:29:10.712 INFO:teuthology.orchestra.run.smithi033.stdout:/usr/bin/ceph: stderr
2024-04-02T13:29:09.753+0000 7f0609ffb700 1 -- 172.21.15.33:0/1437817153 <== mon.0 v2:172.21.15.33:3300/0 6 ==== mon_command_ack([{"prefix": "get_command_descriptions"}]=0 v0) ==== 72+0+188173 (secure 0 0 0) 0x7f0600023e00 con 0x7f060c108120
2024-04-02T13:29:10.712 INFO:teuthology.orchestra.run.smithi033.stdout:/usr/bin/ceph: stderr
2024-04-02T13:29:09.950+0000 7f060bfff700 1 -- 172.21.15.33:0/1437817153 >> [v2:172.21.15.33:6800/2666001000,v1:172.21.15.33:6801/2666001000] conn(0x7f05fc039670 msgr2=0x7f05fc03bb30 unknown :-1 s=STATE_CONNECTING_RE l=1).process reconnect failed to v2:172.21.15.33:6800/2666001000
2024-04-02T13:29:10.712 INFO:teuthology.orchestra.run.smithi033.stdout:/usr/bin/ceph: stderr
2024-04-02T13:29:09.950+0000 7f060bfff700 1 --2- 172.21.15.33:0/1437817153 >> [v2:172.21.15.33:6800/2666001000,v1:172.21.15.33:6801/2666001000] conn(0x7f05fc039670 0x7f05fc03bb30 unknown :-1 s=START_CONNECT pgs=0 cs=0 l=1 rev1=0 crypto rx=0 tx=0 comp rx=0 tx=0)._fault waiting 0.400000
2024-04-02T13:29:10.712 INFO:teuthology.orchestra.run.smithi033.stdout:/usr/bin/ceph: stderr
2024-04-02T13:29:10.038+0000 7f0612dc9700 1 -- 172.21.15.33:0/1437817153 --> [v2:172.21.15.33:3300/0,v1:172.21.15.33:6789/0] -- mon_command({"prefix": "mgr stat"} v 0) -- 0x7f060c19f740 con 0x7f060c108120
2024-04-02T13:29:10.712 INFO:teuthology.orchestra.run.smithi033.stdout:/usr/bin/ceph: stderr
2024-04-02T13:29:10.038+0000 7f0609ffb700 1 -- 172.21.15.33:0/1437817153 <== mon.0 v2:172.21.15.33:3300/0 7 ==== mon_command_ack([{"prefix": "mgr stat"}]=0 v9) ==== 56+0+88 (secure 0 0 0) 0x7f060000fda0 con 0x7f060c108120
2024-04-02T13:29:10.712 INFO:teuthology.orchestra.run.smithi033.stdout:/usr/bin/ceph: stderr
2024-04-02T13:29:10.040+0000 7f0612dc9700 1 -- 172.21.15.33:0/1437817153 >> [v2:172.21.15.33:6800/2666001000,v1:172.21.15.33:6801/2666001000] conn(0x7f05fc039670 msgr2=0x7f05fc03bb30 unknown :-1 s=STATE_CONNECTING l=1).mark_down
2024-04-02T13:29:10.712 INFO:teuthology.orchestra.run.smithi033.stdout:/usr/bin/ceph: stderr
2024-04-02T13:29:10.040+0000 7f0612dc9700 1 --2- 172.21.15.33:0/1437817153 >> [v2:172.21.15.33:6800/2666001000,v1:172.21.15.33:6801/2666001000] conn(0x7f05fc039670 0x7f05fc03bb30 unknown :-1 s=START_CONNECT pgs=0 cs=0 l=1 rev1=0 crypto rx=0 tx=0 comp rx=0 tx=0).stop
2024-04-02T13:29:10.712 INFO:teuthology.orchestra.run.smithi033.stdout:/usr/bin/ceph: stderr
2024-04-02T13:29:10.040+0000 7f0612dc9700 1 -- 172.21.15.33:0/1437817153 >> [v2:172.21.15.33:3300/0,v1:172.21.15.33:6789/0] conn(0x7f060c108120 msgr2=0x7f060c19c0b0 secure :-1 s=STATE_CONNECTION_ESTABLISHED l=1).mark_down
2024-04-02T13:29:10.712 INFO:teuthology.orchestra.run.smithi033.stdout:/usr/bin/ceph: stderr
2024-04-02T13:29:10.040+0000 7f0612dc9700 1 --2- 172.21.15.33:0/1437817153 >> [v2:172.21.15.33:3300/0,v1:172.21.15.33:6789/0] conn(0x7f060c108120 0x7f060c19c0b0 secure :-1 s=READY pgs=60 cs=0 l=1 rev1=1 crypto rx=0x7f0600006af0 tx=0x7f0600011bd0 comp rx=0 tx=0).stop
2024-04-02T13:29:10.712 INFO:teuthology.orchestra.run.smithi033.stdout:/usr/bin/ceph: stderr
2024-04-02T13:29:10.040+0000 7f0612dc9700 1 -- 172.21.15.33:0/1437817153 shutdown_connections
2024-04-02T13:29:10.712 INFO:teuthology.orchestra.run.smithi033.stdout:/usr/bin/ceph: stderr
2024-04-02T13:29:10.040+0000 7f0612dc9700 1 --2- 172.21.15.33:0/1437817153 >> [v2:172.21.15.33:6800/2666001000,v1:172.21.15.33:6801/2666001000] conn(0x7f05fc039670 0x7f05fc03bb30 unknown :-1 s=CLOSED pgs=0 cs=0 l=1 rev1=0 crypto rx=0 tx=0 comp rx=0 tx=0).stop
2024-04-02T13:29:10.713 INFO:teuthology.orchestra.run.smithi033.stdout:/usr/bin/ceph: stderr
2024-04-02T13:29:10.040+0000 7f0612dc9700 1 --2- 172.21.15.33:0/1437817153 >> [v2:172.21.15.33:3300/0,v1:172.21.15.33:6789/0] conn(0x7f060c108120 0x7f060c19c0b0 unknown :-1 s=CLOSED pgs=60 cs=0 l=1 rev1=1 crypto rx=0 tx=0 comp rx=0 tx=0).stop
2024-04-02T13:29:10.713 INFO:teuthology.orchestra.run.smithi033.stdout:/usr/bin/ceph: stderr
2024-04-02T13:29:10.040+0000 7f0612dc9700 1 -- 172.21.15.33:0/1437817153 >> 172.21.15.33:0/1437817153 conn(0x7f060c1036e0 msgr2=0x7f060c1041a0 unknown :-1 s=STATE_NONE l=0).mark_down
2024-04-02T13:29:10.713 INFO:teuthology.orchestra.run.smithi033.stdout:/usr/bin/ceph: stderr
2024-04-02T13:29:10.040+0000 7f0612dc9700 1 -- 172.21.15.33:0/1437817153 shutdown_connections
2024-04-02T13:29:10.713 INFO:teuthology.orchestra.run.smithi033.stdout:/usr/bin/ceph: stderr
2024-04-02T13:29:10.040+0000 7f0612dc9700 1 -- 172.21.15.33:0/1437817153 wait complete.
2024-04-02T13:29:10.713 INFO:teuthology.orchestra.run.smithi033.stdout:Waiting for the mgr to restart...
2024-04-02T13:29:10.713 INFO:teuthology.orchestra.run.smithi033.stdout:Waiting for mgr epoch 9...
2024-04-02T13:29:10.754 INFO:journalctl@ceph.mon.a.smithi033.stdout:Apr 02 13:29:10 smithi033 ceph-mon[32390]: from='client.? 172.21.15.33:0/1437817153' entity='client.admin' cmd=[{"prefix": "mgr stat"}]: dispatch
2024-04-02T13:29:11.027 INFO:journalctl@ceph.mgr.x.smithi033.stdout:Apr 02 13:29:10 smithi033 ceph-b5fd982e-f0f4-11ee-b647-cb9ed24678a4-mgr-x[32621]:
2024-04-02T13:29:10.764+0000 7f854c2b2200 -1 mgr[py] Module rgw has missing NOTIFY_TYPES member
2024-04-02T13:29:11.027 INFO:journalctl@ceph.mgr.x.smithi033.stdout:Apr 02 13:29:10 smithi033 ceph-b5fd982e-f0f4-11ee-b647-cb9ed24678a4-mgr-x[32621]:
2024-04-02T13:29:10.878+0000 7f854c2b2200 -1 mgr[py] Module rbd_support has missing NOTIFY_TYPES member
2024-04-02T13:29:11.027 INFO:journalctl@ceph.mgr.x.smithi033.stdout:Apr 02 13:29:10 smithi033 ceph-b5fd982e-f0f4-11ee-b647-cb9ed24678a4-mgr-x[32621]:
2024-04-02T13:29:10.968+0000 7f854c2b2200 -1 mgr[py] Module progress has missing NOTIFY_TYPES member
2024-04-02T13:29:11.334 INFO:journalctl@ceph.mgr.x.smithi033.stdout:Apr 02 13:29:11 smithi033 ceph-b5fd982e-f0f4-11ee-b647-cb9ed24678a4-mgr-x[32621]:
2024-04-02T13:29:11.067+0000 7f854c2b2200 -1 mgr[py] Module pg_autoscaler has missing NOTIFY_TYPES member
2024-04-02T13:29:11.334 INFO:journalctl@ceph.mgr.x.smithi033.stdout:Apr 02 13:29:11 smithi033 ceph-b5fd982e-f0f4-11ee-b647-cb9ed24678a4-mgr-x[32621]:
2024-04-02T13:29:11.249+0000 7f854c2b2200 -1 mgr[py] Module devicehealth has missing NOTIFY_TYPES member
2024-04-02T13:29:12.504 INFO:journalctl@ceph.mgr.x.smithi033.stdout:Apr 02 13:29:12 smithi033 ceph-b5fd982e-f0f4-11ee-b647-cb9ed24678a4-mgr-x[32621]:
2024-04-02T13:29:12.242+0000 7f854c2b2200 -1 mgr[py] Module rook has missing NOTIFY_TYPES member
2024-04-02T13:29:12.504 INFO:journalctl@ceph.mgr.x.smithi033.stdout:Apr 02 13:29:12 smithi033 ceph-b5fd982e-f0f4-11ee-b647-cb9ed24678a4-mgr-x[32621]:
2024-04-02T13:29:12.378+0000 7f854c2b2200 -1 mgr[py] Module diskprediction_local has missing NOTIFY_TYPES member
2024-04-02T13:29:12.815 INFO:journalctl@ceph.mgr.x.smithi033.stdout:Apr 02 13:29:12 smithi033 ceph-b5fd982e-f0f4-11ee-b647-cb9ed24678a4-mgr-x[32621]:
2024-04-02T13:29:12.719+0000 7f854c2b2200 -1 mgr[py] Module selftest has missing NOTIFY_TYPES member
2024-04-02T13:29:12.815 INFO:journalctl@ceph.mgr.x.smithi033.stdout:Apr 02 13:29:12 smithi033 ceph-b5fd982e-f0f4-11ee-b647-cb9ed24678a4-mgr-x[32621]:
2024-04-02T13:29:12.811+0000 7f854c2b2200 -1 mgr[py] Module telegraf has missing NOTIFY_TYPES member
2024-04-02T13:29:13.210 INFO:journalctl@ceph.mgr.x.smithi033.stdout:Apr 02 13:29:13 smithi033 ceph-b5fd982e-f0f4-11ee-b647-cb9ed24678a4-mgr-x[32621]:
2024-04-02T13:29:13.015+0000 7f854c2b2200 -1 mgr[py] Module test_orchestrator has missing NOTIFY_TYPES member
2024-04-02T13:29:13.210 INFO:journalctl@ceph.mgr.x.smithi033.stdout:Apr 02 13:29:13 smithi033 ceph-b5fd982e-f0f4-11ee-b647-cb9ed24678a4-mgr-x[32621]:
2024-04-02T13:29:13.207+0000 7f854c2b2200 -1 mgr[py] Module crash has missing NOTIFY_TYPES member
2024-04-02T13:29:13.769 INFO:journalctl@ceph.mgr.x.smithi033.stdout:Apr 02 13:29:13 smithi033 ceph-b5fd982e-f0f4-11ee-b647-cb9ed24678a4-mgr-x[32621]:
2024-04-02T13:29:13.504+0000 7f854c2b2200 -1 mgr[py] Module orchestrator has missing NOTIFY_TYPES member
2024-04-02T13:29:13.769 INFO:journalctl@ceph.mgr.x.smithi033.stdout:Apr 02 13:29:13 smithi033 ceph-b5fd982e-f0f4-11ee-b647-cb9ed24678a4-mgr-x[32621]:
2024-04-02T13:29:13.766+0000 7f854c2b2200 -1 mgr[py] Module osd_support has missing NOTIFY_TYPES member
2024-04-02T13:29:14.138 INFO:journalctl@ceph.mgr.x.smithi033.stdout:Apr 02 13:29:14 smithi033 ceph-b5fd982e-f0f4-11ee-b647-cb9ed24678a4-mgr-x[32621]:
2024-04-02T13:29:14.012+0000 7f854c2b2200 -1 mgr[py] Module volumes has missing NOTIFY_TYPES member
