2024-04-02T13:29:15.254 INFO:journalctl@ceph.mgr.x.smithi033.stdout:Apr 02 13:29:14 smithi033 ceph-b5fd982e-f0f4-11ee-b647-cb9ed24678a4-mgr-x[32621]:
2024-04-02T13:29:14.848+0000 7f854c2b2200 -1 mgr[py] Module telemetry has missing NOTIFY_TYPES member
2024-04-02T13:29:15.527 INFO:journalctl@ceph.mgr.x.smithi033.stdout:Apr 02 13:29:15 smithi033 ceph-b5fd982e-f0f4-11ee-b647-cb9ed24678a4-mgr-x[32621]:
2024-04-02T13:29:15.437+0000 7f854c2b2200 -1 mgr[py] Module prometheus has missing NOTIFY_TYPES member
2024-04-02T13:29:15.780 INFO:journalctl@ceph.mgr.x.smithi033.stdout:Apr 02 13:29:15 smithi033 ceph-b5fd982e-f0f4-11ee-b647-cb9ed24678a4-mgr-x[32621]:
2024-04-02T13:29:15.544+0000 7f854c2b2200 -1 mgr[py] Module status has missing NOTIFY_TYPES member
2024-04-02T13:29:15.780 INFO:journalctl@ceph.mgr.x.smithi033.stdout:Apr 02 13:29:15 smithi033 ceph-b5fd982e-f0f4-11ee-b647-cb9ed24678a4-mgr-x[32621]:
2024-04-02T13:29:15.776+0000 7f854c2b2200 -1 mgr[py] Module nfs has missing NOTIFY_TYPES member
2024-04-02T13:29:16.254 INFO:journalctl@ceph.mon.a.smithi033.stdout:Apr 02 13:29:15 smithi033 ceph-mon[32390]: Active manager daemon x restarted
2024-04-02T13:29:16.254 INFO:journalctl@ceph.mon.a.smithi033.stdout:Apr 02 13:29:15 smithi033 ceph-mon[32390]: Activating manager daemon x
2024-04-02T13:29:16.254 INFO:journalctl@ceph.mon.a.smithi033.stdout:Apr 02 13:29:15 smithi033 ceph-mon[32390]: osdmap e3: 0 total, 0 up, 0 in
2024-04-02T13:29:16.254 INFO:journalctl@ceph.mon.a.smithi033.stdout:Apr 02 13:29:15 smithi033 ceph-mon[32390]: mgrmap e10: x(active, starting, since 0.0038973s)
2024-04-02T13:29:16.255 INFO:journalctl@ceph.mon.a.smithi033.stdout:Apr 02 13:29:15 smithi033 ceph-mon[32390]: from='mgr.14152 172.21.15.33:0/3726562746' entity='mgr.x' cmd=[{"prefix": "mon metadata", "id": "a"}]: dispatch
2024-04-02T13:29:16.255 INFO:journalctl@ceph.mon.a.smithi033.stdout:Apr 02 13:29:15 smithi033 ceph-mon[32390]: from='mgr.14152 172.21.15.33:0/3726562746' entity='mgr.x' cmd=[{"prefix": "mgr metadata", "who": "x", "id": "x"}]: dispatch
2024-04-02T13:29:16.255 INFO:journalctl@ceph.mon.a.smithi033.stdout:Apr 02 13:29:15 smithi033 ceph-mon[32390]: from='mgr.14152 172.21.15.33:0/3726562746' entity='mgr.x' cmd=[{"prefix": "mds metadata"}]: dispatch
2024-04-02T13:29:16.255 INFO:journalctl@ceph.mon.a.smithi033.stdout:Apr 02 13:29:15 smithi033 ceph-mon[32390]: from='mgr.14152 172.21.15.33:0/3726562746' entity='mgr.x' cmd=[{"prefix": "osd metadata"}]: dispatch
2024-04-02T13:29:16.255 INFO:journalctl@ceph.mon.a.smithi033.stdout:Apr 02 13:29:15 smithi033 ceph-mon[32390]: from='mgr.14152 172.21.15.33:0/3726562746' entity='mgr.x' cmd=[{"prefix": "mon metadata"}]: dispatch
2024-04-02T13:29:16.255 INFO:journalctl@ceph.mon.a.smithi033.stdout:Apr 02 13:29:15 smithi033 ceph-mon[32390]: Manager daemon x is now available
2024-04-02T13:29:16.255 INFO:journalctl@ceph.mon.a.smithi033.stdout:Apr 02 13:29:15 smithi033 ceph-mon[32390]: from='mgr.14152 172.21.15.33:0/3726562746' entity='mgr.x' cmd=[{"prefix": "config dump", "format": "json"}]: dispatch
2024-04-02T13:29:16.255 INFO:journalctl@ceph.mon.a.smithi033.stdout:Apr 02 13:29:15 smithi033 ceph-mon[32390]: from='mgr.14152 172.21.15.33:0/3726562746' entity='mgr.x' cmd=[{"prefix":"config rm","who":"mgr","name":"mgr/rbd_support/x/mirror_snapshot_schedule"}]: dispatch
2024-04-02T13:29:17.051 INFO:journalctl@ceph.mon.a.smithi033.stdout:Apr 02 13:29:16 smithi033 ceph-mon[32390]: from='mgr.14152 172.21.15.33:0/3726562746' entity='mgr.x' cmd=[{"prefix":"config rm","who":"mgr","name":"mgr/rbd_support/x/trash_purge_schedule"}]: dispatch
2024-04-02T13:29:17.051 INFO:journalctl@ceph.mon.a.smithi033.stdout:Apr 02 13:29:16 smithi033 ceph-mon[32390]: [02/Apr/2024:13:29:16] ENGINE Bus STARTING
2024-04-02T13:29:17.051 INFO:journalctl@ceph.mon.a.smithi033.stdout:Apr 02 13:29:16 smithi033 ceph-mon[32390]: [02/Apr/2024:13:29:16] ENGINE Serving on http://172.21.15.33:8765
2024-04-02T13:29:17.051 INFO:journalctl@ceph.mon.a.smithi033.stdout:Apr 02 13:29:16 smithi033 ceph-mon[32390]: mgrmap e11: x(active, since 1.00604s)
2024-04-02T13:29:17.963 INFO:teuthology.orchestra.run.smithi033.stdout:/usr/bin/ceph: stdout {
2024-04-02T13:29:17.963 INFO:teuthology.orchestra.run.smithi033.stdout:/usr/bin/ceph: stdout "mgrmap_epoch": 11,
2024-04-02T13:29:17.963 INFO:teuthology.orchestra.run.smithi033.stdout:/usr/bin/ceph: stdout "initialized": true
2024-04-02T13:29:17.964 INFO:teuthology.orchestra.run.smithi033.stdout:/usr/bin/ceph: stdout }
2024-04-02T13:29:17.964 INFO:teuthology.orchestra.run.smithi033.stdout:/usr/bin/ceph: stderr
2024-04-02T13:29:11.125+0000 7f13fc712700 1 Processor -- start
2024-04-02T13:29:17.964 INFO:teuthology.orchestra.run.smithi033.stdout:/usr/bin/ceph: stderr
2024-04-02T13:29:11.125+0000 7f13fc712700 1 -- start start
2024-04-02T13:29:17.964 INFO:teuthology.orchestra.run.smithi033.stdout:/usr/bin/ceph: stderr
2024-04-02T13:29:11.125+0000 7f13fc712700 1 --2- >> [v2:172.21.15.33:3300/0,v1:172.21.15.33:6789/0] conn(0x7f13f407e730 0x7f13f407cb90 unknown :-1 s=NONE pgs=0 cs=0 l=0 rev1=0 crypto rx=0 tx=0 comp rx=0 tx=0).connect
2024-04-02T13:29:17.964 INFO:teuthology.orchestra.run.smithi033.stdout:/usr/bin/ceph: stderr
2024-04-02T13:29:11.125+0000 7f13fc712700 1 -- --> [v2:172.21.15.33:3300/0,v1:172.21.15.33:6789/0] -- mon_getmap magic: 0 -- 0x7f13f407d160 con 0x7f13f407e730
2024-04-02T13:29:17.964 INFO:teuthology.orchestra.run.smithi033.stdout:/usr/bin/ceph: stderr
2024-04-02T13:29:11.126+0000 7f13fa4ae700 1 --2- >> [v2:172.21.15.33:3300/0,v1:172.21.15.33:6789/0] conn(0x7f13f407e730 0x7f13f407cb90 unknown :-1 s=BANNER_CONNECTING pgs=0 cs=0 l=0 rev1=0 crypto rx=0 tx=0 comp rx=0 tx=0)._handle_peer_banner_payload supported=3 required=0
2024-04-02T13:29:17.964 INFO:teuthology.orchestra.run.smithi033.stdout:/usr/bin/ceph: stderr
2024-04-02T13:29:11.126+0000 7f13fa4ae700 1 --2- >> [v2:172.21.15.33:3300/0,v1:172.21.15.33:6789/0] conn(0x7f13f407e730 0x7f13f407cb90 unknown :-1 s=HELLO_CONNECTING pgs=0 cs=0 l=0 rev1=1 crypto rx=0 tx=0 comp rx=0 tx=0).handle_hello peer v2:172.21.15.33:3300/0 says I am v2:172.21.15.33:54050/0 (socket says 172.21.15.33:54050)
2024-04-02T13:29:17.964 INFO:teuthology.orchestra.run.smithi033.stdout:/usr/bin/ceph: stderr
2024-04-02T13:29:11.126+0000 7f13fa4ae700 1 -- 172.21.15.33:0/1939652919 learned_addr learned my addr 172.21.15.33:0/1939652919 (peer_addr_for_me v2:172.21.15.33:0/0)
2024-04-02T13:29:17.964 INFO:teuthology.orchestra.run.smithi033.stdout:/usr/bin/ceph: stderr
2024-04-02T13:29:11.126+0000 7f13fa4ae700 1 -- 172.21.15.33:0/1939652919 --> [v2:172.21.15.33:3300/0,v1:172.21.15.33:6789/0] -- mon_subscribe({config=0+,monmap=0+}) -- 0x7f13f407d2e0 con 0x7f13f407e730
2024-04-02T13:29:17.964 INFO:teuthology.orchestra.run.smithi033.stdout:/usr/bin/ceph: stderr
2024-04-02T13:29:11.126+0000 7f13fa4ae700 1 --2- 172.21.15.33:0/1939652919 >> [v2:172.21.15.33:3300/0,v1:172.21.15.33:6789/0] conn(0x7f13f407e730 0x7f13f407cb90 secure :-1 s=READY pgs=61 cs=0 l=1 rev1=1 crypto rx=0x7f13f00098a0 tx=0x7f13f0009bb0 comp rx=0 tx=0).ready entity=mon.0 client_cookie=5f2ba7e7d98ba948 server_cookie=0 in_seq=0 out_seq=0
2024-04-02T13:29:17.964 INFO:teuthology.orchestra.run.smithi033.stdout:/usr/bin/ceph: stderr
2024-04-02T13:29:11.126+0000 7f13f94ac700 1 -- 172.21.15.33:0/1939652919 <== mon.0 v2:172.21.15.33:3300/0 1 ==== mon_map magic: 0 ==== 205+0+0 (secure 0 0 0) 0x7f13f0004160 con 0x7f13f407e730
2024-04-02T13:29:17.964 INFO:teuthology.orchestra.run.smithi033.stdout:/usr/bin/ceph: stderr
2024-04-02T13:29:11.127+0000 7f13f94ac700 1 -- 172.21.15.33:0/1939652919 <== mon.0 v2:172.21.15.33:3300/0 2 ==== config(27 keys) ==== 1136+0+0 (secure 0 0 0) 0x7f13f0004300 con 0x7f13f407e730
2024-04-02T13:29:17.964 INFO:teuthology.orchestra.run.smithi033.stdout:/usr/bin/ceph: stderr
2024-04-02T13:29:11.127+0000 7f13f94ac700 1 -- 172.21.15.33:0/1939652919 <== mon.0 v2:172.21.15.33:3300/0 3 ==== mon_map magic: 0 ==== 205+0+0 (secure 0 0 0) 0x7f13f0011b10 con 0x7f13f407e730
2024-04-02T13:29:17.964 INFO:teuthology.orchestra.run.smithi033.stdout:/usr/bin/ceph: stderr
2024-04-02T13:29:11.127+0000 7f13fc712700 1 -- 172.21.15.33:0/1939652919 >> [v2:172.21.15.33:3300/0,v1:172.21.15.33:6789/0] conn(0x7f13f407e730 msgr2=0x7f13f407cb90 secure :-1 s=STATE_CONNECTION_ESTABLISHED l=1).mark_down
2024-04-02T13:29:17.965 INFO:teuthology.orchestra.run.smithi033.stdout:/usr/bin/ceph: stderr
2024-04-02T13:29:11.127+0000 7f13fc712700 1 --2- 172.21.15.33:0/1939652919 >> [v2:172.21.15.33:3300/0,v1:172.21.15.33:6789/0] conn(0x7f13f407e730 0x7f13f407cb90 secure :-1 s=READY pgs=61 cs=0 l=1 rev1=1 crypto rx=0x7f13f00098a0 tx=0x7f13f0009bb0 comp rx=0 tx=0).stop
2024-04-02T13:29:17.965 INFO:teuthology.orchestra.run.smithi033.stdout:/usr/bin/ceph: stderr
2024-04-02T13:29:11.127+0000 7f13fc712700 1 -- 172.21.15.33:0/1939652919 shutdown_connections
2024-04-02T13:29:17.965 INFO:teuthology.orchestra.run.smithi033.stdout:/usr/bin/ceph: stderr
2024-04-02T13:29:11.127+0000 7f13fc712700 1 --2- 172.21.15.33:0/1939652919 >> [v2:172.21.15.33:3300/0,v1:172.21.15.33:6789/0] conn(0x7f13f407e730 0x7f13f407cb90 unknown :-1 s=CLOSED pgs=61 cs=0 l=1 rev1=1 crypto rx=0 tx=0 comp rx=0 tx=0).stop
2024-04-02T13:29:17.965 INFO:teuthology.orchestra.run.smithi033.stdout:/usr/bin/ceph: stderr
2024-04-02T13:29:11.127+0000 7f13fc712700 1 -- 172.21.15.33:0/1939652919 >> 172.21.15.33:0/1939652919 conn(0x7f13f41036e0 msgr2=0x7f13f4105b00 unknown :-1 s=STATE_NONE l=0).mark_down
2024-04-02T13:29:17.965 INFO:teuthology.orchestra.run.smithi033.stdout:/usr/bin/ceph: stderr
2024-04-02T13:29:11.127+0000 7f13fc712700 1 -- 172.21.15.33:0/1939652919 shutdown_connections
2024-04-02T13:29:17.965 INFO:teuthology.orchestra.run.smithi033.stdout:/usr/bin/ceph: stderr
2024-04-02T13:29:11.127+0000 7f13fc712700 1 -- 172.21.15.33:0/1939652919 wait complete.
2024-04-02T13:29:17.965 INFO:teuthology.orchestra.run.smithi033.stdout:/usr/bin/ceph: stderr
2024-04-02T13:29:11.128+0000 7f13fc712700 1 Processor -- start
2024-04-02T13:29:17.965 INFO:teuthology.orchestra.run.smithi033.stdout:/usr/bin/ceph: stderr
2024-04-02T13:29:11.128+0000 7f13fc712700 1 -- start start
2024-04-02T13:29:17.965 INFO:teuthology.orchestra.run.smithi033.stdout:/usr/bin/ceph: stderr
2024-04-02T13:29:11.128+0000 7f13fc712700 1 --2- >> [v2:172.21.15.33:3300/0,v1:172.21.15.33:6789/0] conn(0x7f13f407e730 0x7f13f419e2f0 unknown :-1 s=NONE pgs=0 cs=0 l=1 rev1=0 crypto rx=0 tx=0 comp rx=0 tx=0).connect
2024-04-02T13:29:17.965 INFO:teuthology.orchestra.run.smithi033.stdout:/usr/bin/ceph: stderr
2024-04-02T13:29:11.128+0000 7f13fc712700 1 -- --> [v2:172.21.15.33:3300/0,v1:172.21.15.33:6789/0] -- mon_getmap magic: 0 -- 0x7f13f410e780 con 0x7f13f407e730
2024-04-02T13:29:17.965 INFO:teuthology.orchestra.run.smithi033.stdout:/usr/bin/ceph: stderr
2024-04-02T13:29:11.128+0000 7f13fa4ae700 1 --2- >> [v2:172.21.15.33:3300/0,v1:172.21.15.33:6789/0] conn(0x7f13f407e730 0x7f13f419e2f0 unknown :-1 s=BANNER_CONNECTING pgs=0 cs=0 l=1 rev1=0 crypto rx=0 tx=0 comp rx=0 tx=0)._handle_peer_banner_payload supported=3 required=0
2024-04-02T13:29:17.966 INFO:teuthology.orchestra.run.smithi033.stdout:/usr/bin/ceph: stderr
2024-04-02T13:29:11.128+0000 7f13fa4ae700 1 --2- >> [v2:172.21.15.33:3300/0,v1:172.21.15.33:6789/0] conn(0x7f13f407e730 0x7f13f419e2f0 unknown :-1 s=HELLO_CONNECTING pgs=0 cs=0 l=1 rev1=1 crypto rx=0 tx=0 comp rx=0 tx=0).handle_hello peer v2:172.21.15.33:3300/0 says I am v2:172.21.15.33:54054/0 (socket says 172.21.15.33:54054)
2024-04-02T13:29:17.966 INFO:teuthology.orchestra.run.smithi033.stdout:/usr/bin/ceph: stderr
2024-04-02T13:29:11.128+0000 7f13fa4ae700 1 -- 172.21.15.33:0/588195255 learned_addr learned my addr 172.21.15.33:0/588195255 (peer_addr_for_me v2:172.21.15.33:0/0)
2024-04-02T13:29:17.966 INFO:teuthology.orchestra.run.smithi033.stdout:/usr/bin/ceph: stderr
2024-04-02T13:29:11.129+0000 7f13fa4ae700 1 -- 172.21.15.33:0/588195255 --> [v2:172.21.15.33:3300/0,v1:172.21.15.33:6789/0] -- mon_subscribe({config=0+,monmap=0+}) -- 0x7f13f419e830 con 0x7f13f407e730
2024-04-02T13:29:17.966 INFO:teuthology.orchestra.run.smithi033.stdout:/usr/bin/ceph: stderr
2024-04-02T13:29:11.129+0000 7f13fa4ae700 1 --2- 172.21.15.33:0/588195255 >> [v2:172.21.15.33:3300/0,v1:172.21.15.33:6789/0] conn(0x7f13f407e730 0x7f13f419e2f0 secure :-1 s=READY pgs=62 cs=0 l=1 rev1=1 crypto rx=0x7f13f0006af0 tx=0x7f13f0011bd0 comp rx=0 tx=0).ready entity=mon.0 client_cookie=0 server_cookie=0 in_seq=0 out_seq=0
2024-04-02T13:29:17.966 INFO:teuthology.orchestra.run.smithi033.stdout:/usr/bin/ceph: stderr
2024-04-02T13:29:11.129+0000 7f13e77fe700 1 -- 172.21.15.33:0/588195255 <== mon.0 v2:172.21.15.33:3300/0 1 ==== mon_map magic: 0 ==== 205+0+0 (secure 0 0 0) 0x7f13f00038b0 con 0x7f13f407e730
2024-04-02T13:29:17.966 INFO:teuthology.orchestra.run.smithi033.stdout:/usr/bin/ceph: stderr
2024-04-02T13:29:11.129+0000 7f13e77fe700 1 -- 172.21.15.33:0/588195255 <== mon.0 v2:172.21.15.33:3300/0 2 ==== config(27 keys) ==== 1136+0+0 (secure 0 0 0) 0x7f13f001a430 con 0x7f13f407e730
2024-04-02T13:29:17.966 INFO:teuthology.orchestra.run.smithi033.stdout:/usr/bin/ceph: stderr
2024-04-02T13:29:11.129+0000 7f13fc712700 1 -- 172.21.15.33:0/588195255 --> [v2:172.21.15.33:3300/0,v1:172.21.15.33:6789/0] -- mon_subscribe({mgrmap=0+}) -- 0x7f13f419eac0 con 0x7f13f407e730
2024-04-02T13:29:17.966 INFO:teuthology.orchestra.run.smithi033.stdout:/usr/bin/ceph: stderr
2024-04-02T13:29:11.129+0000 7f13e77fe700 1 -- 172.21.15.33:0/588195255 <== mon.0 v2:172.21.15.33:3300/0 3 ==== mon_map magic: 0 ==== 205+0+0 (secure 0 0 0) 0x7f13f0019530 con 0x7f13f407e730
2024-04-02T13:29:17.966 INFO:teuthology.orchestra.run.smithi033.stdout:/usr/bin/ceph: stderr
2024-04-02T13:29:11.129+0000 7f13fc712700 1 -- 172.21.15.33:0/588195255 --> [v2:172.21.15.33:3300/0,v1:172.21.15.33:6789/0] -- mon_subscribe({osdmap=0}) -- 0x7f13f41a17b0 con 0x7f13f407e730
2024-04-02T13:29:17.966 INFO:teuthology.orchestra.run.smithi033.stdout:/usr/bin/ceph: stderr
2024-04-02T13:29:11.130+0000 7f13e77fe700 1 -- 172.21.15.33:0/588195255 <== mon.0 v2:172.21.15.33:3300/0 4 ==== mgrmap(e 9) ==== 46571+0+0 (secure 0 0 0) 0x7f13f00197f0 con 0x7f13f407e730
2024-04-02T13:29:17.966 INFO:teuthology.orchestra.run.smithi033.stdout:/usr/bin/ceph: stderr
2024-04-02T13:29:11.130+0000 7f13e77fe700 1 --2- 172.21.15.33:0/588195255 >> [v2:172.21.15.33:6800/2666001000,v1:172.21.15.33:6801/2666001000] conn(0x7f13e0039670 0x7f13e003bb30 unknown :-1 s=NONE pgs=0 cs=0 l=1 rev1=0 crypto rx=0 tx=0 comp rx=0 tx=0).connect
2024-04-02T13:29:17.966 INFO:teuthology.orchestra.run.smithi033.stdout:/usr/bin/ceph: stderr
2024-04-02T13:29:11.130+0000 7f13fc712700 1 -- 172.21.15.33:0/588195255 --> [v2:172.21.15.33:6800/2666001000,v1:172.21.15.33:6801/2666001000] -- command(tid 0: {"prefix": "get_command_descriptions"}) -- 0x7f13f4063c20 con 0x7f13e0039670
2024-04-02T13:29:17.966 INFO:teuthology.orchestra.run.smithi033.stdout:/usr/bin/ceph: stderr
2024-04-02T13:29:11.130+0000 7f13e77fe700 1 -- 172.21.15.33:0/588195255 <== mon.0 v2:172.21.15.33:3300/0 5 ==== osd_map(2..2 src has 1..2) ==== 940+0+0 (secure 0 0 0) 0x7f13f004db30 con 0x7f13f407e730
2024-04-02T13:29:17.967 INFO:teuthology.orchestra.run.smithi033.stdout:/usr/bin/ceph: stderr
2024-04-02T13:29:11.130+0000 7f13f9cad700 1 -- 172.21.15.33:0/588195255 >> [v2:172.21.15.33:6800/2666001000,v1:172.21.15.33:6801/2666001000] conn(0x7f13e0039670 msgr2=0x7f13e003bb30 unknown :-1 s=STATE_CONNECTING_RE l=1).process reconnect failed to v2:172.21.15.33:6800/2666001000
2024-04-02T13:29:17.967 INFO:teuthology.orchestra.run.smithi033.stdout:/usr/bin/ceph: stderr
2024-04-02T13:29:11.130+0000 7f13f9cad700 1 --2- 172.21.15.33:0/588195255 >> [v2:172.21.15.33:6800/2666001000,v1:172.21.15.33:6801/2666001000] conn(0x7f13e0039670 0x7f13e003bb30 unknown :-1 s=START_CONNECT pgs=0 cs=0 l=1 rev1=0 crypto rx=0 tx=0 comp rx=0 tx=0)._fault waiting 0.200000
2024-04-02T13:29:17.967 INFO:teuthology.orchestra.run.smithi033.stdout:/usr/bin/ceph: stderr
2024-04-02T13:29:11.331+0000 7f13f9cad700 1 -- 172.21.15.33:0/588195255 >> [v2:172.21.15.33:6800/2666001000,v1:172.21.15.33:6801/2666001000] conn(0x7f13e0039670 msgr2=0x7f13e003bb30 unknown :-1 s=STATE_CONNECTING_RE l=1).process reconnect failed to v2:172.21.15.33:6800/2666001000
2024-04-02T13:29:17.967 INFO:teuthology.orchestra.run.smithi033.stdout:/usr/bin/ceph: stderr
2024-04-02T13:29:11.331+0000 7f13f9cad700 1 --2- 172.21.15.33:0/588195255 >> [v2:172.21.15.33:6800/2666001000,v1:172.21.15.33:6801/2666001000] conn(0x7f13e0039670 0x7f13e003bb30 unknown :-1 s=START_CONNECT pgs=0 cs=0 l=1 rev1=0 crypto rx=0 tx=0 comp rx=0 tx=0)._fault waiting 0.400000
2024-04-02T13:29:17.967 INFO:teuthology.orchestra.run.smithi033.stdout:/usr/bin/ceph: stderr
2024-04-02T13:29:11.732+0000 7f13f9cad700 1 -- 172.21.15.33:0/588195255 >> [v2:172.21.15.33:6800/2666001000,v1:172.21.15.33:6801/2666001000] conn(0x7f13e0039670 msgr2=0x7f13e003bb30 unknown :-1 s=STATE_CONNECTING_RE l=1).process reconnect failed to v2:172.21.15.33:6800/2666001000
2024-04-02T13:29:17.967 INFO:teuthology.orchestra.run.smithi033.stdout:/usr/bin/ceph: stderr
2024-04-02T13:29:11.732+0000 7f13f9cad700 1 --2- 172.21.15.33:0/588195255 >> [v2:172.21.15.33:6800/2666001000,v1:172.21.15.33:6801/2666001000] conn(0x7f13e0039670 0x7f13e003bb30 unknown :-1 s=START_CONNECT pgs=0 cs=0 l=1 rev1=0 crypto rx=0 tx=0 comp rx=0 tx=0)._fault waiting 0.800000
2024-04-02T13:29:17.967 INFO:teuthology.orchestra.run.smithi033.stdout:/usr/bin/ceph: stderr
2024-04-02T13:29:12.533+0000 7f13f9cad700 1 -- 172.21.15.33:0/588195255 >> [v2:172.21.15.33:6800/2666001000,v1:172.21.15.33:6801/2666001000] conn(0x7f13e0039670 msgr2=0x7f13e003bb30 unknown :-1 s=STATE_CONNECTING_RE l=1).process reconnect failed to v2:172.21.15.33:6800/2666001000
2024-04-02T13:29:17.967 INFO:teuthology.orchestra.run.smithi033.stdout:/usr/bin/ceph: stderr
2024-04-02T13:29:12.533+0000 7f13f9cad700 1 --2- 172.21.15.33:0/588195255 >> [v2:172.21.15.33:6800/2666001000,v1:172.21.15.33:6801/2666001000] conn(0x7f13e0039670 0x7f13e003bb30 unknown :-1 s=START_CONNECT pgs=0 cs=0 l=1 rev1=0 crypto rx=0 tx=0 comp rx=0 tx=0)._fault waiting 1.600000
2024-04-02T13:29:17.967 INFO:teuthology.orchestra.run.smithi033.stdout:/usr/bin/ceph: stderr
2024-04-02T13:29:14.134+0000 7f13f9cad700 1 -- 172.21.15.33:0/588195255 >> [v2:172.21.15.33:6800/2666001000,v1:172.21.15.33:6801/2666001000] conn(0x7f13e0039670 msgr2=0x7f13e003bb30 unknown :-1 s=STATE_CONNECTING_RE l=1).process reconnect failed to v2:172.21.15.33:6800/2666001000
2024-04-02T13:29:17.967 INFO:teuthology.orchestra.run.smithi033.stdout:/usr/bin/ceph: stderr
2024-04-02T13:29:14.134+0000 7f13f9cad700 1 --2- 172.21.15.33:0/588195255 >> [v2:172.21.15.33:6800/2666001000,v1:172.21.15.33:6801/2666001000] conn(0x7f13e0039670 0x7f13e003bb30 unknown :-1 s=START_CONNECT pgs=0 cs=0 l=1 rev1=0 crypto rx=0 tx=0 comp rx=0 tx=0)._fault waiting 3.200000
2024-04-02T13:29:17.967 INFO:teuthology.orchestra.run.smithi033.stdout:/usr/bin/ceph: stderr
2024-04-02T13:29:15.780+0000 7f13e77fe700 1 -- 172.21.15.33:0/588195255 <== mon.0 v2:172.21.15.33:3300/0 6 ==== mgrmap(e 10) ==== 46338+0+0 (secure 0 0 0) 0x7f13f002d960 con 0x7f13f407e730
2024-04-02T13:29:17.967 INFO:teuthology.orchestra.run.smithi033.stdout:/usr/bin/ceph: stderr
2024-04-02T13:29:15.780+0000 7f13e77fe700 1 -- 172.21.15.33:0/588195255 >> [v2:172.21.15.33:6800/2666001000,v1:172.21.15.33:6801/2666001000] conn(0x7f13e0039670 msgr2=0x7f13e003bb30 unknown :-1 s=STATE_CONNECTING l=1).mark_down
2024-04-02T13:29:17.967 INFO:teuthology.orchestra.run.smithi033.stdout:/usr/bin/ceph: stderr
2024-04-02T13:29:15.780+0000 7f13e77fe700 1 --2- 172.21.15.33:0/588195255 >> [v2:172.21.15.33:6800/2666001000,v1:172.21.15.33:6801/2666001000] conn(0x7f13e0039670 0x7f13e003bb30 unknown :-1 s=START_CONNECT pgs=0 cs=0 l=1 rev1=0 crypto rx=0 tx=0 comp rx=0 tx=0).stop
2024-04-02T13:29:17.967 INFO:teuthology.orchestra.run.smithi033.stdout:/usr/bin/ceph: stderr
2024-04-02T13:29:16.781+0000 7f13e77fe700 1 -- 172.21.15.33:0/588195255 <== mon.0 v2:172.21.15.33:3300/0 7 ==== mgrmap(e 11) ==== 46465+0+0 (secure 0 0 0) 0x7f13f00205d0 con 0x7f13f407e730
2024-04-02T13:29:17.968 INFO:teuthology.orchestra.run.smithi033.stdout:/usr/bin/ceph: stderr
2024-04-02T13:29:16.782+0000 7f13e77fe700 1 --2- 172.21.15.33:0/588195255 >> [v2:172.21.15.33:6800/2562306694,v1:172.21.15.33:6801/2562306694] conn(0x7f13e003cf00 0x7f13e003f2f0 unknown :-1 s=NONE pgs=0 cs=0 l=1 rev1=0 crypto rx=0 tx=0 comp rx=0 tx=0).connect
2024-04-02T13:29:17.968 INFO:teuthology.orchestra.run.smithi033.stdout:/usr/bin/ceph: stderr
2024-04-02T13:29:16.782+0000 7f13e77fe700 1 -- 172.21.15.33:0/588195255 --> [v2:172.21.15.33:6800/2562306694,v1:172.21.15.33:6801/2562306694] -- command(tid 0: {"prefix": "get_command_descriptions"}) -- 0x7f13f002be50 con 0x7f13e003cf00
2024-04-02T13:29:17.968 INFO:teuthology.orchestra.run.smithi033.stdout:/usr/bin/ceph: stderr
2024-04-02T13:29:16.782+0000 7f13f9cad700 1 --2- 172.21.15.33:0/588195255 >> [v2:172.21.15.33:6800/2562306694,v1:172.21.15.33:6801/2562306694] conn(0x7f13e003cf00 0x7f13e003f2f0 unknown :-1 s=BANNER_CONNECTING pgs=0 cs=0 l=1 rev1=0 crypto rx=0 tx=0 comp rx=0 tx=0)._handle_peer_banner_payload supported=3 required=0
2024-04-02T13:29:17.968 INFO:teuthology.orchestra.run.smithi033.stdout:/usr/bin/ceph: stderr
2024-04-02T13:29:16.783+0000 7f13f9cad700 1 --2- 172.21.15.33:0/588195255 >> [v2:172.21.15.33:6800/2562306694,v1:172.21.15.33:6801/2562306694] conn(0x7f13e003cf00 0x7f13e003f2f0 secure :-1 s=READY pgs=2 cs=0 l=1 rev1=1 crypto rx=0x7f13e8003a10 tx=0x7f13e80092b0 comp rx=0 tx=0).ready entity=mgr.14152 client_cookie=0 server_cookie=0 in_seq=0 out_seq=0
2024-04-02T13:29:17.968 INFO:teuthology.orchestra.run.smithi033.stdout:/usr/bin/ceph: stderr
2024-04-02T13:29:16.784+0000 7f13e77fe700 1 -- 172.21.15.33:0/588195255 <== mgr.14152 v2:172.21.15.33:6800/2562306694 1 ==== command_reply(tid 0: 0 ) ==== 8+0+7774 (secure 0 0 0) 0x7f13f002be50 con 0x7f13e003cf00
2024-04-02T13:29:17.968 INFO:teuthology.orchestra.run.smithi033.stdout:/usr/bin/ceph: stderr
2024-04-02T13:29:16.790+0000 7f13fc712700 1 -- 172.21.15.33:0/588195255 --> [v2:172.21.15.33:6800/2562306694,v1:172.21.15.33:6801/2562306694] -- command(tid 1: {"prefix": "mgr_status"}) -- 0x7f13f41048e0 con 0x7f13e003cf00
2024-04-02T13:29:17.968 INFO:teuthology.orchestra.run.smithi033.stdout:/usr/bin/ceph: stderr
2024-04-02T13:29:16.791+0000 7f13e77fe700 1 -- 172.21.15.33:0/588195255 <== mgr.14152 v2:172.21.15.33:6800/2562306694 2 ==== command_reply(tid 1: 0 ) ==== 8+0+52 (secure 0 0 0) 0x7f13f41048e0 con 0x7f13e003cf00
2024-04-02T13:29:17.968 INFO:teuthology.orchestra.run.smithi033.stdout:/usr/bin/ceph: stderr
2024-04-02T13:29:16.791+0000 7f13fc712700 1 -- 172.21.15.33:0/588195255 >> [v2:172.21.15.33:6800/2562306694,v1:172.21.15.33:6801/2562306694] conn(0x7f13e003cf00 msgr2=0x7f13e003f2f0 secure :-1 s=STATE_CONNECTION_ESTABLISHED l=1).mark_down
2024-04-02T13:29:17.968 INFO:teuthology.orchestra.run.smithi033.stdout:/usr/bin/ceph: stderr
2024-04-02T13:29:16.791+0000 7f13fc712700 1 --2- 172.21.15.33:0/588195255 >> [v2:172.21.15.33:6800/2562306694,v1:172.21.15.33:6801/2562306694] conn(0x7f13e003cf00 0x7f13e003f2f0 secure :-1 s=READY pgs=2 cs=0 l=1 rev1=1 crypto rx=0x7f13e8003a10 tx=0x7f13e80092b0 comp rx=0 tx=0).stop
2024-04-02T13:29:17.968 INFO:teuthology.orchestra.run.smithi033.stdout:/usr/bin/ceph: stderr
2024-04-02T13:29:16.791+0000 7f13fc712700 1 -- 172.21.15.33:0/588195255 >> [v2:172.21.15.33:3300/0,v1:172.21.15.33:6789/0] conn(0x7f13f407e730 msgr2=0x7f13f419e2f0 secure :-1 s=STATE_CONNECTION_ESTABLISHED l=1).mark_down
2024-04-02T13:29:17.968 INFO:teuthology.orchestra.run.smithi033.stdout:/usr/bin/ceph: stderr
2024-04-02T13:29:16.791+0000 7f13fc712700 1 --2- 172.21.15.33:0/588195255 >> [v2:172.21.15.33:3300/0,v1:172.21.15.33:6789/0] conn(0x7f13f407e730 0x7f13f419e2f0 secure :-1 s=READY pgs=62 cs=0 l=1 rev1=1 crypto rx=0x7f13f0006af0 tx=0x7f13f0011bd0 comp rx=0 tx=0).stop
2024-04-02T13:29:17.968 INFO:teuthology.orchestra.run.smithi033.stdout:/usr/bin/ceph: stderr
2024-04-02T13:29:16.791+0000 7f13fc712700 1 -- 172.21.15.33:0/588195255 shutdown_connections
2024-04-02T13:29:17.968 INFO:teuthology.orchestra.run.smithi033.stdout:/usr/bin/ceph: stderr
2024-04-02T13:29:16.791+0000 7f13fc712700 1 --2- 172.21.15.33:0/588195255 >> [v2:172.21.15.33:6800/2562306694,v1:172.21.15.33:6801/2562306694] conn(0x7f13e003cf00 0x7f13e003f2f0 unknown :-1 s=CLOSED pgs=2 cs=0 l=1 rev1=1 crypto rx=0 tx=0 comp rx=0 tx=0).stop
2024-04-02T13:29:17.968 INFO:teuthology.orchestra.run.smithi033.stdout:/usr/bin/ceph: stderr
2024-04-02T13:29:16.791+0000 7f13fc712700 1 --2- 172.21.15.33:0/588195255 >> [v2:172.21.15.33:3300/0,v1:172.21.15.33:6789/0] conn(0x7f13f407e730 0x7f13f419e2f0 unknown :-1 s=CLOSED pgs=62 cs=0 l=1 rev1=1 crypto rx=0 tx=0 comp rx=0 tx=0).stop
2024-04-02T13:29:17.968 INFO:teuthology.orchestra.run.smithi033.stdout:/usr/bin/ceph: stderr
2024-04-02T13:29:16.791+0000 7f13fc712700 1 --2- 172.21.15.33:0/588195255 >> [v2:172.21.15.33:6800/2666001000,v1:172.21.15.33:6801/2666001000] conn(0x7f13e0039670 0x7f13e003bb30 unknown :-1 s=CLOSED pgs=0 cs=0 l=1 rev1=0 crypto rx=0 tx=0 comp rx=0 tx=0).stop
2024-04-02T13:29:17.969 INFO:teuthology.orchestra.run.smithi033.stdout:/usr/bin/ceph: stderr
2024-04-02T13:29:16.791+0000 7f13fc712700 1 -- 172.21.15.33:0/588195255 >> 172.21.15.33:0/588195255 conn(0x7f13f41036e0 msgr2=0x7f13f41041d0 unknown :-1 s=STATE_NONE l=0).mark_down
2024-04-02T13:29:17.969 INFO:teuthology.orchestra.run.smithi033.stdout:/usr/bin/ceph: stderr
2024-04-02T13:29:16.791+0000 7f13fc712700 1 -- 172.21.15.33:0/588195255 shutdown_connections
2024-04-02T13:29:17.969 INFO:teuthology.orchestra.run.smithi033.stdout:/usr/bin/ceph: stderr
2024-04-02T13:29:16.791+0000 7f13fc712700 1 -- 172.21.15.33:0/588195255 wait complete.
2024-04-02T13:29:17.969 INFO:teuthology.orchestra.run.smithi033.stdout:mgr epoch 9 is available
2024-04-02T13:29:17.969 INFO:teuthology.orchestra.run.smithi033.stdout:Generating a dashboard self-signed certificate...
2024-04-02T13:29:18.843 INFO:journalctl@ceph.mon.a.smithi033.stdout:Apr 02 13:29:18 smithi033 ceph-mon[32390]: from='client.14156 -' entity='client.admin' cmd=[{"prefix": "get_command_descriptions"}]: dispatch
2024-04-02T13:29:18.843 INFO:journalctl@ceph.mon.a.smithi033.stdout:Apr 02 13:29:18 smithi033 ceph-mon[32390]: from='client.14156 -' entity='client.admin' cmd=[{"prefix": "mgr_status"}]: dispatch
2024-04-02T13:29:18.843 INFO:journalctl@ceph.mon.a.smithi033.stdout:Apr 02 13:29:18 smithi033 ceph-mon[32390]: [02/Apr/2024:13:29:16] ENGINE Serving on https://172.21.15.33:7150
2024-04-02T13:29:18.843 INFO:journalctl@ceph.mon.a.smithi033.stdout:Apr 02 13:29:18 smithi033 ceph-mon[32390]: [02/Apr/2024:13:29:16] ENGINE Bus STARTED
2024-04-02T13:29:18.843 INFO:journalctl@ceph.mon.a.smithi033.stdout:Apr 02 13:29:18 smithi033 ceph-mon[32390]: from='mgr.14152 172.21.15.33:0/3726562746' entity='mgr.x'
2024-04-02T13:29:19.576 INFO:teuthology.orchestra.run.smithi033.stdout:/usr/bin/ceph: stdout Self-signed certificate created
2024-04-02T13:29:19.576 INFO:teuthology.orchestra.run.smithi033.stdout:/usr/bin/ceph: stderr
2024-04-02T13:29:18.393+0000 7efd79e63700 1 Processor -- start
2024-04-02T13:29:19.576 INFO:teuthology.orchestra.run.smithi033.stdout:/usr/bin/ceph: stderr
2024-04-02T13:29:18.393+0000 7efd79e63700 1 -- start start
2024-04-02T13:29:19.576 INFO:teuthology.orchestra.run.smithi033.stdout:/usr/bin/ceph: stderr
2024-04-02T13:29:18.393+0000 7efd79e63700 1 --2- >> [v2:172.21.15.33:3300/0,v1:172.21.15.33:6789/0] conn(0x7efd74108c70 0x7efd7410b060 unknown :-1 s=NONE pgs=0 cs=0 l=0 rev1=0 crypto rx=0 tx=0 comp rx=0 tx=0).connect
2024-04-02T13:29:19.576 INFO:teuthology.orchestra.run.smithi033.stdout:/usr/bin/ceph: stderr
2024-04-02T13:29:18.393+0000 7efd79e63700 1 -- --> [v2:172.21.15.33:3300/0,v1:172.21.15.33:6789/0] -- mon_getmap magic: 0 -- 0x7efd7407c660 con 0x7efd74108c70
2024-04-02T13:29:19.577 INFO:teuthology.orchestra.run.smithi033.stdout:/usr/bin/ceph: stderr
2024-04-02T13:29:18.393+0000 7efd737fe700 1 --2- >> [v2:172.21.15.33:3300/0,v1:172.21.15.33:6789/0] conn(0x7efd74108c70 0x7efd7410b060 unknown :-1 s=BANNER_CONNECTING pgs=0 cs=0 l=0 rev1=0 crypto rx=0 tx=0 comp rx=0 tx=0)._handle_peer_banner_payload supported=3 required=0
2024-04-02T13:29:19.577 INFO:teuthology.orchestra.run.smithi033.stdout:/usr/bin/ceph: stderr
2024-04-02T13:29:18.393+0000 7efd737fe700 1 --2- >> [v2:172.21.15.33:3300/0,v1:172.21.15.33:6789/0] conn(0x7efd74108c70 0x7efd7410b060 unknown :-1 s=HELLO_CONNECTING pgs=0 cs=0 l=0 rev1=1 crypto rx=0 tx=0 comp rx=0 tx=0).handle_hello peer v2:172.21.15.33:3300/0 says I am v2:172.21.15.33:36550/0 (socket says 172.21.15.33:36550)
2024-04-02T13:29:19.577 INFO:teuthology.orchestra.run.smithi033.stdout:/usr/bin/ceph: stderr
2024-04-02T13:29:18.393+0000 7efd737fe700 1 -- 172.21.15.33:0/2735332247 learned_addr learned my addr 172.21.15.33:0/2735332247 (peer_addr_for_me v2:172.21.15.33:0/0)
2024-04-02T13:29:19.577 INFO:teuthology.orchestra.run.smithi033.stdout:/usr/bin/ceph: stderr
2024-04-02T13:29:18.393+0000 7efd737fe700 1 -- 172.21.15.33:0/2735332247 --> [v2:172.21.15.33:3300/0,v1:172.21.15.33:6789/0] -- mon_subscribe({config=0+,monmap=0+}) -- 0x7efd7410b5a0 con 0x7efd74108c70
2024-04-02T13:29:19.577 INFO:teuthology.orchestra.run.smithi033.stdout:/usr/bin/ceph: stderr
2024-04-02T13:29:18.394+0000 7efd737fe700 1 --2- 172.21.15.33:0/2735332247 >> [v2:172.21.15.33:3300/0,v1:172.21.15.33:6789/0] conn(0x7efd74108c70 0x7efd7410b060 secure :-1 s=READY pgs=70 cs=0 l=1 rev1=1 crypto rx=0x7efd640098a0 tx=0x7efd64009bb0 comp rx=0 tx=0).ready entity=mon.0 client_cookie=56af7d24dbc57b36 server_cookie=0 in_seq=0 out_seq=0
2024-04-02T13:29:19.577 INFO:teuthology.orchestra.run.smithi033.stdout:/usr/bin/ceph: stderr
2024-04-02T13:29:18.394+0000 7efd727fc700 1 -- 172.21.15.33:0/2735332247 <== mon.0 v2:172.21.15.33:3300/0 1 ==== mon_map magic: 0 ==== 205+0+0 (secure 0 0 0) 0x7efd64004160 con 0x7efd74108c70
2024-04-02T13:29:19.577 INFO:teuthology.orchestra.run.smithi033.stdout:/usr/bin/ceph: stderr
2024-04-02T13:29:18.394+0000 7efd727fc700 1 -- 172.21.15.33:0/2735332247 <== mon.0 v2:172.21.15.33:3300/0 2 ==== config(27 keys) ==== 1136+0+0 (secure 0 0 0) 0x7efd64004300 con 0x7efd74108c70
2024-04-02T13:29:19.577 INFO:teuthology.orchestra.run.smithi033.stdout:/usr/bin/ceph: stderr
2024-04-02T13:29:18.394+0000 7efd727fc700 1 -- 172.21.15.33:0/2735332247 <== mon.0 v2:172.21.15.33:3300/0 3 ==== mon_map magic: 0 ==== 205+0+0 (secure 0 0 0) 0x7efd64011b10 con 0x7efd74108c70
2024-04-02T13:29:19.577 INFO:teuthology.orchestra.run.smithi033.stdout:/usr/bin/ceph: stderr
2024-04-02T13:29:18.394+0000 7efd79e63700 1 -- 172.21.15.33:0/2735332247 >> [v2:172.21.15.33:3300/0,v1:172.21.15.33:6789/0] conn(0x7efd74108c70 msgr2=0x7efd7410b060 secure :-1 s=STATE_CONNECTION_ESTABLISHED l=1).mark_down
2024-04-02T13:29:19.577 INFO:teuthology.orchestra.run.smithi033.stdout:/usr/bin/ceph: stderr
2024-04-02T13:29:18.394+0000 7efd79e63700 1 --2- 172.21.15.33:0/2735332247 >> [v2:172.21.15.33:3300/0,v1:172.21.15.33:6789/0] conn(0x7efd74108c70 0x7efd7410b060 secure :-1 s=READY pgs=70 cs=0 l=1 rev1=1 crypto rx=0x7efd640098a0 tx=0x7efd64009bb0 comp rx=0 tx=0).stop
2024-04-02T13:29:19.577 INFO:teuthology.orchestra.run.smithi033.stdout:/usr/bin/ceph: stderr
2024-04-02T13:29:18.395+0000 7efd79e63700 1 -- 172.21.15.33:0/2735332247 shutdown_connections
2024-04-02T13:29:19.578 INFO:teuthology.orchestra.run.smithi033.stdout:/usr/bin/ceph: stderr
2024-04-02T13:29:18.395+0000 7efd79e63700 1 --2- 172.21.15.33:0/2735332247 >> [v2:172.21.15.33:3300/0,v1:172.21.15.33:6789/0] conn(0x7efd74108c70 0x7efd7410b060 unknown :-1 s=CLOSED pgs=70 cs=0 l=1 rev1=1 crypto rx=0 tx=0 comp rx=0 tx=0).stop
2024-04-02T13:29:19.578 INFO:teuthology.orchestra.run.smithi033.stdout:/usr/bin/ceph: stderr
2024-04-02T13:29:18.395+0000 7efd79e63700 1 -- 172.21.15.33:0/2735332247 >> 172.21.15.33:0/2735332247 conn(0x7efd741025e0 msgr2=0x7efd74104a00 unknown :-1 s=STATE_NONE l=0).mark_down
2024-04-02T13:29:19.578 INFO:teuthology.orchestra.run.smithi033.stdout:/usr/bin/ceph: stderr
2024-04-02T13:29:18.395+0000 7efd79e63700 1 -- 172.21.15.33:0/2735332247 shutdown_connections
2024-04-02T13:29:19.578 INFO:teuthology.orchestra.run.smithi033.stdout:/usr/bin/ceph: stderr
2024-04-02T13:29:18.395+0000 7efd79e63700 1 -- 172.21.15.33:0/2735332247 wait complete.
2024-04-02T13:29:19.578 INFO:teuthology.orchestra.run.smithi033.stdout:/usr/bin/ceph: stderr
2024-04-02T13:29:18.395+0000 7efd79e63700 1 Processor -- start
2024-04-02T13:29:19.578 INFO:teuthology.orchestra.run.smithi033.stdout:/usr/bin/ceph: stderr
2024-04-02T13:29:18.395+0000 7efd79e63700 1 -- start start
2024-04-02T13:29:19.578 INFO:teuthology.orchestra.run.smithi033.stdout:/usr/bin/ceph: stderr
2024-04-02T13:29:18.395+0000 7efd79e63700 1 --2- >> [v2:172.21.15.33:3300/0,v1:172.21.15.33:6789/0] conn(0x7efd74108c70 0x7efd7419bfb0 unknown :-1 s=NONE pgs=0 cs=0 l=1 rev1=0 crypto rx=0 tx=0 comp rx=0 tx=0).connect
2024-04-02T13:29:19.578 INFO:teuthology.orchestra.run.smithi033.stdout:/usr/bin/ceph: stderr
2024-04-02T13:29:18.395+0000 7efd79e63700 1 -- --> [v2:172.21.15.33:3300/0,v1:172.21.15.33:6789/0] -- mon_getmap magic: 0 -- 0x7efd7410c540 con 0x7efd74108c70
2024-04-02T13:29:19.578 INFO:teuthology.orchestra.run.smithi033.stdout:/usr/bin/ceph: stderr
2024-04-02T13:29:18.396+0000 7efd737fe700 1 --2- >> [v2:172.21.15.33:3300/0,v1:172.21.15.33:6789/0] conn(0x7efd74108c70 0x7efd7419bfb0 unknown :-1 s=BANNER_CONNECTING pgs=0 cs=0 l=1 rev1=0 crypto rx=0 tx=0 comp rx=0 tx=0)._handle_peer_banner_payload supported=3 required=0
2024-04-02T13:29:19.578 INFO:teuthology.orchestra.run.smithi033.stdout:/usr/bin/ceph: stderr
2024-04-02T13:29:18.396+0000 7efd737fe700 1 --2- >> [v2:172.21.15.33:3300/0,v1:172.21.15.33:6789/0] conn(0x7efd74108c70 0x7efd7419bfb0 unknown :-1 s=HELLO_CONNECTING pgs=0 cs=0 l=1 rev1=1 crypto rx=0 tx=0 comp rx=0 tx=0).handle_hello peer v2:172.21.15.33:3300/0 says I am v2:172.21.15.33:36558/0 (socket says 172.21.15.33:36558)
2024-04-02T13:29:19.579 INFO:teuthology.orchestra.run.smithi033.stdout:/usr/bin/ceph: stderr
2024-04-02T13:29:18.396+0000 7efd737fe700 1 -- 172.21.15.33:0/630691393 learned_addr learned my addr 172.21.15.33:0/630691393 (peer_addr_for_me v2:172.21.15.33:0/0)
2024-04-02T13:29:19.579 INFO:teuthology.orchestra.run.smithi033.stdout:/usr/bin/ceph: stderr
2024-04-02T13:29:18.396+0000 7efd737fe700 1 -- 172.21.15.33:0/630691393 --> [v2:172.21.15.33:3300/0,v1:172.21.15.33:6789/0] -- mon_subscribe({config=0+,monmap=0+}) -- 0x7efd7419c4f0 con 0x7efd74108c70
2024-04-02T13:29:19.579 INFO:teuthology.orchestra.run.smithi033.stdout:/usr/bin/ceph: stderr
2024-04-02T13:29:18.396+0000 7efd737fe700 1 --2- 172.21.15.33:0/630691393 >> [v2:172.21.15.33:3300/0,v1:172.21.15.33:6789/0] conn(0x7efd74108c70 0x7efd7419bfb0 secure :-1 s=READY pgs=71 cs=0 l=1 rev1=1 crypto rx=0x7efd64011670 tx=0x7efd64011bd0 comp rx=0 tx=0).ready entity=mon.0 client_cookie=0 server_cookie=0 in_seq=0 out_seq=0
2024-04-02T13:29:19.579 INFO:teuthology.orchestra.run.smithi033.stdout:/usr/bin/ceph: stderr
2024-04-02T13:29:18.396+0000 7efd70ff9700 1 -- 172.21.15.33:0/630691393 <== mon.0 v2:172.21.15.33:3300/0 1 ==== mon_map magic: 0 ==== 205+0+0 (secure 0 0 0) 0x7efd64003930 con 0x7efd74108c70
2024-04-02T13:29:19.579 INFO:teuthology.orchestra.run.smithi033.stdout:/usr/bin/ceph: stderr
2024-04-02T13:29:18.396+0000 7efd70ff9700 1 -- 172.21.15.33:0/630691393 <== mon.0 v2:172.21.15.33:3300/0 2 ==== config(27 keys) ==== 1136+0+0 (secure 0 0 0) 0x7efd64003ad0 con 0x7efd74108c70
2024-04-02T13:29:19.579 INFO:teuthology.orchestra.run.smithi033.stdout:/usr/bin/ceph: stderr
2024-04-02T13:29:18.396+0000 7efd79e63700 1 -- 172.21.15.33:0/630691393 --> [v2:172.21.15.33:3300/0,v1:172.21.15.33:6789/0] -- mon_subscribe({mgrmap=0+}) -- 0x7efd7419c780 con 0x7efd74108c70
2024-04-02T13:29:19.579 INFO:teuthology.orchestra.run.smithi033.stdout:/usr/bin/ceph: stderr
2024-04-02T13:29:18.396+0000 7efd70ff9700 1 -- 172.21.15.33:0/630691393 <== mon.0 v2:172.21.15.33:3300/0 3 ==== mon_map magic: 0 ==== 205+0+0 (secure 0 0 0) 0x7efd64019550 con 0x7efd74108c70
2024-04-02T13:29:19.579 INFO:teuthology.orchestra.run.smithi033.stdout:/usr/bin/ceph: stderr
2024-04-02T13:29:18.396+0000 7efd79e63700 1 -- 172.21.15.33:0/630691393 --> [v2:172.21.15.33:3300/0,v1:172.21.15.33:6789/0] -- mon_subscribe({osdmap=0}) -- 0x7efd7419f470 con 0x7efd74108c70
2024-04-02T13:29:19.579 INFO:teuthology.orchestra.run.smithi033.stdout:/usr/bin/ceph: stderr
2024-04-02T13:29:18.397+0000 7efd70ff9700 1 -- 172.21.15.33:0/630691393 <== mon.0 v2:172.21.15.33:3300/0 4 ==== mgrmap(e 11) ==== 46465+0+0 (secure 0 0 0) 0x7efd64019800 con 0x7efd74108c70
2024-04-02T13:29:19.579 INFO:teuthology.orchestra.run.smithi033.stdout:/usr/bin/ceph: stderr
2024-04-02T13:29:18.397+0000 7efd79e63700 1 -- 172.21.15.33:0/630691393 --> [v2:172.21.15.33:3300/0,v1:172.21.15.33:6789/0] -- mon_command({"prefix": "get_command_descriptions"} v 0) -- 0x7efd74063c20 con 0x7efd74108c70
2024-04-02T13:29:19.580 INFO:teuthology.orchestra.run.smithi033.stdout:/usr/bin/ceph: stderr
2024-04-02T13:29:18.397+0000 7efd70ff9700 1 --2- 172.21.15.33:0/630691393 >> [v2:172.21.15.33:6800/2562306694,v1:172.21.15.33:6801/2562306694] conn(0x7efd5c0395a0 0x7efd5c03ba60 unknown :-1 s=NONE pgs=0 cs=0 l=1 rev1=0 crypto rx=0 tx=0 comp rx=0 tx=0).connect
2024-04-02T13:29:19.580 INFO:teuthology.orchestra.run.smithi033.stdout:/usr/bin/ceph: stderr
2024-04-02T13:29:18.397+0000 7efd70ff9700 1 -- 172.21.15.33:0/630691393 <== mon.0 v2:172.21.15.33:3300/0 5 ==== osd_map(3..3 src has 1..3) ==== 1155+0+0 (secure 0 0 0) 0x7efd6404da60 con 0x7efd74108c70
2024-04-02T13:29:19.580 INFO:teuthology.orchestra.run.smithi033.stdout:/usr/bin/ceph: stderr
2024-04-02T13:29:18.397+0000 7efd72ffd700 1 --2- 172.21.15.33:0/630691393 >> [v2:172.21.15.33:6800/2562306694,v1:172.21.15.33:6801/2562306694] conn(0x7efd5c0395a0 0x7efd5c03ba60 unknown :-1 s=BANNER_CONNECTING pgs=0 cs=0 l=1 rev1=0 crypto rx=0 tx=0 comp rx=0 tx=0)._handle_peer_banner_payload supported=3 required=0
2024-04-02T13:29:19.580 INFO:teuthology.orchestra.run.smithi033.stdout:/usr/bin/ceph: stderr
2024-04-02T13:29:18.398+0000 7efd72ffd700 1 --2- 172.21.15.33:0/630691393 >> [v2:172.21.15.33:6800/2562306694,v1:172.21.15.33:6801/2562306694] conn(0x7efd5c0395a0 0x7efd5c03ba60 secure :-1 s=READY pgs=7 cs=0 l=1 rev1=1 crypto rx=0x7efd68006fd0 tx=0x7efd68006e40 comp rx=0 tx=0).ready entity=mgr.14152 client_cookie=0 server_cookie=0 in_seq=0 out_seq=0
2024-04-02T13:29:19.580 INFO:teuthology.orchestra.run.smithi033.stdout:/usr/bin/ceph: stderr
2024-04-02T13:29:18.402+0000 7efd70ff9700 1 -- 172.21.15.33:0/630691393 <== mon.0 v2:172.21.15.33:3300/0 6 ==== mon_command_ack([{"prefix": "get_command_descriptions"}]=0 v0) ==== 72+0+188173 (secure 0 0 0) 0x7efd64003c80 con 0x7efd74108c70
2024-04-02T13:29:19.580 INFO:teuthology.orchestra.run.smithi033.stdout:/usr/bin/ceph: stderr
2024-04-02T13:29:18.595+0000 7efd70ff9700 1 -- 172.21.15.33:0/630691393 <== mon.0 v2:172.21.15.33:3300/0 7 ==== mgrmap(e 12) ==== 46571+0+0 (secure 0 0 0) 0x7efd6402d960 con 0x7efd74108c70
2024-04-02T13:29:19.580 INFO:teuthology.orchestra.run.smithi033.stdout:/usr/bin/ceph: stderr
2024-04-02T13:29:18.621+0000 7efd79e63700 1 -- 172.21.15.33:0/630691393 --> [v2:172.21.15.33:6800/2562306694,v1:172.21.15.33:6801/2562306694] -- mgr_command(tid 0: {"prefix": "dashboard create-self-signed-cert", "target": ["mon-mgr", ""]}) -- 0x7efd741036d0 con 0x7efd5c0395a0
2024-04-02T13:29:19.580 INFO:teuthology.orchestra.run.smithi033.stdout:/usr/bin/ceph: stderr
2024-04-02T13:29:18.827+0000 7efd70ff9700 1 -- 172.21.15.33:0/630691393 <== mgr.14152 v2:172.21.15.33:6800/2562306694 1 ==== mgr_command_reply(tid 0: 0 ) ==== 8+0+32 (secure 0 0 0) 0x7efd741036d0 con 0x7efd5c0395a0
2024-04-02T13:29:19.580 INFO:teuthology.orchestra.run.smithi033.stdout:/usr/bin/ceph: stderr
2024-04-02T13:29:18.829+0000 7efd79e63700 1 -- 172.21.15.33:0/630691393 >> [v2:172.21.15.33:6800/2562306694,v1:172.21.15.33:6801/2562306694] conn(0x7efd5c0395a0 msgr2=0x7efd5c03ba60 secure :-1 s=STATE_CONNECTION_ESTABLISHED l=1).mark_down
2024-04-02T13:29:19.580 INFO:teuthology.orchestra.run.smithi033.stdout:/usr/bin/ceph: stderr
2024-04-02T13:29:18.829+0000 7efd79e63700 1 --2- 172.21.15.33:0/630691393 >> [v2:172.21.15.33:6800/2562306694,v1:172.21.15.33:6801/2562306694] conn(0x7efd5c0395a0 0x7efd5c03ba60 secure :-1 s=READY pgs=7 cs=0 l=1 rev1=1 crypto rx=0x7efd68006fd0 tx=0x7efd68006e40 comp rx=0 tx=0).stop
2024-04-02T13:29:19.580 INFO:teuthology.orchestra.run.smithi033.stdout:/usr/bin/ceph: stderr
2024-04-02T13:29:18.829+0000 7efd79e63700 1 -- 172.21.15.33:0/630691393 >> [v2:172.21.15.33:3300/0,v1:172.21.15.33:6789/0] conn(0x7efd74108c70 msgr2=0x7efd7419bfb0 secure :-1 s=STATE_CONNECTION_ESTABLISHED l=1).mark_down
2024-04-02T13:29:19.581 INFO:teuthology.orchestra.run.smithi033.stdout:/usr/bin/ceph: stderr
2024-04-02T13:29:18.829+0000 7efd79e63700 1 --2- 172.21.15.33:0/630691393 >> [v2:172.21.15.33:3300/0,v1:172.21.15.33:6789/0] conn(0x7efd74108c70 0x7efd7419bfb0 secure :-1 s=READY pgs=71 cs=0 l=1 rev1=1 crypto rx=0x7efd64011670 tx=0x7efd64011bd0 comp rx=0 tx=0).stop
2024-04-02T13:29:19.581 INFO:teuthology.orchestra.run.smithi033.stdout:/usr/bin/ceph: stderr
2024-04-02T13:29:18.829+0000 7efd79e63700 1 -- 172.21.15.33:0/630691393 shutdown_connections
2024-04-02T13:29:19.581 INFO:teuthology.orchestra.run.smithi033.stdout:/usr/bin/ceph: stderr
2024-04-02T13:29:18.829+0000 7efd79e63700 1 --2- 172.21.15.33:0/630691393 >> [v2:172.21.15.33:6800/2562306694,v1:172.21.15.33:6801/2562306694] conn(0x7efd5c0395a0 0x7efd5c03ba60 unknown :-1 s=CLOSED pgs=7 cs=0 l=1 rev1=1 crypto rx=0 tx=0 comp rx=0 tx=0).stop
2024-04-02T13:29:19.581 INFO:teuthology.orchestra.run.smithi033.stdout:/usr/bin/ceph: stderr
2024-04-02T13:29:18.829+0000 7efd79e63700 1 --2- 172.21.15.33:0/630691393 >> [v2:172.21.15.33:3300/0,v1:172.21.15.33:6789/0] conn(0x7efd74108c70 0x7efd7419bfb0 unknown :-1 s=CLOSED pgs=71 cs=0 l=1 rev1=1 crypto rx=0 tx=0 comp rx=0 tx=0).stop
2024-04-02T13:29:19.581 INFO:teuthology.orchestra.run.smithi033.stdout:/usr/bin/ceph: stderr
2024-04-02T13:29:18.829+0000 7efd79e63700 1 -- 172.21.15.33:0/630691393 >> 172.21.15.33:0/630691393 conn(0x7efd741025e0 msgr2=0x7efd74102fc0 unknown :-1 s=STATE_NONE l=0).mark_down
2024-04-02T13:29:19.581 INFO:teuthology.orchestra.run.smithi033.stdout:/usr/bin/ceph: stderr
2024-04-02T13:29:18.829+0000 7efd79e63700 1 -- 172.21.15.33:0/630691393 shutdown_connections
2024-04-02T13:29:19.581 INFO:teuthology.orchestra.run.smithi033.stdout:/usr/bin/ceph: stderr
2024-04-02T13:29:18.829+0000 7efd79e63700 1 -- 172.21.15.33:0/630691393 wait complete.
2024-04-02T13:29:19.581 INFO:teuthology.orchestra.run.smithi033.stdout:Creating initial admin user...
2024-04-02T13:29:19.878 INFO:journalctl@ceph.mon.a.smithi033.stdout:Apr 02 13:29:19 smithi033 ceph-mon[32390]: mgrmap e12: x(active, since 2s)
2024-04-02T13:29:19.878 INFO:journalctl@ceph.mon.a.smithi033.stdout:Apr 02 13:29:19 smithi033 ceph-mon[32390]: from='client.14164 -' entity='client.admin' cmd=[{"prefix": "dashboard create-self-signed-cert", "target": ["mon-mgr", ""]}]: dispatch
2024-04-02T13:29:19.878 INFO:journalctl@ceph.mon.a.smithi033.stdout:Apr 02 13:29:19 smithi033 ceph-mon[32390]: from='mgr.14152 172.21.15.33:0/3726562746' entity='mgr.x'
2024-04-02T13:29:19.879 INFO:journalctl@ceph.mon.a.smithi033.stdout:Apr 02 13:29:19 smithi033 ceph-mon[32390]: from='mgr.14152 172.21.15.33:0/3726562746' entity='mgr.x'
2024-04-02T13:29:19.879 INFO:journalctl@ceph.mon.a.smithi033.stdout:Apr 02 13:29:19 smithi033 ceph-mon[32390]: from='mgr.14152 172.21.15.33:0/3726562746' entity='mgr.x'
2024-04-02T13:29:21.252 INFO:teuthology.orchestra.run.smithi033.stdout:/usr/bin/ceph: stdout {"username": "admin", "password": "$2b$12$YHo7oLlmLkhvH9YvwNnr2uUS8J5P0xxssp16hMhXvrWjIsegPwCja", "roles": ["administrator"], "name": null, "email": null, "lastUpdate": 1712064560, "enabled": true, "pwdExpirationDate": null, "pwdUpdateRequired": true}
2024-04-02T13:29:21.253 INFO:teuthology.orchestra.run.smithi033.stdout:/usr/bin/ceph: stderr
2024-04-02T13:29:19.979+0000 7f0b4a16f700 1 Processor -- start
2024-04-02T13:29:21.253 INFO:teuthology.orchestra.run.smithi033.stdout:/usr/bin/ceph: stderr
2024-04-02T13:29:19.979+0000 7f0b4a16f700 1 -- start start
2024-04-02T13:29:21.253 INFO:teuthology.orchestra.run.smithi033.stdout:/usr/bin/ceph: stderr
2024-04-02T13:29:19.979+0000 7f0b4a16f700 1 --2- >> [v2:172.21.15.33:3300/0,v1:172.21.15.33:6789/0] conn(0x7f0b44108120 0x7f0b44108540 unknown :-1 s=NONE pgs=0 cs=0 l=0 rev1=0 crypto rx=0 tx=0 comp rx=0 tx=0).connect
2024-04-02T13:29:21.253 INFO:teuthology.orchestra.run.smithi033.stdout:/usr/bin/ceph: stderr
2024-04-02T13:29:19.979+0000 7f0b4a16f700 1 -- --> [v2:172.21.15.33:3300/0,v1:172.21.15.33:6789/0] -- mon_getmap magic: 0 -- 0x7f0b44108b10 con 0x7f0b44108120
2024-04-02T13:29:21.253 INFO:teuthology.orchestra.run.smithi033.stdout:/usr/bin/ceph: stderr
2024-04-02T13:29:19.979+0000 7f0b437fe700 1 --2- >> [v2:172.21.15.33:3300/0,v1:172.21.15.33:6789/0] conn(0x7f0b44108120 0x7f0b44108540 unknown :-1 s=BANNER_CONNECTING pgs=0 cs=0 l=0 rev1=0 crypto rx=0 tx=0 comp rx=0 tx=0)._handle_peer_banner_payload supported=3 required=0
2024-04-02T13:29:21.253 INFO:teuthology.orchestra.run.smithi033.stdout:/usr/bin/ceph: stderr
2024-04-02T13:29:19.980+0000 7f0b437fe700 1 --2- >> [v2:172.21.15.33:3300/0,v1:172.21.15.33:6789/0] conn(0x7f0b44108120 0x7f0b44108540 unknown :-1 s=HELLO_CONNECTING pgs=0 cs=0 l=0 rev1=1 crypto rx=0 tx=0 comp rx=0 tx=0).handle_hello peer v2:172.21.15.33:3300/0 says I am v2:172.21.15.33:36570/0 (socket says 172.21.15.33:36570)
2024-04-02T13:29:21.253 INFO:teuthology.orchestra.run.smithi033.stdout:/usr/bin/ceph: stderr
2024-04-02T13:29:19.980+0000 7f0b437fe700 1 -- 172.21.15.33:0/1523531730 learned_addr learned my addr 172.21.15.33:0/1523531730 (peer_addr_for_me v2:172.21.15.33:0/0)
2024-04-02T13:29:21.253 INFO:teuthology.orchestra.run.smithi033.stdout:/usr/bin/ceph: stderr
2024-04-02T13:29:19.980+0000 7f0b437fe700 1 -- 172.21.15.33:0/1523531730 --> [v2:172.21.15.33:3300/0,v1:172.21.15.33:6789/0] -- mon_subscribe({config=0+,monmap=0+}) -- 0x7f0b44109320 con 0x7f0b44108120
2024-04-02T13:29:21.253 INFO:teuthology.orchestra.run.smithi033.stdout:/usr/bin/ceph: stderr
2024-04-02T13:29:19.980+0000 7f0b437fe700 1 --2- 172.21.15.33:0/1523531730 >> [v2:172.21.15.33:3300/0,v1:172.21.15.33:6789/0] conn(0x7f0b44108120 0x7f0b44108540 secure :-1 s=READY pgs=72 cs=0 l=1 rev1=1 crypto rx=0x7f0b34009e80 tx=0x7f0b3400b330 comp rx=0 tx=0).ready entity=mon.0 client_cookie=9ef8a029add638c0 server_cookie=0 in_seq=0 out_seq=0
2024-04-02T13:29:21.253 INFO:teuthology.orchestra.run.smithi033.stdout:/usr/bin/ceph: stderr
2024-04-02T13:29:19.980+0000 7f0b427fc700 1 -- 172.21.15.33:0/1523531730 <== mon.0 v2:172.21.15.33:3300/0 1 ==== mon_map magic: 0 ==== 205+0+0 (secure 0 0 0) 0x7f0b34017070 con 0x7f0b44108120
2024-04-02T13:29:21.253 INFO:teuthology.orchestra.run.smithi033.stdout:/usr/bin/ceph: stderr
2024-04-02T13:29:19.980+0000 7f0b427fc700 1 -- 172.21.15.33:0/1523531730 <== mon.0 v2:172.21.15.33:3300/0 2 ==== config(27 keys) ==== 1136+0+0 (secure 0 0 0) 0x7f0b3400b8c0 con 0x7f0b44108120
2024-04-02T13:29:21.253 INFO:teuthology.orchestra.run.smithi033.stdout:/usr/bin/ceph: stderr
2024-04-02T13:29:19.980+0000 7f0b427fc700 1 -- 172.21.15.33:0/1523531730 <== mon.0 v2:172.21.15.33:3300/0 3 ==== mon_map magic: 0 ==== 205+0+0 (secure 0 0 0) 0x7f0b34004520 con 0x7f0b44108120
2024-04-02T13:29:21.253 INFO:teuthology.orchestra.run.smithi033.stdout:/usr/bin/ceph: stderr
2024-04-02T13:29:19.981+0000 7f0b4a16f700 1 -- 172.21.15.33:0/1523531730 >> [v2:172.21.15.33:3300/0,v1:172.21.15.33:6789/0] conn(0x7f0b44108120 msgr2=0x7f0b44108540 secure :-1 s=STATE_CONNECTION_ESTABLISHED l=1).mark_down
2024-04-02T13:29:21.254 INFO:teuthology.orchestra.run.smithi033.stdout:/usr/bin/ceph: stderr
2024-04-02T13:29:19.981+0000 7f0b4a16f700 1 --2- 172.21.15.33:0/1523531730 >> [v2:172.21.15.33:3300/0,v1:172.21.15.33:6789/0] conn(0x7f0b44108120 0x7f0b44108540 secure :-1 s=READY pgs=72 cs=0 l=1 rev1=1 crypto rx=0x7f0b34009e80 tx=0x7f0b3400b330 comp rx=0 tx=0).stop
2024-04-02T13:29:21.254 INFO:teuthology.orchestra.run.smithi033.stdout:/usr/bin/ceph: stderr
2024-04-02T13:29:19.981+0000 7f0b4a16f700 1 -- 172.21.15.33:0/1523531730 shutdown_connections
2024-04-02T13:29:21.254 INFO:teuthology.orchestra.run.smithi033.stdout:/usr/bin/ceph: stderr
2024-04-02T13:29:19.981+0000 7f0b4a16f700 1 --2- 172.21.15.33:0/1523531730 >> [v2:172.21.15.33:3300/0,v1:172.21.15.33:6789/0] conn(0x7f0b44108120 0x7f0b44108540 unknown :-1 s=CLOSED pgs=72 cs=0 l=1 rev1=1 crypto rx=0 tx=0 comp rx=0 tx=0).stop
2024-04-02T13:29:21.254 INFO:teuthology.orchestra.run.smithi033.stdout:/usr/bin/ceph: stderr
2024-04-02T13:29:19.981+0000 7f0b4a16f700 1 -- 172.21.15.33:0/1523531730 >> 172.21.15.33:0/1523531730 conn(0x7f0b441036e0 msgr2=0x7f0b44105b00 unknown :-1 s=STATE_NONE l=0).mark_down
2024-04-02T13:29:21.254 INFO:teuthology.orchestra.run.smithi033.stdout:/usr/bin/ceph: stderr
2024-04-02T13:29:19.981+0000 7f0b4a16f700 1 -- 172.21.15.33:0/1523531730 shutdown_connections
2024-04-02T13:29:21.254 INFO:teuthology.orchestra.run.smithi033.stdout:/usr/bin/ceph: stderr
2024-04-02T13:29:19.981+0000 7f0b4a16f700 1 -- 172.21.15.33:0/1523531730 wait complete.
2024-04-02T13:29:21.254 INFO:teuthology.orchestra.run.smithi033.stdout:/usr/bin/ceph: stderr
2024-04-02T13:29:19.981+0000 7f0b4a16f700 1 Processor -- start
2024-04-02T13:29:21.254 INFO:teuthology.orchestra.run.smithi033.stdout:/usr/bin/ceph: stderr
2024-04-02T13:29:19.981+0000 7f0b4a16f700 1 -- start start
2024-04-02T13:29:21.254 INFO:teuthology.orchestra.run.smithi033.stdout:/usr/bin/ceph: stderr
