2024-04-02T13:43:57.119+0000 7fb94d881700 1 -- --> [v2:172.21.15.52:3300/0,v1:172.21.15.52:6789/0] -- mon_getmap magic: 0 -- 0x7fb94810c460 con 0x7fb948108ad0
2024-04-02T13:43:58.105 INFO:teuthology.orchestra.run.smithi052.stdout:/usr/bin/ceph: stderr
2024-04-02T13:43:57.119+0000 7fb946ffd700 1 --2- >> [v2:172.21.15.52:3300/0,v1:172.21.15.52:6789/0] conn(0x7fb948108ad0 0x7fb94819bfd0 unknown :-1 s=BANNER_CONNECTING pgs=0 cs=0 l=1 rev1=0 crypto rx=0 tx=0 comp rx=0 tx=0)._handle_peer_banner_payload supported=3 required=0
2024-04-02T13:43:58.105 INFO:teuthology.orchestra.run.smithi052.stdout:/usr/bin/ceph: stderr
2024-04-02T13:43:57.119+0000 7fb946ffd700 1 --2- >> [v2:172.21.15.52:3300/0,v1:172.21.15.52:6789/0] conn(0x7fb948108ad0 0x7fb94819bfd0 unknown :-1 s=HELLO_CONNECTING pgs=0 cs=0 l=1 rev1=1 crypto rx=0 tx=0 comp rx=0 tx=0).handle_hello peer v2:172.21.15.52:3300/0 says I am v2:172.21.15.52:57328/0 (socket says 172.21.15.52:57328)
2024-04-02T13:43:58.105 INFO:teuthology.orchestra.run.smithi052.stdout:/usr/bin/ceph: stderr
2024-04-02T13:43:57.119+0000 7fb946ffd700 1 -- 172.21.15.52:0/1807104609 learned_addr learned my addr 172.21.15.52:0/1807104609 (peer_addr_for_me v2:172.21.15.52:0/0)
2024-04-02T13:43:58.105 INFO:teuthology.orchestra.run.smithi052.stdout:/usr/bin/ceph: stderr
2024-04-02T13:43:57.120+0000 7fb946ffd700 1 -- 172.21.15.52:0/1807104609 --> [v2:172.21.15.52:3300/0,v1:172.21.15.52:6789/0] -- mon_subscribe({config=0+,monmap=0+}) -- 0x7fb94819c510 con 0x7fb948108ad0
2024-04-02T13:43:58.105 INFO:teuthology.orchestra.run.smithi052.stdout:/usr/bin/ceph: stderr
2024-04-02T13:43:57.120+0000 7fb946ffd700 1 --2- 172.21.15.52:0/1807104609 >> [v2:172.21.15.52:3300/0,v1:172.21.15.52:6789/0] conn(0x7fb948108ad0 0x7fb94819bfd0 secure :-1 s=READY pgs=71 cs=0 l=1 rev1=1 crypto rx=0x7fb9380117e0 tx=0x7fb938011ba0 comp rx=0 tx=0).ready entity=mon.0 client_cookie=0 server_cookie=0 in_seq=0 out_seq=0
2024-04-02T13:43:58.106 INFO:teuthology.orchestra.run.smithi052.stdout:/usr/bin/ceph: stderr
2024-04-02T13:43:57.120+0000 7fb94c87f700 1 -- 172.21.15.52:0/1807104609 <== mon.0 v2:172.21.15.52:3300/0 1 ==== mon_map magic: 0 ==== 205+0+0 (secure 0 0 0) 0x7fb938003ba0 con 0x7fb948108ad0
2024-04-02T13:43:58.106 INFO:teuthology.orchestra.run.smithi052.stdout:/usr/bin/ceph: stderr
2024-04-02T13:43:57.120+0000 7fb94c87f700 1 -- 172.21.15.52:0/1807104609 <== mon.0 v2:172.21.15.52:3300/0 2 ==== config(27 keys) ==== 1140+0+0 (secure 0 0 0) 0x7fb93801a910 con 0x7fb948108ad0
2024-04-02T13:43:58.106 INFO:teuthology.orchestra.run.smithi052.stdout:/usr/bin/ceph: stderr
2024-04-02T13:43:57.120+0000 7fb94d881700 1 -- 172.21.15.52:0/1807104609 --> [v2:172.21.15.52:3300/0,v1:172.21.15.52:6789/0] -- mon_subscribe({mgrmap=0+}) -- 0x7fb94819c7a0 con 0x7fb948108ad0
2024-04-02T13:43:58.106 INFO:teuthology.orchestra.run.smithi052.stdout:/usr/bin/ceph: stderr
2024-04-02T13:43:57.120+0000 7fb94c87f700 1 -- 172.21.15.52:0/1807104609 <== mon.0 v2:172.21.15.52:3300/0 3 ==== mon_map magic: 0 ==== 205+0+0 (secure 0 0 0) 0x7fb9380248f0 con 0x7fb948108ad0
2024-04-02T13:43:58.106 INFO:teuthology.orchestra.run.smithi052.stdout:/usr/bin/ceph: stderr
2024-04-02T13:43:57.120+0000 7fb94d881700 1 -- 172.21.15.52:0/1807104609 --> [v2:172.21.15.52:3300/0,v1:172.21.15.52:6789/0] -- mon_subscribe({osdmap=0}) -- 0x7fb94819cc00 con 0x7fb948108ad0
2024-04-02T13:43:58.106 INFO:teuthology.orchestra.run.smithi052.stdout:/usr/bin/ceph: stderr
2024-04-02T13:43:57.121+0000 7fb94c87f700 1 -- 172.21.15.52:0/1807104609 <== mon.0 v2:172.21.15.52:3300/0 4 ==== mgrmap(e 12) ==== 46571+0+0 (secure 0 0 0) 0x7fb938022020 con 0x7fb948108ad0
2024-04-02T13:43:58.106 INFO:teuthology.orchestra.run.smithi052.stdout:/usr/bin/ceph: stderr
2024-04-02T13:43:57.121+0000 7fb94c87f700 1 --2- 172.21.15.52:0/1807104609 >> [v2:172.21.15.52:6800/3836085837,v1:172.21.15.52:6801/3836085837] conn(0x7fb930039660 0x7fb93003bb20 unknown :-1 s=NONE pgs=0 cs=0 l=1 rev1=0 crypto rx=0 tx=0 comp rx=0 tx=0).connect
2024-04-02T13:43:58.106 INFO:teuthology.orchestra.run.smithi052.stdout:/usr/bin/ceph: stderr
2024-04-02T13:43:57.121+0000 7fb94c87f700 1 -- 172.21.15.52:0/1807104609 <== mon.0 v2:172.21.15.52:3300/0 5 ==== osd_map(3..3 src has 1..3) ==== 1155+0+0 (secure 0 0 0) 0x7fb93804e1d0 con 0x7fb948108ad0
2024-04-02T13:43:58.106 INFO:teuthology.orchestra.run.smithi052.stdout:/usr/bin/ceph: stderr
2024-04-02T13:43:57.121+0000 7fb94d881700 1 -- 172.21.15.52:0/1807104609 --> [v2:172.21.15.52:3300/0,v1:172.21.15.52:6789/0] -- mon_command({"prefix": "get_command_descriptions"} v 0) -- 0x7fb948063c20 con 0x7fb948108ad0
2024-04-02T13:43:58.106 INFO:teuthology.orchestra.run.smithi052.stdout:/usr/bin/ceph: stderr
2024-04-02T13:43:57.121+0000 7fb9467fc700 1 --2- 172.21.15.52:0/1807104609 >> [v2:172.21.15.52:6800/3836085837,v1:172.21.15.52:6801/3836085837] conn(0x7fb930039660 0x7fb93003bb20 unknown :-1 s=BANNER_CONNECTING pgs=0 cs=0 l=1 rev1=0 crypto rx=0 tx=0 comp rx=0 tx=0)._handle_peer_banner_payload supported=3 required=0
2024-04-02T13:43:58.106 INFO:teuthology.orchestra.run.smithi052.stdout:/usr/bin/ceph: stderr
2024-04-02T13:43:57.122+0000 7fb9467fc700 1 --2- 172.21.15.52:0/1807104609 >> [v2:172.21.15.52:6800/3836085837,v1:172.21.15.52:6801/3836085837] conn(0x7fb930039660 0x7fb93003bb20 secure :-1 s=READY pgs=7 cs=0 l=1 rev1=1 crypto rx=0x7fb93c006fd0 tx=0x7fb93c006e40 comp rx=0 tx=0).ready entity=mgr.14152 client_cookie=0 server_cookie=0 in_seq=0 out_seq=0
2024-04-02T13:43:58.106 INFO:teuthology.orchestra.run.smithi052.stdout:/usr/bin/ceph: stderr
2024-04-02T13:43:57.127+0000 7fb94c87f700 1 -- 172.21.15.52:0/1807104609 <== mon.0 v2:172.21.15.52:3300/0 6 ==== mon_command_ack([{"prefix": "get_command_descriptions"}]=0 v0) ==== 72+0+188173 (secure 0 0 0) 0x7fb93800b5a0 con 0x7fb948108ad0
2024-04-02T13:43:58.106 INFO:teuthology.orchestra.run.smithi052.stdout:/usr/bin/ceph: stderr
2024-04-02T13:43:57.347+0000 7fb94d881700 1 -- 172.21.15.52:0/1807104609 --> [v2:172.21.15.52:6800/3836085837,v1:172.21.15.52:6801/3836085837] -- mgr_command(tid 0: {"prefix": "dashboard create-self-signed-cert", "target": ["mon-mgr", ""]}) -- 0x7fb9481036e0 con 0x7fb930039660
2024-04-02T13:43:58.107 INFO:teuthology.orchestra.run.smithi052.stdout:/usr/bin/ceph: stderr
2024-04-02T13:43:57.526+0000 7fb94c87f700 1 -- 172.21.15.52:0/1807104609 <== mgr.14152 v2:172.21.15.52:6800/3836085837 1 ==== mgr_command_reply(tid 0: 0 ) ==== 8+0+32 (secure 0 0 0) 0x7fb9481036e0 con 0x7fb930039660
2024-04-02T13:43:58.107 INFO:teuthology.orchestra.run.smithi052.stdout:/usr/bin/ceph: stderr
2024-04-02T13:43:57.528+0000 7fb94d881700 1 -- 172.21.15.52:0/1807104609 >> [v2:172.21.15.52:6800/3836085837,v1:172.21.15.52:6801/3836085837] conn(0x7fb930039660 msgr2=0x7fb93003bb20 secure :-1 s=STATE_CONNECTION_ESTABLISHED l=1).mark_down
2024-04-02T13:43:58.107 INFO:teuthology.orchestra.run.smithi052.stdout:/usr/bin/ceph: stderr
2024-04-02T13:43:57.528+0000 7fb94d881700 1 --2- 172.21.15.52:0/1807104609 >> [v2:172.21.15.52:6800/3836085837,v1:172.21.15.52:6801/3836085837] conn(0x7fb930039660 0x7fb93003bb20 secure :-1 s=READY pgs=7 cs=0 l=1 rev1=1 crypto rx=0x7fb93c006fd0 tx=0x7fb93c006e40 comp rx=0 tx=0).stop
2024-04-02T13:43:58.107 INFO:teuthology.orchestra.run.smithi052.stdout:/usr/bin/ceph: stderr
2024-04-02T13:43:57.528+0000 7fb94d881700 1 -- 172.21.15.52:0/1807104609 >> [v2:172.21.15.52:3300/0,v1:172.21.15.52:6789/0] conn(0x7fb948108ad0 msgr2=0x7fb94819bfd0 secure :-1 s=STATE_CONNECTION_ESTABLISHED l=1).mark_down
2024-04-02T13:43:58.107 INFO:teuthology.orchestra.run.smithi052.stdout:/usr/bin/ceph: stderr
2024-04-02T13:43:57.528+0000 7fb94d881700 1 --2- 172.21.15.52:0/1807104609 >> [v2:172.21.15.52:3300/0,v1:172.21.15.52:6789/0] conn(0x7fb948108ad0 0x7fb94819bfd0 secure :-1 s=READY pgs=71 cs=0 l=1 rev1=1 crypto rx=0x7fb9380117e0 tx=0x7fb938011ba0 comp rx=0 tx=0).stop
2024-04-02T13:43:58.107 INFO:teuthology.orchestra.run.smithi052.stdout:/usr/bin/ceph: stderr
2024-04-02T13:43:57.528+0000 7fb94d881700 1 -- 172.21.15.52:0/1807104609 shutdown_connections
2024-04-02T13:43:58.107 INFO:teuthology.orchestra.run.smithi052.stdout:/usr/bin/ceph: stderr
2024-04-02T13:43:57.528+0000 7fb94d881700 1 --2- 172.21.15.52:0/1807104609 >> [v2:172.21.15.52:6800/3836085837,v1:172.21.15.52:6801/3836085837] conn(0x7fb930039660 0x7fb93003bb20 unknown :-1 s=CLOSED pgs=7 cs=0 l=1 rev1=1 crypto rx=0 tx=0 comp rx=0 tx=0).stop
2024-04-02T13:43:58.107 INFO:teuthology.orchestra.run.smithi052.stdout:/usr/bin/ceph: stderr
2024-04-02T13:43:57.528+0000 7fb94d881700 1 --2- 172.21.15.52:0/1807104609 >> [v2:172.21.15.52:3300/0,v1:172.21.15.52:6789/0] conn(0x7fb948108ad0 0x7fb94819bfd0 unknown :-1 s=CLOSED pgs=71 cs=0 l=1 rev1=1 crypto rx=0 tx=0 comp rx=0 tx=0).stop
2024-04-02T13:43:58.107 INFO:teuthology.orchestra.run.smithi052.stdout:/usr/bin/ceph: stderr
2024-04-02T13:43:57.528+0000 7fb94d881700 1 -- 172.21.15.52:0/1807104609 >> 172.21.15.52:0/1807104609 conn(0x7fb948102500 msgr2=0x7fb948102fd0 unknown :-1 s=STATE_NONE l=0).mark_down
2024-04-02T13:43:58.107 INFO:teuthology.orchestra.run.smithi052.stdout:/usr/bin/ceph: stderr
2024-04-02T13:43:57.528+0000 7fb94d881700 1 -- 172.21.15.52:0/1807104609 shutdown_connections
2024-04-02T13:43:58.107 INFO:teuthology.orchestra.run.smithi052.stdout:/usr/bin/ceph: stderr
2024-04-02T13:43:57.528+0000 7fb94d881700 1 -- 172.21.15.52:0/1807104609 wait complete.
2024-04-02T13:43:58.107 INFO:teuthology.orchestra.run.smithi052.stdout:Creating initial admin user...
2024-04-02T13:43:59.544 INFO:teuthology.orchestra.run.smithi052.stdout:/usr/bin/ceph: stdout {"username": "admin", "password": "$2b$12$M0h90cw4Eh4mbz0rLmG59OOxKq2MX0yj547rRRrZl9YdYqi19cyq6", "roles": ["administrator"], "name": null, "email": null, "lastUpdate": 1712065439, "enabled": true, "pwdExpirationDate": null, "pwdUpdateRequired": true}
2024-04-02T13:43:59.544 INFO:teuthology.orchestra.run.smithi052.stdout:/usr/bin/ceph: stderr
2024-04-02T13:43:58.518+0000 7f3a830fa700 1 Processor -- start
2024-04-02T13:43:59.544 INFO:teuthology.orchestra.run.smithi052.stdout:/usr/bin/ceph: stderr
2024-04-02T13:43:58.518+0000 7f3a830fa700 1 -- start start
2024-04-02T13:43:59.544 INFO:teuthology.orchestra.run.smithi052.stdout:/usr/bin/ceph: stderr
2024-04-02T13:43:58.518+0000 7f3a830fa700 1 --2- >> [v2:172.21.15.52:3300/0,v1:172.21.15.52:6789/0] conn(0x7f3a7c106f80 0x7f3a7c1073a0 unknown :-1 s=NONE pgs=0 cs=0 l=0 rev1=0 crypto rx=0 tx=0 comp rx=0 tx=0).connect
2024-04-02T13:43:59.544 INFO:teuthology.orchestra.run.smithi052.stdout:/usr/bin/ceph: stderr
2024-04-02T13:43:58.518+0000 7f3a830fa700 1 -- --> [v2:172.21.15.52:3300/0,v1:172.21.15.52:6789/0] -- mon_getmap magic: 0 -- 0x7f3a7c1078e0 con 0x7f3a7c106f80
2024-04-02T13:43:59.544 INFO:teuthology.orchestra.run.smithi052.stdout:/usr/bin/ceph: stderr
2024-04-02T13:43:58.518+0000 7f3a80e96700 1 --2- >> [v2:172.21.15.52:3300/0,v1:172.21.15.52:6789/0] conn(0x7f3a7c106f80 0x7f3a7c1073a0 unknown :-1 s=BANNER_CONNECTING pgs=0 cs=0 l=0 rev1=0 crypto rx=0 tx=0 comp rx=0 tx=0)._handle_peer_banner_payload supported=3 required=0
2024-04-02T13:43:59.544 INFO:teuthology.orchestra.run.smithi052.stdout:/usr/bin/ceph: stderr
2024-04-02T13:43:58.518+0000 7f3a80e96700 1 --2- >> [v2:172.21.15.52:3300/0,v1:172.21.15.52:6789/0] conn(0x7f3a7c106f80 0x7f3a7c1073a0 unknown :-1 s=HELLO_CONNECTING pgs=0 cs=0 l=0 rev1=1 crypto rx=0 tx=0 comp rx=0 tx=0).handle_hello peer v2:172.21.15.52:3300/0 says I am v2:172.21.15.52:57330/0 (socket says 172.21.15.52:57330)
2024-04-02T13:43:59.545 INFO:teuthology.orchestra.run.smithi052.stdout:/usr/bin/ceph: stderr
2024-04-02T13:43:58.518+0000 7f3a80e96700 1 -- 172.21.15.52:0/1315244927 learned_addr learned my addr 172.21.15.52:0/1315244927 (peer_addr_for_me v2:172.21.15.52:0/0)
2024-04-02T13:43:59.545 INFO:teuthology.orchestra.run.smithi052.stdout:/usr/bin/ceph: stderr
2024-04-02T13:43:58.518+0000 7f3a80e96700 1 -- 172.21.15.52:0/1315244927 --> [v2:172.21.15.52:3300/0,v1:172.21.15.52:6789/0] -- mon_subscribe({config=0+,monmap=0+}) -- 0x7f3a7c108090 con 0x7f3a7c106f80
2024-04-02T13:43:59.545 INFO:teuthology.orchestra.run.smithi052.stdout:/usr/bin/ceph: stderr
2024-04-02T13:43:58.519+0000 7f3a80e96700 1 --2- 172.21.15.52:0/1315244927 >> [v2:172.21.15.52:3300/0,v1:172.21.15.52:6789/0] conn(0x7f3a7c106f80 0x7f3a7c1073a0 secure :-1 s=READY pgs=72 cs=0 l=1 rev1=1 crypto rx=0x7f3a700098a0 tx=0x7f3a70009bb0 comp rx=0 tx=0).ready entity=mon.0 client_cookie=4612dd6ce8c416fc server_cookie=0 in_seq=0 out_seq=0
2024-04-02T13:43:59.545 INFO:teuthology.orchestra.run.smithi052.stdout:/usr/bin/ceph: stderr
2024-04-02T13:43:58.519+0000 7f3a7b7fe700 1 -- 172.21.15.52:0/1315244927 <== mon.0 v2:172.21.15.52:3300/0 1 ==== mon_map magic: 0 ==== 205+0+0 (secure 0 0 0) 0x7f3a70004160 con 0x7f3a7c106f80
2024-04-02T13:43:59.545 INFO:teuthology.orchestra.run.smithi052.stdout:/usr/bin/ceph: stderr
2024-04-02T13:43:58.519+0000 7f3a7b7fe700 1 -- 172.21.15.52:0/1315244927 <== mon.0 v2:172.21.15.52:3300/0 2 ==== config(27 keys) ==== 1140+0+0 (secure 0 0 0) 0x7f3a70004300 con 0x7f3a7c106f80
2024-04-02T13:43:59.545 INFO:teuthology.orchestra.run.smithi052.stdout:/usr/bin/ceph: stderr
2024-04-02T13:43:58.519+0000 7f3a7b7fe700 1 -- 172.21.15.52:0/1315244927 <== mon.0 v2:172.21.15.52:3300/0 3 ==== mon_map magic: 0 ==== 205+0+0 (secure 0 0 0) 0x7f3a70011b20 con 0x7f3a7c106f80
2024-04-02T13:43:59.545 INFO:teuthology.orchestra.run.smithi052.stdout:/usr/bin/ceph: stderr
2024-04-02T13:43:58.519+0000 7f3a830fa700 1 -- 172.21.15.52:0/1315244927 >> [v2:172.21.15.52:3300/0,v1:172.21.15.52:6789/0] conn(0x7f3a7c106f80 msgr2=0x7f3a7c1073a0 secure :-1 s=STATE_CONNECTION_ESTABLISHED l=1).mark_down
2024-04-02T13:43:59.545 INFO:teuthology.orchestra.run.smithi052.stdout:/usr/bin/ceph: stderr
2024-04-02T13:43:58.519+0000 7f3a830fa700 1 --2- 172.21.15.52:0/1315244927 >> [v2:172.21.15.52:3300/0,v1:172.21.15.52:6789/0] conn(0x7f3a7c106f80 0x7f3a7c1073a0 secure :-1 s=READY pgs=72 cs=0 l=1 rev1=1 crypto rx=0x7f3a700098a0 tx=0x7f3a70009bb0 comp rx=0 tx=0).stop
2024-04-02T13:43:59.545 INFO:teuthology.orchestra.run.smithi052.stdout:/usr/bin/ceph: stderr
2024-04-02T13:43:58.519+0000 7f3a830fa700 1 -- 172.21.15.52:0/1315244927 shutdown_connections
2024-04-02T13:43:59.545 INFO:teuthology.orchestra.run.smithi052.stdout:/usr/bin/ceph: stderr
2024-04-02T13:43:58.519+0000 7f3a830fa700 1 --2- 172.21.15.52:0/1315244927 >> [v2:172.21.15.52:3300/0,v1:172.21.15.52:6789/0] conn(0x7f3a7c106f80 0x7f3a7c1073a0 unknown :-1 s=CLOSED pgs=72 cs=0 l=1 rev1=1 crypto rx=0 tx=0 comp rx=0 tx=0).stop
2024-04-02T13:43:59.545 INFO:teuthology.orchestra.run.smithi052.stdout:/usr/bin/ceph: stderr
2024-04-02T13:43:58.519+0000 7f3a830fa700 1 -- 172.21.15.52:0/1315244927 >> 172.21.15.52:0/1315244927 conn(0x7f3a7c102540 msgr2=0x7f3a7c104960 unknown :-1 s=STATE_NONE l=0).mark_down
2024-04-02T13:43:59.545 INFO:teuthology.orchestra.run.smithi052.stdout:/usr/bin/ceph: stderr
2024-04-02T13:43:58.519+0000 7f3a830fa700 1 -- 172.21.15.52:0/1315244927 shutdown_connections
2024-04-02T13:43:59.545 INFO:teuthology.orchestra.run.smithi052.stdout:/usr/bin/ceph: stderr
2024-04-02T13:43:58.519+0000 7f3a830fa700 1 -- 172.21.15.52:0/1315244927 wait complete.
2024-04-02T13:43:59.545 INFO:teuthology.orchestra.run.smithi052.stdout:/usr/bin/ceph: stderr
2024-04-02T13:43:58.520+0000 7f3a830fa700 1 Processor -- start
2024-04-02T13:43:59.546 INFO:teuthology.orchestra.run.smithi052.stdout:/usr/bin/ceph: stderr
2024-04-02T13:43:58.520+0000 7f3a830fa700 1 -- start start
2024-04-02T13:43:59.546 INFO:teuthology.orchestra.run.smithi052.stdout:/usr/bin/ceph: stderr
2024-04-02T13:43:58.520+0000 7f3a830fa700 1 --2- >> [v2:172.21.15.52:3300/0,v1:172.21.15.52:6789/0] conn(0x7f3a7c106f80 0x7f3a7c19bf90 unknown :-1 s=NONE pgs=0 cs=0 l=1 rev1=0 crypto rx=0 tx=0 comp rx=0 tx=0).connect
2024-04-02T13:43:59.546 INFO:teuthology.orchestra.run.smithi052.stdout:/usr/bin/ceph: stderr
2024-04-02T13:43:58.520+0000 7f3a830fa700 1 -- --> [v2:172.21.15.52:3300/0,v1:172.21.15.52:6789/0] -- mon_getmap magic: 0 -- 0x7f3a7c10b4d0 con 0x7f3a7c106f80
2024-04-02T13:43:59.546 INFO:teuthology.orchestra.run.smithi052.stdout:/usr/bin/ceph: stderr
2024-04-02T13:43:58.520+0000 7f3a80e96700 1 --2- >> [v2:172.21.15.52:3300/0,v1:172.21.15.52:6789/0] conn(0x7f3a7c106f80 0x7f3a7c19bf90 unknown :-1 s=BANNER_CONNECTING pgs=0 cs=0 l=1 rev1=0 crypto rx=0 tx=0 comp rx=0 tx=0)._handle_peer_banner_payload supported=3 required=0
2024-04-02T13:43:59.546 INFO:teuthology.orchestra.run.smithi052.stdout:/usr/bin/ceph: stderr
2024-04-02T13:43:58.520+0000 7f3a80e96700 1 --2- >> [v2:172.21.15.52:3300/0,v1:172.21.15.52:6789/0] conn(0x7f3a7c106f80 0x7f3a7c19bf90 unknown :-1 s=HELLO_CONNECTING pgs=0 cs=0 l=1 rev1=1 crypto rx=0 tx=0 comp rx=0 tx=0).handle_hello peer v2:172.21.15.52:3300/0 says I am v2:172.21.15.52:57332/0 (socket says 172.21.15.52:57332)
2024-04-02T13:43:59.546 INFO:teuthology.orchestra.run.smithi052.stdout:/usr/bin/ceph: stderr
2024-04-02T13:43:58.520+0000 7f3a80e96700 1 -- 172.21.15.52:0/3703712634 learned_addr learned my addr 172.21.15.52:0/3703712634 (peer_addr_for_me v2:172.21.15.52:0/0)
2024-04-02T13:43:59.546 INFO:teuthology.orchestra.run.smithi052.stdout:/usr/bin/ceph: stderr
2024-04-02T13:43:58.521+0000 7f3a80e96700 1 -- 172.21.15.52:0/3703712634 --> [v2:172.21.15.52:3300/0,v1:172.21.15.52:6789/0] -- mon_subscribe({config=0+,monmap=0+}) -- 0x7f3a7c19c4d0 con 0x7f3a7c106f80
2024-04-02T13:43:59.546 INFO:teuthology.orchestra.run.smithi052.stdout:/usr/bin/ceph: stderr
2024-04-02T13:43:58.521+0000 7f3a80e96700 1 --2- 172.21.15.52:0/3703712634 >> [v2:172.21.15.52:3300/0,v1:172.21.15.52:6789/0] conn(0x7f3a7c106f80 0x7f3a7c19bf90 secure :-1 s=READY pgs=73 cs=0 l=1 rev1=1 crypto rx=0x7f3a700117e0 tx=0x7f3a70011ba0 comp rx=0 tx=0).ready entity=mon.0 client_cookie=0 server_cookie=0 in_seq=0 out_seq=0
2024-04-02T13:43:59.546 INFO:teuthology.orchestra.run.smithi052.stdout:/usr/bin/ceph: stderr
2024-04-02T13:43:58.521+0000 7f3a79ffb700 1 -- 172.21.15.52:0/3703712634 <== mon.0 v2:172.21.15.52:3300/0 1 ==== mon_map magic: 0 ==== 205+0+0 (secure 0 0 0) 0x7f3a70003ba0 con 0x7f3a7c106f80
2024-04-02T13:43:59.546 INFO:teuthology.orchestra.run.smithi052.stdout:/usr/bin/ceph: stderr
2024-04-02T13:43:58.521+0000 7f3a79ffb700 1 -- 172.21.15.52:0/3703712634 <== mon.0 v2:172.21.15.52:3300/0 2 ==== config(27 keys) ==== 1140+0+0 (secure 0 0 0) 0x7f3a7001a910 con 0x7f3a7c106f80
2024-04-02T13:43:59.546 INFO:teuthology.orchestra.run.smithi052.stdout:/usr/bin/ceph: stderr
2024-04-02T13:43:58.521+0000 7f3a830fa700 1 -- 172.21.15.52:0/3703712634 --> [v2:172.21.15.52:3300/0,v1:172.21.15.52:6789/0] -- mon_subscribe({mgrmap=0+}) -- 0x7f3a7c19c760 con 0x7f3a7c106f80
2024-04-02T13:43:59.546 INFO:teuthology.orchestra.run.smithi052.stdout:/usr/bin/ceph: stderr
2024-04-02T13:43:58.521+0000 7f3a79ffb700 1 -- 172.21.15.52:0/3703712634 <== mon.0 v2:172.21.15.52:3300/0 3 ==== mon_map magic: 0 ==== 205+0+0 (secure 0 0 0) 0x7f3a700248f0 con 0x7f3a7c106f80
2024-04-02T13:43:59.546 INFO:teuthology.orchestra.run.smithi052.stdout:/usr/bin/ceph: stderr
2024-04-02T13:43:58.521+0000 7f3a830fa700 1 -- 172.21.15.52:0/3703712634 --> [v2:172.21.15.52:3300/0,v1:172.21.15.52:6789/0] -- mon_subscribe({osdmap=0}) -- 0x7f3a7c19cbc0 con 0x7f3a7c106f80
2024-04-02T13:43:59.547 INFO:teuthology.orchestra.run.smithi052.stdout:/usr/bin/ceph: stderr
2024-04-02T13:43:58.522+0000 7f3a79ffb700 1 -- 172.21.15.52:0/3703712634 <== mon.0 v2:172.21.15.52:3300/0 4 ==== mgrmap(e 12) ==== 46571+0+0 (secure 0 0 0) 0x7f3a70022020 con 0x7f3a7c106f80
2024-04-02T13:43:59.547 INFO:teuthology.orchestra.run.smithi052.stdout:/usr/bin/ceph: stderr
2024-04-02T13:43:58.522+0000 7f3a79ffb700 1 --2- 172.21.15.52:0/3703712634 >> [v2:172.21.15.52:6800/3836085837,v1:172.21.15.52:6801/3836085837] conn(0x7f3a6c039600 0x7f3a6c03bac0 unknown :-1 s=NONE pgs=0 cs=0 l=1 rev1=0 crypto rx=0 tx=0 comp rx=0 tx=0).connect
2024-04-02T13:43:59.547 INFO:teuthology.orchestra.run.smithi052.stdout:/usr/bin/ceph: stderr
2024-04-02T13:43:58.522+0000 7f3a79ffb700 1 -- 172.21.15.52:0/3703712634 <== mon.0 v2:172.21.15.52:3300/0 5 ==== osd_map(3..3 src has 1..3) ==== 1155+0+0 (secure 0 0 0) 0x7f3a7004e1e0 con 0x7f3a7c106f80
2024-04-02T13:43:59.547 INFO:teuthology.orchestra.run.smithi052.stdout:/usr/bin/ceph: stderr
2024-04-02T13:43:58.522+0000 7f3a830fa700 1 -- 172.21.15.52:0/3703712634 --> [v2:172.21.15.52:3300/0,v1:172.21.15.52:6789/0] -- mon_command({"prefix": "get_command_descriptions"} v 0) -- 0x7f3a7c063c20 con 0x7f3a7c106f80
2024-04-02T13:43:59.548 INFO:teuthology.orchestra.run.smithi052.stdout:/usr/bin/ceph: stderr
2024-04-02T13:43:58.522+0000 7f3a7bfff700 1 --2- 172.21.15.52:0/3703712634 >> [v2:172.21.15.52:6800/3836085837,v1:172.21.15.52:6801/3836085837] conn(0x7f3a6c039600 0x7f3a6c03bac0 unknown :-1 s=BANNER_CONNECTING pgs=0 cs=0 l=1 rev1=0 crypto rx=0 tx=0 comp rx=0 tx=0)._handle_peer_banner_payload supported=3 required=0
2024-04-02T13:43:59.548 INFO:teuthology.orchestra.run.smithi052.stdout:/usr/bin/ceph: stderr
2024-04-02T13:43:58.523+0000 7f3a7bfff700 1 --2- 172.21.15.52:0/3703712634 >> [v2:172.21.15.52:6800/3836085837,v1:172.21.15.52:6801/3836085837] conn(0x7f3a6c039600 0x7f3a6c03bac0 secure :-1 s=READY pgs=8 cs=0 l=1 rev1=1 crypto rx=0x7f3a68006fd0 tx=0x7f3a68006e40 comp rx=0 tx=0).ready entity=mgr.14152 client_cookie=0 server_cookie=0 in_seq=0 out_seq=0
2024-04-02T13:43:59.548 INFO:teuthology.orchestra.run.smithi052.stdout:/usr/bin/ceph: stderr
2024-04-02T13:43:58.527+0000 7f3a79ffb700 1 -- 172.21.15.52:0/3703712634 <== mon.0 v2:172.21.15.52:3300/0 6 ==== mon_command_ack([{"prefix": "get_command_descriptions"}]=0 v0) ==== 72+0+188173 (secure 0 0 0) 0x7f3a70018350 con 0x7f3a7c106f80
2024-04-02T13:43:59.548 INFO:teuthology.orchestra.run.smithi052.stdout:/usr/bin/ceph: stderr
2024-04-02T13:43:58.761+0000 7f3a830fa700 1 -- 172.21.15.52:0/3703712634 --> [v2:172.21.15.52:6800/3836085837,v1:172.21.15.52:6801/3836085837] -- mgr_command(tid 0: {"prefix": "dashboard ac-user-create", "username": "admin", "rolename": "administrator", "force_password": true, "pwd_update_required": true, "target": ["mon-mgr", ""]}) -- 0x7f3a7c1036a0 con 0x7f3a6c039600
2024-04-02T13:43:59.548 INFO:teuthology.orchestra.run.smithi052.stdout:/usr/bin/ceph: stderr
2024-04-02T13:43:59.007+0000 7f3a79ffb700 1 -- 172.21.15.52:0/3703712634 <== mgr.14152 v2:172.21.15.52:6800/3836085837 1 ==== mgr_command_reply(tid 0: 0 ) ==== 8+0+252 (secure 0 0 0) 0x7f3a7c1036a0 con 0x7f3a6c039600
2024-04-02T13:43:59.548 INFO:teuthology.orchestra.run.smithi052.stdout:/usr/bin/ceph: stderr
2024-04-02T13:43:59.010+0000 7f3a830fa700 1 -- 172.21.15.52:0/3703712634 >> [v2:172.21.15.52:6800/3836085837,v1:172.21.15.52:6801/3836085837] conn(0x7f3a6c039600 msgr2=0x7f3a6c03bac0 secure :-1 s=STATE_CONNECTION_ESTABLISHED l=1).mark_down
2024-04-02T13:43:59.548 INFO:teuthology.orchestra.run.smithi052.stdout:/usr/bin/ceph: stderr
2024-04-02T13:43:59.010+0000 7f3a830fa700 1 --2- 172.21.15.52:0/3703712634 >> [v2:172.21.15.52:6800/3836085837,v1:172.21.15.52:6801/3836085837] conn(0x7f3a6c039600 0x7f3a6c03bac0 secure :-1 s=READY pgs=8 cs=0 l=1 rev1=1 crypto rx=0x7f3a68006fd0 tx=0x7f3a68006e40 comp rx=0 tx=0).stop
2024-04-02T13:43:59.548 INFO:teuthology.orchestra.run.smithi052.stdout:/usr/bin/ceph: stderr
2024-04-02T13:43:59.010+0000 7f3a830fa700 1 -- 172.21.15.52:0/3703712634 >> [v2:172.21.15.52:3300/0,v1:172.21.15.52:6789/0] conn(0x7f3a7c106f80 msgr2=0x7f3a7c19bf90 secure :-1 s=STATE_CONNECTION_ESTABLISHED l=1).mark_down
2024-04-02T13:43:59.548 INFO:teuthology.orchestra.run.smithi052.stdout:/usr/bin/ceph: stderr
2024-04-02T13:43:59.010+0000 7f3a830fa700 1 --2- 172.21.15.52:0/3703712634 >> [v2:172.21.15.52:3300/0,v1:172.21.15.52:6789/0] conn(0x7f3a7c106f80 0x7f3a7c19bf90 secure :-1 s=READY pgs=73 cs=0 l=1 rev1=1 crypto rx=0x7f3a700117e0 tx=0x7f3a70011ba0 comp rx=0 tx=0).stop
2024-04-02T13:43:59.548 INFO:teuthology.orchestra.run.smithi052.stdout:/usr/bin/ceph: stderr
2024-04-02T13:43:59.010+0000 7f3a830fa700 1 -- 172.21.15.52:0/3703712634 shutdown_connections
2024-04-02T13:43:59.548 INFO:teuthology.orchestra.run.smithi052.stdout:/usr/bin/ceph: stderr
2024-04-02T13:43:59.010+0000 7f3a830fa700 1 --2- 172.21.15.52:0/3703712634 >> [v2:172.21.15.52:6800/3836085837,v1:172.21.15.52:6801/3836085837] conn(0x7f3a6c039600 0x7f3a6c03bac0 unknown :-1 s=CLOSED pgs=8 cs=0 l=1 rev1=1 crypto rx=0 tx=0 comp rx=0 tx=0).stop
2024-04-02T13:43:59.548 INFO:teuthology.orchestra.run.smithi052.stdout:/usr/bin/ceph: stderr
2024-04-02T13:43:59.010+0000 7f3a830fa700 1 --2- 172.21.15.52:0/3703712634 >> [v2:172.21.15.52:3300/0,v1:172.21.15.52:6789/0] conn(0x7f3a7c106f80 0x7f3a7c19bf90 unknown :-1 s=CLOSED pgs=73 cs=0 l=1 rev1=1 crypto rx=0 tx=0 comp rx=0 tx=0).stop
2024-04-02T13:43:59.549 INFO:teuthology.orchestra.run.smithi052.stdout:/usr/bin/ceph: stderr
2024-04-02T13:43:59.010+0000 7f3a830fa700 1 -- 172.21.15.52:0/3703712634 >> 172.21.15.52:0/3703712634 conn(0x7f3a7c102540 msgr2=0x7f3a7c102f90 unknown :-1 s=STATE_NONE l=0).mark_down
2024-04-02T13:43:59.549 INFO:teuthology.orchestra.run.smithi052.stdout:/usr/bin/ceph: stderr
2024-04-02T13:43:59.010+0000 7f3a830fa700 1 -- 172.21.15.52:0/3703712634 shutdown_connections
2024-04-02T13:43:59.549 INFO:teuthology.orchestra.run.smithi052.stdout:/usr/bin/ceph: stderr
2024-04-02T13:43:59.010+0000 7f3a830fa700 1 -- 172.21.15.52:0/3703712634 wait complete.
2024-04-02T13:43:59.549 INFO:teuthology.orchestra.run.smithi052.stdout:Fetching dashboard port number...
2024-04-02T13:43:59.964 INFO:journalctl@ceph.mon.a.smithi052.stdout:Apr 02 13:43:59 smithi052 ceph-mon[32104]: from='mgr.14152 172.21.15.52:0/1577593514' entity='mgr.x'
2024-04-02T13:43:59.964 INFO:journalctl@ceph.mon.a.smithi052.stdout:Apr 02 13:43:59 smithi052 ceph-mon[32104]: from='mgr.14152 172.21.15.52:0/1577593514' entity='mgr.x'
2024-04-02T13:44:00.839 INFO:journalctl@ceph.mon.a.smithi052.stdout:Apr 02 13:44:00 smithi052 ceph-mon[32104]: from='client.14166 -' entity='client.admin' cmd=[{"prefix": "dashboard ac-user-create", "username": "admin", "rolename": "administrator", "force_password": true, "pwd_update_required": true, "target": ["mon-mgr", ""]}]: dispatch
2024-04-02T13:44:00.839 INFO:journalctl@ceph.mon.a.smithi052.stdout:Apr 02 13:44:00 smithi052 ceph-mon[32104]: from='client.? 172.21.15.52:0/604185471' entity='client.admin' cmd=[{"prefix": "config get", "who": "mgr", "key": "mgr/dashboard/ssl_server_port"}]: dispatch
2024-04-02T13:44:01.727 INFO:teuthology.orchestra.run.smithi052.stdout:/usr/bin/ceph: stdout 8443
2024-04-02T13:44:01.727 INFO:teuthology.orchestra.run.smithi052.stdout:/usr/bin/ceph: stderr
2024-04-02T13:44:00.065+0000 7f616112a700 1 Processor -- start
2024-04-02T13:44:01.728 INFO:teuthology.orchestra.run.smithi052.stdout:/usr/bin/ceph: stderr
2024-04-02T13:44:00.065+0000 7f616112a700 1 -- start start
2024-04-02T13:44:01.728 INFO:teuthology.orchestra.run.smithi052.stdout:/usr/bin/ceph: stderr
2024-04-02T13:44:00.065+0000 7f616112a700 1 --2- >> [v2:172.21.15.52:3300/0,v1:172.21.15.52:6789/0] conn(0x7f615c108a90 0x7f615c10ae80 unknown :-1 s=NONE pgs=0 cs=0 l=0 rev1=0 crypto rx=0 tx=0 comp rx=0 tx=0).connect
2024-04-02T13:44:01.728 INFO:teuthology.orchestra.run.smithi052.stdout:/usr/bin/ceph: stderr
2024-04-02T13:44:00.065+0000 7f616112a700 1 -- --> [v2:172.21.15.52:3300/0,v1:172.21.15.52:6789/0] -- mon_getmap magic: 0 -- 0x7f615c07be80 con 0x7f615c108a90
2024-04-02T13:44:01.728 INFO:teuthology.orchestra.run.smithi052.stdout:/usr/bin/ceph: stderr
2024-04-02T13:44:00.066+0000 7f615ad9d700 1 --2- >> [v2:172.21.15.52:3300/0,v1:172.21.15.52:6789/0] conn(0x7f615c108a90 0x7f615c10ae80 unknown :-1 s=BANNER_CONNECTING pgs=0 cs=0 l=0 rev1=0 crypto rx=0 tx=0 comp rx=0 tx=0)._handle_peer_banner_payload supported=3 required=0
2024-04-02T13:44:01.728 INFO:teuthology.orchestra.run.smithi052.stdout:/usr/bin/ceph: stderr
2024-04-02T13:44:00.066+0000 7f615ad9d700 1 --2- >> [v2:172.21.15.52:3300/0,v1:172.21.15.52:6789/0] conn(0x7f615c108a90 0x7f615c10ae80 unknown :-1 s=HELLO_CONNECTING pgs=0 cs=0 l=0 rev1=1 crypto rx=0 tx=0 comp rx=0 tx=0).handle_hello peer v2:172.21.15.52:3300/0 says I am v2:172.21.15.52:57348/0 (socket says 172.21.15.52:57348)
2024-04-02T13:44:01.728 INFO:teuthology.orchestra.run.smithi052.stdout:/usr/bin/ceph: stderr
2024-04-02T13:44:00.066+0000 7f615ad9d700 1 -- 172.21.15.52:0/2465818121 learned_addr learned my addr 172.21.15.52:0/2465818121 (peer_addr_for_me v2:172.21.15.52:0/0)
2024-04-02T13:44:01.728 INFO:teuthology.orchestra.run.smithi052.stdout:/usr/bin/ceph: stderr
2024-04-02T13:44:00.066+0000 7f615ad9d700 1 -- 172.21.15.52:0/2465818121 --> [v2:172.21.15.52:3300/0,v1:172.21.15.52:6789/0] -- mon_subscribe({config=0+,monmap=0+}) -- 0x7f615c10b3c0 con 0x7f615c108a90
2024-04-02T13:44:01.728 INFO:teuthology.orchestra.run.smithi052.stdout:/usr/bin/ceph: stderr
2024-04-02T13:44:00.066+0000 7f615ad9d700 1 --2- 172.21.15.52:0/2465818121 >> [v2:172.21.15.52:3300/0,v1:172.21.15.52:6789/0] conn(0x7f615c108a90 0x7f615c10ae80 secure :-1 s=READY pgs=74 cs=0 l=1 rev1=1 crypto rx=0x7f61500098a0 tx=0x7f6150009bb0 comp rx=0 tx=0).ready entity=mon.0 client_cookie=fdf1a99291a5141d server_cookie=0 in_seq=0 out_seq=0
2024-04-02T13:44:01.728 INFO:teuthology.orchestra.run.smithi052.stdout:/usr/bin/ceph: stderr
2024-04-02T13:44:00.066+0000 7f6159d9b700 1 -- 172.21.15.52:0/2465818121 <== mon.0 v2:172.21.15.52:3300/0 1 ==== mon_map magic: 0 ==== 205+0+0 (secure 0 0 0) 0x7f6150004160 con 0x7f615c108a90
2024-04-02T13:44:01.728 INFO:teuthology.orchestra.run.smithi052.stdout:/usr/bin/ceph: stderr
2024-04-02T13:44:00.067+0000 7f6159d9b700 1 -- 172.21.15.52:0/2465818121 <== mon.0 v2:172.21.15.52:3300/0 2 ==== config(27 keys) ==== 1140+0+0 (secure 0 0 0) 0x7f6150004300 con 0x7f615c108a90
2024-04-02T13:44:01.728 INFO:teuthology.orchestra.run.smithi052.stdout:/usr/bin/ceph: stderr
2024-04-02T13:44:00.067+0000 7f6159d9b700 1 -- 172.21.15.52:0/2465818121 <== mon.0 v2:172.21.15.52:3300/0 3 ==== mon_map magic: 0 ==== 205+0+0 (secure 0 0 0) 0x7f6150011b20 con 0x7f615c108a90
2024-04-02T13:44:01.728 INFO:teuthology.orchestra.run.smithi052.stdout:/usr/bin/ceph: stderr
2024-04-02T13:44:00.067+0000 7f616112a700 1 -- 172.21.15.52:0/2465818121 >> [v2:172.21.15.52:3300/0,v1:172.21.15.52:6789/0] conn(0x7f615c108a90 msgr2=0x7f615c10ae80 secure :-1 s=STATE_CONNECTION_ESTABLISHED l=1).mark_down
2024-04-02T13:44:01.728 INFO:teuthology.orchestra.run.smithi052.stdout:/usr/bin/ceph: stderr
2024-04-02T13:44:00.067+0000 7f616112a700 1 --2- 172.21.15.52:0/2465818121 >> [v2:172.21.15.52:3300/0,v1:172.21.15.52:6789/0] conn(0x7f615c108a90 0x7f615c10ae80 secure :-1 s=READY pgs=74 cs=0 l=1 rev1=1 crypto rx=0x7f61500098a0 tx=0x7f6150009bb0 comp rx=0 tx=0).stop
2024-04-02T13:44:01.728 INFO:teuthology.orchestra.run.smithi052.stdout:/usr/bin/ceph: stderr
2024-04-02T13:44:00.067+0000 7f616112a700 1 -- 172.21.15.52:0/2465818121 shutdown_connections
2024-04-02T13:44:01.729 INFO:teuthology.orchestra.run.smithi052.stdout:/usr/bin/ceph: stderr
2024-04-02T13:44:00.067+0000 7f616112a700 1 --2- 172.21.15.52:0/2465818121 >> [v2:172.21.15.52:3300/0,v1:172.21.15.52:6789/0] conn(0x7f615c108a90 0x7f615c10ae80 unknown :-1 s=CLOSED pgs=74 cs=0 l=1 rev1=1 crypto rx=0 tx=0 comp rx=0 tx=0).stop
2024-04-02T13:44:01.729 INFO:teuthology.orchestra.run.smithi052.stdout:/usr/bin/ceph: stderr
2024-04-02T13:44:00.067+0000 7f616112a700 1 -- 172.21.15.52:0/2465818121 >> 172.21.15.52:0/2465818121 conn(0x7f615c102500 msgr2=0x7f615c104920 unknown :-1 s=STATE_NONE l=0).mark_down
2024-04-02T13:44:01.729 INFO:teuthology.orchestra.run.smithi052.stdout:/usr/bin/ceph: stderr
2024-04-02T13:44:00.067+0000 7f616112a700 1 -- 172.21.15.52:0/2465818121 shutdown_connections
2024-04-02T13:44:01.729 INFO:teuthology.orchestra.run.smithi052.stdout:/usr/bin/ceph: stderr
2024-04-02T13:44:00.067+0000 7f616112a700 1 -- 172.21.15.52:0/2465818121 wait complete.
2024-04-02T13:44:01.729 INFO:teuthology.orchestra.run.smithi052.stdout:/usr/bin/ceph: stderr
2024-04-02T13:44:00.068+0000 7f616112a700 1 Processor -- start
2024-04-02T13:44:01.729 INFO:teuthology.orchestra.run.smithi052.stdout:/usr/bin/ceph: stderr
2024-04-02T13:44:00.068+0000 7f616112a700 1 -- start start
2024-04-02T13:44:01.729 INFO:teuthology.orchestra.run.smithi052.stdout:/usr/bin/ceph: stderr
2024-04-02T13:44:00.068+0000 7f616112a700 1 --2- >> [v2:172.21.15.52:3300/0,v1:172.21.15.52:6789/0] conn(0x7f615c108a90 0x7f615c19bf80 unknown :-1 s=NONE pgs=0 cs=0 l=1 rev1=0 crypto rx=0 tx=0 comp rx=0 tx=0).connect
2024-04-02T13:44:01.729 INFO:teuthology.orchestra.run.smithi052.stdout:/usr/bin/ceph: stderr
2024-04-02T13:44:00.068+0000 7f616112a700 1 -- --> [v2:172.21.15.52:3300/0,v1:172.21.15.52:6789/0] -- mon_getmap magic: 0 -- 0x7f615c10c430 con 0x7f615c108a90
2024-04-02T13:44:01.729 INFO:teuthology.orchestra.run.smithi052.stdout:/usr/bin/ceph: stderr
2024-04-02T13:44:00.069+0000 7f615ad9d700 1 --2- >> [v2:172.21.15.52:3300/0,v1:172.21.15.52:6789/0] conn(0x7f615c108a90 0x7f615c19bf80 unknown :-1 s=BANNER_CONNECTING pgs=0 cs=0 l=1 rev1=0 crypto rx=0 tx=0 comp rx=0 tx=0)._handle_peer_banner_payload supported=3 required=0
2024-04-02T13:44:01.729 INFO:teuthology.orchestra.run.smithi052.stdout:/usr/bin/ceph: stderr
2024-04-02T13:44:00.069+0000 7f615ad9d700 1 --2- >> [v2:172.21.15.52:3300/0,v1:172.21.15.52:6789/0] conn(0x7f615c108a90 0x7f615c19bf80 unknown :-1 s=HELLO_CONNECTING pgs=0 cs=0 l=1 rev1=1 crypto rx=0 tx=0 comp rx=0 tx=0).handle_hello peer v2:172.21.15.52:3300/0 says I am v2:172.21.15.52:57360/0 (socket says 172.21.15.52:57360)
2024-04-02T13:44:01.729 INFO:teuthology.orchestra.run.smithi052.stdout:/usr/bin/ceph: stderr
2024-04-02T13:44:00.069+0000 7f615ad9d700 1 -- 172.21.15.52:0/604185471 learned_addr learned my addr 172.21.15.52:0/604185471 (peer_addr_for_me v2:172.21.15.52:0/0)
2024-04-02T13:44:01.729 INFO:teuthology.orchestra.run.smithi052.stdout:/usr/bin/ceph: stderr
2024-04-02T13:44:00.069+0000 7f615ad9d700 1 -- 172.21.15.52:0/604185471 --> [v2:172.21.15.52:3300/0,v1:172.21.15.52:6789/0] -- mon_subscribe({config=0+,monmap=0+}) -- 0x7f615c19c4c0 con 0x7f615c108a90
2024-04-02T13:44:01.729 INFO:teuthology.orchestra.run.smithi052.stdout:/usr/bin/ceph: stderr
2024-04-02T13:44:00.069+0000 7f615ad9d700 1 --2- 172.21.15.52:0/604185471 >> [v2:172.21.15.52:3300/0,v1:172.21.15.52:6789/0] conn(0x7f615c108a90 0x7f615c19bf80 secure :-1 s=READY pgs=75 cs=0 l=1 rev1=1 crypto rx=0x7f61500117e0 tx=0x7f6150011c10 comp rx=0 tx=0).ready entity=mon.0 client_cookie=0 server_cookie=0 in_seq=0 out_seq=0
2024-04-02T13:44:01.729 INFO:teuthology.orchestra.run.smithi052.stdout:/usr/bin/ceph: stderr
2024-04-02T13:44:00.069+0000 7f6143fff700 1 -- 172.21.15.52:0/604185471 <== mon.0 v2:172.21.15.52:3300/0 1 ==== mon_map magic: 0 ==== 205+0+0 (secure 0 0 0) 0x7f6150003bf0 con 0x7f615c108a90
2024-04-02T13:44:01.730 INFO:teuthology.orchestra.run.smithi052.stdout:/usr/bin/ceph: stderr
2024-04-02T13:44:00.069+0000 7f616112a700 1 -- 172.21.15.52:0/604185471 --> [v2:172.21.15.52:3300/0,v1:172.21.15.52:6789/0] -- mon_subscribe({mgrmap=0+}) -- 0x7f615c19c750 con 0x7f615c108a90
2024-04-02T13:44:01.730 INFO:teuthology.orchestra.run.smithi052.stdout:/usr/bin/ceph: stderr
2024-04-02T13:44:00.069+0000 7f616112a700 1 -- 172.21.15.52:0/604185471 --> [v2:172.21.15.52:3300/0,v1:172.21.15.52:6789/0] -- mon_subscribe({osdmap=0}) -- 0x7f615c19cbb0 con 0x7f615c108a90
2024-04-02T13:44:01.730 INFO:teuthology.orchestra.run.smithi052.stdout:/usr/bin/ceph: stderr
2024-04-02T13:44:00.069+0000 7f6143fff700 1 -- 172.21.15.52:0/604185471 <== mon.0 v2:172.21.15.52:3300/0 2 ==== config(27 keys) ==== 1140+0+0 (secure 0 0 0) 0x7f615001a910 con 0x7f615c108a90
2024-04-02T13:44:01.730 INFO:teuthology.orchestra.run.smithi052.stdout:/usr/bin/ceph: stderr
2024-04-02T13:44:00.069+0000 7f6143fff700 1 -- 172.21.15.52:0/604185471 <== mon.0 v2:172.21.15.52:3300/0 3 ==== mon_map magic: 0 ==== 205+0+0 (secure 0 0 0) 0x7f6150024970 con 0x7f615c108a90
2024-04-02T13:44:01.730 INFO:teuthology.orchestra.run.smithi052.stdout:/usr/bin/ceph: stderr
2024-04-02T13:44:00.070+0000 7f6143fff700 1 -- 172.21.15.52:0/604185471 <== mon.0 v2:172.21.15.52:3300/0 4 ==== mgrmap(e 12) ==== 46571+0+0 (secure 0 0 0) 0x7f6150022020 con 0x7f615c108a90
2024-04-02T13:44:01.730 INFO:teuthology.orchestra.run.smithi052.stdout:/usr/bin/ceph: stderr
2024-04-02T13:44:00.070+0000 7f6143fff700 1 --2- 172.21.15.52:0/604185471 >> [v2:172.21.15.52:6800/3836085837,v1:172.21.15.52:6801/3836085837] conn(0x7f6144039610 0x7f614403bad0 unknown :-1 s=NONE pgs=0 cs=0 l=1 rev1=0 crypto rx=0 tx=0 comp rx=0 tx=0).connect
2024-04-02T13:44:01.730 INFO:teuthology.orchestra.run.smithi052.stdout:/usr/bin/ceph: stderr
2024-04-02T13:44:00.070+0000 7f616112a700 1 -- 172.21.15.52:0/604185471 --> [v2:172.21.15.52:3300/0,v1:172.21.15.52:6789/0] -- mon_command({"prefix": "get_command_descriptions"} v 0) -- 0x7f615c063c20 con 0x7f615c108a90
2024-04-02T13:44:01.730 INFO:teuthology.orchestra.run.smithi052.stdout:/usr/bin/ceph: stderr
2024-04-02T13:44:00.070+0000 7f6143fff700 1 -- 172.21.15.52:0/604185471 <== mon.0 v2:172.21.15.52:3300/0 5 ==== osd_map(3..3 src has 1..3) ==== 1155+0+0 (secure 0 0 0) 0x7f615004eb10 con 0x7f615c108a90
2024-04-02T13:44:01.730 INFO:teuthology.orchestra.run.smithi052.stdout:/usr/bin/ceph: stderr
2024-04-02T13:44:00.071+0000 7f615a59c700 1 --2- 172.21.15.52:0/604185471 >> [v2:172.21.15.52:6800/3836085837,v1:172.21.15.52:6801/3836085837] conn(0x7f6144039610 0x7f614403bad0 unknown :-1 s=BANNER_CONNECTING pgs=0 cs=0 l=1 rev1=0 crypto rx=0 tx=0 comp rx=0 tx=0)._handle_peer_banner_payload supported=3 required=0
2024-04-02T13:44:01.730 INFO:teuthology.orchestra.run.smithi052.stdout:/usr/bin/ceph: stderr
2024-04-02T13:44:00.071+0000 7f615a59c700 1 --2- 172.21.15.52:0/604185471 >> [v2:172.21.15.52:6800/3836085837,v1:172.21.15.52:6801/3836085837] conn(0x7f6144039610 0x7f614403bad0 secure :-1 s=READY pgs=9 cs=0 l=1 rev1=1 crypto rx=0x7f614c006fd0 tx=0x7f614c006e40 comp rx=0 tx=0).ready entity=mgr.14152 client_cookie=0 server_cookie=0 in_seq=0 out_seq=0
2024-04-02T13:44:01.730 INFO:teuthology.orchestra.run.smithi052.stdout:/usr/bin/ceph: stderr
2024-04-02T13:44:00.076+0000 7f6143fff700 1 -- 172.21.15.52:0/604185471 <== mon.0 v2:172.21.15.52:3300/0 6 ==== mon_command_ack([{"prefix": "get_command_descriptions"}]=0 v0) ==== 72+0+188173 (secure 0 0 0) 0x7f6150011e20 con 0x7f615c108a90
2024-04-02T13:44:01.730 INFO:teuthology.orchestra.run.smithi052.stdout:/usr/bin/ceph: stderr
2024-04-02T13:44:00.292+0000 7f616112a700 1 -- 172.21.15.52:0/604185471 --> [v2:172.21.15.52:3300/0,v1:172.21.15.52:6789/0] -- mon_command({"prefix": "config get", "who": "mgr", "key": "mgr/dashboard/ssl_server_port"} v 0) -- 0x7f615c19f580 con 0x7f615c108a90
2024-04-02T13:44:01.730 INFO:teuthology.orchestra.run.smithi052.stdout:/usr/bin/ceph: stderr
2024-04-02T13:44:00.292+0000 7f6143fff700 1 -- 172.21.15.52:0/604185471 <== mon.0 v2:172.21.15.52:3300/0 7 ==== mon_command_ack([{"prefix": "config get", "who": "mgr", "key": "mgr/dashboard/ssl_server_port"}]=0 v8) ==== 112+0+5 (secure 0 0 0) 0x7f6150010380 con 0x7f615c108a90
2024-04-02T13:44:01.731 INFO:teuthology.orchestra.run.smithi052.stdout:/usr/bin/ceph: stderr
2024-04-02T13:44:00.294+0000 7f616112a700 1 -- 172.21.15.52:0/604185471 >> [v2:172.21.15.52:6800/3836085837,v1:172.21.15.52:6801/3836085837] conn(0x7f6144039610 msgr2=0x7f614403bad0 secure :-1 s=STATE_CONNECTION_ESTABLISHED l=1).mark_down
2024-04-02T13:44:01.731 INFO:teuthology.orchestra.run.smithi052.stdout:/usr/bin/ceph: stderr
2024-04-02T13:44:00.294+0000 7f616112a700 1 --2- 172.21.15.52:0/604185471 >> [v2:172.21.15.52:6800/3836085837,v1:172.21.15.52:6801/3836085837] conn(0x7f6144039610 0x7f614403bad0 secure :-1 s=READY pgs=9 cs=0 l=1 rev1=1 crypto rx=0x7f614c006fd0 tx=0x7f614c006e40 comp rx=0 tx=0).stop
2024-04-02T13:44:01.731 INFO:teuthology.orchestra.run.smithi052.stdout:/usr/bin/ceph: stderr
2024-04-02T13:44:00.294+0000 7f616112a700 1 -- 172.21.15.52:0/604185471 >> [v2:172.21.15.52:3300/0,v1:172.21.15.52:6789/0] conn(0x7f615c108a90 msgr2=0x7f615c19bf80 secure :-1 s=STATE_CONNECTION_ESTABLISHED l=1).mark_down
2024-04-02T13:44:01.731 INFO:teuthology.orchestra.run.smithi052.stdout:/usr/bin/ceph: stderr
2024-04-02T13:44:00.294+0000 7f616112a700 1 --2- 172.21.15.52:0/604185471 >> [v2:172.21.15.52:3300/0,v1:172.21.15.52:6789/0] conn(0x7f615c108a90 0x7f615c19bf80 secure :-1 s=READY pgs=75 cs=0 l=1 rev1=1 crypto rx=0x7f61500117e0 tx=0x7f6150011c10 comp rx=0 tx=0).stop
2024-04-02T13:44:01.731 INFO:teuthology.orchestra.run.smithi052.stdout:/usr/bin/ceph: stderr
2024-04-02T13:44:00.294+0000 7f616112a700 1 -- 172.21.15.52:0/604185471 shutdown_connections
2024-04-02T13:44:01.731 INFO:teuthology.orchestra.run.smithi052.stdout:/usr/bin/ceph: stderr
2024-04-02T13:44:00.294+0000 7f616112a700 1 --2- 172.21.15.52:0/604185471 >> [v2:172.21.15.52:6800/3836085837,v1:172.21.15.52:6801/3836085837] conn(0x7f6144039610 0x7f614403bad0 unknown :-1 s=CLOSED pgs=9 cs=0 l=1 rev1=1 crypto rx=0 tx=0 comp rx=0 tx=0).stop
2024-04-02T13:44:01.731 INFO:teuthology.orchestra.run.smithi052.stdout:/usr/bin/ceph: stderr
2024-04-02T13:44:00.294+0000 7f616112a700 1 --2- 172.21.15.52:0/604185471 >> [v2:172.21.15.52:3300/0,v1:172.21.15.52:6789/0] conn(0x7f615c108a90 0x7f615c19bf80 unknown :-1 s=CLOSED pgs=75 cs=0 l=1 rev1=1 crypto rx=0 tx=0 comp rx=0 tx=0).stop
2024-04-02T13:44:01.731 INFO:teuthology.orchestra.run.smithi052.stdout:/usr/bin/ceph: stderr
2024-04-02T13:44:00.294+0000 7f616112a700 1 -- 172.21.15.52:0/604185471 >> 172.21.15.52:0/604185471 conn(0x7f615c102500 msgr2=0x7f615c102ff0 unknown :-1 s=STATE_NONE l=0).mark_down
2024-04-02T13:44:01.731 INFO:teuthology.orchestra.run.smithi052.stdout:/usr/bin/ceph: stderr
2024-04-02T13:44:00.295+0000 7f616112a700 1 -- 172.21.15.52:0/604185471 shutdown_connections
2024-04-02T13:44:01.731 INFO:teuthology.orchestra.run.smithi052.stdout:/usr/bin/ceph: stderr
2024-04-02T13:44:00.295+0000 7f616112a700 1 -- 172.21.15.52:0/604185471 wait complete.
2024-04-02T13:44:01.734 INFO:teuthology.orchestra.run.smithi052.stdout:Non-zero exit code 1 from systemctl is-enabled firewalld.service
2024-04-02T13:44:01.734 INFO:teuthology.orchestra.run.smithi052.stdout:systemctl: stdout disabled
2024-04-02T13:44:01.742 INFO:teuthology.orchestra.run.smithi052.stdout:Non-zero exit code 3 from systemctl is-active firewalld.service
2024-04-02T13:44:01.742 INFO:teuthology.orchestra.run.smithi052.stdout:systemctl: stdout inactive
2024-04-02T13:44:01.742 INFO:teuthology.orchestra.run.smithi052.stdout:firewalld.service is not enabled
2024-04-02T13:44:01.743 INFO:teuthology.orchestra.run.smithi052.stdout:Not possible to open ports <[8443]>. firewalld.service is not available
2024-04-02T13:44:01.744 INFO:teuthology.orchestra.run.smithi052.stdout:Ceph Dashboard is now available at:
2024-04-02T13:44:01.744 INFO:teuthology.orchestra.run.smithi052.stdout:
2024-04-02T13:44:01.744 INFO:teuthology.orchestra.run.smithi052.stdout: URL: https://smithi052.front.sepia.ceph.com:8443/
2024-04-02T13:44:01.744 INFO:teuthology.orchestra.run.smithi052.stdout: User: admin
2024-04-02T13:44:01.744 INFO:teuthology.orchestra.run.smithi052.stdout: Password: u9ja69gl5t
2024-04-02T13:44:01.744 INFO:teuthology.orchestra.run.smithi052.stdout:
2024-04-02T13:44:01.745 INFO:teuthology.orchestra.run.smithi052.stdout:Saving cluster configuration to /var/lib/ceph/bfa00e6e-f0f6-11ee-b647-cb9ed24678a4/config directory
2024-04-02T13:44:01.745 INFO:teuthology.orchestra.run.smithi052.stdout:Enabling autotune for osd_memory_target
2024-04-02T13:44:02.697 INFO:journalctl@ceph.mon.a.smithi052.stdout:Apr 02 13:44:02 smithi052 ceph-mon[32104]: mgrmap e13: x(active, since 6s)
2024-04-02T13:44:03.000 INFO:teuthology.orchestra.run.smithi052.stdout:/usr/bin/ceph: stderr
2024-04-02T13:44:02.187+0000 7f3525ce1700 1 Processor -- start
2024-04-02T13:44:03.000 INFO:teuthology.orchestra.run.smithi052.stdout:/usr/bin/ceph: stderr
2024-04-02T13:44:02.187+0000 7f3525ce1700 1 -- start start
2024-04-02T13:44:03.000 INFO:teuthology.orchestra.run.smithi052.stdout:/usr/bin/ceph: stderr
2024-04-02T13:44:02.187+0000 7f3525ce1700 1 --2- >> [v2:172.21.15.52:3300/0,v1:172.21.15.52:6789/0] conn(0x7f352007de20 0x7f352007c2d0 unknown :-1 s=NONE pgs=0 cs=0 l=0 rev1=0 crypto rx=0 tx=0 comp rx=0 tx=0).connect
2024-04-02T13:44:03.000 INFO:teuthology.orchestra.run.smithi052.stdout:/usr/bin/ceph: stderr
2024-04-02T13:44:02.187+0000 7f3525ce1700 1 -- --> [v2:172.21.15.52:3300/0,v1:172.21.15.52:6789/0] -- mon_getmap magic: 0 -- 0x7f352007c8a0 con 0x7f352007de20
2024-04-02T13:44:03.000 INFO:teuthology.orchestra.run.smithi052.stdout:/usr/bin/ceph: stderr
2024-04-02T13:44:02.188+0000 7f351f7fe700 1 --2- >> [v2:172.21.15.52:3300/0,v1:172.21.15.52:6789/0] conn(0x7f352007de20 0x7f352007c2d0 unknown :-1 s=BANNER_CONNECTING pgs=0 cs=0 l=0 rev1=0 crypto rx=0 tx=0 comp rx=0 tx=0)._handle_peer_banner_payload supported=3 required=0
2024-04-02T13:44:03.000 INFO:teuthology.orchestra.run.smithi052.stdout:/usr/bin/ceph: stderr
2024-04-02T13:44:02.188+0000 7f351f7fe700 1 --2- >> [v2:172.21.15.52:3300/0,v1:172.21.15.52:6789/0] conn(0x7f352007de20 0x7f352007c2d0 unknown :-1 s=HELLO_CONNECTING pgs=0 cs=0 l=0 rev1=1 crypto rx=0 tx=0 comp rx=0 tx=0).handle_hello peer v2:172.21.15.52:3300/0 says I am v2:172.21.15.52:53478/0 (socket says 172.21.15.52:53478)
2024-04-02T13:44:03.000 INFO:teuthology.orchestra.run.smithi052.stdout:/usr/bin/ceph: stderr
2024-04-02T13:44:02.188+0000 7f351f7fe700 1 -- 172.21.15.52:0/3331201795 learned_addr learned my addr 172.21.15.52:0/3331201795 (peer_addr_for_me v2:172.21.15.52:0/0)
2024-04-02T13:44:03.001 INFO:teuthology.orchestra.run.smithi052.stdout:/usr/bin/ceph: stderr
2024-04-02T13:44:02.188+0000 7f351f7fe700 1 -- 172.21.15.52:0/3331201795 --> [v2:172.21.15.52:3300/0,v1:172.21.15.52:6789/0] -- mon_subscribe({config=0+,monmap=0+}) -- 0x7f352007ca20 con 0x7f352007de20
2024-04-02T13:44:03.001 INFO:teuthology.orchestra.run.smithi052.stdout:/usr/bin/ceph: stderr
2024-04-02T13:44:02.188+0000 7f351f7fe700 1 --2- 172.21.15.52:0/3331201795 >> [v2:172.21.15.52:3300/0,v1:172.21.15.52:6789/0] conn(0x7f352007de20 0x7f352007c2d0 secure :-1 s=READY pgs=76 cs=0 l=1 rev1=1 crypto rx=0x7f35100098a0 tx=0x7f3510009bb0 comp rx=0 tx=0).ready entity=mon.0 client_cookie=ccffa8eb955ab957 server_cookie=0 in_seq=0 out_seq=0
2024-04-02T13:44:03.001 INFO:teuthology.orchestra.run.smithi052.stdout:/usr/bin/ceph: stderr
2024-04-02T13:44:02.188+0000 7f351e7fc700 1 -- 172.21.15.52:0/3331201795 <== mon.0 v2:172.21.15.52:3300/0 1 ==== mon_map magic: 0 ==== 205+0+0 (secure 0 0 0) 0x7f3510004160 con 0x7f352007de20
2024-04-02T13:44:03.001 INFO:teuthology.orchestra.run.smithi052.stdout:/usr/bin/ceph: stderr
2024-04-02T13:44:02.188+0000 7f351e7fc700 1 -- 172.21.15.52:0/3331201795 <== mon.0 v2:172.21.15.52:3300/0 2 ==== config(27 keys) ==== 1140+0+0 (secure 0 0 0) 0x7f3510004300 con 0x7f352007de20
2024-04-02T13:44:03.001 INFO:teuthology.orchestra.run.smithi052.stdout:/usr/bin/ceph: stderr
2024-04-02T13:44:02.188+0000 7f351e7fc700 1 -- 172.21.15.52:0/3331201795 <== mon.0 v2:172.21.15.52:3300/0 3 ==== mon_map magic: 0 ==== 205+0+0 (secure 0 0 0) 0x7f3510011b20 con 0x7f352007de20
2024-04-02T13:44:03.001 INFO:teuthology.orchestra.run.smithi052.stdout:/usr/bin/ceph: stderr
2024-04-02T13:44:02.189+0000 7f3525ce1700 1 -- 172.21.15.52:0/3331201795 >> [v2:172.21.15.52:3300/0,v1:172.21.15.52:6789/0] conn(0x7f352007de20 msgr2=0x7f352007c2d0 secure :-1 s=STATE_CONNECTION_ESTABLISHED l=1).mark_down
2024-04-02T13:44:03.001 INFO:teuthology.orchestra.run.smithi052.stdout:/usr/bin/ceph: stderr
2024-04-02T13:44:02.189+0000 7f3525ce1700 1 --2- 172.21.15.52:0/3331201795 >> [v2:172.21.15.52:3300/0,v1:172.21.15.52:6789/0] conn(0x7f352007de20 0x7f352007c2d0 secure :-1 s=READY pgs=76 cs=0 l=1 rev1=1 crypto rx=0x7f35100098a0 tx=0x7f3510009bb0 comp rx=0 tx=0).stop
2024-04-02T13:44:03.001 INFO:teuthology.orchestra.run.smithi052.stdout:/usr/bin/ceph: stderr
2024-04-02T13:44:02.189+0000 7f3525ce1700 1 -- 172.21.15.52:0/3331201795 shutdown_connections
2024-04-02T13:44:03.001 INFO:teuthology.orchestra.run.smithi052.stdout:/usr/bin/ceph: stderr
2024-04-02T13:44:02.189+0000 7f3525ce1700 1 --2- 172.21.15.52:0/3331201795 >> [v2:172.21.15.52:3300/0,v1:172.21.15.52:6789/0] conn(0x7f352007de20 0x7f352007c2d0 unknown :-1 s=CLOSED pgs=76 cs=0 l=1 rev1=1 crypto rx=0 tx=0 comp rx=0 tx=0).stop
2024-04-02T13:44:03.001 INFO:teuthology.orchestra.run.smithi052.stdout:/usr/bin/ceph: stderr
2024-04-02T13:44:02.189+0000 7f3525ce1700 1 -- 172.21.15.52:0/3331201795 >> 172.21.15.52:0/3331201795 conn(0x7f3520103660 msgr2=0x7f3520105a80 unknown :-1 s=STATE_NONE l=0).mark_down
2024-04-02T13:44:03.001 INFO:teuthology.orchestra.run.smithi052.stdout:/usr/bin/ceph: stderr
2024-04-02T13:44:02.189+0000 7f3525ce1700 1 -- 172.21.15.52:0/3331201795 shutdown_connections
2024-04-02T13:44:03.001 INFO:teuthology.orchestra.run.smithi052.stdout:/usr/bin/ceph: stderr
2024-04-02T13:44:02.189+0000 7f3525ce1700 1 -- 172.21.15.52:0/3331201795 wait complete.
2024-04-02T13:44:03.001 INFO:teuthology.orchestra.run.smithi052.stdout:/usr/bin/ceph: stderr
2024-04-02T13:44:02.190+0000 7f3525ce1700 1 Processor -- start
2024-04-02T13:44:03.001 INFO:teuthology.orchestra.run.smithi052.stdout:/usr/bin/ceph: stderr
2024-04-02T13:44:02.190+0000 7f3525ce1700 1 -- start start
2024-04-02T13:44:03.002 INFO:teuthology.orchestra.run.smithi052.stdout:/usr/bin/ceph: stderr
2024-04-02T13:44:02.190+0000 7f3525ce1700 1 --2- >> [v2:172.21.15.52:3300/0,v1:172.21.15.52:6789/0] conn(0x7f352007de20 0x7f352019e1f0 unknown :-1 s=NONE pgs=0 cs=0 l=1 rev1=0 crypto rx=0 tx=0 comp rx=0 tx=0).connect
2024-04-02T13:44:03.002 INFO:teuthology.orchestra.run.smithi052.stdout:/usr/bin/ceph: stderr
2024-04-02T13:44:02.190+0000 7f3525ce1700 1 -- --> [v2:172.21.15.52:3300/0,v1:172.21.15.52:6789/0] -- mon_getmap magic: 0 -- 0x7f352010e660 con 0x7f352007de20
2024-04-02T13:44:03.002 INFO:teuthology.orchestra.run.smithi052.stdout:/usr/bin/ceph: stderr
