2024-04-02T13:43:39.943 INFO:teuthology.orchestra.run.smithi052.stdout:/usr/bin/ceph: stderr
2024-04-02T13:43:34.713+0000 7fd0a12c9700 1 -- 172.21.15.52:0/1723517120 <== mon.0 v2:172.21.15.52:3300/0 2 ==== config(27 keys) ==== 1109+0+0 (secure 0 0 0) 0x7fd098004300 con 0x7fd09c1080d0
2024-04-02T13:43:39.943 INFO:teuthology.orchestra.run.smithi052.stdout:/usr/bin/ceph: stderr
2024-04-02T13:43:34.713+0000 7fd0a12c9700 1 -- 172.21.15.52:0/1723517120 <== mon.0 v2:172.21.15.52:3300/0 3 ==== mon_map magic: 0 ==== 205+0+0 (secure 0 0 0) 0x7fd098011b50 con 0x7fd09c1080d0
2024-04-02T13:43:39.943 INFO:teuthology.orchestra.run.smithi052.stdout:/usr/bin/ceph: stderr
2024-04-02T13:43:34.713+0000 7fd0a452f700 1 -- 172.21.15.52:0/1723517120 >> [v2:172.21.15.52:3300/0,v1:172.21.15.52:6789/0] conn(0x7fd09c1080d0 msgr2=0x7fd09c1084f0 secure :-1 s=STATE_CONNECTION_ESTABLISHED l=1).mark_down
2024-04-02T13:43:39.943 INFO:teuthology.orchestra.run.smithi052.stdout:/usr/bin/ceph: stderr
2024-04-02T13:43:34.713+0000 7fd0a452f700 1 --2- 172.21.15.52:0/1723517120 >> [v2:172.21.15.52:3300/0,v1:172.21.15.52:6789/0] conn(0x7fd09c1080d0 0x7fd09c1084f0 secure :-1 s=READY pgs=45 cs=0 l=1 rev1=1 crypto rx=0x7fd0980098a0 tx=0x7fd098009bb0 comp rx=0 tx=0).stop
2024-04-02T13:43:39.943 INFO:teuthology.orchestra.run.smithi052.stdout:/usr/bin/ceph: stderr
2024-04-02T13:43:34.714+0000 7fd0a452f700 1 -- 172.21.15.52:0/1723517120 shutdown_connections
2024-04-02T13:43:39.944 INFO:teuthology.orchestra.run.smithi052.stdout:/usr/bin/ceph: stderr
2024-04-02T13:43:34.714+0000 7fd0a452f700 1 --2- 172.21.15.52:0/1723517120 >> [v2:172.21.15.52:3300/0,v1:172.21.15.52:6789/0] conn(0x7fd09c1080d0 0x7fd09c1084f0 unknown :-1 s=CLOSED pgs=45 cs=0 l=1 rev1=1 crypto rx=0 tx=0 comp rx=0 tx=0).stop
2024-04-02T13:43:39.944 INFO:teuthology.orchestra.run.smithi052.stdout:/usr/bin/ceph: stderr
2024-04-02T13:43:34.714+0000 7fd0a452f700 1 -- 172.21.15.52:0/1723517120 >> 172.21.15.52:0/1723517120 conn(0x7fd09c1036b0 msgr2=0x7fd09c105ad0 unknown :-1 s=STATE_NONE l=0).mark_down
2024-04-02T13:43:39.944 INFO:teuthology.orchestra.run.smithi052.stdout:/usr/bin/ceph: stderr
2024-04-02T13:43:34.714+0000 7fd0a452f700 1 -- 172.21.15.52:0/1723517120 shutdown_connections
2024-04-02T13:43:39.944 INFO:teuthology.orchestra.run.smithi052.stdout:/usr/bin/ceph: stderr
2024-04-02T13:43:34.714+0000 7fd0a452f700 1 -- 172.21.15.52:0/1723517120 wait complete.
2024-04-02T13:43:39.944 INFO:teuthology.orchestra.run.smithi052.stdout:/usr/bin/ceph: stderr
2024-04-02T13:43:34.714+0000 7fd0a452f700 1 Processor -- start
2024-04-02T13:43:39.944 INFO:teuthology.orchestra.run.smithi052.stdout:/usr/bin/ceph: stderr
2024-04-02T13:43:34.714+0000 7fd0a452f700 1 -- start start
2024-04-02T13:43:39.944 INFO:teuthology.orchestra.run.smithi052.stdout:/usr/bin/ceph: stderr
2024-04-02T13:43:34.714+0000 7fd0a452f700 1 --2- >> [v2:172.21.15.52:3300/0,v1:172.21.15.52:6789/0] conn(0x7fd09c1080d0 0x7fd09c19c070 unknown :-1 s=NONE pgs=0 cs=0 l=1 rev1=0 crypto rx=0 tx=0 comp rx=0 tx=0).connect
2024-04-02T13:43:39.944 INFO:teuthology.orchestra.run.smithi052.stdout:/usr/bin/ceph: stderr
2024-04-02T13:43:34.714+0000 7fd0a452f700 1 -- --> [v2:172.21.15.52:3300/0,v1:172.21.15.52:6789/0] -- mon_getmap magic: 0 -- 0x7fd09c10c630 con 0x7fd09c1080d0
2024-04-02T13:43:39.944 INFO:teuthology.orchestra.run.smithi052.stdout:/usr/bin/ceph: stderr
2024-04-02T13:43:34.715+0000 7fd0a22cb700 1 --2- >> [v2:172.21.15.52:3300/0,v1:172.21.15.52:6789/0] conn(0x7fd09c1080d0 0x7fd09c19c070 unknown :-1 s=BANNER_CONNECTING pgs=0 cs=0 l=1 rev1=0 crypto rx=0 tx=0 comp rx=0 tx=0)._handle_peer_banner_payload supported=3 required=0
2024-04-02T13:43:39.944 INFO:teuthology.orchestra.run.smithi052.stdout:/usr/bin/ceph: stderr
2024-04-02T13:43:34.715+0000 7fd0a22cb700 1 --2- >> [v2:172.21.15.52:3300/0,v1:172.21.15.52:6789/0] conn(0x7fd09c1080d0 0x7fd09c19c070 unknown :-1 s=HELLO_CONNECTING pgs=0 cs=0 l=1 rev1=1 crypto rx=0 tx=0 comp rx=0 tx=0).handle_hello peer v2:172.21.15.52:3300/0 says I am v2:172.21.15.52:37732/0 (socket says 172.21.15.52:37732)
2024-04-02T13:43:39.944 INFO:teuthology.orchestra.run.smithi052.stdout:/usr/bin/ceph: stderr
2024-04-02T13:43:34.715+0000 7fd0a22cb700 1 -- 172.21.15.52:0/2647039495 learned_addr learned my addr 172.21.15.52:0/2647039495 (peer_addr_for_me v2:172.21.15.52:0/0)
2024-04-02T13:43:39.944 INFO:teuthology.orchestra.run.smithi052.stdout:/usr/bin/ceph: stderr
2024-04-02T13:43:34.715+0000 7fd0a22cb700 1 -- 172.21.15.52:0/2647039495 --> [v2:172.21.15.52:3300/0,v1:172.21.15.52:6789/0] -- mon_subscribe({config=0+,monmap=0+}) -- 0x7fd09c19c5b0 con 0x7fd09c1080d0
2024-04-02T13:43:39.944 INFO:teuthology.orchestra.run.smithi052.stdout:/usr/bin/ceph: stderr
2024-04-02T13:43:34.715+0000 7fd0a22cb700 1 --2- 172.21.15.52:0/2647039495 >> [v2:172.21.15.52:3300/0,v1:172.21.15.52:6789/0] conn(0x7fd09c1080d0 0x7fd09c19c070 secure :-1 s=READY pgs=46 cs=0 l=1 rev1=1 crypto rx=0x7fd098011670 tx=0x7fd098011b60 comp rx=0 tx=0).ready entity=mon.0 client_cookie=0 server_cookie=0 in_seq=0 out_seq=0
2024-04-02T13:43:39.944 INFO:teuthology.orchestra.run.smithi052.stdout:/usr/bin/ceph: stderr
2024-04-02T13:43:34.715+0000 7fd0937fe700 1 -- 172.21.15.52:0/2647039495 <== mon.0 v2:172.21.15.52:3300/0 1 ==== mon_map magic: 0 ==== 205+0+0 (secure 0 0 0) 0x7fd0980039c0 con 0x7fd09c1080d0
2024-04-02T13:43:39.945 INFO:teuthology.orchestra.run.smithi052.stdout:/usr/bin/ceph: stderr
2024-04-02T13:43:34.715+0000 7fd0937fe700 1 -- 172.21.15.52:0/2647039495 <== mon.0 v2:172.21.15.52:3300/0 2 ==== config(27 keys) ==== 1109+0+0 (secure 0 0 0) 0x7fd098011e50 con 0x7fd09c1080d0
2024-04-02T13:43:39.945 INFO:teuthology.orchestra.run.smithi052.stdout:/usr/bin/ceph: stderr
2024-04-02T13:43:34.715+0000 7fd0a452f700 1 -- 172.21.15.52:0/2647039495 --> [v2:172.21.15.52:3300/0,v1:172.21.15.52:6789/0] -- mon_subscribe({mgrmap=0+}) -- 0x7fd09c19c840 con 0x7fd09c1080d0
2024-04-02T13:43:39.945 INFO:teuthology.orchestra.run.smithi052.stdout:/usr/bin/ceph: stderr
2024-04-02T13:43:34.715+0000 7fd0937fe700 1 -- 172.21.15.52:0/2647039495 <== mon.0 v2:172.21.15.52:3300/0 3 ==== mon_map magic: 0 ==== 205+0+0 (secure 0 0 0) 0x7fd09801a5c0 con 0x7fd09c1080d0
2024-04-02T13:43:39.945 INFO:teuthology.orchestra.run.smithi052.stdout:/usr/bin/ceph: stderr
2024-04-02T13:43:34.715+0000 7fd0a452f700 1 -- 172.21.15.52:0/2647039495 --> [v2:172.21.15.52:3300/0,v1:172.21.15.52:6789/0] -- mon_subscribe({osdmap=0}) -- 0x7fd09c19f530 con 0x7fd09c1080d0
2024-04-02T13:43:39.945 INFO:teuthology.orchestra.run.smithi052.stdout:/usr/bin/ceph: stderr
2024-04-02T13:43:34.716+0000 7fd0937fe700 1 -- 172.21.15.52:0/2647039495 <== mon.0 v2:172.21.15.52:3300/0 4 ==== mgrmap(e 8) ==== 46558+0+0 (secure 0 0 0) 0x7fd09801a870 con 0x7fd09c1080d0
2024-04-02T13:43:39.945 INFO:teuthology.orchestra.run.smithi052.stdout:/usr/bin/ceph: stderr
2024-04-02T13:43:34.716+0000 7fd0a452f700 1 -- 172.21.15.52:0/2647039495 --> [v2:172.21.15.52:3300/0,v1:172.21.15.52:6789/0] -- mon_command({"prefix": "get_command_descriptions"} v 0) -- 0x7fd09c063c20 con 0x7fd09c1080d0
2024-04-02T13:43:39.945 INFO:teuthology.orchestra.run.smithi052.stdout:/usr/bin/ceph: stderr
2024-04-02T13:43:34.716+0000 7fd0937fe700 1 --2- 172.21.15.52:0/2647039495 >> [v2:172.21.15.52:6800/673843171,v1:172.21.15.52:6801/673843171] conn(0x7fd0880395b0 0x7fd08803ba70 unknown :-1 s=NONE pgs=0 cs=0 l=1 rev1=0 crypto rx=0 tx=0 comp rx=0 tx=0).connect
2024-04-02T13:43:39.945 INFO:teuthology.orchestra.run.smithi052.stdout:/usr/bin/ceph: stderr
2024-04-02T13:43:34.716+0000 7fd0937fe700 1 -- 172.21.15.52:0/2647039495 <== mon.0 v2:172.21.15.52:3300/0 5 ==== osd_map(2..2 src has 1..2) ==== 940+0+0 (secure 0 0 0) 0x7fd09804dc20 con 0x7fd09c1080d0
2024-04-02T13:43:39.945 INFO:teuthology.orchestra.run.smithi052.stdout:/usr/bin/ceph: stderr
2024-04-02T13:43:34.716+0000 7fd0a1aca700 1 --2- 172.21.15.52:0/2647039495 >> [v2:172.21.15.52:6800/673843171,v1:172.21.15.52:6801/673843171] conn(0x7fd0880395b0 0x7fd08803ba70 unknown :-1 s=BANNER_CONNECTING pgs=0 cs=0 l=1 rev1=0 crypto rx=0 tx=0 comp rx=0 tx=0)._handle_peer_banner_payload supported=3 required=0
2024-04-02T13:43:39.945 INFO:teuthology.orchestra.run.smithi052.stdout:/usr/bin/ceph: stderr
2024-04-02T13:43:34.717+0000 7fd0a1aca700 1 --2- 172.21.15.52:0/2647039495 >> [v2:172.21.15.52:6800/673843171,v1:172.21.15.52:6801/673843171] conn(0x7fd0880395b0 0x7fd08803ba70 secure :-1 s=READY pgs=11 cs=0 l=1 rev1=1 crypto rx=0x7fd08c006fd0 tx=0x7fd08c006e40 comp rx=0 tx=0).ready entity=mgr.14120 client_cookie=0 server_cookie=0 in_seq=0 out_seq=0
2024-04-02T13:43:39.945 INFO:teuthology.orchestra.run.smithi052.stdout:/usr/bin/ceph: stderr
2024-04-02T13:43:34.721+0000 7fd0937fe700 1 -- 172.21.15.52:0/2647039495 <== mon.0 v2:172.21.15.52:3300/0 6 ==== mon_command_ack([{"prefix": "get_command_descriptions"}]=0 v0) ==== 72+0+188173 (secure 0 0 0) 0x7fd09800be50 con 0x7fd09c1080d0
2024-04-02T13:43:39.945 INFO:teuthology.orchestra.run.smithi052.stdout:/usr/bin/ceph: stderr
2024-04-02T13:43:34.935+0000 7fd0a452f700 1 -- 172.21.15.52:0/2647039495 --> [v2:172.21.15.52:6800/673843171,v1:172.21.15.52:6801/673843171] -- mgr_command(tid 0: {"prefix": "orch host add", "hostname": "smithi052", "addr": "172.21.15.52", "target": ["mon-mgr", ""]}) -- 0x7fd09c104920 con 0x7fd0880395b0
2024-04-02T13:43:39.945 INFO:teuthology.orchestra.run.smithi052.stdout:/usr/bin/ceph: stderr
2024-04-02T13:43:39.342+0000 7fd0937fe700 1 -- 172.21.15.52:0/2647039495 <== mgr.14120 v2:172.21.15.52:6800/673843171 1 ==== mgr_command_reply(tid 0: 0 ) ==== 8+0+48 (secure 0 0 0) 0x7fd09c104920 con 0x7fd0880395b0
2024-04-02T13:43:39.946 INFO:teuthology.orchestra.run.smithi052.stdout:/usr/bin/ceph: stderr
2024-04-02T13:43:39.345+0000 7fd0a452f700 1 -- 172.21.15.52:0/2647039495 >> [v2:172.21.15.52:6800/673843171,v1:172.21.15.52:6801/673843171] conn(0x7fd0880395b0 msgr2=0x7fd08803ba70 secure :-1 s=STATE_CONNECTION_ESTABLISHED l=1).mark_down
2024-04-02T13:43:39.946 INFO:teuthology.orchestra.run.smithi052.stdout:/usr/bin/ceph: stderr
2024-04-02T13:43:39.345+0000 7fd0a452f700 1 --2- 172.21.15.52:0/2647039495 >> [v2:172.21.15.52:6800/673843171,v1:172.21.15.52:6801/673843171] conn(0x7fd0880395b0 0x7fd08803ba70 secure :-1 s=READY pgs=11 cs=0 l=1 rev1=1 crypto rx=0x7fd08c006fd0 tx=0x7fd08c006e40 comp rx=0 tx=0).stop
2024-04-02T13:43:39.946 INFO:teuthology.orchestra.run.smithi052.stdout:/usr/bin/ceph: stderr
2024-04-02T13:43:39.345+0000 7fd0a452f700 1 -- 172.21.15.52:0/2647039495 >> [v2:172.21.15.52:3300/0,v1:172.21.15.52:6789/0] conn(0x7fd09c1080d0 msgr2=0x7fd09c19c070 secure :-1 s=STATE_CONNECTION_ESTABLISHED l=1).mark_down
2024-04-02T13:43:39.946 INFO:teuthology.orchestra.run.smithi052.stdout:/usr/bin/ceph: stderr
2024-04-02T13:43:39.345+0000 7fd0a452f700 1 --2- 172.21.15.52:0/2647039495 >> [v2:172.21.15.52:3300/0,v1:172.21.15.52:6789/0] conn(0x7fd09c1080d0 0x7fd09c19c070 secure :-1 s=READY pgs=46 cs=0 l=1 rev1=1 crypto rx=0x7fd098011670 tx=0x7fd098011b60 comp rx=0 tx=0).stop
2024-04-02T13:43:39.946 INFO:teuthology.orchestra.run.smithi052.stdout:/usr/bin/ceph: stderr
2024-04-02T13:43:39.345+0000 7fd0a452f700 1 -- 172.21.15.52:0/2647039495 shutdown_connections
2024-04-02T13:43:39.946 INFO:teuthology.orchestra.run.smithi052.stdout:/usr/bin/ceph: stderr
2024-04-02T13:43:39.345+0000 7fd0a452f700 1 --2- 172.21.15.52:0/2647039495 >> [v2:172.21.15.52:6800/673843171,v1:172.21.15.52:6801/673843171] conn(0x7fd0880395b0 0x7fd08803ba70 unknown :-1 s=CLOSED pgs=11 cs=0 l=1 rev1=1 crypto rx=0 tx=0 comp rx=0 tx=0).stop
2024-04-02T13:43:39.946 INFO:teuthology.orchestra.run.smithi052.stdout:/usr/bin/ceph: stderr
2024-04-02T13:43:39.345+0000 7fd0a452f700 1 --2- 172.21.15.52:0/2647039495 >> [v2:172.21.15.52:3300/0,v1:172.21.15.52:6789/0] conn(0x7fd09c1080d0 0x7fd09c19c070 unknown :-1 s=CLOSED pgs=46 cs=0 l=1 rev1=1 crypto rx=0 tx=0 comp rx=0 tx=0).stop
2024-04-02T13:43:39.946 INFO:teuthology.orchestra.run.smithi052.stdout:/usr/bin/ceph: stderr
2024-04-02T13:43:39.345+0000 7fd0a452f700 1 -- 172.21.15.52:0/2647039495 >> 172.21.15.52:0/2647039495 conn(0x7fd09c1036b0 msgr2=0x7fd09c104210 unknown :-1 s=STATE_NONE l=0).mark_down
2024-04-02T13:43:39.946 INFO:teuthology.orchestra.run.smithi052.stdout:/usr/bin/ceph: stderr
2024-04-02T13:43:39.345+0000 7fd0a452f700 1 -- 172.21.15.52:0/2647039495 shutdown_connections
2024-04-02T13:43:39.946 INFO:teuthology.orchestra.run.smithi052.stdout:/usr/bin/ceph: stderr
2024-04-02T13:43:39.345+0000 7fd0a452f700 1 -- 172.21.15.52:0/2647039495 wait complete.
2024-04-02T13:43:39.946 INFO:teuthology.orchestra.run.smithi052.stdout:Deploying unmanaged mon service...
2024-04-02T13:43:40.509 INFO:journalctl@ceph.mon.a.smithi052.stdout:Apr 02 13:43:40 smithi052 ceph-mon[32104]: from='mgr.14120 172.21.15.52:0/3185562986' entity='mgr.x'
2024-04-02T13:43:40.509 INFO:journalctl@ceph.mon.a.smithi052.stdout:Apr 02 13:43:40 smithi052 ceph-mon[32104]: Added host smithi052
2024-04-02T13:43:40.509 INFO:journalctl@ceph.mon.a.smithi052.stdout:Apr 02 13:43:40 smithi052 ceph-mon[32104]: from='mgr.14120 172.21.15.52:0/3185562986' entity='mgr.x' cmd=[{"prefix": "config dump", "format": "json"}]: dispatch
2024-04-02T13:43:41.957 INFO:teuthology.orchestra.run.smithi052.stdout:/usr/bin/ceph: stdout Scheduled mon update...
2024-04-02T13:43:41.957 INFO:teuthology.orchestra.run.smithi052.stdout:/usr/bin/ceph: stderr
2024-04-02T13:43:40.506+0000 7f8827bbf700 1 Processor -- start
2024-04-02T13:43:41.957 INFO:teuthology.orchestra.run.smithi052.stdout:/usr/bin/ceph: stderr
2024-04-02T13:43:40.506+0000 7f8827bbf700 1 -- start start
2024-04-02T13:43:41.957 INFO:teuthology.orchestra.run.smithi052.stdout:/usr/bin/ceph: stderr
2024-04-02T13:43:40.506+0000 7f8827bbf700 1 --2- >> [v2:172.21.15.52:3300/0,v1:172.21.15.52:6789/0] conn(0x7f882007e690 0x7f882007cb40 unknown :-1 s=NONE pgs=0 cs=0 l=0 rev1=0 crypto rx=0 tx=0 comp rx=0 tx=0).connect
2024-04-02T13:43:41.957 INFO:teuthology.orchestra.run.smithi052.stdout:/usr/bin/ceph: stderr
2024-04-02T13:43:40.506+0000 7f8827bbf700 1 -- --> [v2:172.21.15.52:3300/0,v1:172.21.15.52:6789/0] -- mon_getmap magic: 0 -- 0x7f882007d080 con 0x7f882007e690
2024-04-02T13:43:41.957 INFO:teuthology.orchestra.run.smithi052.stdout:/usr/bin/ceph: stderr
2024-04-02T13:43:40.506+0000 7f882595b700 1 --2- >> [v2:172.21.15.52:3300/0,v1:172.21.15.52:6789/0] conn(0x7f882007e690 0x7f882007cb40 unknown :-1 s=BANNER_CONNECTING pgs=0 cs=0 l=0 rev1=0 crypto rx=0 tx=0 comp rx=0 tx=0)._handle_peer_banner_payload supported=3 required=0
2024-04-02T13:43:41.957 INFO:teuthology.orchestra.run.smithi052.stdout:/usr/bin/ceph: stderr
2024-04-02T13:43:40.506+0000 7f882595b700 1 --2- >> [v2:172.21.15.52:3300/0,v1:172.21.15.52:6789/0] conn(0x7f882007e690 0x7f882007cb40 unknown :-1 s=HELLO_CONNECTING pgs=0 cs=0 l=0 rev1=1 crypto rx=0 tx=0 comp rx=0 tx=0).handle_hello peer v2:172.21.15.52:3300/0 says I am v2:172.21.15.52:37736/0 (socket says 172.21.15.52:37736)
2024-04-02T13:43:41.958 INFO:teuthology.orchestra.run.smithi052.stdout:/usr/bin/ceph: stderr
2024-04-02T13:43:40.506+0000 7f882595b700 1 -- 172.21.15.52:0/4062980127 learned_addr learned my addr 172.21.15.52:0/4062980127 (peer_addr_for_me v2:172.21.15.52:0/0)
2024-04-02T13:43:41.958 INFO:teuthology.orchestra.run.smithi052.stdout:/usr/bin/ceph: stderr
2024-04-02T13:43:40.507+0000 7f882595b700 1 -- 172.21.15.52:0/4062980127 --> [v2:172.21.15.52:3300/0,v1:172.21.15.52:6789/0] -- mon_subscribe({config=0+,monmap=0+}) -- 0x7f882007d200 con 0x7f882007e690
2024-04-02T13:43:41.958 INFO:teuthology.orchestra.run.smithi052.stdout:/usr/bin/ceph: stderr
2024-04-02T13:43:40.507+0000 7f882595b700 1 --2- 172.21.15.52:0/4062980127 >> [v2:172.21.15.52:3300/0,v1:172.21.15.52:6789/0] conn(0x7f882007e690 0x7f882007cb40 secure :-1 s=READY pgs=47 cs=0 l=1 rev1=1 crypto rx=0x7f881c0098a0 tx=0x7f881c009bb0 comp rx=0 tx=0).ready entity=mon.0 client_cookie=2c223d5dc74d4618 server_cookie=0 in_seq=0 out_seq=0
2024-04-02T13:43:41.958 INFO:teuthology.orchestra.run.smithi052.stdout:/usr/bin/ceph: stderr
2024-04-02T13:43:40.507+0000 7f8824959700 1 -- 172.21.15.52:0/4062980127 <== mon.0 v2:172.21.15.52:3300/0 1 ==== mon_map magic: 0 ==== 205+0+0 (secure 0 0 0) 0x7f881c004160 con 0x7f882007e690
2024-04-02T13:43:41.958 INFO:teuthology.orchestra.run.smithi052.stdout:/usr/bin/ceph: stderr
2024-04-02T13:43:40.507+0000 7f8824959700 1 -- 172.21.15.52:0/4062980127 <== mon.0 v2:172.21.15.52:3300/0 2 ==== config(27 keys) ==== 1109+0+0 (secure 0 0 0) 0x7f881c004300 con 0x7f882007e690
2024-04-02T13:43:41.958 INFO:teuthology.orchestra.run.smithi052.stdout:/usr/bin/ceph: stderr
2024-04-02T13:43:40.507+0000 7f8824959700 1 -- 172.21.15.52:0/4062980127 <== mon.0 v2:172.21.15.52:3300/0 3 ==== mon_map magic: 0 ==== 205+0+0 (secure 0 0 0) 0x7f881c011b50 con 0x7f882007e690
2024-04-02T13:43:41.958 INFO:teuthology.orchestra.run.smithi052.stdout:/usr/bin/ceph: stderr
2024-04-02T13:43:40.508+0000 7f8827bbf700 1 -- 172.21.15.52:0/4062980127 >> [v2:172.21.15.52:3300/0,v1:172.21.15.52:6789/0] conn(0x7f882007e690 msgr2=0x7f882007cb40 secure :-1 s=STATE_CONNECTION_ESTABLISHED l=1).mark_down
2024-04-02T13:43:41.958 INFO:teuthology.orchestra.run.smithi052.stdout:/usr/bin/ceph: stderr
2024-04-02T13:43:40.508+0000 7f8827bbf700 1 --2- 172.21.15.52:0/4062980127 >> [v2:172.21.15.52:3300/0,v1:172.21.15.52:6789/0] conn(0x7f882007e690 0x7f882007cb40 secure :-1 s=READY pgs=47 cs=0 l=1 rev1=1 crypto rx=0x7f881c0098a0 tx=0x7f881c009bb0 comp rx=0 tx=0).stop
2024-04-02T13:43:41.958 INFO:teuthology.orchestra.run.smithi052.stdout:/usr/bin/ceph: stderr
2024-04-02T13:43:40.508+0000 7f8827bbf700 1 -- 172.21.15.52:0/4062980127 shutdown_connections
2024-04-02T13:43:41.958 INFO:teuthology.orchestra.run.smithi052.stdout:/usr/bin/ceph: stderr
2024-04-02T13:43:40.508+0000 7f8827bbf700 1 --2- 172.21.15.52:0/4062980127 >> [v2:172.21.15.52:3300/0,v1:172.21.15.52:6789/0] conn(0x7f882007e690 0x7f882007cb40 unknown :-1 s=CLOSED pgs=47 cs=0 l=1 rev1=1 crypto rx=0 tx=0 comp rx=0 tx=0).stop
2024-04-02T13:43:41.958 INFO:teuthology.orchestra.run.smithi052.stdout:/usr/bin/ceph: stderr
2024-04-02T13:43:40.508+0000 7f8827bbf700 1 -- 172.21.15.52:0/4062980127 >> 172.21.15.52:0/4062980127 conn(0x7f88201036b0 msgr2=0x7f8820105ad0 unknown :-1 s=STATE_NONE l=0).mark_down
2024-04-02T13:43:41.959 INFO:teuthology.orchestra.run.smithi052.stdout:/usr/bin/ceph: stderr
2024-04-02T13:43:40.508+0000 7f8827bbf700 1 -- 172.21.15.52:0/4062980127 shutdown_connections
2024-04-02T13:43:41.959 INFO:teuthology.orchestra.run.smithi052.stdout:/usr/bin/ceph: stderr
2024-04-02T13:43:40.508+0000 7f8827bbf700 1 -- 172.21.15.52:0/4062980127 wait complete.
2024-04-02T13:43:41.959 INFO:teuthology.orchestra.run.smithi052.stdout:/usr/bin/ceph: stderr
2024-04-02T13:43:40.508+0000 7f8827bbf700 1 Processor -- start
2024-04-02T13:43:41.959 INFO:teuthology.orchestra.run.smithi052.stdout:/usr/bin/ceph: stderr
2024-04-02T13:43:40.508+0000 7f8827bbf700 1 -- start start
2024-04-02T13:43:41.959 INFO:teuthology.orchestra.run.smithi052.stdout:/usr/bin/ceph: stderr
2024-04-02T13:43:40.508+0000 7f8827bbf700 1 --2- >> [v2:172.21.15.52:3300/0,v1:172.21.15.52:6789/0] conn(0x7f882007e690 0x7f882019e250 unknown :-1 s=NONE pgs=0 cs=0 l=1 rev1=0 crypto rx=0 tx=0 comp rx=0 tx=0).connect
2024-04-02T13:43:41.959 INFO:teuthology.orchestra.run.smithi052.stdout:/usr/bin/ceph: stderr
2024-04-02T13:43:40.508+0000 7f8827bbf700 1 -- --> [v2:172.21.15.52:3300/0,v1:172.21.15.52:6789/0] -- mon_getmap magic: 0 -- 0x7f882010e6a0 con 0x7f882007e690
2024-04-02T13:43:41.959 INFO:teuthology.orchestra.run.smithi052.stdout:/usr/bin/ceph: stderr
2024-04-02T13:43:40.509+0000 7f882595b700 1 --2- >> [v2:172.21.15.52:3300/0,v1:172.21.15.52:6789/0] conn(0x7f882007e690 0x7f882019e250 unknown :-1 s=BANNER_CONNECTING pgs=0 cs=0 l=1 rev1=0 crypto rx=0 tx=0 comp rx=0 tx=0)._handle_peer_banner_payload supported=3 required=0
2024-04-02T13:43:41.959 INFO:teuthology.orchestra.run.smithi052.stdout:/usr/bin/ceph: stderr
2024-04-02T13:43:40.509+0000 7f882595b700 1 --2- >> [v2:172.21.15.52:3300/0,v1:172.21.15.52:6789/0] conn(0x7f882007e690 0x7f882019e250 unknown :-1 s=HELLO_CONNECTING pgs=0 cs=0 l=1 rev1=1 crypto rx=0 tx=0 comp rx=0 tx=0).handle_hello peer v2:172.21.15.52:3300/0 says I am v2:172.21.15.52:37746/0 (socket says 172.21.15.52:37746)
2024-04-02T13:43:41.959 INFO:teuthology.orchestra.run.smithi052.stdout:/usr/bin/ceph: stderr
2024-04-02T13:43:40.509+0000 7f882595b700 1 -- 172.21.15.52:0/695855011 learned_addr learned my addr 172.21.15.52:0/695855011 (peer_addr_for_me v2:172.21.15.52:0/0)
2024-04-02T13:43:41.959 INFO:teuthology.orchestra.run.smithi052.stdout:/usr/bin/ceph: stderr
2024-04-02T13:43:40.509+0000 7f882595b700 1 -- 172.21.15.52:0/695855011 --> [v2:172.21.15.52:3300/0,v1:172.21.15.52:6789/0] -- mon_subscribe({config=0+,monmap=0+}) -- 0x7f882019e790 con 0x7f882007e690
2024-04-02T13:43:41.959 INFO:teuthology.orchestra.run.smithi052.stdout:/usr/bin/ceph: stderr
2024-04-02T13:43:40.509+0000 7f882595b700 1 --2- 172.21.15.52:0/695855011 >> [v2:172.21.15.52:3300/0,v1:172.21.15.52:6789/0] conn(0x7f882007e690 0x7f882019e250 secure :-1 s=READY pgs=48 cs=0 l=1 rev1=1 crypto rx=0x7f881c011670 tx=0x7f881c011b60 comp rx=0 tx=0).ready entity=mon.0 client_cookie=0 server_cookie=0 in_seq=0 out_seq=0
2024-04-02T13:43:41.959 INFO:teuthology.orchestra.run.smithi052.stdout:/usr/bin/ceph: stderr
2024-04-02T13:43:40.509+0000 7f8816ffd700 1 -- 172.21.15.52:0/695855011 <== mon.0 v2:172.21.15.52:3300/0 1 ==== mon_map magic: 0 ==== 205+0+0 (secure 0 0 0) 0x7f881c0039c0 con 0x7f882007e690
2024-04-02T13:43:41.959 INFO:teuthology.orchestra.run.smithi052.stdout:/usr/bin/ceph: stderr
2024-04-02T13:43:40.509+0000 7f8816ffd700 1 -- 172.21.15.52:0/695855011 <== mon.0 v2:172.21.15.52:3300/0 2 ==== config(27 keys) ==== 1109+0+0 (secure 0 0 0) 0x7f881c011e50 con 0x7f882007e690
2024-04-02T13:43:41.960 INFO:teuthology.orchestra.run.smithi052.stdout:/usr/bin/ceph: stderr
2024-04-02T13:43:40.509+0000 7f8816ffd700 1 -- 172.21.15.52:0/695855011 <== mon.0 v2:172.21.15.52:3300/0 3 ==== mon_map magic: 0 ==== 205+0+0 (secure 0 0 0) 0x7f881c01a5c0 con 0x7f882007e690
2024-04-02T13:43:41.960 INFO:teuthology.orchestra.run.smithi052.stdout:/usr/bin/ceph: stderr
2024-04-02T13:43:40.509+0000 7f8827bbf700 1 -- 172.21.15.52:0/695855011 --> [v2:172.21.15.52:3300/0,v1:172.21.15.52:6789/0] -- mon_subscribe({mgrmap=0+}) -- 0x7f882019ea20 con 0x7f882007e690
2024-04-02T13:43:41.960 INFO:teuthology.orchestra.run.smithi052.stdout:/usr/bin/ceph: stderr
2024-04-02T13:43:40.509+0000 7f8827bbf700 1 -- 172.21.15.52:0/695855011 --> [v2:172.21.15.52:3300/0,v1:172.21.15.52:6789/0] -- mon_subscribe({osdmap=0}) -- 0x7f88201a1710 con 0x7f882007e690
2024-04-02T13:43:41.960 INFO:teuthology.orchestra.run.smithi052.stdout:/usr/bin/ceph: stderr
2024-04-02T13:43:40.510+0000 7f8816ffd700 1 -- 172.21.15.52:0/695855011 <== mon.0 v2:172.21.15.52:3300/0 4 ==== mgrmap(e 8) ==== 46558+0+0 (secure 0 0 0) 0x7f881c024430 con 0x7f882007e690
2024-04-02T13:43:41.960 INFO:teuthology.orchestra.run.smithi052.stdout:/usr/bin/ceph: stderr
2024-04-02T13:43:40.510+0000 7f8827bbf700 1 -- 172.21.15.52:0/695855011 --> [v2:172.21.15.52:3300/0,v1:172.21.15.52:6789/0] -- mon_command({"prefix": "get_command_descriptions"} v 0) -- 0x7f8820063c20 con 0x7f882007e690
2024-04-02T13:43:41.960 INFO:teuthology.orchestra.run.smithi052.stdout:/usr/bin/ceph: stderr
2024-04-02T13:43:40.510+0000 7f8816ffd700 1 --2- 172.21.15.52:0/695855011 >> [v2:172.21.15.52:6800/673843171,v1:172.21.15.52:6801/673843171] conn(0x7f880c0395b0 0x7f880c03ba70 unknown :-1 s=NONE pgs=0 cs=0 l=1 rev1=0 crypto rx=0 tx=0 comp rx=0 tx=0).connect
2024-04-02T13:43:41.960 INFO:teuthology.orchestra.run.smithi052.stdout:/usr/bin/ceph: stderr
2024-04-02T13:43:40.510+0000 7f8816ffd700 1 -- 172.21.15.52:0/695855011 <== mon.0 v2:172.21.15.52:3300/0 5 ==== osd_map(2..2 src has 1..2) ==== 940+0+0 (secure 0 0 0) 0x7f881c04db50 con 0x7f882007e690
2024-04-02T13:43:41.960 INFO:teuthology.orchestra.run.smithi052.stdout:/usr/bin/ceph: stderr
2024-04-02T13:43:40.510+0000 7f882515a700 1 --2- 172.21.15.52:0/695855011 >> [v2:172.21.15.52:6800/673843171,v1:172.21.15.52:6801/673843171] conn(0x7f880c0395b0 0x7f880c03ba70 unknown :-1 s=BANNER_CONNECTING pgs=0 cs=0 l=1 rev1=0 crypto rx=0 tx=0 comp rx=0 tx=0)._handle_peer_banner_payload supported=3 required=0
2024-04-02T13:43:41.960 INFO:teuthology.orchestra.run.smithi052.stdout:/usr/bin/ceph: stderr
2024-04-02T13:43:40.511+0000 7f882515a700 1 --2- 172.21.15.52:0/695855011 >> [v2:172.21.15.52:6800/673843171,v1:172.21.15.52:6801/673843171] conn(0x7f880c0395b0 0x7f880c03ba70 secure :-1 s=READY pgs=12 cs=0 l=1 rev1=1 crypto rx=0x7f8810006fd0 tx=0x7f8810006e40 comp rx=0 tx=0).ready entity=mgr.14120 client_cookie=0 server_cookie=0 in_seq=0 out_seq=0
2024-04-02T13:43:41.960 INFO:teuthology.orchestra.run.smithi052.stdout:/usr/bin/ceph: stderr
2024-04-02T13:43:40.515+0000 7f8816ffd700 1 -- 172.21.15.52:0/695855011 <== mon.0 v2:172.21.15.52:3300/0 6 ==== mon_command_ack([{"prefix": "get_command_descriptions"}]=0 v0) ==== 72+0+188173 (secure 0 0 0) 0x7f881c02d910 con 0x7f882007e690
2024-04-02T13:43:41.960 INFO:teuthology.orchestra.run.smithi052.stdout:/usr/bin/ceph: stderr
2024-04-02T13:43:40.746+0000 7f8827bbf700 1 -- 172.21.15.52:0/695855011 --> [v2:172.21.15.52:6800/673843171,v1:172.21.15.52:6801/673843171] -- mgr_command(tid 0: {"prefix": "orch apply", "service_type": "mon", "unmanaged": true, "target": ["mon-mgr", ""]}) -- 0x7f8820104920 con 0x7f880c0395b0
2024-04-02T13:43:41.960 INFO:teuthology.orchestra.run.smithi052.stdout:/usr/bin/ceph: stderr
2024-04-02T13:43:40.751+0000 7f8816ffd700 1 -- 172.21.15.52:0/695855011 <== mgr.14120 v2:172.21.15.52:6800/673843171 1 ==== mgr_command_reply(tid 0: 0 ) ==== 8+0+24 (secure 0 0 0) 0x7f8820104920 con 0x7f880c0395b0
2024-04-02T13:43:41.960 INFO:teuthology.orchestra.run.smithi052.stdout:/usr/bin/ceph: stderr
2024-04-02T13:43:40.753+0000 7f8827bbf700 1 -- 172.21.15.52:0/695855011 >> [v2:172.21.15.52:6800/673843171,v1:172.21.15.52:6801/673843171] conn(0x7f880c0395b0 msgr2=0x7f880c03ba70 secure :-1 s=STATE_CONNECTION_ESTABLISHED l=1).mark_down
2024-04-02T13:43:41.961 INFO:teuthology.orchestra.run.smithi052.stdout:/usr/bin/ceph: stderr
2024-04-02T13:43:40.753+0000 7f8827bbf700 1 --2- 172.21.15.52:0/695855011 >> [v2:172.21.15.52:6800/673843171,v1:172.21.15.52:6801/673843171] conn(0x7f880c0395b0 0x7f880c03ba70 secure :-1 s=READY pgs=12 cs=0 l=1 rev1=1 crypto rx=0x7f8810006fd0 tx=0x7f8810006e40 comp rx=0 tx=0).stop
2024-04-02T13:43:41.961 INFO:teuthology.orchestra.run.smithi052.stdout:/usr/bin/ceph: stderr
2024-04-02T13:43:40.753+0000 7f8827bbf700 1 -- 172.21.15.52:0/695855011 >> [v2:172.21.15.52:3300/0,v1:172.21.15.52:6789/0] conn(0x7f882007e690 msgr2=0x7f882019e250 secure :-1 s=STATE_CONNECTION_ESTABLISHED l=1).mark_down
2024-04-02T13:43:41.961 INFO:teuthology.orchestra.run.smithi052.stdout:/usr/bin/ceph: stderr
2024-04-02T13:43:40.753+0000 7f8827bbf700 1 --2- 172.21.15.52:0/695855011 >> [v2:172.21.15.52:3300/0,v1:172.21.15.52:6789/0] conn(0x7f882007e690 0x7f882019e250 secure :-1 s=READY pgs=48 cs=0 l=1 rev1=1 crypto rx=0x7f881c011670 tx=0x7f881c011b60 comp rx=0 tx=0).stop
2024-04-02T13:43:41.961 INFO:teuthology.orchestra.run.smithi052.stdout:/usr/bin/ceph: stderr
2024-04-02T13:43:40.753+0000 7f8827bbf700 1 -- 172.21.15.52:0/695855011 shutdown_connections
2024-04-02T13:43:41.961 INFO:teuthology.orchestra.run.smithi052.stdout:/usr/bin/ceph: stderr
2024-04-02T13:43:40.753+0000 7f8827bbf700 1 --2- 172.21.15.52:0/695855011 >> [v2:172.21.15.52:6800/673843171,v1:172.21.15.52:6801/673843171] conn(0x7f880c0395b0 0x7f880c03ba70 unknown :-1 s=CLOSED pgs=12 cs=0 l=1 rev1=1 crypto rx=0 tx=0 comp rx=0 tx=0).stop
2024-04-02T13:43:41.961 INFO:teuthology.orchestra.run.smithi052.stdout:/usr/bin/ceph: stderr
2024-04-02T13:43:40.753+0000 7f8827bbf700 1 --2- 172.21.15.52:0/695855011 >> [v2:172.21.15.52:3300/0,v1:172.21.15.52:6789/0] conn(0x7f882007e690 0x7f882019e250 unknown :-1 s=CLOSED pgs=48 cs=0 l=1 rev1=1 crypto rx=0 tx=0 comp rx=0 tx=0).stop
2024-04-02T13:43:41.961 INFO:teuthology.orchestra.run.smithi052.stdout:/usr/bin/ceph: stderr
2024-04-02T13:43:40.753+0000 7f8827bbf700 1 -- 172.21.15.52:0/695855011 >> 172.21.15.52:0/695855011 conn(0x7f88201036b0 msgr2=0x7f8820104210 unknown :-1 s=STATE_NONE l=0).mark_down
2024-04-02T13:43:41.961 INFO:teuthology.orchestra.run.smithi052.stdout:/usr/bin/ceph: stderr
2024-04-02T13:43:40.753+0000 7f8827bbf700 1 -- 172.21.15.52:0/695855011 shutdown_connections
2024-04-02T13:43:41.961 INFO:teuthology.orchestra.run.smithi052.stdout:/usr/bin/ceph: stderr
2024-04-02T13:43:40.753+0000 7f8827bbf700 1 -- 172.21.15.52:0/695855011 wait complete.
2024-04-02T13:43:41.961 INFO:teuthology.orchestra.run.smithi052.stdout:Deploying unmanaged mgr service...
2024-04-02T13:43:42.080 INFO:journalctl@ceph.mon.a.smithi052.stdout:Apr 02 13:43:41 smithi052 ceph-mon[32104]: from='client.14142 -' entity='client.admin' cmd=[{"prefix": "orch apply", "service_type": "mon", "unmanaged": true, "target": ["mon-mgr", ""]}]: dispatch
2024-04-02T13:43:42.081 INFO:journalctl@ceph.mon.a.smithi052.stdout:Apr 02 13:43:41 smithi052 ceph-mon[32104]: Saving service mon spec with placement count:5
2024-04-02T13:43:42.081 INFO:journalctl@ceph.mon.a.smithi052.stdout:Apr 02 13:43:41 smithi052 ceph-mon[32104]: from='mgr.14120 172.21.15.52:0/3185562986' entity='mgr.x'
2024-04-02T13:43:43.465 INFO:teuthology.orchestra.run.smithi052.stdout:/usr/bin/ceph: stdout Scheduled mgr update...
2024-04-02T13:43:43.466 INFO:teuthology.orchestra.run.smithi052.stdout:/usr/bin/ceph: stderr
2024-04-02T13:43:42.393+0000 7f6bfc919700 1 Processor -- start
2024-04-02T13:43:43.466 INFO:teuthology.orchestra.run.smithi052.stdout:/usr/bin/ceph: stderr
2024-04-02T13:43:42.393+0000 7f6bfc919700 1 -- start start
2024-04-02T13:43:43.466 INFO:teuthology.orchestra.run.smithi052.stdout:/usr/bin/ceph: stderr
2024-04-02T13:43:42.393+0000 7f6bfc919700 1 --2- >> [v2:172.21.15.52:3300/0,v1:172.21.15.52:6789/0] conn(0x7f6bf81080d0 0x7f6bf81084f0 unknown :-1 s=NONE pgs=0 cs=0 l=0 rev1=0 crypto rx=0 tx=0 comp rx=0 tx=0).connect
2024-04-02T13:43:43.466 INFO:teuthology.orchestra.run.smithi052.stdout:/usr/bin/ceph: stderr
2024-04-02T13:43:42.393+0000 7f6bfc919700 1 -- --> [v2:172.21.15.52:3300/0,v1:172.21.15.52:6789/0] -- mon_getmap magic: 0 -- 0x7f6bf8108ac0 con 0x7f6bf81080d0
2024-04-02T13:43:43.466 INFO:teuthology.orchestra.run.smithi052.stdout:/usr/bin/ceph: stderr
2024-04-02T13:43:42.393+0000 7f6bf659c700 1 --2- >> [v2:172.21.15.52:3300/0,v1:172.21.15.52:6789/0] conn(0x7f6bf81080d0 0x7f6bf81084f0 unknown :-1 s=BANNER_CONNECTING pgs=0 cs=0 l=0 rev1=0 crypto rx=0 tx=0 comp rx=0 tx=0)._handle_peer_banner_payload supported=3 required=0
2024-04-02T13:43:43.466 INFO:teuthology.orchestra.run.smithi052.stdout:/usr/bin/ceph: stderr
2024-04-02T13:43:42.393+0000 7f6bf659c700 1 --2- >> [v2:172.21.15.52:3300/0,v1:172.21.15.52:6789/0] conn(0x7f6bf81080d0 0x7f6bf81084f0 unknown :-1 s=HELLO_CONNECTING pgs=0 cs=0 l=0 rev1=1 crypto rx=0 tx=0 comp rx=0 tx=0).handle_hello peer v2:172.21.15.52:3300/0 says I am v2:172.21.15.52:42444/0 (socket says 172.21.15.52:42444)
2024-04-02T13:43:43.466 INFO:teuthology.orchestra.run.smithi052.stdout:/usr/bin/ceph: stderr
2024-04-02T13:43:42.393+0000 7f6bf659c700 1 -- 172.21.15.52:0/473569089 learned_addr learned my addr 172.21.15.52:0/473569089 (peer_addr_for_me v2:172.21.15.52:0/0)
2024-04-02T13:43:43.466 INFO:teuthology.orchestra.run.smithi052.stdout:/usr/bin/ceph: stderr
2024-04-02T13:43:42.394+0000 7f6bf659c700 1 -- 172.21.15.52:0/473569089 --> [v2:172.21.15.52:3300/0,v1:172.21.15.52:6789/0] -- mon_subscribe({config=0+,monmap=0+}) -- 0x7f6bf8109280 con 0x7f6bf81080d0
2024-04-02T13:43:43.466 INFO:teuthology.orchestra.run.smithi052.stdout:/usr/bin/ceph: stderr
2024-04-02T13:43:42.394+0000 7f6bf659c700 1 --2- 172.21.15.52:0/473569089 >> [v2:172.21.15.52:3300/0,v1:172.21.15.52:6789/0] conn(0x7f6bf81080d0 0x7f6bf81084f0 secure :-1 s=READY pgs=49 cs=0 l=1 rev1=1 crypto rx=0x7f6be80098a0 tx=0x7f6be8009bb0 comp rx=0 tx=0).ready entity=mon.0 client_cookie=2409e5d17b774b53 server_cookie=0 in_seq=0 out_seq=0
2024-04-02T13:43:43.466 INFO:teuthology.orchestra.run.smithi052.stdout:/usr/bin/ceph: stderr
2024-04-02T13:43:42.394+0000 7f6bf5d9b700 1 -- 172.21.15.52:0/473569089 <== mon.0 v2:172.21.15.52:3300/0 1 ==== mon_map magic: 0 ==== 205+0+0 (secure 0 0 0) 0x7f6be8004160 con 0x7f6bf81080d0
2024-04-02T13:43:43.466 INFO:teuthology.orchestra.run.smithi052.stdout:/usr/bin/ceph: stderr
2024-04-02T13:43:42.394+0000 7f6bf5d9b700 1 -- 172.21.15.52:0/473569089 <== mon.0 v2:172.21.15.52:3300/0 2 ==== config(27 keys) ==== 1109+0+0 (secure 0 0 0) 0x7f6be8004300 con 0x7f6bf81080d0
2024-04-02T13:43:43.466 INFO:teuthology.orchestra.run.smithi052.stdout:/usr/bin/ceph: stderr
2024-04-02T13:43:42.394+0000 7f6bf5d9b700 1 -- 172.21.15.52:0/473569089 <== mon.0 v2:172.21.15.52:3300/0 3 ==== mon_map magic: 0 ==== 205+0+0 (secure 0 0 0) 0x7f6be8011b50 con 0x7f6bf81080d0
2024-04-02T13:43:43.467 INFO:teuthology.orchestra.run.smithi052.stdout:/usr/bin/ceph: stderr
2024-04-02T13:43:42.395+0000 7f6bfc919700 1 -- 172.21.15.52:0/473569089 >> [v2:172.21.15.52:3300/0,v1:172.21.15.52:6789/0] conn(0x7f6bf81080d0 msgr2=0x7f6bf81084f0 secure :-1 s=STATE_CONNECTION_ESTABLISHED l=1).mark_down
2024-04-02T13:43:43.467 INFO:teuthology.orchestra.run.smithi052.stdout:/usr/bin/ceph: stderr
2024-04-02T13:43:42.395+0000 7f6bfc919700 1 --2- 172.21.15.52:0/473569089 >> [v2:172.21.15.52:3300/0,v1:172.21.15.52:6789/0] conn(0x7f6bf81080d0 0x7f6bf81084f0 secure :-1 s=READY pgs=49 cs=0 l=1 rev1=1 crypto rx=0x7f6be80098a0 tx=0x7f6be8009bb0 comp rx=0 tx=0).stop
2024-04-02T13:43:43.467 INFO:teuthology.orchestra.run.smithi052.stdout:/usr/bin/ceph: stderr
2024-04-02T13:43:42.395+0000 7f6bfc919700 1 -- 172.21.15.52:0/473569089 shutdown_connections
2024-04-02T13:43:43.467 INFO:teuthology.orchestra.run.smithi052.stdout:/usr/bin/ceph: stderr
2024-04-02T13:43:42.395+0000 7f6bfc919700 1 --2- 172.21.15.52:0/473569089 >> [v2:172.21.15.52:3300/0,v1:172.21.15.52:6789/0] conn(0x7f6bf81080d0 0x7f6bf81084f0 unknown :-1 s=CLOSED pgs=49 cs=0 l=1 rev1=1 crypto rx=0 tx=0 comp rx=0 tx=0).stop
2024-04-02T13:43:43.467 INFO:teuthology.orchestra.run.smithi052.stdout:/usr/bin/ceph: stderr
2024-04-02T13:43:42.395+0000 7f6bfc919700 1 -- 172.21.15.52:0/473569089 >> 172.21.15.52:0/473569089 conn(0x7f6bf81036b0 msgr2=0x7f6bf8105ad0 unknown :-1 s=STATE_NONE l=0).mark_down
2024-04-02T13:43:43.467 INFO:teuthology.orchestra.run.smithi052.stdout:/usr/bin/ceph: stderr
2024-04-02T13:43:42.395+0000 7f6bfc919700 1 -- 172.21.15.52:0/473569089 shutdown_connections
2024-04-02T13:43:43.467 INFO:teuthology.orchestra.run.smithi052.stdout:/usr/bin/ceph: stderr
2024-04-02T13:43:42.395+0000 7f6bfc919700 1 -- 172.21.15.52:0/473569089 wait complete.
2024-04-02T13:43:43.467 INFO:teuthology.orchestra.run.smithi052.stdout:/usr/bin/ceph: stderr
2024-04-02T13:43:42.396+0000 7f6bfc919700 1 Processor -- start
2024-04-02T13:43:43.467 INFO:teuthology.orchestra.run.smithi052.stdout:/usr/bin/ceph: stderr
2024-04-02T13:43:42.396+0000 7f6bfc919700 1 -- start start
2024-04-02T13:43:43.467 INFO:teuthology.orchestra.run.smithi052.stdout:/usr/bin/ceph: stderr
2024-04-02T13:43:42.396+0000 7f6bfc919700 1 --2- >> [v2:172.21.15.52:3300/0,v1:172.21.15.52:6789/0] conn(0x7f6bf81080d0 0x7f6bf819c070 unknown :-1 s=NONE pgs=0 cs=0 l=1 rev1=0 crypto rx=0 tx=0 comp rx=0 tx=0).connect
2024-04-02T13:43:43.467 INFO:teuthology.orchestra.run.smithi052.stdout:/usr/bin/ceph: stderr
2024-04-02T13:43:42.396+0000 7f6bfc919700 1 -- --> [v2:172.21.15.52:3300/0,v1:172.21.15.52:6789/0] -- mon_getmap magic: 0 -- 0x7f6bf810c630 con 0x7f6bf81080d0
2024-04-02T13:43:43.467 INFO:teuthology.orchestra.run.smithi052.stdout:/usr/bin/ceph: stderr
2024-04-02T13:43:42.396+0000 7f6bf659c700 1 --2- >> [v2:172.21.15.52:3300/0,v1:172.21.15.52:6789/0] conn(0x7f6bf81080d0 0x7f6bf819c070 unknown :-1 s=BANNER_CONNECTING pgs=0 cs=0 l=1 rev1=0 crypto rx=0 tx=0 comp rx=0 tx=0)._handle_peer_banner_payload supported=3 required=0
2024-04-02T13:43:43.467 INFO:teuthology.orchestra.run.smithi052.stdout:/usr/bin/ceph: stderr
2024-04-02T13:43:42.396+0000 7f6bf659c700 1 --2- >> [v2:172.21.15.52:3300/0,v1:172.21.15.52:6789/0] conn(0x7f6bf81080d0 0x7f6bf819c070 unknown :-1 s=HELLO_CONNECTING pgs=0 cs=0 l=1 rev1=1 crypto rx=0 tx=0 comp rx=0 tx=0).handle_hello peer v2:172.21.15.52:3300/0 says I am v2:172.21.15.52:42452/0 (socket says 172.21.15.52:42452)
2024-04-02T13:43:43.467 INFO:teuthology.orchestra.run.smithi052.stdout:/usr/bin/ceph: stderr
2024-04-02T13:43:42.396+0000 7f6bf659c700 1 -- 172.21.15.52:0/686868445 learned_addr learned my addr 172.21.15.52:0/686868445 (peer_addr_for_me v2:172.21.15.52:0/0)
2024-04-02T13:43:43.468 INFO:teuthology.orchestra.run.smithi052.stdout:/usr/bin/ceph: stderr
2024-04-02T13:43:42.396+0000 7f6bf659c700 1 -- 172.21.15.52:0/686868445 --> [v2:172.21.15.52:3300/0,v1:172.21.15.52:6789/0] -- mon_subscribe({config=0+,monmap=0+}) -- 0x7f6bf819c5b0 con 0x7f6bf81080d0
2024-04-02T13:43:43.468 INFO:teuthology.orchestra.run.smithi052.stdout:/usr/bin/ceph: stderr
2024-04-02T13:43:42.396+0000 7f6bf659c700 1 --2- 172.21.15.52:0/686868445 >> [v2:172.21.15.52:3300/0,v1:172.21.15.52:6789/0] conn(0x7f6bf81080d0 0x7f6bf819c070 secure :-1 s=READY pgs=50 cs=0 l=1 rev1=1 crypto rx=0x7f6be8011670 tx=0x7f6be8011b60 comp rx=0 tx=0).ready entity=mon.0 client_cookie=0 server_cookie=0 in_seq=0 out_seq=0
2024-04-02T13:43:43.468 INFO:teuthology.orchestra.run.smithi052.stdout:/usr/bin/ceph: stderr
2024-04-02T13:43:42.396+0000 7f6bef7fe700 1 -- 172.21.15.52:0/686868445 <== mon.0 v2:172.21.15.52:3300/0 1 ==== mon_map magic: 0 ==== 205+0+0 (secure 0 0 0) 0x7f6be80039c0 con 0x7f6bf81080d0
2024-04-02T13:43:43.468 INFO:teuthology.orchestra.run.smithi052.stdout:/usr/bin/ceph: stderr
2024-04-02T13:43:42.396+0000 7f6bef7fe700 1 -- 172.21.15.52:0/686868445 <== mon.0 v2:172.21.15.52:3300/0 2 ==== config(27 keys) ==== 1109+0+0 (secure 0 0 0) 0x7f6be8011e50 con 0x7f6bf81080d0
2024-04-02T13:43:43.468 INFO:teuthology.orchestra.run.smithi052.stdout:/usr/bin/ceph: stderr
2024-04-02T13:43:42.396+0000 7f6bfc919700 1 -- 172.21.15.52:0/686868445 --> [v2:172.21.15.52:3300/0,v1:172.21.15.52:6789/0] -- mon_subscribe({mgrmap=0+}) -- 0x7f6bf819c840 con 0x7f6bf81080d0
2024-04-02T13:43:43.468 INFO:teuthology.orchestra.run.smithi052.stdout:/usr/bin/ceph: stderr
2024-04-02T13:43:42.397+0000 7f6bef7fe700 1 -- 172.21.15.52:0/686868445 <== mon.0 v2:172.21.15.52:3300/0 3 ==== mon_map magic: 0 ==== 205+0+0 (secure 0 0 0) 0x7f6be801a5c0 con 0x7f6bf81080d0
2024-04-02T13:43:43.468 INFO:teuthology.orchestra.run.smithi052.stdout:/usr/bin/ceph: stderr
2024-04-02T13:43:42.397+0000 7f6bfc919700 1 -- 172.21.15.52:0/686868445 --> [v2:172.21.15.52:3300/0,v1:172.21.15.52:6789/0] -- mon_subscribe({osdmap=0}) -- 0x7f6bf819f530 con 0x7f6bf81080d0
2024-04-02T13:43:43.468 INFO:teuthology.orchestra.run.smithi052.stdout:/usr/bin/ceph: stderr
2024-04-02T13:43:42.397+0000 7f6bef7fe700 1 -- 172.21.15.52:0/686868445 <== mon.0 v2:172.21.15.52:3300/0 4 ==== mgrmap(e 8) ==== 46558+0+0 (secure 0 0 0) 0x7f6be801a8c0 con 0x7f6bf81080d0
2024-04-02T13:43:43.468 INFO:teuthology.orchestra.run.smithi052.stdout:/usr/bin/ceph: stderr
2024-04-02T13:43:42.397+0000 7f6bfc919700 1 -- 172.21.15.52:0/686868445 --> [v2:172.21.15.52:3300/0,v1:172.21.15.52:6789/0] -- mon_command({"prefix": "get_command_descriptions"} v 0) -- 0x7f6bf8063c20 con 0x7f6bf81080d0
2024-04-02T13:43:43.468 INFO:teuthology.orchestra.run.smithi052.stdout:/usr/bin/ceph: stderr
2024-04-02T13:43:42.398+0000 7f6bef7fe700 1 --2- 172.21.15.52:0/686868445 >> [v2:172.21.15.52:6800/673843171,v1:172.21.15.52:6801/673843171] conn(0x7f6be4039560 0x7f6be403ba20 unknown :-1 s=NONE pgs=0 cs=0 l=1 rev1=0 crypto rx=0 tx=0 comp rx=0 tx=0).connect
2024-04-02T13:43:43.468 INFO:teuthology.orchestra.run.smithi052.stdout:/usr/bin/ceph: stderr
2024-04-02T13:43:42.398+0000 7f6bef7fe700 1 -- 172.21.15.52:0/686868445 <== mon.0 v2:172.21.15.52:3300/0 5 ==== osd_map(2..2 src has 1..2) ==== 940+0+0 (secure 0 0 0) 0x7f6be804dc40 con 0x7f6bf81080d0
2024-04-02T13:43:43.468 INFO:teuthology.orchestra.run.smithi052.stdout:/usr/bin/ceph: stderr
2024-04-02T13:43:42.398+0000 7f6beffff700 1 --2- 172.21.15.52:0/686868445 >> [v2:172.21.15.52:6800/673843171,v1:172.21.15.52:6801/673843171] conn(0x7f6be4039560 0x7f6be403ba20 unknown :-1 s=BANNER_CONNECTING pgs=0 cs=0 l=1 rev1=0 crypto rx=0 tx=0 comp rx=0 tx=0)._handle_peer_banner_payload supported=3 required=0
2024-04-02T13:43:43.468 INFO:teuthology.orchestra.run.smithi052.stdout:/usr/bin/ceph: stderr
2024-04-02T13:43:42.398+0000 7f6beffff700 1 --2- 172.21.15.52:0/686868445 >> [v2:172.21.15.52:6800/673843171,v1:172.21.15.52:6801/673843171] conn(0x7f6be4039560 0x7f6be403ba20 secure :-1 s=READY pgs=13 cs=0 l=1 rev1=1 crypto rx=0x7f6be0006fd0 tx=0x7f6be0006e40 comp rx=0 tx=0).ready entity=mgr.14120 client_cookie=0 server_cookie=0 in_seq=0 out_seq=0
2024-04-02T13:43:43.469 INFO:teuthology.orchestra.run.smithi052.stdout:/usr/bin/ceph: stderr
2024-04-02T13:43:42.403+0000 7f6bef7fe700 1 -- 172.21.15.52:0/686868445 <== mon.0 v2:172.21.15.52:3300/0 6 ==== mon_command_ack([{"prefix": "get_command_descriptions"}]=0 v0) ==== 72+0+188173 (secure 0 0 0) 0x7f6be8019c70 con 0x7f6bf81080d0
2024-04-02T13:43:43.469 INFO:teuthology.orchestra.run.smithi052.stdout:/usr/bin/ceph: stderr
2024-04-02T13:43:42.629+0000 7f6bfc919700 1 -- 172.21.15.52:0/686868445 --> [v2:172.21.15.52:6800/673843171,v1:172.21.15.52:6801/673843171] -- mgr_command(tid 0: {"prefix": "orch apply", "service_type": "mgr", "unmanaged": true, "target": ["mon-mgr", ""]}) -- 0x7f6bf8104920 con 0x7f6be4039560
2024-04-02T13:43:43.469 INFO:teuthology.orchestra.run.smithi052.stdout:/usr/bin/ceph: stderr
2024-04-02T13:43:42.633+0000 7f6bef7fe700 1 -- 172.21.15.52:0/686868445 <== mgr.14120 v2:172.21.15.52:6800/673843171 1 ==== mgr_command_reply(tid 0: 0 ) ==== 8+0+24 (secure 0 0 0) 0x7f6bf8104920 con 0x7f6be4039560
2024-04-02T13:43:43.469 INFO:teuthology.orchestra.run.smithi052.stdout:/usr/bin/ceph: stderr
2024-04-02T13:43:42.635+0000 7f6bfc919700 1 -- 172.21.15.52:0/686868445 >> [v2:172.21.15.52:6800/673843171,v1:172.21.15.52:6801/673843171] conn(0x7f6be4039560 msgr2=0x7f6be403ba20 secure :-1 s=STATE_CONNECTION_ESTABLISHED l=1).mark_down
2024-04-02T13:43:43.469 INFO:teuthology.orchestra.run.smithi052.stdout:/usr/bin/ceph: stderr
2024-04-02T13:43:42.635+0000 7f6bfc919700 1 --2- 172.21.15.52:0/686868445 >> [v2:172.21.15.52:6800/673843171,v1:172.21.15.52:6801/673843171] conn(0x7f6be4039560 0x7f6be403ba20 secure :-1 s=READY pgs=13 cs=0 l=1 rev1=1 crypto rx=0x7f6be0006fd0 tx=0x7f6be0006e40 comp rx=0 tx=0).stop
2024-04-02T13:43:43.469 INFO:teuthology.orchestra.run.smithi052.stdout:/usr/bin/ceph: stderr
2024-04-02T13:43:42.635+0000 7f6bfc919700 1 -- 172.21.15.52:0/686868445 >> [v2:172.21.15.52:3300/0,v1:172.21.15.52:6789/0] conn(0x7f6bf81080d0 msgr2=0x7f6bf819c070 secure :-1 s=STATE_CONNECTION_ESTABLISHED l=1).mark_down
2024-04-02T13:43:43.469 INFO:teuthology.orchestra.run.smithi052.stdout:/usr/bin/ceph: stderr
2024-04-02T13:43:42.635+0000 7f6bfc919700 1 --2- 172.21.15.52:0/686868445 >> [v2:172.21.15.52:3300/0,v1:172.21.15.52:6789/0] conn(0x7f6bf81080d0 0x7f6bf819c070 secure :-1 s=READY pgs=50 cs=0 l=1 rev1=1 crypto rx=0x7f6be8011670 tx=0x7f6be8011b60 comp rx=0 tx=0).stop
2024-04-02T13:43:43.469 INFO:teuthology.orchestra.run.smithi052.stdout:/usr/bin/ceph: stderr
2024-04-02T13:43:42.635+0000 7f6bfc919700 1 -- 172.21.15.52:0/686868445 shutdown_connections
2024-04-02T13:43:43.469 INFO:teuthology.orchestra.run.smithi052.stdout:/usr/bin/ceph: stderr
2024-04-02T13:43:42.635+0000 7f6bfc919700 1 --2- 172.21.15.52:0/686868445 >> [v2:172.21.15.52:6800/673843171,v1:172.21.15.52:6801/673843171] conn(0x7f6be4039560 0x7f6be403ba20 unknown :-1 s=CLOSED pgs=13 cs=0 l=1 rev1=1 crypto rx=0 tx=0 comp rx=0 tx=0).stop
2024-04-02T13:43:43.469 INFO:teuthology.orchestra.run.smithi052.stdout:/usr/bin/ceph: stderr
2024-04-02T13:43:42.635+0000 7f6bfc919700 1 --2- 172.21.15.52:0/686868445 >> [v2:172.21.15.52:3300/0,v1:172.21.15.52:6789/0] conn(0x7f6bf81080d0 0x7f6bf819c070 unknown :-1 s=CLOSED pgs=50 cs=0 l=1 rev1=1 crypto rx=0 tx=0 comp rx=0 tx=0).stop
2024-04-02T13:43:43.469 INFO:teuthology.orchestra.run.smithi052.stdout:/usr/bin/ceph: stderr
2024-04-02T13:43:42.635+0000 7f6bfc919700 1 -- 172.21.15.52:0/686868445 >> 172.21.15.52:0/686868445 conn(0x7f6bf81036b0 msgr2=0x7f6bf8104210 unknown :-1 s=STATE_NONE l=0).mark_down
2024-04-02T13:43:43.469 INFO:teuthology.orchestra.run.smithi052.stdout:/usr/bin/ceph: stderr
2024-04-02T13:43:42.635+0000 7f6bfc919700 1 -- 172.21.15.52:0/686868445 shutdown_connections
2024-04-02T13:43:43.469 INFO:teuthology.orchestra.run.smithi052.stdout:/usr/bin/ceph: stderr
2024-04-02T13:43:42.636+0000 7f6bfc919700 1 -- 172.21.15.52:0/686868445 wait complete.
2024-04-02T13:43:43.714 INFO:journalctl@ceph.mon.a.smithi052.stdout:Apr 02 13:43:43 smithi052 ceph-mon[32104]: from='client.14144 -' entity='client.admin' cmd=[{"prefix": "orch apply", "service_type": "mgr", "unmanaged": true, "target": ["mon-mgr", ""]}]: dispatch
2024-04-02T13:43:43.714 INFO:journalctl@ceph.mon.a.smithi052.stdout:Apr 02 13:43:43 smithi052 ceph-mon[32104]: Saving service mgr spec with placement count:2
2024-04-02T13:43:43.714 INFO:journalctl@ceph.mon.a.smithi052.stdout:Apr 02 13:43:43 smithi052 ceph-mon[32104]: from='mgr.14120 172.21.15.52:0/3185562986' entity='mgr.x'
2024-04-02T13:43:43.714 INFO:journalctl@ceph.mon.a.smithi052.stdout:Apr 02 13:43:43 smithi052 ceph-mon[32104]: from='mgr.14120 172.21.15.52:0/3185562986' entity='mgr.x'
2024-04-02T13:43:43.714 INFO:journalctl@ceph.mon.a.smithi052.stdout:Apr 02 13:43:43 smithi052 ceph-mon[32104]: from='mgr.14120 172.21.15.52:0/3185562986' entity='mgr.x'
2024-04-02T13:43:44.713 INFO:teuthology.orchestra.run.smithi052.stdout:/usr/bin/ceph: stderr
2024-04-02T13:43:43.896+0000 7f771b105700 1 Processor -- start
2024-04-02T13:43:44.713 INFO:teuthology.orchestra.run.smithi052.stdout:/usr/bin/ceph: stderr
2024-04-02T13:43:43.896+0000 7f771b105700 1 -- start start
2024-04-02T13:43:44.714 INFO:teuthology.orchestra.run.smithi052.stdout:/usr/bin/ceph: stderr
2024-04-02T13:43:43.896+0000 7f771b105700 1 --2- >> [v2:172.21.15.52:3300/0,v1:172.21.15.52:6789/0] conn(0x7f7714108b10 0x7f771410af00 unknown :-1 s=NONE pgs=0 cs=0 l=0 rev1=0 crypto rx=0 tx=0 comp rx=0 tx=0).connect
2024-04-02T13:43:44.714 INFO:teuthology.orchestra.run.smithi052.stdout:/usr/bin/ceph: stderr
2024-04-02T13:43:43.896+0000 7f771b105700 1 -- --> [v2:172.21.15.52:3300/0,v1:172.21.15.52:6789/0] -- mon_getmap magic: 0 -- 0x7f771407c6c0 con 0x7f7714108b10
2024-04-02T13:43:44.714 INFO:teuthology.orchestra.run.smithi052.stdout:/usr/bin/ceph: stderr
2024-04-02T13:43:43.897+0000 7f7718ea1700 1 --2- >> [v2:172.21.15.52:3300/0,v1:172.21.15.52:6789/0] conn(0x7f7714108b10 0x7f771410af00 unknown :-1 s=BANNER_CONNECTING pgs=0 cs=0 l=0 rev1=0 crypto rx=0 tx=0 comp rx=0 tx=0)._handle_peer_banner_payload supported=3 required=0
2024-04-02T13:43:44.714 INFO:teuthology.orchestra.run.smithi052.stdout:/usr/bin/ceph: stderr
2024-04-02T13:43:43.897+0000 7f7718ea1700 1 --2- >> [v2:172.21.15.52:3300/0,v1:172.21.15.52:6789/0] conn(0x7f7714108b10 0x7f771410af00 unknown :-1 s=HELLO_CONNECTING pgs=0 cs=0 l=0 rev1=1 crypto rx=0 tx=0 comp rx=0 tx=0).handle_hello peer v2:172.21.15.52:3300/0 says I am v2:172.21.15.52:42466/0 (socket says 172.21.15.52:42466)
2024-04-02T13:43:44.714 INFO:teuthology.orchestra.run.smithi052.stdout:/usr/bin/ceph: stderr
2024-04-02T13:43:43.897+0000 7f7718ea1700 1 -- 172.21.15.52:0/582495798 learned_addr learned my addr 172.21.15.52:0/582495798 (peer_addr_for_me v2:172.21.15.52:0/0)
2024-04-02T13:43:44.714 INFO:teuthology.orchestra.run.smithi052.stdout:/usr/bin/ceph: stderr
2024-04-02T13:43:43.897+0000 7f7718ea1700 1 -- 172.21.15.52:0/582495798 --> [v2:172.21.15.52:3300/0,v1:172.21.15.52:6789/0] -- mon_subscribe({config=0+,monmap=0+}) -- 0x7f771410b440 con 0x7f7714108b10
2024-04-02T13:43:44.714 INFO:teuthology.orchestra.run.smithi052.stdout:/usr/bin/ceph: stderr
2024-04-02T13:43:43.897+0000 7f7718ea1700 1 --2- 172.21.15.52:0/582495798 >> [v2:172.21.15.52:3300/0,v1:172.21.15.52:6789/0] conn(0x7f7714108b10 0x7f771410af00 secure :-1 s=READY pgs=51 cs=0 l=1 rev1=1 crypto rx=0x7f77080098a0 tx=0x7f7708009bb0 comp rx=0 tx=0).ready entity=mon.0 client_cookie=248e0deac22fae14 server_cookie=0 in_seq=0 out_seq=0
2024-04-02T13:43:44.714 INFO:teuthology.orchestra.run.smithi052.stdout:/usr/bin/ceph: stderr
2024-04-02T13:43:43.897+0000 7f77137fe700 1 -- 172.21.15.52:0/582495798 <== mon.0 v2:172.21.15.52:3300/0 1 ==== mon_map magic: 0 ==== 205+0+0 (secure 0 0 0) 0x7f7708004160 con 0x7f7714108b10
2024-04-02T13:43:44.714 INFO:teuthology.orchestra.run.smithi052.stdout:/usr/bin/ceph: stderr
2024-04-02T13:43:43.897+0000 7f77137fe700 1 -- 172.21.15.52:0/582495798 <== mon.0 v2:172.21.15.52:3300/0 2 ==== config(27 keys) ==== 1140+0+0 (secure 0 0 0) 0x7f7708004300 con 0x7f7714108b10
2024-04-02T13:43:44.714 INFO:teuthology.orchestra.run.smithi052.stdout:/usr/bin/ceph: stderr
2024-04-02T13:43:43.897+0000 7f77137fe700 1 -- 172.21.15.52:0/582495798 <== mon.0 v2:172.21.15.52:3300/0 3 ==== mon_map magic: 0 ==== 205+0+0 (secure 0 0 0) 0x7f7708011b20 con 0x7f7714108b10
2024-04-02T13:43:44.714 INFO:teuthology.orchestra.run.smithi052.stdout:/usr/bin/ceph: stderr
2024-04-02T13:43:43.898+0000 7f771b105700 1 -- 172.21.15.52:0/582495798 >> [v2:172.21.15.52:3300/0,v1:172.21.15.52:6789/0] conn(0x7f7714108b10 msgr2=0x7f771410af00 secure :-1 s=STATE_CONNECTION_ESTABLISHED l=1).mark_down
2024-04-02T13:43:44.714 INFO:teuthology.orchestra.run.smithi052.stdout:/usr/bin/ceph: stderr
2024-04-02T13:43:43.898+0000 7f771b105700 1 --2- 172.21.15.52:0/582495798 >> [v2:172.21.15.52:3300/0,v1:172.21.15.52:6789/0] conn(0x7f7714108b10 0x7f771410af00 secure :-1 s=READY pgs=51 cs=0 l=1 rev1=1 crypto rx=0x7f77080098a0 tx=0x7f7708009bb0 comp rx=0 tx=0).stop
