2024-04-02T14:24:29.624+0000 7f7945e00700 1 --2- >> [v2:172.21.15.90:3300/0,v1:172.21.15.90:6789/0] conn(0x7f7940108270 0x7f7940108690 unknown :-1 s=NONE pgs=0 cs=0 l=0 rev1=0 crypto rx=0 tx=0 comp rx=0 tx=0).connect
2024-04-02T14:24:36.480 INFO:teuthology.orchestra.run.smithi090.stdout:/usr/bin/ceph: stderr
2024-04-02T14:24:29.624+0000 7f7945e00700 1 -- --> [v2:172.21.15.90:3300/0,v1:172.21.15.90:6789/0] -- mon_getmap magic: 0 -- 0x7f7940108c60 con 0x7f7940108270
2024-04-02T14:24:36.480 INFO:teuthology.orchestra.run.smithi090.stdout:/usr/bin/ceph: stderr
2024-04-02T14:24:29.624+0000 7f793ea00700 1 --2- >> [v2:172.21.15.90:3300/0,v1:172.21.15.90:6789/0] conn(0x7f7940108270 0x7f7940108690 unknown :-1 s=BANNER_CONNECTING pgs=0 cs=0 l=0 rev1=0 crypto rx=0 tx=0 comp rx=0 tx=0)._handle_peer_banner_payload supported=3 required=0
2024-04-02T14:24:36.480 INFO:teuthology.orchestra.run.smithi090.stdout:/usr/bin/ceph: stderr
2024-04-02T14:24:29.624+0000 7f793ea00700 1 --2- >> [v2:172.21.15.90:3300/0,v1:172.21.15.90:6789/0] conn(0x7f7940108270 0x7f7940108690 unknown :-1 s=HELLO_CONNECTING pgs=0 cs=0 l=0 rev1=1 crypto rx=0 tx=0 comp rx=0 tx=0).handle_hello peer v2:172.21.15.90:3300/0 says I am v2:172.21.15.90:38464/0 (socket says 172.21.15.90:38464)
2024-04-02T14:24:36.480 INFO:teuthology.orchestra.run.smithi090.stdout:/usr/bin/ceph: stderr
2024-04-02T14:24:29.624+0000 7f793ea00700 1 -- 172.21.15.90:0/2079869599 learned_addr learned my addr 172.21.15.90:0/2079869599 (peer_addr_for_me v2:172.21.15.90:0/0)
2024-04-02T14:24:36.480 INFO:teuthology.orchestra.run.smithi090.stdout:/usr/bin/ceph: stderr
2024-04-02T14:24:29.625+0000 7f793ea00700 1 -- 172.21.15.90:0/2079869599 --> [v2:172.21.15.90:3300/0,v1:172.21.15.90:6789/0] -- mon_subscribe({config=0+,monmap=0+}) -- 0x7f7940109470 con 0x7f7940108270
2024-04-02T14:24:36.480 INFO:teuthology.orchestra.run.smithi090.stdout:/usr/bin/ceph: stderr
2024-04-02T14:24:29.625+0000 7f793ea00700 1 --2- 172.21.15.90:0/2079869599 >> [v2:172.21.15.90:3300/0,v1:172.21.15.90:6789/0] conn(0x7f7940108270 0x7f7940108690 secure :-1 s=READY pgs=61 cs=0 l=1 rev1=1 crypto rx=0x7f79300098a0 tx=0x7f7930009bb0 comp rx=0 tx=0).ready entity=mon.0 client_cookie=d7b489e93cc5c7bf server_cookie=0 in_seq=0 out_seq=0
2024-04-02T14:24:36.480 INFO:teuthology.orchestra.run.smithi090.stdout:/usr/bin/ceph: stderr
2024-04-02T14:24:29.625+0000 7f793e000700 1 -- 172.21.15.90:0/2079869599 <== mon.0 v2:172.21.15.90:3300/0 1 ==== mon_map magic: 0 ==== 205+0+0 (secure 0 0 0) 0x7f7930004160 con 0x7f7940108270
2024-04-02T14:24:36.480 INFO:teuthology.orchestra.run.smithi090.stdout:/usr/bin/ceph: stderr
2024-04-02T14:24:29.625+0000 7f793e000700 1 -- 172.21.15.90:0/2079869599 <== mon.0 v2:172.21.15.90:3300/0 2 ==== config(27 keys) ==== 1140+0+0 (secure 0 0 0) 0x7f7930004300 con 0x7f7940108270
2024-04-02T14:24:36.480 INFO:teuthology.orchestra.run.smithi090.stdout:/usr/bin/ceph: stderr
2024-04-02T14:24:29.625+0000 7f793e000700 1 -- 172.21.15.90:0/2079869599 <== mon.0 v2:172.21.15.90:3300/0 3 ==== mon_map magic: 0 ==== 205+0+0 (secure 0 0 0) 0x7f7930011b20 con 0x7f7940108270
2024-04-02T14:24:36.480 INFO:teuthology.orchestra.run.smithi090.stdout:/usr/bin/ceph: stderr
2024-04-02T14:24:29.626+0000 7f7945e00700 1 -- 172.21.15.90:0/2079869599 >> [v2:172.21.15.90:3300/0,v1:172.21.15.90:6789/0] conn(0x7f7940108270 msgr2=0x7f7940108690 secure :-1 s=STATE_CONNECTION_ESTABLISHED l=1).mark_down
2024-04-02T14:24:36.481 INFO:teuthology.orchestra.run.smithi090.stdout:/usr/bin/ceph: stderr
2024-04-02T14:24:29.626+0000 7f7945e00700 1 --2- 172.21.15.90:0/2079869599 >> [v2:172.21.15.90:3300/0,v1:172.21.15.90:6789/0] conn(0x7f7940108270 0x7f7940108690 secure :-1 s=READY pgs=61 cs=0 l=1 rev1=1 crypto rx=0x7f79300098a0 tx=0x7f7930009bb0 comp rx=0 tx=0).stop
2024-04-02T14:24:36.481 INFO:teuthology.orchestra.run.smithi090.stdout:/usr/bin/ceph: stderr
2024-04-02T14:24:29.626+0000 7f7945e00700 1 -- 172.21.15.90:0/2079869599 shutdown_connections
2024-04-02T14:24:36.481 INFO:teuthology.orchestra.run.smithi090.stdout:/usr/bin/ceph: stderr
2024-04-02T14:24:29.626+0000 7f7945e00700 1 --2- 172.21.15.90:0/2079869599 >> [v2:172.21.15.90:3300/0,v1:172.21.15.90:6789/0] conn(0x7f7940108270 0x7f7940108690 unknown :-1 s=CLOSED pgs=61 cs=0 l=1 rev1=1 crypto rx=0 tx=0 comp rx=0 tx=0).stop
2024-04-02T14:24:36.481 INFO:teuthology.orchestra.run.smithi090.stdout:/usr/bin/ceph: stderr
2024-04-02T14:24:29.626+0000 7f7945e00700 1 -- 172.21.15.90:0/2079869599 >> 172.21.15.90:0/2079869599 conn(0x7f7940103830 msgr2=0x7f7940105c50 unknown :-1 s=STATE_NONE l=0).mark_down
2024-04-02T14:24:36.481 INFO:teuthology.orchestra.run.smithi090.stdout:/usr/bin/ceph: stderr
2024-04-02T14:24:29.626+0000 7f7945e00700 1 -- 172.21.15.90:0/2079869599 shutdown_connections
2024-04-02T14:24:36.481 INFO:teuthology.orchestra.run.smithi090.stdout:/usr/bin/ceph: stderr
2024-04-02T14:24:29.626+0000 7f7945e00700 1 -- 172.21.15.90:0/2079869599 wait complete.
2024-04-02T14:24:36.481 INFO:teuthology.orchestra.run.smithi090.stdout:/usr/bin/ceph: stderr
2024-04-02T14:24:29.627+0000 7f7945e00700 1 Processor -- start
2024-04-02T14:24:36.481 INFO:teuthology.orchestra.run.smithi090.stdout:/usr/bin/ceph: stderr
2024-04-02T14:24:29.627+0000 7f7945e00700 1 -- start start
2024-04-02T14:24:36.481 INFO:teuthology.orchestra.run.smithi090.stdout:/usr/bin/ceph: stderr
2024-04-02T14:24:29.628+0000 7f7945e00700 1 --2- >> [v2:172.21.15.90:3300/0,v1:172.21.15.90:6789/0] conn(0x7f7940108270 0x7f794019e3d0 unknown :-1 s=NONE pgs=0 cs=0 l=1 rev1=0 crypto rx=0 tx=0 comp rx=0 tx=0).connect
2024-04-02T14:24:36.481 INFO:teuthology.orchestra.run.smithi090.stdout:/usr/bin/ceph: stderr
2024-04-02T14:24:29.628+0000 7f7945e00700 1 -- --> [v2:172.21.15.90:3300/0,v1:172.21.15.90:6789/0] -- mon_getmap magic: 0 -- 0x7f794010c820 con 0x7f7940108270
2024-04-02T14:24:36.481 INFO:teuthology.orchestra.run.smithi090.stdout:/usr/bin/ceph: stderr
2024-04-02T14:24:29.628+0000 7f793ea00700 1 --2- >> [v2:172.21.15.90:3300/0,v1:172.21.15.90:6789/0] conn(0x7f7940108270 0x7f794019e3d0 unknown :-1 s=BANNER_CONNECTING pgs=0 cs=0 l=1 rev1=0 crypto rx=0 tx=0 comp rx=0 tx=0)._handle_peer_banner_payload supported=3 required=0
2024-04-02T14:24:36.481 INFO:teuthology.orchestra.run.smithi090.stdout:/usr/bin/ceph: stderr
2024-04-02T14:24:29.628+0000 7f793ea00700 1 --2- >> [v2:172.21.15.90:3300/0,v1:172.21.15.90:6789/0] conn(0x7f7940108270 0x7f794019e3d0 unknown :-1 s=HELLO_CONNECTING pgs=0 cs=0 l=1 rev1=1 crypto rx=0 tx=0 comp rx=0 tx=0).handle_hello peer v2:172.21.15.90:3300/0 says I am v2:172.21.15.90:38466/0 (socket says 172.21.15.90:38466)
2024-04-02T14:24:36.481 INFO:teuthology.orchestra.run.smithi090.stdout:/usr/bin/ceph: stderr
2024-04-02T14:24:29.628+0000 7f793ea00700 1 -- 172.21.15.90:0/2071975795 learned_addr learned my addr 172.21.15.90:0/2071975795 (peer_addr_for_me v2:172.21.15.90:0/0)
2024-04-02T14:24:36.481 INFO:teuthology.orchestra.run.smithi090.stdout:/usr/bin/ceph: stderr
2024-04-02T14:24:29.628+0000 7f793ea00700 1 -- 172.21.15.90:0/2071975795 --> [v2:172.21.15.90:3300/0,v1:172.21.15.90:6789/0] -- mon_subscribe({config=0+,monmap=0+}) -- 0x7f794019e910 con 0x7f7940108270
2024-04-02T14:24:36.482 INFO:teuthology.orchestra.run.smithi090.stdout:/usr/bin/ceph: stderr
2024-04-02T14:24:29.629+0000 7f793ea00700 1 --2- 172.21.15.90:0/2071975795 >> [v2:172.21.15.90:3300/0,v1:172.21.15.90:6789/0] conn(0x7f7940108270 0x7f794019e3d0 secure :-1 s=READY pgs=62 cs=0 l=1 rev1=1 crypto rx=0x7f79300117e0 tx=0x7f7930011c10 comp rx=0 tx=0).ready entity=mon.0 client_cookie=0 server_cookie=0 in_seq=0 out_seq=0
2024-04-02T14:24:36.482 INFO:teuthology.orchestra.run.smithi090.stdout:/usr/bin/ceph: stderr
2024-04-02T14:24:29.629+0000 7f7944a00700 1 -- 172.21.15.90:0/2071975795 <== mon.0 v2:172.21.15.90:3300/0 1 ==== mon_map magic: 0 ==== 205+0+0 (secure 0 0 0) 0x7f7930003bf0 con 0x7f7940108270
2024-04-02T14:24:36.482 INFO:teuthology.orchestra.run.smithi090.stdout:/usr/bin/ceph: stderr
2024-04-02T14:24:29.629+0000 7f7944a00700 1 -- 172.21.15.90:0/2071975795 <== mon.0 v2:172.21.15.90:3300/0 2 ==== config(27 keys) ==== 1140+0+0 (secure 0 0 0) 0x7f793001a910 con 0x7f7940108270
2024-04-02T14:24:36.482 INFO:teuthology.orchestra.run.smithi090.stdout:/usr/bin/ceph: stderr
2024-04-02T14:24:29.629+0000 7f7944a00700 1 -- 172.21.15.90:0/2071975795 <== mon.0 v2:172.21.15.90:3300/0 3 ==== mon_map magic: 0 ==== 205+0+0 (secure 0 0 0) 0x7f79300249a0 con 0x7f7940108270
2024-04-02T14:24:36.482 INFO:teuthology.orchestra.run.smithi090.stdout:/usr/bin/ceph: stderr
2024-04-02T14:24:29.629+0000 7f7945e00700 1 -- 172.21.15.90:0/2071975795 --> [v2:172.21.15.90:3300/0,v1:172.21.15.90:6789/0] -- mon_subscribe({mgrmap=0+}) -- 0x7f794019eba0 con 0x7f7940108270
2024-04-02T14:24:36.482 INFO:teuthology.orchestra.run.smithi090.stdout:/usr/bin/ceph: stderr
2024-04-02T14:24:29.629+0000 7f7945e00700 1 -- 172.21.15.90:0/2071975795 --> [v2:172.21.15.90:3300/0,v1:172.21.15.90:6789/0] -- mon_subscribe({osdmap=0}) -- 0x7f794019f000 con 0x7f7940108270
2024-04-02T14:24:36.482 INFO:teuthology.orchestra.run.smithi090.stdout:/usr/bin/ceph: stderr
2024-04-02T14:24:29.630+0000 7f7944a00700 1 -- 172.21.15.90:0/2071975795 <== mon.0 v2:172.21.15.90:3300/0 4 ==== mgrmap(e 9) ==== 46571+0+0 (secure 0 0 0) 0x7f7930022020 con 0x7f7940108270
2024-04-02T14:24:36.482 INFO:teuthology.orchestra.run.smithi090.stdout:/usr/bin/ceph: stderr
2024-04-02T14:24:29.631+0000 7f7944a00700 1 --2- 172.21.15.90:0/2071975795 >> [v2:172.21.15.90:6800/129436436,v1:172.21.15.90:6801/129436436] conn(0x7f79240395b0 0x7f792403ba70 unknown :-1 s=NONE pgs=0 cs=0 l=1 rev1=0 crypto rx=0 tx=0 comp rx=0 tx=0).connect
2024-04-02T14:24:36.482 INFO:teuthology.orchestra.run.smithi090.stdout:/usr/bin/ceph: stderr
2024-04-02T14:24:29.631+0000 7f7944a00700 1 -- 172.21.15.90:0/2071975795 --> [v2:172.21.15.90:6800/129436436,v1:172.21.15.90:6801/129436436] -- command(tid 0: {"prefix": "get_command_descriptions"}) -- 0x7f792403c180 con 0x7f79240395b0
2024-04-02T14:24:36.482 INFO:teuthology.orchestra.run.smithi090.stdout:/usr/bin/ceph: stderr
2024-04-02T14:24:29.631+0000 7f7944a00700 1 -- 172.21.15.90:0/2071975795 <== mon.0 v2:172.21.15.90:3300/0 5 ==== osd_map(2..2 src has 1..2) ==== 940+0+0 (secure 0 0 0) 0x7f793004db00 con 0x7f7940108270
2024-04-02T14:24:36.482 INFO:teuthology.orchestra.run.smithi090.stdout:/usr/bin/ceph: stderr
2024-04-02T14:24:29.631+0000 7f7937e00700 1 -- 172.21.15.90:0/2071975795 >> [v2:172.21.15.90:6800/129436436,v1:172.21.15.90:6801/129436436] conn(0x7f79240395b0 msgr2=0x7f792403ba70 unknown :-1 s=STATE_CONNECTING_RE l=1).process reconnect failed to v2:172.21.15.90:6800/129436436
2024-04-02T14:24:36.482 INFO:teuthology.orchestra.run.smithi090.stdout:/usr/bin/ceph: stderr
2024-04-02T14:24:29.631+0000 7f7937e00700 1 --2- 172.21.15.90:0/2071975795 >> [v2:172.21.15.90:6800/129436436,v1:172.21.15.90:6801/129436436] conn(0x7f79240395b0 0x7f792403ba70 unknown :-1 s=START_CONNECT pgs=0 cs=0 l=1 rev1=0 crypto rx=0 tx=0 comp rx=0 tx=0)._fault waiting 0.200000
2024-04-02T14:24:36.482 INFO:teuthology.orchestra.run.smithi090.stdout:/usr/bin/ceph: stderr
2024-04-02T14:24:29.832+0000 7f7937e00700 1 -- 172.21.15.90:0/2071975795 >> [v2:172.21.15.90:6800/129436436,v1:172.21.15.90:6801/129436436] conn(0x7f79240395b0 msgr2=0x7f792403ba70 unknown :-1 s=STATE_CONNECTING_RE l=1).process reconnect failed to v2:172.21.15.90:6800/129436436
2024-04-02T14:24:36.483 INFO:teuthology.orchestra.run.smithi090.stdout:/usr/bin/ceph: stderr
2024-04-02T14:24:29.832+0000 7f7937e00700 1 --2- 172.21.15.90:0/2071975795 >> [v2:172.21.15.90:6800/129436436,v1:172.21.15.90:6801/129436436] conn(0x7f79240395b0 0x7f792403ba70 unknown :-1 s=START_CONNECT pgs=0 cs=0 l=1 rev1=0 crypto rx=0 tx=0 comp rx=0 tx=0)._fault waiting 0.400000
2024-04-02T14:24:36.483 INFO:teuthology.orchestra.run.smithi090.stdout:/usr/bin/ceph: stderr
2024-04-02T14:24:30.233+0000 7f7937e00700 1 -- 172.21.15.90:0/2071975795 >> [v2:172.21.15.90:6800/129436436,v1:172.21.15.90:6801/129436436] conn(0x7f79240395b0 msgr2=0x7f792403ba70 unknown :-1 s=STATE_CONNECTING_RE l=1).process reconnect failed to v2:172.21.15.90:6800/129436436
2024-04-02T14:24:36.483 INFO:teuthology.orchestra.run.smithi090.stdout:/usr/bin/ceph: stderr
2024-04-02T14:24:30.233+0000 7f7937e00700 1 --2- 172.21.15.90:0/2071975795 >> [v2:172.21.15.90:6800/129436436,v1:172.21.15.90:6801/129436436] conn(0x7f79240395b0 0x7f792403ba70 unknown :-1 s=START_CONNECT pgs=0 cs=0 l=1 rev1=0 crypto rx=0 tx=0 comp rx=0 tx=0)._fault waiting 0.800000
2024-04-02T14:24:36.483 INFO:teuthology.orchestra.run.smithi090.stdout:/usr/bin/ceph: stderr
2024-04-02T14:24:31.034+0000 7f7937e00700 1 -- 172.21.15.90:0/2071975795 >> [v2:172.21.15.90:6800/129436436,v1:172.21.15.90:6801/129436436] conn(0x7f79240395b0 msgr2=0x7f792403ba70 unknown :-1 s=STATE_CONNECTING_RE l=1).process reconnect failed to v2:172.21.15.90:6800/129436436
2024-04-02T14:24:36.483 INFO:teuthology.orchestra.run.smithi090.stdout:/usr/bin/ceph: stderr
2024-04-02T14:24:31.034+0000 7f7937e00700 1 --2- 172.21.15.90:0/2071975795 >> [v2:172.21.15.90:6800/129436436,v1:172.21.15.90:6801/129436436] conn(0x7f79240395b0 0x7f792403ba70 unknown :-1 s=START_CONNECT pgs=0 cs=0 l=1 rev1=0 crypto rx=0 tx=0 comp rx=0 tx=0)._fault waiting 1.600000
2024-04-02T14:24:36.483 INFO:teuthology.orchestra.run.smithi090.stdout:/usr/bin/ceph: stderr
2024-04-02T14:24:32.636+0000 7f7937e00700 1 -- 172.21.15.90:0/2071975795 >> [v2:172.21.15.90:6800/129436436,v1:172.21.15.90:6801/129436436] conn(0x7f79240395b0 msgr2=0x7f792403ba70 unknown :-1 s=STATE_CONNECTING_RE l=1).process reconnect failed to v2:172.21.15.90:6800/129436436
2024-04-02T14:24:36.483 INFO:teuthology.orchestra.run.smithi090.stdout:/usr/bin/ceph: stderr
2024-04-02T14:24:32.636+0000 7f7937e00700 1 --2- 172.21.15.90:0/2071975795 >> [v2:172.21.15.90:6800/129436436,v1:172.21.15.90:6801/129436436] conn(0x7f79240395b0 0x7f792403ba70 unknown :-1 s=START_CONNECT pgs=0 cs=0 l=1 rev1=0 crypto rx=0 tx=0 comp rx=0 tx=0)._fault waiting 3.200000
2024-04-02T14:24:36.483 INFO:teuthology.orchestra.run.smithi090.stdout:/usr/bin/ceph: stderr
2024-04-02T14:24:34.599+0000 7f7944a00700 1 -- 172.21.15.90:0/2071975795 <== mon.0 v2:172.21.15.90:3300/0 6 ==== mgrmap(e 10) ==== 46338+0+0 (secure 0 0 0) 0x7f7930019ca0 con 0x7f7940108270
2024-04-02T14:24:36.483 INFO:teuthology.orchestra.run.smithi090.stdout:/usr/bin/ceph: stderr
2024-04-02T14:24:34.599+0000 7f7944a00700 1 -- 172.21.15.90:0/2071975795 >> [v2:172.21.15.90:6800/129436436,v1:172.21.15.90:6801/129436436] conn(0x7f79240395b0 msgr2=0x7f792403ba70 unknown :-1 s=STATE_CONNECTING l=1).mark_down
2024-04-02T14:24:36.483 INFO:teuthology.orchestra.run.smithi090.stdout:/usr/bin/ceph: stderr
2024-04-02T14:24:34.600+0000 7f7944a00700 1 --2- 172.21.15.90:0/2071975795 >> [v2:172.21.15.90:6800/129436436,v1:172.21.15.90:6801/129436436] conn(0x7f79240395b0 0x7f792403ba70 unknown :-1 s=START_CONNECT pgs=0 cs=0 l=1 rev1=0 crypto rx=0 tx=0 comp rx=0 tx=0).stop
2024-04-02T14:24:36.483 INFO:teuthology.orchestra.run.smithi090.stdout:/usr/bin/ceph: stderr
2024-04-02T14:24:35.601+0000 7f7944a00700 1 -- 172.21.15.90:0/2071975795 <== mon.0 v2:172.21.15.90:3300/0 7 ==== mgrmap(e 11) ==== 46465+0+0 (secure 0 0 0) 0x7f793004f670 con 0x7f7940108270
2024-04-02T14:24:36.483 INFO:teuthology.orchestra.run.smithi090.stdout:/usr/bin/ceph: stderr
2024-04-02T14:24:35.601+0000 7f7944a00700 1 --2- 172.21.15.90:0/2071975795 >> [v2:172.21.15.90:6800/4266054817,v1:172.21.15.90:6801/4266054817] conn(0x7f792403cfe0 0x7f792403f3d0 unknown :-1 s=NONE pgs=0 cs=0 l=1 rev1=0 crypto rx=0 tx=0 comp rx=0 tx=0).connect
2024-04-02T14:24:36.483 INFO:teuthology.orchestra.run.smithi090.stdout:/usr/bin/ceph: stderr
2024-04-02T14:24:35.601+0000 7f7944a00700 1 -- 172.21.15.90:0/2071975795 --> [v2:172.21.15.90:6800/4266054817,v1:172.21.15.90:6801/4266054817] -- command(tid 0: {"prefix": "get_command_descriptions"}) -- 0x7f793001cec0 con 0x7f792403cfe0
2024-04-02T14:24:36.484 INFO:teuthology.orchestra.run.smithi090.stdout:/usr/bin/ceph: stderr
2024-04-02T14:24:35.603+0000 7f7937e00700 1 --2- 172.21.15.90:0/2071975795 >> [v2:172.21.15.90:6800/4266054817,v1:172.21.15.90:6801/4266054817] conn(0x7f792403cfe0 0x7f792403f3d0 unknown :-1 s=BANNER_CONNECTING pgs=0 cs=0 l=1 rev1=0 crypto rx=0 tx=0 comp rx=0 tx=0)._handle_peer_banner_payload supported=3 required=0
2024-04-02T14:24:36.484 INFO:teuthology.orchestra.run.smithi090.stdout:/usr/bin/ceph: stderr
2024-04-02T14:24:35.605+0000 7f7937e00700 1 --2- 172.21.15.90:0/2071975795 >> [v2:172.21.15.90:6800/4266054817,v1:172.21.15.90:6801/4266054817] conn(0x7f792403cfe0 0x7f792403f3d0 secure :-1 s=READY pgs=3 cs=0 l=1 rev1=1 crypto rx=0x7f7928003a10 tx=0x7f79280092b0 comp rx=0 tx=0).ready entity=mgr.14152 client_cookie=0 server_cookie=0 in_seq=0 out_seq=0
2024-04-02T14:24:36.484 INFO:teuthology.orchestra.run.smithi090.stdout:/usr/bin/ceph: stderr
2024-04-02T14:24:35.607+0000 7f7944a00700 1 -- 172.21.15.90:0/2071975795 <== mgr.14152 v2:172.21.15.90:6800/4266054817 1 ==== command_reply(tid 0: 0 ) ==== 8+0+7774 (secure 0 0 0) 0x7f793001cec0 con 0x7f792403cfe0
2024-04-02T14:24:36.484 INFO:teuthology.orchestra.run.smithi090.stdout:/usr/bin/ceph: stderr
2024-04-02T14:24:35.614+0000 7f7945e00700 1 -- 172.21.15.90:0/2071975795 --> [v2:172.21.15.90:6800/4266054817,v1:172.21.15.90:6801/4266054817] -- command(tid 1: {"prefix": "mgr_status"}) -- 0x7f7940063c20 con 0x7f792403cfe0
2024-04-02T14:24:36.484 INFO:teuthology.orchestra.run.smithi090.stdout:/usr/bin/ceph: stderr
2024-04-02T14:24:35.615+0000 7f7944a00700 1 -- 172.21.15.90:0/2071975795 <== mgr.14152 v2:172.21.15.90:6800/4266054817 2 ==== command_reply(tid 1: 0 ) ==== 8+0+52 (secure 0 0 0) 0x7f7940063c20 con 0x7f792403cfe0
2024-04-02T14:24:36.484 INFO:teuthology.orchestra.run.smithi090.stdout:/usr/bin/ceph: stderr
2024-04-02T14:24:35.615+0000 7f7945e00700 1 -- 172.21.15.90:0/2071975795 >> [v2:172.21.15.90:6800/4266054817,v1:172.21.15.90:6801/4266054817] conn(0x7f792403cfe0 msgr2=0x7f792403f3d0 secure :-1 s=STATE_CONNECTION_ESTABLISHED l=1).mark_down
2024-04-02T14:24:36.484 INFO:teuthology.orchestra.run.smithi090.stdout:/usr/bin/ceph: stderr
2024-04-02T14:24:35.615+0000 7f7945e00700 1 --2- 172.21.15.90:0/2071975795 >> [v2:172.21.15.90:6800/4266054817,v1:172.21.15.90:6801/4266054817] conn(0x7f792403cfe0 0x7f792403f3d0 secure :-1 s=READY pgs=3 cs=0 l=1 rev1=1 crypto rx=0x7f7928003a10 tx=0x7f79280092b0 comp rx=0 tx=0).stop
2024-04-02T14:24:36.484 INFO:teuthology.orchestra.run.smithi090.stdout:/usr/bin/ceph: stderr
2024-04-02T14:24:35.615+0000 7f7945e00700 1 -- 172.21.15.90:0/2071975795 >> [v2:172.21.15.90:3300/0,v1:172.21.15.90:6789/0] conn(0x7f7940108270 msgr2=0x7f794019e3d0 secure :-1 s=STATE_CONNECTION_ESTABLISHED l=1).mark_down
2024-04-02T14:24:36.484 INFO:teuthology.orchestra.run.smithi090.stdout:/usr/bin/ceph: stderr
2024-04-02T14:24:35.615+0000 7f7945e00700 1 --2- 172.21.15.90:0/2071975795 >> [v2:172.21.15.90:3300/0,v1:172.21.15.90:6789/0] conn(0x7f7940108270 0x7f794019e3d0 secure :-1 s=READY pgs=62 cs=0 l=1 rev1=1 crypto rx=0x7f79300117e0 tx=0x7f7930011c10 comp rx=0 tx=0).stop
2024-04-02T14:24:36.484 INFO:teuthology.orchestra.run.smithi090.stdout:/usr/bin/ceph: stderr
2024-04-02T14:24:35.615+0000 7f7945e00700 1 -- 172.21.15.90:0/2071975795 shutdown_connections
2024-04-02T14:24:36.484 INFO:teuthology.orchestra.run.smithi090.stdout:/usr/bin/ceph: stderr
2024-04-02T14:24:35.615+0000 7f7945e00700 1 --2- 172.21.15.90:0/2071975795 >> [v2:172.21.15.90:6800/4266054817,v1:172.21.15.90:6801/4266054817] conn(0x7f792403cfe0 0x7f792403f3d0 unknown :-1 s=CLOSED pgs=3 cs=0 l=1 rev1=1 crypto rx=0 tx=0 comp rx=0 tx=0).stop
2024-04-02T14:24:36.484 INFO:teuthology.orchestra.run.smithi090.stdout:/usr/bin/ceph: stderr
2024-04-02T14:24:35.615+0000 7f7945e00700 1 --2- 172.21.15.90:0/2071975795 >> [v2:172.21.15.90:3300/0,v1:172.21.15.90:6789/0] conn(0x7f7940108270 0x7f794019e3d0 unknown :-1 s=CLOSED pgs=62 cs=0 l=1 rev1=1 crypto rx=0 tx=0 comp rx=0 tx=0).stop
2024-04-02T14:24:36.484 INFO:teuthology.orchestra.run.smithi090.stdout:/usr/bin/ceph: stderr
2024-04-02T14:24:35.615+0000 7f7945e00700 1 --2- 172.21.15.90:0/2071975795 >> [v2:172.21.15.90:6800/129436436,v1:172.21.15.90:6801/129436436] conn(0x7f79240395b0 0x7f792403ba70 unknown :-1 s=CLOSED pgs=0 cs=0 l=1 rev1=0 crypto rx=0 tx=0 comp rx=0 tx=0).stop
2024-04-02T14:24:36.484 INFO:teuthology.orchestra.run.smithi090.stdout:/usr/bin/ceph: stderr
2024-04-02T14:24:35.615+0000 7f7945e00700 1 -- 172.21.15.90:0/2071975795 >> 172.21.15.90:0/2071975795 conn(0x7f7940103830 msgr2=0x7f7940104220 unknown :-1 s=STATE_NONE l=0).mark_down
2024-04-02T14:24:36.485 INFO:teuthology.orchestra.run.smithi090.stdout:/usr/bin/ceph: stderr
2024-04-02T14:24:35.616+0000 7f7945e00700 1 -- 172.21.15.90:0/2071975795 shutdown_connections
2024-04-02T14:24:36.485 INFO:teuthology.orchestra.run.smithi090.stdout:/usr/bin/ceph: stderr
2024-04-02T14:24:35.616+0000 7f7945e00700 1 -- 172.21.15.90:0/2071975795 wait complete.
2024-04-02T14:24:36.485 INFO:teuthology.orchestra.run.smithi090.stdout:mgr epoch 9 is available
2024-04-02T14:24:36.485 INFO:teuthology.orchestra.run.smithi090.stdout:Generating a dashboard self-signed certificate...
2024-04-02T14:24:36.739 INFO:journalctl@ceph.mon.a.smithi090.stdout:Apr 02 14:24:36 smithi090 ceph-mon[31674]: [02/Apr/2024:14:24:35] ENGINE Bus STARTING
2024-04-02T14:24:36.739 INFO:journalctl@ceph.mon.a.smithi090.stdout:Apr 02 14:24:36 smithi090 ceph-mon[31674]: [02/Apr/2024:14:24:35] ENGINE Serving on http://172.21.15.90:8765
2024-04-02T14:24:36.739 INFO:journalctl@ceph.mon.a.smithi090.stdout:Apr 02 14:24:36 smithi090 ceph-mon[31674]: [02/Apr/2024:14:24:35] ENGINE Serving on https://172.21.15.90:7150
2024-04-02T14:24:36.739 INFO:journalctl@ceph.mon.a.smithi090.stdout:Apr 02 14:24:36 smithi090 ceph-mon[31674]: [02/Apr/2024:14:24:35] ENGINE Bus STARTED
2024-04-02T14:24:36.739 INFO:journalctl@ceph.mon.a.smithi090.stdout:Apr 02 14:24:36 smithi090 ceph-mon[31674]: from='client.14156 -' entity='client.admin' cmd=[{"prefix": "get_command_descriptions"}]: dispatch
2024-04-02T14:24:36.740 INFO:journalctl@ceph.mon.a.smithi090.stdout:Apr 02 14:24:36 smithi090 ceph-mon[31674]: from='client.14156 -' entity='client.admin' cmd=[{"prefix": "mgr_status"}]: dispatch
2024-04-02T14:24:37.688 INFO:journalctl@ceph.mon.a.smithi090.stdout:Apr 02 14:24:37 smithi090 ceph-mon[31674]: mgrmap e12: x(active, since 2s)
2024-04-02T14:24:37.689 INFO:journalctl@ceph.mon.a.smithi090.stdout:Apr 02 14:24:37 smithi090 ceph-mon[31674]: from='mgr.14152 172.21.15.90:0/1350519148' entity='mgr.x'
2024-04-02T14:24:38.556 INFO:teuthology.orchestra.run.smithi090.stdout:/usr/bin/ceph: stdout Self-signed certificate created
2024-04-02T14:24:38.557 INFO:teuthology.orchestra.run.smithi090.stdout:/usr/bin/ceph: stderr
2024-04-02T14:24:37.580+0000 7fcaa6000700 1 Processor -- start
2024-04-02T14:24:38.557 INFO:teuthology.orchestra.run.smithi090.stdout:/usr/bin/ceph: stderr
2024-04-02T14:24:37.580+0000 7fcaa6000700 1 -- start start
2024-04-02T14:24:38.557 INFO:teuthology.orchestra.run.smithi090.stdout:/usr/bin/ceph: stderr
2024-04-02T14:24:37.581+0000 7fcaa6000700 1 --2- >> [v2:172.21.15.90:3300/0,v1:172.21.15.90:6789/0] conn(0x7fcaa010a470 0x7fcaa010a890 unknown :-1 s=NONE pgs=0 cs=0 l=0 rev1=0 crypto rx=0 tx=0 comp rx=0 tx=0).connect
2024-04-02T14:24:38.557 INFO:teuthology.orchestra.run.smithi090.stdout:/usr/bin/ceph: stderr
2024-04-02T14:24:37.581+0000 7fcaa6000700 1 -- --> [v2:172.21.15.90:3300/0,v1:172.21.15.90:6789/0] -- mon_getmap magic: 0 -- 0x7fcaa010ae60 con 0x7fcaa010a470
2024-04-02T14:24:38.557 INFO:teuthology.orchestra.run.smithi090.stdout:/usr/bin/ceph: stderr
2024-04-02T14:24:37.581+0000 7fca9f400700 1 --2- >> [v2:172.21.15.90:3300/0,v1:172.21.15.90:6789/0] conn(0x7fcaa010a470 0x7fcaa010a890 unknown :-1 s=BANNER_CONNECTING pgs=0 cs=0 l=0 rev1=0 crypto rx=0 tx=0 comp rx=0 tx=0)._handle_peer_banner_payload supported=3 required=0
2024-04-02T14:24:38.557 INFO:teuthology.orchestra.run.smithi090.stdout:/usr/bin/ceph: stderr
2024-04-02T14:24:37.581+0000 7fca9f400700 1 --2- >> [v2:172.21.15.90:3300/0,v1:172.21.15.90:6789/0] conn(0x7fcaa010a470 0x7fcaa010a890 unknown :-1 s=HELLO_CONNECTING pgs=0 cs=0 l=0 rev1=1 crypto rx=0 tx=0 comp rx=0 tx=0).handle_hello peer v2:172.21.15.90:3300/0 says I am v2:172.21.15.90:46762/0 (socket says 172.21.15.90:46762)
2024-04-02T14:24:38.557 INFO:teuthology.orchestra.run.smithi090.stdout:/usr/bin/ceph: stderr
2024-04-02T14:24:37.582+0000 7fca9f400700 1 -- 172.21.15.90:0/1152673119 learned_addr learned my addr 172.21.15.90:0/1152673119 (peer_addr_for_me v2:172.21.15.90:0/0)
2024-04-02T14:24:38.557 INFO:teuthology.orchestra.run.smithi090.stdout:/usr/bin/ceph: stderr
2024-04-02T14:24:37.582+0000 7fca9f400700 1 -- 172.21.15.90:0/1152673119 --> [v2:172.21.15.90:3300/0,v1:172.21.15.90:6789/0] -- mon_subscribe({config=0+,monmap=0+}) -- 0x7fcaa010b620 con 0x7fcaa010a470
2024-04-02T14:24:38.557 INFO:teuthology.orchestra.run.smithi090.stdout:/usr/bin/ceph: stderr
2024-04-02T14:24:37.582+0000 7fca9f400700 1 --2- 172.21.15.90:0/1152673119 >> [v2:172.21.15.90:3300/0,v1:172.21.15.90:6789/0] conn(0x7fcaa010a470 0x7fcaa010a890 secure :-1 s=READY pgs=70 cs=0 l=1 rev1=1 crypto rx=0x7fca900098a0 tx=0x7fca90009bb0 comp rx=0 tx=0).ready entity=mon.0 client_cookie=5ba5290c81c0a7b7 server_cookie=0 in_seq=0 out_seq=0
2024-04-02T14:24:38.557 INFO:teuthology.orchestra.run.smithi090.stdout:/usr/bin/ceph: stderr
2024-04-02T14:24:37.583+0000 7fca9ea00700 1 -- 172.21.15.90:0/1152673119 <== mon.0 v2:172.21.15.90:3300/0 1 ==== mon_map magic: 0 ==== 205+0+0 (secure 0 0 0) 0x7fca90004160 con 0x7fcaa010a470
2024-04-02T14:24:38.558 INFO:teuthology.orchestra.run.smithi090.stdout:/usr/bin/ceph: stderr
2024-04-02T14:24:37.583+0000 7fca9ea00700 1 -- 172.21.15.90:0/1152673119 <== mon.0 v2:172.21.15.90:3300/0 2 ==== config(27 keys) ==== 1140+0+0 (secure 0 0 0) 0x7fca90004300 con 0x7fcaa010a470
2024-04-02T14:24:38.558 INFO:teuthology.orchestra.run.smithi090.stdout:/usr/bin/ceph: stderr
2024-04-02T14:24:37.583+0000 7fca9ea00700 1 -- 172.21.15.90:0/1152673119 <== mon.0 v2:172.21.15.90:3300/0 3 ==== mon_map magic: 0 ==== 205+0+0 (secure 0 0 0) 0x7fca90011b20 con 0x7fcaa010a470
2024-04-02T14:24:38.558 INFO:teuthology.orchestra.run.smithi090.stdout:/usr/bin/ceph: stderr
2024-04-02T14:24:37.583+0000 7fcaa6000700 1 -- 172.21.15.90:0/1152673119 >> [v2:172.21.15.90:3300/0,v1:172.21.15.90:6789/0] conn(0x7fcaa010a470 msgr2=0x7fcaa010a890 secure :-1 s=STATE_CONNECTION_ESTABLISHED l=1).mark_down
2024-04-02T14:24:38.558 INFO:teuthology.orchestra.run.smithi090.stdout:/usr/bin/ceph: stderr
2024-04-02T14:24:37.583+0000 7fcaa6000700 1 --2- 172.21.15.90:0/1152673119 >> [v2:172.21.15.90:3300/0,v1:172.21.15.90:6789/0] conn(0x7fcaa010a470 0x7fcaa010a890 secure :-1 s=READY pgs=70 cs=0 l=1 rev1=1 crypto rx=0x7fca900098a0 tx=0x7fca90009bb0 comp rx=0 tx=0).stop
2024-04-02T14:24:38.558 INFO:teuthology.orchestra.run.smithi090.stdout:/usr/bin/ceph: stderr
2024-04-02T14:24:37.583+0000 7fcaa6000700 1 -- 172.21.15.90:0/1152673119 shutdown_connections
2024-04-02T14:24:38.558 INFO:teuthology.orchestra.run.smithi090.stdout:/usr/bin/ceph: stderr
2024-04-02T14:24:37.583+0000 7fcaa6000700 1 --2- 172.21.15.90:0/1152673119 >> [v2:172.21.15.90:3300/0,v1:172.21.15.90:6789/0] conn(0x7fcaa010a470 0x7fcaa010a890 unknown :-1 s=CLOSED pgs=70 cs=0 l=1 rev1=1 crypto rx=0 tx=0 comp rx=0 tx=0).stop
2024-04-02T14:24:38.558 INFO:teuthology.orchestra.run.smithi090.stdout:/usr/bin/ceph: stderr
2024-04-02T14:24:37.583+0000 7fcaa6000700 1 -- 172.21.15.90:0/1152673119 >> 172.21.15.90:0/1152673119 conn(0x7fcaa007d980 msgr2=0x7fcaa01084e0 unknown :-1 s=STATE_NONE l=0).mark_down
2024-04-02T14:24:38.559 INFO:teuthology.orchestra.run.smithi090.stdout:/usr/bin/ceph: stderr
2024-04-02T14:24:37.584+0000 7fcaa6000700 1 -- 172.21.15.90:0/1152673119 shutdown_connections
2024-04-02T14:24:38.559 INFO:teuthology.orchestra.run.smithi090.stdout:/usr/bin/ceph: stderr
2024-04-02T14:24:37.584+0000 7fcaa6000700 1 -- 172.21.15.90:0/1152673119 wait complete.
2024-04-02T14:24:38.559 INFO:teuthology.orchestra.run.smithi090.stdout:/usr/bin/ceph: stderr
2024-04-02T14:24:37.585+0000 7fcaa6000700 1 Processor -- start
2024-04-02T14:24:38.559 INFO:teuthology.orchestra.run.smithi090.stdout:/usr/bin/ceph: stderr
2024-04-02T14:24:37.585+0000 7fcaa6000700 1 -- start start
2024-04-02T14:24:38.559 INFO:teuthology.orchestra.run.smithi090.stdout:/usr/bin/ceph: stderr
2024-04-02T14:24:37.585+0000 7fcaa6000700 1 --2- >> [v2:172.21.15.90:3300/0,v1:172.21.15.90:6789/0] conn(0x7fcaa010a470 0x7fcaa019e320 unknown :-1 s=NONE pgs=0 cs=0 l=1 rev1=0 crypto rx=0 tx=0 comp rx=0 tx=0).connect
2024-04-02T14:24:38.559 INFO:teuthology.orchestra.run.smithi090.stdout:/usr/bin/ceph: stderr
2024-04-02T14:24:37.585+0000 7fcaa6000700 1 -- --> [v2:172.21.15.90:3300/0,v1:172.21.15.90:6789/0] -- mon_getmap magic: 0 -- 0x7fcaa010e9d0 con 0x7fcaa010a470
2024-04-02T14:24:38.559 INFO:teuthology.orchestra.run.smithi090.stdout:/usr/bin/ceph: stderr
2024-04-02T14:24:37.585+0000 7fca9f400700 1 --2- >> [v2:172.21.15.90:3300/0,v1:172.21.15.90:6789/0] conn(0x7fcaa010a470 0x7fcaa019e320 unknown :-1 s=BANNER_CONNECTING pgs=0 cs=0 l=1 rev1=0 crypto rx=0 tx=0 comp rx=0 tx=0)._handle_peer_banner_payload supported=3 required=0
2024-04-02T14:24:38.560 INFO:teuthology.orchestra.run.smithi090.stdout:/usr/bin/ceph: stderr
2024-04-02T14:24:37.586+0000 7fca9f400700 1 --2- >> [v2:172.21.15.90:3300/0,v1:172.21.15.90:6789/0] conn(0x7fcaa010a470 0x7fcaa019e320 unknown :-1 s=HELLO_CONNECTING pgs=0 cs=0 l=1 rev1=1 crypto rx=0 tx=0 comp rx=0 tx=0).handle_hello peer v2:172.21.15.90:3300/0 says I am v2:172.21.15.90:46768/0 (socket says 172.21.15.90:46768)
2024-04-02T14:24:38.560 INFO:teuthology.orchestra.run.smithi090.stdout:/usr/bin/ceph: stderr
2024-04-02T14:24:37.586+0000 7fca9f400700 1 -- 172.21.15.90:0/4056756320 learned_addr learned my addr 172.21.15.90:0/4056756320 (peer_addr_for_me v2:172.21.15.90:0/0)
2024-04-02T14:24:38.560 INFO:teuthology.orchestra.run.smithi090.stdout:/usr/bin/ceph: stderr
2024-04-02T14:24:37.586+0000 7fca9f400700 1 -- 172.21.15.90:0/4056756320 --> [v2:172.21.15.90:3300/0,v1:172.21.15.90:6789/0] -- mon_subscribe({config=0+,monmap=0+}) -- 0x7fcaa019e860 con 0x7fcaa010a470
2024-04-02T14:24:38.560 INFO:teuthology.orchestra.run.smithi090.stdout:/usr/bin/ceph: stderr
2024-04-02T14:24:37.586+0000 7fca9f400700 1 --2- 172.21.15.90:0/4056756320 >> [v2:172.21.15.90:3300/0,v1:172.21.15.90:6789/0] conn(0x7fcaa010a470 0x7fcaa019e320 secure :-1 s=READY pgs=71 cs=0 l=1 rev1=1 crypto rx=0x7fca900117e0 tx=0x7fca90011ba0 comp rx=0 tx=0).ready entity=mon.0 client_cookie=0 server_cookie=0 in_seq=0 out_seq=0
2024-04-02T14:24:38.560 INFO:teuthology.orchestra.run.smithi090.stdout:/usr/bin/ceph: stderr
2024-04-02T14:24:37.586+0000 7fca9cc00700 1 -- 172.21.15.90:0/4056756320 <== mon.0 v2:172.21.15.90:3300/0 1 ==== mon_map magic: 0 ==== 205+0+0 (secure 0 0 0) 0x7fca90003bf0 con 0x7fcaa010a470
2024-04-02T14:24:38.560 INFO:teuthology.orchestra.run.smithi090.stdout:/usr/bin/ceph: stderr
2024-04-02T14:24:37.587+0000 7fca9cc00700 1 -- 172.21.15.90:0/4056756320 <== mon.0 v2:172.21.15.90:3300/0 2 ==== config(27 keys) ==== 1140+0+0 (secure 0 0 0) 0x7fca9001a910 con 0x7fcaa010a470
2024-04-02T14:24:38.560 INFO:teuthology.orchestra.run.smithi090.stdout:/usr/bin/ceph: stderr
2024-04-02T14:24:37.587+0000 7fcaa6000700 1 -- 172.21.15.90:0/4056756320 --> [v2:172.21.15.90:3300/0,v1:172.21.15.90:6789/0] -- mon_subscribe({mgrmap=0+}) -- 0x7fcaa019eaf0 con 0x7fcaa010a470
2024-04-02T14:24:38.560 INFO:teuthology.orchestra.run.smithi090.stdout:/usr/bin/ceph: stderr
2024-04-02T14:24:37.587+0000 7fca9cc00700 1 -- 172.21.15.90:0/4056756320 <== mon.0 v2:172.21.15.90:3300/0 3 ==== mon_map magic: 0 ==== 205+0+0 (secure 0 0 0) 0x7fca90024970 con 0x7fcaa010a470
2024-04-02T14:24:38.561 INFO:teuthology.orchestra.run.smithi090.stdout:/usr/bin/ceph: stderr
2024-04-02T14:24:37.587+0000 7fcaa6000700 1 -- 172.21.15.90:0/4056756320 --> [v2:172.21.15.90:3300/0,v1:172.21.15.90:6789/0] -- mon_subscribe({osdmap=0}) -- 0x7fcaa019ef50 con 0x7fcaa010a470
2024-04-02T14:24:38.561 INFO:teuthology.orchestra.run.smithi090.stdout:/usr/bin/ceph: stderr
2024-04-02T14:24:37.588+0000 7fcaa6000700 1 -- 172.21.15.90:0/4056756320 --> [v2:172.21.15.90:3300/0,v1:172.21.15.90:6789/0] -- mon_command({"prefix": "get_command_descriptions"} v 0) -- 0x7fcaa0063c20 con 0x7fcaa010a470
2024-04-02T14:24:38.561 INFO:teuthology.orchestra.run.smithi090.stdout:/usr/bin/ceph: stderr
2024-04-02T14:24:37.588+0000 7fca9cc00700 1 -- 172.21.15.90:0/4056756320 <== mon.0 v2:172.21.15.90:3300/0 4 ==== mgrmap(e 12) ==== 46571+0+0 (secure 0 0 0) 0x7fca90022020 con 0x7fcaa010a470
2024-04-02T14:24:38.561 INFO:teuthology.orchestra.run.smithi090.stdout:/usr/bin/ceph: stderr
2024-04-02T14:24:37.589+0000 7fca9cc00700 1 --2- 172.21.15.90:0/4056756320 >> [v2:172.21.15.90:6800/4266054817,v1:172.21.15.90:6801/4266054817] conn(0x7fca84039660 0x7fca8403bb20 unknown :-1 s=NONE pgs=0 cs=0 l=1 rev1=0 crypto rx=0 tx=0 comp rx=0 tx=0).connect
2024-04-02T14:24:38.561 INFO:teuthology.orchestra.run.smithi090.stdout:/usr/bin/ceph: stderr
2024-04-02T14:24:37.589+0000 7fca9cc00700 1 -- 172.21.15.90:0/4056756320 <== mon.0 v2:172.21.15.90:3300/0 5 ==== osd_map(3..3 src has 1..3) ==== 1155+0+0 (secure 0 0 0) 0x7fca9004dce0 con 0x7fcaa010a470
2024-04-02T14:24:38.561 INFO:teuthology.orchestra.run.smithi090.stdout:/usr/bin/ceph: stderr
2024-04-02T14:24:37.589+0000 7fca97e00700 1 --2- 172.21.15.90:0/4056756320 >> [v2:172.21.15.90:6800/4266054817,v1:172.21.15.90:6801/4266054817] conn(0x7fca84039660 0x7fca8403bb20 unknown :-1 s=BANNER_CONNECTING pgs=0 cs=0 l=1 rev1=0 crypto rx=0 tx=0 comp rx=0 tx=0)._handle_peer_banner_payload supported=3 required=0
2024-04-02T14:24:38.561 INFO:teuthology.orchestra.run.smithi090.stdout:/usr/bin/ceph: stderr
2024-04-02T14:24:37.590+0000 7fca97e00700 1 --2- 172.21.15.90:0/4056756320 >> [v2:172.21.15.90:6800/4266054817,v1:172.21.15.90:6801/4266054817] conn(0x7fca84039660 0x7fca8403bb20 secure :-1 s=READY pgs=7 cs=0 l=1 rev1=1 crypto rx=0x7fca88006fd0 tx=0x7fca88006e40 comp rx=0 tx=0).ready entity=mgr.14152 client_cookie=0 server_cookie=0 in_seq=0 out_seq=0
2024-04-02T14:24:38.561 INFO:teuthology.orchestra.run.smithi090.stdout:/usr/bin/ceph: stderr
2024-04-02T14:24:37.595+0000 7fca9cc00700 1 -- 172.21.15.90:0/4056756320 <== mon.0 v2:172.21.15.90:3300/0 6 ==== mon_command_ack([{"prefix": "get_command_descriptions"}]=0 v0) ==== 72+0+188173 (secure 0 0 0) 0x7fca9002d910 con 0x7fcaa010a470
2024-04-02T14:24:38.562 INFO:teuthology.orchestra.run.smithi090.stdout:/usr/bin/ceph: stderr
2024-04-02T14:24:37.837+0000 7fcaa6000700 1 -- 172.21.15.90:0/4056756320 --> [v2:172.21.15.90:6800/4266054817,v1:172.21.15.90:6801/4266054817] -- mgr_command(tid 0: {"prefix": "dashboard create-self-signed-cert", "target": ["mon-mgr", ""]}) -- 0x7fcaa0108220 con 0x7fca84039660
2024-04-02T14:24:38.562 INFO:teuthology.orchestra.run.smithi090.stdout:/usr/bin/ceph: stderr
2024-04-02T14:24:37.924+0000 7fca9cc00700 1 -- 172.21.15.90:0/4056756320 <== mgr.14152 v2:172.21.15.90:6800/4266054817 1 ==== mgr_command_reply(tid 0: 0 ) ==== 8+0+32 (secure 0 0 0) 0x7fcaa0108220 con 0x7fca84039660
2024-04-02T14:24:38.562 INFO:teuthology.orchestra.run.smithi090.stdout:/usr/bin/ceph: stderr
2024-04-02T14:24:37.927+0000 7fcaa6000700 1 -- 172.21.15.90:0/4056756320 >> [v2:172.21.15.90:6800/4266054817,v1:172.21.15.90:6801/4266054817] conn(0x7fca84039660 msgr2=0x7fca8403bb20 secure :-1 s=STATE_CONNECTION_ESTABLISHED l=1).mark_down
2024-04-02T14:24:38.562 INFO:teuthology.orchestra.run.smithi090.stdout:/usr/bin/ceph: stderr
2024-04-02T14:24:37.927+0000 7fcaa6000700 1 --2- 172.21.15.90:0/4056756320 >> [v2:172.21.15.90:6800/4266054817,v1:172.21.15.90:6801/4266054817] conn(0x7fca84039660 0x7fca8403bb20 secure :-1 s=READY pgs=7 cs=0 l=1 rev1=1 crypto rx=0x7fca88006fd0 tx=0x7fca88006e40 comp rx=0 tx=0).stop
2024-04-02T14:24:38.562 INFO:teuthology.orchestra.run.smithi090.stdout:/usr/bin/ceph: stderr
2024-04-02T14:24:37.927+0000 7fcaa6000700 1 -- 172.21.15.90:0/4056756320 >> [v2:172.21.15.90:3300/0,v1:172.21.15.90:6789/0] conn(0x7fcaa010a470 msgr2=0x7fcaa019e320 secure :-1 s=STATE_CONNECTION_ESTABLISHED l=1).mark_down
2024-04-02T14:24:38.562 INFO:teuthology.orchestra.run.smithi090.stdout:/usr/bin/ceph: stderr
2024-04-02T14:24:37.927+0000 7fcaa6000700 1 --2- 172.21.15.90:0/4056756320 >> [v2:172.21.15.90:3300/0,v1:172.21.15.90:6789/0] conn(0x7fcaa010a470 0x7fcaa019e320 secure :-1 s=READY pgs=71 cs=0 l=1 rev1=1 crypto rx=0x7fca900117e0 tx=0x7fca90011ba0 comp rx=0 tx=0).stop
2024-04-02T14:24:38.562 INFO:teuthology.orchestra.run.smithi090.stdout:/usr/bin/ceph: stderr
2024-04-02T14:24:37.927+0000 7fcaa6000700 1 -- 172.21.15.90:0/4056756320 shutdown_connections
2024-04-02T14:24:38.562 INFO:teuthology.orchestra.run.smithi090.stdout:/usr/bin/ceph: stderr
2024-04-02T14:24:37.927+0000 7fcaa6000700 1 --2- 172.21.15.90:0/4056756320 >> [v2:172.21.15.90:6800/4266054817,v1:172.21.15.90:6801/4266054817] conn(0x7fca84039660 0x7fca8403bb20 unknown :-1 s=CLOSED pgs=7 cs=0 l=1 rev1=1 crypto rx=0 tx=0 comp rx=0 tx=0).stop
2024-04-02T14:24:38.563 INFO:teuthology.orchestra.run.smithi090.stdout:/usr/bin/ceph: stderr
2024-04-02T14:24:37.927+0000 7fcaa6000700 1 --2- 172.21.15.90:0/4056756320 >> [v2:172.21.15.90:3300/0,v1:172.21.15.90:6789/0] conn(0x7fcaa010a470 0x7fcaa019e320 unknown :-1 s=CLOSED pgs=71 cs=0 l=1 rev1=1 crypto rx=0 tx=0 comp rx=0 tx=0).stop
2024-04-02T14:24:38.563 INFO:teuthology.orchestra.run.smithi090.stdout:/usr/bin/ceph: stderr
2024-04-02T14:24:37.927+0000 7fcaa6000700 1 -- 172.21.15.90:0/4056756320 >> 172.21.15.90:0/4056756320 conn(0x7fcaa007d980 msgr2=0x7fcaa0107b10 unknown :-1 s=STATE_NONE l=0).mark_down
2024-04-02T14:24:38.563 INFO:teuthology.orchestra.run.smithi090.stdout:/usr/bin/ceph: stderr
2024-04-02T14:24:37.927+0000 7fcaa6000700 1 -- 172.21.15.90:0/4056756320 shutdown_connections
2024-04-02T14:24:38.563 INFO:teuthology.orchestra.run.smithi090.stdout:/usr/bin/ceph: stderr
2024-04-02T14:24:37.927+0000 7fcaa6000700 1 -- 172.21.15.90:0/4056756320 wait complete.
2024-04-02T14:24:38.563 INFO:teuthology.orchestra.run.smithi090.stdout:Creating initial admin user...
2024-04-02T14:24:39.094 INFO:journalctl@ceph.mon.a.smithi090.stdout:Apr 02 14:24:38 smithi090 ceph-mon[31674]: from='client.14164 -' entity='client.admin' cmd=[{"prefix": "dashboard create-self-signed-cert", "target": ["mon-mgr", ""]}]: dispatch
2024-04-02T14:24:39.094 INFO:journalctl@ceph.mon.a.smithi090.stdout:Apr 02 14:24:38 smithi090 ceph-mon[31674]: from='mgr.14152 172.21.15.90:0/1350519148' entity='mgr.x'
2024-04-02T14:24:39.094 INFO:journalctl@ceph.mon.a.smithi090.stdout:Apr 02 14:24:38 smithi090 ceph-mon[31674]: from='mgr.14152 172.21.15.90:0/1350519148' entity='mgr.x'
2024-04-02T14:24:40.351 INFO:teuthology.orchestra.run.smithi090.stdout:/usr/bin/ceph: stdout {"username": "admin", "password": "$2b$12$oibc/BCXeBOqlbA4Oig0Du9vGE8BXKE7nN9eUPhdTafxphx/VAxj6", "roles": ["administrator"], "name": null, "email": null, "lastUpdate": 1712067879, "enabled": true, "pwdExpirationDate": null, "pwdUpdateRequired": true}
2024-04-02T14:24:40.352 INFO:teuthology.orchestra.run.smithi090.stdout:/usr/bin/ceph: stderr
2024-04-02T14:24:39.185+0000 7f529f200700 1 Processor -- start
2024-04-02T14:24:40.352 INFO:teuthology.orchestra.run.smithi090.stdout:/usr/bin/ceph: stderr
2024-04-02T14:24:39.186+0000 7f529f200700 1 -- start start
2024-04-02T14:24:40.352 INFO:teuthology.orchestra.run.smithi090.stdout:/usr/bin/ceph: stderr
2024-04-02T14:24:39.186+0000 7f529f200700 1 --2- >> [v2:172.21.15.90:3300/0,v1:172.21.15.90:6789/0] conn(0x7f5298107170 0x7f5298107590 unknown :-1 s=NONE pgs=0 cs=0 l=0 rev1=0 crypto rx=0 tx=0 comp rx=0 tx=0).connect
2024-04-02T14:24:40.352 INFO:teuthology.orchestra.run.smithi090.stdout:/usr/bin/ceph: stderr
2024-04-02T14:24:39.186+0000 7f529f200700 1 -- --> [v2:172.21.15.90:3300/0,v1:172.21.15.90:6789/0] -- mon_getmap magic: 0 -- 0x7f5298107b60 con 0x7f5298107170
2024-04-02T14:24:40.352 INFO:teuthology.orchestra.run.smithi090.stdout:/usr/bin/ceph: stderr
2024-04-02T14:24:39.186+0000 7f5297e00700 1 --2- >> [v2:172.21.15.90:3300/0,v1:172.21.15.90:6789/0] conn(0x7f5298107170 0x7f5298107590 unknown :-1 s=BANNER_CONNECTING pgs=0 cs=0 l=0 rev1=0 crypto rx=0 tx=0 comp rx=0 tx=0)._handle_peer_banner_payload supported=3 required=0
2024-04-02T14:24:40.352 INFO:teuthology.orchestra.run.smithi090.stdout:/usr/bin/ceph: stderr
2024-04-02T14:24:39.187+0000 7f5297e00700 1 --2- >> [v2:172.21.15.90:3300/0,v1:172.21.15.90:6789/0] conn(0x7f5298107170 0x7f5298107590 unknown :-1 s=HELLO_CONNECTING pgs=0 cs=0 l=0 rev1=1 crypto rx=0 tx=0 comp rx=0 tx=0).handle_hello peer v2:172.21.15.90:3300/0 says I am v2:172.21.15.90:46770/0 (socket says 172.21.15.90:46770)
2024-04-02T14:24:40.354 INFO:teuthology.orchestra.run.smithi090.stdout:/usr/bin/ceph: stderr
2024-04-02T14:24:39.187+0000 7f5297e00700 1 -- 172.21.15.90:0/3121453375 learned_addr learned my addr 172.21.15.90:0/3121453375 (peer_addr_for_me v2:172.21.15.90:0/0)
2024-04-02T14:24:40.354 INFO:teuthology.orchestra.run.smithi090.stdout:/usr/bin/ceph: stderr
2024-04-02T14:24:39.187+0000 7f5297e00700 1 -- 172.21.15.90:0/3121453375 --> [v2:172.21.15.90:3300/0,v1:172.21.15.90:6789/0] -- mon_subscribe({config=0+,monmap=0+}) -- 0x7f5298108370 con 0x7f5298107170
2024-04-02T14:24:40.354 INFO:teuthology.orchestra.run.smithi090.stdout:/usr/bin/ceph: stderr
2024-04-02T14:24:39.187+0000 7f5297e00700 1 --2- 172.21.15.90:0/3121453375 >> [v2:172.21.15.90:3300/0,v1:172.21.15.90:6789/0] conn(0x7f5298107170 0x7f5298107590 secure :-1 s=READY pgs=72 cs=0 l=1 rev1=1 crypto rx=0x7f52880098a0 tx=0x7f5288009bb0 comp rx=0 tx=0).ready entity=mon.0 client_cookie=76bc4ffe2f601d1b server_cookie=0 in_seq=0 out_seq=0
2024-04-02T14:24:40.354 INFO:teuthology.orchestra.run.smithi090.stdout:/usr/bin/ceph: stderr
2024-04-02T14:24:39.188+0000 7f5296a00700 1 -- 172.21.15.90:0/3121453375 <== mon.0 v2:172.21.15.90:3300/0 1 ==== mon_map magic: 0 ==== 205+0+0 (secure 0 0 0) 0x7f5288004160 con 0x7f5298107170
2024-04-02T14:24:40.354 INFO:teuthology.orchestra.run.smithi090.stdout:/usr/bin/ceph: stderr
2024-04-02T14:24:39.188+0000 7f5296a00700 1 -- 172.21.15.90:0/3121453375 <== mon.0 v2:172.21.15.90:3300/0 2 ==== config(27 keys) ==== 1140+0+0 (secure 0 0 0) 0x7f5288004300 con 0x7f5298107170
2024-04-02T14:24:40.354 INFO:teuthology.orchestra.run.smithi090.stdout:/usr/bin/ceph: stderr
2024-04-02T14:24:39.188+0000 7f5296a00700 1 -- 172.21.15.90:0/3121453375 <== mon.0 v2:172.21.15.90:3300/0 3 ==== mon_map magic: 0 ==== 205+0+0 (secure 0 0 0) 0x7f5288011b20 con 0x7f5298107170
2024-04-02T14:24:40.354 INFO:teuthology.orchestra.run.smithi090.stdout:/usr/bin/ceph: stderr
2024-04-02T14:24:39.188+0000 7f529f200700 1 -- 172.21.15.90:0/3121453375 >> [v2:172.21.15.90:3300/0,v1:172.21.15.90:6789/0] conn(0x7f5298107170 msgr2=0x7f5298107590 secure :-1 s=STATE_CONNECTION_ESTABLISHED l=1).mark_down
2024-04-02T14:24:40.354 INFO:teuthology.orchestra.run.smithi090.stdout:/usr/bin/ceph: stderr
2024-04-02T14:24:39.188+0000 7f529f200700 1 --2- 172.21.15.90:0/3121453375 >> [v2:172.21.15.90:3300/0,v1:172.21.15.90:6789/0] conn(0x7f5298107170 0x7f5298107590 secure :-1 s=READY pgs=72 cs=0 l=1 rev1=1 crypto rx=0x7f52880098a0 tx=0x7f5288009bb0 comp rx=0 tx=0).stop
2024-04-02T14:24:40.354 INFO:teuthology.orchestra.run.smithi090.stdout:/usr/bin/ceph: stderr
2024-04-02T14:24:39.189+0000 7f529f200700 1 -- 172.21.15.90:0/3121453375 shutdown_connections
2024-04-02T14:24:40.354 INFO:teuthology.orchestra.run.smithi090.stdout:/usr/bin/ceph: stderr
2024-04-02T14:24:39.189+0000 7f529f200700 1 --2- 172.21.15.90:0/3121453375 >> [v2:172.21.15.90:3300/0,v1:172.21.15.90:6789/0] conn(0x7f5298107170 0x7f5298107590 unknown :-1 s=CLOSED pgs=72 cs=0 l=1 rev1=1 crypto rx=0 tx=0 comp rx=0 tx=0).stop
2024-04-02T14:24:40.354 INFO:teuthology.orchestra.run.smithi090.stdout:/usr/bin/ceph: stderr
2024-04-02T14:24:39.189+0000 7f529f200700 1 -- 172.21.15.90:0/3121453375 >> 172.21.15.90:0/3121453375 conn(0x7f5298102730 msgr2=0x7f5298104b50 unknown :-1 s=STATE_NONE l=0).mark_down
2024-04-02T14:24:40.355 INFO:teuthology.orchestra.run.smithi090.stdout:/usr/bin/ceph: stderr
2024-04-02T14:24:39.189+0000 7f529f200700 1 -- 172.21.15.90:0/3121453375 shutdown_connections
2024-04-02T14:24:40.357 INFO:teuthology.orchestra.run.smithi090.stdout:/usr/bin/ceph: stderr
2024-04-02T14:24:39.189+0000 7f529f200700 1 -- 172.21.15.90:0/3121453375 wait complete.
2024-04-02T14:24:40.357 INFO:teuthology.orchestra.run.smithi090.stdout:/usr/bin/ceph: stderr
2024-04-02T14:24:39.190+0000 7f529f200700 1 Processor -- start
2024-04-02T14:24:40.357 INFO:teuthology.orchestra.run.smithi090.stdout:/usr/bin/ceph: stderr
2024-04-02T14:24:39.190+0000 7f529f200700 1 -- start start
2024-04-02T14:24:40.357 INFO:teuthology.orchestra.run.smithi090.stdout:/usr/bin/ceph: stderr
2024-04-02T14:24:39.190+0000 7f529f200700 1 --2- >> [v2:172.21.15.90:3300/0,v1:172.21.15.90:6789/0] conn(0x7f5298107170 0x7f529819e420 unknown :-1 s=NONE pgs=0 cs=0 l=1 rev1=0 crypto rx=0 tx=0 comp rx=0 tx=0).connect
2024-04-02T14:24:40.357 INFO:teuthology.orchestra.run.smithi090.stdout:/usr/bin/ceph: stderr
2024-04-02T14:24:39.190+0000 7f529f200700 1 -- --> [v2:172.21.15.90:3300/0,v1:172.21.15.90:6789/0] -- mon_getmap magic: 0 -- 0x7f529810b720 con 0x7f5298107170
2024-04-02T14:24:40.358 INFO:teuthology.orchestra.run.smithi090.stdout:/usr/bin/ceph: stderr
2024-04-02T14:24:39.190+0000 7f5297e00700 1 --2- >> [v2:172.21.15.90:3300/0,v1:172.21.15.90:6789/0] conn(0x7f5298107170 0x7f529819e420 unknown :-1 s=BANNER_CONNECTING pgs=0 cs=0 l=1 rev1=0 crypto rx=0 tx=0 comp rx=0 tx=0)._handle_peer_banner_payload supported=3 required=0
2024-04-02T14:24:40.358 INFO:teuthology.orchestra.run.smithi090.stdout:/usr/bin/ceph: stderr
2024-04-02T14:24:39.191+0000 7f5297e00700 1 --2- >> [v2:172.21.15.90:3300/0,v1:172.21.15.90:6789/0] conn(0x7f5298107170 0x7f529819e420 unknown :-1 s=HELLO_CONNECTING pgs=0 cs=0 l=1 rev1=1 crypto rx=0 tx=0 comp rx=0 tx=0).handle_hello peer v2:172.21.15.90:3300/0 says I am v2:172.21.15.90:46780/0 (socket says 172.21.15.90:46780)
2024-04-02T14:24:40.358 INFO:teuthology.orchestra.run.smithi090.stdout:/usr/bin/ceph: stderr
2024-04-02T14:24:39.191+0000 7f5297e00700 1 -- 172.21.15.90:0/1336675932 learned_addr learned my addr 172.21.15.90:0/1336675932 (peer_addr_for_me v2:172.21.15.90:0/0)
2024-04-02T14:24:40.358 INFO:teuthology.orchestra.run.smithi090.stdout:/usr/bin/ceph: stderr
2024-04-02T14:24:39.191+0000 7f5297e00700 1 -- 172.21.15.90:0/1336675932 --> [v2:172.21.15.90:3300/0,v1:172.21.15.90:6789/0] -- mon_subscribe({config=0+,monmap=0+}) -- 0x7f529819e960 con 0x7f5298107170
2024-04-02T14:24:40.358 INFO:teuthology.orchestra.run.smithi090.stdout:/usr/bin/ceph: stderr
2024-04-02T14:24:39.191+0000 7f5297e00700 1 --2- 172.21.15.90:0/1336675932 >> [v2:172.21.15.90:3300/0,v1:172.21.15.90:6789/0] conn(0x7f5298107170 0x7f529819e420 secure :-1 s=READY pgs=73 cs=0 l=1 rev1=1 crypto rx=0x7f5288000c00 tx=0x7f5288011c10 comp rx=0 tx=0).ready entity=mon.0 client_cookie=0 server_cookie=0 in_seq=0 out_seq=0
2024-04-02T14:24:40.358 INFO:teuthology.orchestra.run.smithi090.stdout:/usr/bin/ceph: stderr
2024-04-02T14:24:39.191+0000 7f5294c00700 1 -- 172.21.15.90:0/1336675932 <== mon.0 v2:172.21.15.90:3300/0 1 ==== mon_map magic: 0 ==== 205+0+0 (secure 0 0 0) 0x7f5288003b60 con 0x7f5298107170
2024-04-02T14:24:40.358 INFO:teuthology.orchestra.run.smithi090.stdout:/usr/bin/ceph: stderr
2024-04-02T14:24:39.192+0000 7f5294c00700 1 -- 172.21.15.90:0/1336675932 <== mon.0 v2:172.21.15.90:3300/0 2 ==== config(27 keys) ==== 1140+0+0 (secure 0 0 0) 0x7f528801a910 con 0x7f5298107170
2024-04-02T14:24:40.358 INFO:teuthology.orchestra.run.smithi090.stdout:/usr/bin/ceph: stderr
2024-04-02T14:24:39.192+0000 7f5294c00700 1 -- 172.21.15.90:0/1336675932 <== mon.0 v2:172.21.15.90:3300/0 3 ==== mon_map magic: 0 ==== 205+0+0 (secure 0 0 0) 0x7f5288024930 con 0x7f5298107170
2024-04-02T14:24:40.358 INFO:teuthology.orchestra.run.smithi090.stdout:/usr/bin/ceph: stderr
2024-04-02T14:24:39.192+0000 7f529f200700 1 -- 172.21.15.90:0/1336675932 --> [v2:172.21.15.90:3300/0,v1:172.21.15.90:6789/0] -- mon_subscribe({mgrmap=0+}) -- 0x7f529819ebf0 con 0x7f5298107170
2024-04-02T14:24:40.358 INFO:teuthology.orchestra.run.smithi090.stdout:/usr/bin/ceph: stderr
2024-04-02T14:24:39.192+0000 7f529f200700 1 -- 172.21.15.90:0/1336675932 --> [v2:172.21.15.90:3300/0,v1:172.21.15.90:6789/0] -- mon_subscribe({osdmap=0}) -- 0x7f529819f050 con 0x7f5298107170
2024-04-02T14:24:40.358 INFO:teuthology.orchestra.run.smithi090.stdout:/usr/bin/ceph: stderr
2024-04-02T14:24:39.193+0000 7f5294c00700 1 -- 172.21.15.90:0/1336675932 <== mon.0 v2:172.21.15.90:3300/0 4 ==== mgrmap(e 12) ==== 46571+0+0 (secure 0 0 0) 0x7f5288022020 con 0x7f5298107170
2024-04-02T14:24:40.358 INFO:teuthology.orchestra.run.smithi090.stdout:/usr/bin/ceph: stderr
2024-04-02T14:24:39.193+0000 7f529f200700 1 -- 172.21.15.90:0/1336675932 --> [v2:172.21.15.90:3300/0,v1:172.21.15.90:6789/0] -- mon_command({"prefix": "get_command_descriptions"} v 0) -- 0x7f5298063c20 con 0x7f5298107170
2024-04-02T14:24:40.358 INFO:teuthology.orchestra.run.smithi090.stdout:/usr/bin/ceph: stderr
2024-04-02T14:24:39.193+0000 7f5294c00700 1 --2- 172.21.15.90:0/1336675932 >> [v2:172.21.15.90:6800/4266054817,v1:172.21.15.90:6801/4266054817] conn(0x7f527c039660 0x7f527c03bb20 unknown :-1 s=NONE pgs=0 cs=0 l=1 rev1=0 crypto rx=0 tx=0 comp rx=0 tx=0).connect
2024-04-02T14:24:40.359 INFO:teuthology.orchestra.run.smithi090.stdout:/usr/bin/ceph: stderr
2024-04-02T14:24:39.193+0000 7f5294c00700 1 -- 172.21.15.90:0/1336675932 <== mon.0 v2:172.21.15.90:3300/0 5 ==== osd_map(3..3 src has 1..3) ==== 1155+0+0 (secure 0 0 0) 0x7f528804dc20 con 0x7f5298107170
2024-04-02T14:24:40.359 INFO:teuthology.orchestra.run.smithi090.stdout:/usr/bin/ceph: stderr
