2024-04-02T14:33:24.835 INFO:teuthology.orchestra.run.smithi062.stdout:/usr/bin/ceph: stderr
2024-04-02T14:33:24.106+0000 7fa547600700 1 -- 172.21.15.62:0/1867395216 >> [v2:172.21.15.62:6800/1995176952,v1:172.21.15.62:6801/1995176952] conn(0x7fa528039660 msgr2=0x7fa52803bb20 secure :-1 s=STATE_CONNECTION_ESTABLISHED l=1).mark_down
2024-04-02T14:33:24.835 INFO:teuthology.orchestra.run.smithi062.stdout:/usr/bin/ceph: stderr
2024-04-02T14:33:24.106+0000 7fa547600700 1 --2- 172.21.15.62:0/1867395216 >> [v2:172.21.15.62:6800/1995176952,v1:172.21.15.62:6801/1995176952] conn(0x7fa528039660 0x7fa52803bb20 secure :-1 s=READY pgs=8 cs=0 l=1 rev1=1 crypto rx=0x7fa52c006fd0 tx=0x7fa52c006e40 comp rx=0 tx=0).stop
2024-04-02T14:33:24.835 INFO:teuthology.orchestra.run.smithi062.stdout:/usr/bin/ceph: stderr
2024-04-02T14:33:24.106+0000 7fa547600700 1 -- 172.21.15.62:0/1867395216 >> [v2:172.21.15.62:3300/0,v1:172.21.15.62:6789/0] conn(0x7fa540106b80 msgr2=0x7fa54019e4b0 secure :-1 s=STATE_CONNECTION_ESTABLISHED l=1).mark_down
2024-04-02T14:33:24.835 INFO:teuthology.orchestra.run.smithi062.stdout:/usr/bin/ceph: stderr
2024-04-02T14:33:24.106+0000 7fa547600700 1 --2- 172.21.15.62:0/1867395216 >> [v2:172.21.15.62:3300/0,v1:172.21.15.62:6789/0] conn(0x7fa540106b80 0x7fa54019e4b0 secure :-1 s=READY pgs=73 cs=0 l=1 rev1=1 crypto rx=0x7fa534000c00 tx=0x7fa534011ca0 comp rx=0 tx=0).stop
2024-04-02T14:33:24.835 INFO:teuthology.orchestra.run.smithi062.stdout:/usr/bin/ceph: stderr
2024-04-02T14:33:24.107+0000 7fa547600700 1 -- 172.21.15.62:0/1867395216 shutdown_connections
2024-04-02T14:33:24.835 INFO:teuthology.orchestra.run.smithi062.stdout:/usr/bin/ceph: stderr
2024-04-02T14:33:24.107+0000 7fa547600700 1 --2- 172.21.15.62:0/1867395216 >> [v2:172.21.15.62:6800/1995176952,v1:172.21.15.62:6801/1995176952] conn(0x7fa528039660 0x7fa52803bb20 unknown :-1 s=CLOSED pgs=8 cs=0 l=1 rev1=1 crypto rx=0 tx=0 comp rx=0 tx=0).stop
2024-04-02T14:33:24.835 INFO:teuthology.orchestra.run.smithi062.stdout:/usr/bin/ceph: stderr
2024-04-02T14:33:24.107+0000 7fa547600700 1 --2- 172.21.15.62:0/1867395216 >> [v2:172.21.15.62:3300/0,v1:172.21.15.62:6789/0] conn(0x7fa540106b80 0x7fa54019e4b0 unknown :-1 s=CLOSED pgs=73 cs=0 l=1 rev1=1 crypto rx=0 tx=0 comp rx=0 tx=0).stop
2024-04-02T14:33:24.835 INFO:teuthology.orchestra.run.smithi062.stdout:/usr/bin/ceph: stderr
2024-04-02T14:33:24.107+0000 7fa547600700 1 -- 172.21.15.62:0/1867395216 >> 172.21.15.62:0/1867395216 conn(0x7fa540102780 msgr2=0x7fa5401951d0 unknown :-1 s=STATE_NONE l=0).mark_down
2024-04-02T14:33:24.835 INFO:teuthology.orchestra.run.smithi062.stdout:/usr/bin/ceph: stderr
2024-04-02T14:33:24.107+0000 7fa547600700 1 -- 172.21.15.62:0/1867395216 shutdown_connections
2024-04-02T14:33:24.835 INFO:teuthology.orchestra.run.smithi062.stdout:/usr/bin/ceph: stderr
2024-04-02T14:33:24.107+0000 7fa547600700 1 -- 172.21.15.62:0/1867395216 wait complete.
2024-04-02T14:33:24.835 INFO:teuthology.orchestra.run.smithi062.stdout:Fetching dashboard port number...
2024-04-02T14:33:25.357 INFO:journalctl@ceph.mon.a.smithi062.stdout:Apr 02 14:33:25 smithi062 ceph-mon[32116]: from='client.14166 -' entity='client.admin' cmd=[{"prefix": "dashboard ac-user-create", "username": "admin", "rolename": "administrator", "force_password": true, "pwd_update_required": true, "target": ["mon-mgr", ""]}]: dispatch
2024-04-02T14:33:25.357 INFO:journalctl@ceph.mon.a.smithi062.stdout:Apr 02 14:33:25 smithi062 ceph-mon[32116]: from='mgr.14152 172.21.15.62:0/1603320989' entity='mgr.x'
2024-04-02T14:33:25.358 INFO:journalctl@ceph.mon.a.smithi062.stdout:Apr 02 14:33:25 smithi062 ceph-mon[32116]: from='mgr.14152 172.21.15.62:0/1603320989' entity='mgr.x'
2024-04-02T14:33:26.344 INFO:journalctl@ceph.mon.a.smithi062.stdout:Apr 02 14:33:26 smithi062 ceph-mon[32116]: from='client.? 172.21.15.62:0/1402991668' entity='client.admin' cmd=[{"prefix": "config get", "who": "mgr", "key": "mgr/dashboard/ssl_server_port"}]: dispatch
2024-04-02T14:33:26.757 INFO:teuthology.orchestra.run.smithi062.stdout:/usr/bin/ceph: stdout 8443
2024-04-02T14:33:26.757 INFO:teuthology.orchestra.run.smithi062.stdout:/usr/bin/ceph: stderr
2024-04-02T14:33:25.415+0000 7fdc64000700 1 Processor -- start
2024-04-02T14:33:26.757 INFO:teuthology.orchestra.run.smithi062.stdout:/usr/bin/ceph: stderr
2024-04-02T14:33:25.415+0000 7fdc64000700 1 -- start start
2024-04-02T14:33:26.757 INFO:teuthology.orchestra.run.smithi062.stdout:/usr/bin/ceph: stderr
2024-04-02T14:33:25.415+0000 7fdc64000700 1 --2- >> [v2:172.21.15.62:3300/0,v1:172.21.15.62:6789/0] conn(0x7fdc5c108320 0x7fdc5c108740 unknown :-1 s=NONE pgs=0 cs=0 l=0 rev1=0 crypto rx=0 tx=0 comp rx=0 tx=0).connect
2024-04-02T14:33:26.757 INFO:teuthology.orchestra.run.smithi062.stdout:/usr/bin/ceph: stderr
2024-04-02T14:33:25.415+0000 7fdc64000700 1 -- --> [v2:172.21.15.62:3300/0,v1:172.21.15.62:6789/0] -- mon_getmap magic: 0 -- 0x7fdc5c108d10 con 0x7fdc5c108320
2024-04-02T14:33:26.757 INFO:teuthology.orchestra.run.smithi062.stdout:/usr/bin/ceph: stderr
2024-04-02T14:33:25.416+0000 7fdc61600700 1 --2- >> [v2:172.21.15.62:3300/0,v1:172.21.15.62:6789/0] conn(0x7fdc5c108320 0x7fdc5c108740 unknown :-1 s=BANNER_CONNECTING pgs=0 cs=0 l=0 rev1=0 crypto rx=0 tx=0 comp rx=0 tx=0)._handle_peer_banner_payload supported=3 required=0
2024-04-02T14:33:26.757 INFO:teuthology.orchestra.run.smithi062.stdout:/usr/bin/ceph: stderr
2024-04-02T14:33:25.416+0000 7fdc61600700 1 --2- >> [v2:172.21.15.62:3300/0,v1:172.21.15.62:6789/0] conn(0x7fdc5c108320 0x7fdc5c108740 unknown :-1 s=HELLO_CONNECTING pgs=0 cs=0 l=0 rev1=1 crypto rx=0 tx=0 comp rx=0 tx=0).handle_hello peer v2:172.21.15.62:3300/0 says I am v2:172.21.15.62:50186/0 (socket says 172.21.15.62:50186)
2024-04-02T14:33:26.757 INFO:teuthology.orchestra.run.smithi062.stdout:/usr/bin/ceph: stderr
2024-04-02T14:33:25.416+0000 7fdc61600700 1 -- 172.21.15.62:0/3916108149 learned_addr learned my addr 172.21.15.62:0/3916108149 (peer_addr_for_me v2:172.21.15.62:0/0)
2024-04-02T14:33:26.758 INFO:teuthology.orchestra.run.smithi062.stdout:/usr/bin/ceph: stderr
2024-04-02T14:33:25.417+0000 7fdc61600700 1 -- 172.21.15.62:0/3916108149 --> [v2:172.21.15.62:3300/0,v1:172.21.15.62:6789/0] -- mon_subscribe({config=0+,monmap=0+}) -- 0x7fdc5c109520 con 0x7fdc5c108320
2024-04-02T14:33:26.758 INFO:teuthology.orchestra.run.smithi062.stdout:/usr/bin/ceph: stderr
2024-04-02T14:33:25.417+0000 7fdc61600700 1 --2- 172.21.15.62:0/3916108149 >> [v2:172.21.15.62:3300/0,v1:172.21.15.62:6789/0] conn(0x7fdc5c108320 0x7fdc5c108740 secure :-1 s=READY pgs=74 cs=0 l=1 rev1=1 crypto rx=0x7fdc500098a0 tx=0x7fdc50009bb0 comp rx=0 tx=0).ready entity=mon.0 client_cookie=d3d31eeec3dea7db server_cookie=0 in_seq=0 out_seq=0
2024-04-02T14:33:26.758 INFO:teuthology.orchestra.run.smithi062.stdout:/usr/bin/ceph: stderr
2024-04-02T14:33:25.417+0000 7fdc5be00700 1 -- 172.21.15.62:0/3916108149 <== mon.0 v2:172.21.15.62:3300/0 1 ==== mon_map magic: 0 ==== 205+0+0 (secure 0 0 0) 0x7fdc50004160 con 0x7fdc5c108320
2024-04-02T14:33:26.758 INFO:teuthology.orchestra.run.smithi062.stdout:/usr/bin/ceph: stderr
2024-04-02T14:33:25.417+0000 7fdc5be00700 1 -- 172.21.15.62:0/3916108149 <== mon.0 v2:172.21.15.62:3300/0 2 ==== config(28 keys) ==== 1174+0+0 (secure 0 0 0) 0x7fdc50004300 con 0x7fdc5c108320
2024-04-02T14:33:26.758 INFO:teuthology.orchestra.run.smithi062.stdout:/usr/bin/ceph: stderr
2024-04-02T14:33:25.417+0000 7fdc5be00700 1 -- 172.21.15.62:0/3916108149 <== mon.0 v2:172.21.15.62:3300/0 3 ==== mon_map magic: 0 ==== 205+0+0 (secure 0 0 0) 0x7fdc50011bb0 con 0x7fdc5c108320
2024-04-02T14:33:26.763 INFO:teuthology.orchestra.run.smithi062.stdout:/usr/bin/ceph: stderr
2024-04-02T14:33:25.418+0000 7fdc64000700 1 -- 172.21.15.62:0/3916108149 >> [v2:172.21.15.62:3300/0,v1:172.21.15.62:6789/0] conn(0x7fdc5c108320 msgr2=0x7fdc5c108740 secure :-1 s=STATE_CONNECTION_ESTABLISHED l=1).mark_down
2024-04-02T14:33:26.763 INFO:teuthology.orchestra.run.smithi062.stdout:/usr/bin/ceph: stderr
2024-04-02T14:33:25.418+0000 7fdc64000700 1 --2- 172.21.15.62:0/3916108149 >> [v2:172.21.15.62:3300/0,v1:172.21.15.62:6789/0] conn(0x7fdc5c108320 0x7fdc5c108740 secure :-1 s=READY pgs=74 cs=0 l=1 rev1=1 crypto rx=0x7fdc500098a0 tx=0x7fdc50009bb0 comp rx=0 tx=0).stop
2024-04-02T14:33:26.763 INFO:teuthology.orchestra.run.smithi062.stdout:/usr/bin/ceph: stderr
2024-04-02T14:33:25.419+0000 7fdc64000700 1 -- 172.21.15.62:0/3916108149 shutdown_connections
2024-04-02T14:33:26.763 INFO:teuthology.orchestra.run.smithi062.stdout:/usr/bin/ceph: stderr
2024-04-02T14:33:25.419+0000 7fdc64000700 1 --2- 172.21.15.62:0/3916108149 >> [v2:172.21.15.62:3300/0,v1:172.21.15.62:6789/0] conn(0x7fdc5c108320 0x7fdc5c108740 unknown :-1 s=CLOSED pgs=74 cs=0 l=1 rev1=1 crypto rx=0 tx=0 comp rx=0 tx=0).stop
2024-04-02T14:33:26.763 INFO:teuthology.orchestra.run.smithi062.stdout:/usr/bin/ceph: stderr
2024-04-02T14:33:25.419+0000 7fdc64000700 1 -- 172.21.15.62:0/3916108149 >> 172.21.15.62:0/3916108149 conn(0x7fdc5c1038e0 msgr2=0x7fdc5c105d00 unknown :-1 s=STATE_NONE l=0).mark_down
2024-04-02T14:33:26.763 INFO:teuthology.orchestra.run.smithi062.stdout:/usr/bin/ceph: stderr
2024-04-02T14:33:25.419+0000 7fdc64000700 1 -- 172.21.15.62:0/3916108149 shutdown_connections
2024-04-02T14:33:26.763 INFO:teuthology.orchestra.run.smithi062.stdout:/usr/bin/ceph: stderr
2024-04-02T14:33:25.419+0000 7fdc64000700 1 -- 172.21.15.62:0/3916108149 wait complete.
2024-04-02T14:33:26.763 INFO:teuthology.orchestra.run.smithi062.stdout:/usr/bin/ceph: stderr
2024-04-02T14:33:25.420+0000 7fdc64000700 1 Processor -- start
2024-04-02T14:33:26.763 INFO:teuthology.orchestra.run.smithi062.stdout:/usr/bin/ceph: stderr
2024-04-02T14:33:25.420+0000 7fdc64000700 1 -- start start
2024-04-02T14:33:26.763 INFO:teuthology.orchestra.run.smithi062.stdout:/usr/bin/ceph: stderr
2024-04-02T14:33:25.420+0000 7fdc64000700 1 --2- >> [v2:172.21.15.62:3300/0,v1:172.21.15.62:6789/0] conn(0x7fdc5c108320 0x7fdc5c19c2e0 unknown :-1 s=NONE pgs=0 cs=0 l=1 rev1=0 crypto rx=0 tx=0 comp rx=0 tx=0).connect
2024-04-02T14:33:26.763 INFO:teuthology.orchestra.run.smithi062.stdout:/usr/bin/ceph: stderr
2024-04-02T14:33:25.421+0000 7fdc64000700 1 -- --> [v2:172.21.15.62:3300/0,v1:172.21.15.62:6789/0] -- mon_getmap magic: 0 -- 0x7fdc5c10c8d0 con 0x7fdc5c108320
2024-04-02T14:33:26.763 INFO:teuthology.orchestra.run.smithi062.stdout:/usr/bin/ceph: stderr
2024-04-02T14:33:25.421+0000 7fdc61600700 1 --2- >> [v2:172.21.15.62:3300/0,v1:172.21.15.62:6789/0] conn(0x7fdc5c108320 0x7fdc5c19c2e0 unknown :-1 s=BANNER_CONNECTING pgs=0 cs=0 l=1 rev1=0 crypto rx=0 tx=0 comp rx=0 tx=0)._handle_peer_banner_payload supported=3 required=0
2024-04-02T14:33:26.764 INFO:teuthology.orchestra.run.smithi062.stdout:/usr/bin/ceph: stderr
2024-04-02T14:33:25.421+0000 7fdc61600700 1 --2- >> [v2:172.21.15.62:3300/0,v1:172.21.15.62:6789/0] conn(0x7fdc5c108320 0x7fdc5c19c2e0 unknown :-1 s=HELLO_CONNECTING pgs=0 cs=0 l=1 rev1=1 crypto rx=0 tx=0 comp rx=0 tx=0).handle_hello peer v2:172.21.15.62:3300/0 says I am v2:172.21.15.62:50196/0 (socket says 172.21.15.62:50196)
2024-04-02T14:33:26.764 INFO:teuthology.orchestra.run.smithi062.stdout:/usr/bin/ceph: stderr
2024-04-02T14:33:25.421+0000 7fdc61600700 1 -- 172.21.15.62:0/1402991668 learned_addr learned my addr 172.21.15.62:0/1402991668 (peer_addr_for_me v2:172.21.15.62:0/0)
2024-04-02T14:33:26.764 INFO:teuthology.orchestra.run.smithi062.stdout:/usr/bin/ceph: stderr
2024-04-02T14:33:25.421+0000 7fdc61600700 1 -- 172.21.15.62:0/1402991668 --> [v2:172.21.15.62:3300/0,v1:172.21.15.62:6789/0] -- mon_subscribe({config=0+,monmap=0+}) -- 0x7fdc5c19c820 con 0x7fdc5c108320
2024-04-02T14:33:26.764 INFO:teuthology.orchestra.run.smithi062.stdout:/usr/bin/ceph: stderr
2024-04-02T14:33:25.422+0000 7fdc61600700 1 --2- 172.21.15.62:0/1402991668 >> [v2:172.21.15.62:3300/0,v1:172.21.15.62:6789/0] conn(0x7fdc5c108320 0x7fdc5c19c2e0 secure :-1 s=READY pgs=75 cs=0 l=1 rev1=1 crypto rx=0x7fdc50000c00 tx=0x7fdc50004620 comp rx=0 tx=0).ready entity=mon.0 client_cookie=0 server_cookie=0 in_seq=0 out_seq=0
2024-04-02T14:33:26.764 INFO:teuthology.orchestra.run.smithi062.stdout:/usr/bin/ceph: stderr
2024-04-02T14:33:25.422+0000 7fdc5a000700 1 -- 172.21.15.62:0/1402991668 <== mon.0 v2:172.21.15.62:3300/0 1 ==== mon_map magic: 0 ==== 205+0+0 (secure 0 0 0) 0x7fdc50011e60 con 0x7fdc5c108320
2024-04-02T14:33:26.764 INFO:teuthology.orchestra.run.smithi062.stdout:/usr/bin/ceph: stderr
2024-04-02T14:33:25.422+0000 7fdc5a000700 1 -- 172.21.15.62:0/1402991668 <== mon.0 v2:172.21.15.62:3300/0 2 ==== config(28 keys) ==== 1174+0+0 (secure 0 0 0) 0x7fdc50003af0 con 0x7fdc5c108320
2024-04-02T14:33:26.764 INFO:teuthology.orchestra.run.smithi062.stdout:/usr/bin/ceph: stderr
2024-04-02T14:33:25.422+0000 7fdc64000700 1 -- 172.21.15.62:0/1402991668 --> [v2:172.21.15.62:3300/0,v1:172.21.15.62:6789/0] -- mon_subscribe({mgrmap=0+}) -- 0x7fdc5c19cab0 con 0x7fdc5c108320
2024-04-02T14:33:26.764 INFO:teuthology.orchestra.run.smithi062.stdout:/usr/bin/ceph: stderr
2024-04-02T14:33:25.422+0000 7fdc5a000700 1 -- 172.21.15.62:0/1402991668 <== mon.0 v2:172.21.15.62:3300/0 3 ==== mon_map magic: 0 ==== 205+0+0 (secure 0 0 0) 0x7fdc500246a0 con 0x7fdc5c108320
2024-04-02T14:33:26.764 INFO:teuthology.orchestra.run.smithi062.stdout:/usr/bin/ceph: stderr
2024-04-02T14:33:25.422+0000 7fdc64000700 1 -- 172.21.15.62:0/1402991668 --> [v2:172.21.15.62:3300/0,v1:172.21.15.62:6789/0] -- mon_subscribe({osdmap=0}) -- 0x7fdc5c19cf10 con 0x7fdc5c108320
2024-04-02T14:33:26.764 INFO:teuthology.orchestra.run.smithi062.stdout:/usr/bin/ceph: stderr
2024-04-02T14:33:25.423+0000 7fdc5a000700 1 -- 172.21.15.62:0/1402991668 <== mon.0 v2:172.21.15.62:3300/0 4 ==== mgrmap(e 12) ==== 46571+0+0 (secure 0 0 0) 0x7fdc50022020 con 0x7fdc5c108320
2024-04-02T14:33:26.764 INFO:teuthology.orchestra.run.smithi062.stdout:/usr/bin/ceph: stderr
2024-04-02T14:33:25.424+0000 7fdc64000700 1 -- 172.21.15.62:0/1402991668 --> [v2:172.21.15.62:3300/0,v1:172.21.15.62:6789/0] -- mon_command({"prefix": "get_command_descriptions"} v 0) -- 0x7fdc5c063c20 con 0x7fdc5c108320
2024-04-02T14:33:26.764 INFO:teuthology.orchestra.run.smithi062.stdout:/usr/bin/ceph: stderr
2024-04-02T14:33:25.424+0000 7fdc5a000700 1 --2- 172.21.15.62:0/1402991668 >> [v2:172.21.15.62:6800/1995176952,v1:172.21.15.62:6801/1995176952] conn(0x7fdc44039660 0x7fdc4403bb20 unknown :-1 s=NONE pgs=0 cs=0 l=1 rev1=0 crypto rx=0 tx=0 comp rx=0 tx=0).connect
2024-04-02T14:33:26.764 INFO:teuthology.orchestra.run.smithi062.stdout:/usr/bin/ceph: stderr
2024-04-02T14:33:25.424+0000 7fdc5a000700 1 -- 172.21.15.62:0/1402991668 <== mon.0 v2:172.21.15.62:3300/0 5 ==== osd_map(3..3 src has 1..3) ==== 1155+0+0 (secure 0 0 0) 0x7fdc5004d950 con 0x7fdc5c108320
2024-04-02T14:33:26.764 INFO:teuthology.orchestra.run.smithi062.stdout:/usr/bin/ceph: stderr
2024-04-02T14:33:25.424+0000 7fdc60c00700 1 --2- 172.21.15.62:0/1402991668 >> [v2:172.21.15.62:6800/1995176952,v1:172.21.15.62:6801/1995176952] conn(0x7fdc44039660 0x7fdc4403bb20 unknown :-1 s=BANNER_CONNECTING pgs=0 cs=0 l=1 rev1=0 crypto rx=0 tx=0 comp rx=0 tx=0)._handle_peer_banner_payload supported=3 required=0
2024-04-02T14:33:26.765 INFO:teuthology.orchestra.run.smithi062.stdout:/usr/bin/ceph: stderr
2024-04-02T14:33:25.425+0000 7fdc60c00700 1 --2- 172.21.15.62:0/1402991668 >> [v2:172.21.15.62:6800/1995176952,v1:172.21.15.62:6801/1995176952] conn(0x7fdc44039660 0x7fdc4403bb20 secure :-1 s=READY pgs=9 cs=0 l=1 rev1=1 crypto rx=0x7fdc48006fd0 tx=0x7fdc48006e40 comp rx=0 tx=0).ready entity=mgr.14152 client_cookie=0 server_cookie=0 in_seq=0 out_seq=0
2024-04-02T14:33:26.765 INFO:teuthology.orchestra.run.smithi062.stdout:/usr/bin/ceph: stderr
2024-04-02T14:33:25.432+0000 7fdc5a000700 1 -- 172.21.15.62:0/1402991668 <== mon.0 v2:172.21.15.62:3300/0 6 ==== mon_command_ack([{"prefix": "get_command_descriptions"}]=0 v0) ==== 72+0+188173 (secure 0 0 0) 0x7fdc500212c0 con 0x7fdc5c108320
2024-04-02T14:33:26.765 INFO:teuthology.orchestra.run.smithi062.stdout:/usr/bin/ceph: stderr
2024-04-02T14:33:25.668+0000 7fdc64000700 1 -- 172.21.15.62:0/1402991668 --> [v2:172.21.15.62:3300/0,v1:172.21.15.62:6789/0] -- mon_command({"prefix": "config get", "who": "mgr", "key": "mgr/dashboard/ssl_server_port"} v 0) -- 0x7fdc5c19f9a0 con 0x7fdc5c108320
2024-04-02T14:33:26.765 INFO:teuthology.orchestra.run.smithi062.stdout:/usr/bin/ceph: stderr
2024-04-02T14:33:25.669+0000 7fdc5a000700 1 -- 172.21.15.62:0/1402991668 <== mon.0 v2:172.21.15.62:3300/0 7 ==== mon_command_ack([{"prefix": "config get", "who": "mgr", "key": "mgr/dashboard/ssl_server_port"}]=0 v8) ==== 112+0+5 (secure 0 0 0) 0x7fdc5000bcb0 con 0x7fdc5c108320
2024-04-02T14:33:26.765 INFO:teuthology.orchestra.run.smithi062.stdout:/usr/bin/ceph: stderr
2024-04-02T14:33:25.672+0000 7fdc64000700 1 -- 172.21.15.62:0/1402991668 >> [v2:172.21.15.62:6800/1995176952,v1:172.21.15.62:6801/1995176952] conn(0x7fdc44039660 msgr2=0x7fdc4403bb20 secure :-1 s=STATE_CONNECTION_ESTABLISHED l=1).mark_down
2024-04-02T14:33:26.765 INFO:teuthology.orchestra.run.smithi062.stdout:/usr/bin/ceph: stderr
2024-04-02T14:33:25.672+0000 7fdc64000700 1 --2- 172.21.15.62:0/1402991668 >> [v2:172.21.15.62:6800/1995176952,v1:172.21.15.62:6801/1995176952] conn(0x7fdc44039660 0x7fdc4403bb20 secure :-1 s=READY pgs=9 cs=0 l=1 rev1=1 crypto rx=0x7fdc48006fd0 tx=0x7fdc48006e40 comp rx=0 tx=0).stop
2024-04-02T14:33:26.765 INFO:teuthology.orchestra.run.smithi062.stdout:/usr/bin/ceph: stderr
2024-04-02T14:33:25.672+0000 7fdc64000700 1 -- 172.21.15.62:0/1402991668 >> [v2:172.21.15.62:3300/0,v1:172.21.15.62:6789/0] conn(0x7fdc5c108320 msgr2=0x7fdc5c19c2e0 secure :-1 s=STATE_CONNECTION_ESTABLISHED l=1).mark_down
2024-04-02T14:33:26.765 INFO:teuthology.orchestra.run.smithi062.stdout:/usr/bin/ceph: stderr
2024-04-02T14:33:25.672+0000 7fdc64000700 1 --2- 172.21.15.62:0/1402991668 >> [v2:172.21.15.62:3300/0,v1:172.21.15.62:6789/0] conn(0x7fdc5c108320 0x7fdc5c19c2e0 secure :-1 s=READY pgs=75 cs=0 l=1 rev1=1 crypto rx=0x7fdc50000c00 tx=0x7fdc50004620 comp rx=0 tx=0).stop
2024-04-02T14:33:26.765 INFO:teuthology.orchestra.run.smithi062.stdout:/usr/bin/ceph: stderr
2024-04-02T14:33:25.673+0000 7fdc64000700 1 -- 172.21.15.62:0/1402991668 shutdown_connections
2024-04-02T14:33:26.765 INFO:teuthology.orchestra.run.smithi062.stdout:/usr/bin/ceph: stderr
2024-04-02T14:33:25.673+0000 7fdc64000700 1 --2- 172.21.15.62:0/1402991668 >> [v2:172.21.15.62:6800/1995176952,v1:172.21.15.62:6801/1995176952] conn(0x7fdc44039660 0x7fdc4403bb20 unknown :-1 s=CLOSED pgs=9 cs=0 l=1 rev1=1 crypto rx=0 tx=0 comp rx=0 tx=0).stop
2024-04-02T14:33:26.765 INFO:teuthology.orchestra.run.smithi062.stdout:/usr/bin/ceph: stderr
2024-04-02T14:33:25.673+0000 7fdc64000700 1 --2- 172.21.15.62:0/1402991668 >> [v2:172.21.15.62:3300/0,v1:172.21.15.62:6789/0] conn(0x7fdc5c108320 0x7fdc5c19c2e0 unknown :-1 s=CLOSED pgs=75 cs=0 l=1 rev1=1 crypto rx=0 tx=0 comp rx=0 tx=0).stop
2024-04-02T14:33:26.765 INFO:teuthology.orchestra.run.smithi062.stdout:/usr/bin/ceph: stderr
2024-04-02T14:33:25.673+0000 7fdc64000700 1 -- 172.21.15.62:0/1402991668 >> 172.21.15.62:0/1402991668 conn(0x7fdc5c1038e0 msgr2=0x7fdc5c104350 unknown :-1 s=STATE_NONE l=0).mark_down
2024-04-02T14:33:26.765 INFO:teuthology.orchestra.run.smithi062.stdout:/usr/bin/ceph: stderr
2024-04-02T14:33:25.673+0000 7fdc64000700 1 -- 172.21.15.62:0/1402991668 shutdown_connections
2024-04-02T14:33:26.765 INFO:teuthology.orchestra.run.smithi062.stdout:/usr/bin/ceph: stderr
2024-04-02T14:33:25.673+0000 7fdc64000700 1 -- 172.21.15.62:0/1402991668 wait complete.
2024-04-02T14:33:26.801 INFO:teuthology.orchestra.run.smithi062.stdout:Non-zero exit code 1 from systemctl is-enabled firewalld.service
2024-04-02T14:33:26.801 INFO:teuthology.orchestra.run.smithi062.stdout:systemctl: stdout disabled
2024-04-02T14:33:26.829 INFO:teuthology.orchestra.run.smithi062.stdout:Non-zero exit code 3 from systemctl is-active firewalld.service
2024-04-02T14:33:26.829 INFO:teuthology.orchestra.run.smithi062.stdout:systemctl: stdout inactive
2024-04-02T14:33:26.829 INFO:teuthology.orchestra.run.smithi062.stdout:firewalld.service is not enabled
2024-04-02T14:33:26.829 INFO:teuthology.orchestra.run.smithi062.stdout:Not possible to open ports <[8443]>. firewalld.service is not available
2024-04-02T14:33:26.836 INFO:teuthology.orchestra.run.smithi062.stdout:Ceph Dashboard is now available at:
2024-04-02T14:33:26.836 INFO:teuthology.orchestra.run.smithi062.stdout:
2024-04-02T14:33:26.836 INFO:teuthology.orchestra.run.smithi062.stdout: URL: https://smithi062.front.sepia.ceph.com:8443/
2024-04-02T14:33:26.837 INFO:teuthology.orchestra.run.smithi062.stdout: User: admin
2024-04-02T14:33:26.837 INFO:teuthology.orchestra.run.smithi062.stdout: Password: pqz0bl45ac
2024-04-02T14:33:26.837 INFO:teuthology.orchestra.run.smithi062.stdout:
2024-04-02T14:33:26.837 INFO:teuthology.orchestra.run.smithi062.stdout:Saving cluster configuration to /var/lib/ceph/9e86b65e-f0fd-11ee-b647-cb9ed24678a4/config directory
2024-04-02T14:33:26.840 INFO:teuthology.orchestra.run.smithi062.stdout:Enabling autotune for osd_memory_target
2024-04-02T14:33:27.367 INFO:journalctl@ceph.mon.a.smithi062.stdout:Apr 02 14:33:27 smithi062 ceph-mon[32116]: mgrmap e13: x(active, since 6s)
2024-04-02T14:33:28.831 INFO:teuthology.orchestra.run.smithi062.stdout:/usr/bin/ceph: stderr
2024-04-02T14:33:27.816+0000 7f663f800700 1 Processor -- start
2024-04-02T14:33:28.836 INFO:teuthology.orchestra.run.smithi062.stdout:/usr/bin/ceph: stderr
2024-04-02T14:33:27.817+0000 7f663f800700 1 -- start start
2024-04-02T14:33:28.837 INFO:teuthology.orchestra.run.smithi062.stdout:/usr/bin/ceph: stderr
2024-04-02T14:33:27.817+0000 7f663f800700 1 --2- >> [v2:172.21.15.62:3300/0,v1:172.21.15.62:6789/0] conn(0x7f6638108de0 0x7f663810b1d0 unknown :-1 s=NONE pgs=0 cs=0 l=0 rev1=0 crypto rx=0 tx=0 comp rx=0 tx=0).connect
2024-04-02T14:33:28.837 INFO:teuthology.orchestra.run.smithi062.stdout:/usr/bin/ceph: stderr
2024-04-02T14:33:27.817+0000 7f663f800700 1 -- --> [v2:172.21.15.62:3300/0,v1:172.21.15.62:6789/0] -- mon_getmap magic: 0 -- 0x7f6638063910 con 0x7f6638108de0
2024-04-02T14:33:28.837 INFO:teuthology.orchestra.run.smithi062.stdout:/usr/bin/ceph: stderr
2024-04-02T14:33:27.818+0000 7f663ce00700 1 --2- >> [v2:172.21.15.62:3300/0,v1:172.21.15.62:6789/0] conn(0x7f6638108de0 0x7f663810b1d0 unknown :-1 s=BANNER_CONNECTING pgs=0 cs=0 l=0 rev1=0 crypto rx=0 tx=0 comp rx=0 tx=0)._handle_peer_banner_payload supported=3 required=0
2024-04-02T14:33:28.837 INFO:teuthology.orchestra.run.smithi062.stdout:/usr/bin/ceph: stderr
2024-04-02T14:33:27.818+0000 7f663ce00700 1 --2- >> [v2:172.21.15.62:3300/0,v1:172.21.15.62:6789/0] conn(0x7f6638108de0 0x7f663810b1d0 unknown :-1 s=HELLO_CONNECTING pgs=0 cs=0 l=0 rev1=1 crypto rx=0 tx=0 comp rx=0 tx=0).handle_hello peer v2:172.21.15.62:3300/0 says I am v2:172.21.15.62:50212/0 (socket says 172.21.15.62:50212)
2024-04-02T14:33:28.837 INFO:teuthology.orchestra.run.smithi062.stdout:/usr/bin/ceph: stderr
2024-04-02T14:33:27.818+0000 7f663ce00700 1 -- 172.21.15.62:0/1731740175 learned_addr learned my addr 172.21.15.62:0/1731740175 (peer_addr_for_me v2:172.21.15.62:0/0)
2024-04-02T14:33:28.837 INFO:teuthology.orchestra.run.smithi062.stdout:/usr/bin/ceph: stderr
2024-04-02T14:33:27.818+0000 7f663ce00700 1 -- 172.21.15.62:0/1731740175 --> [v2:172.21.15.62:3300/0,v1:172.21.15.62:6789/0] -- mon_subscribe({config=0+,monmap=0+}) -- 0x7f663810b710 con 0x7f6638108de0
2024-04-02T14:33:28.837 INFO:teuthology.orchestra.run.smithi062.stdout:/usr/bin/ceph: stderr
2024-04-02T14:33:27.819+0000 7f663ce00700 1 --2- 172.21.15.62:0/1731740175 >> [v2:172.21.15.62:3300/0,v1:172.21.15.62:6789/0] conn(0x7f6638108de0 0x7f663810b1d0 secure :-1 s=READY pgs=76 cs=0 l=1 rev1=1 crypto rx=0x7f662c0098a0 tx=0x7f662c009bb0 comp rx=0 tx=0).ready entity=mon.0 client_cookie=a4d34df745fca4a8 server_cookie=0 in_seq=0 out_seq=0
2024-04-02T14:33:28.837 INFO:teuthology.orchestra.run.smithi062.stdout:/usr/bin/ceph: stderr
2024-04-02T14:33:27.819+0000 7f6637400700 1 -- 172.21.15.62:0/1731740175 <== mon.0 v2:172.21.15.62:3300/0 1 ==== mon_map magic: 0 ==== 205+0+0 (secure 0 0 0) 0x7f662c004160 con 0x7f6638108de0
2024-04-02T14:33:28.837 INFO:teuthology.orchestra.run.smithi062.stdout:/usr/bin/ceph: stderr
2024-04-02T14:33:27.819+0000 7f6637400700 1 -- 172.21.15.62:0/1731740175 <== mon.0 v2:172.21.15.62:3300/0 2 ==== config(28 keys) ==== 1174+0+0 (secure 0 0 0) 0x7f662c004300 con 0x7f6638108de0
2024-04-02T14:33:28.837 INFO:teuthology.orchestra.run.smithi062.stdout:/usr/bin/ceph: stderr
2024-04-02T14:33:27.819+0000 7f6637400700 1 -- 172.21.15.62:0/1731740175 <== mon.0 v2:172.21.15.62:3300/0 3 ==== mon_map magic: 0 ==== 205+0+0 (secure 0 0 0) 0x7f662c011bb0 con 0x7f6638108de0
2024-04-02T14:33:28.837 INFO:teuthology.orchestra.run.smithi062.stdout:/usr/bin/ceph: stderr
2024-04-02T14:33:27.820+0000 7f663f800700 1 -- 172.21.15.62:0/1731740175 >> [v2:172.21.15.62:3300/0,v1:172.21.15.62:6789/0] conn(0x7f6638108de0 msgr2=0x7f663810b1d0 secure :-1 s=STATE_CONNECTION_ESTABLISHED l=1).mark_down
2024-04-02T14:33:28.837 INFO:teuthology.orchestra.run.smithi062.stdout:/usr/bin/ceph: stderr
2024-04-02T14:33:27.820+0000 7f663f800700 1 --2- 172.21.15.62:0/1731740175 >> [v2:172.21.15.62:3300/0,v1:172.21.15.62:6789/0] conn(0x7f6638108de0 0x7f663810b1d0 secure :-1 s=READY pgs=76 cs=0 l=1 rev1=1 crypto rx=0x7f662c0098a0 tx=0x7f662c009bb0 comp rx=0 tx=0).stop
2024-04-02T14:33:28.838 INFO:teuthology.orchestra.run.smithi062.stdout:/usr/bin/ceph: stderr
2024-04-02T14:33:27.820+0000 7f663f800700 1 -- 172.21.15.62:0/1731740175 shutdown_connections
2024-04-02T14:33:28.838 INFO:teuthology.orchestra.run.smithi062.stdout:/usr/bin/ceph: stderr
2024-04-02T14:33:27.820+0000 7f663f800700 1 --2- 172.21.15.62:0/1731740175 >> [v2:172.21.15.62:3300/0,v1:172.21.15.62:6789/0] conn(0x7f6638108de0 0x7f663810b1d0 unknown :-1 s=CLOSED pgs=76 cs=0 l=1 rev1=1 crypto rx=0 tx=0 comp rx=0 tx=0).stop
2024-04-02T14:33:28.838 INFO:teuthology.orchestra.run.smithi062.stdout:/usr/bin/ceph: stderr
2024-04-02T14:33:27.820+0000 7f663f800700 1 -- 172.21.15.62:0/1731740175 >> 172.21.15.62:0/1731740175 conn(0x7f6638102810 msgr2=0x7f6638104c50 unknown :-1 s=STATE_NONE l=0).mark_down
2024-04-02T14:33:28.838 INFO:teuthology.orchestra.run.smithi062.stdout:/usr/bin/ceph: stderr
2024-04-02T14:33:27.820+0000 7f663f800700 1 -- 172.21.15.62:0/1731740175 shutdown_connections
2024-04-02T14:33:28.838 INFO:teuthology.orchestra.run.smithi062.stdout:/usr/bin/ceph: stderr
2024-04-02T14:33:27.820+0000 7f663f800700 1 -- 172.21.15.62:0/1731740175 wait complete.
2024-04-02T14:33:28.838 INFO:teuthology.orchestra.run.smithi062.stdout:/usr/bin/ceph: stderr
2024-04-02T14:33:27.821+0000 7f663f800700 1 Processor -- start
2024-04-02T14:33:28.838 INFO:teuthology.orchestra.run.smithi062.stdout:/usr/bin/ceph: stderr
2024-04-02T14:33:27.822+0000 7f663f800700 1 -- start start
2024-04-02T14:33:28.838 INFO:teuthology.orchestra.run.smithi062.stdout:/usr/bin/ceph: stderr
2024-04-02T14:33:27.822+0000 7f663f800700 1 --2- >> [v2:172.21.15.62:3300/0,v1:172.21.15.62:6789/0] conn(0x7f6638108de0 0x7f663819c270 unknown :-1 s=NONE pgs=0 cs=0 l=1 rev1=0 crypto rx=0 tx=0 comp rx=0 tx=0).connect
2024-04-02T14:33:28.838 INFO:teuthology.orchestra.run.smithi062.stdout:/usr/bin/ceph: stderr
2024-04-02T14:33:27.822+0000 7f663f800700 1 -- --> [v2:172.21.15.62:3300/0,v1:172.21.15.62:6789/0] -- mon_getmap magic: 0 -- 0x7f663810c7e0 con 0x7f6638108de0
2024-04-02T14:33:28.838 INFO:teuthology.orchestra.run.smithi062.stdout:/usr/bin/ceph: stderr
2024-04-02T14:33:27.822+0000 7f663ce00700 1 --2- >> [v2:172.21.15.62:3300/0,v1:172.21.15.62:6789/0] conn(0x7f6638108de0 0x7f663819c270 unknown :-1 s=BANNER_CONNECTING pgs=0 cs=0 l=1 rev1=0 crypto rx=0 tx=0 comp rx=0 tx=0)._handle_peer_banner_payload supported=3 required=0
2024-04-02T14:33:28.838 INFO:teuthology.orchestra.run.smithi062.stdout:/usr/bin/ceph: stderr
2024-04-02T14:33:27.822+0000 7f663ce00700 1 --2- >> [v2:172.21.15.62:3300/0,v1:172.21.15.62:6789/0] conn(0x7f6638108de0 0x7f663819c270 unknown :-1 s=HELLO_CONNECTING pgs=0 cs=0 l=1 rev1=1 crypto rx=0 tx=0 comp rx=0 tx=0).handle_hello peer v2:172.21.15.62:3300/0 says I am v2:172.21.15.62:50224/0 (socket says 172.21.15.62:50224)
2024-04-02T14:33:28.838 INFO:teuthology.orchestra.run.smithi062.stdout:/usr/bin/ceph: stderr
2024-04-02T14:33:27.822+0000 7f663ce00700 1 -- 172.21.15.62:0/2958690406 learned_addr learned my addr 172.21.15.62:0/2958690406 (peer_addr_for_me v2:172.21.15.62:0/0)
2024-04-02T14:33:28.838 INFO:teuthology.orchestra.run.smithi062.stdout:/usr/bin/ceph: stderr
2024-04-02T14:33:27.823+0000 7f663ce00700 1 -- 172.21.15.62:0/2958690406 --> [v2:172.21.15.62:3300/0,v1:172.21.15.62:6789/0] -- mon_subscribe({config=0+,monmap=0+}) -- 0x7f663819c7b0 con 0x7f6638108de0
2024-04-02T14:33:28.838 INFO:teuthology.orchestra.run.smithi062.stdout:/usr/bin/ceph: stderr
2024-04-02T14:33:27.823+0000 7f663ce00700 1 --2- 172.21.15.62:0/2958690406 >> [v2:172.21.15.62:3300/0,v1:172.21.15.62:6789/0] conn(0x7f6638108de0 0x7f663819c270 secure :-1 s=READY pgs=77 cs=0 l=1 rev1=1 crypto rx=0x7f662c000c00 tx=0x7f662c011ca0 comp rx=0 tx=0).ready entity=mon.0 client_cookie=0 server_cookie=0 in_seq=0 out_seq=0
2024-04-02T14:33:28.839 INFO:teuthology.orchestra.run.smithi062.stdout:/usr/bin/ceph: stderr
2024-04-02T14:33:27.823+0000 7f6635600700 1 -- 172.21.15.62:0/2958690406 <== mon.0 v2:172.21.15.62:3300/0 1 ==== mon_map magic: 0 ==== 205+0+0 (secure 0 0 0) 0x7f662c011e60 con 0x7f6638108de0
2024-04-02T14:33:28.839 INFO:teuthology.orchestra.run.smithi062.stdout:/usr/bin/ceph: stderr
2024-04-02T14:33:27.823+0000 7f6635600700 1 -- 172.21.15.62:0/2958690406 <== mon.0 v2:172.21.15.62:3300/0 2 ==== config(28 keys) ==== 1174+0+0 (secure 0 0 0) 0x7f662c003b20 con 0x7f6638108de0
2024-04-02T14:33:28.839 INFO:teuthology.orchestra.run.smithi062.stdout:/usr/bin/ceph: stderr
2024-04-02T14:33:27.823+0000 7f6635600700 1 -- 172.21.15.62:0/2958690406 <== mon.0 v2:172.21.15.62:3300/0 3 ==== mon_map magic: 0 ==== 205+0+0 (secure 0 0 0) 0x7f662c0247a0 con 0x7f6638108de0
2024-04-02T14:33:28.839 INFO:teuthology.orchestra.run.smithi062.stdout:/usr/bin/ceph: stderr
2024-04-02T14:33:27.823+0000 7f663f800700 1 -- 172.21.15.62:0/2958690406 --> [v2:172.21.15.62:3300/0,v1:172.21.15.62:6789/0] -- mon_subscribe({mgrmap=0+}) -- 0x7f663819ca40 con 0x7f6638108de0
2024-04-02T14:33:28.839 INFO:teuthology.orchestra.run.smithi062.stdout:/usr/bin/ceph: stderr
2024-04-02T14:33:27.824+0000 7f663f800700 1 -- 172.21.15.62:0/2958690406 --> [v2:172.21.15.62:3300/0,v1:172.21.15.62:6789/0] -- mon_subscribe({osdmap=0}) -- 0x7f663819cea0 con 0x7f6638108de0
2024-04-02T14:33:28.839 INFO:teuthology.orchestra.run.smithi062.stdout:/usr/bin/ceph: stderr
2024-04-02T14:33:27.825+0000 7f663f800700 1 -- 172.21.15.62:0/2958690406 --> [v2:172.21.15.62:3300/0,v1:172.21.15.62:6789/0] -- mon_command({"prefix": "get_command_descriptions"} v 0) -- 0x7f6638063c20 con 0x7f6638108de0
2024-04-02T14:33:28.839 INFO:teuthology.orchestra.run.smithi062.stdout:/usr/bin/ceph: stderr
2024-04-02T14:33:27.825+0000 7f6635600700 1 -- 172.21.15.62:0/2958690406 <== mon.0 v2:172.21.15.62:3300/0 4 ==== mgrmap(e 13) ==== 46614+0+0 (secure 0 0 0) 0x7f662c022020 con 0x7f6638108de0
2024-04-02T14:33:28.839 INFO:teuthology.orchestra.run.smithi062.stdout:/usr/bin/ceph: stderr
2024-04-02T14:33:27.825+0000 7f6635600700 1 --2- 172.21.15.62:0/2958690406 >> [v2:172.21.15.62:6800/1995176952,v1:172.21.15.62:6801/1995176952] conn(0x7f6620039700 0x7f662003bbc0 unknown :-1 s=NONE pgs=0 cs=0 l=1 rev1=0 crypto rx=0 tx=0 comp rx=0 tx=0).connect
2024-04-02T14:33:28.839 INFO:teuthology.orchestra.run.smithi062.stdout:/usr/bin/ceph: stderr
2024-04-02T14:33:27.825+0000 7f6635600700 1 -- 172.21.15.62:0/2958690406 <== mon.0 v2:172.21.15.62:3300/0 5 ==== osd_map(3..3 src has 1..3) ==== 1155+0+0 (secure 0 0 0) 0x7f662c04d940 con 0x7f6638108de0
2024-04-02T14:33:28.839 INFO:teuthology.orchestra.run.smithi062.stdout:/usr/bin/ceph: stderr
2024-04-02T14:33:27.826+0000 7f6637e00700 1 --2- 172.21.15.62:0/2958690406 >> [v2:172.21.15.62:6800/1995176952,v1:172.21.15.62:6801/1995176952] conn(0x7f6620039700 0x7f662003bbc0 unknown :-1 s=BANNER_CONNECTING pgs=0 cs=0 l=1 rev1=0 crypto rx=0 tx=0 comp rx=0 tx=0)._handle_peer_banner_payload supported=3 required=0
2024-04-02T14:33:28.839 INFO:teuthology.orchestra.run.smithi062.stdout:/usr/bin/ceph: stderr
2024-04-02T14:33:27.826+0000 7f6637e00700 1 --2- 172.21.15.62:0/2958690406 >> [v2:172.21.15.62:6800/1995176952,v1:172.21.15.62:6801/1995176952] conn(0x7f6620039700 0x7f662003bbc0 secure :-1 s=READY pgs=10 cs=0 l=1 rev1=1 crypto rx=0x7f6624006fd0 tx=0x7f6624006e40 comp rx=0 tx=0).ready entity=mgr.14152 client_cookie=0 server_cookie=0 in_seq=0 out_seq=0
2024-04-02T14:33:28.839 INFO:teuthology.orchestra.run.smithi062.stdout:/usr/bin/ceph: stderr
2024-04-02T14:33:27.831+0000 7f6635600700 1 -- 172.21.15.62:0/2958690406 <== mon.0 v2:172.21.15.62:3300/0 6 ==== mon_command_ack([{"prefix": "get_command_descriptions"}]=0 v0) ==== 72+0+188173 (secure 0 0 0) 0x7f662c00b3e0 con 0x7f6638108de0
2024-04-02T14:33:28.839 INFO:teuthology.orchestra.run.smithi062.stdout:/usr/bin/ceph: stderr
2024-04-02T14:33:28.061+0000 7f663f800700 1 -- 172.21.15.62:0/2958690406 --> [v2:172.21.15.62:3300/0,v1:172.21.15.62:6789/0] -- mon_command([{prefix=config set, name=osd_memory_target_autotune}] v 0) -- 0x7f663819f8d0 con 0x7f6638108de0
2024-04-02T14:33:28.840 INFO:teuthology.orchestra.run.smithi062.stdout:/usr/bin/ceph: stderr
2024-04-02T14:33:28.062+0000 7f6635600700 1 -- 172.21.15.62:0/2958690406 <== mon.0 v2:172.21.15.62:3300/0 7 ==== mon_command_ack([{prefix=config set, name=osd_memory_target_autotune}]=0 v8)=0 v8) ==== 127+0+0 (secure 0 0 0) 0x7f662c02ddb0 con 0x7f6638108de0
2024-04-02T14:33:28.840 INFO:teuthology.orchestra.run.smithi062.stdout:/usr/bin/ceph: stderr
2024-04-02T14:33:28.065+0000 7f663f800700 1 -- 172.21.15.62:0/2958690406 >> [v2:172.21.15.62:6800/1995176952,v1:172.21.15.62:6801/1995176952] conn(0x7f6620039700 msgr2=0x7f662003bbc0 secure :-1 s=STATE_CONNECTION_ESTABLISHED l=1).mark_down
2024-04-02T14:33:28.840 INFO:teuthology.orchestra.run.smithi062.stdout:/usr/bin/ceph: stderr
2024-04-02T14:33:28.065+0000 7f663f800700 1 --2- 172.21.15.62:0/2958690406 >> [v2:172.21.15.62:6800/1995176952,v1:172.21.15.62:6801/1995176952] conn(0x7f6620039700 0x7f662003bbc0 secure :-1 s=READY pgs=10 cs=0 l=1 rev1=1 crypto rx=0x7f6624006fd0 tx=0x7f6624006e40 comp rx=0 tx=0).stop
2024-04-02T14:33:28.840 INFO:teuthology.orchestra.run.smithi062.stdout:/usr/bin/ceph: stderr
2024-04-02T14:33:28.065+0000 7f663f800700 1 -- 172.21.15.62:0/2958690406 >> [v2:172.21.15.62:3300/0,v1:172.21.15.62:6789/0] conn(0x7f6638108de0 msgr2=0x7f663819c270 secure :-1 s=STATE_CONNECTION_ESTABLISHED l=1).mark_down
2024-04-02T14:33:28.840 INFO:teuthology.orchestra.run.smithi062.stdout:/usr/bin/ceph: stderr
2024-04-02T14:33:28.065+0000 7f663f800700 1 --2- 172.21.15.62:0/2958690406 >> [v2:172.21.15.62:3300/0,v1:172.21.15.62:6789/0] conn(0x7f6638108de0 0x7f663819c270 secure :-1 s=READY pgs=77 cs=0 l=1 rev1=1 crypto rx=0x7f662c000c00 tx=0x7f662c011ca0 comp rx=0 tx=0).stop
2024-04-02T14:33:28.840 INFO:teuthology.orchestra.run.smithi062.stdout:/usr/bin/ceph: stderr
2024-04-02T14:33:28.065+0000 7f663f800700 1 -- 172.21.15.62:0/2958690406 shutdown_connections
2024-04-02T14:33:28.840 INFO:teuthology.orchestra.run.smithi062.stdout:/usr/bin/ceph: stderr
2024-04-02T14:33:28.065+0000 7f663f800700 1 --2- 172.21.15.62:0/2958690406 >> [v2:172.21.15.62:6800/1995176952,v1:172.21.15.62:6801/1995176952] conn(0x7f6620039700 0x7f662003bbc0 unknown :-1 s=CLOSED pgs=10 cs=0 l=1 rev1=1 crypto rx=0 tx=0 comp rx=0 tx=0).stop
2024-04-02T14:33:28.840 INFO:teuthology.orchestra.run.smithi062.stdout:/usr/bin/ceph: stderr
2024-04-02T14:33:28.065+0000 7f663f800700 1 --2- 172.21.15.62:0/2958690406 >> [v2:172.21.15.62:3300/0,v1:172.21.15.62:6789/0] conn(0x7f6638108de0 0x7f663819c270 unknown :-1 s=CLOSED pgs=77 cs=0 l=1 rev1=1 crypto rx=0 tx=0 comp rx=0 tx=0).stop
2024-04-02T14:33:28.840 INFO:teuthology.orchestra.run.smithi062.stdout:/usr/bin/ceph: stderr
2024-04-02T14:33:28.065+0000 7f663f800700 1 -- 172.21.15.62:0/2958690406 >> 172.21.15.62:0/2958690406 conn(0x7f6638102810 msgr2=0x7f6638103300 unknown :-1 s=STATE_NONE l=0).mark_down
2024-04-02T14:33:28.840 INFO:teuthology.orchestra.run.smithi062.stdout:/usr/bin/ceph: stderr
2024-04-02T14:33:28.066+0000 7f663f800700 1 -- 172.21.15.62:0/2958690406 shutdown_connections
2024-04-02T14:33:28.840 INFO:teuthology.orchestra.run.smithi062.stdout:/usr/bin/ceph: stderr
2024-04-02T14:33:28.066+0000 7f663f800700 1 -- 172.21.15.62:0/2958690406 wait complete.
2024-04-02T14:33:30.520 INFO:teuthology.orchestra.run.smithi062.stdout:/usr/bin/ceph: stderr
2024-04-02T14:33:29.487+0000 7fc617200700 1 Processor -- start
2024-04-02T14:33:30.520 INFO:teuthology.orchestra.run.smithi062.stdout:/usr/bin/ceph: stderr
2024-04-02T14:33:29.487+0000 7fc617200700 1 -- start start
2024-04-02T14:33:30.521 INFO:teuthology.orchestra.run.smithi062.stdout:/usr/bin/ceph: stderr
2024-04-02T14:33:29.488+0000 7fc617200700 1 --2- >> [v2:172.21.15.62:3300/0,v1:172.21.15.62:6789/0] conn(0x7fc61807de80 0x7fc61807c330 unknown :-1 s=NONE pgs=0 cs=0 l=0 rev1=0 crypto rx=0 tx=0 comp rx=0 tx=0).connect
2024-04-02T14:33:30.521 INFO:teuthology.orchestra.run.smithi062.stdout:/usr/bin/ceph: stderr
2024-04-02T14:33:29.488+0000 7fc617200700 1 -- --> [v2:172.21.15.62:3300/0,v1:172.21.15.62:6789/0] -- mon_getmap magic: 0 -- 0x7fc61807c900 con 0x7fc61807de80
2024-04-02T14:33:30.521 INFO:teuthology.orchestra.run.smithi062.stdout:/usr/bin/ceph: stderr
2024-04-02T14:33:29.488+0000 7fc615e00700 1 --2- >> [v2:172.21.15.62:3300/0,v1:172.21.15.62:6789/0] conn(0x7fc61807de80 0x7fc61807c330 unknown :-1 s=BANNER_CONNECTING pgs=0 cs=0 l=0 rev1=0 crypto rx=0 tx=0 comp rx=0 tx=0)._handle_peer_banner_payload supported=3 required=0
2024-04-02T14:33:30.521 INFO:teuthology.orchestra.run.smithi062.stdout:/usr/bin/ceph: stderr
2024-04-02T14:33:29.488+0000 7fc615e00700 1 --2- >> [v2:172.21.15.62:3300/0,v1:172.21.15.62:6789/0] conn(0x7fc61807de80 0x7fc61807c330 unknown :-1 s=HELLO_CONNECTING pgs=0 cs=0 l=0 rev1=1 crypto rx=0 tx=0 comp rx=0 tx=0).handle_hello peer v2:172.21.15.62:3300/0 says I am v2:172.21.15.62:50236/0 (socket says 172.21.15.62:50236)
2024-04-02T14:33:30.521 INFO:teuthology.orchestra.run.smithi062.stdout:/usr/bin/ceph: stderr
2024-04-02T14:33:29.488+0000 7fc615e00700 1 -- 172.21.15.62:0/1682994526 learned_addr learned my addr 172.21.15.62:0/1682994526 (peer_addr_for_me v2:172.21.15.62:0/0)
2024-04-02T14:33:30.522 INFO:teuthology.orchestra.run.smithi062.stdout:/usr/bin/ceph: stderr
2024-04-02T14:33:29.489+0000 7fc615e00700 1 -- 172.21.15.62:0/1682994526 --> [v2:172.21.15.62:3300/0,v1:172.21.15.62:6789/0] -- mon_subscribe({config=0+,monmap=0+}) -- 0x7fc61807ca80 con 0x7fc61807de80
2024-04-02T14:33:30.522 INFO:teuthology.orchestra.run.smithi062.stdout:/usr/bin/ceph: stderr
2024-04-02T14:33:29.489+0000 7fc615e00700 1 --2- 172.21.15.62:0/1682994526 >> [v2:172.21.15.62:3300/0,v1:172.21.15.62:6789/0] conn(0x7fc61807de80 0x7fc61807c330 secure :-1 s=READY pgs=78 cs=0 l=1 rev1=1 crypto rx=0x7fc6080098a0 tx=0x7fc608009bb0 comp rx=0 tx=0).ready entity=mon.0 client_cookie=4fc35efa0814baae server_cookie=0 in_seq=0 out_seq=0
2024-04-02T14:33:30.523 INFO:teuthology.orchestra.run.smithi062.stdout:/usr/bin/ceph: stderr
2024-04-02T14:33:29.489+0000 7fc614a00700 1 -- 172.21.15.62:0/1682994526 <== mon.0 v2:172.21.15.62:3300/0 1 ==== mon_map magic: 0 ==== 205+0+0 (secure 0 0 0) 0x7fc608004160 con 0x7fc61807de80
2024-04-02T14:33:30.523 INFO:teuthology.orchestra.run.smithi062.stdout:/usr/bin/ceph: stderr
2024-04-02T14:33:29.489+0000 7fc614a00700 1 -- 172.21.15.62:0/1682994526 <== mon.0 v2:172.21.15.62:3300/0 2 ==== config(28 keys) ==== 1174+0+0 (secure 0 0 0) 0x7fc608004300 con 0x7fc61807de80
2024-04-02T14:33:30.523 INFO:teuthology.orchestra.run.smithi062.stdout:/usr/bin/ceph: stderr
2024-04-02T14:33:29.489+0000 7fc614a00700 1 -- 172.21.15.62:0/1682994526 <== mon.0 v2:172.21.15.62:3300/0 3 ==== mon_map magic: 0 ==== 205+0+0 (secure 0 0 0) 0x7fc608011bb0 con 0x7fc61807de80
2024-04-02T14:33:30.523 INFO:teuthology.orchestra.run.smithi062.stdout:/usr/bin/ceph: stderr
2024-04-02T14:33:29.490+0000 7fc617200700 1 -- 172.21.15.62:0/1682994526 >> [v2:172.21.15.62:3300/0,v1:172.21.15.62:6789/0] conn(0x7fc61807de80 msgr2=0x7fc61807c330 secure :-1 s=STATE_CONNECTION_ESTABLISHED l=1).mark_down
2024-04-02T14:33:30.523 INFO:teuthology.orchestra.run.smithi062.stdout:/usr/bin/ceph: stderr
2024-04-02T14:33:29.490+0000 7fc617200700 1 --2- 172.21.15.62:0/1682994526 >> [v2:172.21.15.62:3300/0,v1:172.21.15.62:6789/0] conn(0x7fc61807de80 0x7fc61807c330 secure :-1 s=READY pgs=78 cs=0 l=1 rev1=1 crypto rx=0x7fc6080098a0 tx=0x7fc608009bb0 comp rx=0 tx=0).stop
2024-04-02T14:33:30.524 INFO:teuthology.orchestra.run.smithi062.stdout:/usr/bin/ceph: stderr
2024-04-02T14:33:29.490+0000 7fc617200700 1 -- 172.21.15.62:0/1682994526 shutdown_connections
2024-04-02T14:33:30.524 INFO:teuthology.orchestra.run.smithi062.stdout:/usr/bin/ceph: stderr
2024-04-02T14:33:29.490+0000 7fc617200700 1 --2- 172.21.15.62:0/1682994526 >> [v2:172.21.15.62:3300/0,v1:172.21.15.62:6789/0] conn(0x7fc61807de80 0x7fc61807c330 unknown :-1 s=CLOSED pgs=78 cs=0 l=1 rev1=1 crypto rx=0 tx=0 comp rx=0 tx=0).stop
2024-04-02T14:33:30.524 INFO:teuthology.orchestra.run.smithi062.stdout:/usr/bin/ceph: stderr
2024-04-02T14:33:29.490+0000 7fc617200700 1 -- 172.21.15.62:0/1682994526 >> 172.21.15.62:0/1682994526 conn(0x7fc618103720 msgr2=0x7fc618105b40 unknown :-1 s=STATE_NONE l=0).mark_down
2024-04-02T14:33:30.524 INFO:teuthology.orchestra.run.smithi062.stdout:/usr/bin/ceph: stderr
2024-04-02T14:33:29.490+0000 7fc617200700 1 -- 172.21.15.62:0/1682994526 shutdown_connections
2024-04-02T14:33:30.525 INFO:teuthology.orchestra.run.smithi062.stdout:/usr/bin/ceph: stderr
2024-04-02T14:33:29.490+0000 7fc617200700 1 -- 172.21.15.62:0/1682994526 wait complete.
2024-04-02T14:33:30.525 INFO:teuthology.orchestra.run.smithi062.stdout:/usr/bin/ceph: stderr
2024-04-02T14:33:29.491+0000 7fc617200700 1 Processor -- start
2024-04-02T14:33:30.525 INFO:teuthology.orchestra.run.smithi062.stdout:/usr/bin/ceph: stderr
2024-04-02T14:33:29.492+0000 7fc617200700 1 -- start start
2024-04-02T14:33:30.526 INFO:teuthology.orchestra.run.smithi062.stdout:/usr/bin/ceph: stderr
2024-04-02T14:33:29.492+0000 7fc617200700 1 --2- >> [v2:172.21.15.62:3300/0,v1:172.21.15.62:6789/0] conn(0x7fc61807de80 0x7fc61819e310 unknown :-1 s=NONE pgs=0 cs=0 l=1 rev1=0 crypto rx=0 tx=0 comp rx=0 tx=0).connect
2024-04-02T14:33:30.526 INFO:teuthology.orchestra.run.smithi062.stdout:/usr/bin/ceph: stderr
2024-04-02T14:33:29.492+0000 7fc617200700 1 -- --> [v2:172.21.15.62:3300/0,v1:172.21.15.62:6789/0] -- mon_getmap magic: 0 -- 0x7fc61810e7c0 con 0x7fc61807de80
2024-04-02T14:33:30.526 INFO:teuthology.orchestra.run.smithi062.stdout:/usr/bin/ceph: stderr
2024-04-02T14:33:29.492+0000 7fc615e00700 1 --2- >> [v2:172.21.15.62:3300/0,v1:172.21.15.62:6789/0] conn(0x7fc61807de80 0x7fc61819e310 unknown :-1 s=BANNER_CONNECTING pgs=0 cs=0 l=1 rev1=0 crypto rx=0 tx=0 comp rx=0 tx=0)._handle_peer_banner_payload supported=3 required=0
2024-04-02T14:33:30.526 INFO:teuthology.orchestra.run.smithi062.stdout:/usr/bin/ceph: stderr
2024-04-02T14:33:29.492+0000 7fc615e00700 1 --2- >> [v2:172.21.15.62:3300/0,v1:172.21.15.62:6789/0] conn(0x7fc61807de80 0x7fc61819e310 unknown :-1 s=HELLO_CONNECTING pgs=0 cs=0 l=1 rev1=1 crypto rx=0 tx=0 comp rx=0 tx=0).handle_hello peer v2:172.21.15.62:3300/0 says I am v2:172.21.15.62:50240/0 (socket says 172.21.15.62:50240)
2024-04-02T14:33:30.527 INFO:teuthology.orchestra.run.smithi062.stdout:/usr/bin/ceph: stderr
2024-04-02T14:33:29.492+0000 7fc615e00700 1 -- 172.21.15.62:0/2429424057 learned_addr learned my addr 172.21.15.62:0/2429424057 (peer_addr_for_me v2:172.21.15.62:0/0)
2024-04-02T14:33:30.527 INFO:teuthology.orchestra.run.smithi062.stdout:/usr/bin/ceph: stderr
2024-04-02T14:33:29.493+0000 7fc615e00700 1 -- 172.21.15.62:0/2429424057 --> [v2:172.21.15.62:3300/0,v1:172.21.15.62:6789/0] -- mon_subscribe({config=0+,monmap=0+}) -- 0x7fc61819e850 con 0x7fc61807de80
2024-04-02T14:33:30.527 INFO:teuthology.orchestra.run.smithi062.stdout:/usr/bin/ceph: stderr
2024-04-02T14:33:29.493+0000 7fc615e00700 1 --2- 172.21.15.62:0/2429424057 >> [v2:172.21.15.62:3300/0,v1:172.21.15.62:6789/0] conn(0x7fc61807de80 0x7fc61819e310 secure :-1 s=READY pgs=79 cs=0 l=1 rev1=1 crypto rx=0x7fc608000c00 tx=0x7fc608011c30 comp rx=0 tx=0).ready entity=mon.0 client_cookie=0 server_cookie=0 in_seq=0 out_seq=0
2024-04-02T14:33:30.527 INFO:teuthology.orchestra.run.smithi062.stdout:/usr/bin/ceph: stderr
2024-04-02T14:33:29.493+0000 7fc60ea00700 1 -- 172.21.15.62:0/2429424057 <== mon.0 v2:172.21.15.62:3300/0 1 ==== mon_map magic: 0 ==== 205+0+0 (secure 0 0 0) 0x7fc608011e60 con 0x7fc61807de80
2024-04-02T14:33:30.528 INFO:teuthology.orchestra.run.smithi062.stdout:/usr/bin/ceph: stderr
2024-04-02T14:33:29.493+0000 7fc60ea00700 1 -- 172.21.15.62:0/2429424057 <== mon.0 v2:172.21.15.62:3300/0 2 ==== config(28 keys) ==== 1174+0+0 (secure 0 0 0) 0x7fc608020070 con 0x7fc61807de80
2024-04-02T14:33:30.528 INFO:teuthology.orchestra.run.smithi062.stdout:/usr/bin/ceph: stderr
2024-04-02T14:33:29.493+0000 7fc617200700 1 -- 172.21.15.62:0/2429424057 --> [v2:172.21.15.62:3300/0,v1:172.21.15.62:6789/0] -- mon_subscribe({mgrmap=0+}) -- 0x7fc61819eae0 con 0x7fc61807de80
2024-04-02T14:33:30.528 INFO:teuthology.orchestra.run.smithi062.stdout:/usr/bin/ceph: stderr
2024-04-02T14:33:29.493+0000 7fc60ea00700 1 -- 172.21.15.62:0/2429424057 <== mon.0 v2:172.21.15.62:3300/0 3 ==== mon_map magic: 0 ==== 205+0+0 (secure 0 0 0) 0x7fc608019550 con 0x7fc61807de80
2024-04-02T14:33:30.528 INFO:teuthology.orchestra.run.smithi062.stdout:/usr/bin/ceph: stderr
2024-04-02T14:33:29.494+0000 7fc617200700 1 -- 172.21.15.62:0/2429424057 --> [v2:172.21.15.62:3300/0,v1:172.21.15.62:6789/0] -- mon_subscribe({osdmap=0}) -- 0x7fc61819ef40 con 0x7fc61807de80
2024-04-02T14:33:30.528 INFO:teuthology.orchestra.run.smithi062.stdout:/usr/bin/ceph: stderr
2024-04-02T14:33:29.495+0000 7fc60ea00700 1 -- 172.21.15.62:0/2429424057 <== mon.0 v2:172.21.15.62:3300/0 4 ==== mgrmap(e 13) ==== 46614+0+0 (secure 0 0 0) 0x7fc608003aa0 con 0x7fc61807de80
2024-04-02T14:33:30.530 INFO:teuthology.orchestra.run.smithi062.stdout:/usr/bin/ceph: stderr
2024-04-02T14:33:29.495+0000 7fc617200700 1 -- 172.21.15.62:0/2429424057 --> [v2:172.21.15.62:3300/0,v1:172.21.15.62:6789/0] -- mon_command({"prefix": "get_command_descriptions"} v 0) -- 0x7fc618063c20 con 0x7fc61807de80
2024-04-02T14:33:30.530 INFO:teuthology.orchestra.run.smithi062.stdout:/usr/bin/ceph: stderr
2024-04-02T14:33:29.495+0000 7fc60ea00700 1 --2- 172.21.15.62:0/2429424057 >> [v2:172.21.15.62:6800/1995176952,v1:172.21.15.62:6801/1995176952] conn(0x7fc5fc039700 0x7fc5fc03bbc0 unknown :-1 s=NONE pgs=0 cs=0 l=1 rev1=0 crypto rx=0 tx=0 comp rx=0 tx=0).connect
2024-04-02T14:33:30.531 INFO:teuthology.orchestra.run.smithi062.stdout:/usr/bin/ceph: stderr
2024-04-02T14:33:29.495+0000 7fc60ea00700 1 -- 172.21.15.62:0/2429424057 <== mon.0 v2:172.21.15.62:3300/0 5 ==== osd_map(3..3 src has 1..3) ==== 1155+0+0 (secure 0 0 0) 0x7fc60804dc80 con 0x7fc61807de80
2024-04-02T14:33:30.531 INFO:teuthology.orchestra.run.smithi062.stdout:/usr/bin/ceph: stderr
2024-04-02T14:33:29.495+0000 7fc615400700 1 --2- 172.21.15.62:0/2429424057 >> [v2:172.21.15.62:6800/1995176952,v1:172.21.15.62:6801/1995176952] conn(0x7fc5fc039700 0x7fc5fc03bbc0 unknown :-1 s=BANNER_CONNECTING pgs=0 cs=0 l=1 rev1=0 crypto rx=0 tx=0 comp rx=0 tx=0)._handle_peer_banner_payload supported=3 required=0
2024-04-02T14:33:30.531 INFO:teuthology.orchestra.run.smithi062.stdout:/usr/bin/ceph: stderr
2024-04-02T14:33:29.496+0000 7fc615400700 1 --2- 172.21.15.62:0/2429424057 >> [v2:172.21.15.62:6800/1995176952,v1:172.21.15.62:6801/1995176952] conn(0x7fc5fc039700 0x7fc5fc03bbc0 secure :-1 s=READY pgs=11 cs=0 l=1 rev1=1 crypto rx=0x7fc604006fd0 tx=0x7fc604006e40 comp rx=0 tx=0).ready entity=mgr.14152 client_cookie=0 server_cookie=0 in_seq=0 out_seq=0
2024-04-02T14:33:30.531 INFO:teuthology.orchestra.run.smithi062.stdout:/usr/bin/ceph: stderr
2024-04-02T14:33:29.501+0000 7fc60ea00700 1 -- 172.21.15.62:0/2429424057 <== mon.0 v2:172.21.15.62:3300/0 6 ==== mon_command_ack([{"prefix": "get_command_descriptions"}]=0 v0) ==== 72+0+188173 (secure 0 0 0) 0x7fc608018350 con 0x7fc61807de80
2024-04-02T14:33:30.531 INFO:teuthology.orchestra.run.smithi062.stdout:/usr/bin/ceph: stderr
2024-04-02T14:33:29.848+0000 7fc617200700 1 -- 172.21.15.62:0/2429424057 --> [v2:172.21.15.62:3300/0,v1:172.21.15.62:6789/0] -- mon_command([{prefix=config-key set, key=mgr/dashboard/cluster/status}] v 0) -- 0x7fc6181a1910 con 0x7fc61807de80
2024-04-02T14:33:30.531 INFO:teuthology.orchestra.run.smithi062.stdout:/usr/bin/ceph: stderr
2024-04-02T14:33:29.854+0000 7fc60ea00700 1 -- 172.21.15.62:0/2429424057 <== mon.0 v2:172.21.15.62:3300/0 7 ==== mon_command_ack([{prefix=config-key set, key=mgr/dashboard/cluster/status}]=0 set mgr/dashboard/cluster/status v27)=0 set mgr/dashboard/cluster/status v27) ==== 153+0+0 (secure 0 0 0) 0x7fc60800e260 con 0x7fc61807de80
2024-04-02T14:33:30.531 INFO:teuthology.orchestra.run.smithi062.stdout:/usr/bin/ceph: stderr
2024-04-02T14:33:29.857+0000 7fc617200700 1 -- 172.21.15.62:0/2429424057 >> [v2:172.21.15.62:6800/1995176952,v1:172.21.15.62:6801/1995176952] conn(0x7fc5fc039700 msgr2=0x7fc5fc03bbc0 secure :-1 s=STATE_CONNECTION_ESTABLISHED l=1).mark_down
2024-04-02T14:33:30.531 INFO:teuthology.orchestra.run.smithi062.stdout:/usr/bin/ceph: stderr
2024-04-02T14:33:29.857+0000 7fc617200700 1 --2- 172.21.15.62:0/2429424057 >> [v2:172.21.15.62:6800/1995176952,v1:172.21.15.62:6801/1995176952] conn(0x7fc5fc039700 0x7fc5fc03bbc0 secure :-1 s=READY pgs=11 cs=0 l=1 rev1=1 crypto rx=0x7fc604006fd0 tx=0x7fc604006e40 comp rx=0 tx=0).stop
