2024-04-02T14:33:01.159+0000 7fbb0ee00700 1 -- 172.21.15.62:0/2582294768 --> [v2:172.21.15.62:3300/0,v1:172.21.15.62:6789/0] -- mon_command({"prefix": "get_command_descriptions"} v 0) -- 0x7fbb0810ebf0 con 0x7fbb0810a510
2024-04-02T14:33:02.753 INFO:teuthology.orchestra.run.smithi062.stdout:/usr/bin/ceph: stderr
2024-04-02T14:33:01.160+0000 7fbb04c00700 1 --2- 172.21.15.62:0/2582294768 >> [v2:172.21.15.62:6800/1356430694,v1:172.21.15.62:6801/1356430694] conn(0x7fbaec039600 0x7fbaec03bac0 unknown :-1 s=NONE pgs=0 cs=0 l=1 rev1=0 crypto rx=0 tx=0 comp rx=0 tx=0).connect
2024-04-02T14:33:02.753 INFO:teuthology.orchestra.run.smithi062.stdout:/usr/bin/ceph: stderr
2024-04-02T14:33:01.160+0000 7fbb04c00700 1 -- 172.21.15.62:0/2582294768 <== mon.0 v2:172.21.15.62:3300/0 5 ==== osd_map(2..2 src has 1..2) ==== 940+0+0 (secure 0 0 0) 0x7fbaf804daf0 con 0x7fbb0810a510
2024-04-02T14:33:02.753 INFO:teuthology.orchestra.run.smithi062.stdout:/usr/bin/ceph: stderr
2024-04-02T14:33:01.161+0000 7fbb07400700 1 --2- 172.21.15.62:0/2582294768 >> [v2:172.21.15.62:6800/1356430694,v1:172.21.15.62:6801/1356430694] conn(0x7fbaec039600 0x7fbaec03bac0 unknown :-1 s=BANNER_CONNECTING pgs=0 cs=0 l=1 rev1=0 crypto rx=0 tx=0 comp rx=0 tx=0)._handle_peer_banner_payload supported=3 required=0
2024-04-02T14:33:02.753 INFO:teuthology.orchestra.run.smithi062.stdout:/usr/bin/ceph: stderr
2024-04-02T14:33:01.162+0000 7fbb07400700 1 --2- 172.21.15.62:0/2582294768 >> [v2:172.21.15.62:6800/1356430694,v1:172.21.15.62:6801/1356430694] conn(0x7fbaec039600 0x7fbaec03bac0 secure :-1 s=READY pgs=12 cs=0 l=1 rev1=1 crypto rx=0x7fbaf4006fd0 tx=0x7fbaf4006e40 comp rx=0 tx=0).ready entity=mgr.14120 client_cookie=0 server_cookie=0 in_seq=0 out_seq=0
2024-04-02T14:33:02.753 INFO:teuthology.orchestra.run.smithi062.stdout:/usr/bin/ceph: stderr
2024-04-02T14:33:01.166+0000 7fbb04c00700 1 -- 172.21.15.62:0/2582294768 <== mon.0 v2:172.21.15.62:3300/0 6 ==== mon_command_ack([{"prefix": "get_command_descriptions"}]=0 v0) ==== 72+0+188173 (secure 0 0 0) 0x7fbaf800e260 con 0x7fbb0810a510
2024-04-02T14:33:02.753 INFO:teuthology.orchestra.run.smithi062.stdout:/usr/bin/ceph: stderr
2024-04-02T14:33:01.420+0000 7fbb0ee00700 1 -- 172.21.15.62:0/2582294768 --> [v2:172.21.15.62:6800/1356430694,v1:172.21.15.62:6801/1356430694] -- mgr_command(tid 0: {"prefix": "orch apply", "service_type": "mon", "unmanaged": true, "target": ["mon-mgr", ""]}) -- 0x7fbb08108300 con 0x7fbaec039600
2024-04-02T14:33:02.754 INFO:teuthology.orchestra.run.smithi062.stdout:/usr/bin/ceph: stderr
2024-04-02T14:33:01.431+0000 7fbb04c00700 1 -- 172.21.15.62:0/2582294768 <== mgr.14120 v2:172.21.15.62:6800/1356430694 1 ==== mgr_command_reply(tid 0: 0 ) ==== 8+0+24 (secure 0 0 0) 0x7fbb08108300 con 0x7fbaec039600
2024-04-02T14:33:02.754 INFO:teuthology.orchestra.run.smithi062.stdout:/usr/bin/ceph: stderr
2024-04-02T14:33:01.434+0000 7fbb0ee00700 1 -- 172.21.15.62:0/2582294768 >> [v2:172.21.15.62:6800/1356430694,v1:172.21.15.62:6801/1356430694] conn(0x7fbaec039600 msgr2=0x7fbaec03bac0 secure :-1 s=STATE_CONNECTION_ESTABLISHED l=1).mark_down
2024-04-02T14:33:02.754 INFO:teuthology.orchestra.run.smithi062.stdout:/usr/bin/ceph: stderr
2024-04-02T14:33:01.434+0000 7fbb0ee00700 1 --2- 172.21.15.62:0/2582294768 >> [v2:172.21.15.62:6800/1356430694,v1:172.21.15.62:6801/1356430694] conn(0x7fbaec039600 0x7fbaec03bac0 secure :-1 s=READY pgs=12 cs=0 l=1 rev1=1 crypto rx=0x7fbaf4006fd0 tx=0x7fbaf4006e40 comp rx=0 tx=0).stop
2024-04-02T14:33:02.754 INFO:teuthology.orchestra.run.smithi062.stdout:/usr/bin/ceph: stderr
2024-04-02T14:33:01.434+0000 7fbb0ee00700 1 -- 172.21.15.62:0/2582294768 >> [v2:172.21.15.62:3300/0,v1:172.21.15.62:6789/0] conn(0x7fbb0810a510 msgr2=0x7fbb0819e520 secure :-1 s=STATE_CONNECTION_ESTABLISHED l=1).mark_down
2024-04-02T14:33:02.754 INFO:teuthology.orchestra.run.smithi062.stdout:/usr/bin/ceph: stderr
2024-04-02T14:33:01.434+0000 7fbb0ee00700 1 --2- 172.21.15.62:0/2582294768 >> [v2:172.21.15.62:3300/0,v1:172.21.15.62:6789/0] conn(0x7fbb0810a510 0x7fbb0819e520 secure :-1 s=READY pgs=48 cs=0 l=1 rev1=1 crypto rx=0x7fbaf80118c0 tx=0x7fbaf8011c80 comp rx=0 tx=0).stop
2024-04-02T14:33:02.754 INFO:teuthology.orchestra.run.smithi062.stdout:/usr/bin/ceph: stderr
2024-04-02T14:33:01.434+0000 7fbb0ee00700 1 -- 172.21.15.62:0/2582294768 shutdown_connections
2024-04-02T14:33:02.754 INFO:teuthology.orchestra.run.smithi062.stdout:/usr/bin/ceph: stderr
2024-04-02T14:33:01.434+0000 7fbb0ee00700 1 --2- 172.21.15.62:0/2582294768 >> [v2:172.21.15.62:6800/1356430694,v1:172.21.15.62:6801/1356430694] conn(0x7fbaec039600 0x7fbaec03bac0 unknown :-1 s=CLOSED pgs=12 cs=0 l=1 rev1=1 crypto rx=0 tx=0 comp rx=0 tx=0).stop
2024-04-02T14:33:02.754 INFO:teuthology.orchestra.run.smithi062.stdout:/usr/bin/ceph: stderr
2024-04-02T14:33:01.434+0000 7fbb0ee00700 1 --2- 172.21.15.62:0/2582294768 >> [v2:172.21.15.62:3300/0,v1:172.21.15.62:6789/0] conn(0x7fbb0810a510 0x7fbb0819e520 unknown :-1 s=CLOSED pgs=48 cs=0 l=1 rev1=1 crypto rx=0 tx=0 comp rx=0 tx=0).stop
2024-04-02T14:33:02.754 INFO:teuthology.orchestra.run.smithi062.stdout:/usr/bin/ceph: stderr
2024-04-02T14:33:01.434+0000 7fbb0ee00700 1 -- 172.21.15.62:0/2582294768 >> 172.21.15.62:0/2582294768 conn(0x7fbb0807d9e0 msgr2=0x7fbb08107bf0 unknown :-1 s=STATE_NONE l=0).mark_down
2024-04-02T14:33:02.754 INFO:teuthology.orchestra.run.smithi062.stdout:/usr/bin/ceph: stderr
2024-04-02T14:33:01.434+0000 7fbb0ee00700 1 -- 172.21.15.62:0/2582294768 shutdown_connections
2024-04-02T14:33:02.754 INFO:teuthology.orchestra.run.smithi062.stdout:/usr/bin/ceph: stderr
2024-04-02T14:33:01.435+0000 7fbb0ee00700 1 -- 172.21.15.62:0/2582294768 wait complete.
2024-04-02T14:33:02.754 INFO:teuthology.orchestra.run.smithi062.stdout:Deploying unmanaged mgr service...
2024-04-02T14:33:04.306 INFO:journalctl@ceph.mon.a.smithi062.stdout:Apr 02 14:33:04 smithi062 ceph-mon[32116]: from='mgr.14120 172.21.15.62:0/173339544' entity='mgr.x'
2024-04-02T14:33:04.306 INFO:journalctl@ceph.mon.a.smithi062.stdout:Apr 02 14:33:04 smithi062 ceph-mon[32116]: pgmap v3: 0 pgs: ; 0 B data, 0 B used, 0 B / 0 B avail
2024-04-02T14:33:04.306 INFO:journalctl@ceph.mon.a.smithi062.stdout:Apr 02 14:33:04 smithi062 ceph-mon[32116]: from='mgr.14120 172.21.15.62:0/173339544' entity='mgr.x'
2024-04-02T14:33:04.306 INFO:journalctl@ceph.mon.a.smithi062.stdout:Apr 02 14:33:04 smithi062 ceph-mon[32116]: from='mgr.14120 172.21.15.62:0/173339544' entity='mgr.x'
2024-04-02T14:33:04.626 INFO:teuthology.orchestra.run.smithi062.stdout:/usr/bin/ceph: stdout Scheduled mgr update...
2024-04-02T14:33:04.626 INFO:teuthology.orchestra.run.smithi062.stdout:/usr/bin/ceph: stderr
2024-04-02T14:33:03.642+0000 7f2821800700 1 Processor -- start
2024-04-02T14:33:04.627 INFO:teuthology.orchestra.run.smithi062.stdout:/usr/bin/ceph: stderr
2024-04-02T14:33:03.642+0000 7f2821800700 1 -- start start
2024-04-02T14:33:04.627 INFO:teuthology.orchestra.run.smithi062.stdout:/usr/bin/ceph: stderr
2024-04-02T14:33:03.642+0000 7f2821800700 1 --2- >> [v2:172.21.15.62:3300/0,v1:172.21.15.62:6789/0] conn(0x7f281c10a540 0x7f281c10a960 unknown :-1 s=NONE pgs=0 cs=0 l=0 rev1=0 crypto rx=0 tx=0 comp rx=0 tx=0).connect
2024-04-02T14:33:04.627 INFO:teuthology.orchestra.run.smithi062.stdout:/usr/bin/ceph: stderr
2024-04-02T14:33:03.642+0000 7f2821800700 1 -- --> [v2:172.21.15.62:3300/0,v1:172.21.15.62:6789/0] -- mon_getmap magic: 0 -- 0x7f281c10af30 con 0x7f281c10a540
2024-04-02T14:33:04.627 INFO:teuthology.orchestra.run.smithi062.stdout:/usr/bin/ceph: stderr
2024-04-02T14:33:03.643+0000 7f281aa00700 1 --2- >> [v2:172.21.15.62:3300/0,v1:172.21.15.62:6789/0] conn(0x7f281c10a540 0x7f281c10a960 unknown :-1 s=BANNER_CONNECTING pgs=0 cs=0 l=0 rev1=0 crypto rx=0 tx=0 comp rx=0 tx=0)._handle_peer_banner_payload supported=3 required=0
2024-04-02T14:33:04.627 INFO:teuthology.orchestra.run.smithi062.stdout:/usr/bin/ceph: stderr
2024-04-02T14:33:03.643+0000 7f281aa00700 1 --2- >> [v2:172.21.15.62:3300/0,v1:172.21.15.62:6789/0] conn(0x7f281c10a540 0x7f281c10a960 unknown :-1 s=HELLO_CONNECTING pgs=0 cs=0 l=0 rev1=1 crypto rx=0 tx=0 comp rx=0 tx=0).handle_hello peer v2:172.21.15.62:3300/0 says I am v2:172.21.15.62:44294/0 (socket says 172.21.15.62:44294)
2024-04-02T14:33:04.627 INFO:teuthology.orchestra.run.smithi062.stdout:/usr/bin/ceph: stderr
2024-04-02T14:33:03.643+0000 7f281aa00700 1 -- 172.21.15.62:0/393069100 learned_addr learned my addr 172.21.15.62:0/393069100 (peer_addr_for_me v2:172.21.15.62:0/0)
2024-04-02T14:33:04.627 INFO:teuthology.orchestra.run.smithi062.stdout:/usr/bin/ceph: stderr
2024-04-02T14:33:03.644+0000 7f281aa00700 1 -- 172.21.15.62:0/393069100 --> [v2:172.21.15.62:3300/0,v1:172.21.15.62:6789/0] -- mon_subscribe({config=0+,monmap=0+}) -- 0x7f281c10b6f0 con 0x7f281c10a540
2024-04-02T14:33:04.627 INFO:teuthology.orchestra.run.smithi062.stdout:/usr/bin/ceph: stderr
2024-04-02T14:33:03.644+0000 7f281aa00700 1 --2- 172.21.15.62:0/393069100 >> [v2:172.21.15.62:3300/0,v1:172.21.15.62:6789/0] conn(0x7f281c10a540 0x7f281c10a960 secure :-1 s=READY pgs=49 cs=0 l=1 rev1=1 crypto rx=0x7f280c0098a0 tx=0x7f280c009bb0 comp rx=0 tx=0).ready entity=mon.0 client_cookie=a600c7e862883887 server_cookie=0 in_seq=0 out_seq=0
2024-04-02T14:33:04.627 INFO:teuthology.orchestra.run.smithi062.stdout:/usr/bin/ceph: stderr
2024-04-02T14:33:03.644+0000 7f2819600700 1 -- 172.21.15.62:0/393069100 <== mon.0 v2:172.21.15.62:3300/0 1 ==== mon_map magic: 0 ==== 205+0+0 (secure 0 0 0) 0x7f280c004160 con 0x7f281c10a540
2024-04-02T14:33:04.627 INFO:teuthology.orchestra.run.smithi062.stdout:/usr/bin/ceph: stderr
2024-04-02T14:33:03.644+0000 7f2819600700 1 -- 172.21.15.62:0/393069100 <== mon.0 v2:172.21.15.62:3300/0 2 ==== config(28 keys) ==== 1174+0+0 (secure 0 0 0) 0x7f280c004300 con 0x7f281c10a540
2024-04-02T14:33:04.628 INFO:teuthology.orchestra.run.smithi062.stdout:/usr/bin/ceph: stderr
2024-04-02T14:33:03.644+0000 7f2819600700 1 -- 172.21.15.62:0/393069100 <== mon.0 v2:172.21.15.62:3300/0 3 ==== mon_map magic: 0 ==== 205+0+0 (secure 0 0 0) 0x7f280c011bb0 con 0x7f281c10a540
2024-04-02T14:33:04.628 INFO:teuthology.orchestra.run.smithi062.stdout:/usr/bin/ceph: stderr
2024-04-02T14:33:03.645+0000 7f2821800700 1 -- 172.21.15.62:0/393069100 >> [v2:172.21.15.62:3300/0,v1:172.21.15.62:6789/0] conn(0x7f281c10a540 msgr2=0x7f281c10a960 secure :-1 s=STATE_CONNECTION_ESTABLISHED l=1).mark_down
2024-04-02T14:33:04.628 INFO:teuthology.orchestra.run.smithi062.stdout:/usr/bin/ceph: stderr
2024-04-02T14:33:03.645+0000 7f2821800700 1 --2- 172.21.15.62:0/393069100 >> [v2:172.21.15.62:3300/0,v1:172.21.15.62:6789/0] conn(0x7f281c10a540 0x7f281c10a960 secure :-1 s=READY pgs=49 cs=0 l=1 rev1=1 crypto rx=0x7f280c0098a0 tx=0x7f280c009bb0 comp rx=0 tx=0).stop
2024-04-02T14:33:04.628 INFO:teuthology.orchestra.run.smithi062.stdout:/usr/bin/ceph: stderr
2024-04-02T14:33:03.645+0000 7f2821800700 1 -- 172.21.15.62:0/393069100 shutdown_connections
2024-04-02T14:33:04.628 INFO:teuthology.orchestra.run.smithi062.stdout:/usr/bin/ceph: stderr
2024-04-02T14:33:03.645+0000 7f2821800700 1 --2- 172.21.15.62:0/393069100 >> [v2:172.21.15.62:3300/0,v1:172.21.15.62:6789/0] conn(0x7f281c10a540 0x7f281c10a960 unknown :-1 s=CLOSED pgs=49 cs=0 l=1 rev1=1 crypto rx=0 tx=0 comp rx=0 tx=0).stop
2024-04-02T14:33:04.628 INFO:teuthology.orchestra.run.smithi062.stdout:/usr/bin/ceph: stderr
2024-04-02T14:33:03.645+0000 7f2821800700 1 -- 172.21.15.62:0/393069100 >> 172.21.15.62:0/393069100 conn(0x7f281c07d9b0 msgr2=0x7f281c1084c0 unknown :-1 s=STATE_NONE l=0).mark_down
2024-04-02T14:33:04.628 INFO:teuthology.orchestra.run.smithi062.stdout:/usr/bin/ceph: stderr
2024-04-02T14:33:03.645+0000 7f2821800700 1 -- 172.21.15.62:0/393069100 shutdown_connections
2024-04-02T14:33:04.628 INFO:teuthology.orchestra.run.smithi062.stdout:/usr/bin/ceph: stderr
2024-04-02T14:33:03.645+0000 7f2821800700 1 -- 172.21.15.62:0/393069100 wait complete.
2024-04-02T14:33:04.628 INFO:teuthology.orchestra.run.smithi062.stdout:/usr/bin/ceph: stderr
2024-04-02T14:33:03.646+0000 7f2821800700 1 Processor -- start
2024-04-02T14:33:04.628 INFO:teuthology.orchestra.run.smithi062.stdout:/usr/bin/ceph: stderr
2024-04-02T14:33:03.647+0000 7f2821800700 1 -- start start
2024-04-02T14:33:04.628 INFO:teuthology.orchestra.run.smithi062.stdout:/usr/bin/ceph: stderr
2024-04-02T14:33:03.647+0000 7f2821800700 1 --2- >> [v2:172.21.15.62:3300/0,v1:172.21.15.62:6789/0] conn(0x7f281c10a540 0x7f281c19e510 unknown :-1 s=NONE pgs=0 cs=0 l=1 rev1=0 crypto rx=0 tx=0 comp rx=0 tx=0).connect
2024-04-02T14:33:04.629 INFO:teuthology.orchestra.run.smithi062.stdout:/usr/bin/ceph: stderr
2024-04-02T14:33:03.647+0000 7f2821800700 1 -- --> [v2:172.21.15.62:3300/0,v1:172.21.15.62:6789/0] -- mon_getmap magic: 0 -- 0x7f281c10eaa0 con 0x7f281c10a540
2024-04-02T14:33:04.629 INFO:teuthology.orchestra.run.smithi062.stdout:/usr/bin/ceph: stderr
2024-04-02T14:33:03.647+0000 7f281aa00700 1 --2- >> [v2:172.21.15.62:3300/0,v1:172.21.15.62:6789/0] conn(0x7f281c10a540 0x7f281c19e510 unknown :-1 s=BANNER_CONNECTING pgs=0 cs=0 l=1 rev1=0 crypto rx=0 tx=0 comp rx=0 tx=0)._handle_peer_banner_payload supported=3 required=0
2024-04-02T14:33:04.629 INFO:teuthology.orchestra.run.smithi062.stdout:/usr/bin/ceph: stderr
2024-04-02T14:33:03.647+0000 7f281aa00700 1 --2- >> [v2:172.21.15.62:3300/0,v1:172.21.15.62:6789/0] conn(0x7f281c10a540 0x7f281c19e510 unknown :-1 s=HELLO_CONNECTING pgs=0 cs=0 l=1 rev1=1 crypto rx=0 tx=0 comp rx=0 tx=0).handle_hello peer v2:172.21.15.62:3300/0 says I am v2:172.21.15.62:44302/0 (socket says 172.21.15.62:44302)
2024-04-02T14:33:04.629 INFO:teuthology.orchestra.run.smithi062.stdout:/usr/bin/ceph: stderr
2024-04-02T14:33:03.647+0000 7f281aa00700 1 -- 172.21.15.62:0/2469528534 learned_addr learned my addr 172.21.15.62:0/2469528534 (peer_addr_for_me v2:172.21.15.62:0/0)
2024-04-02T14:33:04.629 INFO:teuthology.orchestra.run.smithi062.stdout:/usr/bin/ceph: stderr
2024-04-02T14:33:03.648+0000 7f281aa00700 1 -- 172.21.15.62:0/2469528534 --> [v2:172.21.15.62:3300/0,v1:172.21.15.62:6789/0] -- mon_subscribe({config=0+,monmap=0+}) -- 0x7f281c19ea50 con 0x7f281c10a540
2024-04-02T14:33:04.629 INFO:teuthology.orchestra.run.smithi062.stdout:/usr/bin/ceph: stderr
2024-04-02T14:33:03.648+0000 7f281aa00700 1 --2- 172.21.15.62:0/2469528534 >> [v2:172.21.15.62:3300/0,v1:172.21.15.62:6789/0] conn(0x7f281c10a540 0x7f281c19e510 secure :-1 s=READY pgs=50 cs=0 l=1 rev1=1 crypto rx=0x7f280c011690 tx=0x7f280c011c30 comp rx=0 tx=0).ready entity=mon.0 client_cookie=0 server_cookie=0 in_seq=0 out_seq=0
2024-04-02T14:33:04.629 INFO:teuthology.orchestra.run.smithi062.stdout:/usr/bin/ceph: stderr
2024-04-02T14:33:03.648+0000 7f2813400700 1 -- 172.21.15.62:0/2469528534 <== mon.0 v2:172.21.15.62:3300/0 1 ==== mon_map magic: 0 ==== 205+0+0 (secure 0 0 0) 0x7f280c0039c0 con 0x7f281c10a540
2024-04-02T14:33:04.629 INFO:teuthology.orchestra.run.smithi062.stdout:/usr/bin/ceph: stderr
2024-04-02T14:33:03.648+0000 7f2813400700 1 -- 172.21.15.62:0/2469528534 <== mon.0 v2:172.21.15.62:3300/0 2 ==== config(28 keys) ==== 1174+0+0 (secure 0 0 0) 0x7f280c003b60 con 0x7f281c10a540
2024-04-02T14:33:04.629 INFO:teuthology.orchestra.run.smithi062.stdout:/usr/bin/ceph: stderr
2024-04-02T14:33:03.648+0000 7f2821800700 1 -- 172.21.15.62:0/2469528534 --> [v2:172.21.15.62:3300/0,v1:172.21.15.62:6789/0] -- mon_subscribe({mgrmap=0+}) -- 0x7f281c19ece0 con 0x7f281c10a540
2024-04-02T14:33:04.629 INFO:teuthology.orchestra.run.smithi062.stdout:/usr/bin/ceph: stderr
2024-04-02T14:33:03.648+0000 7f2813400700 1 -- 172.21.15.62:0/2469528534 <== mon.0 v2:172.21.15.62:3300/0 3 ==== mon_map magic: 0 ==== 205+0+0 (secure 0 0 0) 0x7f280c0197d0 con 0x7f281c10a540
2024-04-02T14:33:04.629 INFO:teuthology.orchestra.run.smithi062.stdout:/usr/bin/ceph: stderr
2024-04-02T14:33:03.649+0000 7f2821800700 1 -- 172.21.15.62:0/2469528534 --> [v2:172.21.15.62:3300/0,v1:172.21.15.62:6789/0] -- mon_subscribe({osdmap=0}) -- 0x7f281c19f140 con 0x7f281c10a540
2024-04-02T14:33:04.629 INFO:teuthology.orchestra.run.smithi062.stdout:/usr/bin/ceph: stderr
2024-04-02T14:33:03.650+0000 7f2821800700 1 -- 172.21.15.62:0/2469528534 --> [v2:172.21.15.62:3300/0,v1:172.21.15.62:6789/0] -- mon_command({"prefix": "get_command_descriptions"} v 0) -- 0x7f281c063c20 con 0x7f281c10a540
2024-04-02T14:33:04.630 INFO:teuthology.orchestra.run.smithi062.stdout:/usr/bin/ceph: stderr
2024-04-02T14:33:03.650+0000 7f2813400700 1 -- 172.21.15.62:0/2469528534 <== mon.0 v2:172.21.15.62:3300/0 4 ==== mgrmap(e 8) ==== 46558+0+0 (secure 0 0 0) 0x7f280c01abe0 con 0x7f281c10a540
2024-04-02T14:33:04.630 INFO:teuthology.orchestra.run.smithi062.stdout:/usr/bin/ceph: stderr
2024-04-02T14:33:03.651+0000 7f2813400700 1 --2- 172.21.15.62:0/2469528534 >> [v2:172.21.15.62:6800/1356430694,v1:172.21.15.62:6801/1356430694] conn(0x7f2800039560 0x7f280003ba20 unknown :-1 s=NONE pgs=0 cs=0 l=1 rev1=0 crypto rx=0 tx=0 comp rx=0 tx=0).connect
2024-04-02T14:33:04.630 INFO:teuthology.orchestra.run.smithi062.stdout:/usr/bin/ceph: stderr
2024-04-02T14:33:03.651+0000 7f2813400700 1 -- 172.21.15.62:0/2469528534 <== mon.0 v2:172.21.15.62:3300/0 5 ==== osd_map(2..2 src has 1..2) ==== 940+0+0 (secure 0 0 0) 0x7f280c04dda0 con 0x7f281c10a540
2024-04-02T14:33:04.630 INFO:teuthology.orchestra.run.smithi062.stdout:/usr/bin/ceph: stderr
2024-04-02T14:33:03.651+0000 7f281a000700 1 --2- 172.21.15.62:0/2469528534 >> [v2:172.21.15.62:6800/1356430694,v1:172.21.15.62:6801/1356430694] conn(0x7f2800039560 0x7f280003ba20 unknown :-1 s=BANNER_CONNECTING pgs=0 cs=0 l=1 rev1=0 crypto rx=0 tx=0 comp rx=0 tx=0)._handle_peer_banner_payload supported=3 required=0
2024-04-02T14:33:04.630 INFO:teuthology.orchestra.run.smithi062.stdout:/usr/bin/ceph: stderr
2024-04-02T14:33:03.652+0000 7f281a000700 1 --2- 172.21.15.62:0/2469528534 >> [v2:172.21.15.62:6800/1356430694,v1:172.21.15.62:6801/1356430694] conn(0x7f2800039560 0x7f280003ba20 secure :-1 s=READY pgs=13 cs=0 l=1 rev1=1 crypto rx=0x7f2808006fd0 tx=0x7f2808006e40 comp rx=0 tx=0).ready entity=mgr.14120 client_cookie=0 server_cookie=0 in_seq=0 out_seq=0
2024-04-02T14:33:04.630 INFO:teuthology.orchestra.run.smithi062.stdout:/usr/bin/ceph: stderr
2024-04-02T14:33:03.657+0000 7f2813400700 1 -- 172.21.15.62:0/2469528534 <== mon.0 v2:172.21.15.62:3300/0 6 ==== mon_command_ack([{"prefix": "get_command_descriptions"}]=0 v0) ==== 72+0+188173 (secure 0 0 0) 0x7f280c00b3e0 con 0x7f281c10a540
2024-04-02T14:33:04.630 INFO:teuthology.orchestra.run.smithi062.stdout:/usr/bin/ceph: stderr
2024-04-02T14:33:03.918+0000 7f2821800700 1 -- 172.21.15.62:0/2469528534 --> [v2:172.21.15.62:6800/1356430694,v1:172.21.15.62:6801/1356430694] -- mgr_command(tid 0: {"prefix": "orch apply", "service_type": "mgr", "unmanaged": true, "target": ["mon-mgr", ""]}) -- 0x7f281c1082d0 con 0x7f2800039560
2024-04-02T14:33:04.631 INFO:teuthology.orchestra.run.smithi062.stdout:/usr/bin/ceph: stderr
2024-04-02T14:33:03.926+0000 7f2813400700 1 -- 172.21.15.62:0/2469528534 <== mgr.14120 v2:172.21.15.62:6800/1356430694 1 ==== mgr_command_reply(tid 0: 0 ) ==== 8+0+24 (secure 0 0 0) 0x7f281c1082d0 con 0x7f2800039560
2024-04-02T14:33:04.631 INFO:teuthology.orchestra.run.smithi062.stdout:/usr/bin/ceph: stderr
2024-04-02T14:33:03.930+0000 7f2821800700 1 -- 172.21.15.62:0/2469528534 >> [v2:172.21.15.62:6800/1356430694,v1:172.21.15.62:6801/1356430694] conn(0x7f2800039560 msgr2=0x7f280003ba20 secure :-1 s=STATE_CONNECTION_ESTABLISHED l=1).mark_down
2024-04-02T14:33:04.631 INFO:teuthology.orchestra.run.smithi062.stdout:/usr/bin/ceph: stderr
2024-04-02T14:33:03.930+0000 7f2821800700 1 --2- 172.21.15.62:0/2469528534 >> [v2:172.21.15.62:6800/1356430694,v1:172.21.15.62:6801/1356430694] conn(0x7f2800039560 0x7f280003ba20 secure :-1 s=READY pgs=13 cs=0 l=1 rev1=1 crypto rx=0x7f2808006fd0 tx=0x7f2808006e40 comp rx=0 tx=0).stop
2024-04-02T14:33:04.631 INFO:teuthology.orchestra.run.smithi062.stdout:/usr/bin/ceph: stderr
2024-04-02T14:33:03.930+0000 7f2821800700 1 -- 172.21.15.62:0/2469528534 >> [v2:172.21.15.62:3300/0,v1:172.21.15.62:6789/0] conn(0x7f281c10a540 msgr2=0x7f281c19e510 secure :-1 s=STATE_CONNECTION_ESTABLISHED l=1).mark_down
2024-04-02T14:33:04.631 INFO:teuthology.orchestra.run.smithi062.stdout:/usr/bin/ceph: stderr
2024-04-02T14:33:03.930+0000 7f2821800700 1 --2- 172.21.15.62:0/2469528534 >> [v2:172.21.15.62:3300/0,v1:172.21.15.62:6789/0] conn(0x7f281c10a540 0x7f281c19e510 secure :-1 s=READY pgs=50 cs=0 l=1 rev1=1 crypto rx=0x7f280c011690 tx=0x7f280c011c30 comp rx=0 tx=0).stop
2024-04-02T14:33:04.631 INFO:teuthology.orchestra.run.smithi062.stdout:/usr/bin/ceph: stderr
2024-04-02T14:33:03.930+0000 7f2821800700 1 -- 172.21.15.62:0/2469528534 shutdown_connections
2024-04-02T14:33:04.631 INFO:teuthology.orchestra.run.smithi062.stdout:/usr/bin/ceph: stderr
2024-04-02T14:33:03.930+0000 7f2821800700 1 --2- 172.21.15.62:0/2469528534 >> [v2:172.21.15.62:6800/1356430694,v1:172.21.15.62:6801/1356430694] conn(0x7f2800039560 0x7f280003ba20 unknown :-1 s=CLOSED pgs=13 cs=0 l=1 rev1=1 crypto rx=0 tx=0 comp rx=0 tx=0).stop
2024-04-02T14:33:04.631 INFO:teuthology.orchestra.run.smithi062.stdout:/usr/bin/ceph: stderr
2024-04-02T14:33:03.930+0000 7f2821800700 1 --2- 172.21.15.62:0/2469528534 >> [v2:172.21.15.62:3300/0,v1:172.21.15.62:6789/0] conn(0x7f281c10a540 0x7f281c19e510 unknown :-1 s=CLOSED pgs=50 cs=0 l=1 rev1=1 crypto rx=0 tx=0 comp rx=0 tx=0).stop
2024-04-02T14:33:04.631 INFO:teuthology.orchestra.run.smithi062.stdout:/usr/bin/ceph: stderr
2024-04-02T14:33:03.930+0000 7f2821800700 1 -- 172.21.15.62:0/2469528534 >> 172.21.15.62:0/2469528534 conn(0x7f281c07d9b0 msgr2=0x7f281c107bc0 unknown :-1 s=STATE_NONE l=0).mark_down
2024-04-02T14:33:04.631 INFO:teuthology.orchestra.run.smithi062.stdout:/usr/bin/ceph: stderr
2024-04-02T14:33:03.930+0000 7f2821800700 1 -- 172.21.15.62:0/2469528534 shutdown_connections
2024-04-02T14:33:04.631 INFO:teuthology.orchestra.run.smithi062.stdout:/usr/bin/ceph: stderr
2024-04-02T14:33:03.930+0000 7f2821800700 1 -- 172.21.15.62:0/2469528534 wait complete.
2024-04-02T14:33:05.245 INFO:journalctl@ceph.mon.a.smithi062.stdout:Apr 02 14:33:05 smithi062 ceph-mon[32116]: from='client.14144 -' entity='client.admin' cmd=[{"prefix": "orch apply", "service_type": "mgr", "unmanaged": true, "target": ["mon-mgr", ""]}]: dispatch
2024-04-02T14:33:05.245 INFO:journalctl@ceph.mon.a.smithi062.stdout:Apr 02 14:33:05 smithi062 ceph-mon[32116]: Saving service mgr spec with placement count:2
2024-04-02T14:33:06.307 INFO:journalctl@ceph.mon.a.smithi062.stdout:Apr 02 14:33:06 smithi062 ceph-mon[32116]: pgmap v4: 0 pgs: ; 0 B data, 0 B used, 0 B / 0 B avail
2024-04-02T14:33:06.307 INFO:journalctl@ceph.mon.a.smithi062.stdout:Apr 02 14:33:06 smithi062 ceph-mon[32116]: from='client.? 172.21.15.62:0/847380204' entity='client.admin'
2024-04-02T14:33:06.316 INFO:teuthology.orchestra.run.smithi062.stdout:/usr/bin/ceph: stderr
2024-04-02T14:33:05.311+0000 7f51f2800700 1 Processor -- start
2024-04-02T14:33:06.316 INFO:teuthology.orchestra.run.smithi062.stdout:/usr/bin/ceph: stderr
2024-04-02T14:33:05.311+0000 7f51f2800700 1 -- start start
2024-04-02T14:33:06.316 INFO:teuthology.orchestra.run.smithi062.stdout:/usr/bin/ceph: stderr
2024-04-02T14:33:05.311+0000 7f51f2800700 1 --2- >> [v2:172.21.15.62:3300/0,v1:172.21.15.62:6789/0] conn(0x7f51ec10a540 0x7f51ec10a960 unknown :-1 s=NONE pgs=0 cs=0 l=0 rev1=0 crypto rx=0 tx=0 comp rx=0 tx=0).connect
2024-04-02T14:33:06.319 INFO:teuthology.orchestra.run.smithi062.stdout:/usr/bin/ceph: stderr
2024-04-02T14:33:05.311+0000 7f51f2800700 1 -- --> [v2:172.21.15.62:3300/0,v1:172.21.15.62:6789/0] -- mon_getmap magic: 0 -- 0x7f51ec10af30 con 0x7f51ec10a540
2024-04-02T14:33:06.319 INFO:teuthology.orchestra.run.smithi062.stdout:/usr/bin/ceph: stderr
2024-04-02T14:33:05.312+0000 7f51eb400700 1 --2- >> [v2:172.21.15.62:3300/0,v1:172.21.15.62:6789/0] conn(0x7f51ec10a540 0x7f51ec10a960 unknown :-1 s=BANNER_CONNECTING pgs=0 cs=0 l=0 rev1=0 crypto rx=0 tx=0 comp rx=0 tx=0)._handle_peer_banner_payload supported=3 required=0
2024-04-02T14:33:06.319 INFO:teuthology.orchestra.run.smithi062.stdout:/usr/bin/ceph: stderr
2024-04-02T14:33:05.312+0000 7f51eb400700 1 --2- >> [v2:172.21.15.62:3300/0,v1:172.21.15.62:6789/0] conn(0x7f51ec10a540 0x7f51ec10a960 unknown :-1 s=HELLO_CONNECTING pgs=0 cs=0 l=0 rev1=1 crypto rx=0 tx=0 comp rx=0 tx=0).handle_hello peer v2:172.21.15.62:3300/0 says I am v2:172.21.15.62:44316/0 (socket says 172.21.15.62:44316)
2024-04-02T14:33:06.319 INFO:teuthology.orchestra.run.smithi062.stdout:/usr/bin/ceph: stderr
2024-04-02T14:33:05.312+0000 7f51eb400700 1 -- 172.21.15.62:0/524001321 learned_addr learned my addr 172.21.15.62:0/524001321 (peer_addr_for_me v2:172.21.15.62:0/0)
2024-04-02T14:33:06.319 INFO:teuthology.orchestra.run.smithi062.stdout:/usr/bin/ceph: stderr
2024-04-02T14:33:05.312+0000 7f51eb400700 1 -- 172.21.15.62:0/524001321 --> [v2:172.21.15.62:3300/0,v1:172.21.15.62:6789/0] -- mon_subscribe({config=0+,monmap=0+}) -- 0x7f51ec10b6f0 con 0x7f51ec10a540
2024-04-02T14:33:06.319 INFO:teuthology.orchestra.run.smithi062.stdout:/usr/bin/ceph: stderr
2024-04-02T14:33:05.313+0000 7f51eb400700 1 --2- 172.21.15.62:0/524001321 >> [v2:172.21.15.62:3300/0,v1:172.21.15.62:6789/0] conn(0x7f51ec10a540 0x7f51ec10a960 secure :-1 s=READY pgs=51 cs=0 l=1 rev1=1 crypto rx=0x7f51dc009e80 tx=0x7f51dc00b330 comp rx=0 tx=0).ready entity=mon.0 client_cookie=6d55e765903f8c3c server_cookie=0 in_seq=0 out_seq=0
2024-04-02T14:33:06.320 INFO:teuthology.orchestra.run.smithi062.stdout:/usr/bin/ceph: stderr
2024-04-02T14:33:05.313+0000 7f51eaa00700 1 -- 172.21.15.62:0/524001321 <== mon.0 v2:172.21.15.62:3300/0 1 ==== mon_map magic: 0 ==== 205+0+0 (secure 0 0 0) 0x7f51dc017070 con 0x7f51ec10a540
2024-04-02T14:33:06.320 INFO:teuthology.orchestra.run.smithi062.stdout:/usr/bin/ceph: stderr
2024-04-02T14:33:05.313+0000 7f51eaa00700 1 -- 172.21.15.62:0/524001321 <== mon.0 v2:172.21.15.62:3300/0 2 ==== config(28 keys) ==== 1174+0+0 (secure 0 0 0) 0x7f51dc00b8c0 con 0x7f51ec10a540
2024-04-02T14:33:06.320 INFO:teuthology.orchestra.run.smithi062.stdout:/usr/bin/ceph: stderr
2024-04-02T14:33:05.313+0000 7f51eaa00700 1 -- 172.21.15.62:0/524001321 <== mon.0 v2:172.21.15.62:3300/0 3 ==== mon_map magic: 0 ==== 205+0+0 (secure 0 0 0) 0x7f51dc004580 con 0x7f51ec10a540
2024-04-02T14:33:06.320 INFO:teuthology.orchestra.run.smithi062.stdout:/usr/bin/ceph: stderr
2024-04-02T14:33:05.314+0000 7f51f2800700 1 -- 172.21.15.62:0/524001321 >> [v2:172.21.15.62:3300/0,v1:172.21.15.62:6789/0] conn(0x7f51ec10a540 msgr2=0x7f51ec10a960 secure :-1 s=STATE_CONNECTION_ESTABLISHED l=1).mark_down
2024-04-02T14:33:06.320 INFO:teuthology.orchestra.run.smithi062.stdout:/usr/bin/ceph: stderr
2024-04-02T14:33:05.314+0000 7f51f2800700 1 --2- 172.21.15.62:0/524001321 >> [v2:172.21.15.62:3300/0,v1:172.21.15.62:6789/0] conn(0x7f51ec10a540 0x7f51ec10a960 secure :-1 s=READY pgs=51 cs=0 l=1 rev1=1 crypto rx=0x7f51dc009e80 tx=0x7f51dc00b330 comp rx=0 tx=0).stop
2024-04-02T14:33:06.320 INFO:teuthology.orchestra.run.smithi062.stdout:/usr/bin/ceph: stderr
2024-04-02T14:33:05.314+0000 7f51f2800700 1 -- 172.21.15.62:0/524001321 shutdown_connections
2024-04-02T14:33:06.320 INFO:teuthology.orchestra.run.smithi062.stdout:/usr/bin/ceph: stderr
2024-04-02T14:33:05.314+0000 7f51f2800700 1 --2- 172.21.15.62:0/524001321 >> [v2:172.21.15.62:3300/0,v1:172.21.15.62:6789/0] conn(0x7f51ec10a540 0x7f51ec10a960 unknown :-1 s=CLOSED pgs=51 cs=0 l=1 rev1=1 crypto rx=0 tx=0 comp rx=0 tx=0).stop
2024-04-02T14:33:06.320 INFO:teuthology.orchestra.run.smithi062.stdout:/usr/bin/ceph: stderr
2024-04-02T14:33:05.314+0000 7f51f2800700 1 -- 172.21.15.62:0/524001321 >> 172.21.15.62:0/524001321 conn(0x7f51ec105b20 msgr2=0x7f51ec107f40 unknown :-1 s=STATE_NONE l=0).mark_down
2024-04-02T14:33:06.320 INFO:teuthology.orchestra.run.smithi062.stdout:/usr/bin/ceph: stderr
2024-04-02T14:33:05.314+0000 7f51f2800700 1 -- 172.21.15.62:0/524001321 shutdown_connections
2024-04-02T14:33:06.320 INFO:teuthology.orchestra.run.smithi062.stdout:/usr/bin/ceph: stderr
2024-04-02T14:33:05.314+0000 7f51f2800700 1 -- 172.21.15.62:0/524001321 wait complete.
2024-04-02T14:33:06.320 INFO:teuthology.orchestra.run.smithi062.stdout:/usr/bin/ceph: stderr
2024-04-02T14:33:05.315+0000 7f51f2800700 1 Processor -- start
2024-04-02T14:33:06.320 INFO:teuthology.orchestra.run.smithi062.stdout:/usr/bin/ceph: stderr
2024-04-02T14:33:05.315+0000 7f51f2800700 1 -- start start
2024-04-02T14:33:06.320 INFO:teuthology.orchestra.run.smithi062.stdout:/usr/bin/ceph: stderr
2024-04-02T14:33:05.315+0000 7f51f2800700 1 --2- >> [v2:172.21.15.62:3300/0,v1:172.21.15.62:6789/0] conn(0x7f51ec10a540 0x7f51ec19e4c0 unknown :-1 s=NONE pgs=0 cs=0 l=1 rev1=0 crypto rx=0 tx=0 comp rx=0 tx=0).connect
2024-04-02T14:33:06.321 INFO:teuthology.orchestra.run.smithi062.stdout:/usr/bin/ceph: stderr
2024-04-02T14:33:05.315+0000 7f51f2800700 1 -- --> [v2:172.21.15.62:3300/0,v1:172.21.15.62:6789/0] -- mon_getmap magic: 0 -- 0x7f51ec10eaa0 con 0x7f51ec10a540
2024-04-02T14:33:06.324 INFO:teuthology.orchestra.run.smithi062.stdout:/usr/bin/ceph: stderr
2024-04-02T14:33:05.316+0000 7f51eb400700 1 --2- >> [v2:172.21.15.62:3300/0,v1:172.21.15.62:6789/0] conn(0x7f51ec10a540 0x7f51ec19e4c0 unknown :-1 s=BANNER_CONNECTING pgs=0 cs=0 l=1 rev1=0 crypto rx=0 tx=0 comp rx=0 tx=0)._handle_peer_banner_payload supported=3 required=0
2024-04-02T14:33:06.324 INFO:teuthology.orchestra.run.smithi062.stdout:/usr/bin/ceph: stderr
2024-04-02T14:33:05.316+0000 7f51eb400700 1 --2- >> [v2:172.21.15.62:3300/0,v1:172.21.15.62:6789/0] conn(0x7f51ec10a540 0x7f51ec19e4c0 unknown :-1 s=HELLO_CONNECTING pgs=0 cs=0 l=1 rev1=1 crypto rx=0 tx=0 comp rx=0 tx=0).handle_hello peer v2:172.21.15.62:3300/0 says I am v2:172.21.15.62:44320/0 (socket says 172.21.15.62:44320)
2024-04-02T14:33:06.324 INFO:teuthology.orchestra.run.smithi062.stdout:/usr/bin/ceph: stderr
2024-04-02T14:33:05.316+0000 7f51eb400700 1 -- 172.21.15.62:0/847380204 learned_addr learned my addr 172.21.15.62:0/847380204 (peer_addr_for_me v2:172.21.15.62:0/0)
2024-04-02T14:33:06.324 INFO:teuthology.orchestra.run.smithi062.stdout:/usr/bin/ceph: stderr
2024-04-02T14:33:05.316+0000 7f51eb400700 1 -- 172.21.15.62:0/847380204 --> [v2:172.21.15.62:3300/0,v1:172.21.15.62:6789/0] -- mon_subscribe({config=0+,monmap=0+}) -- 0x7f51ec19ea00 con 0x7f51ec10a540
2024-04-02T14:33:06.324 INFO:teuthology.orchestra.run.smithi062.stdout:/usr/bin/ceph: stderr
2024-04-02T14:33:05.316+0000 7f51eb400700 1 --2- 172.21.15.62:0/847380204 >> [v2:172.21.15.62:3300/0,v1:172.21.15.62:6789/0] conn(0x7f51ec10a540 0x7f51ec19e4c0 secure :-1 s=READY pgs=52 cs=0 l=1 rev1=1 crypto rx=0x7f51dc000f80 tx=0x7f51dc003d00 comp rx=0 tx=0).ready entity=mon.0 client_cookie=0 server_cookie=0 in_seq=0 out_seq=0
2024-04-02T14:33:06.324 INFO:teuthology.orchestra.run.smithi062.stdout:/usr/bin/ceph: stderr
2024-04-02T14:33:05.317+0000 7f51e8c00700 1 -- 172.21.15.62:0/847380204 <== mon.0 v2:172.21.15.62:3300/0 1 ==== mon_map magic: 0 ==== 205+0+0 (secure 0 0 0) 0x7f51dc021020 con 0x7f51ec10a540
2024-04-02T14:33:06.324 INFO:teuthology.orchestra.run.smithi062.stdout:/usr/bin/ceph: stderr
2024-04-02T14:33:05.317+0000 7f51e8c00700 1 -- 172.21.15.62:0/847380204 <== mon.0 v2:172.21.15.62:3300/0 2 ==== config(28 keys) ==== 1174+0+0 (secure 0 0 0) 0x7f51dc00bde0 con 0x7f51ec10a540
2024-04-02T14:33:06.324 INFO:teuthology.orchestra.run.smithi062.stdout:/usr/bin/ceph: stderr
2024-04-02T14:33:05.317+0000 7f51f2800700 1 -- 172.21.15.62:0/847380204 --> [v2:172.21.15.62:3300/0,v1:172.21.15.62:6789/0] -- mon_subscribe({mgrmap=0+}) -- 0x7f51ec19ec90 con 0x7f51ec10a540
2024-04-02T14:33:06.324 INFO:teuthology.orchestra.run.smithi062.stdout:/usr/bin/ceph: stderr
2024-04-02T14:33:05.317+0000 7f51e8c00700 1 -- 172.21.15.62:0/847380204 <== mon.0 v2:172.21.15.62:3300/0 3 ==== mon_map magic: 0 ==== 205+0+0 (secure 0 0 0) 0x7f51dc017040 con 0x7f51ec10a540
2024-04-02T14:33:06.325 INFO:teuthology.orchestra.run.smithi062.stdout:/usr/bin/ceph: stderr
2024-04-02T14:33:05.317+0000 7f51f2800700 1 -- 172.21.15.62:0/847380204 --> [v2:172.21.15.62:3300/0,v1:172.21.15.62:6789/0] -- mon_subscribe({osdmap=0}) -- 0x7f51ec1a1980 con 0x7f51ec10a540
2024-04-02T14:33:06.325 INFO:teuthology.orchestra.run.smithi062.stdout:/usr/bin/ceph: stderr
2024-04-02T14:33:05.318+0000 7f51f2800700 1 -- 172.21.15.62:0/847380204 --> [v2:172.21.15.62:3300/0,v1:172.21.15.62:6789/0] -- mon_command({"prefix": "get_command_descriptions"} v 0) -- 0x7f51ec10ec20 con 0x7f51ec10a540
2024-04-02T14:33:06.325 INFO:teuthology.orchestra.run.smithi062.stdout:/usr/bin/ceph: stderr
2024-04-02T14:33:05.318+0000 7f51e8c00700 1 -- 172.21.15.62:0/847380204 <== mon.0 v2:172.21.15.62:3300/0 4 ==== mgrmap(e 8) ==== 46558+0+0 (secure 0 0 0) 0x7f51dc024020 con 0x7f51ec10a540
2024-04-02T14:33:06.325 INFO:teuthology.orchestra.run.smithi062.stdout:/usr/bin/ceph: stderr
2024-04-02T14:33:05.319+0000 7f51e8c00700 1 --2- 172.21.15.62:0/847380204 >> [v2:172.21.15.62:6800/1356430694,v1:172.21.15.62:6801/1356430694] conn(0x7f51d0039600 0x7f51d003bac0 unknown :-1 s=NONE pgs=0 cs=0 l=1 rev1=0 crypto rx=0 tx=0 comp rx=0 tx=0).connect
2024-04-02T14:33:06.325 INFO:teuthology.orchestra.run.smithi062.stdout:/usr/bin/ceph: stderr
2024-04-02T14:33:05.319+0000 7f51e8c00700 1 -- 172.21.15.62:0/847380204 <== mon.0 v2:172.21.15.62:3300/0 5 ==== osd_map(2..2 src has 1..2) ==== 940+0+0 (secure 0 0 0) 0x7f51dc00f050 con 0x7f51ec10a540
2024-04-02T14:33:06.325 INFO:teuthology.orchestra.run.smithi062.stdout:/usr/bin/ceph: stderr
2024-04-02T14:33:05.319+0000 7f51e2a00700 1 --2- 172.21.15.62:0/847380204 >> [v2:172.21.15.62:6800/1356430694,v1:172.21.15.62:6801/1356430694] conn(0x7f51d0039600 0x7f51d003bac0 unknown :-1 s=BANNER_CONNECTING pgs=0 cs=0 l=1 rev1=0 crypto rx=0 tx=0 comp rx=0 tx=0)._handle_peer_banner_payload supported=3 required=0
2024-04-02T14:33:06.325 INFO:teuthology.orchestra.run.smithi062.stdout:/usr/bin/ceph: stderr
2024-04-02T14:33:05.320+0000 7f51e2a00700 1 --2- 172.21.15.62:0/847380204 >> [v2:172.21.15.62:6800/1356430694,v1:172.21.15.62:6801/1356430694] conn(0x7f51d0039600 0x7f51d003bac0 secure :-1 s=READY pgs=14 cs=0 l=1 rev1=1 crypto rx=0x7f51d4006fd0 tx=0x7f51d4006e40 comp rx=0 tx=0).ready entity=mgr.14120 client_cookie=0 server_cookie=0 in_seq=0 out_seq=0
2024-04-02T14:33:06.325 INFO:teuthology.orchestra.run.smithi062.stdout:/usr/bin/ceph: stderr
2024-04-02T14:33:05.324+0000 7f51e8c00700 1 -- 172.21.15.62:0/847380204 <== mon.0 v2:172.21.15.62:3300/0 6 ==== mon_command_ack([{"prefix": "get_command_descriptions"}]=0 v0) ==== 72+0+188173 (secure 0 0 0) 0x7f51dc02b020 con 0x7f51ec10a540
2024-04-02T14:33:06.325 INFO:teuthology.orchestra.run.smithi062.stdout:/usr/bin/ceph: stderr
2024-04-02T14:33:05.560+0000 7f51f2800700 1 -- 172.21.15.62:0/847380204 --> [v2:172.21.15.62:3300/0,v1:172.21.15.62:6789/0] -- mon_command([{prefix=config set, name=mgr/cephadm/container_init}] v 0) -- 0x7f51ec063c20 con 0x7f51ec10a540
2024-04-02T14:33:06.325 INFO:teuthology.orchestra.run.smithi062.stdout:/usr/bin/ceph: stderr
2024-04-02T14:33:05.563+0000 7f51e8c00700 1 -- 172.21.15.62:0/847380204 <== mon.0 v2:172.21.15.62:3300/0 7 ==== mon_command_ack([{prefix=config set, name=mgr/cephadm/container_init}]=0 v7)=0 v7) ==== 142+0+0 (secure 0 0 0) 0x7f51dc02e350 con 0x7f51ec10a540
2024-04-02T14:33:06.325 INFO:teuthology.orchestra.run.smithi062.stdout:/usr/bin/ceph: stderr
2024-04-02T14:33:05.567+0000 7f51f2800700 1 -- 172.21.15.62:0/847380204 >> [v2:172.21.15.62:6800/1356430694,v1:172.21.15.62:6801/1356430694] conn(0x7f51d0039600 msgr2=0x7f51d003bac0 secure :-1 s=STATE_CONNECTION_ESTABLISHED l=1).mark_down
2024-04-02T14:33:06.325 INFO:teuthology.orchestra.run.smithi062.stdout:/usr/bin/ceph: stderr
2024-04-02T14:33:05.567+0000 7f51f2800700 1 --2- 172.21.15.62:0/847380204 >> [v2:172.21.15.62:6800/1356430694,v1:172.21.15.62:6801/1356430694] conn(0x7f51d0039600 0x7f51d003bac0 secure :-1 s=READY pgs=14 cs=0 l=1 rev1=1 crypto rx=0x7f51d4006fd0 tx=0x7f51d4006e40 comp rx=0 tx=0).stop
2024-04-02T14:33:06.325 INFO:teuthology.orchestra.run.smithi062.stdout:/usr/bin/ceph: stderr
2024-04-02T14:33:05.567+0000 7f51f2800700 1 -- 172.21.15.62:0/847380204 >> [v2:172.21.15.62:3300/0,v1:172.21.15.62:6789/0] conn(0x7f51ec10a540 msgr2=0x7f51ec19e4c0 secure :-1 s=STATE_CONNECTION_ESTABLISHED l=1).mark_down
2024-04-02T14:33:06.325 INFO:teuthology.orchestra.run.smithi062.stdout:/usr/bin/ceph: stderr
2024-04-02T14:33:05.567+0000 7f51f2800700 1 --2- 172.21.15.62:0/847380204 >> [v2:172.21.15.62:3300/0,v1:172.21.15.62:6789/0] conn(0x7f51ec10a540 0x7f51ec19e4c0 secure :-1 s=READY pgs=52 cs=0 l=1 rev1=1 crypto rx=0x7f51dc000f80 tx=0x7f51dc003d00 comp rx=0 tx=0).stop
2024-04-02T14:33:06.326 INFO:teuthology.orchestra.run.smithi062.stdout:/usr/bin/ceph: stderr
2024-04-02T14:33:05.567+0000 7f51f2800700 1 -- 172.21.15.62:0/847380204 shutdown_connections
2024-04-02T14:33:06.326 INFO:teuthology.orchestra.run.smithi062.stdout:/usr/bin/ceph: stderr
2024-04-02T14:33:05.567+0000 7f51f2800700 1 --2- 172.21.15.62:0/847380204 >> [v2:172.21.15.62:6800/1356430694,v1:172.21.15.62:6801/1356430694] conn(0x7f51d0039600 0x7f51d003bac0 unknown :-1 s=CLOSED pgs=14 cs=0 l=1 rev1=1 crypto rx=0 tx=0 comp rx=0 tx=0).stop
2024-04-02T14:33:06.326 INFO:teuthology.orchestra.run.smithi062.stdout:/usr/bin/ceph: stderr
2024-04-02T14:33:05.567+0000 7f51f2800700 1 --2- 172.21.15.62:0/847380204 >> [v2:172.21.15.62:3300/0,v1:172.21.15.62:6789/0] conn(0x7f51ec10a540 0x7f51ec19e4c0 unknown :-1 s=CLOSED pgs=52 cs=0 l=1 rev1=1 crypto rx=0 tx=0 comp rx=0 tx=0).stop
2024-04-02T14:33:06.326 INFO:teuthology.orchestra.run.smithi062.stdout:/usr/bin/ceph: stderr
2024-04-02T14:33:05.567+0000 7f51f2800700 1 -- 172.21.15.62:0/847380204 >> 172.21.15.62:0/847380204 conn(0x7f51ec105b20 msgr2=0x7f51ec1065a0 unknown :-1 s=STATE_NONE l=0).mark_down
2024-04-02T14:33:06.326 INFO:teuthology.orchestra.run.smithi062.stdout:/usr/bin/ceph: stderr
2024-04-02T14:33:05.567+0000 7f51f2800700 1 -- 172.21.15.62:0/847380204 shutdown_connections
2024-04-02T14:33:06.326 INFO:teuthology.orchestra.run.smithi062.stdout:/usr/bin/ceph: stderr
2024-04-02T14:33:05.567+0000 7f51f2800700 1 -- 172.21.15.62:0/847380204 wait complete.
2024-04-02T14:33:07.822 INFO:journalctl@ceph.mon.a.smithi062.stdout:Apr 02 14:33:07 smithi062 ceph-mon[32116]: pgmap v5: 0 pgs: ; 0 B data, 0 B used, 0 B / 0 B avail
2024-04-02T14:33:07.823 INFO:journalctl@ceph.mon.a.smithi062.stdout:Apr 02 14:33:07 smithi062 ceph-mon[32116]: from='client.? 172.21.15.62:0/468303132' entity='client.admin'
2024-04-02T14:33:08.184 INFO:teuthology.orchestra.run.smithi062.stdout:/usr/bin/ceph: stderr
2024-04-02T14:33:07.169+0000 7f0c5a400700 1 Processor -- start
2024-04-02T14:33:08.184 INFO:teuthology.orchestra.run.smithi062.stdout:/usr/bin/ceph: stderr
2024-04-02T14:33:07.169+0000 7f0c5a400700 1 -- start start
2024-04-02T14:33:08.184 INFO:teuthology.orchestra.run.smithi062.stdout:/usr/bin/ceph: stderr
2024-04-02T14:33:07.170+0000 7f0c5a400700 1 --2- >> [v2:172.21.15.62:3300/0,v1:172.21.15.62:6789/0] conn(0x7f0c5410a540 0x7f0c5410a960 unknown :-1 s=NONE pgs=0 cs=0 l=0 rev1=0 crypto rx=0 tx=0 comp rx=0 tx=0).connect
2024-04-02T14:33:08.184 INFO:teuthology.orchestra.run.smithi062.stdout:/usr/bin/ceph: stderr
2024-04-02T14:33:07.170+0000 7f0c5a400700 1 -- --> [v2:172.21.15.62:3300/0,v1:172.21.15.62:6789/0] -- mon_getmap magic: 0 -- 0x7f0c5410af30 con 0x7f0c5410a540
2024-04-02T14:33:08.184 INFO:teuthology.orchestra.run.smithi062.stdout:/usr/bin/ceph: stderr
2024-04-02T14:33:07.170+0000 7f0c53400700 1 --2- >> [v2:172.21.15.62:3300/0,v1:172.21.15.62:6789/0] conn(0x7f0c5410a540 0x7f0c5410a960 unknown :-1 s=BANNER_CONNECTING pgs=0 cs=0 l=0 rev1=0 crypto rx=0 tx=0 comp rx=0 tx=0)._handle_peer_banner_payload supported=3 required=0
2024-04-02T14:33:08.184 INFO:teuthology.orchestra.run.smithi062.stdout:/usr/bin/ceph: stderr
2024-04-02T14:33:07.170+0000 7f0c53400700 1 --2- >> [v2:172.21.15.62:3300/0,v1:172.21.15.62:6789/0] conn(0x7f0c5410a540 0x7f0c5410a960 unknown :-1 s=HELLO_CONNECTING pgs=0 cs=0 l=0 rev1=1 crypto rx=0 tx=0 comp rx=0 tx=0).handle_hello peer v2:172.21.15.62:3300/0 says I am v2:172.21.15.62:44328/0 (socket says 172.21.15.62:44328)
2024-04-02T14:33:08.184 INFO:teuthology.orchestra.run.smithi062.stdout:/usr/bin/ceph: stderr
2024-04-02T14:33:07.170+0000 7f0c53400700 1 -- 172.21.15.62:0/370891189 learned_addr learned my addr 172.21.15.62:0/370891189 (peer_addr_for_me v2:172.21.15.62:0/0)
2024-04-02T14:33:08.185 INFO:teuthology.orchestra.run.smithi062.stdout:/usr/bin/ceph: stderr
2024-04-02T14:33:07.171+0000 7f0c53400700 1 -- 172.21.15.62:0/370891189 --> [v2:172.21.15.62:3300/0,v1:172.21.15.62:6789/0] -- mon_subscribe({config=0+,monmap=0+}) -- 0x7f0c5410b6a0 con 0x7f0c5410a540
2024-04-02T14:33:08.185 INFO:teuthology.orchestra.run.smithi062.stdout:/usr/bin/ceph: stderr
2024-04-02T14:33:07.171+0000 7f0c53400700 1 --2- 172.21.15.62:0/370891189 >> [v2:172.21.15.62:3300/0,v1:172.21.15.62:6789/0] conn(0x7f0c5410a540 0x7f0c5410a960 secure :-1 s=READY pgs=53 cs=0 l=1 rev1=1 crypto rx=0x7f0c440098a0 tx=0x7f0c44009bb0 comp rx=0 tx=0).ready entity=mon.0 client_cookie=ec1c50d53d9020e5 server_cookie=0 in_seq=0 out_seq=0
2024-04-02T14:33:08.185 INFO:teuthology.orchestra.run.smithi062.stdout:/usr/bin/ceph: stderr
2024-04-02T14:33:07.171+0000 7f0c52000700 1 -- 172.21.15.62:0/370891189 <== mon.0 v2:172.21.15.62:3300/0 1 ==== mon_map magic: 0 ==== 205+0+0 (secure 0 0 0) 0x7f0c44004160 con 0x7f0c5410a540
2024-04-02T14:33:08.185 INFO:teuthology.orchestra.run.smithi062.stdout:/usr/bin/ceph: stderr
2024-04-02T14:33:07.171+0000 7f0c52000700 1 -- 172.21.15.62:0/370891189 <== mon.0 v2:172.21.15.62:3300/0 2 ==== config(28 keys) ==== 1174+0+0 (secure 0 0 0) 0x7f0c44004300 con 0x7f0c5410a540
2024-04-02T14:33:08.185 INFO:teuthology.orchestra.run.smithi062.stdout:/usr/bin/ceph: stderr
2024-04-02T14:33:07.172+0000 7f0c52000700 1 -- 172.21.15.62:0/370891189 <== mon.0 v2:172.21.15.62:3300/0 3 ==== mon_map magic: 0 ==== 205+0+0 (secure 0 0 0) 0x7f0c44011bb0 con 0x7f0c5410a540
2024-04-02T14:33:08.185 INFO:teuthology.orchestra.run.smithi062.stdout:/usr/bin/ceph: stderr
2024-04-02T14:33:07.172+0000 7f0c5a400700 1 -- 172.21.15.62:0/370891189 >> [v2:172.21.15.62:3300/0,v1:172.21.15.62:6789/0] conn(0x7f0c5410a540 msgr2=0x7f0c5410a960 secure :-1 s=STATE_CONNECTION_ESTABLISHED l=1).mark_down
2024-04-02T14:33:08.185 INFO:teuthology.orchestra.run.smithi062.stdout:/usr/bin/ceph: stderr
2024-04-02T14:33:07.172+0000 7f0c5a400700 1 --2- 172.21.15.62:0/370891189 >> [v2:172.21.15.62:3300/0,v1:172.21.15.62:6789/0] conn(0x7f0c5410a540 0x7f0c5410a960 secure :-1 s=READY pgs=53 cs=0 l=1 rev1=1 crypto rx=0x7f0c440098a0 tx=0x7f0c44009bb0 comp rx=0 tx=0).stop
2024-04-02T14:33:08.186 INFO:teuthology.orchestra.run.smithi062.stdout:/usr/bin/ceph: stderr
2024-04-02T14:33:07.172+0000 7f0c5a400700 1 -- 172.21.15.62:0/370891189 shutdown_connections
2024-04-02T14:33:08.186 INFO:teuthology.orchestra.run.smithi062.stdout:/usr/bin/ceph: stderr
2024-04-02T14:33:07.172+0000 7f0c5a400700 1 --2- 172.21.15.62:0/370891189 >> [v2:172.21.15.62:3300/0,v1:172.21.15.62:6789/0] conn(0x7f0c5410a540 0x7f0c5410a960 unknown :-1 s=CLOSED pgs=53 cs=0 l=1 rev1=1 crypto rx=0 tx=0 comp rx=0 tx=0).stop
2024-04-02T14:33:08.186 INFO:teuthology.orchestra.run.smithi062.stdout:/usr/bin/ceph: stderr
2024-04-02T14:33:07.172+0000 7f0c5a400700 1 -- 172.21.15.62:0/370891189 >> 172.21.15.62:0/370891189 conn(0x7f0c54105b20 msgr2=0x7f0c54107f40 unknown :-1 s=STATE_NONE l=0).mark_down
2024-04-02T14:33:08.187 INFO:teuthology.orchestra.run.smithi062.stdout:/usr/bin/ceph: stderr
2024-04-02T14:33:07.172+0000 7f0c5a400700 1 -- 172.21.15.62:0/370891189 shutdown_connections
2024-04-02T14:33:08.187 INFO:teuthology.orchestra.run.smithi062.stdout:/usr/bin/ceph: stderr
2024-04-02T14:33:07.172+0000 7f0c5a400700 1 -- 172.21.15.62:0/370891189 wait complete.
2024-04-02T14:33:08.187 INFO:teuthology.orchestra.run.smithi062.stdout:/usr/bin/ceph: stderr
2024-04-02T14:33:07.174+0000 7f0c5a400700 1 Processor -- start
2024-04-02T14:33:08.187 INFO:teuthology.orchestra.run.smithi062.stdout:/usr/bin/ceph: stderr
2024-04-02T14:33:07.174+0000 7f0c5a400700 1 -- start start
2024-04-02T14:33:08.187 INFO:teuthology.orchestra.run.smithi062.stdout:/usr/bin/ceph: stderr
2024-04-02T14:33:07.174+0000 7f0c5a400700 1 --2- >> [v2:172.21.15.62:3300/0,v1:172.21.15.62:6789/0] conn(0x7f0c5410a540 0x7f0c5419e4e0 unknown :-1 s=NONE pgs=0 cs=0 l=1 rev1=0 crypto rx=0 tx=0 comp rx=0 tx=0).connect
2024-04-02T14:33:08.187 INFO:teuthology.orchestra.run.smithi062.stdout:/usr/bin/ceph: stderr
2024-04-02T14:33:07.174+0000 7f0c5a400700 1 -- --> [v2:172.21.15.62:3300/0,v1:172.21.15.62:6789/0] -- mon_getmap magic: 0 -- 0x7f0c5410ea50 con 0x7f0c5410a540
2024-04-02T14:33:08.187 INFO:teuthology.orchestra.run.smithi062.stdout:/usr/bin/ceph: stderr
2024-04-02T14:33:07.174+0000 7f0c53400700 1 --2- >> [v2:172.21.15.62:3300/0,v1:172.21.15.62:6789/0] conn(0x7f0c5410a540 0x7f0c5419e4e0 unknown :-1 s=BANNER_CONNECTING pgs=0 cs=0 l=1 rev1=0 crypto rx=0 tx=0 comp rx=0 tx=0)._handle_peer_banner_payload supported=3 required=0
2024-04-02T14:33:08.187 INFO:teuthology.orchestra.run.smithi062.stdout:/usr/bin/ceph: stderr
2024-04-02T14:33:07.174+0000 7f0c53400700 1 --2- >> [v2:172.21.15.62:3300/0,v1:172.21.15.62:6789/0] conn(0x7f0c5410a540 0x7f0c5419e4e0 unknown :-1 s=HELLO_CONNECTING pgs=0 cs=0 l=1 rev1=1 crypto rx=0 tx=0 comp rx=0 tx=0).handle_hello peer v2:172.21.15.62:3300/0 says I am v2:172.21.15.62:44342/0 (socket says 172.21.15.62:44342)
2024-04-02T14:33:08.188 INFO:teuthology.orchestra.run.smithi062.stdout:/usr/bin/ceph: stderr
2024-04-02T14:33:07.174+0000 7f0c53400700 1 -- 172.21.15.62:0/468303132 learned_addr learned my addr 172.21.15.62:0/468303132 (peer_addr_for_me v2:172.21.15.62:0/0)
2024-04-02T14:33:08.188 INFO:teuthology.orchestra.run.smithi062.stdout:/usr/bin/ceph: stderr
2024-04-02T14:33:07.175+0000 7f0c53400700 1 -- 172.21.15.62:0/468303132 --> [v2:172.21.15.62:3300/0,v1:172.21.15.62:6789/0] -- mon_subscribe({config=0+,monmap=0+}) -- 0x7f0c5419ea20 con 0x7f0c5410a540
2024-04-02T14:33:08.188 INFO:teuthology.orchestra.run.smithi062.stdout:/usr/bin/ceph: stderr
2024-04-02T14:33:07.175+0000 7f0c53400700 1 --2- 172.21.15.62:0/468303132 >> [v2:172.21.15.62:3300/0,v1:172.21.15.62:6789/0] conn(0x7f0c5410a540 0x7f0c5419e4e0 secure :-1 s=READY pgs=54 cs=0 l=1 rev1=1 crypto rx=0x7f0c44000c00 tx=0x7f0c44004620 comp rx=0 tx=0).ready entity=mon.0 client_cookie=0 server_cookie=0 in_seq=0 out_seq=0
2024-04-02T14:33:08.188 INFO:teuthology.orchestra.run.smithi062.stdout:/usr/bin/ceph: stderr
2024-04-02T14:33:07.175+0000 7f0c4be00700 1 -- 172.21.15.62:0/468303132 <== mon.0 v2:172.21.15.62:3300/0 1 ==== mon_map magic: 0 ==== 205+0+0 (secure 0 0 0) 0x7f0c44011e60 con 0x7f0c5410a540
2024-04-02T14:33:08.188 INFO:teuthology.orchestra.run.smithi062.stdout:/usr/bin/ceph: stderr
2024-04-02T14:33:07.175+0000 7f0c4be00700 1 -- 172.21.15.62:0/468303132 <== mon.0 v2:172.21.15.62:3300/0 2 ==== config(28 keys) ==== 1174+0+0 (secure 0 0 0) 0x7f0c44003af0 con 0x7f0c5410a540
2024-04-02T14:33:08.188 INFO:teuthology.orchestra.run.smithi062.stdout:/usr/bin/ceph: stderr
2024-04-02T14:33:07.175+0000 7f0c4be00700 1 -- 172.21.15.62:0/468303132 <== mon.0 v2:172.21.15.62:3300/0 3 ==== mon_map magic: 0 ==== 205+0+0 (secure 0 0 0) 0x7f0c440246a0 con 0x7f0c5410a540
2024-04-02T14:33:08.188 INFO:teuthology.orchestra.run.smithi062.stdout:/usr/bin/ceph: stderr
2024-04-02T14:33:07.176+0000 7f0c5a400700 1 -- 172.21.15.62:0/468303132 --> [v2:172.21.15.62:3300/0,v1:172.21.15.62:6789/0] -- mon_subscribe({mgrmap=0+}) -- 0x7f0c5419ecb0 con 0x7f0c5410a540
2024-04-02T14:33:08.188 INFO:teuthology.orchestra.run.smithi062.stdout:/usr/bin/ceph: stderr
2024-04-02T14:33:07.176+0000 7f0c5a400700 1 -- 172.21.15.62:0/468303132 --> [v2:172.21.15.62:3300/0,v1:172.21.15.62:6789/0] -- mon_subscribe({osdmap=0}) -- 0x7f0c5419f110 con 0x7f0c5410a540
2024-04-02T14:33:08.188 INFO:teuthology.orchestra.run.smithi062.stdout:/usr/bin/ceph: stderr
2024-04-02T14:33:07.177+0000 7f0c5a400700 1 -- 172.21.15.62:0/468303132 --> [v2:172.21.15.62:3300/0,v1:172.21.15.62:6789/0] -- mon_command({"prefix": "get_command_descriptions"} v 0) -- 0x7f0c54063c20 con 0x7f0c5410a540
2024-04-02T14:33:08.189 INFO:teuthology.orchestra.run.smithi062.stdout:/usr/bin/ceph: stderr
2024-04-02T14:33:07.177+0000 7f0c4be00700 1 -- 172.21.15.62:0/468303132 <== mon.0 v2:172.21.15.62:3300/0 4 ==== mgrmap(e 8) ==== 46558+0+0 (secure 0 0 0) 0x7f0c44022020 con 0x7f0c5410a540
2024-04-02T14:33:08.189 INFO:teuthology.orchestra.run.smithi062.stdout:/usr/bin/ceph: stderr
2024-04-02T14:33:07.177+0000 7f0c4be00700 1 --2- 172.21.15.62:0/468303132 >> [v2:172.21.15.62:6800/1356430694,v1:172.21.15.62:6801/1356430694] conn(0x7f0c38039600 0x7f0c3803bac0 unknown :-1 s=NONE pgs=0 cs=0 l=1 rev1=0 crypto rx=0 tx=0 comp rx=0 tx=0).connect
2024-04-02T14:33:08.189 INFO:teuthology.orchestra.run.smithi062.stdout:/usr/bin/ceph: stderr
2024-04-02T14:33:07.178+0000 7f0c4be00700 1 -- 172.21.15.62:0/468303132 <== mon.0 v2:172.21.15.62:3300/0 5 ==== osd_map(2..2 src has 1..2) ==== 940+0+0 (secure 0 0 0) 0x7f0c4404d820 con 0x7f0c5410a540
2024-04-02T14:33:08.189 INFO:teuthology.orchestra.run.smithi062.stdout:/usr/bin/ceph: stderr
2024-04-02T14:33:07.178+0000 7f0c52a00700 1 --2- 172.21.15.62:0/468303132 >> [v2:172.21.15.62:6800/1356430694,v1:172.21.15.62:6801/1356430694] conn(0x7f0c38039600 0x7f0c3803bac0 unknown :-1 s=BANNER_CONNECTING pgs=0 cs=0 l=1 rev1=0 crypto rx=0 tx=0 comp rx=0 tx=0)._handle_peer_banner_payload supported=3 required=0
2024-04-02T14:33:08.189 INFO:teuthology.orchestra.run.smithi062.stdout:/usr/bin/ceph: stderr
2024-04-02T14:33:07.179+0000 7f0c52a00700 1 --2- 172.21.15.62:0/468303132 >> [v2:172.21.15.62:6800/1356430694,v1:172.21.15.62:6801/1356430694] conn(0x7f0c38039600 0x7f0c3803bac0 secure :-1 s=READY pgs=15 cs=0 l=1 rev1=1 crypto rx=0x7f0c40006fd0 tx=0x7f0c40006e40 comp rx=0 tx=0).ready entity=mgr.14120 client_cookie=0 server_cookie=0 in_seq=0 out_seq=0
