2024-04-02T17:02:17.920 INFO:journalctl@ceph.mon.a.smithi059.stdout:Apr 02 17:02:17 smithi059 ceph-mon[31664]: from='mgr.14120 172.21.15.59:0/344095751' entity='mgr.x'
2024-04-02T17:02:17.920 INFO:journalctl@ceph.mon.a.smithi059.stdout:Apr 02 17:02:17 smithi059 ceph-mon[31664]: from='mgr.14120 172.21.15.59:0/344095751' entity='mgr.x'
2024-04-02T17:02:17.920 INFO:journalctl@ceph.mon.a.smithi059.stdout:Apr 02 17:02:17 smithi059 ceph-mon[31664]: from='mgr.14120 172.21.15.59:0/344095751' entity='mgr.x' cmd=[{"prefix": "config dump", "format": "json"}]: dispatch
2024-04-02T17:02:18.555 INFO:teuthology.orchestra.run.smithi059.stdout:/usr/bin/ceph: stderr
2024-04-02T17:02:17.656+0000 7fdce2000700 1 Processor -- start
2024-04-02T17:02:18.555 INFO:teuthology.orchestra.run.smithi059.stdout:/usr/bin/ceph: stderr
2024-04-02T17:02:17.656+0000 7fdce2000700 1 -- start start
2024-04-02T17:02:18.555 INFO:teuthology.orchestra.run.smithi059.stdout:/usr/bin/ceph: stderr
2024-04-02T17:02:17.656+0000 7fdce2000700 1 --2- >> [v2:172.21.15.59:3300/0,v1:172.21.15.59:6789/0] conn(0x7fdcdc07cd10 0x7fdcdc07b170 unknown :-1 s=NONE pgs=0 cs=0 l=0 rev1=0 crypto rx=0 tx=0 comp rx=0 tx=0).connect
2024-04-02T17:02:18.555 INFO:teuthology.orchestra.run.smithi059.stdout:/usr/bin/ceph: stderr
2024-04-02T17:02:17.657+0000 7fdce2000700 1 -- --> [v2:172.21.15.59:3300/0,v1:172.21.15.59:6789/0] -- mon_getmap magic: 0 -- 0x7fdcdc07b740 con 0x7fdcdc07cd10
2024-04-02T17:02:18.555 INFO:teuthology.orchestra.run.smithi059.stdout:/usr/bin/ceph: stderr
2024-04-02T17:02:17.657+0000 7fdcdb400700 1 --2- >> [v2:172.21.15.59:3300/0,v1:172.21.15.59:6789/0] conn(0x7fdcdc07cd10 0x7fdcdc07b170 unknown :-1 s=BANNER_CONNECTING pgs=0 cs=0 l=0 rev1=0 crypto rx=0 tx=0 comp rx=0 tx=0)._handle_peer_banner_payload supported=3 required=0
2024-04-02T17:02:18.560 INFO:teuthology.orchestra.run.smithi059.stdout:/usr/bin/ceph: stderr
2024-04-02T17:02:17.657+0000 7fdcdb400700 1 --2- >> [v2:172.21.15.59:3300/0,v1:172.21.15.59:6789/0] conn(0x7fdcdc07cd10 0x7fdcdc07b170 unknown :-1 s=HELLO_CONNECTING pgs=0 cs=0 l=0 rev1=1 crypto rx=0 tx=0 comp rx=0 tx=0).handle_hello peer v2:172.21.15.59:3300/0 says I am v2:172.21.15.59:52384/0 (socket says 172.21.15.59:52384)
2024-04-02T17:02:18.561 INFO:teuthology.orchestra.run.smithi059.stdout:/usr/bin/ceph: stderr
2024-04-02T17:02:17.657+0000 7fdcdb400700 1 -- 172.21.15.59:0/2150486673 learned_addr learned my addr 172.21.15.59:0/2150486673 (peer_addr_for_me v2:172.21.15.59:0/0)
2024-04-02T17:02:18.561 INFO:teuthology.orchestra.run.smithi059.stdout:/usr/bin/ceph: stderr
2024-04-02T17:02:17.657+0000 7fdcdb400700 1 -- 172.21.15.59:0/2150486673 --> [v2:172.21.15.59:3300/0,v1:172.21.15.59:6789/0] -- mon_subscribe({config=0+,monmap=0+}) -- 0x7fdcdc07b8c0 con 0x7fdcdc07cd10
2024-04-02T17:02:18.561 INFO:teuthology.orchestra.run.smithi059.stdout:/usr/bin/ceph: stderr
2024-04-02T17:02:17.658+0000 7fdcdb400700 1 --2- 172.21.15.59:0/2150486673 >> [v2:172.21.15.59:3300/0,v1:172.21.15.59:6789/0] conn(0x7fdcdc07cd10 0x7fdcdc07b170 secure :-1 s=READY pgs=37 cs=0 l=1 rev1=1 crypto rx=0x7fdccc0098a0 tx=0x7fdccc009bb0 comp rx=0 tx=0).ready entity=mon.0 client_cookie=ed59a9197d76b378 server_cookie=0 in_seq=0 out_seq=0
2024-04-02T17:02:18.561 INFO:teuthology.orchestra.run.smithi059.stdout:/usr/bin/ceph: stderr
2024-04-02T17:02:17.658+0000 7fdcda000700 1 -- 172.21.15.59:0/2150486673 <== mon.0 v2:172.21.15.59:3300/0 1 ==== mon_map magic: 0 ==== 205+0+0 (secure 0 0 0) 0x7fdccc004160 con 0x7fdcdc07cd10
2024-04-02T17:02:18.561 INFO:teuthology.orchestra.run.smithi059.stdout:/usr/bin/ceph: stderr
2024-04-02T17:02:17.658+0000 7fdcda000700 1 -- 172.21.15.59:0/2150486673 <== mon.0 v2:172.21.15.59:3300/0 2 ==== config(27 keys) ==== 1109+0+0 (secure 0 0 0) 0x7fdccc004300 con 0x7fdcdc07cd10
2024-04-02T17:02:18.561 INFO:teuthology.orchestra.run.smithi059.stdout:/usr/bin/ceph: stderr
2024-04-02T17:02:17.658+0000 7fdcda000700 1 -- 172.21.15.59:0/2150486673 <== mon.0 v2:172.21.15.59:3300/0 3 ==== mon_map magic: 0 ==== 205+0+0 (secure 0 0 0) 0x7fdccc011b50 con 0x7fdcdc07cd10
2024-04-02T17:02:18.561 INFO:teuthology.orchestra.run.smithi059.stdout:/usr/bin/ceph: stderr
2024-04-02T17:02:17.659+0000 7fdce2000700 1 -- 172.21.15.59:0/2150486673 >> [v2:172.21.15.59:3300/0,v1:172.21.15.59:6789/0] conn(0x7fdcdc07cd10 msgr2=0x7fdcdc07b170 secure :-1 s=STATE_CONNECTION_ESTABLISHED l=1).mark_down
2024-04-02T17:02:18.561 INFO:teuthology.orchestra.run.smithi059.stdout:/usr/bin/ceph: stderr
2024-04-02T17:02:17.659+0000 7fdce2000700 1 --2- 172.21.15.59:0/2150486673 >> [v2:172.21.15.59:3300/0,v1:172.21.15.59:6789/0] conn(0x7fdcdc07cd10 0x7fdcdc07b170 secure :-1 s=READY pgs=37 cs=0 l=1 rev1=1 crypto rx=0x7fdccc0098a0 tx=0x7fdccc009bb0 comp rx=0 tx=0).stop
2024-04-02T17:02:18.561 INFO:teuthology.orchestra.run.smithi059.stdout:/usr/bin/ceph: stderr
2024-04-02T17:02:17.659+0000 7fdce2000700 1 -- 172.21.15.59:0/2150486673 shutdown_connections
2024-04-02T17:02:18.561 INFO:teuthology.orchestra.run.smithi059.stdout:/usr/bin/ceph: stderr
2024-04-02T17:02:17.659+0000 7fdce2000700 1 --2- 172.21.15.59:0/2150486673 >> [v2:172.21.15.59:3300/0,v1:172.21.15.59:6789/0] conn(0x7fdcdc07cd10 0x7fdcdc07b170 unknown :-1 s=CLOSED pgs=37 cs=0 l=1 rev1=1 crypto rx=0 tx=0 comp rx=0 tx=0).stop
2024-04-02T17:02:18.561 INFO:teuthology.orchestra.run.smithi059.stdout:/usr/bin/ceph: stderr
2024-04-02T17:02:17.659+0000 7fdce2000700 1 -- 172.21.15.59:0/2150486673 >> 172.21.15.59:0/2150486673 conn(0x7fdcdc103640 msgr2=0x7fdcdc105ac0 unknown :-1 s=STATE_NONE l=0).mark_down
2024-04-02T17:02:18.561 INFO:teuthology.orchestra.run.smithi059.stdout:/usr/bin/ceph: stderr
2024-04-02T17:02:17.659+0000 7fdce2000700 1 -- 172.21.15.59:0/2150486673 shutdown_connections
2024-04-02T17:02:18.561 INFO:teuthology.orchestra.run.smithi059.stdout:/usr/bin/ceph: stderr
2024-04-02T17:02:17.659+0000 7fdce2000700 1 -- 172.21.15.59:0/2150486673 wait complete.
2024-04-02T17:02:18.562 INFO:teuthology.orchestra.run.smithi059.stdout:/usr/bin/ceph: stderr
2024-04-02T17:02:17.660+0000 7fdce2000700 1 Processor -- start
2024-04-02T17:02:18.562 INFO:teuthology.orchestra.run.smithi059.stdout:/usr/bin/ceph: stderr
2024-04-02T17:02:17.660+0000 7fdce2000700 1 -- start start
2024-04-02T17:02:18.562 INFO:teuthology.orchestra.run.smithi059.stdout:/usr/bin/ceph: stderr
2024-04-02T17:02:17.660+0000 7fdce2000700 1 --2- >> [v2:172.21.15.59:3300/0,v1:172.21.15.59:6789/0] conn(0x7fdcdc07cd10 0x7fdcdc19e360 unknown :-1 s=NONE pgs=0 cs=0 l=1 rev1=0 crypto rx=0 tx=0 comp rx=0 tx=0).connect
2024-04-02T17:02:18.562 INFO:teuthology.orchestra.run.smithi059.stdout:/usr/bin/ceph: stderr
2024-04-02T17:02:17.660+0000 7fdce2000700 1 -- --> [v2:172.21.15.59:3300/0,v1:172.21.15.59:6789/0] -- mon_getmap magic: 0 -- 0x7fdcdc10e6f0 con 0x7fdcdc07cd10
2024-04-02T17:02:18.562 INFO:teuthology.orchestra.run.smithi059.stdout:/usr/bin/ceph: stderr
2024-04-02T17:02:17.660+0000 7fdcdb400700 1 --2- >> [v2:172.21.15.59:3300/0,v1:172.21.15.59:6789/0] conn(0x7fdcdc07cd10 0x7fdcdc19e360 unknown :-1 s=BANNER_CONNECTING pgs=0 cs=0 l=1 rev1=0 crypto rx=0 tx=0 comp rx=0 tx=0)._handle_peer_banner_payload supported=3 required=0
2024-04-02T17:02:18.562 INFO:teuthology.orchestra.run.smithi059.stdout:/usr/bin/ceph: stderr
2024-04-02T17:02:17.661+0000 7fdcdb400700 1 --2- >> [v2:172.21.15.59:3300/0,v1:172.21.15.59:6789/0] conn(0x7fdcdc07cd10 0x7fdcdc19e360 unknown :-1 s=HELLO_CONNECTING pgs=0 cs=0 l=1 rev1=1 crypto rx=0 tx=0 comp rx=0 tx=0).handle_hello peer v2:172.21.15.59:3300/0 says I am v2:172.21.15.59:52392/0 (socket says 172.21.15.59:52392)
2024-04-02T17:02:18.562 INFO:teuthology.orchestra.run.smithi059.stdout:/usr/bin/ceph: stderr
2024-04-02T17:02:17.661+0000 7fdcdb400700 1 -- 172.21.15.59:0/346762992 learned_addr learned my addr 172.21.15.59:0/346762992 (peer_addr_for_me v2:172.21.15.59:0/0)
2024-04-02T17:02:18.562 INFO:teuthology.orchestra.run.smithi059.stdout:/usr/bin/ceph: stderr
2024-04-02T17:02:17.661+0000 7fdcdb400700 1 -- 172.21.15.59:0/346762992 --> [v2:172.21.15.59:3300/0,v1:172.21.15.59:6789/0] -- mon_subscribe({config=0+,monmap=0+}) -- 0x7fdcdc19e8a0 con 0x7fdcdc07cd10
2024-04-02T17:02:18.562 INFO:teuthology.orchestra.run.smithi059.stdout:/usr/bin/ceph: stderr
2024-04-02T17:02:17.661+0000 7fdcdb400700 1 --2- 172.21.15.59:0/346762992 >> [v2:172.21.15.59:3300/0,v1:172.21.15.59:6789/0] conn(0x7fdcdc07cd10 0x7fdcdc19e360 secure :-1 s=READY pgs=38 cs=0 l=1 rev1=1 crypto rx=0x7fdccc011850 tx=0x7fdccc011c10 comp rx=0 tx=0).ready entity=mon.0 client_cookie=0 server_cookie=0 in_seq=0 out_seq=0
2024-04-02T17:02:18.562 INFO:teuthology.orchestra.run.smithi059.stdout:/usr/bin/ceph: stderr
2024-04-02T17:02:17.661+0000 7fdcd3e00700 1 -- 172.21.15.59:0/346762992 <== mon.0 v2:172.21.15.59:3300/0 1 ==== mon_map magic: 0 ==== 205+0+0 (secure 0 0 0) 0x7fdccc003af0 con 0x7fdcdc07cd10
2024-04-02T17:02:18.562 INFO:teuthology.orchestra.run.smithi059.stdout:/usr/bin/ceph: stderr
2024-04-02T17:02:17.661+0000 7fdcd3e00700 1 -- 172.21.15.59:0/346762992 <== mon.0 v2:172.21.15.59:3300/0 2 ==== config(27 keys) ==== 1109+0+0 (secure 0 0 0) 0x7fdccc020070 con 0x7fdcdc07cd10
2024-04-02T17:02:18.562 INFO:teuthology.orchestra.run.smithi059.stdout:/usr/bin/ceph: stderr
2024-04-02T17:02:17.661+0000 7fdcd3e00700 1 -- 172.21.15.59:0/346762992 <== mon.0 v2:172.21.15.59:3300/0 3 ==== mon_map magic: 0 ==== 205+0+0 (secure 0 0 0) 0x7fdccc0195a0 con 0x7fdcdc07cd10
2024-04-02T17:02:18.562 INFO:teuthology.orchestra.run.smithi059.stdout:/usr/bin/ceph: stderr
2024-04-02T17:02:17.661+0000 7fdce2000700 1 -- 172.21.15.59:0/346762992 --> [v2:172.21.15.59:3300/0,v1:172.21.15.59:6789/0] -- mon_subscribe({mgrmap=0+}) -- 0x7fdcdc19eb30 con 0x7fdcdc07cd10
2024-04-02T17:02:18.563 INFO:teuthology.orchestra.run.smithi059.stdout:/usr/bin/ceph: stderr
2024-04-02T17:02:17.662+0000 7fdce2000700 1 -- 172.21.15.59:0/346762992 --> [v2:172.21.15.59:3300/0,v1:172.21.15.59:6789/0] -- mon_subscribe({osdmap=0}) -- 0x7fdcdc1a1820 con 0x7fdcdc07cd10
2024-04-02T17:02:18.563 INFO:teuthology.orchestra.run.smithi059.stdout:/usr/bin/ceph: stderr
2024-04-02T17:02:17.663+0000 7fdcd3e00700 1 -- 172.21.15.59:0/346762992 <== mon.0 v2:172.21.15.59:3300/0 4 ==== mgrmap(e 7) ==== 46452+0+0 (secure 0 0 0) 0x7fdccc019850 con 0x7fdcdc07cd10
2024-04-02T17:02:18.563 INFO:teuthology.orchestra.run.smithi059.stdout:/usr/bin/ceph: stderr
2024-04-02T17:02:17.663+0000 7fdce2000700 1 -- 172.21.15.59:0/346762992 --> [v2:172.21.15.59:3300/0,v1:172.21.15.59:6789/0] -- mon_command({"prefix": "get_command_descriptions"} v 0) -- 0x7fdcdc063c20 con 0x7fdcdc07cd10
2024-04-02T17:02:18.563 INFO:teuthology.orchestra.run.smithi059.stdout:/usr/bin/ceph: stderr
2024-04-02T17:02:17.663+0000 7fdcd3e00700 1 --2- 172.21.15.59:0/346762992 >> [v2:172.21.15.59:6800/2274685378,v1:172.21.15.59:6801/2274685378] conn(0x7fdcc00394e0 0x7fdcc003b9a0 unknown :-1 s=NONE pgs=0 cs=0 l=1 rev1=0 crypto rx=0 tx=0 comp rx=0 tx=0).connect
2024-04-02T17:02:18.563 INFO:teuthology.orchestra.run.smithi059.stdout:/usr/bin/ceph: stderr
2024-04-02T17:02:17.663+0000 7fdcd3e00700 1 -- 172.21.15.59:0/346762992 <== mon.0 v2:172.21.15.59:3300/0 5 ==== osd_map(2..2 src has 1..2) ==== 940+0+0 (secure 0 0 0) 0x7fdccc011e00 con 0x7fdcdc07cd10
2024-04-02T17:02:18.563 INFO:teuthology.orchestra.run.smithi059.stdout:/usr/bin/ceph: stderr
2024-04-02T17:02:17.663+0000 7fdcdaa00700 1 --2- 172.21.15.59:0/346762992 >> [v2:172.21.15.59:6800/2274685378,v1:172.21.15.59:6801/2274685378] conn(0x7fdcc00394e0 0x7fdcc003b9a0 unknown :-1 s=BANNER_CONNECTING pgs=0 cs=0 l=1 rev1=0 crypto rx=0 tx=0 comp rx=0 tx=0)._handle_peer_banner_payload supported=3 required=0
2024-04-02T17:02:18.563 INFO:teuthology.orchestra.run.smithi059.stdout:/usr/bin/ceph: stderr
2024-04-02T17:02:17.664+0000 7fdcdaa00700 1 --2- 172.21.15.59:0/346762992 >> [v2:172.21.15.59:6800/2274685378,v1:172.21.15.59:6801/2274685378] conn(0x7fdcc00394e0 0x7fdcc003b9a0 secure :-1 s=READY pgs=7 cs=0 l=1 rev1=1 crypto rx=0x7fdcc8006fd0 tx=0x7fdcc8006e40 comp rx=0 tx=0).ready entity=mgr.14120 client_cookie=0 server_cookie=0 in_seq=0 out_seq=0
2024-04-02T17:02:18.563 INFO:teuthology.orchestra.run.smithi059.stdout:/usr/bin/ceph: stderr
2024-04-02T17:02:17.670+0000 7fdcd3e00700 1 -- 172.21.15.59:0/346762992 <== mon.0 v2:172.21.15.59:3300/0 6 ==== mon_command_ack([{"prefix": "get_command_descriptions"}]=0 v0) ==== 72+0+188173 (secure 0 0 0) 0x7fdccc00e260 con 0x7fdcdc07cd10
2024-04-02T17:02:18.563 INFO:teuthology.orchestra.run.smithi059.stdout:/usr/bin/ceph: stderr
2024-04-02T17:02:17.857+0000 7fdcd3e00700 1 -- 172.21.15.59:0/346762992 <== mon.0 v2:172.21.15.59:3300/0 7 ==== mgrmap(e 8) ==== 46558+0+0 (secure 0 0 0) 0x7fdccc01a430 con 0x7fdcdc07cd10
2024-04-02T17:02:18.563 INFO:teuthology.orchestra.run.smithi059.stdout:/usr/bin/ceph: stderr
2024-04-02T17:02:17.920+0000 7fdce2000700 1 -- 172.21.15.59:0/346762992 --> [v2:172.21.15.59:6800/2274685378,v1:172.21.15.59:6801/2274685378] -- mgr_command(tid 0: {"prefix": "orch set backend", "module_name": "cephadm", "target": ["mon-mgr", ""]}) -- 0x7fdcdc104a50 con 0x7fdcc00394e0
2024-04-02T17:02:18.563 INFO:teuthology.orchestra.run.smithi059.stdout:/usr/bin/ceph: stderr
2024-04-02T17:02:17.936+0000 7fdcd3e00700 1 -- 172.21.15.59:0/346762992 <== mgr.14120 v2:172.21.15.59:6800/2274685378 1 ==== mgr_command_reply(tid 0: 0 ) ==== 8+0+0 (secure 0 0 0) 0x7fdcdc104a50 con 0x7fdcc00394e0
2024-04-02T17:02:18.563 INFO:teuthology.orchestra.run.smithi059.stdout:/usr/bin/ceph: stderr
2024-04-02T17:02:17.939+0000 7fdce2000700 1 -- 172.21.15.59:0/346762992 >> [v2:172.21.15.59:6800/2274685378,v1:172.21.15.59:6801/2274685378] conn(0x7fdcc00394e0 msgr2=0x7fdcc003b9a0 secure :-1 s=STATE_CONNECTION_ESTABLISHED l=1).mark_down
2024-04-02T17:02:18.563 INFO:teuthology.orchestra.run.smithi059.stdout:/usr/bin/ceph: stderr
2024-04-02T17:02:17.939+0000 7fdce2000700 1 --2- 172.21.15.59:0/346762992 >> [v2:172.21.15.59:6800/2274685378,v1:172.21.15.59:6801/2274685378] conn(0x7fdcc00394e0 0x7fdcc003b9a0 secure :-1 s=READY pgs=7 cs=0 l=1 rev1=1 crypto rx=0x7fdcc8006fd0 tx=0x7fdcc8006e40 comp rx=0 tx=0).stop
2024-04-02T17:02:18.563 INFO:teuthology.orchestra.run.smithi059.stdout:/usr/bin/ceph: stderr
2024-04-02T17:02:17.939+0000 7fdce2000700 1 -- 172.21.15.59:0/346762992 >> [v2:172.21.15.59:3300/0,v1:172.21.15.59:6789/0] conn(0x7fdcdc07cd10 msgr2=0x7fdcdc19e360 secure :-1 s=STATE_CONNECTION_ESTABLISHED l=1).mark_down
2024-04-02T17:02:18.564 INFO:teuthology.orchestra.run.smithi059.stdout:/usr/bin/ceph: stderr
2024-04-02T17:02:17.939+0000 7fdce2000700 1 --2- 172.21.15.59:0/346762992 >> [v2:172.21.15.59:3300/0,v1:172.21.15.59:6789/0] conn(0x7fdcdc07cd10 0x7fdcdc19e360 secure :-1 s=READY pgs=38 cs=0 l=1 rev1=1 crypto rx=0x7fdccc011850 tx=0x7fdccc011c10 comp rx=0 tx=0).stop
2024-04-02T17:02:18.564 INFO:teuthology.orchestra.run.smithi059.stdout:/usr/bin/ceph: stderr
2024-04-02T17:02:17.939+0000 7fdce2000700 1 -- 172.21.15.59:0/346762992 shutdown_connections
2024-04-02T17:02:18.564 INFO:teuthology.orchestra.run.smithi059.stdout:/usr/bin/ceph: stderr
2024-04-02T17:02:17.939+0000 7fdce2000700 1 --2- 172.21.15.59:0/346762992 >> [v2:172.21.15.59:6800/2274685378,v1:172.21.15.59:6801/2274685378] conn(0x7fdcc00394e0 0x7fdcc003b9a0 unknown :-1 s=CLOSED pgs=7 cs=0 l=1 rev1=1 crypto rx=0 tx=0 comp rx=0 tx=0).stop
2024-04-02T17:02:18.564 INFO:teuthology.orchestra.run.smithi059.stdout:/usr/bin/ceph: stderr
2024-04-02T17:02:17.939+0000 7fdce2000700 1 --2- 172.21.15.59:0/346762992 >> [v2:172.21.15.59:3300/0,v1:172.21.15.59:6789/0] conn(0x7fdcdc07cd10 0x7fdcdc19e360 unknown :-1 s=CLOSED pgs=38 cs=0 l=1 rev1=1 crypto rx=0 tx=0 comp rx=0 tx=0).stop
2024-04-02T17:02:18.564 INFO:teuthology.orchestra.run.smithi059.stdout:/usr/bin/ceph: stderr
2024-04-02T17:02:17.939+0000 7fdce2000700 1 -- 172.21.15.59:0/346762992 >> 172.21.15.59:0/346762992 conn(0x7fdcdc103640 msgr2=0x7fdcdc104320 unknown :-1 s=STATE_NONE l=0).mark_down
2024-04-02T17:02:18.564 INFO:teuthology.orchestra.run.smithi059.stdout:/usr/bin/ceph: stderr
2024-04-02T17:02:17.939+0000 7fdce2000700 1 -- 172.21.15.59:0/346762992 shutdown_connections
2024-04-02T17:02:18.564 INFO:teuthology.orchestra.run.smithi059.stdout:/usr/bin/ceph: stderr
2024-04-02T17:02:17.939+0000 7fdce2000700 1 -- 172.21.15.59:0/346762992 wait complete.
2024-04-02T17:02:19.089 INFO:journalctl@ceph.mon.a.smithi059.stdout:Apr 02 17:02:18 smithi059 ceph-mon[31664]: [02/Apr/2024:17:02:17] ENGINE Bus STARTING
2024-04-02T17:02:19.090 INFO:journalctl@ceph.mon.a.smithi059.stdout:Apr 02 17:02:18 smithi059 ceph-mon[31664]: [02/Apr/2024:17:02:17] ENGINE Serving on http://172.21.15.59:8765
2024-04-02T17:02:19.090 INFO:journalctl@ceph.mon.a.smithi059.stdout:Apr 02 17:02:18 smithi059 ceph-mon[31664]: [02/Apr/2024:17:02:17] ENGINE Serving on https://172.21.15.59:7150
2024-04-02T17:02:19.090 INFO:journalctl@ceph.mon.a.smithi059.stdout:Apr 02 17:02:18 smithi059 ceph-mon[31664]: [02/Apr/2024:17:02:17] ENGINE Bus STARTED
2024-04-02T17:02:19.090 INFO:journalctl@ceph.mon.a.smithi059.stdout:Apr 02 17:02:18 smithi059 ceph-mon[31664]: mgrmap e8: x(active, since 2s)
2024-04-02T17:02:19.090 INFO:journalctl@ceph.mon.a.smithi059.stdout:Apr 02 17:02:18 smithi059 ceph-mon[31664]: from='client.14132 -' entity='client.admin' cmd=[{"prefix": "orch set backend", "module_name": "cephadm", "target": ["mon-mgr", ""]}]: dispatch
2024-04-02T17:02:19.090 INFO:journalctl@ceph.mon.a.smithi059.stdout:Apr 02 17:02:18 smithi059 ceph-mon[31664]: from='mgr.14120 172.21.15.59:0/344095751' entity='mgr.x'
2024-04-02T17:02:19.090 INFO:journalctl@ceph.mon.a.smithi059.stdout:Apr 02 17:02:18 smithi059 ceph-mon[31664]: from='mgr.14120 172.21.15.59:0/344095751' entity='mgr.x' cmd=[{"prefix": "config dump", "format": "json"}]: dispatch
2024-04-02T17:02:19.934 INFO:journalctl@ceph.mon.a.smithi059.stdout:Apr 02 17:02:19 smithi059 ceph-mon[31664]: from='client.14134 -' entity='client.admin' cmd=[{"prefix": "cephadm set-user", "user": "root", "target": ["mon-mgr", ""]}]: dispatch
2024-04-02T17:02:19.947 INFO:teuthology.orchestra.run.smithi059.stdout:/usr/bin/ceph: stdout value unchanged
2024-04-02T17:02:19.948 INFO:teuthology.orchestra.run.smithi059.stdout:/usr/bin/ceph: stderr
2024-04-02T17:02:19.133+0000 7fa5b1600700 1 Processor -- start
2024-04-02T17:02:19.948 INFO:teuthology.orchestra.run.smithi059.stdout:/usr/bin/ceph: stderr
2024-04-02T17:02:19.133+0000 7fa5b1600700 1 -- start start
2024-04-02T17:02:19.948 INFO:teuthology.orchestra.run.smithi059.stdout:/usr/bin/ceph: stderr
2024-04-02T17:02:19.133+0000 7fa5b1600700 1 --2- >> [v2:172.21.15.59:3300/0,v1:172.21.15.59:6789/0] conn(0x7fa5ac10eeb0 0x7fa5ac10f2d0 unknown :-1 s=NONE pgs=0 cs=0 l=0 rev1=0 crypto rx=0 tx=0 comp rx=0 tx=0).connect
2024-04-02T17:02:19.948 INFO:teuthology.orchestra.run.smithi059.stdout:/usr/bin/ceph: stderr
2024-04-02T17:02:19.133+0000 7fa5b1600700 1 -- --> [v2:172.21.15.59:3300/0,v1:172.21.15.59:6789/0] -- mon_getmap magic: 0 -- 0x7fa5ac10f8a0 con 0x7fa5ac10eeb0
2024-04-02T17:02:19.948 INFO:teuthology.orchestra.run.smithi059.stdout:/usr/bin/ceph: stderr
2024-04-02T17:02:19.134+0000 7fa5aaa00700 1 --2- >> [v2:172.21.15.59:3300/0,v1:172.21.15.59:6789/0] conn(0x7fa5ac10eeb0 0x7fa5ac10f2d0 unknown :-1 s=BANNER_CONNECTING pgs=0 cs=0 l=0 rev1=0 crypto rx=0 tx=0 comp rx=0 tx=0)._handle_peer_banner_payload supported=3 required=0
2024-04-02T17:02:19.948 INFO:teuthology.orchestra.run.smithi059.stdout:/usr/bin/ceph: stderr
2024-04-02T17:02:19.134+0000 7fa5aaa00700 1 --2- >> [v2:172.21.15.59:3300/0,v1:172.21.15.59:6789/0] conn(0x7fa5ac10eeb0 0x7fa5ac10f2d0 unknown :-1 s=HELLO_CONNECTING pgs=0 cs=0 l=0 rev1=1 crypto rx=0 tx=0 comp rx=0 tx=0).handle_hello peer v2:172.21.15.59:3300/0 says I am v2:172.21.15.59:52400/0 (socket says 172.21.15.59:52400)
2024-04-02T17:02:19.948 INFO:teuthology.orchestra.run.smithi059.stdout:/usr/bin/ceph: stderr
2024-04-02T17:02:19.134+0000 7fa5aaa00700 1 -- 172.21.15.59:0/366399136 learned_addr learned my addr 172.21.15.59:0/366399136 (peer_addr_for_me v2:172.21.15.59:0/0)
2024-04-02T17:02:19.948 INFO:teuthology.orchestra.run.smithi059.stdout:/usr/bin/ceph: stderr
2024-04-02T17:02:19.134+0000 7fa5aaa00700 1 -- 172.21.15.59:0/366399136 --> [v2:172.21.15.59:3300/0,v1:172.21.15.59:6789/0] -- mon_subscribe({config=0+,monmap=0+}) -- 0x7fa5ac10fa20 con 0x7fa5ac10eeb0
2024-04-02T17:02:19.948 INFO:teuthology.orchestra.run.smithi059.stdout:/usr/bin/ceph: stderr
2024-04-02T17:02:19.134+0000 7fa5aaa00700 1 --2- 172.21.15.59:0/366399136 >> [v2:172.21.15.59:3300/0,v1:172.21.15.59:6789/0] conn(0x7fa5ac10eeb0 0x7fa5ac10f2d0 secure :-1 s=READY pgs=39 cs=0 l=1 rev1=1 crypto rx=0x7fa59c0098a0 tx=0x7fa59c009bb0 comp rx=0 tx=0).ready entity=mon.0 client_cookie=69ba77737b085695 server_cookie=0 in_seq=0 out_seq=0
2024-04-02T17:02:19.948 INFO:teuthology.orchestra.run.smithi059.stdout:/usr/bin/ceph: stderr
2024-04-02T17:02:19.135+0000 7fa5aa000700 1 -- 172.21.15.59:0/366399136 <== mon.0 v2:172.21.15.59:3300/0 1 ==== mon_map magic: 0 ==== 205+0+0 (secure 0 0 0) 0x7fa59c004160 con 0x7fa5ac10eeb0
2024-04-02T17:02:19.948 INFO:teuthology.orchestra.run.smithi059.stdout:/usr/bin/ceph: stderr
2024-04-02T17:02:19.135+0000 7fa5aa000700 1 -- 172.21.15.59:0/366399136 <== mon.0 v2:172.21.15.59:3300/0 2 ==== config(27 keys) ==== 1109+0+0 (secure 0 0 0) 0x7fa59c004300 con 0x7fa5ac10eeb0
2024-04-02T17:02:19.949 INFO:teuthology.orchestra.run.smithi059.stdout:/usr/bin/ceph: stderr
2024-04-02T17:02:19.135+0000 7fa5aa000700 1 -- 172.21.15.59:0/366399136 <== mon.0 v2:172.21.15.59:3300/0 3 ==== mon_map magic: 0 ==== 205+0+0 (secure 0 0 0) 0x7fa59c011b50 con 0x7fa5ac10eeb0
2024-04-02T17:02:19.949 INFO:teuthology.orchestra.run.smithi059.stdout:/usr/bin/ceph: stderr
2024-04-02T17:02:19.135+0000 7fa5b1600700 1 -- 172.21.15.59:0/366399136 >> [v2:172.21.15.59:3300/0,v1:172.21.15.59:6789/0] conn(0x7fa5ac10eeb0 msgr2=0x7fa5ac10f2d0 secure :-1 s=STATE_CONNECTION_ESTABLISHED l=1).mark_down
2024-04-02T17:02:19.949 INFO:teuthology.orchestra.run.smithi059.stdout:/usr/bin/ceph: stderr
2024-04-02T17:02:19.135+0000 7fa5b1600700 1 --2- 172.21.15.59:0/366399136 >> [v2:172.21.15.59:3300/0,v1:172.21.15.59:6789/0] conn(0x7fa5ac10eeb0 0x7fa5ac10f2d0 secure :-1 s=READY pgs=39 cs=0 l=1 rev1=1 crypto rx=0x7fa59c0098a0 tx=0x7fa59c009bb0 comp rx=0 tx=0).stop
2024-04-02T17:02:19.949 INFO:teuthology.orchestra.run.smithi059.stdout:/usr/bin/ceph: stderr
2024-04-02T17:02:19.135+0000 7fa5b1600700 1 -- 172.21.15.59:0/366399136 shutdown_connections
2024-04-02T17:02:19.949 INFO:teuthology.orchestra.run.smithi059.stdout:/usr/bin/ceph: stderr
2024-04-02T17:02:19.135+0000 7fa5b1600700 1 --2- 172.21.15.59:0/366399136 >> [v2:172.21.15.59:3300/0,v1:172.21.15.59:6789/0] conn(0x7fa5ac10eeb0 0x7fa5ac10f2d0 unknown :-1 s=CLOSED pgs=39 cs=0 l=1 rev1=1 crypto rx=0 tx=0 comp rx=0 tx=0).stop
2024-04-02T17:02:19.949 INFO:teuthology.orchestra.run.smithi059.stdout:/usr/bin/ceph: stderr
2024-04-02T17:02:19.135+0000 7fa5b1600700 1 -- 172.21.15.59:0/366399136 >> 172.21.15.59:0/366399136 conn(0x7fa5ac07d940 msgr2=0x7fa5ac07fd60 unknown :-1 s=STATE_NONE l=0).mark_down
2024-04-02T17:02:19.949 INFO:teuthology.orchestra.run.smithi059.stdout:/usr/bin/ceph: stderr
2024-04-02T17:02:19.136+0000 7fa5b1600700 1 -- 172.21.15.59:0/366399136 shutdown_connections
2024-04-02T17:02:19.949 INFO:teuthology.orchestra.run.smithi059.stdout:/usr/bin/ceph: stderr
2024-04-02T17:02:19.136+0000 7fa5b1600700 1 -- 172.21.15.59:0/366399136 wait complete.
2024-04-02T17:02:19.949 INFO:teuthology.orchestra.run.smithi059.stdout:/usr/bin/ceph: stderr
2024-04-02T17:02:19.137+0000 7fa5b1600700 1 Processor -- start
2024-04-02T17:02:19.949 INFO:teuthology.orchestra.run.smithi059.stdout:/usr/bin/ceph: stderr
2024-04-02T17:02:19.137+0000 7fa5b1600700 1 -- start start
2024-04-02T17:02:19.949 INFO:teuthology.orchestra.run.smithi059.stdout:/usr/bin/ceph: stderr
2024-04-02T17:02:19.137+0000 7fa5b1600700 1 --2- >> [v2:172.21.15.59:3300/0,v1:172.21.15.59:6789/0] conn(0x7fa5ac10eeb0 0x7fa5ac1a2780 unknown :-1 s=NONE pgs=0 cs=0 l=1 rev1=0 crypto rx=0 tx=0 comp rx=0 tx=0).connect
2024-04-02T17:02:19.949 INFO:teuthology.orchestra.run.smithi059.stdout:/usr/bin/ceph: stderr
2024-04-02T17:02:19.137+0000 7fa5b1600700 1 -- --> [v2:172.21.15.59:3300/0,v1:172.21.15.59:6789/0] -- mon_getmap magic: 0 -- 0x7fa5ac112b80 con 0x7fa5ac10eeb0
2024-04-02T17:02:19.949 INFO:teuthology.orchestra.run.smithi059.stdout:/usr/bin/ceph: stderr
2024-04-02T17:02:19.138+0000 7fa5aaa00700 1 --2- >> [v2:172.21.15.59:3300/0,v1:172.21.15.59:6789/0] conn(0x7fa5ac10eeb0 0x7fa5ac1a2780 unknown :-1 s=BANNER_CONNECTING pgs=0 cs=0 l=1 rev1=0 crypto rx=0 tx=0 comp rx=0 tx=0)._handle_peer_banner_payload supported=3 required=0
2024-04-02T17:02:19.949 INFO:teuthology.orchestra.run.smithi059.stdout:/usr/bin/ceph: stderr
2024-04-02T17:02:19.138+0000 7fa5aaa00700 1 --2- >> [v2:172.21.15.59:3300/0,v1:172.21.15.59:6789/0] conn(0x7fa5ac10eeb0 0x7fa5ac1a2780 unknown :-1 s=HELLO_CONNECTING pgs=0 cs=0 l=1 rev1=1 crypto rx=0 tx=0 comp rx=0 tx=0).handle_hello peer v2:172.21.15.59:3300/0 says I am v2:172.21.15.59:52412/0 (socket says 172.21.15.59:52412)
2024-04-02T17:02:19.951 INFO:teuthology.orchestra.run.smithi059.stdout:/usr/bin/ceph: stderr
2024-04-02T17:02:19.138+0000 7fa5aaa00700 1 -- 172.21.15.59:0/1354605393 learned_addr learned my addr 172.21.15.59:0/1354605393 (peer_addr_for_me v2:172.21.15.59:0/0)
2024-04-02T17:02:19.951 INFO:teuthology.orchestra.run.smithi059.stdout:/usr/bin/ceph: stderr
2024-04-02T17:02:19.138+0000 7fa5aaa00700 1 -- 172.21.15.59:0/1354605393 --> [v2:172.21.15.59:3300/0,v1:172.21.15.59:6789/0] -- mon_subscribe({config=0+,monmap=0+}) -- 0x7fa5ac1a2cc0 con 0x7fa5ac10eeb0
2024-04-02T17:02:19.951 INFO:teuthology.orchestra.run.smithi059.stdout:/usr/bin/ceph: stderr
2024-04-02T17:02:19.138+0000 7fa5aaa00700 1 --2- 172.21.15.59:0/1354605393 >> [v2:172.21.15.59:3300/0,v1:172.21.15.59:6789/0] conn(0x7fa5ac10eeb0 0x7fa5ac1a2780 secure :-1 s=READY pgs=40 cs=0 l=1 rev1=1 crypto rx=0x7fa59c011b60 tx=0x7fa59c011c40 comp rx=0 tx=0).ready entity=mon.0 client_cookie=0 server_cookie=0 in_seq=0 out_seq=0
2024-04-02T17:02:19.951 INFO:teuthology.orchestra.run.smithi059.stdout:/usr/bin/ceph: stderr
2024-04-02T17:02:19.138+0000 7fa5a3e00700 1 -- 172.21.15.59:0/1354605393 <== mon.0 v2:172.21.15.59:3300/0 1 ==== mon_map magic: 0 ==== 205+0+0 (secure 0 0 0) 0x7fa59c003b20 con 0x7fa5ac10eeb0
2024-04-02T17:02:19.951 INFO:teuthology.orchestra.run.smithi059.stdout:/usr/bin/ceph: stderr
2024-04-02T17:02:19.139+0000 7fa5a3e00700 1 -- 172.21.15.59:0/1354605393 <== mon.0 v2:172.21.15.59:3300/0 2 ==== config(27 keys) ==== 1109+0+0 (secure 0 0 0) 0x7fa59c003cc0 con 0x7fa5ac10eeb0
2024-04-02T17:02:19.951 INFO:teuthology.orchestra.run.smithi059.stdout:/usr/bin/ceph: stderr
2024-04-02T17:02:19.139+0000 7fa5a3e00700 1 -- 172.21.15.59:0/1354605393 <== mon.0 v2:172.21.15.59:3300/0 3 ==== mon_map magic: 0 ==== 205+0+0 (secure 0 0 0) 0x7fa59c024840 con 0x7fa5ac10eeb0
2024-04-02T17:02:19.951 INFO:teuthology.orchestra.run.smithi059.stdout:/usr/bin/ceph: stderr
2024-04-02T17:02:19.139+0000 7fa5b1600700 1 -- 172.21.15.59:0/1354605393 --> [v2:172.21.15.59:3300/0,v1:172.21.15.59:6789/0] -- mon_subscribe({mgrmap=0+}) -- 0x7fa5ac1a2fb0 con 0x7fa5ac10eeb0
2024-04-02T17:02:19.951 INFO:teuthology.orchestra.run.smithi059.stdout:/usr/bin/ceph: stderr
2024-04-02T17:02:19.139+0000 7fa5b1600700 1 -- 172.21.15.59:0/1354605393 --> [v2:172.21.15.59:3300/0,v1:172.21.15.59:6789/0] -- mon_subscribe({osdmap=0}) -- 0x7fa5ac1a5c40 con 0x7fa5ac10eeb0
2024-04-02T17:02:19.951 INFO:teuthology.orchestra.run.smithi059.stdout:/usr/bin/ceph: stderr
2024-04-02T17:02:19.140+0000 7fa5b1600700 1 -- 172.21.15.59:0/1354605393 --> [v2:172.21.15.59:3300/0,v1:172.21.15.59:6789/0] -- mon_command({"prefix": "get_command_descriptions"} v 0) -- 0x7fa5ac063c20 con 0x7fa5ac10eeb0
2024-04-02T17:02:19.951 INFO:teuthology.orchestra.run.smithi059.stdout:/usr/bin/ceph: stderr
2024-04-02T17:02:19.140+0000 7fa5a3e00700 1 -- 172.21.15.59:0/1354605393 <== mon.0 v2:172.21.15.59:3300/0 4 ==== mgrmap(e 8) ==== 46558+0+0 (secure 0 0 0) 0x7fa59c022020 con 0x7fa5ac10eeb0
2024-04-02T17:02:19.953 INFO:teuthology.orchestra.run.smithi059.stdout:/usr/bin/ceph: stderr
2024-04-02T17:02:19.140+0000 7fa5a3e00700 1 --2- 172.21.15.59:0/1354605393 >> [v2:172.21.15.59:6800/2274685378,v1:172.21.15.59:6801/2274685378] conn(0x7fa590039600 0x7fa59003bac0 unknown :-1 s=NONE pgs=0 cs=0 l=1 rev1=0 crypto rx=0 tx=0 comp rx=0 tx=0).connect
2024-04-02T17:02:19.953 INFO:teuthology.orchestra.run.smithi059.stdout:/usr/bin/ceph: stderr
2024-04-02T17:02:19.141+0000 7fa5a3e00700 1 -- 172.21.15.59:0/1354605393 <== mon.0 v2:172.21.15.59:3300/0 5 ==== osd_map(2..2 src has 1..2) ==== 940+0+0 (secure 0 0 0) 0x7fa59c011e00 con 0x7fa5ac10eeb0
2024-04-02T17:02:19.954 INFO:teuthology.orchestra.run.smithi059.stdout:/usr/bin/ceph: stderr
2024-04-02T17:02:19.141+0000 7fa5a2000700 1 --2- 172.21.15.59:0/1354605393 >> [v2:172.21.15.59:6800/2274685378,v1:172.21.15.59:6801/2274685378] conn(0x7fa590039600 0x7fa59003bac0 unknown :-1 s=BANNER_CONNECTING pgs=0 cs=0 l=1 rev1=0 crypto rx=0 tx=0 comp rx=0 tx=0)._handle_peer_banner_payload supported=3 required=0
2024-04-02T17:02:19.954 INFO:teuthology.orchestra.run.smithi059.stdout:/usr/bin/ceph: stderr
2024-04-02T17:02:19.141+0000 7fa5a2000700 1 --2- 172.21.15.59:0/1354605393 >> [v2:172.21.15.59:6800/2274685378,v1:172.21.15.59:6801/2274685378] conn(0x7fa590039600 0x7fa59003bac0 secure :-1 s=READY pgs=8 cs=0 l=1 rev1=1 crypto rx=0x7fa59400ad30 tx=0x7fa5940093f0 comp rx=0 tx=0).ready entity=mgr.14120 client_cookie=0 server_cookie=0 in_seq=0 out_seq=0
2024-04-02T17:02:19.954 INFO:teuthology.orchestra.run.smithi059.stdout:/usr/bin/ceph: stderr
2024-04-02T17:02:19.146+0000 7fa5a3e00700 1 -- 172.21.15.59:0/1354605393 <== mon.0 v2:172.21.15.59:3300/0 6 ==== mon_command_ack([{"prefix": "get_command_descriptions"}]=0 v0) ==== 72+0+188173 (secure 0 0 0) 0x7fa59c00b3e0 con 0x7fa5ac10eeb0
2024-04-02T17:02:19.954 INFO:teuthology.orchestra.run.smithi059.stdout:/usr/bin/ceph: stderr
2024-04-02T17:02:19.377+0000 7fa5b1600700 1 -- 172.21.15.59:0/1354605393 --> [v2:172.21.15.59:6800/2274685378,v1:172.21.15.59:6801/2274685378] -- mgr_command(tid 0: {"prefix": "cephadm set-user", "user": "root", "target": ["mon-mgr", ""]}) -- 0x7fa5ac07ebb0 con 0x7fa590039600
2024-04-02T17:02:19.954 INFO:teuthology.orchestra.run.smithi059.stdout:/usr/bin/ceph: stderr
2024-04-02T17:02:19.379+0000 7fa5a3e00700 1 -- 172.21.15.59:0/1354605393 <== mgr.14120 v2:172.21.15.59:6800/2274685378 1 ==== mgr_command_reply(tid 0: 0 ) ==== 8+0+16 (secure 0 0 0) 0x7fa5ac07ebb0 con 0x7fa590039600
2024-04-02T17:02:19.954 INFO:teuthology.orchestra.run.smithi059.stdout:/usr/bin/ceph: stderr
2024-04-02T17:02:19.383+0000 7fa5b1600700 1 -- 172.21.15.59:0/1354605393 >> [v2:172.21.15.59:6800/2274685378,v1:172.21.15.59:6801/2274685378] conn(0x7fa590039600 msgr2=0x7fa59003bac0 secure :-1 s=STATE_CONNECTION_ESTABLISHED l=1).mark_down
2024-04-02T17:02:19.954 INFO:teuthology.orchestra.run.smithi059.stdout:/usr/bin/ceph: stderr
2024-04-02T17:02:19.383+0000 7fa5b1600700 1 --2- 172.21.15.59:0/1354605393 >> [v2:172.21.15.59:6800/2274685378,v1:172.21.15.59:6801/2274685378] conn(0x7fa590039600 0x7fa59003bac0 secure :-1 s=READY pgs=8 cs=0 l=1 rev1=1 crypto rx=0x7fa59400ad30 tx=0x7fa5940093f0 comp rx=0 tx=0).stop
2024-04-02T17:02:19.954 INFO:teuthology.orchestra.run.smithi059.stdout:/usr/bin/ceph: stderr
2024-04-02T17:02:19.383+0000 7fa5b1600700 1 -- 172.21.15.59:0/1354605393 >> [v2:172.21.15.59:3300/0,v1:172.21.15.59:6789/0] conn(0x7fa5ac10eeb0 msgr2=0x7fa5ac1a2780 secure :-1 s=STATE_CONNECTION_ESTABLISHED l=1).mark_down
2024-04-02T17:02:19.954 INFO:teuthology.orchestra.run.smithi059.stdout:/usr/bin/ceph: stderr
2024-04-02T17:02:19.383+0000 7fa5b1600700 1 --2- 172.21.15.59:0/1354605393 >> [v2:172.21.15.59:3300/0,v1:172.21.15.59:6789/0] conn(0x7fa5ac10eeb0 0x7fa5ac1a2780 secure :-1 s=READY pgs=40 cs=0 l=1 rev1=1 crypto rx=0x7fa59c011b60 tx=0x7fa59c011c40 comp rx=0 tx=0).stop
2024-04-02T17:02:19.954 INFO:teuthology.orchestra.run.smithi059.stdout:/usr/bin/ceph: stderr
2024-04-02T17:02:19.383+0000 7fa5b1600700 1 -- 172.21.15.59:0/1354605393 shutdown_connections
2024-04-02T17:02:19.954 INFO:teuthology.orchestra.run.smithi059.stdout:/usr/bin/ceph: stderr
2024-04-02T17:02:19.383+0000 7fa5b1600700 1 --2- 172.21.15.59:0/1354605393 >> [v2:172.21.15.59:6800/2274685378,v1:172.21.15.59:6801/2274685378] conn(0x7fa590039600 0x7fa59003bac0 unknown :-1 s=CLOSED pgs=8 cs=0 l=1 rev1=1 crypto rx=0 tx=0 comp rx=0 tx=0).stop
2024-04-02T17:02:19.954 INFO:teuthology.orchestra.run.smithi059.stdout:/usr/bin/ceph: stderr
2024-04-02T17:02:19.383+0000 7fa5b1600700 1 --2- 172.21.15.59:0/1354605393 >> [v2:172.21.15.59:3300/0,v1:172.21.15.59:6789/0] conn(0x7fa5ac10eeb0 0x7fa5ac1a2780 unknown :-1 s=CLOSED pgs=40 cs=0 l=1 rev1=1 crypto rx=0 tx=0 comp rx=0 tx=0).stop
2024-04-02T17:02:19.954 INFO:teuthology.orchestra.run.smithi059.stdout:/usr/bin/ceph: stderr
2024-04-02T17:02:19.383+0000 7fa5b1600700 1 -- 172.21.15.59:0/1354605393 >> 172.21.15.59:0/1354605393 conn(0x7fa5ac07d940 msgr2=0x7fa5ac07e4a0 unknown :-1 s=STATE_NONE l=0).mark_down
2024-04-02T17:02:19.954 INFO:teuthology.orchestra.run.smithi059.stdout:/usr/bin/ceph: stderr
2024-04-02T17:02:19.383+0000 7fa5b1600700 1 -- 172.21.15.59:0/1354605393 shutdown_connections
2024-04-02T17:02:19.955 INFO:teuthology.orchestra.run.smithi059.stdout:/usr/bin/ceph: stderr
2024-04-02T17:02:19.383+0000 7fa5b1600700 1 -- 172.21.15.59:0/1354605393 wait complete.
2024-04-02T17:02:19.955 INFO:teuthology.orchestra.run.smithi059.stdout:Generating ssh key...
2024-04-02T17:02:21.549 INFO:journalctl@ceph.mgr.x.smithi059.stdout:Apr 02 17:02:21 smithi059 ceph-8286be62-f112-11ee-b647-cb9ed24678a4-mgr-x[31896]: Generating public/private rsa key pair.
2024-04-02T17:02:21.550 INFO:journalctl@ceph.mgr.x.smithi059.stdout:Apr 02 17:02:21 smithi059 ceph-8286be62-f112-11ee-b647-cb9ed24678a4-mgr-x[31896]: Your identification has been saved in /tmp/tmph094jalb/key.
2024-04-02T17:02:21.550 INFO:journalctl@ceph.mgr.x.smithi059.stdout:Apr 02 17:02:21 smithi059 ceph-8286be62-f112-11ee-b647-cb9ed24678a4-mgr-x[31896]: Your public key has been saved in /tmp/tmph094jalb/key.pub.
2024-04-02T17:02:21.550 INFO:journalctl@ceph.mgr.x.smithi059.stdout:Apr 02 17:02:21 smithi059 ceph-8286be62-f112-11ee-b647-cb9ed24678a4-mgr-x[31896]: The key fingerprint is:
2024-04-02T17:02:21.550 INFO:journalctl@ceph.mgr.x.smithi059.stdout:Apr 02 17:02:21 smithi059 ceph-8286be62-f112-11ee-b647-cb9ed24678a4-mgr-x[31896]: SHA256:RaRy0K2NcheMNV8C8TDfUv6dthHAqcOWOlOBqrg5vOo ceph-8286be62-f112-11ee-b647-cb9ed24678a4
2024-04-02T17:02:21.550 INFO:journalctl@ceph.mgr.x.smithi059.stdout:Apr 02 17:02:21 smithi059 ceph-8286be62-f112-11ee-b647-cb9ed24678a4-mgr-x[31896]: The key's randomart image is:
2024-04-02T17:02:21.550 INFO:journalctl@ceph.mgr.x.smithi059.stdout:Apr 02 17:02:21 smithi059 ceph-8286be62-f112-11ee-b647-cb9ed24678a4-mgr-x[31896]: +---[RSA 3072]----+
2024-04-02T17:02:21.550 INFO:journalctl@ceph.mgr.x.smithi059.stdout:Apr 02 17:02:21 smithi059 ceph-8286be62-f112-11ee-b647-cb9ed24678a4-mgr-x[31896]: | .. *@oo.+ |
2024-04-02T17:02:21.550 INFO:journalctl@ceph.mgr.x.smithi059.stdout:Apr 02 17:02:21 smithi059 ceph-8286be62-f112-11ee-b647-cb9ed24678a4-mgr-x[31896]: | .o++O O. |
2024-04-02T17:02:21.550 INFO:journalctl@ceph.mgr.x.smithi059.stdout:Apr 02 17:02:21 smithi059 ceph-8286be62-f112-11ee-b647-cb9ed24678a4-mgr-x[31896]: | . ++o.O o. |
2024-04-02T17:02:21.550 INFO:journalctl@ceph.mgr.x.smithi059.stdout:Apr 02 17:02:21 smithi059 ceph-8286be62-f112-11ee-b647-cb9ed24678a4-mgr-x[31896]: | .++.oB . .+|
2024-04-02T17:02:21.550 INFO:journalctl@ceph.mgr.x.smithi059.stdout:Apr 02 17:02:21 smithi059 ceph-8286be62-f112-11ee-b647-cb9ed24678a4-mgr-x[31896]: | . .oS.+ . +o|
2024-04-02T17:02:21.550 INFO:journalctl@ceph.mgr.x.smithi059.stdout:Apr 02 17:02:21 smithi059 ceph-8286be62-f112-11ee-b647-cb9ed24678a4-mgr-x[31896]: | . . + . o|
2024-04-02T17:02:21.550 INFO:journalctl@ceph.mgr.x.smithi059.stdout:Apr 02 17:02:21 smithi059 ceph-8286be62-f112-11ee-b647-cb9ed24678a4-mgr-x[31896]: | . o o . |
2024-04-02T17:02:21.551 INFO:journalctl@ceph.mgr.x.smithi059.stdout:Apr 02 17:02:21 smithi059 ceph-8286be62-f112-11ee-b647-cb9ed24678a4-mgr-x[31896]: | = |
2024-04-02T17:02:21.551 INFO:journalctl@ceph.mgr.x.smithi059.stdout:Apr 02 17:02:21 smithi059 ceph-8286be62-f112-11ee-b647-cb9ed24678a4-mgr-x[31896]: |.E..o |
2024-04-02T17:02:21.551 INFO:journalctl@ceph.mgr.x.smithi059.stdout:Apr 02 17:02:21 smithi059 ceph-8286be62-f112-11ee-b647-cb9ed24678a4-mgr-x[31896]: +----[SHA256]-----+
2024-04-02T17:02:21.958 INFO:teuthology.orchestra.run.smithi059.stdout:/usr/bin/ceph: stderr
2024-04-02T17:02:20.553+0000 7fe965400700 1 Processor -- start
2024-04-02T17:02:21.958 INFO:teuthology.orchestra.run.smithi059.stdout:/usr/bin/ceph: stderr
2024-04-02T17:02:20.553+0000 7fe965400700 1 -- start start
2024-04-02T17:02:21.958 INFO:teuthology.orchestra.run.smithi059.stdout:/usr/bin/ceph: stderr
2024-04-02T17:02:20.554+0000 7fe965400700 1 --2- >> [v2:172.21.15.59:3300/0,v1:172.21.15.59:6789/0] conn(0x7fe9601082f0 0x7fe960108710 unknown :-1 s=NONE pgs=0 cs=0 l=0 rev1=0 crypto rx=0 tx=0 comp rx=0 tx=0).connect
2024-04-02T17:02:21.959 INFO:teuthology.orchestra.run.smithi059.stdout:/usr/bin/ceph: stderr
2024-04-02T17:02:20.554+0000 7fe965400700 1 -- --> [v2:172.21.15.59:3300/0,v1:172.21.15.59:6789/0] -- mon_getmap magic: 0 -- 0x7fe960108ce0 con 0x7fe9601082f0
2024-04-02T17:02:21.959 INFO:teuthology.orchestra.run.smithi059.stdout:/usr/bin/ceph: stderr
2024-04-02T17:02:20.554+0000 7fe95e800700 1 --2- >> [v2:172.21.15.59:3300/0,v1:172.21.15.59:6789/0] conn(0x7fe9601082f0 0x7fe960108710 unknown :-1 s=BANNER_CONNECTING pgs=0 cs=0 l=0 rev1=0 crypto rx=0 tx=0 comp rx=0 tx=0)._handle_peer_banner_payload supported=3 required=0
2024-04-02T17:02:21.959 INFO:teuthology.orchestra.run.smithi059.stdout:/usr/bin/ceph: stderr
2024-04-02T17:02:20.554+0000 7fe95e800700 1 --2- >> [v2:172.21.15.59:3300/0,v1:172.21.15.59:6789/0] conn(0x7fe9601082f0 0x7fe960108710 unknown :-1 s=HELLO_CONNECTING pgs=0 cs=0 l=0 rev1=1 crypto rx=0 tx=0 comp rx=0 tx=0).handle_hello peer v2:172.21.15.59:3300/0 says I am v2:172.21.15.59:52424/0 (socket says 172.21.15.59:52424)
2024-04-02T17:02:21.959 INFO:teuthology.orchestra.run.smithi059.stdout:/usr/bin/ceph: stderr
2024-04-02T17:02:20.554+0000 7fe95e800700 1 -- 172.21.15.59:0/1001661877 learned_addr learned my addr 172.21.15.59:0/1001661877 (peer_addr_for_me v2:172.21.15.59:0/0)
2024-04-02T17:02:21.959 INFO:teuthology.orchestra.run.smithi059.stdout:/usr/bin/ceph: stderr
2024-04-02T17:02:20.555+0000 7fe95e800700 1 -- 172.21.15.59:0/1001661877 --> [v2:172.21.15.59:3300/0,v1:172.21.15.59:6789/0] -- mon_subscribe({config=0+,monmap=0+}) -- 0x7fe960109450 con 0x7fe9601082f0
2024-04-02T17:02:21.959 INFO:teuthology.orchestra.run.smithi059.stdout:/usr/bin/ceph: stderr
2024-04-02T17:02:20.555+0000 7fe95e800700 1 --2- 172.21.15.59:0/1001661877 >> [v2:172.21.15.59:3300/0,v1:172.21.15.59:6789/0] conn(0x7fe9601082f0 0x7fe960108710 secure :-1 s=READY pgs=41 cs=0 l=1 rev1=1 crypto rx=0x7fe9500098a0 tx=0x7fe950009bb0 comp rx=0 tx=0).ready entity=mon.0 client_cookie=febe5ba28beebd8f server_cookie=0 in_seq=0 out_seq=0
2024-04-02T17:02:21.959 INFO:teuthology.orchestra.run.smithi059.stdout:/usr/bin/ceph: stderr
2024-04-02T17:02:20.555+0000 7fe95de00700 1 -- 172.21.15.59:0/1001661877 <== mon.0 v2:172.21.15.59:3300/0 1 ==== mon_map magic: 0 ==== 205+0+0 (secure 0 0 0) 0x7fe950004160 con 0x7fe9601082f0
2024-04-02T17:02:21.959 INFO:teuthology.orchestra.run.smithi059.stdout:/usr/bin/ceph: stderr
2024-04-02T17:02:20.555+0000 7fe95de00700 1 -- 172.21.15.59:0/1001661877 <== mon.0 v2:172.21.15.59:3300/0 2 ==== config(27 keys) ==== 1109+0+0 (secure 0 0 0) 0x7fe950004300 con 0x7fe9601082f0
2024-04-02T17:02:21.959 INFO:teuthology.orchestra.run.smithi059.stdout:/usr/bin/ceph: stderr
2024-04-02T17:02:20.555+0000 7fe95de00700 1 -- 172.21.15.59:0/1001661877 <== mon.0 v2:172.21.15.59:3300/0 3 ==== mon_map magic: 0 ==== 205+0+0 (secure 0 0 0) 0x7fe950011b50 con 0x7fe9601082f0
2024-04-02T17:02:21.959 INFO:teuthology.orchestra.run.smithi059.stdout:/usr/bin/ceph: stderr
2024-04-02T17:02:20.556+0000 7fe965400700 1 -- 172.21.15.59:0/1001661877 >> [v2:172.21.15.59:3300/0,v1:172.21.15.59:6789/0] conn(0x7fe9601082f0 msgr2=0x7fe960108710 secure :-1 s=STATE_CONNECTION_ESTABLISHED l=1).mark_down
2024-04-02T17:02:21.959 INFO:teuthology.orchestra.run.smithi059.stdout:/usr/bin/ceph: stderr
2024-04-02T17:02:20.556+0000 7fe965400700 1 --2- 172.21.15.59:0/1001661877 >> [v2:172.21.15.59:3300/0,v1:172.21.15.59:6789/0] conn(0x7fe9601082f0 0x7fe960108710 secure :-1 s=READY pgs=41 cs=0 l=1 rev1=1 crypto rx=0x7fe9500098a0 tx=0x7fe950009bb0 comp rx=0 tx=0).stop
2024-04-02T17:02:21.959 INFO:teuthology.orchestra.run.smithi059.stdout:/usr/bin/ceph: stderr
2024-04-02T17:02:20.556+0000 7fe965400700 1 -- 172.21.15.59:0/1001661877 shutdown_connections
2024-04-02T17:02:21.959 INFO:teuthology.orchestra.run.smithi059.stdout:/usr/bin/ceph: stderr
2024-04-02T17:02:20.556+0000 7fe965400700 1 --2- 172.21.15.59:0/1001661877 >> [v2:172.21.15.59:3300/0,v1:172.21.15.59:6789/0] conn(0x7fe9601082f0 0x7fe960108710 unknown :-1 s=CLOSED pgs=41 cs=0 l=1 rev1=1 crypto rx=0 tx=0 comp rx=0 tx=0).stop
2024-04-02T17:02:21.959 INFO:teuthology.orchestra.run.smithi059.stdout:/usr/bin/ceph: stderr
2024-04-02T17:02:20.556+0000 7fe965400700 1 -- 172.21.15.59:0/1001661877 >> 172.21.15.59:0/1001661877 conn(0x7fe9601038b0 msgr2=0x7fe960105cd0 unknown :-1 s=STATE_NONE l=0).mark_down
2024-04-02T17:02:21.960 INFO:teuthology.orchestra.run.smithi059.stdout:/usr/bin/ceph: stderr
2024-04-02T17:02:20.556+0000 7fe965400700 1 -- 172.21.15.59:0/1001661877 shutdown_connections
2024-04-02T17:02:21.960 INFO:teuthology.orchestra.run.smithi059.stdout:/usr/bin/ceph: stderr
2024-04-02T17:02:20.557+0000 7fe965400700 1 -- 172.21.15.59:0/1001661877 wait complete.
2024-04-02T17:02:21.960 INFO:teuthology.orchestra.run.smithi059.stdout:/usr/bin/ceph: stderr
2024-04-02T17:02:20.558+0000 7fe965400700 1 Processor -- start
2024-04-02T17:02:21.960 INFO:teuthology.orchestra.run.smithi059.stdout:/usr/bin/ceph: stderr
2024-04-02T17:02:20.558+0000 7fe965400700 1 -- start start
2024-04-02T17:02:21.960 INFO:teuthology.orchestra.run.smithi059.stdout:/usr/bin/ceph: stderr
2024-04-02T17:02:20.558+0000 7fe965400700 1 --2- >> [v2:172.21.15.59:3300/0,v1:172.21.15.59:6789/0] conn(0x7fe9601082f0 0x7fe96019e420 unknown :-1 s=NONE pgs=0 cs=0 l=1 rev1=0 crypto rx=0 tx=0 comp rx=0 tx=0).connect
2024-04-02T17:02:21.960 INFO:teuthology.orchestra.run.smithi059.stdout:/usr/bin/ceph: stderr
2024-04-02T17:02:20.558+0000 7fe965400700 1 -- --> [v2:172.21.15.59:3300/0,v1:172.21.15.59:6789/0] -- mon_getmap magic: 0 -- 0x7fe96010c800 con 0x7fe9601082f0
2024-04-02T17:02:21.960 INFO:teuthology.orchestra.run.smithi059.stdout:/usr/bin/ceph: stderr
2024-04-02T17:02:20.559+0000 7fe95e800700 1 --2- >> [v2:172.21.15.59:3300/0,v1:172.21.15.59:6789/0] conn(0x7fe9601082f0 0x7fe96019e420 unknown :-1 s=BANNER_CONNECTING pgs=0 cs=0 l=1 rev1=0 crypto rx=0 tx=0 comp rx=0 tx=0)._handle_peer_banner_payload supported=3 required=0
2024-04-02T17:02:21.960 INFO:teuthology.orchestra.run.smithi059.stdout:/usr/bin/ceph: stderr
2024-04-02T17:02:20.559+0000 7fe95e800700 1 --2- >> [v2:172.21.15.59:3300/0,v1:172.21.15.59:6789/0] conn(0x7fe9601082f0 0x7fe96019e420 unknown :-1 s=HELLO_CONNECTING pgs=0 cs=0 l=1 rev1=1 crypto rx=0 tx=0 comp rx=0 tx=0).handle_hello peer v2:172.21.15.59:3300/0 says I am v2:172.21.15.59:52440/0 (socket says 172.21.15.59:52440)
2024-04-02T17:02:21.960 INFO:teuthology.orchestra.run.smithi059.stdout:/usr/bin/ceph: stderr
2024-04-02T17:02:20.559+0000 7fe95e800700 1 -- 172.21.15.59:0/787142657 learned_addr learned my addr 172.21.15.59:0/787142657 (peer_addr_for_me v2:172.21.15.59:0/0)
2024-04-02T17:02:21.960 INFO:teuthology.orchestra.run.smithi059.stdout:/usr/bin/ceph: stderr
2024-04-02T17:02:20.559+0000 7fe95e800700 1 -- 172.21.15.59:0/787142657 --> [v2:172.21.15.59:3300/0,v1:172.21.15.59:6789/0] -- mon_subscribe({config=0+,monmap=0+}) -- 0x7fe96019e960 con 0x7fe9601082f0
2024-04-02T17:02:21.960 INFO:teuthology.orchestra.run.smithi059.stdout:/usr/bin/ceph: stderr
2024-04-02T17:02:20.560+0000 7fe95e800700 1 --2- 172.21.15.59:0/787142657 >> [v2:172.21.15.59:3300/0,v1:172.21.15.59:6789/0] conn(0x7fe9601082f0 0x7fe96019e420 secure :-1 s=READY pgs=42 cs=0 l=1 rev1=1 crypto rx=0x7fe950000c00 tx=0x7fe950011c10 comp rx=0 tx=0).ready entity=mon.0 client_cookie=0 server_cookie=0 in_seq=0 out_seq=0
2024-04-02T17:02:21.960 INFO:teuthology.orchestra.run.smithi059.stdout:/usr/bin/ceph: stderr
2024-04-02T17:02:20.560+0000 7fe957e00700 1 -- 172.21.15.59:0/787142657 <== mon.0 v2:172.21.15.59:3300/0 1 ==== mon_map magic: 0 ==== 205+0+0 (secure 0 0 0) 0x7fe950003b20 con 0x7fe9601082f0
2024-04-02T17:02:21.960 INFO:teuthology.orchestra.run.smithi059.stdout:/usr/bin/ceph: stderr
2024-04-02T17:02:20.560+0000 7fe957e00700 1 -- 172.21.15.59:0/787142657 <== mon.0 v2:172.21.15.59:3300/0 2 ==== config(27 keys) ==== 1109+0+0 (secure 0 0 0) 0x7fe950003cc0 con 0x7fe9601082f0
2024-04-02T17:02:21.960 INFO:teuthology.orchestra.run.smithi059.stdout:/usr/bin/ceph: stderr
2024-04-02T17:02:20.560+0000 7fe957e00700 1 -- 172.21.15.59:0/787142657 <== mon.0 v2:172.21.15.59:3300/0 3 ==== mon_map magic: 0 ==== 205+0+0 (secure 0 0 0) 0x7fe950024910 con 0x7fe9601082f0
2024-04-02T17:02:21.961 INFO:teuthology.orchestra.run.smithi059.stdout:/usr/bin/ceph: stderr
2024-04-02T17:02:20.560+0000 7fe965400700 1 -- 172.21.15.59:0/787142657 --> [v2:172.21.15.59:3300/0,v1:172.21.15.59:6789/0] -- mon_subscribe({mgrmap=0+}) -- 0x7fe96019ebf0 con 0x7fe9601082f0
2024-04-02T17:02:21.961 INFO:teuthology.orchestra.run.smithi059.stdout:/usr/bin/ceph: stderr
2024-04-02T17:02:20.560+0000 7fe965400700 1 -- 172.21.15.59:0/787142657 --> [v2:172.21.15.59:3300/0,v1:172.21.15.59:6789/0] -- mon_subscribe({osdmap=0}) -- 0x7fe9601a18e0 con 0x7fe9601082f0
2024-04-02T17:02:21.961 INFO:teuthology.orchestra.run.smithi059.stdout:/usr/bin/ceph: stderr
2024-04-02T17:02:20.561+0000 7fe965400700 1 -- 172.21.15.59:0/787142657 --> [v2:172.21.15.59:3300/0,v1:172.21.15.59:6789/0] -- mon_command({"prefix": "get_command_descriptions"} v 0) -- 0x7fe960063c20 con 0x7fe9601082f0
2024-04-02T17:02:21.961 INFO:teuthology.orchestra.run.smithi059.stdout:/usr/bin/ceph: stderr
2024-04-02T17:02:20.561+0000 7fe957e00700 1 -- 172.21.15.59:0/787142657 <== mon.0 v2:172.21.15.59:3300/0 4 ==== mgrmap(e 8) ==== 46558+0+0 (secure 0 0 0) 0x7fe950022020 con 0x7fe9601082f0
2024-04-02T17:02:21.961 INFO:teuthology.orchestra.run.smithi059.stdout:/usr/bin/ceph: stderr
2024-04-02T17:02:20.562+0000 7fe957e00700 1 --2- 172.21.15.59:0/787142657 >> [v2:172.21.15.59:6800/2274685378,v1:172.21.15.59:6801/2274685378] conn(0x7fe944039600 0x7fe94403bac0 unknown :-1 s=NONE pgs=0 cs=0 l=1 rev1=0 crypto rx=0 tx=0 comp rx=0 tx=0).connect
2024-04-02T17:02:21.961 INFO:teuthology.orchestra.run.smithi059.stdout:/usr/bin/ceph: stderr
2024-04-02T17:02:20.562+0000 7fe957e00700 1 -- 172.21.15.59:0/787142657 <== mon.0 v2:172.21.15.59:3300/0 5 ==== osd_map(2..2 src has 1..2) ==== 940+0+0 (secure 0 0 0) 0x7fe950011e00 con 0x7fe9601082f0
2024-04-02T17:02:21.961 INFO:teuthology.orchestra.run.smithi059.stdout:/usr/bin/ceph: stderr
2024-04-02T17:02:20.562+0000 7fe955e00700 1 --2- 172.21.15.59:0/787142657 >> [v2:172.21.15.59:6800/2274685378,v1:172.21.15.59:6801/2274685378] conn(0x7fe944039600 0x7fe94403bac0 unknown :-1 s=BANNER_CONNECTING pgs=0 cs=0 l=1 rev1=0 crypto rx=0 tx=0 comp rx=0 tx=0)._handle_peer_banner_payload supported=3 required=0
2024-04-02T17:02:21.961 INFO:teuthology.orchestra.run.smithi059.stdout:/usr/bin/ceph: stderr
2024-04-02T17:02:20.563+0000 7fe955e00700 1 --2- 172.21.15.59:0/787142657 >> [v2:172.21.15.59:6800/2274685378,v1:172.21.15.59:6801/2274685378] conn(0x7fe944039600 0x7fe94403bac0 secure :-1 s=READY pgs=9 cs=0 l=1 rev1=1 crypto rx=0x7fe948006fd0 tx=0x7fe948006e40 comp rx=0 tx=0).ready entity=mgr.14120 client_cookie=0 server_cookie=0 in_seq=0 out_seq=0
2024-04-02T17:02:21.961 INFO:teuthology.orchestra.run.smithi059.stdout:/usr/bin/ceph: stderr
2024-04-02T17:02:20.568+0000 7fe957e00700 1 -- 172.21.15.59:0/787142657 <== mon.0 v2:172.21.15.59:3300/0 6 ==== mon_command_ack([{"prefix": "get_command_descriptions"}]=0 v0) ==== 72+0+188173 (secure 0 0 0) 0x7fe95001ad80 con 0x7fe9601082f0
2024-04-02T17:02:21.961 INFO:teuthology.orchestra.run.smithi059.stdout:/usr/bin/ceph: stderr
2024-04-02T17:02:20.796+0000 7fe965400700 1 -- 172.21.15.59:0/787142657 --> [v2:172.21.15.59:6800/2274685378,v1:172.21.15.59:6801/2274685378] -- mgr_command(tid 0: {"prefix": "cephadm generate-key", "target": ["mon-mgr", ""]}) -- 0x7fe960104a50 con 0x7fe944039600
2024-04-02T17:02:21.961 INFO:teuthology.orchestra.run.smithi059.stdout:/usr/bin/ceph: stderr
2024-04-02T17:02:21.280+0000 7fe957e00700 1 -- 172.21.15.59:0/787142657 <== mgr.14120 v2:172.21.15.59:6800/2274685378 1 ==== mgr_command_reply(tid 0: 0 ) ==== 8+0+0 (secure 0 0 0) 0x7fe960104a50 con 0x7fe944039600
2024-04-02T17:02:21.961 INFO:teuthology.orchestra.run.smithi059.stdout:/usr/bin/ceph: stderr
2024-04-02T17:02:21.283+0000 7fe965400700 1 -- 172.21.15.59:0/787142657 >> [v2:172.21.15.59:6800/2274685378,v1:172.21.15.59:6801/2274685378] conn(0x7fe944039600 msgr2=0x7fe94403bac0 secure :-1 s=STATE_CONNECTION_ESTABLISHED l=1).mark_down
2024-04-02T17:02:21.961 INFO:teuthology.orchestra.run.smithi059.stdout:/usr/bin/ceph: stderr
2024-04-02T17:02:21.283+0000 7fe965400700 1 --2- 172.21.15.59:0/787142657 >> [v2:172.21.15.59:6800/2274685378,v1:172.21.15.59:6801/2274685378] conn(0x7fe944039600 0x7fe94403bac0 secure :-1 s=READY pgs=9 cs=0 l=1 rev1=1 crypto rx=0x7fe948006fd0 tx=0x7fe948006e40 comp rx=0 tx=0).stop
2024-04-02T17:02:21.961 INFO:teuthology.orchestra.run.smithi059.stdout:/usr/bin/ceph: stderr
