2024-04-24T14:11:09.470+0000 7fc13f7fe700 1 -- 172.21.15.170:0/3696757873 <== mon.0 v2:172.21.15.170:3300/0 3 ==== mon_map magic: 0 ==== 205+0+0 (secure 0 0 0) 0x7fc138023790 con 0x7fc1481089d0
2024-04-24T14:11:10.810 INFO:teuthology.orchestra.run.smithi170.stdout:/usr/bin/ceph: stderr
2024-04-24T14:11:09.470+0000 7fc15047e700 1 -- 172.21.15.170:0/3696757873 --> [v2:172.21.15.170:3300/0,v1:172.21.15.170:6789/0] -- mon_subscribe({osdmap=0}) -- 0x7fc1481a1960 con 0x7fc1481089d0
2024-04-24T14:11:10.810 INFO:teuthology.orchestra.run.smithi170.stdout:/usr/bin/ceph: stderr
2024-04-24T14:11:09.470+0000 7fc13f7fe700 1 -- 172.21.15.170:0/3696757873 <== mon.0 v2:172.21.15.170:3300/0 4 ==== mgrmap(e 8) ==== 46558+0+0 (secure 0 0 0) 0x7fc138023930 con 0x7fc1481089d0
2024-04-24T14:11:10.810 INFO:teuthology.orchestra.run.smithi170.stdout:/usr/bin/ceph: stderr
2024-04-24T14:11:09.471+0000 7fc13f7fe700 1 --2- 172.21.15.170:0/3696757873 >> [v2:172.21.15.170:6800/2900229884,v1:172.21.15.170:6801/2900229884] conn(0x7fc134039650 0x7fc13403bb10 unknown :-1 s=NONE pgs=0 cs=0 l=1 rev1=0 crypto rx=0 tx=0 comp rx=0 tx=0).connect
2024-04-24T14:11:10.810 INFO:teuthology.orchestra.run.smithi170.stdout:/usr/bin/ceph: stderr
2024-04-24T14:11:09.471+0000 7fc13f7fe700 1 -- 172.21.15.170:0/3696757873 <== mon.0 v2:172.21.15.170:3300/0 5 ==== osd_map(2..2 src has 1..2) ==== 940+0+0 (secure 0 0 0) 0x7fc13804df40 con 0x7fc1481089d0
2024-04-24T14:11:10.810 INFO:teuthology.orchestra.run.smithi170.stdout:/usr/bin/ceph: stderr
2024-04-24T14:11:09.471+0000 7fc14da19700 1 --2- 172.21.15.170:0/3696757873 >> [v2:172.21.15.170:6800/2900229884,v1:172.21.15.170:6801/2900229884] conn(0x7fc134039650 0x7fc13403bb10 unknown :-1 s=BANNER_CONNECTING pgs=0 cs=0 l=1 rev1=0 crypto rx=0 tx=0 comp rx=0 tx=0)._handle_peer_banner_payload supported=3 required=0
2024-04-24T14:11:10.810 INFO:teuthology.orchestra.run.smithi170.stdout:/usr/bin/ceph: stderr
2024-04-24T14:11:09.471+0000 7fc15047e700 1 -- 172.21.15.170:0/3696757873 --> [v2:172.21.15.170:3300/0,v1:172.21.15.170:6789/0] -- mon_command({"prefix": "get_command_descriptions"} v 0) -- 0x7fc148064250 con 0x7fc1481089d0
2024-04-24T14:11:10.810 INFO:teuthology.orchestra.run.smithi170.stdout:/usr/bin/ceph: stderr
2024-04-24T14:11:09.471+0000 7fc14da19700 1 --2- 172.21.15.170:0/3696757873 >> [v2:172.21.15.170:6800/2900229884,v1:172.21.15.170:6801/2900229884] conn(0x7fc134039650 0x7fc13403bb10 secure :-1 s=READY pgs=15 cs=0 l=1 rev1=1 crypto rx=0x7fc144006fd0 tx=0x7fc144006e40 comp rx=0 tx=0).ready entity=mgr.14118 client_cookie=0 server_cookie=0 in_seq=0 out_seq=0
2024-04-24T14:11:10.810 INFO:teuthology.orchestra.run.smithi170.stdout:/usr/bin/ceph: stderr
2024-04-24T14:11:09.476+0000 7fc13f7fe700 1 -- 172.21.15.170:0/3696757873 <== mon.0 v2:172.21.15.170:3300/0 6 ==== mon_command_ack([{"prefix": "get_command_descriptions"}]=0 v0) ==== 72+0+188370 (secure 0 0 0) 0x7fc13801f030 con 0x7fc1481089d0
2024-04-24T14:11:10.810 INFO:teuthology.orchestra.run.smithi170.stdout:/usr/bin/ceph: stderr
2024-04-24T14:11:09.682+0000 7fc15047e700 1 -- 172.21.15.170:0/3696757873 --> [v2:172.21.15.170:3300/0,v1:172.21.15.170:6789/0] -- mon_command([{prefix=config set, name=mgr/dashboard/ssl_server_port}] v 0) -- 0x7fc1481a1e30 con 0x7fc1481089d0
2024-04-24T14:11:10.810 INFO:teuthology.orchestra.run.smithi170.stdout:/usr/bin/ceph: stderr
2024-04-24T14:11:09.684+0000 7fc13f7fe700 1 -- 172.21.15.170:0/3696757873 <== mon.0 v2:172.21.15.170:3300/0 7 ==== mon_command_ack([{prefix=config set, name=mgr/dashboard/ssl_server_port}]=0 v8)=0 v8) ==== 130+0+0 (secure 0 0 0) 0x7fc13800b3e0 con 0x7fc1481089d0
2024-04-24T14:11:10.810 INFO:teuthology.orchestra.run.smithi170.stdout:/usr/bin/ceph: stderr
2024-04-24T14:11:09.686+0000 7fc15047e700 1 -- 172.21.15.170:0/3696757873 >> [v2:172.21.15.170:6800/2900229884,v1:172.21.15.170:6801/2900229884] conn(0x7fc134039650 msgr2=0x7fc13403bb10 secure :-1 s=STATE_CONNECTION_ESTABLISHED l=1).mark_down
2024-04-24T14:11:10.810 INFO:teuthology.orchestra.run.smithi170.stdout:/usr/bin/ceph: stderr
2024-04-24T14:11:09.686+0000 7fc15047e700 1 --2- 172.21.15.170:0/3696757873 >> [v2:172.21.15.170:6800/2900229884,v1:172.21.15.170:6801/2900229884] conn(0x7fc134039650 0x7fc13403bb10 secure :-1 s=READY pgs=15 cs=0 l=1 rev1=1 crypto rx=0x7fc144006fd0 tx=0x7fc144006e40 comp rx=0 tx=0).stop
2024-04-24T14:11:10.811 INFO:teuthology.orchestra.run.smithi170.stdout:/usr/bin/ceph: stderr
2024-04-24T14:11:09.686+0000 7fc15047e700 1 -- 172.21.15.170:0/3696757873 >> [v2:172.21.15.170:3300/0,v1:172.21.15.170:6789/0] conn(0x7fc1481089d0 msgr2=0x7fc14819e4a0 secure :-1 s=STATE_CONNECTION_ESTABLISHED l=1).mark_down
2024-04-24T14:11:10.811 INFO:teuthology.orchestra.run.smithi170.stdout:/usr/bin/ceph: stderr
2024-04-24T14:11:09.686+0000 7fc15047e700 1 --2- 172.21.15.170:0/3696757873 >> [v2:172.21.15.170:3300/0,v1:172.21.15.170:6789/0] conn(0x7fc1481089d0 0x7fc14819e4a0 secure :-1 s=READY pgs=52 cs=0 l=1 rev1=1 crypto rx=0x7fc138011670 tx=0x7fc138011a30 comp rx=0 tx=0).stop
2024-04-24T14:11:10.811 INFO:teuthology.orchestra.run.smithi170.stdout:/usr/bin/ceph: stderr
2024-04-24T14:11:09.687+0000 7fc15047e700 1 -- 172.21.15.170:0/3696757873 shutdown_connections
2024-04-24T14:11:10.811 INFO:teuthology.orchestra.run.smithi170.stdout:/usr/bin/ceph: stderr
2024-04-24T14:11:09.687+0000 7fc15047e700 1 --2- 172.21.15.170:0/3696757873 >> [v2:172.21.15.170:6800/2900229884,v1:172.21.15.170:6801/2900229884] conn(0x7fc134039650 0x7fc13403bb10 unknown :-1 s=CLOSED pgs=15 cs=0 l=1 rev1=1 crypto rx=0 tx=0 comp rx=0 tx=0).stop
2024-04-24T14:11:10.811 INFO:teuthology.orchestra.run.smithi170.stdout:/usr/bin/ceph: stderr
2024-04-24T14:11:09.687+0000 7fc15047e700 1 --2- 172.21.15.170:0/3696757873 >> [v2:172.21.15.170:3300/0,v1:172.21.15.170:6789/0] conn(0x7fc1481089d0 0x7fc14819e4a0 unknown :-1 s=CLOSED pgs=52 cs=0 l=1 rev1=1 crypto rx=0 tx=0 comp rx=0 tx=0).stop
2024-04-24T14:11:10.811 INFO:teuthology.orchestra.run.smithi170.stdout:/usr/bin/ceph: stderr
2024-04-24T14:11:09.687+0000 7fc15047e700 1 -- 172.21.15.170:0/3696757873 >> 172.21.15.170:0/3696757873 conn(0x7fc148102090 msgr2=0x7fc148194b60 unknown :-1 s=STATE_NONE l=0).mark_down
2024-04-24T14:11:10.811 INFO:teuthology.orchestra.run.smithi170.stdout:/usr/bin/ceph: stderr
2024-04-24T14:11:09.687+0000 7fc15047e700 1 -- 172.21.15.170:0/3696757873 shutdown_connections
2024-04-24T14:11:10.811 INFO:teuthology.orchestra.run.smithi170.stdout:/usr/bin/ceph: stderr
2024-04-24T14:11:09.687+0000 7fc15047e700 1 -- 172.21.15.170:0/3696757873 wait complete.
2024-04-24T14:11:10.811 INFO:teuthology.orchestra.run.smithi170.stdout:Enabling the dashboard module...
2024-04-24T14:11:10.901 INFO:journalctl@ceph.mon.a.smithi170.stdout:Apr 24 14:11:10 smithi170 ceph-mon[29165]: from='client.? 172.21.15.170:0/3696757873' entity='client.admin'
2024-04-24T14:11:10.901 INFO:journalctl@ceph.mon.a.smithi170.stdout:Apr 24 14:11:10 smithi170 ceph-mon[29165]: from='mgr.14118 172.21.15.170:0/2193614650' entity='mgr.x'
2024-04-24T14:11:11.863 INFO:journalctl@ceph.mon.a.smithi170.stdout:Apr 24 14:11:11 smithi170 ceph-mon[29165]: from='client.? 172.21.15.170:0/651707997' entity='client.admin' cmd=[{"prefix": "mgr module enable", "module": "dashboard"}]: dispatch
2024-04-24T14:11:11.863 INFO:journalctl@ceph.mgr.x.smithi170.stdout:Apr 24 14:11:11 smithi170 ceph-3b0ac8e2-0244-11ef-bc93-c7b262605968-mgr-x[29404]: ignoring --setuser ceph since I am not root
2024-04-24T14:11:11.863 INFO:journalctl@ceph.mgr.x.smithi170.stdout:Apr 24 14:11:11 smithi170 ceph-3b0ac8e2-0244-11ef-bc93-c7b262605968-mgr-x[29404]: ignoring --setgroup ceph since I am not root
2024-04-24T14:11:11.863 INFO:journalctl@ceph.mgr.x.smithi170.stdout:Apr 24 14:11:11 smithi170 ceph-3b0ac8e2-0244-11ef-bc93-c7b262605968-mgr-x[29404]:
2024-04-24T14:11:11.868+0000 7f01eac8d200 -1 mgr[py] Module balancer has missing NOTIFY_TYPES member
2024-04-24T14:11:12.151 INFO:journalctl@ceph.mgr.x.smithi170.stdout:Apr 24 14:11:12 smithi170 ceph-3b0ac8e2-0244-11ef-bc93-c7b262605968-mgr-x[29404]:
2024-04-24T14:11:12.054+0000 7f01eac8d200 -1 mgr[py] Module orchestrator has missing NOTIFY_TYPES member
2024-04-24T14:11:12.263 INFO:teuthology.orchestra.run.smithi170.stdout:/usr/bin/ceph: stderr
2024-04-24T14:11:11.246+0000 7f36b8d3e700 1 Processor -- start
2024-04-24T14:11:12.264 INFO:teuthology.orchestra.run.smithi170.stdout:/usr/bin/ceph: stderr
2024-04-24T14:11:11.246+0000 7f36b8d3e700 1 -- start start
2024-04-24T14:11:12.264 INFO:teuthology.orchestra.run.smithi170.stdout:/usr/bin/ceph: stderr
2024-04-24T14:11:11.246+0000 7f36b8d3e700 1 --2- >> [v2:172.21.15.170:3300/0,v1:172.21.15.170:6789/0] conn(0x7f36b4106710 0x7f36b4106b30 unknown :-1 s=NONE pgs=0 cs=0 l=0 rev1=0 crypto rx=0 tx=0 comp rx=0 tx=0).connect
2024-04-24T14:11:12.264 INFO:teuthology.orchestra.run.smithi170.stdout:/usr/bin/ceph: stderr
2024-04-24T14:11:11.246+0000 7f36b8d3e700 1 -- --> [v2:172.21.15.170:3300/0,v1:172.21.15.170:6789/0] -- mon_getmap magic: 0 -- 0x7f36b4107100 con 0x7f36b4106710
2024-04-24T14:11:12.264 INFO:teuthology.orchestra.run.smithi170.stdout:/usr/bin/ceph: stderr
2024-04-24T14:11:11.247+0000 7f36b259c700 1 --2- >> [v2:172.21.15.170:3300/0,v1:172.21.15.170:6789/0] conn(0x7f36b4106710 0x7f36b4106b30 unknown :-1 s=BANNER_CONNECTING pgs=0 cs=0 l=0 rev1=0 crypto rx=0 tx=0 comp rx=0 tx=0)._handle_peer_banner_payload supported=3 required=0
2024-04-24T14:11:12.264 INFO:teuthology.orchestra.run.smithi170.stdout:/usr/bin/ceph: stderr
2024-04-24T14:11:11.247+0000 7f36b259c700 1 --2- >> [v2:172.21.15.170:3300/0,v1:172.21.15.170:6789/0] conn(0x7f36b4106710 0x7f36b4106b30 unknown :-1 s=HELLO_CONNECTING pgs=0 cs=0 l=0 rev1=1 crypto rx=0 tx=0 comp rx=0 tx=0).handle_hello peer v2:172.21.15.170:3300/0 says I am v2:172.21.15.170:41670/0 (socket says 172.21.15.170:41670)
2024-04-24T14:11:12.264 INFO:teuthology.orchestra.run.smithi170.stdout:/usr/bin/ceph: stderr
2024-04-24T14:11:11.247+0000 7f36b259c700 1 -- 172.21.15.170:0/1106559952 learned_addr learned my addr 172.21.15.170:0/1106559952 (peer_addr_for_me v2:172.21.15.170:0/0)
2024-04-24T14:11:12.264 INFO:teuthology.orchestra.run.smithi170.stdout:/usr/bin/ceph: stderr
2024-04-24T14:11:11.247+0000 7f36b259c700 1 -- 172.21.15.170:0/1106559952 --> [v2:172.21.15.170:3300/0,v1:172.21.15.170:6789/0] -- mon_subscribe({config=0+,monmap=0+}) -- 0x7f36b4107280 con 0x7f36b4106710
2024-04-24T14:11:12.264 INFO:teuthology.orchestra.run.smithi170.stdout:/usr/bin/ceph: stderr
2024-04-24T14:11:11.247+0000 7f36b259c700 1 --2- 172.21.15.170:0/1106559952 >> [v2:172.21.15.170:3300/0,v1:172.21.15.170:6789/0] conn(0x7f36b4106710 0x7f36b4106b30 secure :-1 s=READY pgs=53 cs=0 l=1 rev1=1 crypto rx=0x7f36a40098a0 tx=0x7f36a4009bb0 comp rx=0 tx=0).ready entity=mon.0 client_cookie=fc63af2a777736cf server_cookie=0 in_seq=0 out_seq=0
2024-04-24T14:11:12.264 INFO:teuthology.orchestra.run.smithi170.stdout:/usr/bin/ceph: stderr
2024-04-24T14:11:11.247+0000 7f36b159a700 1 -- 172.21.15.170:0/1106559952 <== mon.0 v2:172.21.15.170:3300/0 1 ==== mon_map magic: 0 ==== 205+0+0 (secure 0 0 0) 0x7f36a4004160 con 0x7f36b4106710
2024-04-24T14:11:12.264 INFO:teuthology.orchestra.run.smithi170.stdout:/usr/bin/ceph: stderr
2024-04-24T14:11:11.247+0000 7f36b159a700 1 -- 172.21.15.170:0/1106559952 <== mon.0 v2:172.21.15.170:3300/0 2 ==== config(25 keys) ==== 1063+0+0 (secure 0 0 0) 0x7f36a4004300 con 0x7f36b4106710
2024-04-24T14:11:12.264 INFO:teuthology.orchestra.run.smithi170.stdout:/usr/bin/ceph: stderr
2024-04-24T14:11:11.247+0000 7f36b159a700 1 -- 172.21.15.170:0/1106559952 <== mon.0 v2:172.21.15.170:3300/0 3 ==== mon_map magic: 0 ==== 205+0+0 (secure 0 0 0) 0x7f36a4011960 con 0x7f36b4106710
2024-04-24T14:11:12.264 INFO:teuthology.orchestra.run.smithi170.stdout:/usr/bin/ceph: stderr
2024-04-24T14:11:11.248+0000 7f36b8d3e700 1 -- 172.21.15.170:0/1106559952 >> [v2:172.21.15.170:3300/0,v1:172.21.15.170:6789/0] conn(0x7f36b4106710 msgr2=0x7f36b4106b30 secure :-1 s=STATE_CONNECTION_ESTABLISHED l=1).mark_down
2024-04-24T14:11:12.265 INFO:teuthology.orchestra.run.smithi170.stdout:/usr/bin/ceph: stderr
2024-04-24T14:11:11.248+0000 7f36b8d3e700 1 --2- 172.21.15.170:0/1106559952 >> [v2:172.21.15.170:3300/0,v1:172.21.15.170:6789/0] conn(0x7f36b4106710 0x7f36b4106b30 secure :-1 s=READY pgs=53 cs=0 l=1 rev1=1 crypto rx=0x7f36a40098a0 tx=0x7f36a4009bb0 comp rx=0 tx=0).stop
2024-04-24T14:11:12.265 INFO:teuthology.orchestra.run.smithi170.stdout:/usr/bin/ceph: stderr
2024-04-24T14:11:11.248+0000 7f36b8d3e700 1 -- 172.21.15.170:0/1106559952 shutdown_connections
2024-04-24T14:11:12.265 INFO:teuthology.orchestra.run.smithi170.stdout:/usr/bin/ceph: stderr
2024-04-24T14:11:11.248+0000 7f36b8d3e700 1 --2- 172.21.15.170:0/1106559952 >> [v2:172.21.15.170:3300/0,v1:172.21.15.170:6789/0] conn(0x7f36b4106710 0x7f36b4106b30 unknown :-1 s=CLOSED pgs=53 cs=0 l=1 rev1=1 crypto rx=0 tx=0 comp rx=0 tx=0).stop
2024-04-24T14:11:12.265 INFO:teuthology.orchestra.run.smithi170.stdout:/usr/bin/ceph: stderr
2024-04-24T14:11:11.248+0000 7f36b8d3e700 1 -- 172.21.15.170:0/1106559952 >> 172.21.15.170:0/1106559952 conn(0x7f36b4102090 msgr2=0x7f36b41044b0 unknown :-1 s=STATE_NONE l=0).mark_down
2024-04-24T14:11:12.265 INFO:teuthology.orchestra.run.smithi170.stdout:/usr/bin/ceph: stderr
2024-04-24T14:11:11.248+0000 7f36b8d3e700 1 -- 172.21.15.170:0/1106559952 shutdown_connections
2024-04-24T14:11:12.265 INFO:teuthology.orchestra.run.smithi170.stdout:/usr/bin/ceph: stderr
2024-04-24T14:11:11.248+0000 7f36b8d3e700 1 -- 172.21.15.170:0/1106559952 wait complete.
2024-04-24T14:11:12.265 INFO:teuthology.orchestra.run.smithi170.stdout:/usr/bin/ceph: stderr
2024-04-24T14:11:11.249+0000 7f36b8d3e700 1 Processor -- start
2024-04-24T14:11:12.265 INFO:teuthology.orchestra.run.smithi170.stdout:/usr/bin/ceph: stderr
2024-04-24T14:11:11.249+0000 7f36b8d3e700 1 -- start start
2024-04-24T14:11:12.265 INFO:teuthology.orchestra.run.smithi170.stdout:/usr/bin/ceph: stderr
2024-04-24T14:11:11.249+0000 7f36b8d3e700 1 --2- >> [v2:172.21.15.170:3300/0,v1:172.21.15.170:6789/0] conn(0x7f36b4106710 0x7f36b4109010 unknown :-1 s=NONE pgs=0 cs=0 l=1 rev1=0 crypto rx=0 tx=0 comp rx=0 tx=0).connect
2024-04-24T14:11:12.265 INFO:teuthology.orchestra.run.smithi170.stdout:/usr/bin/ceph: stderr
2024-04-24T14:11:11.249+0000 7f36b8d3e700 1 -- --> [v2:172.21.15.170:3300/0,v1:172.21.15.170:6789/0] -- mon_getmap magic: 0 -- 0x7f36b410a5d0 con 0x7f36b4106710
2024-04-24T14:11:12.265 INFO:teuthology.orchestra.run.smithi170.stdout:/usr/bin/ceph: stderr
2024-04-24T14:11:11.249+0000 7f36b259c700 1 --2- >> [v2:172.21.15.170:3300/0,v1:172.21.15.170:6789/0] conn(0x7f36b4106710 0x7f36b4109010 unknown :-1 s=BANNER_CONNECTING pgs=0 cs=0 l=1 rev1=0 crypto rx=0 tx=0 comp rx=0 tx=0)._handle_peer_banner_payload supported=3 required=0
2024-04-24T14:11:12.265 INFO:teuthology.orchestra.run.smithi170.stdout:/usr/bin/ceph: stderr
2024-04-24T14:11:11.249+0000 7f36b259c700 1 --2- >> [v2:172.21.15.170:3300/0,v1:172.21.15.170:6789/0] conn(0x7f36b4106710 0x7f36b4109010 unknown :-1 s=HELLO_CONNECTING pgs=0 cs=0 l=1 rev1=1 crypto rx=0 tx=0 comp rx=0 tx=0).handle_hello peer v2:172.21.15.170:3300/0 says I am v2:172.21.15.170:41680/0 (socket says 172.21.15.170:41680)
2024-04-24T14:11:12.265 INFO:teuthology.orchestra.run.smithi170.stdout:/usr/bin/ceph: stderr
2024-04-24T14:11:11.249+0000 7f36b259c700 1 -- 172.21.15.170:0/651707997 learned_addr learned my addr 172.21.15.170:0/651707997 (peer_addr_for_me v2:172.21.15.170:0/0)
2024-04-24T14:11:12.266 INFO:teuthology.orchestra.run.smithi170.stdout:/usr/bin/ceph: stderr
2024-04-24T14:11:11.250+0000 7f36b259c700 1 -- 172.21.15.170:0/651707997 --> [v2:172.21.15.170:3300/0,v1:172.21.15.170:6789/0] -- mon_subscribe({config=0+,monmap=0+}) -- 0x7f36b4109550 con 0x7f36b4106710
2024-04-24T14:11:12.266 INFO:teuthology.orchestra.run.smithi170.stdout:/usr/bin/ceph: stderr
2024-04-24T14:11:11.250+0000 7f36b259c700 1 --2- 172.21.15.170:0/651707997 >> [v2:172.21.15.170:3300/0,v1:172.21.15.170:6789/0] conn(0x7f36b4106710 0x7f36b4109010 secure :-1 s=READY pgs=54 cs=0 l=1 rev1=1 crypto rx=0x7f36a4011670 tx=0x7f36a4011a30 comp rx=0 tx=0).ready entity=mon.0 client_cookie=0 server_cookie=0 in_seq=0 out_seq=0
2024-04-24T14:11:12.266 INFO:teuthology.orchestra.run.smithi170.stdout:/usr/bin/ceph: stderr
2024-04-24T14:11:11.250+0000 7f36a37fe700 1 -- 172.21.15.170:0/651707997 <== mon.0 v2:172.21.15.170:3300/0 1 ==== mon_map magic: 0 ==== 205+0+0 (secure 0 0 0) 0x7f36a4003a60 con 0x7f36b4106710
2024-04-24T14:11:12.266 INFO:teuthology.orchestra.run.smithi170.stdout:/usr/bin/ceph: stderr
2024-04-24T14:11:11.250+0000 7f36a37fe700 1 -- 172.21.15.170:0/651707997 <== mon.0 v2:172.21.15.170:3300/0 2 ==== config(25 keys) ==== 1063+0+0 (secure 0 0 0) 0x7f36a401b8d0 con 0x7f36b4106710
2024-04-24T14:11:12.266 INFO:teuthology.orchestra.run.smithi170.stdout:/usr/bin/ceph: stderr
2024-04-24T14:11:11.250+0000 7f36b8d3e700 1 -- 172.21.15.170:0/651707997 --> [v2:172.21.15.170:3300/0,v1:172.21.15.170:6789/0] -- mon_subscribe({mgrmap=0+}) -- 0x7f36b4107740 con 0x7f36b4106710
2024-04-24T14:11:12.266 INFO:teuthology.orchestra.run.smithi170.stdout:/usr/bin/ceph: stderr
2024-04-24T14:11:11.250+0000 7f36b8d3e700 1 -- 172.21.15.170:0/651707997 --> [v2:172.21.15.170:3300/0,v1:172.21.15.170:6789/0] -- mon_subscribe({osdmap=0}) -- 0x7f36b4107c80 con 0x7f36b4106710
2024-04-24T14:11:12.266 INFO:teuthology.orchestra.run.smithi170.stdout:/usr/bin/ceph: stderr
2024-04-24T14:11:11.250+0000 7f36a37fe700 1 -- 172.21.15.170:0/651707997 <== mon.0 v2:172.21.15.170:3300/0 3 ==== mon_map magic: 0 ==== 205+0+0 (secure 0 0 0) 0x7f36a4023750 con 0x7f36b4106710
2024-04-24T14:11:12.266 INFO:teuthology.orchestra.run.smithi170.stdout:/usr/bin/ceph: stderr
2024-04-24T14:11:11.251+0000 7f36a37fe700 1 -- 172.21.15.170:0/651707997 <== mon.0 v2:172.21.15.170:3300/0 4 ==== mgrmap(e 8) ==== 46558+0+0 (secure 0 0 0) 0x7f36a4023ad0 con 0x7f36b4106710
2024-04-24T14:11:12.266 INFO:teuthology.orchestra.run.smithi170.stdout:/usr/bin/ceph: stderr
2024-04-24T14:11:11.251+0000 7f36a37fe700 1 --2- 172.21.15.170:0/651707997 >> [v2:172.21.15.170:6800/2900229884,v1:172.21.15.170:6801/2900229884] conn(0x7f369c039560 0x7f369c03ba20 unknown :-1 s=NONE pgs=0 cs=0 l=1 rev1=0 crypto rx=0 tx=0 comp rx=0 tx=0).connect
2024-04-24T14:11:12.266 INFO:teuthology.orchestra.run.smithi170.stdout:/usr/bin/ceph: stderr
2024-04-24T14:11:11.251+0000 7f36b8d3e700 1 -- 172.21.15.170:0/651707997 --> [v2:172.21.15.170:3300/0,v1:172.21.15.170:6789/0] -- mon_command({"prefix": "get_command_descriptions"} v 0) -- 0x7f3694005360 con 0x7f36b4106710
2024-04-24T14:11:12.266 INFO:teuthology.orchestra.run.smithi170.stdout:/usr/bin/ceph: stderr
2024-04-24T14:11:11.251+0000 7f36a37fe700 1 -- 172.21.15.170:0/651707997 <== mon.0 v2:172.21.15.170:3300/0 5 ==== osd_map(2..2 src has 1..2) ==== 940+0+0 (secure 0 0 0) 0x7f36a404ee60 con 0x7f36b4106710
2024-04-24T14:11:12.266 INFO:teuthology.orchestra.run.smithi170.stdout:/usr/bin/ceph: stderr
2024-04-24T14:11:11.251+0000 7f36b1d9b700 1 --2- 172.21.15.170:0/651707997 >> [v2:172.21.15.170:6800/2900229884,v1:172.21.15.170:6801/2900229884] conn(0x7f369c039560 0x7f369c03ba20 unknown :-1 s=BANNER_CONNECTING pgs=0 cs=0 l=1 rev1=0 crypto rx=0 tx=0 comp rx=0 tx=0)._handle_peer_banner_payload supported=3 required=0
2024-04-24T14:11:12.266 INFO:teuthology.orchestra.run.smithi170.stdout:/usr/bin/ceph: stderr
2024-04-24T14:11:11.252+0000 7f36b1d9b700 1 --2- 172.21.15.170:0/651707997 >> [v2:172.21.15.170:6800/2900229884,v1:172.21.15.170:6801/2900229884] conn(0x7f369c039560 0x7f369c03ba20 secure :-1 s=READY pgs=16 cs=0 l=1 rev1=1 crypto rx=0x7f36a8006fd0 tx=0x7f36a8006e40 comp rx=0 tx=0).ready entity=mgr.14118 client_cookie=0 server_cookie=0 in_seq=0 out_seq=0
2024-04-24T14:11:12.266 INFO:teuthology.orchestra.run.smithi170.stdout:/usr/bin/ceph: stderr
2024-04-24T14:11:11.256+0000 7f36a37fe700 1 -- 172.21.15.170:0/651707997 <== mon.0 v2:172.21.15.170:3300/0 6 ==== mon_command_ack([{"prefix": "get_command_descriptions"}]=0 v0) ==== 72+0+188370 (secure 0 0 0) 0x7f36a401f030 con 0x7f36b4106710
2024-04-24T14:11:12.267 INFO:teuthology.orchestra.run.smithi170.stdout:/usr/bin/ceph: stderr
2024-04-24T14:11:11.524+0000 7f36b8d3e700 1 -- 172.21.15.170:0/651707997 --> [v2:172.21.15.170:3300/0,v1:172.21.15.170:6789/0] -- mon_command({"prefix": "mgr module enable", "module": "dashboard"} v 0) -- 0x7f3694005650 con 0x7f36b4106710
2024-04-24T14:11:12.267 INFO:teuthology.orchestra.run.smithi170.stdout:/usr/bin/ceph: stderr
2024-04-24T14:11:11.686+0000 7f36a37fe700 1 -- 172.21.15.170:0/651707997 <== mon.0 v2:172.21.15.170:3300/0 7 ==== mon_command_ack([{"prefix": "mgr module enable", "module": "dashboard"}]=0 v9) ==== 88+0+0 (secure 0 0 0) 0x7f36a4018e30 con 0x7f36b4106710
2024-04-24T14:11:12.267 INFO:teuthology.orchestra.run.smithi170.stdout:/usr/bin/ceph: stderr
2024-04-24T14:11:11.688+0000 7f36a37fe700 1 -- 172.21.15.170:0/651707997 <== mon.0 v2:172.21.15.170:3300/0 8 ==== mgrmap(e 9) ==== 46571+0+0 (secure 0 0 0) 0x7f36a402c910 con 0x7f36b4106710
2024-04-24T14:11:12.267 INFO:teuthology.orchestra.run.smithi170.stdout:/usr/bin/ceph: stderr
2024-04-24T14:11:11.689+0000 7f36b8d3e700 1 -- 172.21.15.170:0/651707997 >> [v2:172.21.15.170:6800/2900229884,v1:172.21.15.170:6801/2900229884] conn(0x7f369c039560 msgr2=0x7f369c03ba20 secure :-1 s=STATE_CONNECTION_ESTABLISHED l=1).mark_down
2024-04-24T14:11:12.267 INFO:teuthology.orchestra.run.smithi170.stdout:/usr/bin/ceph: stderr
2024-04-24T14:11:11.689+0000 7f36b8d3e700 1 --2- 172.21.15.170:0/651707997 >> [v2:172.21.15.170:6800/2900229884,v1:172.21.15.170:6801/2900229884] conn(0x7f369c039560 0x7f369c03ba20 secure :-1 s=READY pgs=16 cs=0 l=1 rev1=1 crypto rx=0x7f36a8006fd0 tx=0x7f36a8006e40 comp rx=0 tx=0).stop
2024-04-24T14:11:12.267 INFO:teuthology.orchestra.run.smithi170.stdout:/usr/bin/ceph: stderr
2024-04-24T14:11:11.689+0000 7f36b8d3e700 1 -- 172.21.15.170:0/651707997 >> [v2:172.21.15.170:3300/0,v1:172.21.15.170:6789/0] conn(0x7f36b4106710 msgr2=0x7f36b4109010 secure :-1 s=STATE_CONNECTION_ESTABLISHED l=1).mark_down
2024-04-24T14:11:12.267 INFO:teuthology.orchestra.run.smithi170.stdout:/usr/bin/ceph: stderr
2024-04-24T14:11:11.689+0000 7f36b8d3e700 1 --2- 172.21.15.170:0/651707997 >> [v2:172.21.15.170:3300/0,v1:172.21.15.170:6789/0] conn(0x7f36b4106710 0x7f36b4109010 secure :-1 s=READY pgs=54 cs=0 l=1 rev1=1 crypto rx=0x7f36a4011670 tx=0x7f36a4011a30 comp rx=0 tx=0).stop
2024-04-24T14:11:12.267 INFO:teuthology.orchestra.run.smithi170.stdout:/usr/bin/ceph: stderr
2024-04-24T14:11:11.689+0000 7f36b8d3e700 1 -- 172.21.15.170:0/651707997 shutdown_connections
2024-04-24T14:11:12.267 INFO:teuthology.orchestra.run.smithi170.stdout:/usr/bin/ceph: stderr
2024-04-24T14:11:11.689+0000 7f36b8d3e700 1 --2- 172.21.15.170:0/651707997 >> [v2:172.21.15.170:6800/2900229884,v1:172.21.15.170:6801/2900229884] conn(0x7f369c039560 0x7f369c03ba20 unknown :-1 s=CLOSED pgs=16 cs=0 l=1 rev1=1 crypto rx=0 tx=0 comp rx=0 tx=0).stop
2024-04-24T14:11:12.267 INFO:teuthology.orchestra.run.smithi170.stdout:/usr/bin/ceph: stderr
2024-04-24T14:11:11.689+0000 7f36b8d3e700 1 --2- 172.21.15.170:0/651707997 >> [v2:172.21.15.170:3300/0,v1:172.21.15.170:6789/0] conn(0x7f36b4106710 0x7f36b4109010 unknown :-1 s=CLOSED pgs=54 cs=0 l=1 rev1=1 crypto rx=0 tx=0 comp rx=0 tx=0).stop
2024-04-24T14:11:12.267 INFO:teuthology.orchestra.run.smithi170.stdout:/usr/bin/ceph: stderr
2024-04-24T14:11:11.689+0000 7f36b8d3e700 1 -- 172.21.15.170:0/651707997 >> 172.21.15.170:0/651707997 conn(0x7f36b4102090 msgr2=0x7f36b4102b10 unknown :-1 s=STATE_NONE l=0).mark_down
2024-04-24T14:11:12.267 INFO:teuthology.orchestra.run.smithi170.stdout:/usr/bin/ceph: stderr
2024-04-24T14:11:11.690+0000 7f36b8d3e700 1 -- 172.21.15.170:0/651707997 shutdown_connections
2024-04-24T14:11:12.267 INFO:teuthology.orchestra.run.smithi170.stdout:/usr/bin/ceph: stderr
2024-04-24T14:11:11.690+0000 7f36b8d3e700 1 -- 172.21.15.170:0/651707997 wait complete.
2024-04-24T14:11:12.406 INFO:journalctl@ceph.mgr.x.smithi170.stdout:Apr 24 14:11:12 smithi170 ceph-3b0ac8e2-0244-11ef-bc93-c7b262605968-mgr-x[29404]:
2024-04-24T14:11:12.159+0000 7f01eac8d200 -1 mgr[py] Module snap_schedule has missing NOTIFY_TYPES member
2024-04-24T14:11:12.681 INFO:journalctl@ceph.mgr.x.smithi170.stdout:Apr 24 14:11:12 smithi170 ceph-3b0ac8e2-0244-11ef-bc93-c7b262605968-mgr-x[29404]:
2024-04-24T14:11:12.477+0000 7f01eac8d200 -1 mgr[py] Module progress has missing NOTIFY_TYPES member
2024-04-24T14:11:12.681 INFO:journalctl@ceph.mgr.x.smithi170.stdout:Apr 24 14:11:12 smithi170 ceph-3b0ac8e2-0244-11ef-bc93-c7b262605968-mgr-x[29404]:
2024-04-24T14:11:12.567+0000 7f01eac8d200 -1 mgr[py] Module influx has missing NOTIFY_TYPES member
2024-04-24T14:11:13.025 INFO:journalctl@ceph.mon.a.smithi170.stdout:Apr 24 14:11:12 smithi170 ceph-mon[29165]: from='client.? 172.21.15.170:0/651707997' entity='client.admin' cmd='[{"prefix": "mgr module enable", "module": "dashboard"}]': finished
2024-04-24T14:11:13.025 INFO:journalctl@ceph.mon.a.smithi170.stdout:Apr 24 14:11:12 smithi170 ceph-mon[29165]: mgrmap e9: x(active, since 19s)
2024-04-24T14:11:13.580 INFO:teuthology.orchestra.run.smithi170.stdout:/usr/bin/ceph: stdout {
2024-04-24T14:11:13.581 INFO:teuthology.orchestra.run.smithi170.stdout:/usr/bin/ceph: stdout "epoch": 9,
2024-04-24T14:11:13.581 INFO:teuthology.orchestra.run.smithi170.stdout:/usr/bin/ceph: stdout "available": true,
2024-04-24T14:11:13.581 INFO:teuthology.orchestra.run.smithi170.stdout:/usr/bin/ceph: stdout "active_name": "x",
2024-04-24T14:11:13.581 INFO:teuthology.orchestra.run.smithi170.stdout:/usr/bin/ceph: stdout "num_standby": 0
2024-04-24T14:11:13.581 INFO:teuthology.orchestra.run.smithi170.stdout:/usr/bin/ceph: stdout }
2024-04-24T14:11:13.581 INFO:teuthology.orchestra.run.smithi170.stdout:/usr/bin/ceph: stderr
2024-04-24T14:11:12.723+0000 7fe46c364700 1 Processor -- start
2024-04-24T14:11:13.581 INFO:teuthology.orchestra.run.smithi170.stdout:/usr/bin/ceph: stderr
2024-04-24T14:11:12.723+0000 7fe46c364700 1 -- start start
2024-04-24T14:11:13.581 INFO:teuthology.orchestra.run.smithi170.stdout:/usr/bin/ceph: stderr
2024-04-24T14:11:12.723+0000 7fe46c364700 1 --2- >> [v2:172.21.15.170:3300/0,v1:172.21.15.170:6789/0] conn(0x7fe464106d10 0x7fe464107130 unknown :-1 s=NONE pgs=0 cs=0 l=0 rev1=0 crypto rx=0 tx=0 comp rx=0 tx=0).connect
2024-04-24T14:11:13.581 INFO:teuthology.orchestra.run.smithi170.stdout:/usr/bin/ceph: stderr
2024-04-24T14:11:12.723+0000 7fe46c364700 1 -- --> [v2:172.21.15.170:3300/0,v1:172.21.15.170:6789/0] -- mon_getmap magic: 0 -- 0x7fe46407be90 con 0x7fe464106d10
2024-04-24T14:11:13.581 INFO:teuthology.orchestra.run.smithi170.stdout:/usr/bin/ceph: stderr
2024-04-24T14:11:12.723+0000 7fe46a100700 1 --2- >> [v2:172.21.15.170:3300/0,v1:172.21.15.170:6789/0] conn(0x7fe464106d10 0x7fe464107130 unknown :-1 s=BANNER_CONNECTING pgs=0 cs=0 l=0 rev1=0 crypto rx=0 tx=0 comp rx=0 tx=0)._handle_peer_banner_payload supported=3 required=0
2024-04-24T14:11:13.582 INFO:teuthology.orchestra.run.smithi170.stdout:/usr/bin/ceph: stderr
2024-04-24T14:11:12.723+0000 7fe46a100700 1 --2- >> [v2:172.21.15.170:3300/0,v1:172.21.15.170:6789/0] conn(0x7fe464106d10 0x7fe464107130 unknown :-1 s=HELLO_CONNECTING pgs=0 cs=0 l=0 rev1=1 crypto rx=0 tx=0 comp rx=0 tx=0).handle_hello peer v2:172.21.15.170:3300/0 says I am v2:172.21.15.170:41710/0 (socket says 172.21.15.170:41710)
2024-04-24T14:11:13.582 INFO:teuthology.orchestra.run.smithi170.stdout:/usr/bin/ceph: stderr
2024-04-24T14:11:12.723+0000 7fe46a100700 1 -- 172.21.15.170:0/2435189057 learned_addr learned my addr 172.21.15.170:0/2435189057 (peer_addr_for_me v2:172.21.15.170:0/0)
2024-04-24T14:11:13.582 INFO:teuthology.orchestra.run.smithi170.stdout:/usr/bin/ceph: stderr
2024-04-24T14:11:12.724+0000 7fe46a100700 1 -- 172.21.15.170:0/2435189057 --> [v2:172.21.15.170:3300/0,v1:172.21.15.170:6789/0] -- mon_subscribe({config=0+,monmap=0+}) -- 0x7fe464107670 con 0x7fe464106d10
2024-04-24T14:11:13.582 INFO:teuthology.orchestra.run.smithi170.stdout:/usr/bin/ceph: stderr
2024-04-24T14:11:12.724+0000 7fe46a100700 1 --2- 172.21.15.170:0/2435189057 >> [v2:172.21.15.170:3300/0,v1:172.21.15.170:6789/0] conn(0x7fe464106d10 0x7fe464107130 secure :-1 s=READY pgs=57 cs=0 l=1 rev1=1 crypto rx=0x7fe4600098a0 tx=0x7fe460009bb0 comp rx=0 tx=0).ready entity=mon.0 client_cookie=99bc01fda55ff6a9 server_cookie=0 in_seq=0 out_seq=0
2024-04-24T14:11:13.582 INFO:teuthology.orchestra.run.smithi170.stdout:/usr/bin/ceph: stderr
2024-04-24T14:11:12.724+0000 7fe4690fe700 1 -- 172.21.15.170:0/2435189057 <== mon.0 v2:172.21.15.170:3300/0 1 ==== mon_map magic: 0 ==== 205+0+0 (secure 0 0 0) 0x7fe460004160 con 0x7fe464106d10
2024-04-24T14:11:13.582 INFO:teuthology.orchestra.run.smithi170.stdout:/usr/bin/ceph: stderr
2024-04-24T14:11:12.724+0000 7fe4690fe700 1 -- 172.21.15.170:0/2435189057 <== mon.0 v2:172.21.15.170:3300/0 2 ==== config(25 keys) ==== 1063+0+0 (secure 0 0 0) 0x7fe460004300 con 0x7fe464106d10
2024-04-24T14:11:13.582 INFO:teuthology.orchestra.run.smithi170.stdout:/usr/bin/ceph: stderr
2024-04-24T14:11:12.724+0000 7fe4690fe700 1 -- 172.21.15.170:0/2435189057 <== mon.0 v2:172.21.15.170:3300/0 3 ==== mon_map magic: 0 ==== 205+0+0 (secure 0 0 0) 0x7fe460011960 con 0x7fe464106d10
2024-04-24T14:11:13.582 INFO:teuthology.orchestra.run.smithi170.stdout:/usr/bin/ceph: stderr
2024-04-24T14:11:12.725+0000 7fe46c364700 1 -- 172.21.15.170:0/2435189057 >> [v2:172.21.15.170:3300/0,v1:172.21.15.170:6789/0] conn(0x7fe464106d10 msgr2=0x7fe464107130 secure :-1 s=STATE_CONNECTION_ESTABLISHED l=1).mark_down
2024-04-24T14:11:13.582 INFO:teuthology.orchestra.run.smithi170.stdout:/usr/bin/ceph: stderr
2024-04-24T14:11:12.725+0000 7fe46c364700 1 --2- 172.21.15.170:0/2435189057 >> [v2:172.21.15.170:3300/0,v1:172.21.15.170:6789/0] conn(0x7fe464106d10 0x7fe464107130 secure :-1 s=READY pgs=57 cs=0 l=1 rev1=1 crypto rx=0x7fe4600098a0 tx=0x7fe460009bb0 comp rx=0 tx=0).stop
2024-04-24T14:11:13.582 INFO:teuthology.orchestra.run.smithi170.stdout:/usr/bin/ceph: stderr
2024-04-24T14:11:12.725+0000 7fe46c364700 1 -- 172.21.15.170:0/2435189057 shutdown_connections
2024-04-24T14:11:13.583 INFO:teuthology.orchestra.run.smithi170.stdout:/usr/bin/ceph: stderr
2024-04-24T14:11:12.725+0000 7fe46c364700 1 --2- 172.21.15.170:0/2435189057 >> [v2:172.21.15.170:3300/0,v1:172.21.15.170:6789/0] conn(0x7fe464106d10 0x7fe464107130 unknown :-1 s=CLOSED pgs=57 cs=0 l=1 rev1=1 crypto rx=0 tx=0 comp rx=0 tx=0).stop
2024-04-24T14:11:13.583 INFO:teuthology.orchestra.run.smithi170.stdout:/usr/bin/ceph: stderr
2024-04-24T14:11:12.725+0000 7fe46c364700 1 -- 172.21.15.170:0/2435189057 >> 172.21.15.170:0/2435189057 conn(0x7fe4641028d0 msgr2=0x7fe464104d50 unknown :-1 s=STATE_NONE l=0).mark_down
2024-04-24T14:11:13.583 INFO:teuthology.orchestra.run.smithi170.stdout:/usr/bin/ceph: stderr
2024-04-24T14:11:12.725+0000 7fe46c364700 1 -- 172.21.15.170:0/2435189057 shutdown_connections
2024-04-24T14:11:13.583 INFO:teuthology.orchestra.run.smithi170.stdout:/usr/bin/ceph: stderr
2024-04-24T14:11:12.725+0000 7fe46c364700 1 -- 172.21.15.170:0/2435189057 wait complete.
2024-04-24T14:11:13.583 INFO:teuthology.orchestra.run.smithi170.stdout:/usr/bin/ceph: stderr
2024-04-24T14:11:12.725+0000 7fe46c364700 1 Processor -- start
2024-04-24T14:11:13.583 INFO:teuthology.orchestra.run.smithi170.stdout:/usr/bin/ceph: stderr
2024-04-24T14:11:12.726+0000 7fe46c364700 1 -- start start
2024-04-24T14:11:13.583 INFO:teuthology.orchestra.run.smithi170.stdout:/usr/bin/ceph: stderr
2024-04-24T14:11:12.726+0000 7fe46c364700 1 --2- >> [v2:172.21.15.170:3300/0,v1:172.21.15.170:6789/0] conn(0x7fe464106d10 0x7fe46419e500 unknown :-1 s=NONE pgs=0 cs=0 l=1 rev1=0 crypto rx=0 tx=0 comp rx=0 tx=0).connect
2024-04-24T14:11:13.583 INFO:teuthology.orchestra.run.smithi170.stdout:/usr/bin/ceph: stderr
2024-04-24T14:11:12.726+0000 7fe46c364700 1 -- --> [v2:172.21.15.170:3300/0,v1:172.21.15.170:6789/0] -- mon_getmap magic: 0 -- 0x7fe464108680 con 0x7fe464106d10
2024-04-24T14:11:13.583 INFO:teuthology.orchestra.run.smithi170.stdout:/usr/bin/ceph: stderr
2024-04-24T14:11:12.726+0000 7fe46a100700 1 --2- >> [v2:172.21.15.170:3300/0,v1:172.21.15.170:6789/0] conn(0x7fe464106d10 0x7fe46419e500 unknown :-1 s=BANNER_CONNECTING pgs=0 cs=0 l=1 rev1=0 crypto rx=0 tx=0 comp rx=0 tx=0)._handle_peer_banner_payload supported=3 required=0
2024-04-24T14:11:13.583 INFO:teuthology.orchestra.run.smithi170.stdout:/usr/bin/ceph: stderr
2024-04-24T14:11:12.726+0000 7fe46a100700 1 --2- >> [v2:172.21.15.170:3300/0,v1:172.21.15.170:6789/0] conn(0x7fe464106d10 0x7fe46419e500 unknown :-1 s=HELLO_CONNECTING pgs=0 cs=0 l=1 rev1=1 crypto rx=0 tx=0 comp rx=0 tx=0).handle_hello peer v2:172.21.15.170:3300/0 says I am v2:172.21.15.170:41726/0 (socket says 172.21.15.170:41726)
2024-04-24T14:11:13.583 INFO:teuthology.orchestra.run.smithi170.stdout:/usr/bin/ceph: stderr
2024-04-24T14:11:12.726+0000 7fe46a100700 1 -- 172.21.15.170:0/3240753602 learned_addr learned my addr 172.21.15.170:0/3240753602 (peer_addr_for_me v2:172.21.15.170:0/0)
2024-04-24T14:11:13.583 INFO:teuthology.orchestra.run.smithi170.stdout:/usr/bin/ceph: stderr
2024-04-24T14:11:12.726+0000 7fe46a100700 1 -- 172.21.15.170:0/3240753602 --> [v2:172.21.15.170:3300/0,v1:172.21.15.170:6789/0] -- mon_subscribe({config=0+,monmap=0+}) -- 0x7fe46419ea40 con 0x7fe464106d10
2024-04-24T14:11:13.583 INFO:teuthology.orchestra.run.smithi170.stdout:/usr/bin/ceph: stderr
2024-04-24T14:11:12.726+0000 7fe46a100700 1 --2- 172.21.15.170:0/3240753602 >> [v2:172.21.15.170:3300/0,v1:172.21.15.170:6789/0] conn(0x7fe464106d10 0x7fe46419e500 secure :-1 s=READY pgs=58 cs=0 l=1 rev1=1 crypto rx=0x7fe460011670 tx=0x7fe460011a30 comp rx=0 tx=0).ready entity=mon.0 client_cookie=0 server_cookie=0 in_seq=0 out_seq=0
2024-04-24T14:11:13.583 INFO:teuthology.orchestra.run.smithi170.stdout:/usr/bin/ceph: stderr
2024-04-24T14:11:12.726+0000 7fe45b7fe700 1 -- 172.21.15.170:0/3240753602 <== mon.0 v2:172.21.15.170:3300/0 1 ==== mon_map magic: 0 ==== 205+0+0 (secure 0 0 0) 0x7fe460003a60 con 0x7fe464106d10
2024-04-24T14:11:13.584 INFO:teuthology.orchestra.run.smithi170.stdout:/usr/bin/ceph: stderr
2024-04-24T14:11:12.726+0000 7fe46c364700 1 -- 172.21.15.170:0/3240753602 --> [v2:172.21.15.170:3300/0,v1:172.21.15.170:6789/0] -- mon_subscribe({mgrmap=0+}) -- 0x7fe46419ecd0 con 0x7fe464106d10
2024-04-24T14:11:13.584 INFO:teuthology.orchestra.run.smithi170.stdout:/usr/bin/ceph: stderr
2024-04-24T14:11:12.726+0000 7fe45b7fe700 1 -- 172.21.15.170:0/3240753602 <== mon.0 v2:172.21.15.170:3300/0 2 ==== config(25 keys) ==== 1063+0+0 (secure 0 0 0) 0x7fe46001b8d0 con 0x7fe464106d10
2024-04-24T14:11:13.584 INFO:teuthology.orchestra.run.smithi170.stdout:/usr/bin/ceph: stderr
2024-04-24T14:11:12.726+0000 7fe45b7fe700 1 -- 172.21.15.170:0/3240753602 <== mon.0 v2:172.21.15.170:3300/0 3 ==== mon_map magic: 0 ==== 205+0+0 (secure 0 0 0) 0x7fe460023790 con 0x7fe464106d10
2024-04-24T14:11:13.584 INFO:teuthology.orchestra.run.smithi170.stdout:/usr/bin/ceph: stderr
2024-04-24T14:11:12.726+0000 7fe46c364700 1 -- 172.21.15.170:0/3240753602 --> [v2:172.21.15.170:3300/0,v1:172.21.15.170:6789/0] -- mon_subscribe({osdmap=0}) -- 0x7fe4641a19c0 con 0x7fe464106d10
2024-04-24T14:11:13.584 INFO:teuthology.orchestra.run.smithi170.stdout:/usr/bin/ceph: stderr
2024-04-24T14:11:12.727+0000 7fe45b7fe700 1 -- 172.21.15.170:0/3240753602 <== mon.0 v2:172.21.15.170:3300/0 4 ==== mgrmap(e 9) ==== 46571+0+0 (secure 0 0 0) 0x7fe460023a90 con 0x7fe464106d10
2024-04-24T14:11:13.584 INFO:teuthology.orchestra.run.smithi170.stdout:/usr/bin/ceph: stderr
2024-04-24T14:11:12.727+0000 7fe46c364700 1 -- 172.21.15.170:0/3240753602 --> [v2:172.21.15.170:3300/0,v1:172.21.15.170:6789/0] -- mon_command({"prefix": "get_command_descriptions"} v 0) -- 0x7fe464064250 con 0x7fe464106d10
2024-04-24T14:11:13.584 INFO:teuthology.orchestra.run.smithi170.stdout:/usr/bin/ceph: stderr
2024-04-24T14:11:12.728+0000 7fe45b7fe700 1 --2- 172.21.15.170:0/3240753602 >> [v2:172.21.15.170:6800/2900229884,v1:172.21.15.170:6801/2900229884] conn(0x7fe450039600 0x7fe45003bac0 unknown :-1 s=NONE pgs=0 cs=0 l=1 rev1=0 crypto rx=0 tx=0 comp rx=0 tx=0).connect
2024-04-24T14:11:13.584 INFO:teuthology.orchestra.run.smithi170.stdout:/usr/bin/ceph: stderr
2024-04-24T14:11:12.728+0000 7fe45b7fe700 1 -- 172.21.15.170:0/3240753602 <== mon.0 v2:172.21.15.170:3300/0 5 ==== osd_map(2..2 src has 1..2) ==== 940+0+0 (secure 0 0 0) 0x7fe46004e050 con 0x7fe464106d10
2024-04-24T14:11:13.584 INFO:teuthology.orchestra.run.smithi170.stdout:/usr/bin/ceph: stderr
2024-04-24T14:11:12.728+0000 7fe4698ff700 1 -- 172.21.15.170:0/3240753602 >> [v2:172.21.15.170:6800/2900229884,v1:172.21.15.170:6801/2900229884] conn(0x7fe450039600 msgr2=0x7fe45003bac0 unknown :-1 s=STATE_CONNECTING_RE l=1).process reconnect failed to v2:172.21.15.170:6800/2900229884
2024-04-24T14:11:13.584 INFO:teuthology.orchestra.run.smithi170.stdout:/usr/bin/ceph: stderr
2024-04-24T14:11:12.728+0000 7fe4698ff700 1 --2- 172.21.15.170:0/3240753602 >> [v2:172.21.15.170:6800/2900229884,v1:172.21.15.170:6801/2900229884] conn(0x7fe450039600 0x7fe45003bac0 unknown :-1 s=START_CONNECT pgs=0 cs=0 l=1 rev1=0 crypto rx=0 tx=0 comp rx=0 tx=0)._fault waiting 0.200000
2024-04-24T14:11:13.585 INFO:teuthology.orchestra.run.smithi170.stdout:/usr/bin/ceph: stderr
2024-04-24T14:11:12.733+0000 7fe45b7fe700 1 -- 172.21.15.170:0/3240753602 <== mon.0 v2:172.21.15.170:3300/0 6 ==== mon_command_ack([{"prefix": "get_command_descriptions"}]=0 v0) ==== 72+0+188370 (secure 0 0 0) 0x7fe46001f030 con 0x7fe464106d10
2024-04-24T14:11:13.585 INFO:teuthology.orchestra.run.smithi170.stdout:/usr/bin/ceph: stderr
2024-04-24T14:11:12.929+0000 7fe4698ff700 1 -- 172.21.15.170:0/3240753602 >> [v2:172.21.15.170:6800/2900229884,v1:172.21.15.170:6801/2900229884] conn(0x7fe450039600 msgr2=0x7fe45003bac0 unknown :-1 s=STATE_CONNECTING_RE l=1).process reconnect failed to v2:172.21.15.170:6800/2900229884
2024-04-24T14:11:13.585 INFO:teuthology.orchestra.run.smithi170.stdout:/usr/bin/ceph: stderr
2024-04-24T14:11:12.929+0000 7fe4698ff700 1 --2- 172.21.15.170:0/3240753602 >> [v2:172.21.15.170:6800/2900229884,v1:172.21.15.170:6801/2900229884] conn(0x7fe450039600 0x7fe45003bac0 unknown :-1 s=START_CONNECT pgs=0 cs=0 l=1 rev1=0 crypto rx=0 tx=0 comp rx=0 tx=0)._fault waiting 0.400000
2024-04-24T14:11:13.585 INFO:teuthology.orchestra.run.smithi170.stdout:/usr/bin/ceph: stderr
2024-04-24T14:11:13.030+0000 7fe46c364700 1 -- 172.21.15.170:0/3240753602 --> [v2:172.21.15.170:3300/0,v1:172.21.15.170:6789/0] -- mon_command({"prefix": "mgr stat"} v 0) -- 0x7fe46402e2e0 con 0x7fe464106d10
2024-04-24T14:11:13.585 INFO:teuthology.orchestra.run.smithi170.stdout:/usr/bin/ceph: stderr
2024-04-24T14:11:13.030+0000 7fe45b7fe700 1 -- 172.21.15.170:0/3240753602 <== mon.0 v2:172.21.15.170:3300/0 7 ==== mon_command_ack([{"prefix": "mgr stat"}]=0 v9) ==== 56+0+88 (secure 0 0 0) 0x7fe46001bda0 con 0x7fe464106d10
2024-04-24T14:11:13.585 INFO:teuthology.orchestra.run.smithi170.stdout:/usr/bin/ceph: stderr
2024-04-24T14:11:13.033+0000 7fe46c364700 1 -- 172.21.15.170:0/3240753602 >> [v2:172.21.15.170:6800/2900229884,v1:172.21.15.170:6801/2900229884] conn(0x7fe450039600 msgr2=0x7fe45003bac0 unknown :-1 s=STATE_CONNECTING l=1).mark_down
2024-04-24T14:11:13.585 INFO:teuthology.orchestra.run.smithi170.stdout:/usr/bin/ceph: stderr
2024-04-24T14:11:13.033+0000 7fe46c364700 1 --2- 172.21.15.170:0/3240753602 >> [v2:172.21.15.170:6800/2900229884,v1:172.21.15.170:6801/2900229884] conn(0x7fe450039600 0x7fe45003bac0 unknown :-1 s=START_CONNECT pgs=0 cs=0 l=1 rev1=0 crypto rx=0 tx=0 comp rx=0 tx=0).stop
2024-04-24T14:11:13.585 INFO:teuthology.orchestra.run.smithi170.stdout:/usr/bin/ceph: stderr
2024-04-24T14:11:13.033+0000 7fe46c364700 1 -- 172.21.15.170:0/3240753602 >> [v2:172.21.15.170:3300/0,v1:172.21.15.170:6789/0] conn(0x7fe464106d10 msgr2=0x7fe46419e500 secure :-1 s=STATE_CONNECTION_ESTABLISHED l=1).mark_down
2024-04-24T14:11:13.585 INFO:teuthology.orchestra.run.smithi170.stdout:/usr/bin/ceph: stderr
2024-04-24T14:11:13.033+0000 7fe46c364700 1 --2- 172.21.15.170:0/3240753602 >> [v2:172.21.15.170:3300/0,v1:172.21.15.170:6789/0] conn(0x7fe464106d10 0x7fe46419e500 secure :-1 s=READY pgs=58 cs=0 l=1 rev1=1 crypto rx=0x7fe460011670 tx=0x7fe460011a30 comp rx=0 tx=0).stop
2024-04-24T14:11:13.585 INFO:teuthology.orchestra.run.smithi170.stdout:/usr/bin/ceph: stderr
2024-04-24T14:11:13.033+0000 7fe46c364700 1 -- 172.21.15.170:0/3240753602 shutdown_connections
2024-04-24T14:11:13.585 INFO:teuthology.orchestra.run.smithi170.stdout:/usr/bin/ceph: stderr
2024-04-24T14:11:13.033+0000 7fe46c364700 1 --2- 172.21.15.170:0/3240753602 >> [v2:172.21.15.170:6800/2900229884,v1:172.21.15.170:6801/2900229884] conn(0x7fe450039600 0x7fe45003bac0 unknown :-1 s=CLOSED pgs=0 cs=0 l=1 rev1=0 crypto rx=0 tx=0 comp rx=0 tx=0).stop
2024-04-24T14:11:13.585 INFO:teuthology.orchestra.run.smithi170.stdout:/usr/bin/ceph: stderr
2024-04-24T14:11:13.033+0000 7fe46c364700 1 --2- 172.21.15.170:0/3240753602 >> [v2:172.21.15.170:3300/0,v1:172.21.15.170:6789/0] conn(0x7fe464106d10 0x7fe46419e500 unknown :-1 s=CLOSED pgs=58 cs=0 l=1 rev1=1 crypto rx=0 tx=0 comp rx=0 tx=0).stop
2024-04-24T14:11:13.585 INFO:teuthology.orchestra.run.smithi170.stdout:/usr/bin/ceph: stderr
2024-04-24T14:11:13.033+0000 7fe46c364700 1 -- 172.21.15.170:0/3240753602 >> 172.21.15.170:0/3240753602 conn(0x7fe4641028d0 msgr2=0x7fe464195120 unknown :-1 s=STATE_NONE l=0).mark_down
2024-04-24T14:11:13.586 INFO:teuthology.orchestra.run.smithi170.stdout:/usr/bin/ceph: stderr
2024-04-24T14:11:13.033+0000 7fe46c364700 1 -- 172.21.15.170:0/3240753602 shutdown_connections
2024-04-24T14:11:13.586 INFO:teuthology.orchestra.run.smithi170.stdout:/usr/bin/ceph: stderr
2024-04-24T14:11:13.033+0000 7fe46c364700 1 -- 172.21.15.170:0/3240753602 wait complete.
2024-04-24T14:11:13.586 INFO:teuthology.orchestra.run.smithi170.stdout:Waiting for the mgr to restart...
2024-04-24T14:11:13.586 INFO:teuthology.orchestra.run.smithi170.stdout:Waiting for mgr epoch 9...
2024-04-24T14:11:13.969 INFO:journalctl@ceph.mon.a.smithi170.stdout:Apr 24 14:11:13 smithi170 ceph-mon[29165]: from='client.? 172.21.15.170:0/3240753602' entity='client.admin' cmd=[{"prefix": "mgr stat"}]: dispatch
2024-04-24T14:11:13.970 INFO:journalctl@ceph.mgr.x.smithi170.stdout:Apr 24 14:11:13 smithi170 ceph-3b0ac8e2-0244-11ef-bc93-c7b262605968-mgr-x[29404]:
2024-04-24T14:11:13.797+0000 7f01eac8d200 -1 mgr[py] Module telegraf has missing NOTIFY_TYPES member
2024-04-24T14:11:13.970 INFO:journalctl@ceph.mgr.x.smithi170.stdout:Apr 24 14:11:13 smithi170 ceph-3b0ac8e2-0244-11ef-bc93-c7b262605968-mgr-x[29404]:
2024-04-24T14:11:13.974+0000 7f01eac8d200 -1 mgr[py] Module osd_support has missing NOTIFY_TYPES member
2024-04-24T14:11:14.223 INFO:journalctl@ceph.mgr.x.smithi170.stdout:Apr 24 14:11:14 smithi170 ceph-3b0ac8e2-0244-11ef-bc93-c7b262605968-mgr-x[29404]:
2024-04-24T14:11:14.151+0000 7f01eac8d200 -1 mgr[py] Module iostat has missing NOTIFY_TYPES member
2024-04-24T14:11:14.526 INFO:journalctl@ceph.mgr.x.smithi170.stdout:Apr 24 14:11:14 smithi170 ceph-3b0ac8e2-0244-11ef-bc93-c7b262605968-mgr-x[29404]:
2024-04-24T14:11:14.439+0000 7f01eac8d200 -1 mgr[py] Module alerts has missing NOTIFY_TYPES member
2024-04-24T14:11:14.526 INFO:journalctl@ceph.mgr.x.smithi170.stdout:Apr 24 14:11:14 smithi170 ceph-3b0ac8e2-0244-11ef-bc93-c7b262605968-mgr-x[29404]:
2024-04-24T14:11:14.532+0000 7f01eac8d200 -1 mgr[py] Module selftest has missing NOTIFY_TYPES member
2024-04-24T14:11:14.901 INFO:journalctl@ceph.mgr.x.smithi170.stdout:Apr 24 14:11:14 smithi170 ceph-3b0ac8e2-0244-11ef-bc93-c7b262605968-mgr-x[29404]:
2024-04-24T14:11:14.736+0000 7f01eac8d200 -1 mgr[py] Module pg_autoscaler has missing NOTIFY_TYPES member
2024-04-24T14:11:15.401 INFO:journalctl@ceph.mgr.x.smithi170.stdout:Apr 24 14:11:14 smithi170 ceph-3b0ac8e2-0244-11ef-bc93-c7b262605968-mgr-x[29404]:
2024-04-24T14:11:14.929+0000 7f01eac8d200 -1 mgr[py] Module test_orchestrator has missing NOTIFY_TYPES member
2024-04-24T14:11:15.901 INFO:journalctl@ceph.mgr.x.smithi170.stdout:Apr 24 14:11:15 smithi170 ceph-3b0ac8e2-0244-11ef-bc93-c7b262605968-mgr-x[29404]:
2024-04-24T14:11:15.526+0000 7f01eac8d200 -1 mgr[py] Module rook has missing NOTIFY_TYPES member
2024-04-24T14:11:16.244 INFO:journalctl@ceph.mgr.x.smithi170.stdout:Apr 24 14:11:15 smithi170 ceph-3b0ac8e2-0244-11ef-bc93-c7b262605968-mgr-x[29404]:
2024-04-24T14:11:15.950+0000 7f01eac8d200 -1 mgr[py] Module volumes has missing NOTIFY_TYPES member
2024-04-24T14:11:16.244 INFO:journalctl@ceph.mgr.x.smithi170.stdout:Apr 24 14:11:16 smithi170 ceph-3b0ac8e2-0244-11ef-bc93-c7b262605968-mgr-x[29404]:
2024-04-24T14:11:16.046+0000 7f01eac8d200 -1 mgr[py] Module crash has missing NOTIFY_TYPES member
2024-04-24T14:11:16.244 INFO:journalctl@ceph.mgr.x.smithi170.stdout:Apr 24 14:11:16 smithi170 ceph-3b0ac8e2-0244-11ef-bc93-c7b262605968-mgr-x[29404]:
2024-04-24T14:11:16.249+0000 7f01eac8d200 -1 mgr[py] Module rgw has missing NOTIFY_TYPES member
2024-04-24T14:11:17.026 INFO:journalctl@ceph.mgr.x.smithi170.stdout:Apr 24 14:11:16 smithi170 ceph-3b0ac8e2-0244-11ef-bc93-c7b262605968-mgr-x[29404]:
2024-04-24T14:11:16.773+0000 7f01eac8d200 -1 mgr[py] Module prometheus has missing NOTIFY_TYPES member
2024-04-24T14:11:17.027 INFO:journalctl@ceph.mgr.x.smithi170.stdout:Apr 24 14:11:16 smithi170 ceph-3b0ac8e2-0244-11ef-bc93-c7b262605968-mgr-x[29404]:
2024-04-24T14:11:16.865+0000 7f01eac8d200 -1 mgr[py] Module devicehealth has missing NOTIFY_TYPES member
2024-04-24T14:11:17.333 INFO:journalctl@ceph.mgr.x.smithi170.stdout:Apr 24 14:11:17 smithi170 ceph-3b0ac8e2-0244-11ef-bc93-c7b262605968-mgr-x[29404]:
2024-04-24T14:11:17.110+0000 7f01eac8d200 -1 mgr[py] Module telemetry has missing NOTIFY_TYPES member
2024-04-24T14:11:17.334 INFO:journalctl@ceph.mgr.x.smithi170.stdout:Apr 24 14:11:17 smithi170 ceph-3b0ac8e2-0244-11ef-bc93-c7b262605968-mgr-x[29404]:
2024-04-24T14:11:17.242+0000 7f01eac8d200 -1 mgr[py] Module diskprediction_local has missing NOTIFY_TYPES member
2024-04-24T14:11:17.334 INFO:journalctl@ceph.mgr.x.smithi170.stdout:Apr 24 14:11:17 smithi170 ceph-3b0ac8e2-0244-11ef-bc93-c7b262605968-mgr-x[29404]:
2024-04-24T14:11:17.339+0000 7f01eac8d200 -1 mgr[py] Module osd_perf_query has missing NOTIFY_TYPES member
2024-04-24T14:11:17.651 INFO:journalctl@ceph.mgr.x.smithi170.stdout:Apr 24 14:11:17 smithi170 ceph-3b0ac8e2-0244-11ef-bc93-c7b262605968-mgr-x[29404]:
2024-04-24T14:11:17.455+0000 7f01eac8d200 -1 mgr[py] Module rbd_support has missing NOTIFY_TYPES member
2024-04-24T14:11:18.151 INFO:journalctl@ceph.mgr.x.smithi170.stdout:Apr 24 14:11:17 smithi170 ceph-3b0ac8e2-0244-11ef-bc93-c7b262605968-mgr-x[29404]:
2024-04-24T14:11:17.760+0000 7f01eac8d200 -1 mgr[py] Module zabbix has missing NOTIFY_TYPES member
2024-04-24T14:11:18.630 INFO:journalctl@ceph.mgr.x.smithi170.stdout:Apr 24 14:11:18 smithi170 ceph-3b0ac8e2-0244-11ef-bc93-c7b262605968-mgr-x[29404]:
2024-04-24T14:11:18.364+0000 7f01eac8d200 -1 mgr[py] Module status has missing NOTIFY_TYPES member
2024-04-24T14:11:18.630 INFO:journalctl@ceph.mgr.x.smithi170.stdout:Apr 24 14:11:18 smithi170 ceph-3b0ac8e2-0244-11ef-bc93-c7b262605968-mgr-x[29404]:
2024-04-24T14:11:18.583+0000 7f01eac8d200 -1 mgr[py] Module nfs has missing NOTIFY_TYPES member
2024-04-24T14:11:18.901 INFO:journalctl@ceph.mon.a.smithi170.stdout:Apr 24 14:11:18 smithi170 ceph-mon[29165]: Active manager daemon x restarted
2024-04-24T14:11:18.901 INFO:journalctl@ceph.mon.a.smithi170.stdout:Apr 24 14:11:18 smithi170 ceph-mon[29165]: Activating manager daemon x
2024-04-24T14:11:18.901 INFO:journalctl@ceph.mon.a.smithi170.stdout:Apr 24 14:11:18 smithi170 ceph-mon[29165]: osdmap e3: 0 total, 0 up, 0 in
2024-04-24T14:11:18.902 INFO:journalctl@ceph.mon.a.smithi170.stdout:Apr 24 14:11:18 smithi170 ceph-mon[29165]: mgrmap e10: x(active, starting, since 0.00365864s)
2024-04-24T14:11:18.902 INFO:journalctl@ceph.mon.a.smithi170.stdout:Apr 24 14:11:18 smithi170 ceph-mon[29165]: from='mgr.14150 172.21.15.170:0/3283935952' entity='mgr.x' cmd=[{"prefix": "mon metadata", "id": "a"}]: dispatch
2024-04-24T14:11:18.902 INFO:journalctl@ceph.mon.a.smithi170.stdout:Apr 24 14:11:18 smithi170 ceph-mon[29165]: from='mgr.14150 172.21.15.170:0/3283935952' entity='mgr.x' cmd=[{"prefix": "mgr metadata", "who": "x", "id": "x"}]: dispatch
2024-04-24T14:11:18.902 INFO:journalctl@ceph.mon.a.smithi170.stdout:Apr 24 14:11:18 smithi170 ceph-mon[29165]: from='mgr.14150 172.21.15.170:0/3283935952' entity='mgr.x' cmd=[{"prefix": "mds metadata"}]: dispatch
2024-04-24T14:11:18.902 INFO:journalctl@ceph.mon.a.smithi170.stdout:Apr 24 14:11:18 smithi170 ceph-mon[29165]: from='mgr.14150 172.21.15.170:0/3283935952' entity='mgr.x' cmd=[{"prefix": "osd metadata"}]: dispatch
2024-04-24T14:11:18.902 INFO:journalctl@ceph.mon.a.smithi170.stdout:Apr 24 14:11:18 smithi170 ceph-mon[29165]: from='mgr.14150 172.21.15.170:0/3283935952' entity='mgr.x' cmd=[{"prefix": "mon metadata"}]: dispatch
2024-04-24T14:11:18.902 INFO:journalctl@ceph.mon.a.smithi170.stdout:Apr 24 14:11:18 smithi170 ceph-mon[29165]: Manager daemon x is now available
2024-04-24T14:11:18.902 INFO:journalctl@ceph.mon.a.smithi170.stdout:Apr 24 14:11:18 smithi170 ceph-mon[29165]: from='mgr.14150 172.21.15.170:0/3283935952' entity='mgr.x' cmd=[{"prefix": "config dump", "format": "json"}]: dispatch
2024-04-24T14:11:18.902 INFO:journalctl@ceph.mon.a.smithi170.stdout:Apr 24 14:11:18 smithi170 ceph-mon[29165]: from='mgr.14150 172.21.15.170:0/3283935952' entity='mgr.x' cmd=[{"prefix":"config rm","who":"mgr","name":"mgr/rbd_support/x/mirror_snapshot_schedule"}]: dispatch
2024-04-24T14:11:19.901 INFO:journalctl@ceph.mon.a.smithi170.stdout:Apr 24 14:11:19 smithi170 ceph-mon[29165]: from='mgr.14150 172.21.15.170:0/3283935952' entity='mgr.x' cmd=[{"prefix":"config rm","who":"mgr","name":"mgr/rbd_support/x/trash_purge_schedule"}]: dispatch
