2024-04-24T14:10:57.061+0000 7ffa30873700 1 -- 172.21.15.170:0/977225460 --> [v2:172.21.15.170:3300/0,v1:172.21.15.170:6789/0] -- mon_subscribe({config=0+,monmap=0+}) -- 0x7ffa2c19c850 con 0x7ffa2c1084b0
2024-04-24T14:10:58.071 INFO:teuthology.orchestra.run.smithi170.stdout:/usr/bin/ceph: stderr
2024-04-24T14:10:57.061+0000 7ffa30873700 1 --2- 172.21.15.170:0/977225460 >> [v2:172.21.15.170:3300/0,v1:172.21.15.170:6789/0] conn(0x7ffa2c1084b0 0x7ffa2c19c310 secure :-1 s=READY pgs=40 cs=0 l=1 rev1=1 crypto rx=0x7ffa1c0119b0 tx=0x7ffa1c011a90 comp rx=0 tx=0).ready entity=mon.0 client_cookie=0 server_cookie=0 in_seq=0 out_seq=0
2024-04-24T14:10:58.072 INFO:teuthology.orchestra.run.smithi170.stdout:/usr/bin/ceph: stderr
2024-04-24T14:10:57.061+0000 7ffa29ffb700 1 -- 172.21.15.170:0/977225460 <== mon.0 v2:172.21.15.170:3300/0 1 ==== mon_map magic: 0 ==== 205+0+0 (secure 0 0 0) 0x7ffa1c003b70 con 0x7ffa2c1084b0
2024-04-24T14:10:58.072 INFO:teuthology.orchestra.run.smithi170.stdout:/usr/bin/ceph: stderr
2024-04-24T14:10:57.061+0000 7ffa29ffb700 1 -- 172.21.15.170:0/977225460 <== mon.0 v2:172.21.15.170:3300/0 2 ==== config(25 keys) ==== 1032+0+0 (secure 0 0 0) 0x7ffa1c01a8a0 con 0x7ffa2c1084b0
2024-04-24T14:10:58.072 INFO:teuthology.orchestra.run.smithi170.stdout:/usr/bin/ceph: stderr
2024-04-24T14:10:57.061+0000 7ffa32ad7700 1 -- 172.21.15.170:0/977225460 --> [v2:172.21.15.170:3300/0,v1:172.21.15.170:6789/0] -- mon_subscribe({mgrmap=0+}) -- 0x7ffa2c19cae0 con 0x7ffa2c1084b0
2024-04-24T14:10:58.072 INFO:teuthology.orchestra.run.smithi170.stdout:/usr/bin/ceph: stderr
2024-04-24T14:10:57.061+0000 7ffa29ffb700 1 -- 172.21.15.170:0/977225460 <== mon.0 v2:172.21.15.170:3300/0 3 ==== mon_map magic: 0 ==== 205+0+0 (secure 0 0 0) 0x7ffa1c024830 con 0x7ffa2c1084b0
2024-04-24T14:10:58.072 INFO:teuthology.orchestra.run.smithi170.stdout:/usr/bin/ceph: stderr
2024-04-24T14:10:57.062+0000 7ffa32ad7700 1 -- 172.21.15.170:0/977225460 --> [v2:172.21.15.170:3300/0,v1:172.21.15.170:6789/0] -- mon_subscribe({osdmap=0}) -- 0x7ffa2c19f7d0 con 0x7ffa2c1084b0
2024-04-24T14:10:58.072 INFO:teuthology.orchestra.run.smithi170.stdout:/usr/bin/ceph: stderr
2024-04-24T14:10:57.062+0000 7ffa29ffb700 1 -- 172.21.15.170:0/977225460 <== mon.0 v2:172.21.15.170:3300/0 4 ==== mgrmap(e 8) ==== 46558+0+0 (secure 0 0 0) 0x7ffa1c022020 con 0x7ffa2c1084b0
2024-04-24T14:10:58.072 INFO:teuthology.orchestra.run.smithi170.stdout:/usr/bin/ceph: stderr
2024-04-24T14:10:57.062+0000 7ffa32ad7700 1 -- 172.21.15.170:0/977225460 --> [v2:172.21.15.170:3300/0,v1:172.21.15.170:6789/0] -- mon_command({"prefix": "get_command_descriptions"} v 0) -- 0x7ffa2c064250 con 0x7ffa2c1084b0
2024-04-24T14:10:58.072 INFO:teuthology.orchestra.run.smithi170.stdout:/usr/bin/ceph: stderr
2024-04-24T14:10:57.062+0000 7ffa29ffb700 1 --2- 172.21.15.170:0/977225460 >> [v2:172.21.15.170:6800/2900229884,v1:172.21.15.170:6801/2900229884] conn(0x7ffa14039560 0x7ffa1403ba20 unknown :-1 s=NONE pgs=0 cs=0 l=1 rev1=0 crypto rx=0 tx=0 comp rx=0 tx=0).connect
2024-04-24T14:10:58.072 INFO:teuthology.orchestra.run.smithi170.stdout:/usr/bin/ceph: stderr
2024-04-24T14:10:57.062+0000 7ffa29ffb700 1 -- 172.21.15.170:0/977225460 <== mon.0 v2:172.21.15.170:3300/0 5 ==== osd_map(2..2 src has 1..2) ==== 940+0+0 (secure 0 0 0) 0x7ffa1c04db80 con 0x7ffa2c1084b0
2024-04-24T14:10:58.072 INFO:teuthology.orchestra.run.smithi170.stdout:/usr/bin/ceph: stderr
2024-04-24T14:10:57.063+0000 7ffa2bfff700 1 --2- 172.21.15.170:0/977225460 >> [v2:172.21.15.170:6800/2900229884,v1:172.21.15.170:6801/2900229884] conn(0x7ffa14039560 0x7ffa1403ba20 unknown :-1 s=BANNER_CONNECTING pgs=0 cs=0 l=1 rev1=0 crypto rx=0 tx=0 comp rx=0 tx=0)._handle_peer_banner_payload supported=3 required=0
2024-04-24T14:10:58.072 INFO:teuthology.orchestra.run.smithi170.stdout:/usr/bin/ceph: stderr
2024-04-24T14:10:57.063+0000 7ffa2bfff700 1 --2- 172.21.15.170:0/977225460 >> [v2:172.21.15.170:6800/2900229884,v1:172.21.15.170:6801/2900229884] conn(0x7ffa14039560 0x7ffa1403ba20 secure :-1 s=READY pgs=9 cs=0 l=1 rev1=1 crypto rx=0x7ffa20006fd0 tx=0x7ffa20006e40 comp rx=0 tx=0).ready entity=mgr.14118 client_cookie=0 server_cookie=0 in_seq=0 out_seq=0
2024-04-24T14:10:58.072 INFO:teuthology.orchestra.run.smithi170.stdout:/usr/bin/ceph: stderr
2024-04-24T14:10:57.067+0000 7ffa29ffb700 1 -- 172.21.15.170:0/977225460 <== mon.0 v2:172.21.15.170:3300/0 6 ==== mon_command_ack([{"prefix": "get_command_descriptions"}]=0 v0) ==== 72+0+188370 (secure 0 0 0) 0x7ffa1c020c10 con 0x7ffa2c1084b0
2024-04-24T14:10:58.072 INFO:teuthology.orchestra.run.smithi170.stdout:/usr/bin/ceph: stderr
2024-04-24T14:10:57.264+0000 7ffa32ad7700 1 -- 172.21.15.170:0/977225460 --> [v2:172.21.15.170:6800/2900229884,v1:172.21.15.170:6801/2900229884] -- mgr_command(tid 0: {"prefix": "cephadm generate-key", "target": ["mon-mgr", ""]}) -- 0x7ffa2c104d50 con 0x7ffa14039560
2024-04-24T14:10:58.072 INFO:teuthology.orchestra.run.smithi170.stdout:/usr/bin/ceph: stderr
2024-04-24T14:10:57.515+0000 7ffa29ffb700 1 -- 172.21.15.170:0/977225460 <== mgr.14118 v2:172.21.15.170:6800/2900229884 1 ==== mgr_command_reply(tid 0: 0 ) ==== 8+0+0 (secure 0 0 0) 0x7ffa2c104d50 con 0x7ffa14039560
2024-04-24T14:10:58.073 INFO:teuthology.orchestra.run.smithi170.stdout:/usr/bin/ceph: stderr
2024-04-24T14:10:57.517+0000 7ffa32ad7700 1 -- 172.21.15.170:0/977225460 >> [v2:172.21.15.170:6800/2900229884,v1:172.21.15.170:6801/2900229884] conn(0x7ffa14039560 msgr2=0x7ffa1403ba20 secure :-1 s=STATE_CONNECTION_ESTABLISHED l=1).mark_down
2024-04-24T14:10:58.073 INFO:teuthology.orchestra.run.smithi170.stdout:/usr/bin/ceph: stderr
2024-04-24T14:10:57.517+0000 7ffa32ad7700 1 --2- 172.21.15.170:0/977225460 >> [v2:172.21.15.170:6800/2900229884,v1:172.21.15.170:6801/2900229884] conn(0x7ffa14039560 0x7ffa1403ba20 secure :-1 s=READY pgs=9 cs=0 l=1 rev1=1 crypto rx=0x7ffa20006fd0 tx=0x7ffa20006e40 comp rx=0 tx=0).stop
2024-04-24T14:10:58.073 INFO:teuthology.orchestra.run.smithi170.stdout:/usr/bin/ceph: stderr
2024-04-24T14:10:57.517+0000 7ffa32ad7700 1 -- 172.21.15.170:0/977225460 >> [v2:172.21.15.170:3300/0,v1:172.21.15.170:6789/0] conn(0x7ffa2c1084b0 msgr2=0x7ffa2c19c310 secure :-1 s=STATE_CONNECTION_ESTABLISHED l=1).mark_down
2024-04-24T14:10:58.073 INFO:teuthology.orchestra.run.smithi170.stdout:/usr/bin/ceph: stderr
2024-04-24T14:10:57.517+0000 7ffa32ad7700 1 --2- 172.21.15.170:0/977225460 >> [v2:172.21.15.170:3300/0,v1:172.21.15.170:6789/0] conn(0x7ffa2c1084b0 0x7ffa2c19c310 secure :-1 s=READY pgs=40 cs=0 l=1 rev1=1 crypto rx=0x7ffa1c0119b0 tx=0x7ffa1c011a90 comp rx=0 tx=0).stop
2024-04-24T14:10:58.073 INFO:teuthology.orchestra.run.smithi170.stdout:/usr/bin/ceph: stderr
2024-04-24T14:10:57.517+0000 7ffa32ad7700 1 -- 172.21.15.170:0/977225460 shutdown_connections
2024-04-24T14:10:58.073 INFO:teuthology.orchestra.run.smithi170.stdout:/usr/bin/ceph: stderr
2024-04-24T14:10:57.517+0000 7ffa32ad7700 1 --2- 172.21.15.170:0/977225460 >> [v2:172.21.15.170:6800/2900229884,v1:172.21.15.170:6801/2900229884] conn(0x7ffa14039560 0x7ffa1403ba20 unknown :-1 s=CLOSED pgs=9 cs=0 l=1 rev1=1 crypto rx=0 tx=0 comp rx=0 tx=0).stop
2024-04-24T14:10:58.073 INFO:teuthology.orchestra.run.smithi170.stdout:/usr/bin/ceph: stderr
2024-04-24T14:10:57.517+0000 7ffa32ad7700 1 --2- 172.21.15.170:0/977225460 >> [v2:172.21.15.170:3300/0,v1:172.21.15.170:6789/0] conn(0x7ffa2c1084b0 0x7ffa2c19c310 unknown :-1 s=CLOSED pgs=40 cs=0 l=1 rev1=1 crypto rx=0 tx=0 comp rx=0 tx=0).stop
2024-04-24T14:10:58.073 INFO:teuthology.orchestra.run.smithi170.stdout:/usr/bin/ceph: stderr
2024-04-24T14:10:57.517+0000 7ffa32ad7700 1 -- 172.21.15.170:0/977225460 >> 172.21.15.170:0/977225460 conn(0x7ffa2c103af0 msgr2=0x7ffa2c104640 unknown :-1 s=STATE_NONE l=0).mark_down
2024-04-24T14:10:58.073 INFO:teuthology.orchestra.run.smithi170.stdout:/usr/bin/ceph: stderr
2024-04-24T14:10:57.517+0000 7ffa32ad7700 1 -- 172.21.15.170:0/977225460 shutdown_connections
2024-04-24T14:10:58.073 INFO:teuthology.orchestra.run.smithi170.stdout:/usr/bin/ceph: stderr
2024-04-24T14:10:57.517+0000 7ffa32ad7700 1 -- 172.21.15.170:0/977225460 wait complete.
2024-04-24T14:10:58.651 INFO:journalctl@ceph.mon.a.smithi170.stdout:Apr 24 14:10:58 smithi170 ceph-mon[29165]: from='client.14134 -' entity='client.admin' cmd=[{"prefix": "cephadm generate-key", "target": ["mon-mgr", ""]}]: dispatch
2024-04-24T14:10:58.651 INFO:journalctl@ceph.mon.a.smithi170.stdout:Apr 24 14:10:58 smithi170 ceph-mon[29165]: Generating ssh key...
2024-04-24T14:10:59.261 INFO:teuthology.orchestra.run.smithi170.stdout:/usr/bin/ceph: stdout ssh-rsa AAAAB3NzaC1yc2EAAAADAQABAAABgQCilQZjRerOJAMOaKcX+zK0ctxbpoN+bj51LQCV1y8cnixw9Yd2ymHFqM5spmfPin6CW2U9myuWQ3YLzWs9+kiYfjZgE+4kiZS2yxv50Nh7y6NwuxmWhU98DSFnM3rEIU9Hgry72eBaBLHTbfs5iZtejAGYvLCx62yxRkiLcZLZu3BbBFNg2lZ60nLI1KoJPZvaZX1NOtBoVAFaD6oMOqVBgCDL4d2Bj9irmuhLUZuy8oQQlu8IEx6dO0lqXgx2DLeMcm1Z6Sme9JtAm6XEhLa94kh9+HaAB6X2wIOSt4JaW4y3DUBPhEOQNct8OtCNPIjmEVKbBy7MduX6JdU0fV3VjY0zoUAq97nfChA30q3am1bbJwbXusv5/20TWGUls9dMM2cSEPsnhiUneo3v0umTjoDnXHATuzwCm3bAl+6jUrFEY+4bruJzHpAChFwP0ifr8C0UPT7MSRzV0Rj2jil7UEGoyS7ig0IVdtgpWzHJ+h/3FTrxNDAtty1etzFGb/U= ceph-3b0ac8e2-0244-11ef-bc93-c7b262605968
2024-04-24T14:10:59.261 INFO:teuthology.orchestra.run.smithi170.stdout:/usr/bin/ceph: stderr
2024-04-24T14:10:58.473+0000 7f242ff57700 1 Processor -- start
2024-04-24T14:10:59.261 INFO:teuthology.orchestra.run.smithi170.stdout:/usr/bin/ceph: stderr
2024-04-24T14:10:58.473+0000 7f242ff57700 1 -- start start
2024-04-24T14:10:59.261 INFO:teuthology.orchestra.run.smithi170.stdout:/usr/bin/ceph: stderr
2024-04-24T14:10:58.473+0000 7f242ff57700 1 --2- >> [v2:172.21.15.170:3300/0,v1:172.21.15.170:6789/0] conn(0x7f2428107370 0x7f2428107790 unknown :-1 s=NONE pgs=0 cs=0 l=0 rev1=0 crypto rx=0 tx=0 comp rx=0 tx=0).connect
2024-04-24T14:10:59.261 INFO:teuthology.orchestra.run.smithi170.stdout:/usr/bin/ceph: stderr
2024-04-24T14:10:58.473+0000 7f242ff57700 1 -- --> [v2:172.21.15.170:3300/0,v1:172.21.15.170:6789/0] -- mon_getmap magic: 0 -- 0x7f2428107d60 con 0x7f2428107370
2024-04-24T14:10:59.261 INFO:teuthology.orchestra.run.smithi170.stdout:/usr/bin/ceph: stderr
2024-04-24T14:10:58.474+0000 7f242dcf3700 1 --2- >> [v2:172.21.15.170:3300/0,v1:172.21.15.170:6789/0] conn(0x7f2428107370 0x7f2428107790 unknown :-1 s=BANNER_CONNECTING pgs=0 cs=0 l=0 rev1=0 crypto rx=0 tx=0 comp rx=0 tx=0)._handle_peer_banner_payload supported=3 required=0
2024-04-24T14:10:59.261 INFO:teuthology.orchestra.run.smithi170.stdout:/usr/bin/ceph: stderr
2024-04-24T14:10:58.474+0000 7f242dcf3700 1 --2- >> [v2:172.21.15.170:3300/0,v1:172.21.15.170:6789/0] conn(0x7f2428107370 0x7f2428107790 unknown :-1 s=HELLO_CONNECTING pgs=0 cs=0 l=0 rev1=1 crypto rx=0 tx=0 comp rx=0 tx=0).handle_hello peer v2:172.21.15.170:3300/0 says I am v2:172.21.15.170:58882/0 (socket says 172.21.15.170:58882)
2024-04-24T14:10:59.261 INFO:teuthology.orchestra.run.smithi170.stdout:/usr/bin/ceph: stderr
2024-04-24T14:10:58.474+0000 7f242dcf3700 1 -- 172.21.15.170:0/2630367915 learned_addr learned my addr 172.21.15.170:0/2630367915 (peer_addr_for_me v2:172.21.15.170:0/0)
2024-04-24T14:10:59.262 INFO:teuthology.orchestra.run.smithi170.stdout:/usr/bin/ceph: stderr
2024-04-24T14:10:58.474+0000 7f242dcf3700 1 -- 172.21.15.170:0/2630367915 --> [v2:172.21.15.170:3300/0,v1:172.21.15.170:6789/0] -- mon_subscribe({config=0+,monmap=0+}) -- 0x7f2428108570 con 0x7f2428107370
2024-04-24T14:10:59.262 INFO:teuthology.orchestra.run.smithi170.stdout:/usr/bin/ceph: stderr
2024-04-24T14:10:58.474+0000 7f242dcf3700 1 --2- 172.21.15.170:0/2630367915 >> [v2:172.21.15.170:3300/0,v1:172.21.15.170:6789/0] conn(0x7f2428107370 0x7f2428107790 secure :-1 s=READY pgs=41 cs=0 l=1 rev1=1 crypto rx=0x7f2420009e80 tx=0x7f242000b330 comp rx=0 tx=0).ready entity=mon.0 client_cookie=ae3298e8bee1ec94 server_cookie=0 in_seq=0 out_seq=0
2024-04-24T14:10:59.262 INFO:teuthology.orchestra.run.smithi170.stdout:/usr/bin/ceph: stderr
2024-04-24T14:10:58.474+0000 7f242ccf1700 1 -- 172.21.15.170:0/2630367915 <== mon.0 v2:172.21.15.170:3300/0 1 ==== mon_map magic: 0 ==== 205+0+0 (secure 0 0 0) 0x7f2420017070 con 0x7f2428107370
2024-04-24T14:10:59.262 INFO:teuthology.orchestra.run.smithi170.stdout:/usr/bin/ceph: stderr
2024-04-24T14:10:58.474+0000 7f242ccf1700 1 -- 172.21.15.170:0/2630367915 <== mon.0 v2:172.21.15.170:3300/0 2 ==== config(25 keys) ==== 1032+0+0 (secure 0 0 0) 0x7f242000b8c0 con 0x7f2428107370
2024-04-24T14:10:59.262 INFO:teuthology.orchestra.run.smithi170.stdout:/usr/bin/ceph: stderr
2024-04-24T14:10:58.474+0000 7f242ccf1700 1 -- 172.21.15.170:0/2630367915 <== mon.0 v2:172.21.15.170:3300/0 3 ==== mon_map magic: 0 ==== 205+0+0 (secure 0 0 0) 0x7f2420004420 con 0x7f2428107370
2024-04-24T14:10:59.262 INFO:teuthology.orchestra.run.smithi170.stdout:/usr/bin/ceph: stderr
2024-04-24T14:10:58.475+0000 7f242ff57700 1 -- 172.21.15.170:0/2630367915 >> [v2:172.21.15.170:3300/0,v1:172.21.15.170:6789/0] conn(0x7f2428107370 msgr2=0x7f2428107790 secure :-1 s=STATE_CONNECTION_ESTABLISHED l=1).mark_down
2024-04-24T14:10:59.262 INFO:teuthology.orchestra.run.smithi170.stdout:/usr/bin/ceph: stderr
2024-04-24T14:10:58.475+0000 7f242ff57700 1 --2- 172.21.15.170:0/2630367915 >> [v2:172.21.15.170:3300/0,v1:172.21.15.170:6789/0] conn(0x7f2428107370 0x7f2428107790 secure :-1 s=READY pgs=41 cs=0 l=1 rev1=1 crypto rx=0x7f2420009e80 tx=0x7f242000b330 comp rx=0 tx=0).stop
2024-04-24T14:10:59.262 INFO:teuthology.orchestra.run.smithi170.stdout:/usr/bin/ceph: stderr
2024-04-24T14:10:58.475+0000 7f242ff57700 1 -- 172.21.15.170:0/2630367915 shutdown_connections
2024-04-24T14:10:59.262 INFO:teuthology.orchestra.run.smithi170.stdout:/usr/bin/ceph: stderr
2024-04-24T14:10:58.475+0000 7f242ff57700 1 --2- 172.21.15.170:0/2630367915 >> [v2:172.21.15.170:3300/0,v1:172.21.15.170:6789/0] conn(0x7f2428107370 0x7f2428107790 unknown :-1 s=CLOSED pgs=41 cs=0 l=1 rev1=1 crypto rx=0 tx=0 comp rx=0 tx=0).stop
2024-04-24T14:10:59.262 INFO:teuthology.orchestra.run.smithi170.stdout:/usr/bin/ceph: stderr
2024-04-24T14:10:58.475+0000 7f242ff57700 1 -- 172.21.15.170:0/2630367915 >> 172.21.15.170:0/2630367915 conn(0x7f24281028d0 msgr2=0x7f2428104d50 unknown :-1 s=STATE_NONE l=0).mark_down
2024-04-24T14:10:59.262 INFO:teuthology.orchestra.run.smithi170.stdout:/usr/bin/ceph: stderr
2024-04-24T14:10:58.475+0000 7f242ff57700 1 -- 172.21.15.170:0/2630367915 shutdown_connections
2024-04-24T14:10:59.263 INFO:teuthology.orchestra.run.smithi170.stdout:/usr/bin/ceph: stderr
2024-04-24T14:10:58.475+0000 7f242ff57700 1 -- 172.21.15.170:0/2630367915 wait complete.
2024-04-24T14:10:59.263 INFO:teuthology.orchestra.run.smithi170.stdout:/usr/bin/ceph: stderr
2024-04-24T14:10:58.475+0000 7f242ff57700 1 Processor -- start
2024-04-24T14:10:59.263 INFO:teuthology.orchestra.run.smithi170.stdout:/usr/bin/ceph: stderr
2024-04-24T14:10:58.475+0000 7f242ff57700 1 -- start start
2024-04-24T14:10:59.263 INFO:teuthology.orchestra.run.smithi170.stdout:/usr/bin/ceph: stderr
2024-04-24T14:10:58.476+0000 7f242ff57700 1 --2- >> [v2:172.21.15.170:3300/0,v1:172.21.15.170:6789/0] conn(0x7f2428107370 0x7f242819c380 unknown :-1 s=NONE pgs=0 cs=0 l=1 rev1=0 crypto rx=0 tx=0 comp rx=0 tx=0).connect
2024-04-24T14:10:59.263 INFO:teuthology.orchestra.run.smithi170.stdout:/usr/bin/ceph: stderr
2024-04-24T14:10:58.476+0000 7f242ff57700 1 -- --> [v2:172.21.15.170:3300/0,v1:172.21.15.170:6789/0] -- mon_getmap magic: 0 -- 0x7f242810b7a0 con 0x7f2428107370
2024-04-24T14:10:59.263 INFO:teuthology.orchestra.run.smithi170.stdout:/usr/bin/ceph: stderr
2024-04-24T14:10:58.476+0000 7f242dcf3700 1 --2- >> [v2:172.21.15.170:3300/0,v1:172.21.15.170:6789/0] conn(0x7f2428107370 0x7f242819c380 unknown :-1 s=BANNER_CONNECTING pgs=0 cs=0 l=1 rev1=0 crypto rx=0 tx=0 comp rx=0 tx=0)._handle_peer_banner_payload supported=3 required=0
2024-04-24T14:10:59.263 INFO:teuthology.orchestra.run.smithi170.stdout:/usr/bin/ceph: stderr
2024-04-24T14:10:58.476+0000 7f242dcf3700 1 --2- >> [v2:172.21.15.170:3300/0,v1:172.21.15.170:6789/0] conn(0x7f2428107370 0x7f242819c380 unknown :-1 s=HELLO_CONNECTING pgs=0 cs=0 l=1 rev1=1 crypto rx=0 tx=0 comp rx=0 tx=0).handle_hello peer v2:172.21.15.170:3300/0 says I am v2:172.21.15.170:58888/0 (socket says 172.21.15.170:58888)
2024-04-24T14:10:59.263 INFO:teuthology.orchestra.run.smithi170.stdout:/usr/bin/ceph: stderr
2024-04-24T14:10:58.476+0000 7f242dcf3700 1 -- 172.21.15.170:0/3421788065 learned_addr learned my addr 172.21.15.170:0/3421788065 (peer_addr_for_me v2:172.21.15.170:0/0)
2024-04-24T14:10:59.263 INFO:teuthology.orchestra.run.smithi170.stdout:/usr/bin/ceph: stderr
2024-04-24T14:10:58.476+0000 7f242dcf3700 1 -- 172.21.15.170:0/3421788065 --> [v2:172.21.15.170:3300/0,v1:172.21.15.170:6789/0] -- mon_subscribe({config=0+,monmap=0+}) -- 0x7f242819c8c0 con 0x7f2428107370
2024-04-24T14:10:59.263 INFO:teuthology.orchestra.run.smithi170.stdout:/usr/bin/ceph: stderr
2024-04-24T14:10:58.476+0000 7f242dcf3700 1 --2- 172.21.15.170:0/3421788065 >> [v2:172.21.15.170:3300/0,v1:172.21.15.170:6789/0] conn(0x7f2428107370 0x7f242819c380 secure :-1 s=READY pgs=42 cs=0 l=1 rev1=1 crypto rx=0x7f2420004000 tx=0x7f2420003ad0 comp rx=0 tx=0).ready entity=mon.0 client_cookie=0 server_cookie=0 in_seq=0 out_seq=0
2024-04-24T14:10:59.263 INFO:teuthology.orchestra.run.smithi170.stdout:/usr/bin/ceph: stderr
2024-04-24T14:10:58.476+0000 7f241effd700 1 -- 172.21.15.170:0/3421788065 <== mon.0 v2:172.21.15.170:3300/0 1 ==== mon_map magic: 0 ==== 205+0+0 (secure 0 0 0) 0x7f2420020020 con 0x7f2428107370
2024-04-24T14:10:59.264 INFO:teuthology.orchestra.run.smithi170.stdout:/usr/bin/ceph: stderr
2024-04-24T14:10:58.476+0000 7f242ff57700 1 -- 172.21.15.170:0/3421788065 --> [v2:172.21.15.170:3300/0,v1:172.21.15.170:6789/0] -- mon_subscribe({mgrmap=0+}) -- 0x7f242819cb50 con 0x7f2428107370
2024-04-24T14:10:59.264 INFO:teuthology.orchestra.run.smithi170.stdout:/usr/bin/ceph: stderr
2024-04-24T14:10:58.476+0000 7f241effd700 1 -- 172.21.15.170:0/3421788065 <== mon.0 v2:172.21.15.170:3300/0 2 ==== config(25 keys) ==== 1032+0+0 (secure 0 0 0) 0x7f24200128a0 con 0x7f2428107370
2024-04-24T14:10:59.264 INFO:teuthology.orchestra.run.smithi170.stdout:/usr/bin/ceph: stderr
2024-04-24T14:10:58.476+0000 7f241effd700 1 -- 172.21.15.170:0/3421788065 <== mon.0 v2:172.21.15.170:3300/0 3 ==== mon_map magic: 0 ==== 205+0+0 (secure 0 0 0) 0x7f2420017040 con 0x7f2428107370
2024-04-24T14:10:59.264 INFO:teuthology.orchestra.run.smithi170.stdout:/usr/bin/ceph: stderr
2024-04-24T14:10:58.476+0000 7f242ff57700 1 -- 172.21.15.170:0/3421788065 --> [v2:172.21.15.170:3300/0,v1:172.21.15.170:6789/0] -- mon_subscribe({osdmap=0}) -- 0x7f242819f840 con 0x7f2428107370
2024-04-24T14:10:59.264 INFO:teuthology.orchestra.run.smithi170.stdout:/usr/bin/ceph: stderr
2024-04-24T14:10:58.477+0000 7f241effd700 1 -- 172.21.15.170:0/3421788065 <== mon.0 v2:172.21.15.170:3300/0 4 ==== mgrmap(e 8) ==== 46558+0+0 (secure 0 0 0) 0x7f2420023020 con 0x7f2428107370
2024-04-24T14:10:59.264 INFO:teuthology.orchestra.run.smithi170.stdout:/usr/bin/ceph: stderr
2024-04-24T14:10:58.477+0000 7f242ff57700 1 -- 172.21.15.170:0/3421788065 --> [v2:172.21.15.170:3300/0,v1:172.21.15.170:6789/0] -- mon_command({"prefix": "get_command_descriptions"} v 0) -- 0x7f2428064250 con 0x7f2428107370
2024-04-24T14:10:59.264 INFO:teuthology.orchestra.run.smithi170.stdout:/usr/bin/ceph: stderr
2024-04-24T14:10:58.477+0000 7f241effd700 1 --2- 172.21.15.170:0/3421788065 >> [v2:172.21.15.170:6800/2900229884,v1:172.21.15.170:6801/2900229884] conn(0x7f24140395b0 0x7f241403ba70 unknown :-1 s=NONE pgs=0 cs=0 l=1 rev1=0 crypto rx=0 tx=0 comp rx=0 tx=0).connect
2024-04-24T14:10:59.264 INFO:teuthology.orchestra.run.smithi170.stdout:/usr/bin/ceph: stderr
2024-04-24T14:10:58.477+0000 7f241effd700 1 -- 172.21.15.170:0/3421788065 <== mon.0 v2:172.21.15.170:3300/0 5 ==== osd_map(2..2 src has 1..2) ==== 940+0+0 (secure 0 0 0) 0x7f242000f050 con 0x7f2428107370
2024-04-24T14:10:59.264 INFO:teuthology.orchestra.run.smithi170.stdout:/usr/bin/ceph: stderr
2024-04-24T14:10:58.478+0000 7f242d4f2700 1 --2- 172.21.15.170:0/3421788065 >> [v2:172.21.15.170:6800/2900229884,v1:172.21.15.170:6801/2900229884] conn(0x7f24140395b0 0x7f241403ba70 unknown :-1 s=BANNER_CONNECTING pgs=0 cs=0 l=1 rev1=0 crypto rx=0 tx=0 comp rx=0 tx=0)._handle_peer_banner_payload supported=3 required=0
2024-04-24T14:10:59.264 INFO:teuthology.orchestra.run.smithi170.stdout:/usr/bin/ceph: stderr
2024-04-24T14:10:58.478+0000 7f242d4f2700 1 --2- 172.21.15.170:0/3421788065 >> [v2:172.21.15.170:6800/2900229884,v1:172.21.15.170:6801/2900229884] conn(0x7f24140395b0 0x7f241403ba70 secure :-1 s=READY pgs=10 cs=0 l=1 rev1=1 crypto rx=0x7f2418006fd0 tx=0x7f2418006e40 comp rx=0 tx=0).ready entity=mgr.14118 client_cookie=0 server_cookie=0 in_seq=0 out_seq=0
2024-04-24T14:10:59.264 INFO:teuthology.orchestra.run.smithi170.stdout:/usr/bin/ceph: stderr
2024-04-24T14:10:58.482+0000 7f241effd700 1 -- 172.21.15.170:0/3421788065 <== mon.0 v2:172.21.15.170:3300/0 6 ==== mon_command_ack([{"prefix": "get_command_descriptions"}]=0 v0) ==== 72+0+188370 (secure 0 0 0) 0x7f242002a020 con 0x7f2428107370
2024-04-24T14:10:59.264 INFO:teuthology.orchestra.run.smithi170.stdout:/usr/bin/ceph: stderr
2024-04-24T14:10:58.682+0000 7f242ff57700 1 -- 172.21.15.170:0/3421788065 --> [v2:172.21.15.170:6800/2900229884,v1:172.21.15.170:6801/2900229884] -- mgr_command(tid 0: {"prefix": "cephadm get-pub-key", "target": ["mon-mgr", ""]}) -- 0x7f242802e470 con 0x7f24140395b0
2024-04-24T14:10:59.264 INFO:teuthology.orchestra.run.smithi170.stdout:/usr/bin/ceph: stderr
2024-04-24T14:10:58.683+0000 7f241effd700 1 -- 172.21.15.170:0/3421788065 <== mgr.14118 v2:172.21.15.170:6800/2900229884 1 ==== mgr_command_reply(tid 0: 0 ) ==== 8+0+595 (secure 0 0 0) 0x7f242802e470 con 0x7f24140395b0
2024-04-24T14:10:59.265 INFO:teuthology.orchestra.run.smithi170.stdout:/usr/bin/ceph: stderr
2024-04-24T14:10:58.685+0000 7f242ff57700 1 -- 172.21.15.170:0/3421788065 >> [v2:172.21.15.170:6800/2900229884,v1:172.21.15.170:6801/2900229884] conn(0x7f24140395b0 msgr2=0x7f241403ba70 secure :-1 s=STATE_CONNECTION_ESTABLISHED l=1).mark_down
2024-04-24T14:10:59.265 INFO:teuthology.orchestra.run.smithi170.stdout:/usr/bin/ceph: stderr
2024-04-24T14:10:58.685+0000 7f242ff57700 1 --2- 172.21.15.170:0/3421788065 >> [v2:172.21.15.170:6800/2900229884,v1:172.21.15.170:6801/2900229884] conn(0x7f24140395b0 0x7f241403ba70 secure :-1 s=READY pgs=10 cs=0 l=1 rev1=1 crypto rx=0x7f2418006fd0 tx=0x7f2418006e40 comp rx=0 tx=0).stop
2024-04-24T14:10:59.265 INFO:teuthology.orchestra.run.smithi170.stdout:/usr/bin/ceph: stderr
2024-04-24T14:10:58.685+0000 7f242ff57700 1 -- 172.21.15.170:0/3421788065 >> [v2:172.21.15.170:3300/0,v1:172.21.15.170:6789/0] conn(0x7f2428107370 msgr2=0x7f242819c380 secure :-1 s=STATE_CONNECTION_ESTABLISHED l=1).mark_down
2024-04-24T14:10:59.265 INFO:teuthology.orchestra.run.smithi170.stdout:/usr/bin/ceph: stderr
2024-04-24T14:10:58.685+0000 7f242ff57700 1 --2- 172.21.15.170:0/3421788065 >> [v2:172.21.15.170:3300/0,v1:172.21.15.170:6789/0] conn(0x7f2428107370 0x7f242819c380 secure :-1 s=READY pgs=42 cs=0 l=1 rev1=1 crypto rx=0x7f2420004000 tx=0x7f2420003ad0 comp rx=0 tx=0).stop
2024-04-24T14:10:59.265 INFO:teuthology.orchestra.run.smithi170.stdout:/usr/bin/ceph: stderr
2024-04-24T14:10:58.685+0000 7f242ff57700 1 -- 172.21.15.170:0/3421788065 shutdown_connections
2024-04-24T14:10:59.265 INFO:teuthology.orchestra.run.smithi170.stdout:/usr/bin/ceph: stderr
2024-04-24T14:10:58.685+0000 7f242ff57700 1 --2- 172.21.15.170:0/3421788065 >> [v2:172.21.15.170:6800/2900229884,v1:172.21.15.170:6801/2900229884] conn(0x7f24140395b0 0x7f241403ba70 unknown :-1 s=CLOSED pgs=10 cs=0 l=1 rev1=1 crypto rx=0 tx=0 comp rx=0 tx=0).stop
2024-04-24T14:10:59.265 INFO:teuthology.orchestra.run.smithi170.stdout:/usr/bin/ceph: stderr
2024-04-24T14:10:58.685+0000 7f242ff57700 1 --2- 172.21.15.170:0/3421788065 >> [v2:172.21.15.170:3300/0,v1:172.21.15.170:6789/0] conn(0x7f2428107370 0x7f242819c380 unknown :-1 s=CLOSED pgs=42 cs=0 l=1 rev1=1 crypto rx=0 tx=0 comp rx=0 tx=0).stop
2024-04-24T14:10:59.265 INFO:teuthology.orchestra.run.smithi170.stdout:/usr/bin/ceph: stderr
2024-04-24T14:10:58.685+0000 7f242ff57700 1 -- 172.21.15.170:0/3421788065 >> 172.21.15.170:0/3421788065 conn(0x7f24281028d0 msgr2=0x7f24281037c0 unknown :-1 s=STATE_NONE l=0).mark_down
2024-04-24T14:10:59.265 INFO:teuthology.orchestra.run.smithi170.stdout:/usr/bin/ceph: stderr
2024-04-24T14:10:58.686+0000 7f242ff57700 1 -- 172.21.15.170:0/3421788065 shutdown_connections
2024-04-24T14:10:59.265 INFO:teuthology.orchestra.run.smithi170.stdout:/usr/bin/ceph: stderr
2024-04-24T14:10:58.686+0000 7f242ff57700 1 -- 172.21.15.170:0/3421788065 wait complete.
2024-04-24T14:10:59.265 INFO:teuthology.orchestra.run.smithi170.stdout:Wrote public SSH key to /home/ubuntu/cephtest/ceph.pub
2024-04-24T14:10:59.266 INFO:teuthology.orchestra.run.smithi170.stdout:Adding key to root@localhost authorized_keys...
2024-04-24T14:10:59.266 INFO:teuthology.orchestra.run.smithi170.stdout:Adding host smithi170...
2024-04-24T14:10:59.853 INFO:journalctl@ceph.mon.a.smithi170.stdout:Apr 24 14:10:59 smithi170 ceph-mon[29165]: from='client.14136 -' entity='client.admin' cmd=[{"prefix": "cephadm get-pub-key", "target": ["mon-mgr", ""]}]: dispatch
2024-04-24T14:11:01.151 INFO:journalctl@ceph.mon.a.smithi170.stdout:Apr 24 14:11:00 smithi170 ceph-mon[29165]: from='client.14138 -' entity='client.admin' cmd=[{"prefix": "orch host add", "hostname": "smithi170", "addr": "172.21.15.170", "target": ["mon-mgr", ""]}]: dispatch
2024-04-24T14:11:01.151 INFO:journalctl@ceph.mon.a.smithi170.stdout:Apr 24 14:11:00 smithi170 ceph-mon[29165]: Deploying cephadm binary to smithi170
2024-04-24T14:11:04.425 INFO:teuthology.orchestra.run.smithi170.stdout:/usr/bin/ceph: stdout Added host 'smithi170' with addr '172.21.15.170'
2024-04-24T14:11:04.425 INFO:teuthology.orchestra.run.smithi170.stdout:/usr/bin/ceph: stderr
2024-04-24T14:10:59.646+0000 7fecd0e8d700 1 Processor -- start
2024-04-24T14:11:04.425 INFO:teuthology.orchestra.run.smithi170.stdout:/usr/bin/ceph: stderr
2024-04-24T14:10:59.646+0000 7fecd0e8d700 1 -- start start
2024-04-24T14:11:04.425 INFO:teuthology.orchestra.run.smithi170.stdout:/usr/bin/ceph: stderr
2024-04-24T14:10:59.646+0000 7fecd0e8d700 1 --2- >> [v2:172.21.15.170:3300/0,v1:172.21.15.170:6789/0] conn(0x7feccc109a90 0x7feccc109eb0 unknown :-1 s=NONE pgs=0 cs=0 l=0 rev1=0 crypto rx=0 tx=0 comp rx=0 tx=0).connect
2024-04-24T14:11:04.425 INFO:teuthology.orchestra.run.smithi170.stdout:/usr/bin/ceph: stderr
2024-04-24T14:10:59.646+0000 7fecd0e8d700 1 -- --> [v2:172.21.15.170:3300/0,v1:172.21.15.170:6789/0] -- mon_getmap magic: 0 -- 0x7feccc10a480 con 0x7feccc109a90
2024-04-24T14:11:04.425 INFO:teuthology.orchestra.run.smithi170.stdout:/usr/bin/ceph: stderr
2024-04-24T14:10:59.646+0000 7fecca59c700 1 --2- >> [v2:172.21.15.170:3300/0,v1:172.21.15.170:6789/0] conn(0x7feccc109a90 0x7feccc109eb0 unknown :-1 s=BANNER_CONNECTING pgs=0 cs=0 l=0 rev1=0 crypto rx=0 tx=0 comp rx=0 tx=0)._handle_peer_banner_payload supported=3 required=0
2024-04-24T14:11:04.426 INFO:teuthology.orchestra.run.smithi170.stdout:/usr/bin/ceph: stderr
2024-04-24T14:10:59.646+0000 7fecca59c700 1 --2- >> [v2:172.21.15.170:3300/0,v1:172.21.15.170:6789/0] conn(0x7feccc109a90 0x7feccc109eb0 unknown :-1 s=HELLO_CONNECTING pgs=0 cs=0 l=0 rev1=1 crypto rx=0 tx=0 comp rx=0 tx=0).handle_hello peer v2:172.21.15.170:3300/0 says I am v2:172.21.15.170:58890/0 (socket says 172.21.15.170:58890)
2024-04-24T14:11:04.426 INFO:teuthology.orchestra.run.smithi170.stdout:/usr/bin/ceph: stderr
2024-04-24T14:10:59.646+0000 7fecca59c700 1 -- 172.21.15.170:0/369937636 learned_addr learned my addr 172.21.15.170:0/369937636 (peer_addr_for_me v2:172.21.15.170:0/0)
2024-04-24T14:11:04.426 INFO:teuthology.orchestra.run.smithi170.stdout:/usr/bin/ceph: stderr
2024-04-24T14:10:59.647+0000 7fecca59c700 1 -- 172.21.15.170:0/369937636 --> [v2:172.21.15.170:3300/0,v1:172.21.15.170:6789/0] -- mon_subscribe({config=0+,monmap=0+}) -- 0x7feccc10a600 con 0x7feccc109a90
2024-04-24T14:11:04.426 INFO:teuthology.orchestra.run.smithi170.stdout:/usr/bin/ceph: stderr
2024-04-24T14:10:59.647+0000 7fecca59c700 1 --2- 172.21.15.170:0/369937636 >> [v2:172.21.15.170:3300/0,v1:172.21.15.170:6789/0] conn(0x7feccc109a90 0x7feccc109eb0 secure :-1 s=READY pgs=43 cs=0 l=1 rev1=1 crypto rx=0x7fecbc0098a0 tx=0x7fecbc009bb0 comp rx=0 tx=0).ready entity=mon.0 client_cookie=abf31edd1d14c073 server_cookie=0 in_seq=0 out_seq=0
2024-04-24T14:11:04.426 INFO:teuthology.orchestra.run.smithi170.stdout:/usr/bin/ceph: stderr
2024-04-24T14:10:59.647+0000 7fecc9d9b700 1 -- 172.21.15.170:0/369937636 <== mon.0 v2:172.21.15.170:3300/0 1 ==== mon_map magic: 0 ==== 205+0+0 (secure 0 0 0) 0x7fecbc004160 con 0x7feccc109a90
2024-04-24T14:11:04.426 INFO:teuthology.orchestra.run.smithi170.stdout:/usr/bin/ceph: stderr
2024-04-24T14:10:59.647+0000 7fecc9d9b700 1 -- 172.21.15.170:0/369937636 <== mon.0 v2:172.21.15.170:3300/0 2 ==== config(25 keys) ==== 1032+0+0 (secure 0 0 0) 0x7fecbc004300 con 0x7feccc109a90
2024-04-24T14:11:04.426 INFO:teuthology.orchestra.run.smithi170.stdout:/usr/bin/ceph: stderr
2024-04-24T14:10:59.647+0000 7fecc9d9b700 1 -- 172.21.15.170:0/369937636 <== mon.0 v2:172.21.15.170:3300/0 3 ==== mon_map magic: 0 ==== 205+0+0 (secure 0 0 0) 0x7fecbc0119e0 con 0x7feccc109a90
2024-04-24T14:11:04.426 INFO:teuthology.orchestra.run.smithi170.stdout:/usr/bin/ceph: stderr
2024-04-24T14:10:59.647+0000 7fecd0e8d700 1 -- 172.21.15.170:0/369937636 >> [v2:172.21.15.170:3300/0,v1:172.21.15.170:6789/0] conn(0x7feccc109a90 msgr2=0x7feccc109eb0 secure :-1 s=STATE_CONNECTION_ESTABLISHED l=1).mark_down
2024-04-24T14:11:04.426 INFO:teuthology.orchestra.run.smithi170.stdout:/usr/bin/ceph: stderr
2024-04-24T14:10:59.647+0000 7fecd0e8d700 1 --2- 172.21.15.170:0/369937636 >> [v2:172.21.15.170:3300/0,v1:172.21.15.170:6789/0] conn(0x7feccc109a90 0x7feccc109eb0 secure :-1 s=READY pgs=43 cs=0 l=1 rev1=1 crypto rx=0x7fecbc0098a0 tx=0x7fecbc009bb0 comp rx=0 tx=0).stop
2024-04-24T14:11:04.426 INFO:teuthology.orchestra.run.smithi170.stdout:/usr/bin/ceph: stderr
2024-04-24T14:10:59.647+0000 7fecd0e8d700 1 -- 172.21.15.170:0/369937636 shutdown_connections
2024-04-24T14:11:04.426 INFO:teuthology.orchestra.run.smithi170.stdout:/usr/bin/ceph: stderr
2024-04-24T14:10:59.647+0000 7fecd0e8d700 1 --2- 172.21.15.170:0/369937636 >> [v2:172.21.15.170:3300/0,v1:172.21.15.170:6789/0] conn(0x7feccc109a90 0x7feccc109eb0 unknown :-1 s=CLOSED pgs=43 cs=0 l=1 rev1=1 crypto rx=0 tx=0 comp rx=0 tx=0).stop
2024-04-24T14:11:04.426 INFO:teuthology.orchestra.run.smithi170.stdout:/usr/bin/ceph: stderr
2024-04-24T14:10:59.647+0000 7fecd0e8d700 1 -- 172.21.15.170:0/369937636 >> 172.21.15.170:0/369937636 conn(0x7feccc102150 msgr2=0x7feccc104570 unknown :-1 s=STATE_NONE l=0).mark_down
2024-04-24T14:11:04.426 INFO:teuthology.orchestra.run.smithi170.stdout:/usr/bin/ceph: stderr
2024-04-24T14:10:59.648+0000 7fecd0e8d700 1 -- 172.21.15.170:0/369937636 shutdown_connections
2024-04-24T14:11:04.426 INFO:teuthology.orchestra.run.smithi170.stdout:/usr/bin/ceph: stderr
2024-04-24T14:10:59.648+0000 7fecd0e8d700 1 -- 172.21.15.170:0/369937636 wait complete.
2024-04-24T14:11:04.427 INFO:teuthology.orchestra.run.smithi170.stdout:/usr/bin/ceph: stderr
2024-04-24T14:10:59.648+0000 7fecd0e8d700 1 Processor -- start
2024-04-24T14:11:04.427 INFO:teuthology.orchestra.run.smithi170.stdout:/usr/bin/ceph: stderr
2024-04-24T14:10:59.648+0000 7fecd0e8d700 1 -- start start
2024-04-24T14:11:04.427 INFO:teuthology.orchestra.run.smithi170.stdout:/usr/bin/ceph: stderr
2024-04-24T14:10:59.649+0000 7fecd0e8d700 1 --2- >> [v2:172.21.15.170:3300/0,v1:172.21.15.170:6789/0] conn(0x7feccc109a90 0x7feccc19c280 unknown :-1 s=NONE pgs=0 cs=0 l=1 rev1=0 crypto rx=0 tx=0 comp rx=0 tx=0).connect
2024-04-24T14:11:04.427 INFO:teuthology.orchestra.run.smithi170.stdout:/usr/bin/ceph: stderr
2024-04-24T14:10:59.649+0000 7fecd0e8d700 1 -- --> [v2:172.21.15.170:3300/0,v1:172.21.15.170:6789/0] -- mon_getmap magic: 0 -- 0x7feccc107230 con 0x7feccc109a90
2024-04-24T14:11:04.427 INFO:teuthology.orchestra.run.smithi170.stdout:/usr/bin/ceph: stderr
2024-04-24T14:10:59.649+0000 7fecca59c700 1 --2- >> [v2:172.21.15.170:3300/0,v1:172.21.15.170:6789/0] conn(0x7feccc109a90 0x7feccc19c280 unknown :-1 s=BANNER_CONNECTING pgs=0 cs=0 l=1 rev1=0 crypto rx=0 tx=0 comp rx=0 tx=0)._handle_peer_banner_payload supported=3 required=0
2024-04-24T14:11:04.427 INFO:teuthology.orchestra.run.smithi170.stdout:/usr/bin/ceph: stderr
2024-04-24T14:10:59.649+0000 7fecca59c700 1 --2- >> [v2:172.21.15.170:3300/0,v1:172.21.15.170:6789/0] conn(0x7feccc109a90 0x7feccc19c280 unknown :-1 s=HELLO_CONNECTING pgs=0 cs=0 l=1 rev1=1 crypto rx=0 tx=0 comp rx=0 tx=0).handle_hello peer v2:172.21.15.170:3300/0 says I am v2:172.21.15.170:58906/0 (socket says 172.21.15.170:58906)
2024-04-24T14:11:04.427 INFO:teuthology.orchestra.run.smithi170.stdout:/usr/bin/ceph: stderr
2024-04-24T14:10:59.649+0000 7fecca59c700 1 -- 172.21.15.170:0/2952860795 learned_addr learned my addr 172.21.15.170:0/2952860795 (peer_addr_for_me v2:172.21.15.170:0/0)
2024-04-24T14:11:04.427 INFO:teuthology.orchestra.run.smithi170.stdout:/usr/bin/ceph: stderr
2024-04-24T14:10:59.649+0000 7fecca59c700 1 -- 172.21.15.170:0/2952860795 --> [v2:172.21.15.170:3300/0,v1:172.21.15.170:6789/0] -- mon_subscribe({config=0+,monmap=0+}) -- 0x7feccc19c7c0 con 0x7feccc109a90
2024-04-24T14:11:04.427 INFO:teuthology.orchestra.run.smithi170.stdout:/usr/bin/ceph: stderr
2024-04-24T14:10:59.649+0000 7fecca59c700 1 --2- 172.21.15.170:0/2952860795 >> [v2:172.21.15.170:3300/0,v1:172.21.15.170:6789/0] conn(0x7feccc109a90 0x7feccc19c280 secure :-1 s=READY pgs=44 cs=0 l=1 rev1=1 crypto rx=0x7fecbc0119b0 tx=0x7fecbc011a90 comp rx=0 tx=0).ready entity=mon.0 client_cookie=0 server_cookie=0 in_seq=0 out_seq=0
2024-04-24T14:11:04.427 INFO:teuthology.orchestra.run.smithi170.stdout:/usr/bin/ceph: stderr
2024-04-24T14:10:59.649+0000 7fecc3fff700 1 -- 172.21.15.170:0/2952860795 <== mon.0 v2:172.21.15.170:3300/0 1 ==== mon_map magic: 0 ==== 205+0+0 (secure 0 0 0) 0x7fecbc003af0 con 0x7feccc109a90
2024-04-24T14:11:04.427 INFO:teuthology.orchestra.run.smithi170.stdout:/usr/bin/ceph: stderr
2024-04-24T14:10:59.649+0000 7fecc3fff700 1 -- 172.21.15.170:0/2952860795 <== mon.0 v2:172.21.15.170:3300/0 2 ==== config(25 keys) ==== 1032+0+0 (secure 0 0 0) 0x7fecbc01a8a0 con 0x7feccc109a90
2024-04-24T14:11:04.427 INFO:teuthology.orchestra.run.smithi170.stdout:/usr/bin/ceph: stderr
2024-04-24T14:10:59.649+0000 7fecd0e8d700 1 -- 172.21.15.170:0/2952860795 --> [v2:172.21.15.170:3300/0,v1:172.21.15.170:6789/0] -- mon_subscribe({mgrmap=0+}) -- 0x7feccc19cab0 con 0x7feccc109a90
2024-04-24T14:11:04.427 INFO:teuthology.orchestra.run.smithi170.stdout:/usr/bin/ceph: stderr
2024-04-24T14:10:59.649+0000 7fecc3fff700 1 -- 172.21.15.170:0/2952860795 <== mon.0 v2:172.21.15.170:3300/0 3 ==== mon_map magic: 0 ==== 205+0+0 (secure 0 0 0) 0x7fecbc024830 con 0x7feccc109a90
2024-04-24T14:11:04.427 INFO:teuthology.orchestra.run.smithi170.stdout:/usr/bin/ceph: stderr
2024-04-24T14:10:59.649+0000 7fecd0e8d700 1 -- 172.21.15.170:0/2952860795 --> [v2:172.21.15.170:3300/0,v1:172.21.15.170:6789/0] -- mon_subscribe({osdmap=0}) -- 0x7feccc19f740 con 0x7feccc109a90
2024-04-24T14:11:04.428 INFO:teuthology.orchestra.run.smithi170.stdout:/usr/bin/ceph: stderr
2024-04-24T14:10:59.651+0000 7fecd0e8d700 1 -- 172.21.15.170:0/2952860795 --> [v2:172.21.15.170:3300/0,v1:172.21.15.170:6789/0] -- mon_command({"prefix": "get_command_descriptions"} v 0) -- 0x7feccc064250 con 0x7feccc109a90
2024-04-24T14:11:04.428 INFO:teuthology.orchestra.run.smithi170.stdout:/usr/bin/ceph: stderr
2024-04-24T14:10:59.651+0000 7fecc3fff700 1 -- 172.21.15.170:0/2952860795 <== mon.0 v2:172.21.15.170:3300/0 4 ==== mgrmap(e 8) ==== 46558+0+0 (secure 0 0 0) 0x7fecbc022020 con 0x7feccc109a90
2024-04-24T14:11:04.428 INFO:teuthology.orchestra.run.smithi170.stdout:/usr/bin/ceph: stderr
2024-04-24T14:10:59.651+0000 7fecc3fff700 1 --2- 172.21.15.170:0/2952860795 >> [v2:172.21.15.170:6800/2900229884,v1:172.21.15.170:6801/2900229884] conn(0x7fecb80395b0 0x7fecb803ba70 unknown :-1 s=NONE pgs=0 cs=0 l=1 rev1=0 crypto rx=0 tx=0 comp rx=0 tx=0).connect
2024-04-24T14:11:04.428 INFO:teuthology.orchestra.run.smithi170.stdout:/usr/bin/ceph: stderr
2024-04-24T14:10:59.651+0000 7fecc3fff700 1 -- 172.21.15.170:0/2952860795 <== mon.0 v2:172.21.15.170:3300/0 5 ==== osd_map(2..2 src has 1..2) ==== 940+0+0 (secure 0 0 0) 0x7fecbc04d950 con 0x7feccc109a90
2024-04-24T14:11:04.428 INFO:teuthology.orchestra.run.smithi170.stdout:/usr/bin/ceph: stderr
2024-04-24T14:10:59.651+0000 7fecc1d9b700 1 --2- 172.21.15.170:0/2952860795 >> [v2:172.21.15.170:6800/2900229884,v1:172.21.15.170:6801/2900229884] conn(0x7fecb80395b0 0x7fecb803ba70 unknown :-1 s=BANNER_CONNECTING pgs=0 cs=0 l=1 rev1=0 crypto rx=0 tx=0 comp rx=0 tx=0)._handle_peer_banner_payload supported=3 required=0
2024-04-24T14:11:04.428 INFO:teuthology.orchestra.run.smithi170.stdout:/usr/bin/ceph: stderr
2024-04-24T14:10:59.651+0000 7fecc1d9b700 1 --2- 172.21.15.170:0/2952860795 >> [v2:172.21.15.170:6800/2900229884,v1:172.21.15.170:6801/2900229884] conn(0x7fecb80395b0 0x7fecb803ba70 secure :-1 s=READY pgs=11 cs=0 l=1 rev1=1 crypto rx=0x7fecb4006fd0 tx=0x7fecb4006e40 comp rx=0 tx=0).ready entity=mgr.14118 client_cookie=0 server_cookie=0 in_seq=0 out_seq=0
2024-04-24T14:11:04.428 INFO:teuthology.orchestra.run.smithi170.stdout:/usr/bin/ceph: stderr
2024-04-24T14:10:59.656+0000 7fecc3fff700 1 -- 172.21.15.170:0/2952860795 <== mon.0 v2:172.21.15.170:3300/0 6 ==== mon_command_ack([{"prefix": "get_command_descriptions"}]=0 v0) ==== 72+0+188370 (secure 0 0 0) 0x7fecbc00be50 con 0x7feccc109a90
2024-04-24T14:11:04.428 INFO:teuthology.orchestra.run.smithi170.stdout:/usr/bin/ceph: stderr
2024-04-24T14:10:59.857+0000 7fecd0e8d700 1 -- 172.21.15.170:0/2952860795 --> [v2:172.21.15.170:6800/2900229884,v1:172.21.15.170:6801/2900229884] -- mgr_command(tid 0: {"prefix": "orch host add", "hostname": "smithi170", "addr": "172.21.15.170", "target": ["mon-mgr", ""]}) -- 0x7feccc19f910 con 0x7fecb80395b0
2024-04-24T14:11:04.428 INFO:teuthology.orchestra.run.smithi170.stdout:/usr/bin/ceph: stderr
2024-04-24T14:11:03.902+0000 7fecc3fff700 1 -- 172.21.15.170:0/2952860795 <== mgr.14118 v2:172.21.15.170:6800/2900229884 1 ==== mgr_command_reply(tid 0: 0 ) ==== 8+0+49 (secure 0 0 0) 0x7feccc19f910 con 0x7fecb80395b0
2024-04-24T14:11:04.428 INFO:teuthology.orchestra.run.smithi170.stdout:/usr/bin/ceph: stderr
2024-04-24T14:11:03.905+0000 7fecd0e8d700 1 -- 172.21.15.170:0/2952860795 >> [v2:172.21.15.170:6800/2900229884,v1:172.21.15.170:6801/2900229884] conn(0x7fecb80395b0 msgr2=0x7fecb803ba70 secure :-1 s=STATE_CONNECTION_ESTABLISHED l=1).mark_down
2024-04-24T14:11:04.428 INFO:teuthology.orchestra.run.smithi170.stdout:/usr/bin/ceph: stderr
2024-04-24T14:11:03.905+0000 7fecd0e8d700 1 --2- 172.21.15.170:0/2952860795 >> [v2:172.21.15.170:6800/2900229884,v1:172.21.15.170:6801/2900229884] conn(0x7fecb80395b0 0x7fecb803ba70 secure :-1 s=READY pgs=11 cs=0 l=1 rev1=1 crypto rx=0x7fecb4006fd0 tx=0x7fecb4006e40 comp rx=0 tx=0).stop
2024-04-24T14:11:04.428 INFO:teuthology.orchestra.run.smithi170.stdout:/usr/bin/ceph: stderr
2024-04-24T14:11:03.905+0000 7fecd0e8d700 1 -- 172.21.15.170:0/2952860795 >> [v2:172.21.15.170:3300/0,v1:172.21.15.170:6789/0] conn(0x7feccc109a90 msgr2=0x7feccc19c280 secure :-1 s=STATE_CONNECTION_ESTABLISHED l=1).mark_down
2024-04-24T14:11:04.428 INFO:teuthology.orchestra.run.smithi170.stdout:/usr/bin/ceph: stderr
2024-04-24T14:11:03.905+0000 7fecd0e8d700 1 --2- 172.21.15.170:0/2952860795 >> [v2:172.21.15.170:3300/0,v1:172.21.15.170:6789/0] conn(0x7feccc109a90 0x7feccc19c280 secure :-1 s=READY pgs=44 cs=0 l=1 rev1=1 crypto rx=0x7fecbc0119b0 tx=0x7fecbc011a90 comp rx=0 tx=0).stop
2024-04-24T14:11:04.428 INFO:teuthology.orchestra.run.smithi170.stdout:/usr/bin/ceph: stderr
2024-04-24T14:11:03.905+0000 7fecd0e8d700 1 -- 172.21.15.170:0/2952860795 shutdown_connections
2024-04-24T14:11:04.429 INFO:teuthology.orchestra.run.smithi170.stdout:/usr/bin/ceph: stderr
2024-04-24T14:11:03.905+0000 7fecd0e8d700 1 --2- 172.21.15.170:0/2952860795 >> [v2:172.21.15.170:6800/2900229884,v1:172.21.15.170:6801/2900229884] conn(0x7fecb80395b0 0x7fecb803ba70 unknown :-1 s=CLOSED pgs=11 cs=0 l=1 rev1=1 crypto rx=0 tx=0 comp rx=0 tx=0).stop
2024-04-24T14:11:04.429 INFO:teuthology.orchestra.run.smithi170.stdout:/usr/bin/ceph: stderr
2024-04-24T14:11:03.905+0000 7fecd0e8d700 1 --2- 172.21.15.170:0/2952860795 >> [v2:172.21.15.170:3300/0,v1:172.21.15.170:6789/0] conn(0x7feccc109a90 0x7feccc19c280 unknown :-1 s=CLOSED pgs=44 cs=0 l=1 rev1=1 crypto rx=0 tx=0 comp rx=0 tx=0).stop
2024-04-24T14:11:04.429 INFO:teuthology.orchestra.run.smithi170.stdout:/usr/bin/ceph: stderr
2024-04-24T14:11:03.905+0000 7fecd0e8d700 1 -- 172.21.15.170:0/2952860795 >> 172.21.15.170:0/2952860795 conn(0x7feccc102150 msgr2=0x7feccc102bd0 unknown :-1 s=STATE_NONE l=0).mark_down
2024-04-24T14:11:04.429 INFO:teuthology.orchestra.run.smithi170.stdout:/usr/bin/ceph: stderr
2024-04-24T14:11:03.905+0000 7fecd0e8d700 1 -- 172.21.15.170:0/2952860795 shutdown_connections
2024-04-24T14:11:04.429 INFO:teuthology.orchestra.run.smithi170.stdout:/usr/bin/ceph: stderr
2024-04-24T14:11:03.905+0000 7fecd0e8d700 1 -- 172.21.15.170:0/2952860795 wait complete.
2024-04-24T14:11:04.429 INFO:teuthology.orchestra.run.smithi170.stdout:Deploying unmanaged mon service...
2024-04-24T14:11:05.086 INFO:journalctl@ceph.mon.a.smithi170.stdout:Apr 24 14:11:04 smithi170 ceph-mon[29165]: from='mgr.14118 172.21.15.170:0/2193614650' entity='mgr.x'
2024-04-24T14:11:05.086 INFO:journalctl@ceph.mon.a.smithi170.stdout:Apr 24 14:11:04 smithi170 ceph-mon[29165]: Added host smithi170
2024-04-24T14:11:05.087 INFO:journalctl@ceph.mon.a.smithi170.stdout:Apr 24 14:11:04 smithi170 ceph-mon[29165]: from='mgr.14118 172.21.15.170:0/2193614650' entity='mgr.x' cmd=[{"prefix": "config dump", "format": "json"}]: dispatch
2024-04-24T14:11:05.751 INFO:teuthology.orchestra.run.smithi170.stdout:/usr/bin/ceph: stdout Scheduled mon update...
2024-04-24T14:11:05.751 INFO:teuthology.orchestra.run.smithi170.stdout:/usr/bin/ceph: stderr
2024-04-24T14:11:04.851+0000 7f33d78ac700 1 Processor -- start
2024-04-24T14:11:05.752 INFO:teuthology.orchestra.run.smithi170.stdout:/usr/bin/ceph: stderr
2024-04-24T14:11:04.851+0000 7f33d78ac700 1 -- start start
2024-04-24T14:11:05.752 INFO:teuthology.orchestra.run.smithi170.stdout:/usr/bin/ceph: stderr
2024-04-24T14:11:04.851+0000 7f33d78ac700 1 --2- >> [v2:172.21.15.170:3300/0,v1:172.21.15.170:6789/0] conn(0x7f33d0108ec0 0x7f33d010b2b0 unknown :-1 s=NONE pgs=0 cs=0 l=0 rev1=0 crypto rx=0 tx=0 comp rx=0 tx=0).connect
2024-04-24T14:11:05.752 INFO:teuthology.orchestra.run.smithi170.stdout:/usr/bin/ceph: stderr
2024-04-24T14:11:04.851+0000 7f33d78ac700 1 -- --> [v2:172.21.15.170:3300/0,v1:172.21.15.170:6789/0] -- mon_getmap magic: 0 -- 0x7f33d00763b0 con 0x7f33d0108ec0
2024-04-24T14:11:05.752 INFO:teuthology.orchestra.run.smithi170.stdout:/usr/bin/ceph: stderr
2024-04-24T14:11:04.851+0000 7f33d5648700 1 --2- >> [v2:172.21.15.170:3300/0,v1:172.21.15.170:6789/0] conn(0x7f33d0108ec0 0x7f33d010b2b0 unknown :-1 s=BANNER_CONNECTING pgs=0 cs=0 l=0 rev1=0 crypto rx=0 tx=0 comp rx=0 tx=0)._handle_peer_banner_payload supported=3 required=0
2024-04-24T14:11:05.752 INFO:teuthology.orchestra.run.smithi170.stdout:/usr/bin/ceph: stderr
2024-04-24T14:11:04.851+0000 7f33d5648700 1 --2- >> [v2:172.21.15.170:3300/0,v1:172.21.15.170:6789/0] conn(0x7f33d0108ec0 0x7f33d010b2b0 unknown :-1 s=HELLO_CONNECTING pgs=0 cs=0 l=0 rev1=1 crypto rx=0 tx=0 comp rx=0 tx=0).handle_hello peer v2:172.21.15.170:3300/0 says I am v2:172.21.15.170:41604/0 (socket says 172.21.15.170:41604)
2024-04-24T14:11:05.752 INFO:teuthology.orchestra.run.smithi170.stdout:/usr/bin/ceph: stderr
2024-04-24T14:11:04.851+0000 7f33d5648700 1 -- 172.21.15.170:0/398559645 learned_addr learned my addr 172.21.15.170:0/398559645 (peer_addr_for_me v2:172.21.15.170:0/0)
2024-04-24T14:11:05.752 INFO:teuthology.orchestra.run.smithi170.stdout:/usr/bin/ceph: stderr
2024-04-24T14:11:04.852+0000 7f33d5648700 1 -- 172.21.15.170:0/398559645 --> [v2:172.21.15.170:3300/0,v1:172.21.15.170:6789/0] -- mon_subscribe({config=0+,monmap=0+}) -- 0x7f33d010b7f0 con 0x7f33d0108ec0
2024-04-24T14:11:05.752 INFO:teuthology.orchestra.run.smithi170.stdout:/usr/bin/ceph: stderr
2024-04-24T14:11:04.852+0000 7f33d5648700 1 --2- 172.21.15.170:0/398559645 >> [v2:172.21.15.170:3300/0,v1:172.21.15.170:6789/0] conn(0x7f33d0108ec0 0x7f33d010b2b0 secure :-1 s=READY pgs=45 cs=0 l=1 rev1=1 crypto rx=0x7f33cc0098a0 tx=0x7f33cc009bb0 comp rx=0 tx=0).ready entity=mon.0 client_cookie=15ff62e88b6fe8ec server_cookie=0 in_seq=0 out_seq=0
2024-04-24T14:11:05.752 INFO:teuthology.orchestra.run.smithi170.stdout:/usr/bin/ceph: stderr
2024-04-24T14:11:04.852+0000 7f33c7fff700 1 -- 172.21.15.170:0/398559645 <== mon.0 v2:172.21.15.170:3300/0 1 ==== mon_map magic: 0 ==== 205+0+0 (secure 0 0 0) 0x7f33cc004160 con 0x7f33d0108ec0
2024-04-24T14:11:05.752 INFO:teuthology.orchestra.run.smithi170.stdout:/usr/bin/ceph: stderr
2024-04-24T14:11:04.852+0000 7f33c7fff700 1 -- 172.21.15.170:0/398559645 <== mon.0 v2:172.21.15.170:3300/0 2 ==== config(25 keys) ==== 1032+0+0 (secure 0 0 0) 0x7f33cc004300 con 0x7f33d0108ec0
2024-04-24T14:11:05.752 INFO:teuthology.orchestra.run.smithi170.stdout:/usr/bin/ceph: stderr
2024-04-24T14:11:04.852+0000 7f33c7fff700 1 -- 172.21.15.170:0/398559645 <== mon.0 v2:172.21.15.170:3300/0 3 ==== mon_map magic: 0 ==== 205+0+0 (secure 0 0 0) 0x7f33cc0119e0 con 0x7f33d0108ec0
2024-04-24T14:11:05.752 INFO:teuthology.orchestra.run.smithi170.stdout:/usr/bin/ceph: stderr
2024-04-24T14:11:04.852+0000 7f33d78ac700 1 -- 172.21.15.170:0/398559645 >> [v2:172.21.15.170:3300/0,v1:172.21.15.170:6789/0] conn(0x7f33d0108ec0 msgr2=0x7f33d010b2b0 secure :-1 s=STATE_CONNECTION_ESTABLISHED l=1).mark_down
2024-04-24T14:11:05.752 INFO:teuthology.orchestra.run.smithi170.stdout:/usr/bin/ceph: stderr
2024-04-24T14:11:04.852+0000 7f33d78ac700 1 --2- 172.21.15.170:0/398559645 >> [v2:172.21.15.170:3300/0,v1:172.21.15.170:6789/0] conn(0x7f33d0108ec0 0x7f33d010b2b0 secure :-1 s=READY pgs=45 cs=0 l=1 rev1=1 crypto rx=0x7f33cc0098a0 tx=0x7f33cc009bb0 comp rx=0 tx=0).stop
2024-04-24T14:11:05.752 INFO:teuthology.orchestra.run.smithi170.stdout:/usr/bin/ceph: stderr
2024-04-24T14:11:04.852+0000 7f33d78ac700 1 -- 172.21.15.170:0/398559645 shutdown_connections
2024-04-24T14:11:05.753 INFO:teuthology.orchestra.run.smithi170.stdout:/usr/bin/ceph: stderr
2024-04-24T14:11:04.852+0000 7f33d78ac700 1 --2- 172.21.15.170:0/398559645 >> [v2:172.21.15.170:3300/0,v1:172.21.15.170:6789/0] conn(0x7f33d0108ec0 0x7f33d010b2b0 unknown :-1 s=CLOSED pgs=45 cs=0 l=1 rev1=1 crypto rx=0 tx=0 comp rx=0 tx=0).stop
2024-04-24T14:11:05.753 INFO:teuthology.orchestra.run.smithi170.stdout:/usr/bin/ceph: stderr
2024-04-24T14:11:04.852+0000 7f33d78ac700 1 -- 172.21.15.170:0/398559645 >> 172.21.15.170:0/398559645 conn(0x7f33d0102890 msgr2=0x7f33d0104d10 unknown :-1 s=STATE_NONE l=0).mark_down
2024-04-24T14:11:05.753 INFO:teuthology.orchestra.run.smithi170.stdout:/usr/bin/ceph: stderr
2024-04-24T14:11:04.853+0000 7f33d78ac700 1 -- 172.21.15.170:0/398559645 shutdown_connections
2024-04-24T14:11:05.753 INFO:teuthology.orchestra.run.smithi170.stdout:/usr/bin/ceph: stderr
2024-04-24T14:11:04.853+0000 7f33d78ac700 1 -- 172.21.15.170:0/398559645 wait complete.
2024-04-24T14:11:05.753 INFO:teuthology.orchestra.run.smithi170.stdout:/usr/bin/ceph: stderr
2024-04-24T14:11:04.853+0000 7f33d78ac700 1 Processor -- start
2024-04-24T14:11:05.753 INFO:teuthology.orchestra.run.smithi170.stdout:/usr/bin/ceph: stderr
2024-04-24T14:11:04.853+0000 7f33d78ac700 1 -- start start
2024-04-24T14:11:05.753 INFO:teuthology.orchestra.run.smithi170.stdout:/usr/bin/ceph: stderr
2024-04-24T14:11:04.853+0000 7f33d78ac700 1 --2- >> [v2:172.21.15.170:3300/0,v1:172.21.15.170:6789/0] conn(0x7f33d0108ec0 0x7f33d0108740 unknown :-1 s=NONE pgs=0 cs=0 l=1 rev1=0 crypto rx=0 tx=0 comp rx=0 tx=0).connect
2024-04-24T14:11:05.753 INFO:teuthology.orchestra.run.smithi170.stdout:/usr/bin/ceph: stderr
2024-04-24T14:11:04.853+0000 7f33d78ac700 1 -- --> [v2:172.21.15.170:3300/0,v1:172.21.15.170:6789/0] -- mon_getmap magic: 0 -- 0x7f33d010c6e0 con 0x7f33d0108ec0
2024-04-24T14:11:05.753 INFO:teuthology.orchestra.run.smithi170.stdout:/usr/bin/ceph: stderr
2024-04-24T14:11:04.853+0000 7f33d5648700 1 --2- >> [v2:172.21.15.170:3300/0,v1:172.21.15.170:6789/0] conn(0x7f33d0108ec0 0x7f33d0108740 unknown :-1 s=BANNER_CONNECTING pgs=0 cs=0 l=1 rev1=0 crypto rx=0 tx=0 comp rx=0 tx=0)._handle_peer_banner_payload supported=3 required=0
2024-04-24T14:11:05.753 INFO:teuthology.orchestra.run.smithi170.stdout:/usr/bin/ceph: stderr
2024-04-24T14:11:04.853+0000 7f33d5648700 1 --2- >> [v2:172.21.15.170:3300/0,v1:172.21.15.170:6789/0] conn(0x7f33d0108ec0 0x7f33d0108740 unknown :-1 s=HELLO_CONNECTING pgs=0 cs=0 l=1 rev1=1 crypto rx=0 tx=0 comp rx=0 tx=0).handle_hello peer v2:172.21.15.170:3300/0 says I am v2:172.21.15.170:41612/0 (socket says 172.21.15.170:41612)
2024-04-24T14:11:05.753 INFO:teuthology.orchestra.run.smithi170.stdout:/usr/bin/ceph: stderr
2024-04-24T14:11:04.854+0000 7f33d5648700 1 -- 172.21.15.170:0/946033401 learned_addr learned my addr 172.21.15.170:0/946033401 (peer_addr_for_me v2:172.21.15.170:0/0)
2024-04-24T14:11:05.753 INFO:teuthology.orchestra.run.smithi170.stdout:/usr/bin/ceph: stderr
2024-04-24T14:11:04.854+0000 7f33d5648700 1 -- 172.21.15.170:0/946033401 --> [v2:172.21.15.170:3300/0,v1:172.21.15.170:6789/0] -- mon_subscribe({config=0+,monmap=0+}) -- 0x7f33d0108c80 con 0x7f33d0108ec0
2024-04-24T14:11:05.753 INFO:teuthology.orchestra.run.smithi170.stdout:/usr/bin/ceph: stderr
