2024-04-24T14:10:45.143+0000 7fd9b4ff9700 1 -- 172.21.15.170:0/3477834267 <== mon.0 v2:172.21.15.170:3300/0 4 ==== mgrmap(e 4) ==== 46547+0+0 (secure 0 0 0) 0x7fd9a8022020 con 0x7fd9b8106750
2024-04-24T14:10:46.298 INFO:teuthology.orchestra.run.smithi170.stdout:/usr/bin/ceph: stderr
2024-04-24T14:10:45.143+0000 7fd9b4ff9700 1 --2- 172.21.15.170:0/3477834267 >> [v2:172.21.15.170:6800/4060398654,v1:172.21.15.170:6801/4060398654] conn(0x7fd9a00395b0 0x7fd9a003ba70 unknown :-1 s=NONE pgs=0 cs=0 l=1 rev1=0 crypto rx=0 tx=0 comp rx=0 tx=0).connect
2024-04-24T14:10:46.299 INFO:teuthology.orchestra.run.smithi170.stdout:/usr/bin/ceph: stderr
2024-04-24T14:10:45.143+0000 7fd9b4ff9700 1 -- 172.21.15.170:0/3477834267 <== mon.0 v2:172.21.15.170:3300/0 5 ==== osd_map(1..1 src has 1..1) ==== 725+0+0 (secure 0 0 0) 0x7fd9a804d540 con 0x7fd9b8106750
2024-04-24T14:10:46.299 INFO:teuthology.orchestra.run.smithi170.stdout:/usr/bin/ceph: stderr
2024-04-24T14:10:45.143+0000 7fd9be04a700 1 -- 172.21.15.170:0/3477834267 --> [v2:172.21.15.170:3300/0,v1:172.21.15.170:6789/0] -- mon_command({"prefix": "get_command_descriptions"} v 0) -- 0x7fd9b8064250 con 0x7fd9b8106750
2024-04-24T14:10:46.299 INFO:teuthology.orchestra.run.smithi170.stdout:/usr/bin/ceph: stderr
2024-04-24T14:10:45.143+0000 7fd9b6ffd700 1 --2- 172.21.15.170:0/3477834267 >> [v2:172.21.15.170:6800/4060398654,v1:172.21.15.170:6801/4060398654] conn(0x7fd9a00395b0 0x7fd9a003ba70 unknown :-1 s=BANNER_CONNECTING pgs=0 cs=0 l=1 rev1=0 crypto rx=0 tx=0 comp rx=0 tx=0)._handle_peer_banner_payload supported=3 required=0
2024-04-24T14:10:46.299 INFO:teuthology.orchestra.run.smithi170.stdout:/usr/bin/ceph: stderr
2024-04-24T14:10:45.143+0000 7fd9b6ffd700 1 --2- 172.21.15.170:0/3477834267 >> [v2:172.21.15.170:6800/4060398654,v1:172.21.15.170:6801/4060398654] conn(0x7fd9a00395b0 0x7fd9a003ba70 secure :-1 s=READY pgs=8 cs=0 l=1 rev1=1 crypto rx=0x7fd9ac006fd0 tx=0x7fd9ac006e40 comp rx=0 tx=0).ready entity=mgr.14100 client_cookie=0 server_cookie=0 in_seq=0 out_seq=0
2024-04-24T14:10:46.299 INFO:teuthology.orchestra.run.smithi170.stdout:/usr/bin/ceph: stderr
2024-04-24T14:10:45.148+0000 7fd9b4ff9700 1 -- 172.21.15.170:0/3477834267 <== mon.0 v2:172.21.15.170:3300/0 6 ==== mon_command_ack([{"prefix": "get_command_descriptions"}]=0 v0) ==== 72+0+188370 (secure 0 0 0) 0x7fd9a800b3e0 con 0x7fd9b8106750
2024-04-24T14:10:46.299 INFO:teuthology.orchestra.run.smithi170.stdout:/usr/bin/ceph: stderr
2024-04-24T14:10:45.401+0000 7fd9be04a700 1 -- 172.21.15.170:0/3477834267 --> [v2:172.21.15.170:3300/0,v1:172.21.15.170:6789/0] -- mon_command({"prefix": "mgr module enable", "module": "cephadm"} v 0) -- 0x7fd9b8107f40 con 0x7fd9b8106750
2024-04-24T14:10:46.299 INFO:teuthology.orchestra.run.smithi170.stdout:/usr/bin/ceph: stderr
2024-04-24T14:10:45.734+0000 7fd9b4ff9700 1 -- 172.21.15.170:0/3477834267 <== mon.0 v2:172.21.15.170:3300/0 7 ==== mon_command_ack([{"prefix": "mgr module enable", "module": "cephadm"}]=0 v5) ==== 86+0+0 (secure 0 0 0) 0x7fd9a8019e10 con 0x7fd9b8106750
2024-04-24T14:10:46.299 INFO:teuthology.orchestra.run.smithi170.stdout:/usr/bin/ceph: stderr
2024-04-24T14:10:45.735+0000 7fd9b4ff9700 1 -- 172.21.15.170:0/3477834267 <== mon.0 v2:172.21.15.170:3300/0 8 ==== mgrmap(e 5) ==== 46558+0+0 (secure 0 0 0) 0x7fd9a802da00 con 0x7fd9b8106750
2024-04-24T14:10:46.299 INFO:teuthology.orchestra.run.smithi170.stdout:/usr/bin/ceph: stderr
2024-04-24T14:10:45.736+0000 7fd9be04a700 1 -- 172.21.15.170:0/3477834267 >> [v2:172.21.15.170:6800/4060398654,v1:172.21.15.170:6801/4060398654] conn(0x7fd9a00395b0 msgr2=0x7fd9a003ba70 secure :-1 s=STATE_CONNECTION_ESTABLISHED l=1).mark_down
2024-04-24T14:10:46.299 INFO:teuthology.orchestra.run.smithi170.stdout:/usr/bin/ceph: stderr
2024-04-24T14:10:45.736+0000 7fd9be04a700 1 --2- 172.21.15.170:0/3477834267 >> [v2:172.21.15.170:6800/4060398654,v1:172.21.15.170:6801/4060398654] conn(0x7fd9a00395b0 0x7fd9a003ba70 secure :-1 s=READY pgs=8 cs=0 l=1 rev1=1 crypto rx=0x7fd9ac006fd0 tx=0x7fd9ac006e40 comp rx=0 tx=0).stop
2024-04-24T14:10:46.299 INFO:teuthology.orchestra.run.smithi170.stdout:/usr/bin/ceph: stderr
2024-04-24T14:10:45.736+0000 7fd9be04a700 1 -- 172.21.15.170:0/3477834267 >> [v2:172.21.15.170:3300/0,v1:172.21.15.170:6789/0] conn(0x7fd9b8106750 msgr2=0x7fd9b8109050 secure :-1 s=STATE_CONNECTION_ESTABLISHED l=1).mark_down
2024-04-24T14:10:46.299 INFO:teuthology.orchestra.run.smithi170.stdout:/usr/bin/ceph: stderr
2024-04-24T14:10:45.736+0000 7fd9be04a700 1 --2- 172.21.15.170:0/3477834267 >> [v2:172.21.15.170:3300/0,v1:172.21.15.170:6789/0] conn(0x7fd9b8106750 0x7fd9b8109050 secure :-1 s=READY pgs=21 cs=0 l=1 rev1=1 crypto rx=0x7fd9a80119b0 tx=0x7fd9a8011a90 comp rx=0 tx=0).stop
2024-04-24T14:10:46.299 INFO:teuthology.orchestra.run.smithi170.stdout:/usr/bin/ceph: stderr
2024-04-24T14:10:45.737+0000 7fd9be04a700 1 -- 172.21.15.170:0/3477834267 shutdown_connections
2024-04-24T14:10:46.300 INFO:teuthology.orchestra.run.smithi170.stdout:/usr/bin/ceph: stderr
2024-04-24T14:10:45.737+0000 7fd9be04a700 1 --2- 172.21.15.170:0/3477834267 >> [v2:172.21.15.170:6800/4060398654,v1:172.21.15.170:6801/4060398654] conn(0x7fd9a00395b0 0x7fd9a003ba70 unknown :-1 s=CLOSED pgs=8 cs=0 l=1 rev1=1 crypto rx=0 tx=0 comp rx=0 tx=0).stop
2024-04-24T14:10:46.300 INFO:teuthology.orchestra.run.smithi170.stdout:/usr/bin/ceph: stderr
2024-04-24T14:10:45.737+0000 7fd9be04a700 1 --2- 172.21.15.170:0/3477834267 >> [v2:172.21.15.170:3300/0,v1:172.21.15.170:6789/0] conn(0x7fd9b8106750 0x7fd9b8109050 unknown :-1 s=CLOSED pgs=21 cs=0 l=1 rev1=1 crypto rx=0 tx=0 comp rx=0 tx=0).stop
2024-04-24T14:10:46.300 INFO:teuthology.orchestra.run.smithi170.stdout:/usr/bin/ceph: stderr
2024-04-24T14:10:45.737+0000 7fd9be04a700 1 -- 172.21.15.170:0/3477834267 >> 172.21.15.170:0/3477834267 conn(0x7fd9b8102150 msgr2=0x7fd9b8102c60 unknown :-1 s=STATE_NONE l=0).mark_down
2024-04-24T14:10:46.300 INFO:teuthology.orchestra.run.smithi170.stdout:/usr/bin/ceph: stderr
2024-04-24T14:10:45.737+0000 7fd9be04a700 1 -- 172.21.15.170:0/3477834267 shutdown_connections
2024-04-24T14:10:46.300 INFO:teuthology.orchestra.run.smithi170.stdout:/usr/bin/ceph: stderr
2024-04-24T14:10:45.737+0000 7fd9be04a700 1 -- 172.21.15.170:0/3477834267 wait complete.
2024-04-24T14:10:46.541 INFO:journalctl@ceph.mgr.x.smithi170.stdout:Apr 24 14:10:46 smithi170 ceph-3b0ac8e2-0244-11ef-bc93-c7b262605968-mgr-x[29404]:
2024-04-24T14:10:46.494+0000 7f6ea1c7d200 -1 mgr[py] Module progress has missing NOTIFY_TYPES member
2024-04-24T14:10:46.901 INFO:journalctl@ceph.mon.a.smithi170.stdout:Apr 24 14:10:46 smithi170 ceph-mon[29165]: from='client.? 172.21.15.170:0/3477834267' entity='client.admin' cmd='[{"prefix": "mgr module enable", "module": "cephadm"}]': finished
2024-04-24T14:10:46.901 INFO:journalctl@ceph.mon.a.smithi170.stdout:Apr 24 14:10:46 smithi170 ceph-mon[29165]: mgrmap e5: x(active, since 5s)
2024-04-24T14:10:46.901 INFO:journalctl@ceph.mgr.x.smithi170.stdout:Apr 24 14:10:46 smithi170 ceph-3b0ac8e2-0244-11ef-bc93-c7b262605968-mgr-x[29404]:
2024-04-24T14:10:46.581+0000 7f6ea1c7d200 -1 mgr[py] Module influx has missing NOTIFY_TYPES member
2024-04-24T14:10:47.610 INFO:teuthology.orchestra.run.smithi170.stdout:/usr/bin/ceph: stdout {
2024-04-24T14:10:47.610 INFO:teuthology.orchestra.run.smithi170.stdout:/usr/bin/ceph: stdout "epoch": 5,
2024-04-24T14:10:47.610 INFO:teuthology.orchestra.run.smithi170.stdout:/usr/bin/ceph: stdout "available": true,
2024-04-24T14:10:47.610 INFO:teuthology.orchestra.run.smithi170.stdout:/usr/bin/ceph: stdout "active_name": "x",
2024-04-24T14:10:47.610 INFO:teuthology.orchestra.run.smithi170.stdout:/usr/bin/ceph: stdout "num_standby": 0
2024-04-24T14:10:47.611 INFO:teuthology.orchestra.run.smithi170.stdout:/usr/bin/ceph: stdout }
2024-04-24T14:10:47.611 INFO:teuthology.orchestra.run.smithi170.stdout:/usr/bin/ceph: stderr
2024-04-24T14:10:46.726+0000 7f8173cee700 1 Processor -- start
2024-04-24T14:10:47.611 INFO:teuthology.orchestra.run.smithi170.stdout:/usr/bin/ceph: stderr
2024-04-24T14:10:46.726+0000 7f8173cee700 1 -- start start
2024-04-24T14:10:47.611 INFO:teuthology.orchestra.run.smithi170.stdout:/usr/bin/ceph: stderr
2024-04-24T14:10:46.726+0000 7f8173cee700 1 --2- >> [v2:172.21.15.170:3300/0,v1:172.21.15.170:6789/0] conn(0x7f816c1084b0 0x7f816c1088d0 unknown :-1 s=NONE pgs=0 cs=0 l=0 rev1=0 crypto rx=0 tx=0 comp rx=0 tx=0).connect
2024-04-24T14:10:47.611 INFO:teuthology.orchestra.run.smithi170.stdout:/usr/bin/ceph: stderr
2024-04-24T14:10:46.726+0000 7f8173cee700 1 -- --> [v2:172.21.15.170:3300/0,v1:172.21.15.170:6789/0] -- mon_getmap magic: 0 -- 0x7f816c108ea0 con 0x7f816c1084b0
2024-04-24T14:10:47.611 INFO:teuthology.orchestra.run.smithi170.stdout:/usr/bin/ceph: stderr
2024-04-24T14:10:46.727+0000 7f8171a8a700 1 --2- >> [v2:172.21.15.170:3300/0,v1:172.21.15.170:6789/0] conn(0x7f816c1084b0 0x7f816c1088d0 unknown :-1 s=BANNER_CONNECTING pgs=0 cs=0 l=0 rev1=0 crypto rx=0 tx=0 comp rx=0 tx=0)._handle_peer_banner_payload supported=3 required=0
2024-04-24T14:10:47.611 INFO:teuthology.orchestra.run.smithi170.stdout:/usr/bin/ceph: stderr
2024-04-24T14:10:46.727+0000 7f8171a8a700 1 --2- >> [v2:172.21.15.170:3300/0,v1:172.21.15.170:6789/0] conn(0x7f816c1084b0 0x7f816c1088d0 unknown :-1 s=HELLO_CONNECTING pgs=0 cs=0 l=0 rev1=1 crypto rx=0 tx=0 comp rx=0 tx=0).handle_hello peer v2:172.21.15.170:3300/0 says I am v2:172.21.15.170:34262/0 (socket says 172.21.15.170:34262)
2024-04-24T14:10:47.611 INFO:teuthology.orchestra.run.smithi170.stdout:/usr/bin/ceph: stderr
2024-04-24T14:10:46.727+0000 7f8171a8a700 1 -- 172.21.15.170:0/2539801361 learned_addr learned my addr 172.21.15.170:0/2539801361 (peer_addr_for_me v2:172.21.15.170:0/0)
2024-04-24T14:10:47.611 INFO:teuthology.orchestra.run.smithi170.stdout:/usr/bin/ceph: stderr
2024-04-24T14:10:46.727+0000 7f8171a8a700 1 -- 172.21.15.170:0/2539801361 --> [v2:172.21.15.170:3300/0,v1:172.21.15.170:6789/0] -- mon_subscribe({config=0+,monmap=0+}) -- 0x7f816c1096b0 con 0x7f816c1084b0
2024-04-24T14:10:47.611 INFO:teuthology.orchestra.run.smithi170.stdout:/usr/bin/ceph: stderr
2024-04-24T14:10:46.727+0000 7f8171a8a700 1 --2- 172.21.15.170:0/2539801361 >> [v2:172.21.15.170:3300/0,v1:172.21.15.170:6789/0] conn(0x7f816c1084b0 0x7f816c1088d0 secure :-1 s=READY pgs=24 cs=0 l=1 rev1=1 crypto rx=0x7f815c0098a0 tx=0x7f815c009bb0 comp rx=0 tx=0).ready entity=mon.0 client_cookie=905cffddd1d2efcc server_cookie=0 in_seq=0 out_seq=0
2024-04-24T14:10:47.611 INFO:teuthology.orchestra.run.smithi170.stdout:/usr/bin/ceph: stderr
2024-04-24T14:10:46.727+0000 7f8170a88700 1 -- 172.21.15.170:0/2539801361 <== mon.0 v2:172.21.15.170:3300/0 1 ==== mon_map magic: 0 ==== 205+0+0 (secure 0 0 0) 0x7f815c004160 con 0x7f816c1084b0
2024-04-24T14:10:47.611 INFO:teuthology.orchestra.run.smithi170.stdout:/usr/bin/ceph: stderr
2024-04-24T14:10:46.727+0000 7f8170a88700 1 -- 172.21.15.170:0/2539801361 <== mon.0 v2:172.21.15.170:3300/0 2 ==== config(25 keys) ==== 1032+0+0 (secure 0 0 0) 0x7f815c004300 con 0x7f816c1084b0
2024-04-24T14:10:47.611 INFO:teuthology.orchestra.run.smithi170.stdout:/usr/bin/ceph: stderr
2024-04-24T14:10:46.727+0000 7f8170a88700 1 -- 172.21.15.170:0/2539801361 <== mon.0 v2:172.21.15.170:3300/0 3 ==== mon_map magic: 0 ==== 205+0+0 (secure 0 0 0) 0x7f815c0119e0 con 0x7f816c1084b0
2024-04-24T14:10:47.612 INFO:teuthology.orchestra.run.smithi170.stdout:/usr/bin/ceph: stderr
2024-04-24T14:10:46.728+0000 7f8173cee700 1 -- 172.21.15.170:0/2539801361 >> [v2:172.21.15.170:3300/0,v1:172.21.15.170:6789/0] conn(0x7f816c1084b0 msgr2=0x7f816c1088d0 secure :-1 s=STATE_CONNECTION_ESTABLISHED l=1).mark_down
2024-04-24T14:10:47.612 INFO:teuthology.orchestra.run.smithi170.stdout:/usr/bin/ceph: stderr
2024-04-24T14:10:46.728+0000 7f8173cee700 1 --2- 172.21.15.170:0/2539801361 >> [v2:172.21.15.170:3300/0,v1:172.21.15.170:6789/0] conn(0x7f816c1084b0 0x7f816c1088d0 secure :-1 s=READY pgs=24 cs=0 l=1 rev1=1 crypto rx=0x7f815c0098a0 tx=0x7f815c009bb0 comp rx=0 tx=0).stop
2024-04-24T14:10:47.612 INFO:teuthology.orchestra.run.smithi170.stdout:/usr/bin/ceph: stderr
2024-04-24T14:10:46.728+0000 7f8173cee700 1 -- 172.21.15.170:0/2539801361 shutdown_connections
2024-04-24T14:10:47.612 INFO:teuthology.orchestra.run.smithi170.stdout:/usr/bin/ceph: stderr
2024-04-24T14:10:46.728+0000 7f8173cee700 1 --2- 172.21.15.170:0/2539801361 >> [v2:172.21.15.170:3300/0,v1:172.21.15.170:6789/0] conn(0x7f816c1084b0 0x7f816c1088d0 unknown :-1 s=CLOSED pgs=24 cs=0 l=1 rev1=1 crypto rx=0 tx=0 comp rx=0 tx=0).stop
2024-04-24T14:10:47.612 INFO:teuthology.orchestra.run.smithi170.stdout:/usr/bin/ceph: stderr
2024-04-24T14:10:46.728+0000 7f8173cee700 1 -- 172.21.15.170:0/2539801361 >> 172.21.15.170:0/2539801361 conn(0x7f816c103a50 msgr2=0x7f816c105e90 unknown :-1 s=STATE_NONE l=0).mark_down
2024-04-24T14:10:47.612 INFO:teuthology.orchestra.run.smithi170.stdout:/usr/bin/ceph: stderr
2024-04-24T14:10:46.728+0000 7f8173cee700 1 -- 172.21.15.170:0/2539801361 shutdown_connections
2024-04-24T14:10:47.612 INFO:teuthology.orchestra.run.smithi170.stdout:/usr/bin/ceph: stderr
2024-04-24T14:10:46.728+0000 7f8173cee700 1 -- 172.21.15.170:0/2539801361 wait complete.
2024-04-24T14:10:47.612 INFO:teuthology.orchestra.run.smithi170.stdout:/usr/bin/ceph: stderr
2024-04-24T14:10:46.729+0000 7f8173cee700 1 Processor -- start
2024-04-24T14:10:47.612 INFO:teuthology.orchestra.run.smithi170.stdout:/usr/bin/ceph: stderr
2024-04-24T14:10:46.729+0000 7f8173cee700 1 -- start start
2024-04-24T14:10:47.612 INFO:teuthology.orchestra.run.smithi170.stdout:/usr/bin/ceph: stderr
2024-04-24T14:10:46.729+0000 7f8173cee700 1 --2- >> [v2:172.21.15.170:3300/0,v1:172.21.15.170:6789/0] conn(0x7f816c1084b0 0x7f816c19c2d0 unknown :-1 s=NONE pgs=0 cs=0 l=1 rev1=0 crypto rx=0 tx=0 comp rx=0 tx=0).connect
2024-04-24T14:10:47.612 INFO:teuthology.orchestra.run.smithi170.stdout:/usr/bin/ceph: stderr
2024-04-24T14:10:46.729+0000 7f8173cee700 1 -- --> [v2:172.21.15.170:3300/0,v1:172.21.15.170:6789/0] -- mon_getmap magic: 0 -- 0x7f816c10c8e0 con 0x7f816c1084b0
2024-04-24T14:10:47.612 INFO:teuthology.orchestra.run.smithi170.stdout:/usr/bin/ceph: stderr
2024-04-24T14:10:46.729+0000 7f8171a8a700 1 --2- >> [v2:172.21.15.170:3300/0,v1:172.21.15.170:6789/0] conn(0x7f816c1084b0 0x7f816c19c2d0 unknown :-1 s=BANNER_CONNECTING pgs=0 cs=0 l=1 rev1=0 crypto rx=0 tx=0 comp rx=0 tx=0)._handle_peer_banner_payload supported=3 required=0
2024-04-24T14:10:47.612 INFO:teuthology.orchestra.run.smithi170.stdout:/usr/bin/ceph: stderr
2024-04-24T14:10:46.729+0000 7f8171a8a700 1 --2- >> [v2:172.21.15.170:3300/0,v1:172.21.15.170:6789/0] conn(0x7f816c1084b0 0x7f816c19c2d0 unknown :-1 s=HELLO_CONNECTING pgs=0 cs=0 l=1 rev1=1 crypto rx=0 tx=0 comp rx=0 tx=0).handle_hello peer v2:172.21.15.170:3300/0 says I am v2:172.21.15.170:34272/0 (socket says 172.21.15.170:34272)
2024-04-24T14:10:47.612 INFO:teuthology.orchestra.run.smithi170.stdout:/usr/bin/ceph: stderr
2024-04-24T14:10:46.729+0000 7f8171a8a700 1 -- 172.21.15.170:0/1336862336 learned_addr learned my addr 172.21.15.170:0/1336862336 (peer_addr_for_me v2:172.21.15.170:0/0)
2024-04-24T14:10:47.613 INFO:teuthology.orchestra.run.smithi170.stdout:/usr/bin/ceph: stderr
2024-04-24T14:10:46.729+0000 7f8171a8a700 1 -- 172.21.15.170:0/1336862336 --> [v2:172.21.15.170:3300/0,v1:172.21.15.170:6789/0] -- mon_subscribe({config=0+,monmap=0+}) -- 0x7f816c19c810 con 0x7f816c1084b0
2024-04-24T14:10:47.613 INFO:teuthology.orchestra.run.smithi170.stdout:/usr/bin/ceph: stderr
2024-04-24T14:10:46.729+0000 7f8171a8a700 1 --2- 172.21.15.170:0/1336862336 >> [v2:172.21.15.170:3300/0,v1:172.21.15.170:6789/0] conn(0x7f816c1084b0 0x7f816c19c2d0 secure :-1 s=READY pgs=25 cs=0 l=1 rev1=1 crypto rx=0x7f815c0119b0 tx=0x7f815c011a90 comp rx=0 tx=0).ready entity=mon.0 client_cookie=0 server_cookie=0 in_seq=0 out_seq=0
2024-04-24T14:10:47.613 INFO:teuthology.orchestra.run.smithi170.stdout:/usr/bin/ceph: stderr
2024-04-24T14:10:46.730+0000 7f8162ffd700 1 -- 172.21.15.170:0/1336862336 <== mon.0 v2:172.21.15.170:3300/0 1 ==== mon_map magic: 0 ==== 205+0+0 (secure 0 0 0) 0x7f815c003af0 con 0x7f816c1084b0
2024-04-24T14:10:47.613 INFO:teuthology.orchestra.run.smithi170.stdout:/usr/bin/ceph: stderr
2024-04-24T14:10:46.730+0000 7f8162ffd700 1 -- 172.21.15.170:0/1336862336 <== mon.0 v2:172.21.15.170:3300/0 2 ==== config(25 keys) ==== 1032+0+0 (secure 0 0 0) 0x7f815c01a8a0 con 0x7f816c1084b0
2024-04-24T14:10:47.613 INFO:teuthology.orchestra.run.smithi170.stdout:/usr/bin/ceph: stderr
2024-04-24T14:10:46.730+0000 7f8162ffd700 1 -- 172.21.15.170:0/1336862336 <== mon.0 v2:172.21.15.170:3300/0 3 ==== mon_map magic: 0 ==== 205+0+0 (secure 0 0 0) 0x7f815c024830 con 0x7f816c1084b0
2024-04-24T14:10:47.613 INFO:teuthology.orchestra.run.smithi170.stdout:/usr/bin/ceph: stderr
2024-04-24T14:10:46.730+0000 7f8173cee700 1 -- 172.21.15.170:0/1336862336 --> [v2:172.21.15.170:3300/0,v1:172.21.15.170:6789/0] -- mon_subscribe({mgrmap=0+}) -- 0x7f816c19caa0 con 0x7f816c1084b0
2024-04-24T14:10:47.613 INFO:teuthology.orchestra.run.smithi170.stdout:/usr/bin/ceph: stderr
2024-04-24T14:10:46.730+0000 7f8173cee700 1 -- 172.21.15.170:0/1336862336 --> [v2:172.21.15.170:3300/0,v1:172.21.15.170:6789/0] -- mon_subscribe({osdmap=0}) -- 0x7f816c19f790 con 0x7f816c1084b0
2024-04-24T14:10:47.613 INFO:teuthology.orchestra.run.smithi170.stdout:/usr/bin/ceph: stderr
2024-04-24T14:10:46.731+0000 7f8162ffd700 1 -- 172.21.15.170:0/1336862336 <== mon.0 v2:172.21.15.170:3300/0 4 ==== mgrmap(e 5) ==== 46558+0+0 (secure 0 0 0) 0x7f815c022020 con 0x7f816c1084b0
2024-04-24T14:10:47.613 INFO:teuthology.orchestra.run.smithi170.stdout:/usr/bin/ceph: stderr
2024-04-24T14:10:46.731+0000 7f8173cee700 1 -- 172.21.15.170:0/1336862336 --> [v2:172.21.15.170:3300/0,v1:172.21.15.170:6789/0] -- mon_command({"prefix": "get_command_descriptions"} v 0) -- 0x7f816c10ca60 con 0x7f816c1084b0
2024-04-24T14:10:47.613 INFO:teuthology.orchestra.run.smithi170.stdout:/usr/bin/ceph: stderr
2024-04-24T14:10:46.731+0000 7f8162ffd700 1 --2- 172.21.15.170:0/1336862336 >> [v2:172.21.15.170:6800/4060398654,v1:172.21.15.170:6801/4060398654] conn(0x7f81580395b0 0x7f815803ba70 unknown :-1 s=NONE pgs=0 cs=0 l=1 rev1=0 crypto rx=0 tx=0 comp rx=0 tx=0).connect
2024-04-24T14:10:47.613 INFO:teuthology.orchestra.run.smithi170.stdout:/usr/bin/ceph: stderr
2024-04-24T14:10:46.731+0000 7f8162ffd700 1 -- 172.21.15.170:0/1336862336 <== mon.0 v2:172.21.15.170:3300/0 5 ==== osd_map(1..1 src has 1..1) ==== 725+0+0 (secure 0 0 0) 0x7f815c04d7a0 con 0x7f816c1084b0
2024-04-24T14:10:47.613 INFO:teuthology.orchestra.run.smithi170.stdout:/usr/bin/ceph: stderr
2024-04-24T14:10:46.731+0000 7f8171289700 1 -- 172.21.15.170:0/1336862336 >> [v2:172.21.15.170:6800/4060398654,v1:172.21.15.170:6801/4060398654] conn(0x7f81580395b0 msgr2=0x7f815803ba70 unknown :-1 s=STATE_CONNECTING_RE l=1).process reconnect failed to v2:172.21.15.170:6800/4060398654
2024-04-24T14:10:47.613 INFO:teuthology.orchestra.run.smithi170.stdout:/usr/bin/ceph: stderr
2024-04-24T14:10:46.731+0000 7f8171289700 1 --2- 172.21.15.170:0/1336862336 >> [v2:172.21.15.170:6800/4060398654,v1:172.21.15.170:6801/4060398654] conn(0x7f81580395b0 0x7f815803ba70 unknown :-1 s=START_CONNECT pgs=0 cs=0 l=1 rev1=0 crypto rx=0 tx=0 comp rx=0 tx=0)._fault waiting 0.200000
2024-04-24T14:10:47.614 INFO:teuthology.orchestra.run.smithi170.stdout:/usr/bin/ceph: stderr
2024-04-24T14:10:46.736+0000 7f8162ffd700 1 -- 172.21.15.170:0/1336862336 <== mon.0 v2:172.21.15.170:3300/0 6 ==== mon_command_ack([{"prefix": "get_command_descriptions"}]=0 v0) ==== 72+0+188370 (secure 0 0 0) 0x7f815c00b3e0 con 0x7f816c1084b0
2024-04-24T14:10:47.614 INFO:teuthology.orchestra.run.smithi170.stdout:/usr/bin/ceph: stderr
2024-04-24T14:10:46.932+0000 7f8171289700 1 -- 172.21.15.170:0/1336862336 >> [v2:172.21.15.170:6800/4060398654,v1:172.21.15.170:6801/4060398654] conn(0x7f81580395b0 msgr2=0x7f815803ba70 unknown :-1 s=STATE_CONNECTING_RE l=1).process reconnect failed to v2:172.21.15.170:6800/4060398654
2024-04-24T14:10:47.614 INFO:teuthology.orchestra.run.smithi170.stdout:/usr/bin/ceph: stderr
2024-04-24T14:10:46.932+0000 7f8171289700 1 --2- 172.21.15.170:0/1336862336 >> [v2:172.21.15.170:6800/4060398654,v1:172.21.15.170:6801/4060398654] conn(0x7f81580395b0 0x7f815803ba70 unknown :-1 s=START_CONNECT pgs=0 cs=0 l=1 rev1=0 crypto rx=0 tx=0 comp rx=0 tx=0)._fault waiting 0.400000
2024-04-24T14:10:47.614 INFO:teuthology.orchestra.run.smithi170.stdout:/usr/bin/ceph: stderr
2024-04-24T14:10:47.051+0000 7f8173cee700 1 -- 172.21.15.170:0/1336862336 --> [v2:172.21.15.170:3300/0,v1:172.21.15.170:6789/0] -- mon_command({"prefix": "mgr stat"} v 0) -- 0x7f816c19fde0 con 0x7f816c1084b0
2024-04-24T14:10:47.614 INFO:teuthology.orchestra.run.smithi170.stdout:/usr/bin/ceph: stderr
2024-04-24T14:10:47.051+0000 7f8162ffd700 1 -- 172.21.15.170:0/1336862336 <== mon.0 v2:172.21.15.170:3300/0 7 ==== mon_command_ack([{"prefix": "mgr stat"}]=0 v5) ==== 56+0+88 (secure 0 0 0) 0x7f815c019e10 con 0x7f816c1084b0
2024-04-24T14:10:47.614 INFO:teuthology.orchestra.run.smithi170.stdout:/usr/bin/ceph: stderr
2024-04-24T14:10:47.053+0000 7f8173cee700 1 -- 172.21.15.170:0/1336862336 >> [v2:172.21.15.170:6800/4060398654,v1:172.21.15.170:6801/4060398654] conn(0x7f81580395b0 msgr2=0x7f815803ba70 unknown :-1 s=STATE_CONNECTING l=1).mark_down
2024-04-24T14:10:47.614 INFO:teuthology.orchestra.run.smithi170.stdout:/usr/bin/ceph: stderr
2024-04-24T14:10:47.053+0000 7f8173cee700 1 --2- 172.21.15.170:0/1336862336 >> [v2:172.21.15.170:6800/4060398654,v1:172.21.15.170:6801/4060398654] conn(0x7f81580395b0 0x7f815803ba70 unknown :-1 s=START_CONNECT pgs=0 cs=0 l=1 rev1=0 crypto rx=0 tx=0 comp rx=0 tx=0).stop
2024-04-24T14:10:47.614 INFO:teuthology.orchestra.run.smithi170.stdout:/usr/bin/ceph: stderr
2024-04-24T14:10:47.053+0000 7f8173cee700 1 -- 172.21.15.170:0/1336862336 >> [v2:172.21.15.170:3300/0,v1:172.21.15.170:6789/0] conn(0x7f816c1084b0 msgr2=0x7f816c19c2d0 secure :-1 s=STATE_CONNECTION_ESTABLISHED l=1).mark_down
2024-04-24T14:10:47.614 INFO:teuthology.orchestra.run.smithi170.stdout:/usr/bin/ceph: stderr
2024-04-24T14:10:47.053+0000 7f8173cee700 1 --2- 172.21.15.170:0/1336862336 >> [v2:172.21.15.170:3300/0,v1:172.21.15.170:6789/0] conn(0x7f816c1084b0 0x7f816c19c2d0 secure :-1 s=READY pgs=25 cs=0 l=1 rev1=1 crypto rx=0x7f815c0119b0 tx=0x7f815c011a90 comp rx=0 tx=0).stop
2024-04-24T14:10:47.614 INFO:teuthology.orchestra.run.smithi170.stdout:/usr/bin/ceph: stderr
2024-04-24T14:10:47.054+0000 7f8173cee700 1 -- 172.21.15.170:0/1336862336 shutdown_connections
2024-04-24T14:10:47.614 INFO:teuthology.orchestra.run.smithi170.stdout:/usr/bin/ceph: stderr
2024-04-24T14:10:47.054+0000 7f8173cee700 1 --2- 172.21.15.170:0/1336862336 >> [v2:172.21.15.170:6800/4060398654,v1:172.21.15.170:6801/4060398654] conn(0x7f81580395b0 0x7f815803ba70 unknown :-1 s=CLOSED pgs=0 cs=0 l=1 rev1=0 crypto rx=0 tx=0 comp rx=0 tx=0).stop
2024-04-24T14:10:47.614 INFO:teuthology.orchestra.run.smithi170.stdout:/usr/bin/ceph: stderr
2024-04-24T14:10:47.054+0000 7f8173cee700 1 --2- 172.21.15.170:0/1336862336 >> [v2:172.21.15.170:3300/0,v1:172.21.15.170:6789/0] conn(0x7f816c1084b0 0x7f816c19c2d0 unknown :-1 s=CLOSED pgs=25 cs=0 l=1 rev1=1 crypto rx=0 tx=0 comp rx=0 tx=0).stop
2024-04-24T14:10:47.615 INFO:teuthology.orchestra.run.smithi170.stdout:/usr/bin/ceph: stderr
2024-04-24T14:10:47.054+0000 7f8173cee700 1 -- 172.21.15.170:0/1336862336 >> 172.21.15.170:0/1336862336 conn(0x7f816c103a50 msgr2=0x7f816c1044f0 unknown :-1 s=STATE_NONE l=0).mark_down
2024-04-24T14:10:47.615 INFO:teuthology.orchestra.run.smithi170.stdout:/usr/bin/ceph: stderr
2024-04-24T14:10:47.054+0000 7f8173cee700 1 -- 172.21.15.170:0/1336862336 shutdown_connections
2024-04-24T14:10:47.615 INFO:teuthology.orchestra.run.smithi170.stdout:/usr/bin/ceph: stderr
2024-04-24T14:10:47.054+0000 7f8173cee700 1 -- 172.21.15.170:0/1336862336 wait complete.
2024-04-24T14:10:47.615 INFO:teuthology.orchestra.run.smithi170.stdout:Waiting for the mgr to restart...
2024-04-24T14:10:47.615 INFO:teuthology.orchestra.run.smithi170.stdout:Waiting for mgr epoch 5...
2024-04-24T14:10:47.972 INFO:journalctl@ceph.mon.a.smithi170.stdout:Apr 24 14:10:47 smithi170 ceph-mon[29165]: from='client.? 172.21.15.170:0/1336862336' entity='client.admin' cmd=[{"prefix": "mgr stat"}]: dispatch
2024-04-24T14:10:47.972 INFO:journalctl@ceph.mgr.x.smithi170.stdout:Apr 24 14:10:47 smithi170 ceph-3b0ac8e2-0244-11ef-bc93-c7b262605968-mgr-x[29404]:
2024-04-24T14:10:47.791+0000 7f6ea1c7d200 -1 mgr[py] Module telegraf has missing NOTIFY_TYPES member
2024-04-24T14:10:47.972 INFO:journalctl@ceph.mgr.x.smithi170.stdout:Apr 24 14:10:47 smithi170 ceph-3b0ac8e2-0244-11ef-bc93-c7b262605968-mgr-x[29404]:
2024-04-24T14:10:47.965+0000 7f6ea1c7d200 -1 mgr[py] Module osd_support has missing NOTIFY_TYPES member
2024-04-24T14:10:48.221 INFO:journalctl@ceph.mgr.x.smithi170.stdout:Apr 24 14:10:48 smithi170 ceph-3b0ac8e2-0244-11ef-bc93-c7b262605968-mgr-x[29404]:
2024-04-24T14:10:48.136+0000 7f6ea1c7d200 -1 mgr[py] Module iostat has missing NOTIFY_TYPES member
2024-04-24T14:10:48.506 INFO:journalctl@ceph.mgr.x.smithi170.stdout:Apr 24 14:10:48 smithi170 ceph-3b0ac8e2-0244-11ef-bc93-c7b262605968-mgr-x[29404]:
2024-04-24T14:10:48.419+0000 7f6ea1c7d200 -1 mgr[py] Module alerts has missing NOTIFY_TYPES member
2024-04-24T14:10:48.506 INFO:journalctl@ceph.mgr.x.smithi170.stdout:Apr 24 14:10:48 smithi170 ceph-3b0ac8e2-0244-11ef-bc93-c7b262605968-mgr-x[29404]:
2024-04-24T14:10:48.510+0000 7f6ea1c7d200 -1 mgr[py] Module selftest has missing NOTIFY_TYPES member
2024-04-24T14:10:48.897 INFO:journalctl@ceph.mgr.x.smithi170.stdout:Apr 24 14:10:48 smithi170 ceph-3b0ac8e2-0244-11ef-bc93-c7b262605968-mgr-x[29404]:
2024-04-24T14:10:48.712+0000 7f6ea1c7d200 -1 mgr[py] Module pg_autoscaler has missing NOTIFY_TYPES member
2024-04-24T14:10:49.151 INFO:journalctl@ceph.mgr.x.smithi170.stdout:Apr 24 14:10:48 smithi170 ceph-3b0ac8e2-0244-11ef-bc93-c7b262605968-mgr-x[29404]:
2024-04-24T14:10:48.902+0000 7f6ea1c7d200 -1 mgr[py] Module test_orchestrator has missing NOTIFY_TYPES member
2024-04-24T14:10:49.901 INFO:journalctl@ceph.mgr.x.smithi170.stdout:Apr 24 14:10:49 smithi170 ceph-3b0ac8e2-0244-11ef-bc93-c7b262605968-mgr-x[29404]:
2024-04-24T14:10:49.490+0000 7f6ea1c7d200 -1 mgr[py] Module rook has missing NOTIFY_TYPES member
2024-04-24T14:10:50.205 INFO:journalctl@ceph.mgr.x.smithi170.stdout:Apr 24 14:10:49 smithi170 ceph-3b0ac8e2-0244-11ef-bc93-c7b262605968-mgr-x[29404]:
2024-04-24T14:10:49.911+0000 7f6ea1c7d200 -1 mgr[py] Module volumes has missing NOTIFY_TYPES member
2024-04-24T14:10:50.205 INFO:journalctl@ceph.mgr.x.smithi170.stdout:Apr 24 14:10:50 smithi170 ceph-3b0ac8e2-0244-11ef-bc93-c7b262605968-mgr-x[29404]:
2024-04-24T14:10:50.005+0000 7f6ea1c7d200 -1 mgr[py] Module crash has missing NOTIFY_TYPES member
2024-04-24T14:10:50.205 INFO:journalctl@ceph.mgr.x.smithi170.stdout:Apr 24 14:10:50 smithi170 ceph-3b0ac8e2-0244-11ef-bc93-c7b262605968-mgr-x[29404]:
2024-04-24T14:10:50.209+0000 7f6ea1c7d200 -1 mgr[py] Module rgw has missing NOTIFY_TYPES member
2024-04-24T14:10:51.025 INFO:journalctl@ceph.mgr.x.smithi170.stdout:Apr 24 14:10:50 smithi170 ceph-3b0ac8e2-0244-11ef-bc93-c7b262605968-mgr-x[29404]:
2024-04-24T14:10:50.734+0000 7f6ea1c7d200 -1 mgr[py] Module prometheus has missing NOTIFY_TYPES member
2024-04-24T14:10:51.025 INFO:journalctl@ceph.mgr.x.smithi170.stdout:Apr 24 14:10:50 smithi170 ceph-3b0ac8e2-0244-11ef-bc93-c7b262605968-mgr-x[29404]:
2024-04-24T14:10:50.825+0000 7f6ea1c7d200 -1 mgr[py] Module devicehealth has missing NOTIFY_TYPES member
2024-04-24T14:10:51.294 INFO:journalctl@ceph.mgr.x.smithi170.stdout:Apr 24 14:10:51 smithi170 ceph-3b0ac8e2-0244-11ef-bc93-c7b262605968-mgr-x[29404]:
2024-04-24T14:10:51.069+0000 7f6ea1c7d200 -1 mgr[py] Module telemetry has missing NOTIFY_TYPES member
2024-04-24T14:10:51.294 INFO:journalctl@ceph.mgr.x.smithi170.stdout:Apr 24 14:10:51 smithi170 ceph-3b0ac8e2-0244-11ef-bc93-c7b262605968-mgr-x[29404]:
2024-04-24T14:10:51.203+0000 7f6ea1c7d200 -1 mgr[py] Module diskprediction_local has missing NOTIFY_TYPES member
2024-04-24T14:10:51.294 INFO:journalctl@ceph.mgr.x.smithi170.stdout:Apr 24 14:10:51 smithi170 ceph-3b0ac8e2-0244-11ef-bc93-c7b262605968-mgr-x[29404]:
2024-04-24T14:10:51.298+0000 7f6ea1c7d200 -1 mgr[py] Module osd_perf_query has missing NOTIFY_TYPES member
2024-04-24T14:10:51.651 INFO:journalctl@ceph.mgr.x.smithi170.stdout:Apr 24 14:10:51 smithi170 ceph-3b0ac8e2-0244-11ef-bc93-c7b262605968-mgr-x[29404]:
2024-04-24T14:10:51.414+0000 7f6ea1c7d200 -1 mgr[py] Module rbd_support has missing NOTIFY_TYPES member
2024-04-24T14:10:52.151 INFO:journalctl@ceph.mgr.x.smithi170.stdout:Apr 24 14:10:51 smithi170 ceph-3b0ac8e2-0244-11ef-bc93-c7b262605968-mgr-x[29404]:
2024-04-24T14:10:51.729+0000 7f6ea1c7d200 -1 mgr[py] Module zabbix has missing NOTIFY_TYPES member
2024-04-24T14:10:52.583 INFO:journalctl@ceph.mgr.x.smithi170.stdout:Apr 24 14:10:52 smithi170 ceph-3b0ac8e2-0244-11ef-bc93-c7b262605968-mgr-x[29404]:
2024-04-24T14:10:52.322+0000 7f6ea1c7d200 -1 mgr[py] Module status has missing NOTIFY_TYPES member
2024-04-24T14:10:52.583 INFO:journalctl@ceph.mgr.x.smithi170.stdout:Apr 24 14:10:52 smithi170 ceph-3b0ac8e2-0244-11ef-bc93-c7b262605968-mgr-x[29404]:
2024-04-24T14:10:52.535+0000 7f6ea1c7d200 -1 mgr[py] Module nfs has missing NOTIFY_TYPES member
2024-04-24T14:10:52.901 INFO:journalctl@ceph.mon.a.smithi170.stdout:Apr 24 14:10:52 smithi170 ceph-mon[29165]: Active manager daemon x restarted
2024-04-24T14:10:52.901 INFO:journalctl@ceph.mon.a.smithi170.stdout:Apr 24 14:10:52 smithi170 ceph-mon[29165]: Activating manager daemon x
2024-04-24T14:10:52.901 INFO:journalctl@ceph.mon.a.smithi170.stdout:Apr 24 14:10:52 smithi170 ceph-mon[29165]: osdmap e2: 0 total, 0 up, 0 in
2024-04-24T14:10:52.901 INFO:journalctl@ceph.mon.a.smithi170.stdout:Apr 24 14:10:52 smithi170 ceph-mon[29165]: mgrmap e6: x(active, starting, since 0.00338292s)
2024-04-24T14:10:52.901 INFO:journalctl@ceph.mon.a.smithi170.stdout:Apr 24 14:10:52 smithi170 ceph-mon[29165]: from='mgr.14118 172.21.15.170:0/2193614650' entity='mgr.x' cmd=[{"prefix": "mon metadata", "id": "a"}]: dispatch
2024-04-24T14:10:52.901 INFO:journalctl@ceph.mon.a.smithi170.stdout:Apr 24 14:10:52 smithi170 ceph-mon[29165]: from='mgr.14118 172.21.15.170:0/2193614650' entity='mgr.x' cmd=[{"prefix": "mgr metadata", "who": "x", "id": "x"}]: dispatch
2024-04-24T14:10:52.901 INFO:journalctl@ceph.mon.a.smithi170.stdout:Apr 24 14:10:52 smithi170 ceph-mon[29165]: from='mgr.14118 172.21.15.170:0/2193614650' entity='mgr.x' cmd=[{"prefix": "mds metadata"}]: dispatch
2024-04-24T14:10:52.901 INFO:journalctl@ceph.mon.a.smithi170.stdout:Apr 24 14:10:52 smithi170 ceph-mon[29165]: from='mgr.14118 172.21.15.170:0/2193614650' entity='mgr.x' cmd=[{"prefix": "osd metadata"}]: dispatch
2024-04-24T14:10:52.901 INFO:journalctl@ceph.mon.a.smithi170.stdout:Apr 24 14:10:52 smithi170 ceph-mon[29165]: from='mgr.14118 172.21.15.170:0/2193614650' entity='mgr.x' cmd=[{"prefix": "mon metadata"}]: dispatch
2024-04-24T14:10:52.902 INFO:journalctl@ceph.mon.a.smithi170.stdout:Apr 24 14:10:52 smithi170 ceph-mon[29165]: Manager daemon x is now available
2024-04-24T14:10:52.902 INFO:journalctl@ceph.mon.a.smithi170.stdout:Apr 24 14:10:52 smithi170 ceph-mon[29165]: from='mgr.14118 172.21.15.170:0/2193614650' entity='mgr.x'
2024-04-24T14:10:52.902 INFO:journalctl@ceph.mon.a.smithi170.stdout:Apr 24 14:10:52 smithi170 ceph-mon[29165]: from='mgr.14118 172.21.15.170:0/2193614650' entity='mgr.x'
2024-04-24T14:10:52.902 INFO:journalctl@ceph.mon.a.smithi170.stdout:Apr 24 14:10:52 smithi170 ceph-mon[29165]: from='mgr.14118 172.21.15.170:0/2193614650' entity='mgr.x' cmd=[{"prefix": "config dump", "format": "json"}]: dispatch
2024-04-24T14:10:52.902 INFO:journalctl@ceph.mon.a.smithi170.stdout:Apr 24 14:10:52 smithi170 ceph-mon[29165]: from='mgr.14118 172.21.15.170:0/2193614650' entity='mgr.x' cmd=[{"prefix": "config dump", "format": "json"}]: dispatch
2024-04-24T14:10:52.902 INFO:journalctl@ceph.mon.a.smithi170.stdout:Apr 24 14:10:52 smithi170 ceph-mon[29165]: from='mgr.14118 172.21.15.170:0/2193614650' entity='mgr.x' cmd=[{"prefix":"config rm","who":"mgr","name":"mgr/rbd_support/x/mirror_snapshot_schedule"}]: dispatch
2024-04-24T14:10:53.891 INFO:journalctl@ceph.mon.a.smithi170.stdout:Apr 24 14:10:53 smithi170 ceph-mon[29165]: Found migration_current of "None". Setting to last migration.
2024-04-24T14:10:53.891 INFO:journalctl@ceph.mon.a.smithi170.stdout:Apr 24 14:10:53 smithi170 ceph-mon[29165]: from='mgr.14118 172.21.15.170:0/2193614650' entity='mgr.x' cmd=[{"prefix":"config rm","who":"mgr","name":"mgr/rbd_support/x/trash_purge_schedule"}]: dispatch
2024-04-24T14:10:53.891 INFO:journalctl@ceph.mon.a.smithi170.stdout:Apr 24 14:10:53 smithi170 ceph-mon[29165]: from='mgr.14118 172.21.15.170:0/2193614650' entity='mgr.x'
2024-04-24T14:10:53.892 INFO:journalctl@ceph.mon.a.smithi170.stdout:Apr 24 14:10:53 smithi170 ceph-mon[29165]: from='mgr.14118 172.21.15.170:0/2193614650' entity='mgr.x'
2024-04-24T14:10:53.892 INFO:journalctl@ceph.mon.a.smithi170.stdout:Apr 24 14:10:53 smithi170 ceph-mon[29165]: mgrmap e7: x(active, since 1.00547s)
2024-04-24T14:10:54.185 INFO:teuthology.orchestra.run.smithi170.stdout:/usr/bin/ceph: stdout {
2024-04-24T14:10:54.185 INFO:teuthology.orchestra.run.smithi170.stdout:/usr/bin/ceph: stdout "mgrmap_epoch": 7,
2024-04-24T14:10:54.186 INFO:teuthology.orchestra.run.smithi170.stdout:/usr/bin/ceph: stdout "initialized": true
2024-04-24T14:10:54.186 INFO:teuthology.orchestra.run.smithi170.stdout:/usr/bin/ceph: stdout }
2024-04-24T14:10:54.186 INFO:teuthology.orchestra.run.smithi170.stdout:/usr/bin/ceph: stderr
2024-04-24T14:10:48.020+0000 7feedcb70700 1 Processor -- start
2024-04-24T14:10:54.186 INFO:teuthology.orchestra.run.smithi170.stdout:/usr/bin/ceph: stderr
2024-04-24T14:10:48.020+0000 7feedcb70700 1 -- start start
2024-04-24T14:10:54.186 INFO:teuthology.orchestra.run.smithi170.stdout:/usr/bin/ceph: stderr
2024-04-24T14:10:48.020+0000 7feedcb70700 1 --2- >> [v2:172.21.15.170:3300/0,v1:172.21.15.170:6789/0] conn(0x7feed8107850 0x7feed8107c70 unknown :-1 s=NONE pgs=0 cs=0 l=0 rev1=0 crypto rx=0 tx=0 comp rx=0 tx=0).connect
2024-04-24T14:10:54.186 INFO:teuthology.orchestra.run.smithi170.stdout:/usr/bin/ceph: stderr
2024-04-24T14:10:48.020+0000 7feedcb70700 1 -- --> [v2:172.21.15.170:3300/0,v1:172.21.15.170:6789/0] -- mon_getmap magic: 0 -- 0x7feed8108240 con 0x7feed8107850
2024-04-24T14:10:54.186 INFO:teuthology.orchestra.run.smithi170.stdout:/usr/bin/ceph: stderr
2024-04-24T14:10:48.020+0000 7feed659c700 1 --2- >> [v2:172.21.15.170:3300/0,v1:172.21.15.170:6789/0] conn(0x7feed8107850 0x7feed8107c70 unknown :-1 s=BANNER_CONNECTING pgs=0 cs=0 l=0 rev1=0 crypto rx=0 tx=0 comp rx=0 tx=0)._handle_peer_banner_payload supported=3 required=0
2024-04-24T14:10:54.186 INFO:teuthology.orchestra.run.smithi170.stdout:/usr/bin/ceph: stderr
2024-04-24T14:10:48.020+0000 7feed659c700 1 --2- >> [v2:172.21.15.170:3300/0,v1:172.21.15.170:6789/0] conn(0x7feed8107850 0x7feed8107c70 unknown :-1 s=HELLO_CONNECTING pgs=0 cs=0 l=0 rev1=1 crypto rx=0 tx=0 comp rx=0 tx=0).handle_hello peer v2:172.21.15.170:3300/0 says I am v2:172.21.15.170:34286/0 (socket says 172.21.15.170:34286)
2024-04-24T14:10:54.186 INFO:teuthology.orchestra.run.smithi170.stdout:/usr/bin/ceph: stderr
2024-04-24T14:10:48.020+0000 7feed659c700 1 -- 172.21.15.170:0/105888924 learned_addr learned my addr 172.21.15.170:0/105888924 (peer_addr_for_me v2:172.21.15.170:0/0)
2024-04-24T14:10:54.186 INFO:teuthology.orchestra.run.smithi170.stdout:/usr/bin/ceph: stderr
2024-04-24T14:10:48.021+0000 7feed659c700 1 -- 172.21.15.170:0/105888924 --> [v2:172.21.15.170:3300/0,v1:172.21.15.170:6789/0] -- mon_subscribe({config=0+,monmap=0+}) -- 0x7feed8108570 con 0x7feed8107850
2024-04-24T14:10:54.186 INFO:teuthology.orchestra.run.smithi170.stdout:/usr/bin/ceph: stderr
2024-04-24T14:10:48.021+0000 7feed659c700 1 --2- 172.21.15.170:0/105888924 >> [v2:172.21.15.170:3300/0,v1:172.21.15.170:6789/0] conn(0x7feed8107850 0x7feed8107c70 secure :-1 s=READY pgs=26 cs=0 l=1 rev1=1 crypto rx=0x7feec80098a0 tx=0x7feec8009bb0 comp rx=0 tx=0).ready entity=mon.0 client_cookie=a80e22e1cff23341 server_cookie=0 in_seq=0 out_seq=0
2024-04-24T14:10:54.186 INFO:teuthology.orchestra.run.smithi170.stdout:/usr/bin/ceph: stderr
2024-04-24T14:10:48.021+0000 7feed559a700 1 -- 172.21.15.170:0/105888924 <== mon.0 v2:172.21.15.170:3300/0 1 ==== mon_map magic: 0 ==== 205+0+0 (secure 0 0 0) 0x7feec8004160 con 0x7feed8107850
2024-04-24T14:10:54.186 INFO:teuthology.orchestra.run.smithi170.stdout:/usr/bin/ceph: stderr
2024-04-24T14:10:48.021+0000 7feed559a700 1 -- 172.21.15.170:0/105888924 <== mon.0 v2:172.21.15.170:3300/0 2 ==== config(25 keys) ==== 1032+0+0 (secure 0 0 0) 0x7feec8004300 con 0x7feed8107850
2024-04-24T14:10:54.187 INFO:teuthology.orchestra.run.smithi170.stdout:/usr/bin/ceph: stderr
2024-04-24T14:10:48.021+0000 7feed559a700 1 -- 172.21.15.170:0/105888924 <== mon.0 v2:172.21.15.170:3300/0 3 ==== mon_map magic: 0 ==== 205+0+0 (secure 0 0 0) 0x7feec80119e0 con 0x7feed8107850
2024-04-24T14:10:54.187 INFO:teuthology.orchestra.run.smithi170.stdout:/usr/bin/ceph: stderr
2024-04-24T14:10:48.022+0000 7feedcb70700 1 -- 172.21.15.170:0/105888924 >> [v2:172.21.15.170:3300/0,v1:172.21.15.170:6789/0] conn(0x7feed8107850 msgr2=0x7feed8107c70 secure :-1 s=STATE_CONNECTION_ESTABLISHED l=1).mark_down
2024-04-24T14:10:54.187 INFO:teuthology.orchestra.run.smithi170.stdout:/usr/bin/ceph: stderr
2024-04-24T14:10:48.022+0000 7feedcb70700 1 --2- 172.21.15.170:0/105888924 >> [v2:172.21.15.170:3300/0,v1:172.21.15.170:6789/0] conn(0x7feed8107850 0x7feed8107c70 secure :-1 s=READY pgs=26 cs=0 l=1 rev1=1 crypto rx=0x7feec80098a0 tx=0x7feec8009bb0 comp rx=0 tx=0).stop
2024-04-24T14:10:54.187 INFO:teuthology.orchestra.run.smithi170.stdout:/usr/bin/ceph: stderr
2024-04-24T14:10:48.022+0000 7feedcb70700 1 -- 172.21.15.170:0/105888924 shutdown_connections
2024-04-24T14:10:54.187 INFO:teuthology.orchestra.run.smithi170.stdout:/usr/bin/ceph: stderr
2024-04-24T14:10:48.022+0000 7feedcb70700 1 --2- 172.21.15.170:0/105888924 >> [v2:172.21.15.170:3300/0,v1:172.21.15.170:6789/0] conn(0x7feed8107850 0x7feed8107c70 unknown :-1 s=CLOSED pgs=26 cs=0 l=1 rev1=1 crypto rx=0 tx=0 comp rx=0 tx=0).stop
2024-04-24T14:10:54.187 INFO:teuthology.orchestra.run.smithi170.stdout:/usr/bin/ceph: stderr
2024-04-24T14:10:48.022+0000 7feedcb70700 1 -- 172.21.15.170:0/105888924 >> 172.21.15.170:0/105888924 conn(0x7feed8102090 msgr2=0x7feed81044b0 unknown :-1 s=STATE_NONE l=0).mark_down
2024-04-24T14:10:54.187 INFO:teuthology.orchestra.run.smithi170.stdout:/usr/bin/ceph: stderr
2024-04-24T14:10:48.022+0000 7feedcb70700 1 -- 172.21.15.170:0/105888924 shutdown_connections
2024-04-24T14:10:54.187 INFO:teuthology.orchestra.run.smithi170.stdout:/usr/bin/ceph: stderr
2024-04-24T14:10:48.022+0000 7feedcb70700 1 -- 172.21.15.170:0/105888924 wait complete.
2024-04-24T14:10:54.187 INFO:teuthology.orchestra.run.smithi170.stdout:/usr/bin/ceph: stderr
2024-04-24T14:10:48.023+0000 7feedcb70700 1 Processor -- start
2024-04-24T14:10:54.187 INFO:teuthology.orchestra.run.smithi170.stdout:/usr/bin/ceph: stderr
2024-04-24T14:10:48.023+0000 7feedcb70700 1 -- start start
2024-04-24T14:10:54.187 INFO:teuthology.orchestra.run.smithi170.stdout:/usr/bin/ceph: stderr
2024-04-24T14:10:48.023+0000 7feedcb70700 1 --2- >> [v2:172.21.15.170:3300/0,v1:172.21.15.170:6789/0] conn(0x7feed8107850 0x7feed8106e50 unknown :-1 s=NONE pgs=0 cs=0 l=1 rev1=0 crypto rx=0 tx=0 comp rx=0 tx=0).connect
2024-04-24T14:10:54.187 INFO:teuthology.orchestra.run.smithi170.stdout:/usr/bin/ceph: stderr
2024-04-24T14:10:48.023+0000 7feedcb70700 1 -- --> [v2:172.21.15.170:3300/0,v1:172.21.15.170:6789/0] -- mon_getmap magic: 0 -- 0x7feed810b7a0 con 0x7feed8107850
2024-04-24T14:10:54.187 INFO:teuthology.orchestra.run.smithi170.stdout:/usr/bin/ceph: stderr
2024-04-24T14:10:48.023+0000 7feed659c700 1 --2- >> [v2:172.21.15.170:3300/0,v1:172.21.15.170:6789/0] conn(0x7feed8107850 0x7feed8106e50 unknown :-1 s=BANNER_CONNECTING pgs=0 cs=0 l=1 rev1=0 crypto rx=0 tx=0 comp rx=0 tx=0)._handle_peer_banner_payload supported=3 required=0
2024-04-24T14:10:54.187 INFO:teuthology.orchestra.run.smithi170.stdout:/usr/bin/ceph: stderr
2024-04-24T14:10:48.023+0000 7feed659c700 1 --2- >> [v2:172.21.15.170:3300/0,v1:172.21.15.170:6789/0] conn(0x7feed8107850 0x7feed8106e50 unknown :-1 s=HELLO_CONNECTING pgs=0 cs=0 l=1 rev1=1 crypto rx=0 tx=0 comp rx=0 tx=0).handle_hello peer v2:172.21.15.170:3300/0 says I am v2:172.21.15.170:34296/0 (socket says 172.21.15.170:34296)
2024-04-24T14:10:54.188 INFO:teuthology.orchestra.run.smithi170.stdout:/usr/bin/ceph: stderr
2024-04-24T14:10:48.023+0000 7feed659c700 1 -- 172.21.15.170:0/1627532287 learned_addr learned my addr 172.21.15.170:0/1627532287 (peer_addr_for_me v2:172.21.15.170:0/0)
2024-04-24T14:10:54.188 INFO:teuthology.orchestra.run.smithi170.stdout:/usr/bin/ceph: stderr
2024-04-24T14:10:48.023+0000 7feed659c700 1 -- 172.21.15.170:0/1627532287 --> [v2:172.21.15.170:3300/0,v1:172.21.15.170:6789/0] -- mon_subscribe({config=0+,monmap=0+}) -- 0x7feed819efa0 con 0x7feed8107850
2024-04-24T14:10:54.188 INFO:teuthology.orchestra.run.smithi170.stdout:/usr/bin/ceph: stderr
2024-04-24T14:10:48.023+0000 7feed659c700 1 --2- 172.21.15.170:0/1627532287 >> [v2:172.21.15.170:3300/0,v1:172.21.15.170:6789/0] conn(0x7feed8107850 0x7feed8106e50 secure :-1 s=READY pgs=27 cs=0 l=1 rev1=1 crypto rx=0x7feec8009130 tx=0x7feec8011a60 comp rx=0 tx=0).ready entity=mon.0 client_cookie=0 server_cookie=0 in_seq=0 out_seq=0
2024-04-24T14:10:54.188 INFO:teuthology.orchestra.run.smithi170.stdout:/usr/bin/ceph: stderr
2024-04-24T14:10:48.024+0000 7feec77fe700 1 -- 172.21.15.170:0/1627532287 <== mon.0 v2:172.21.15.170:3300/0 1 ==== mon_map magic: 0 ==== 205+0+0 (secure 0 0 0) 0x7feec8003b20 con 0x7feed8107850
2024-04-24T14:10:54.188 INFO:teuthology.orchestra.run.smithi170.stdout:/usr/bin/ceph: stderr
2024-04-24T14:10:48.024+0000 7feedcb70700 1 -- 172.21.15.170:0/1627532287 --> [v2:172.21.15.170:3300/0,v1:172.21.15.170:6789/0] -- mon_subscribe({mgrmap=0+}) -- 0x7feed819f170 con 0x7feed8107850
2024-04-24T14:10:54.188 INFO:teuthology.orchestra.run.smithi170.stdout:/usr/bin/ceph: stderr
2024-04-24T14:10:48.024+0000 7feec77fe700 1 -- 172.21.15.170:0/1627532287 <== mon.0 v2:172.21.15.170:3300/0 2 ==== config(25 keys) ==== 1032+0+0 (secure 0 0 0) 0x7feec801a8a0 con 0x7feed8107850
2024-04-24T14:10:54.188 INFO:teuthology.orchestra.run.smithi170.stdout:/usr/bin/ceph: stderr
2024-04-24T14:10:48.024+0000 7feec77fe700 1 -- 172.21.15.170:0/1627532287 <== mon.0 v2:172.21.15.170:3300/0 3 ==== mon_map magic: 0 ==== 205+0+0 (secure 0 0 0) 0x7feec8024810 con 0x7feed8107850
2024-04-24T14:10:54.188 INFO:teuthology.orchestra.run.smithi170.stdout:/usr/bin/ceph: stderr
2024-04-24T14:10:48.024+0000 7feedcb70700 1 -- 172.21.15.170:0/1627532287 --> [v2:172.21.15.170:3300/0,v1:172.21.15.170:6789/0] -- mon_subscribe({osdmap=0}) -- 0x7feed819f590 con 0x7feed8107850
2024-04-24T14:10:54.188 INFO:teuthology.orchestra.run.smithi170.stdout:/usr/bin/ceph: stderr
2024-04-24T14:10:48.025+0000 7feec77fe700 1 -- 172.21.15.170:0/1627532287 <== mon.0 v2:172.21.15.170:3300/0 4 ==== mgrmap(e 5) ==== 46558+0+0 (secure 0 0 0) 0x7feec8022020 con 0x7feed8107850
2024-04-24T14:10:54.188 INFO:teuthology.orchestra.run.smithi170.stdout:/usr/bin/ceph: stderr
2024-04-24T14:10:48.025+0000 7feec77fe700 1 --2- 172.21.15.170:0/1627532287 >> [v2:172.21.15.170:6800/4060398654,v1:172.21.15.170:6801/4060398654] conn(0x7feec00395b0 0x7feec003ba70 unknown :-1 s=NONE pgs=0 cs=0 l=1 rev1=0 crypto rx=0 tx=0 comp rx=0 tx=0).connect
2024-04-24T14:10:54.188 INFO:teuthology.orchestra.run.smithi170.stdout:/usr/bin/ceph: stderr
2024-04-24T14:10:48.025+0000 7feec77fe700 1 -- 172.21.15.170:0/1627532287 --> [v2:172.21.15.170:6800/4060398654,v1:172.21.15.170:6801/4060398654] -- command(tid 0: {"prefix": "get_command_descriptions"}) -- 0x7feec003c180 con 0x7feec00395b0
2024-04-24T14:10:54.188 INFO:teuthology.orchestra.run.smithi170.stdout:/usr/bin/ceph: stderr
2024-04-24T14:10:48.025+0000 7feec77fe700 1 -- 172.21.15.170:0/1627532287 <== mon.0 v2:172.21.15.170:3300/0 5 ==== osd_map(1..1 src has 1..1) ==== 725+0+0 (secure 0 0 0) 0x7feec804d620 con 0x7feed8107850
2024-04-24T14:10:54.188 INFO:teuthology.orchestra.run.smithi170.stdout:/usr/bin/ceph: stderr
2024-04-24T14:10:48.025+0000 7feed5d9b700 1 -- 172.21.15.170:0/1627532287 >> [v2:172.21.15.170:6800/4060398654,v1:172.21.15.170:6801/4060398654] conn(0x7feec00395b0 msgr2=0x7feec003ba70 unknown :-1 s=STATE_CONNECTING_RE l=1).process reconnect failed to v2:172.21.15.170:6800/4060398654
2024-04-24T14:10:54.189 INFO:teuthology.orchestra.run.smithi170.stdout:/usr/bin/ceph: stderr
2024-04-24T14:10:48.025+0000 7feed5d9b700 1 --2- 172.21.15.170:0/1627532287 >> [v2:172.21.15.170:6800/4060398654,v1:172.21.15.170:6801/4060398654] conn(0x7feec00395b0 0x7feec003ba70 unknown :-1 s=START_CONNECT pgs=0 cs=0 l=1 rev1=0 crypto rx=0 tx=0 comp rx=0 tx=0)._fault waiting 0.200000
2024-04-24T14:10:54.189 INFO:teuthology.orchestra.run.smithi170.stdout:/usr/bin/ceph: stderr
2024-04-24T14:10:48.226+0000 7feed5d9b700 1 -- 172.21.15.170:0/1627532287 >> [v2:172.21.15.170:6800/4060398654,v1:172.21.15.170:6801/4060398654] conn(0x7feec00395b0 msgr2=0x7feec003ba70 unknown :-1 s=STATE_CONNECTING_RE l=1).process reconnect failed to v2:172.21.15.170:6800/4060398654
2024-04-24T14:10:54.189 INFO:teuthology.orchestra.run.smithi170.stdout:/usr/bin/ceph: stderr
2024-04-24T14:10:48.226+0000 7feed5d9b700 1 --2- 172.21.15.170:0/1627532287 >> [v2:172.21.15.170:6800/4060398654,v1:172.21.15.170:6801/4060398654] conn(0x7feec00395b0 0x7feec003ba70 unknown :-1 s=START_CONNECT pgs=0 cs=0 l=1 rev1=0 crypto rx=0 tx=0 comp rx=0 tx=0)._fault waiting 0.400000
2024-04-24T14:10:54.189 INFO:teuthology.orchestra.run.smithi170.stdout:/usr/bin/ceph: stderr
2024-04-24T14:10:48.627+0000 7feed5d9b700 1 -- 172.21.15.170:0/1627532287 >> [v2:172.21.15.170:6800/4060398654,v1:172.21.15.170:6801/4060398654] conn(0x7feec00395b0 msgr2=0x7feec003ba70 unknown :-1 s=STATE_CONNECTING_RE l=1).process reconnect failed to v2:172.21.15.170:6800/4060398654
2024-04-24T14:10:54.189 INFO:teuthology.orchestra.run.smithi170.stdout:/usr/bin/ceph: stderr
2024-04-24T14:10:48.627+0000 7feed5d9b700 1 --2- 172.21.15.170:0/1627532287 >> [v2:172.21.15.170:6800/4060398654,v1:172.21.15.170:6801/4060398654] conn(0x7feec00395b0 0x7feec003ba70 unknown :-1 s=START_CONNECT pgs=0 cs=0 l=1 rev1=0 crypto rx=0 tx=0 comp rx=0 tx=0)._fault waiting 0.800000
2024-04-24T14:10:54.189 INFO:teuthology.orchestra.run.smithi170.stdout:/usr/bin/ceph: stderr
2024-04-24T14:10:49.428+0000 7feed5d9b700 1 -- 172.21.15.170:0/1627532287 >> [v2:172.21.15.170:6800/4060398654,v1:172.21.15.170:6801/4060398654] conn(0x7feec00395b0 msgr2=0x7feec003ba70 unknown :-1 s=STATE_CONNECTING_RE l=1).process reconnect failed to v2:172.21.15.170:6800/4060398654
2024-04-24T14:10:54.189 INFO:teuthology.orchestra.run.smithi170.stdout:/usr/bin/ceph: stderr
2024-04-24T14:10:49.428+0000 7feed5d9b700 1 --2- 172.21.15.170:0/1627532287 >> [v2:172.21.15.170:6800/4060398654,v1:172.21.15.170:6801/4060398654] conn(0x7feec00395b0 0x7feec003ba70 unknown :-1 s=START_CONNECT pgs=0 cs=0 l=1 rev1=0 crypto rx=0 tx=0 comp rx=0 tx=0)._fault waiting 1.600000
2024-04-24T14:10:54.189 INFO:teuthology.orchestra.run.smithi170.stdout:/usr/bin/ceph: stderr
2024-04-24T14:10:51.029+0000 7feed5d9b700 1 -- 172.21.15.170:0/1627532287 >> [v2:172.21.15.170:6800/4060398654,v1:172.21.15.170:6801/4060398654] conn(0x7feec00395b0 msgr2=0x7feec003ba70 unknown :-1 s=STATE_CONNECTING_RE l=1).process reconnect failed to v2:172.21.15.170:6800/4060398654
2024-04-24T14:10:54.189 INFO:teuthology.orchestra.run.smithi170.stdout:/usr/bin/ceph: stderr
2024-04-24T14:10:51.029+0000 7feed5d9b700 1 --2- 172.21.15.170:0/1627532287 >> [v2:172.21.15.170:6800/4060398654,v1:172.21.15.170:6801/4060398654] conn(0x7feec00395b0 0x7feec003ba70 unknown :-1 s=START_CONNECT pgs=0 cs=0 l=1 rev1=0 crypto rx=0 tx=0 comp rx=0 tx=0)._fault waiting 3.200000
2024-04-24T14:10:54.189 INFO:teuthology.orchestra.run.smithi170.stdout:/usr/bin/ceph: stderr
2024-04-24T14:10:52.538+0000 7feec77fe700 1 -- 172.21.15.170:0/1627532287 <== mon.0 v2:172.21.15.170:3300/0 6 ==== mgrmap(e 6) ==== 46325+0+0 (secure 0 0 0) 0x7feec801aa50 con 0x7feed8107850
2024-04-24T14:10:54.189 INFO:teuthology.orchestra.run.smithi170.stdout:/usr/bin/ceph: stderr
2024-04-24T14:10:52.538+0000 7feec77fe700 1 -- 172.21.15.170:0/1627532287 >> [v2:172.21.15.170:6800/4060398654,v1:172.21.15.170:6801/4060398654] conn(0x7feec00395b0 msgr2=0x7feec003ba70 unknown :-1 s=STATE_CONNECTING l=1).mark_down
2024-04-24T14:10:54.189 INFO:teuthology.orchestra.run.smithi170.stdout:/usr/bin/ceph: stderr
2024-04-24T14:10:52.538+0000 7feec77fe700 1 --2- 172.21.15.170:0/1627532287 >> [v2:172.21.15.170:6800/4060398654,v1:172.21.15.170:6801/4060398654] conn(0x7feec00395b0 0x7feec003ba70 unknown :-1 s=START_CONNECT pgs=0 cs=0 l=1 rev1=0 crypto rx=0 tx=0 comp rx=0 tx=0).stop
2024-04-24T14:10:54.189 INFO:teuthology.orchestra.run.smithi170.stdout:/usr/bin/ceph: stderr
2024-04-24T14:10:53.539+0000 7feec77fe700 1 -- 172.21.15.170:0/1627532287 <== mon.0 v2:172.21.15.170:3300/0 7 ==== mgrmap(e 7) ==== 46452+0+0 (secure 0 0 0) 0x7feec804f390 con 0x7feed8107850
2024-04-24T14:10:54.190 INFO:teuthology.orchestra.run.smithi170.stdout:/usr/bin/ceph: stderr
2024-04-24T14:10:53.540+0000 7feec77fe700 1 --2- 172.21.15.170:0/1627532287 >> [v2:172.21.15.170:6800/2900229884,v1:172.21.15.170:6801/2900229884] conn(0x7feec003cea0 0x7feec003f290 unknown :-1 s=NONE pgs=0 cs=0 l=1 rev1=0 crypto rx=0 tx=0 comp rx=0 tx=0).connect
2024-04-24T14:10:54.190 INFO:teuthology.orchestra.run.smithi170.stdout:/usr/bin/ceph: stderr
