2024-04-24T14:35:00.027 INFO:teuthology.orchestra.run.smithi072.stdout:/usr/bin/ceph: stderr
2024-04-24T14:34:54.999+0000 7f3b45f78700 1 -- --> [v2:172.21.15.72:3300/0,v1:172.21.15.72:6789/0] -- mon_getmap magic: 0 -- 0x7f3b4010b7d0 con 0x7f3b401073a0
2024-04-24T14:35:00.027 INFO:teuthology.orchestra.run.smithi072.stdout:/usr/bin/ceph: stderr
2024-04-24T14:34:54.999+0000 7f3b3f7fe700 1 --2- >> [v2:172.21.15.72:3300/0,v1:172.21.15.72:6789/0] conn(0x7f3b401073a0 0x7f3b4019b1f0 unknown :-1 s=BANNER_CONNECTING pgs=0 cs=0 l=1 rev1=0 crypto rx=0 tx=0 comp rx=0 tx=0)._handle_peer_banner_payload supported=3 required=0
2024-04-24T14:35:00.027 INFO:teuthology.orchestra.run.smithi072.stdout:/usr/bin/ceph: stderr
2024-04-24T14:34:54.999+0000 7f3b3f7fe700 1 --2- >> [v2:172.21.15.72:3300/0,v1:172.21.15.72:6789/0] conn(0x7f3b401073a0 0x7f3b4019b1f0 unknown :-1 s=HELLO_CONNECTING pgs=0 cs=0 l=1 rev1=1 crypto rx=0 tx=0 comp rx=0 tx=0).handle_hello peer v2:172.21.15.72:3300/0 says I am v2:172.21.15.72:43938/0 (socket says 172.21.15.72:43938)
2024-04-24T14:35:00.027 INFO:teuthology.orchestra.run.smithi072.stdout:/usr/bin/ceph: stderr
2024-04-24T14:34:54.999+0000 7f3b3f7fe700 1 -- 172.21.15.72:0/2729054494 learned_addr learned my addr 172.21.15.72:0/2729054494 (peer_addr_for_me v2:172.21.15.72:0/0)
2024-04-24T14:35:00.027 INFO:teuthology.orchestra.run.smithi072.stdout:/usr/bin/ceph: stderr
2024-04-24T14:34:55.000+0000 7f3b3f7fe700 1 -- 172.21.15.72:0/2729054494 --> [v2:172.21.15.72:3300/0,v1:172.21.15.72:6789/0] -- mon_subscribe({config=0+,monmap=0+}) -- 0x7f3b4019b730 con 0x7f3b401073a0
2024-04-24T14:35:00.028 INFO:teuthology.orchestra.run.smithi072.stdout:/usr/bin/ceph: stderr
2024-04-24T14:34:55.000+0000 7f3b3f7fe700 1 --2- 172.21.15.72:0/2729054494 >> [v2:172.21.15.72:3300/0,v1:172.21.15.72:6789/0] conn(0x7f3b401073a0 0x7f3b4019b1f0 secure :-1 s=READY pgs=46 cs=0 l=1 rev1=1 crypto rx=0x7f3b280116a0 tx=0x7f3b28011a60 comp rx=0 tx=0).ready entity=mon.0 client_cookie=0 server_cookie=0 in_seq=0 out_seq=0
2024-04-24T14:35:00.028 INFO:teuthology.orchestra.run.smithi072.stdout:/usr/bin/ceph: stderr
2024-04-24T14:34:55.000+0000 7f3b3cff9700 1 -- 172.21.15.72:0/2729054494 <== mon.0 v2:172.21.15.72:3300/0 1 ==== mon_map magic: 0 ==== 205+0+0 (secure 0 0 0) 0x7f3b280039f0 con 0x7f3b401073a0
2024-04-24T14:35:00.028 INFO:teuthology.orchestra.run.smithi072.stdout:/usr/bin/ceph: stderr
2024-04-24T14:34:55.000+0000 7f3b3cff9700 1 -- 172.21.15.72:0/2729054494 <== mon.0 v2:172.21.15.72:3300/0 2 ==== config(25 keys) ==== 1032+0+0 (secure 0 0 0) 0x7f3b28003b90 con 0x7f3b401073a0
2024-04-24T14:35:00.028 INFO:teuthology.orchestra.run.smithi072.stdout:/usr/bin/ceph: stderr
2024-04-24T14:34:55.000+0000 7f3b3cff9700 1 -- 172.21.15.72:0/2729054494 <== mon.0 v2:172.21.15.72:3300/0 3 ==== mon_map magic: 0 ==== 205+0+0 (secure 0 0 0) 0x7f3b2801a600 con 0x7f3b401073a0
2024-04-24T14:35:00.028 INFO:teuthology.orchestra.run.smithi072.stdout:/usr/bin/ceph: stderr
2024-04-24T14:34:55.000+0000 7f3b45f78700 1 -- 172.21.15.72:0/2729054494 --> [v2:172.21.15.72:3300/0,v1:172.21.15.72:6789/0] -- mon_subscribe({mgrmap=0+}) -- 0x7f3b4019b9c0 con 0x7f3b401073a0
2024-04-24T14:35:00.028 INFO:teuthology.orchestra.run.smithi072.stdout:/usr/bin/ceph: stderr
2024-04-24T14:34:55.000+0000 7f3b45f78700 1 -- 172.21.15.72:0/2729054494 --> [v2:172.21.15.72:3300/0,v1:172.21.15.72:6789/0] -- mon_subscribe({osdmap=0}) -- 0x7f3b4019e6b0 con 0x7f3b401073a0
2024-04-24T14:35:00.028 INFO:teuthology.orchestra.run.smithi072.stdout:/usr/bin/ceph: stderr
2024-04-24T14:34:55.001+0000 7f3b3cff9700 1 -- 172.21.15.72:0/2729054494 <== mon.0 v2:172.21.15.72:3300/0 4 ==== mgrmap(e 8) ==== 46558+0+0 (secure 0 0 0) 0x7f3b2801a8b0 con 0x7f3b401073a0
2024-04-24T14:35:00.028 INFO:teuthology.orchestra.run.smithi072.stdout:/usr/bin/ceph: stderr
2024-04-24T14:34:55.001+0000 7f3b3cff9700 1 --2- 172.21.15.72:0/2729054494 >> [v2:172.21.15.72:6800/280801297,v1:172.21.15.72:6801/280801297] conn(0x7f3b2c0395b0 0x7f3b2c03ba70 unknown :-1 s=NONE pgs=0 cs=0 l=1 rev1=0 crypto rx=0 tx=0 comp rx=0 tx=0).connect
2024-04-24T14:35:00.028 INFO:teuthology.orchestra.run.smithi072.stdout:/usr/bin/ceph: stderr
2024-04-24T14:34:55.001+0000 7f3b3cff9700 1 -- 172.21.15.72:0/2729054494 <== mon.0 v2:172.21.15.72:3300/0 5 ==== osd_map(2..2 src has 1..2) ==== 940+0+0 (secure 0 0 0) 0x7f3b2804dcf0 con 0x7f3b401073a0
2024-04-24T14:35:00.028 INFO:teuthology.orchestra.run.smithi072.stdout:/usr/bin/ceph: stderr
2024-04-24T14:34:55.001+0000 7f3b3effd700 1 --2- 172.21.15.72:0/2729054494 >> [v2:172.21.15.72:6800/280801297,v1:172.21.15.72:6801/280801297] conn(0x7f3b2c0395b0 0x7f3b2c03ba70 unknown :-1 s=BANNER_CONNECTING pgs=0 cs=0 l=1 rev1=0 crypto rx=0 tx=0 comp rx=0 tx=0)._handle_peer_banner_payload supported=3 required=0
2024-04-24T14:35:00.028 INFO:teuthology.orchestra.run.smithi072.stdout:/usr/bin/ceph: stderr
2024-04-24T14:34:55.001+0000 7f3b45f78700 1 -- 172.21.15.72:0/2729054494 --> [v2:172.21.15.72:3300/0,v1:172.21.15.72:6789/0] -- mon_command({"prefix": "get_command_descriptions"} v 0) -- 0x7f3b40064250 con 0x7f3b401073a0
2024-04-24T14:35:00.028 INFO:teuthology.orchestra.run.smithi072.stdout:/usr/bin/ceph: stderr
2024-04-24T14:34:55.001+0000 7f3b3effd700 1 --2- 172.21.15.72:0/2729054494 >> [v2:172.21.15.72:6800/280801297,v1:172.21.15.72:6801/280801297] conn(0x7f3b2c0395b0 0x7f3b2c03ba70 secure :-1 s=READY pgs=11 cs=0 l=1 rev1=1 crypto rx=0x7f3b30006fd0 tx=0x7f3b30006e40 comp rx=0 tx=0).ready entity=mgr.14120 client_cookie=0 server_cookie=0 in_seq=0 out_seq=0
2024-04-24T14:35:00.028 INFO:teuthology.orchestra.run.smithi072.stdout:/usr/bin/ceph: stderr
2024-04-24T14:34:55.006+0000 7f3b3cff9700 1 -- 172.21.15.72:0/2729054494 <== mon.0 v2:172.21.15.72:3300/0 6 ==== mon_command_ack([{"prefix": "get_command_descriptions"}]=0 v0) ==== 72+0+188370 (secure 0 0 0) 0x7f3b28019c70 con 0x7f3b401073a0
2024-04-24T14:35:00.029 INFO:teuthology.orchestra.run.smithi072.stdout:/usr/bin/ceph: stderr
2024-04-24T14:34:55.211+0000 7f3b45f78700 1 -- 172.21.15.72:0/2729054494 --> [v2:172.21.15.72:6800/280801297,v1:172.21.15.72:6801/280801297] -- mgr_command(tid 0: {"prefix": "orch host add", "hostname": "smithi072", "addr": "172.21.15.72", "target": ["mon-mgr", ""]}) -- 0x7f3b40103b00 con 0x7f3b2c0395b0
2024-04-24T14:35:00.029 INFO:teuthology.orchestra.run.smithi072.stdout:/usr/bin/ceph: stderr
2024-04-24T14:34:59.341+0000 7f3b3cff9700 1 -- 172.21.15.72:0/2729054494 <== mgr.14120 v2:172.21.15.72:6800/280801297 1 ==== mgr_command_reply(tid 0: 0 ) ==== 8+0+48 (secure 0 0 0) 0x7f3b40103b00 con 0x7f3b2c0395b0
2024-04-24T14:35:00.029 INFO:teuthology.orchestra.run.smithi072.stdout:/usr/bin/ceph: stderr
2024-04-24T14:34:59.344+0000 7f3b45f78700 1 -- 172.21.15.72:0/2729054494 >> [v2:172.21.15.72:6800/280801297,v1:172.21.15.72:6801/280801297] conn(0x7f3b2c0395b0 msgr2=0x7f3b2c03ba70 secure :-1 s=STATE_CONNECTION_ESTABLISHED l=1).mark_down
2024-04-24T14:35:00.029 INFO:teuthology.orchestra.run.smithi072.stdout:/usr/bin/ceph: stderr
2024-04-24T14:34:59.344+0000 7f3b45f78700 1 --2- 172.21.15.72:0/2729054494 >> [v2:172.21.15.72:6800/280801297,v1:172.21.15.72:6801/280801297] conn(0x7f3b2c0395b0 0x7f3b2c03ba70 secure :-1 s=READY pgs=11 cs=0 l=1 rev1=1 crypto rx=0x7f3b30006fd0 tx=0x7f3b30006e40 comp rx=0 tx=0).stop
2024-04-24T14:35:00.029 INFO:teuthology.orchestra.run.smithi072.stdout:/usr/bin/ceph: stderr
2024-04-24T14:34:59.344+0000 7f3b45f78700 1 -- 172.21.15.72:0/2729054494 >> [v2:172.21.15.72:3300/0,v1:172.21.15.72:6789/0] conn(0x7f3b401073a0 msgr2=0x7f3b4019b1f0 secure :-1 s=STATE_CONNECTION_ESTABLISHED l=1).mark_down
2024-04-24T14:35:00.029 INFO:teuthology.orchestra.run.smithi072.stdout:/usr/bin/ceph: stderr
2024-04-24T14:34:59.344+0000 7f3b45f78700 1 --2- 172.21.15.72:0/2729054494 >> [v2:172.21.15.72:3300/0,v1:172.21.15.72:6789/0] conn(0x7f3b401073a0 0x7f3b4019b1f0 secure :-1 s=READY pgs=46 cs=0 l=1 rev1=1 crypto rx=0x7f3b280116a0 tx=0x7f3b28011a60 comp rx=0 tx=0).stop
2024-04-24T14:35:00.029 INFO:teuthology.orchestra.run.smithi072.stdout:/usr/bin/ceph: stderr
2024-04-24T14:34:59.344+0000 7f3b45f78700 1 -- 172.21.15.72:0/2729054494 shutdown_connections
2024-04-24T14:35:00.029 INFO:teuthology.orchestra.run.smithi072.stdout:/usr/bin/ceph: stderr
2024-04-24T14:34:59.344+0000 7f3b45f78700 1 --2- 172.21.15.72:0/2729054494 >> [v2:172.21.15.72:6800/280801297,v1:172.21.15.72:6801/280801297] conn(0x7f3b2c0395b0 0x7f3b2c03ba70 unknown :-1 s=CLOSED pgs=11 cs=0 l=1 rev1=1 crypto rx=0 tx=0 comp rx=0 tx=0).stop
2024-04-24T14:35:00.029 INFO:teuthology.orchestra.run.smithi072.stdout:/usr/bin/ceph: stderr
2024-04-24T14:34:59.344+0000 7f3b45f78700 1 --2- 172.21.15.72:0/2729054494 >> [v2:172.21.15.72:3300/0,v1:172.21.15.72:6789/0] conn(0x7f3b401073a0 0x7f3b4019b1f0 unknown :-1 s=CLOSED pgs=46 cs=0 l=1 rev1=1 crypto rx=0 tx=0 comp rx=0 tx=0).stop
2024-04-24T14:35:00.029 INFO:teuthology.orchestra.run.smithi072.stdout:/usr/bin/ceph: stderr
2024-04-24T14:34:59.344+0000 7f3b45f78700 1 -- 172.21.15.72:0/2729054494 >> 172.21.15.72:0/2729054494 conn(0x7f3b40102980 msgr2=0x7f3b401033f0 unknown :-1 s=STATE_NONE l=0).mark_down
2024-04-24T14:35:00.029 INFO:teuthology.orchestra.run.smithi072.stdout:/usr/bin/ceph: stderr
2024-04-24T14:34:59.344+0000 7f3b45f78700 1 -- 172.21.15.72:0/2729054494 shutdown_connections
2024-04-24T14:35:00.029 INFO:teuthology.orchestra.run.smithi072.stdout:/usr/bin/ceph: stderr
2024-04-24T14:34:59.344+0000 7f3b45f78700 1 -- 172.21.15.72:0/2729054494 wait complete.
2024-04-24T14:35:00.029 INFO:teuthology.orchestra.run.smithi072.stdout:Deploying unmanaged mon service...
2024-04-24T14:35:00.393 INFO:journalctl@ceph.mon.a.smithi072.stdout:Apr 24 14:35:00 smithi072 ceph-mon[29425]: from='mgr.14120 172.21.15.72:0/2917835935' entity='mgr.x'
2024-04-24T14:35:00.393 INFO:journalctl@ceph.mon.a.smithi072.stdout:Apr 24 14:35:00 smithi072 ceph-mon[29425]: Added host smithi072
2024-04-24T14:35:00.393 INFO:journalctl@ceph.mon.a.smithi072.stdout:Apr 24 14:35:00 smithi072 ceph-mon[29425]: from='mgr.14120 172.21.15.72:0/2917835935' entity='mgr.x' cmd=[{"prefix": "config dump", "format": "json"}]: dispatch
2024-04-24T14:35:01.351 INFO:teuthology.orchestra.run.smithi072.stdout:/usr/bin/ceph: stdout Scheduled mon update...
2024-04-24T14:35:01.351 INFO:teuthology.orchestra.run.smithi072.stdout:/usr/bin/ceph: stderr
2024-04-24T14:35:00.499+0000 7fdda7288700 1 Processor -- start
2024-04-24T14:35:01.351 INFO:teuthology.orchestra.run.smithi072.stdout:/usr/bin/ceph: stderr
2024-04-24T14:35:00.500+0000 7fdda7288700 1 -- start start
2024-04-24T14:35:01.351 INFO:teuthology.orchestra.run.smithi072.stdout:/usr/bin/ceph: stderr
2024-04-24T14:35:00.500+0000 7fdda7288700 1 --2- >> [v2:172.21.15.72:3300/0,v1:172.21.15.72:6789/0] conn(0x7fdda0108ea0 0x7fdda010b290 unknown :-1 s=NONE pgs=0 cs=0 l=0 rev1=0 crypto rx=0 tx=0 comp rx=0 tx=0).connect
2024-04-24T14:35:01.351 INFO:teuthology.orchestra.run.smithi072.stdout:/usr/bin/ceph: stderr
2024-04-24T14:35:00.500+0000 7fdda7288700 1 -- --> [v2:172.21.15.72:3300/0,v1:172.21.15.72:6789/0] -- mon_getmap magic: 0 -- 0x7fdda00763d0 con 0x7fdda0108ea0
2024-04-24T14:35:01.351 INFO:teuthology.orchestra.run.smithi072.stdout:/usr/bin/ceph: stderr
2024-04-24T14:35:00.500+0000 7fdda5024700 1 --2- >> [v2:172.21.15.72:3300/0,v1:172.21.15.72:6789/0] conn(0x7fdda0108ea0 0x7fdda010b290 unknown :-1 s=BANNER_CONNECTING pgs=0 cs=0 l=0 rev1=0 crypto rx=0 tx=0 comp rx=0 tx=0)._handle_peer_banner_payload supported=3 required=0
2024-04-24T14:35:01.352 INFO:teuthology.orchestra.run.smithi072.stdout:/usr/bin/ceph: stderr
2024-04-24T14:35:00.500+0000 7fdda5024700 1 --2- >> [v2:172.21.15.72:3300/0,v1:172.21.15.72:6789/0] conn(0x7fdda0108ea0 0x7fdda010b290 unknown :-1 s=HELLO_CONNECTING pgs=0 cs=0 l=0 rev1=1 crypto rx=0 tx=0 comp rx=0 tx=0).handle_hello peer v2:172.21.15.72:3300/0 says I am v2:172.21.15.72:58904/0 (socket says 172.21.15.72:58904)
2024-04-24T14:35:01.352 INFO:teuthology.orchestra.run.smithi072.stdout:/usr/bin/ceph: stderr
2024-04-24T14:35:00.500+0000 7fdda5024700 1 -- 172.21.15.72:0/1395611907 learned_addr learned my addr 172.21.15.72:0/1395611907 (peer_addr_for_me v2:172.21.15.72:0/0)
2024-04-24T14:35:01.352 INFO:teuthology.orchestra.run.smithi072.stdout:/usr/bin/ceph: stderr
2024-04-24T14:35:00.500+0000 7fdda5024700 1 -- 172.21.15.72:0/1395611907 --> [v2:172.21.15.72:3300/0,v1:172.21.15.72:6789/0] -- mon_subscribe({config=0+,monmap=0+}) -- 0x7fdda010b7d0 con 0x7fdda0108ea0
2024-04-24T14:35:01.352 INFO:teuthology.orchestra.run.smithi072.stdout:/usr/bin/ceph: stderr
2024-04-24T14:35:00.501+0000 7fdda5024700 1 --2- 172.21.15.72:0/1395611907 >> [v2:172.21.15.72:3300/0,v1:172.21.15.72:6789/0] conn(0x7fdda0108ea0 0x7fdda010b290 secure :-1 s=READY pgs=47 cs=0 l=1 rev1=1 crypto rx=0x7fdd9c0098a0 tx=0x7fdd9c009bb0 comp rx=0 tx=0).ready entity=mon.0 client_cookie=2f1486551cae0dd server_cookie=0 in_seq=0 out_seq=0
2024-04-24T14:35:01.352 INFO:teuthology.orchestra.run.smithi072.stdout:/usr/bin/ceph: stderr
2024-04-24T14:35:00.501+0000 7fdd97fff700 1 -- 172.21.15.72:0/1395611907 <== mon.0 v2:172.21.15.72:3300/0 1 ==== mon_map magic: 0 ==== 205+0+0 (secure 0 0 0) 0x7fdd9c004160 con 0x7fdda0108ea0
2024-04-24T14:35:01.352 INFO:teuthology.orchestra.run.smithi072.stdout:/usr/bin/ceph: stderr
2024-04-24T14:35:00.501+0000 7fdd97fff700 1 -- 172.21.15.72:0/1395611907 <== mon.0 v2:172.21.15.72:3300/0 2 ==== config(25 keys) ==== 1032+0+0 (secure 0 0 0) 0x7fdd9c004300 con 0x7fdda0108ea0
2024-04-24T14:35:01.352 INFO:teuthology.orchestra.run.smithi072.stdout:/usr/bin/ceph: stderr
2024-04-24T14:35:00.501+0000 7fdd97fff700 1 -- 172.21.15.72:0/1395611907 <== mon.0 v2:172.21.15.72:3300/0 3 ==== mon_map magic: 0 ==== 205+0+0 (secure 0 0 0) 0x7fdd9c0119e0 con 0x7fdda0108ea0
2024-04-24T14:35:01.352 INFO:teuthology.orchestra.run.smithi072.stdout:/usr/bin/ceph: stderr
2024-04-24T14:35:00.501+0000 7fdda7288700 1 -- 172.21.15.72:0/1395611907 >> [v2:172.21.15.72:3300/0,v1:172.21.15.72:6789/0] conn(0x7fdda0108ea0 msgr2=0x7fdda010b290 secure :-1 s=STATE_CONNECTION_ESTABLISHED l=1).mark_down
2024-04-24T14:35:01.352 INFO:teuthology.orchestra.run.smithi072.stdout:/usr/bin/ceph: stderr
2024-04-24T14:35:00.501+0000 7fdda7288700 1 --2- 172.21.15.72:0/1395611907 >> [v2:172.21.15.72:3300/0,v1:172.21.15.72:6789/0] conn(0x7fdda0108ea0 0x7fdda010b290 secure :-1 s=READY pgs=47 cs=0 l=1 rev1=1 crypto rx=0x7fdd9c0098a0 tx=0x7fdd9c009bb0 comp rx=0 tx=0).stop
2024-04-24T14:35:01.352 INFO:teuthology.orchestra.run.smithi072.stdout:/usr/bin/ceph: stderr
2024-04-24T14:35:00.501+0000 7fdda7288700 1 -- 172.21.15.72:0/1395611907 shutdown_connections
2024-04-24T14:35:01.352 INFO:teuthology.orchestra.run.smithi072.stdout:/usr/bin/ceph: stderr
2024-04-24T14:35:00.501+0000 7fdda7288700 1 --2- 172.21.15.72:0/1395611907 >> [v2:172.21.15.72:3300/0,v1:172.21.15.72:6789/0] conn(0x7fdda0108ea0 0x7fdda010b290 unknown :-1 s=CLOSED pgs=47 cs=0 l=1 rev1=1 crypto rx=0 tx=0 comp rx=0 tx=0).stop
2024-04-24T14:35:01.352 INFO:teuthology.orchestra.run.smithi072.stdout:/usr/bin/ceph: stderr
2024-04-24T14:35:00.501+0000 7fdda7288700 1 -- 172.21.15.72:0/1395611907 >> 172.21.15.72:0/1395611907 conn(0x7fdda0102890 msgr2=0x7fdda0104d10 unknown :-1 s=STATE_NONE l=0).mark_down
2024-04-24T14:35:01.352 INFO:teuthology.orchestra.run.smithi072.stdout:/usr/bin/ceph: stderr
2024-04-24T14:35:00.501+0000 7fdda7288700 1 -- 172.21.15.72:0/1395611907 shutdown_connections
2024-04-24T14:35:01.353 INFO:teuthology.orchestra.run.smithi072.stdout:/usr/bin/ceph: stderr
2024-04-24T14:35:00.501+0000 7fdda7288700 1 -- 172.21.15.72:0/1395611907 wait complete.
2024-04-24T14:35:01.353 INFO:teuthology.orchestra.run.smithi072.stdout:/usr/bin/ceph: stderr
2024-04-24T14:35:00.502+0000 7fdda7288700 1 Processor -- start
2024-04-24T14:35:01.353 INFO:teuthology.orchestra.run.smithi072.stdout:/usr/bin/ceph: stderr
2024-04-24T14:35:00.502+0000 7fdda7288700 1 -- start start
2024-04-24T14:35:01.353 INFO:teuthology.orchestra.run.smithi072.stdout:/usr/bin/ceph: stderr
2024-04-24T14:35:00.502+0000 7fdda7288700 1 --2- >> [v2:172.21.15.72:3300/0,v1:172.21.15.72:6789/0] conn(0x7fdda0108ea0 0x7fdda019c280 unknown :-1 s=NONE pgs=0 cs=0 l=1 rev1=0 crypto rx=0 tx=0 comp rx=0 tx=0).connect
2024-04-24T14:35:01.353 INFO:teuthology.orchestra.run.smithi072.stdout:/usr/bin/ceph: stderr
2024-04-24T14:35:00.502+0000 7fdda7288700 1 -- --> [v2:172.21.15.72:3300/0,v1:172.21.15.72:6789/0] -- mon_getmap magic: 0 -- 0x7fdda010c740 con 0x7fdda0108ea0
2024-04-24T14:35:01.353 INFO:teuthology.orchestra.run.smithi072.stdout:/usr/bin/ceph: stderr
2024-04-24T14:35:00.502+0000 7fdda5024700 1 --2- >> [v2:172.21.15.72:3300/0,v1:172.21.15.72:6789/0] conn(0x7fdda0108ea0 0x7fdda019c280 unknown :-1 s=BANNER_CONNECTING pgs=0 cs=0 l=1 rev1=0 crypto rx=0 tx=0 comp rx=0 tx=0)._handle_peer_banner_payload supported=3 required=0
2024-04-24T14:35:01.353 INFO:teuthology.orchestra.run.smithi072.stdout:/usr/bin/ceph: stderr
2024-04-24T14:35:00.502+0000 7fdda5024700 1 --2- >> [v2:172.21.15.72:3300/0,v1:172.21.15.72:6789/0] conn(0x7fdda0108ea0 0x7fdda019c280 unknown :-1 s=HELLO_CONNECTING pgs=0 cs=0 l=1 rev1=1 crypto rx=0 tx=0 comp rx=0 tx=0).handle_hello peer v2:172.21.15.72:3300/0 says I am v2:172.21.15.72:58918/0 (socket says 172.21.15.72:58918)
2024-04-24T14:35:01.353 INFO:teuthology.orchestra.run.smithi072.stdout:/usr/bin/ceph: stderr
2024-04-24T14:35:00.502+0000 7fdda5024700 1 -- 172.21.15.72:0/149218413 learned_addr learned my addr 172.21.15.72:0/149218413 (peer_addr_for_me v2:172.21.15.72:0/0)
2024-04-24T14:35:01.353 INFO:teuthology.orchestra.run.smithi072.stdout:/usr/bin/ceph: stderr
2024-04-24T14:35:00.502+0000 7fdda5024700 1 -- 172.21.15.72:0/149218413 --> [v2:172.21.15.72:3300/0,v1:172.21.15.72:6789/0] -- mon_subscribe({config=0+,monmap=0+}) -- 0x7fdda019c7c0 con 0x7fdda0108ea0
2024-04-24T14:35:01.353 INFO:teuthology.orchestra.run.smithi072.stdout:/usr/bin/ceph: stderr
2024-04-24T14:35:00.503+0000 7fdda5024700 1 --2- 172.21.15.72:0/149218413 >> [v2:172.21.15.72:3300/0,v1:172.21.15.72:6789/0] conn(0x7fdda0108ea0 0x7fdda019c280 secure :-1 s=READY pgs=48 cs=0 l=1 rev1=1 crypto rx=0x7fdd9c009130 tx=0x7fdd9c011a60 comp rx=0 tx=0).ready entity=mon.0 client_cookie=0 server_cookie=0 in_seq=0 out_seq=0
2024-04-24T14:35:01.353 INFO:teuthology.orchestra.run.smithi072.stdout:/usr/bin/ceph: stderr
2024-04-24T14:35:00.503+0000 7fdd967fc700 1 -- 172.21.15.72:0/149218413 <== mon.0 v2:172.21.15.72:3300/0 1 ==== mon_map magic: 0 ==== 205+0+0 (secure 0 0 0) 0x7fdd9c003b20 con 0x7fdda0108ea0
2024-04-24T14:35:01.353 INFO:teuthology.orchestra.run.smithi072.stdout:/usr/bin/ceph: stderr
2024-04-24T14:35:00.503+0000 7fdd967fc700 1 -- 172.21.15.72:0/149218413 <== mon.0 v2:172.21.15.72:3300/0 2 ==== config(25 keys) ==== 1032+0+0 (secure 0 0 0) 0x7fdd9c01a8a0 con 0x7fdda0108ea0
2024-04-24T14:35:01.353 INFO:teuthology.orchestra.run.smithi072.stdout:/usr/bin/ceph: stderr
2024-04-24T14:35:00.503+0000 7fdda7288700 1 -- 172.21.15.72:0/149218413 --> [v2:172.21.15.72:3300/0,v1:172.21.15.72:6789/0] -- mon_subscribe({mgrmap=0+}) -- 0x7fdda019ca50 con 0x7fdda0108ea0
2024-04-24T14:35:01.354 INFO:teuthology.orchestra.run.smithi072.stdout:/usr/bin/ceph: stderr
2024-04-24T14:35:00.503+0000 7fdd967fc700 1 -- 172.21.15.72:0/149218413 <== mon.0 v2:172.21.15.72:3300/0 3 ==== mon_map magic: 0 ==== 205+0+0 (secure 0 0 0) 0x7fdd9c024810 con 0x7fdda0108ea0
2024-04-24T14:35:01.354 INFO:teuthology.orchestra.run.smithi072.stdout:/usr/bin/ceph: stderr
2024-04-24T14:35:00.503+0000 7fdda7288700 1 -- 172.21.15.72:0/149218413 --> [v2:172.21.15.72:3300/0,v1:172.21.15.72:6789/0] -- mon_subscribe({osdmap=0}) -- 0x7fdda019f740 con 0x7fdda0108ea0
2024-04-24T14:35:01.354 INFO:teuthology.orchestra.run.smithi072.stdout:/usr/bin/ceph: stderr
2024-04-24T14:35:00.504+0000 7fdd967fc700 1 -- 172.21.15.72:0/149218413 <== mon.0 v2:172.21.15.72:3300/0 4 ==== mgrmap(e 8) ==== 46558+0+0 (secure 0 0 0) 0x7fdd9c022020 con 0x7fdda0108ea0
2024-04-24T14:35:01.354 INFO:teuthology.orchestra.run.smithi072.stdout:/usr/bin/ceph: stderr
2024-04-24T14:35:00.504+0000 7fdda7288700 1 -- 172.21.15.72:0/149218413 --> [v2:172.21.15.72:3300/0,v1:172.21.15.72:6789/0] -- mon_command({"prefix": "get_command_descriptions"} v 0) -- 0x7fdda0064250 con 0x7fdda0108ea0
2024-04-24T14:35:01.354 INFO:teuthology.orchestra.run.smithi072.stdout:/usr/bin/ceph: stderr
2024-04-24T14:35:00.504+0000 7fdd967fc700 1 --2- 172.21.15.72:0/149218413 >> [v2:172.21.15.72:6800/280801297,v1:172.21.15.72:6801/280801297] conn(0x7fdd8c0395b0 0x7fdd8c03ba70 unknown :-1 s=NONE pgs=0 cs=0 l=1 rev1=0 crypto rx=0 tx=0 comp rx=0 tx=0).connect
2024-04-24T14:35:01.354 INFO:teuthology.orchestra.run.smithi072.stdout:/usr/bin/ceph: stderr
2024-04-24T14:35:00.504+0000 7fdd967fc700 1 -- 172.21.15.72:0/149218413 <== mon.0 v2:172.21.15.72:3300/0 5 ==== osd_map(2..2 src has 1..2) ==== 940+0+0 (secure 0 0 0) 0x7fdd9c04d9e0 con 0x7fdda0108ea0
2024-04-24T14:35:01.354 INFO:teuthology.orchestra.run.smithi072.stdout:/usr/bin/ceph: stderr
2024-04-24T14:35:00.504+0000 7fdda4823700 1 --2- 172.21.15.72:0/149218413 >> [v2:172.21.15.72:6800/280801297,v1:172.21.15.72:6801/280801297] conn(0x7fdd8c0395b0 0x7fdd8c03ba70 unknown :-1 s=BANNER_CONNECTING pgs=0 cs=0 l=1 rev1=0 crypto rx=0 tx=0 comp rx=0 tx=0)._handle_peer_banner_payload supported=3 required=0
2024-04-24T14:35:01.354 INFO:teuthology.orchestra.run.smithi072.stdout:/usr/bin/ceph: stderr
2024-04-24T14:35:00.504+0000 7fdda4823700 1 --2- 172.21.15.72:0/149218413 >> [v2:172.21.15.72:6800/280801297,v1:172.21.15.72:6801/280801297] conn(0x7fdd8c0395b0 0x7fdd8c03ba70 secure :-1 s=READY pgs=12 cs=0 l=1 rev1=1 crypto rx=0x7fdd90006fd0 tx=0x7fdd90006e40 comp rx=0 tx=0).ready entity=mgr.14120 client_cookie=0 server_cookie=0 in_seq=0 out_seq=0
2024-04-24T14:35:01.354 INFO:teuthology.orchestra.run.smithi072.stdout:/usr/bin/ceph: stderr
2024-04-24T14:35:00.509+0000 7fdd967fc700 1 -- 172.21.15.72:0/149218413 <== mon.0 v2:172.21.15.72:3300/0 6 ==== mon_command_ack([{"prefix": "get_command_descriptions"}]=0 v0) ==== 72+0+188370 (secure 0 0 0) 0x7fdd9c00b3e0 con 0x7fdda0108ea0
2024-04-24T14:35:01.354 INFO:teuthology.orchestra.run.smithi072.stdout:/usr/bin/ceph: stderr
2024-04-24T14:35:00.734+0000 7fdda7288700 1 -- 172.21.15.72:0/149218413 --> [v2:172.21.15.72:6800/280801297,v1:172.21.15.72:6801/280801297] -- mgr_command(tid 0: {"prefix": "orch apply", "service_type": "mon", "unmanaged": true, "target": ["mon-mgr", ""]}) -- 0x7fdda0103ac0 con 0x7fdd8c0395b0
2024-04-24T14:35:01.354 INFO:teuthology.orchestra.run.smithi072.stdout:/usr/bin/ceph: stderr
2024-04-24T14:35:00.741+0000 7fdd967fc700 1 -- 172.21.15.72:0/149218413 <== mgr.14120 v2:172.21.15.72:6800/280801297 1 ==== mgr_command_reply(tid 0: 0 ) ==== 8+0+24 (secure 0 0 0) 0x7fdda0103ac0 con 0x7fdd8c0395b0
2024-04-24T14:35:01.355 INFO:teuthology.orchestra.run.smithi072.stdout:/usr/bin/ceph: stderr
2024-04-24T14:35:00.743+0000 7fdda7288700 1 -- 172.21.15.72:0/149218413 >> [v2:172.21.15.72:6800/280801297,v1:172.21.15.72:6801/280801297] conn(0x7fdd8c0395b0 msgr2=0x7fdd8c03ba70 secure :-1 s=STATE_CONNECTION_ESTABLISHED l=1).mark_down
2024-04-24T14:35:01.355 INFO:teuthology.orchestra.run.smithi072.stdout:/usr/bin/ceph: stderr
2024-04-24T14:35:00.743+0000 7fdda7288700 1 --2- 172.21.15.72:0/149218413 >> [v2:172.21.15.72:6800/280801297,v1:172.21.15.72:6801/280801297] conn(0x7fdd8c0395b0 0x7fdd8c03ba70 secure :-1 s=READY pgs=12 cs=0 l=1 rev1=1 crypto rx=0x7fdd90006fd0 tx=0x7fdd90006e40 comp rx=0 tx=0).stop
2024-04-24T14:35:01.355 INFO:teuthology.orchestra.run.smithi072.stdout:/usr/bin/ceph: stderr
2024-04-24T14:35:00.743+0000 7fdda7288700 1 -- 172.21.15.72:0/149218413 >> [v2:172.21.15.72:3300/0,v1:172.21.15.72:6789/0] conn(0x7fdda0108ea0 msgr2=0x7fdda019c280 secure :-1 s=STATE_CONNECTION_ESTABLISHED l=1).mark_down
2024-04-24T14:35:01.355 INFO:teuthology.orchestra.run.smithi072.stdout:/usr/bin/ceph: stderr
2024-04-24T14:35:00.743+0000 7fdda7288700 1 --2- 172.21.15.72:0/149218413 >> [v2:172.21.15.72:3300/0,v1:172.21.15.72:6789/0] conn(0x7fdda0108ea0 0x7fdda019c280 secure :-1 s=READY pgs=48 cs=0 l=1 rev1=1 crypto rx=0x7fdd9c009130 tx=0x7fdd9c011a60 comp rx=0 tx=0).stop
2024-04-24T14:35:01.355 INFO:teuthology.orchestra.run.smithi072.stdout:/usr/bin/ceph: stderr
2024-04-24T14:35:00.743+0000 7fdda7288700 1 -- 172.21.15.72:0/149218413 shutdown_connections
2024-04-24T14:35:01.355 INFO:teuthology.orchestra.run.smithi072.stdout:/usr/bin/ceph: stderr
2024-04-24T14:35:00.743+0000 7fdda7288700 1 --2- 172.21.15.72:0/149218413 >> [v2:172.21.15.72:6800/280801297,v1:172.21.15.72:6801/280801297] conn(0x7fdd8c0395b0 0x7fdd8c03ba70 unknown :-1 s=CLOSED pgs=12 cs=0 l=1 rev1=1 crypto rx=0 tx=0 comp rx=0 tx=0).stop
2024-04-24T14:35:01.355 INFO:teuthology.orchestra.run.smithi072.stdout:/usr/bin/ceph: stderr
2024-04-24T14:35:00.743+0000 7fdda7288700 1 --2- 172.21.15.72:0/149218413 >> [v2:172.21.15.72:3300/0,v1:172.21.15.72:6789/0] conn(0x7fdda0108ea0 0x7fdda019c280 unknown :-1 s=CLOSED pgs=48 cs=0 l=1 rev1=1 crypto rx=0 tx=0 comp rx=0 tx=0).stop
2024-04-24T14:35:01.355 INFO:teuthology.orchestra.run.smithi072.stdout:/usr/bin/ceph: stderr
2024-04-24T14:35:00.743+0000 7fdda7288700 1 -- 172.21.15.72:0/149218413 >> 172.21.15.72:0/149218413 conn(0x7fdda0102890 msgr2=0x7fdda01033b0 unknown :-1 s=STATE_NONE l=0).mark_down
2024-04-24T14:35:01.355 INFO:teuthology.orchestra.run.smithi072.stdout:/usr/bin/ceph: stderr
2024-04-24T14:35:00.743+0000 7fdda7288700 1 -- 172.21.15.72:0/149218413 shutdown_connections
2024-04-24T14:35:01.355 INFO:teuthology.orchestra.run.smithi072.stdout:/usr/bin/ceph: stderr
2024-04-24T14:35:00.743+0000 7fdda7288700 1 -- 172.21.15.72:0/149218413 wait complete.
2024-04-24T14:35:01.355 INFO:teuthology.orchestra.run.smithi072.stdout:Deploying unmanaged mgr service...
2024-04-24T14:35:01.983 INFO:journalctl@ceph.mon.a.smithi072.stdout:Apr 24 14:35:01 smithi072 ceph-mon[29425]: from='client.14142 -' entity='client.admin' cmd=[{"prefix": "orch apply", "service_type": "mon", "unmanaged": true, "target": ["mon-mgr", ""]}]: dispatch
2024-04-24T14:35:01.983 INFO:journalctl@ceph.mon.a.smithi072.stdout:Apr 24 14:35:01 smithi072 ceph-mon[29425]: Saving service mon spec with placement count:5
2024-04-24T14:35:01.983 INFO:journalctl@ceph.mon.a.smithi072.stdout:Apr 24 14:35:01 smithi072 ceph-mon[29425]: from='mgr.14120 172.21.15.72:0/2917835935' entity='mgr.x'
2024-04-24T14:35:03.199 INFO:journalctl@ceph.mon.a.smithi072.stdout:Apr 24 14:35:03 smithi072 ceph-mon[29425]: from='client.14144 -' entity='client.admin' cmd=[{"prefix": "orch apply", "service_type": "mgr", "unmanaged": true, "target": ["mon-mgr", ""]}]: dispatch
2024-04-24T14:35:03.199 INFO:journalctl@ceph.mon.a.smithi072.stdout:Apr 24 14:35:03 smithi072 ceph-mon[29425]: Saving service mgr spec with placement count:2
2024-04-24T14:35:03.199 INFO:journalctl@ceph.mon.a.smithi072.stdout:Apr 24 14:35:03 smithi072 ceph-mon[29425]: from='mgr.14120 172.21.15.72:0/2917835935' entity='mgr.x'
2024-04-24T14:35:03.200 INFO:journalctl@ceph.mon.a.smithi072.stdout:Apr 24 14:35:03 smithi072 ceph-mon[29425]: from='mgr.14120 172.21.15.72:0/2917835935' entity='mgr.x'
2024-04-24T14:35:03.207 INFO:teuthology.orchestra.run.smithi072.stdout:/usr/bin/ceph: stdout Scheduled mgr update...
2024-04-24T14:35:03.207 INFO:teuthology.orchestra.run.smithi072.stdout:/usr/bin/ceph: stderr
2024-04-24T14:35:01.774+0000 7f3f0648f700 1 Processor -- start
2024-04-24T14:35:03.207 INFO:teuthology.orchestra.run.smithi072.stdout:/usr/bin/ceph: stderr
2024-04-24T14:35:01.774+0000 7f3f0648f700 1 -- start start
2024-04-24T14:35:03.207 INFO:teuthology.orchestra.run.smithi072.stdout:/usr/bin/ceph: stderr
2024-04-24T14:35:01.774+0000 7f3f0648f700 1 --2- >> [v2:172.21.15.72:3300/0,v1:172.21.15.72:6789/0] conn(0x7f3f00108f50 0x7f3f0010b340 unknown :-1 s=NONE pgs=0 cs=0 l=0 rev1=0 crypto rx=0 tx=0 comp rx=0 tx=0).connect
2024-04-24T14:35:03.208 INFO:teuthology.orchestra.run.smithi072.stdout:/usr/bin/ceph: stderr
2024-04-24T14:35:01.774+0000 7f3f0648f700 1 -- --> [v2:172.21.15.72:3300/0,v1:172.21.15.72:6789/0] -- mon_getmap magic: 0 -- 0x7f3f0007be90 con 0x7f3f00108f50
2024-04-24T14:35:03.208 INFO:teuthology.orchestra.run.smithi072.stdout:/usr/bin/ceph: stderr
2024-04-24T14:35:01.774+0000 7f3efffff700 1 --2- >> [v2:172.21.15.72:3300/0,v1:172.21.15.72:6789/0] conn(0x7f3f00108f50 0x7f3f0010b340 unknown :-1 s=BANNER_CONNECTING pgs=0 cs=0 l=0 rev1=0 crypto rx=0 tx=0 comp rx=0 tx=0)._handle_peer_banner_payload supported=3 required=0
2024-04-24T14:35:03.208 INFO:teuthology.orchestra.run.smithi072.stdout:/usr/bin/ceph: stderr
2024-04-24T14:35:01.774+0000 7f3efffff700 1 --2- >> [v2:172.21.15.72:3300/0,v1:172.21.15.72:6789/0] conn(0x7f3f00108f50 0x7f3f0010b340 unknown :-1 s=HELLO_CONNECTING pgs=0 cs=0 l=0 rev1=1 crypto rx=0 tx=0 comp rx=0 tx=0).handle_hello peer v2:172.21.15.72:3300/0 says I am v2:172.21.15.72:58926/0 (socket says 172.21.15.72:58926)
2024-04-24T14:35:03.208 INFO:teuthology.orchestra.run.smithi072.stdout:/usr/bin/ceph: stderr
2024-04-24T14:35:01.774+0000 7f3efffff700 1 -- 172.21.15.72:0/4123916829 learned_addr learned my addr 172.21.15.72:0/4123916829 (peer_addr_for_me v2:172.21.15.72:0/0)
2024-04-24T14:35:03.208 INFO:teuthology.orchestra.run.smithi072.stdout:/usr/bin/ceph: stderr
2024-04-24T14:35:01.774+0000 7f3efffff700 1 -- 172.21.15.72:0/4123916829 --> [v2:172.21.15.72:3300/0,v1:172.21.15.72:6789/0] -- mon_subscribe({config=0+,monmap=0+}) -- 0x7f3f0010b880 con 0x7f3f00108f50
2024-04-24T14:35:03.208 INFO:teuthology.orchestra.run.smithi072.stdout:/usr/bin/ceph: stderr
2024-04-24T14:35:01.774+0000 7f3efffff700 1 --2- 172.21.15.72:0/4123916829 >> [v2:172.21.15.72:3300/0,v1:172.21.15.72:6789/0] conn(0x7f3f00108f50 0x7f3f0010b340 secure :-1 s=READY pgs=49 cs=0 l=1 rev1=1 crypto rx=0x7f3ef00098a0 tx=0x7f3ef0009bb0 comp rx=0 tx=0).ready entity=mon.0 client_cookie=3c7b875cb1fa7939 server_cookie=0 in_seq=0 out_seq=0
2024-04-24T14:35:03.208 INFO:teuthology.orchestra.run.smithi072.stdout:/usr/bin/ceph: stderr
2024-04-24T14:35:01.775+0000 7f3efeffd700 1 -- 172.21.15.72:0/4123916829 <== mon.0 v2:172.21.15.72:3300/0 1 ==== mon_map magic: 0 ==== 205+0+0 (secure 0 0 0) 0x7f3ef0004160 con 0x7f3f00108f50
2024-04-24T14:35:03.208 INFO:teuthology.orchestra.run.smithi072.stdout:/usr/bin/ceph: stderr
2024-04-24T14:35:01.775+0000 7f3efeffd700 1 -- 172.21.15.72:0/4123916829 <== mon.0 v2:172.21.15.72:3300/0 2 ==== config(25 keys) ==== 1032+0+0 (secure 0 0 0) 0x7f3ef0004300 con 0x7f3f00108f50
2024-04-24T14:35:03.208 INFO:teuthology.orchestra.run.smithi072.stdout:/usr/bin/ceph: stderr
2024-04-24T14:35:01.775+0000 7f3efeffd700 1 -- 172.21.15.72:0/4123916829 <== mon.0 v2:172.21.15.72:3300/0 3 ==== mon_map magic: 0 ==== 205+0+0 (secure 0 0 0) 0x7f3ef00119e0 con 0x7f3f00108f50
2024-04-24T14:35:03.208 INFO:teuthology.orchestra.run.smithi072.stdout:/usr/bin/ceph: stderr
2024-04-24T14:35:01.775+0000 7f3f0648f700 1 -- 172.21.15.72:0/4123916829 >> [v2:172.21.15.72:3300/0,v1:172.21.15.72:6789/0] conn(0x7f3f00108f50 msgr2=0x7f3f0010b340 secure :-1 s=STATE_CONNECTION_ESTABLISHED l=1).mark_down
2024-04-24T14:35:03.208 INFO:teuthology.orchestra.run.smithi072.stdout:/usr/bin/ceph: stderr
2024-04-24T14:35:01.775+0000 7f3f0648f700 1 --2- 172.21.15.72:0/4123916829 >> [v2:172.21.15.72:3300/0,v1:172.21.15.72:6789/0] conn(0x7f3f00108f50 0x7f3f0010b340 secure :-1 s=READY pgs=49 cs=0 l=1 rev1=1 crypto rx=0x7f3ef00098a0 tx=0x7f3ef0009bb0 comp rx=0 tx=0).stop
2024-04-24T14:35:03.208 INFO:teuthology.orchestra.run.smithi072.stdout:/usr/bin/ceph: stderr
2024-04-24T14:35:01.775+0000 7f3f0648f700 1 -- 172.21.15.72:0/4123916829 shutdown_connections
2024-04-24T14:35:03.209 INFO:teuthology.orchestra.run.smithi072.stdout:/usr/bin/ceph: stderr
2024-04-24T14:35:01.775+0000 7f3f0648f700 1 --2- 172.21.15.72:0/4123916829 >> [v2:172.21.15.72:3300/0,v1:172.21.15.72:6789/0] conn(0x7f3f00108f50 0x7f3f0010b340 unknown :-1 s=CLOSED pgs=49 cs=0 l=1 rev1=1 crypto rx=0 tx=0 comp rx=0 tx=0).stop
2024-04-24T14:35:03.209 INFO:teuthology.orchestra.run.smithi072.stdout:/usr/bin/ceph: stderr
2024-04-24T14:35:01.775+0000 7f3f0648f700 1 -- 172.21.15.72:0/4123916829 >> 172.21.15.72:0/4123916829 conn(0x7f3f00102980 msgr2=0x7f3f00104da0 unknown :-1 s=STATE_NONE l=0).mark_down
2024-04-24T14:35:03.209 INFO:teuthology.orchestra.run.smithi072.stdout:/usr/bin/ceph: stderr
2024-04-24T14:35:01.775+0000 7f3f0648f700 1 -- 172.21.15.72:0/4123916829 shutdown_connections
2024-04-24T14:35:03.209 INFO:teuthology.orchestra.run.smithi072.stdout:/usr/bin/ceph: stderr
2024-04-24T14:35:01.775+0000 7f3f0648f700 1 -- 172.21.15.72:0/4123916829 wait complete.
2024-04-24T14:35:03.209 INFO:teuthology.orchestra.run.smithi072.stdout:/usr/bin/ceph: stderr
2024-04-24T14:35:01.776+0000 7f3f0648f700 1 Processor -- start
2024-04-24T14:35:03.209 INFO:teuthology.orchestra.run.smithi072.stdout:/usr/bin/ceph: stderr
2024-04-24T14:35:01.776+0000 7f3f0648f700 1 -- start start
2024-04-24T14:35:03.209 INFO:teuthology.orchestra.run.smithi072.stdout:/usr/bin/ceph: stderr
2024-04-24T14:35:01.776+0000 7f3f0648f700 1 --2- >> [v2:172.21.15.72:3300/0,v1:172.21.15.72:6789/0] conn(0x7f3f00108f50 0x7f3f001087d0 unknown :-1 s=NONE pgs=0 cs=0 l=1 rev1=0 crypto rx=0 tx=0 comp rx=0 tx=0).connect
2024-04-24T14:35:03.209 INFO:teuthology.orchestra.run.smithi072.stdout:/usr/bin/ceph: stderr
2024-04-24T14:35:01.776+0000 7f3f0648f700 1 -- --> [v2:172.21.15.72:3300/0,v1:172.21.15.72:6789/0] -- mon_getmap magic: 0 -- 0x7f3f0010c7e0 con 0x7f3f00108f50
2024-04-24T14:35:03.209 INFO:teuthology.orchestra.run.smithi072.stdout:/usr/bin/ceph: stderr
2024-04-24T14:35:01.776+0000 7f3efffff700 1 --2- >> [v2:172.21.15.72:3300/0,v1:172.21.15.72:6789/0] conn(0x7f3f00108f50 0x7f3f001087d0 unknown :-1 s=BANNER_CONNECTING pgs=0 cs=0 l=1 rev1=0 crypto rx=0 tx=0 comp rx=0 tx=0)._handle_peer_banner_payload supported=3 required=0
2024-04-24T14:35:03.209 INFO:teuthology.orchestra.run.smithi072.stdout:/usr/bin/ceph: stderr
2024-04-24T14:35:01.776+0000 7f3efffff700 1 --2- >> [v2:172.21.15.72:3300/0,v1:172.21.15.72:6789/0] conn(0x7f3f00108f50 0x7f3f001087d0 unknown :-1 s=HELLO_CONNECTING pgs=0 cs=0 l=1 rev1=1 crypto rx=0 tx=0 comp rx=0 tx=0).handle_hello peer v2:172.21.15.72:3300/0 says I am v2:172.21.15.72:58938/0 (socket says 172.21.15.72:58938)
2024-04-24T14:35:03.209 INFO:teuthology.orchestra.run.smithi072.stdout:/usr/bin/ceph: stderr
2024-04-24T14:35:01.776+0000 7f3efffff700 1 -- 172.21.15.72:0/2180230154 learned_addr learned my addr 172.21.15.72:0/2180230154 (peer_addr_for_me v2:172.21.15.72:0/0)
2024-04-24T14:35:03.209 INFO:teuthology.orchestra.run.smithi072.stdout:/usr/bin/ceph: stderr
2024-04-24T14:35:01.777+0000 7f3efffff700 1 -- 172.21.15.72:0/2180230154 --> [v2:172.21.15.72:3300/0,v1:172.21.15.72:6789/0] -- mon_subscribe({config=0+,monmap=0+}) -- 0x7f3f00108d10 con 0x7f3f00108f50
2024-04-24T14:35:03.209 INFO:teuthology.orchestra.run.smithi072.stdout:/usr/bin/ceph: stderr
2024-04-24T14:35:01.777+0000 7f3efffff700 1 --2- 172.21.15.72:0/2180230154 >> [v2:172.21.15.72:3300/0,v1:172.21.15.72:6789/0] conn(0x7f3f00108f50 0x7f3f001087d0 secure :-1 s=READY pgs=50 cs=0 l=1 rev1=1 crypto rx=0x7f3ef00119b0 tx=0x7f3ef0011a90 comp rx=0 tx=0).ready entity=mon.0 client_cookie=0 server_cookie=0 in_seq=0 out_seq=0
2024-04-24T14:35:03.209 INFO:teuthology.orchestra.run.smithi072.stdout:/usr/bin/ceph: stderr
2024-04-24T14:35:01.777+0000 7f3efd7fa700 1 -- 172.21.15.72:0/2180230154 <== mon.0 v2:172.21.15.72:3300/0 1 ==== mon_map magic: 0 ==== 205+0+0 (secure 0 0 0) 0x7f3ef00039f0 con 0x7f3f00108f50
2024-04-24T14:35:03.210 INFO:teuthology.orchestra.run.smithi072.stdout:/usr/bin/ceph: stderr
2024-04-24T14:35:01.777+0000 7f3efd7fa700 1 -- 172.21.15.72:0/2180230154 <== mon.0 v2:172.21.15.72:3300/0 2 ==== config(25 keys) ==== 1032+0+0 (secure 0 0 0) 0x7f3ef0003b90 con 0x7f3f00108f50
2024-04-24T14:35:03.210 INFO:teuthology.orchestra.run.smithi072.stdout:/usr/bin/ceph: stderr
2024-04-24T14:35:01.777+0000 7f3f0648f700 1 -- 172.21.15.72:0/2180230154 --> [v2:172.21.15.72:3300/0,v1:172.21.15.72:6789/0] -- mon_subscribe({mgrmap=0+}) -- 0x7f3f00106f00 con 0x7f3f00108f50
2024-04-24T14:35:03.210 INFO:teuthology.orchestra.run.smithi072.stdout:/usr/bin/ceph: stderr
2024-04-24T14:35:01.777+0000 7f3efd7fa700 1 -- 172.21.15.72:0/2180230154 <== mon.0 v2:172.21.15.72:3300/0 3 ==== mon_map magic: 0 ==== 205+0+0 (secure 0 0 0) 0x7f3ef001a620 con 0x7f3f00108f50
2024-04-24T14:35:03.210 INFO:teuthology.orchestra.run.smithi072.stdout:/usr/bin/ceph: stderr
2024-04-24T14:35:01.777+0000 7f3f0648f700 1 -- 172.21.15.72:0/2180230154 --> [v2:172.21.15.72:3300/0,v1:172.21.15.72:6789/0] -- mon_subscribe({osdmap=0}) -- 0x7f3f00107440 con 0x7f3f00108f50
2024-04-24T14:35:03.210 INFO:teuthology.orchestra.run.smithi072.stdout:/usr/bin/ceph: stderr
2024-04-24T14:35:01.778+0000 7f3efd7fa700 1 -- 172.21.15.72:0/2180230154 <== mon.0 v2:172.21.15.72:3300/0 4 ==== mgrmap(e 8) ==== 46558+0+0 (secure 0 0 0) 0x7f3ef001a920 con 0x7f3f00108f50
2024-04-24T14:35:03.210 INFO:teuthology.orchestra.run.smithi072.stdout:/usr/bin/ceph: stderr
2024-04-24T14:35:01.778+0000 7f3f0648f700 1 -- 172.21.15.72:0/2180230154 --> [v2:172.21.15.72:3300/0,v1:172.21.15.72:6789/0] -- mon_command({"prefix": "get_command_descriptions"} v 0) -- 0x7f3f00064250 con 0x7f3f00108f50
2024-04-24T14:35:03.210 INFO:teuthology.orchestra.run.smithi072.stdout:/usr/bin/ceph: stderr
2024-04-24T14:35:01.778+0000 7f3efd7fa700 1 --2- 172.21.15.72:0/2180230154 >> [v2:172.21.15.72:6800/280801297,v1:172.21.15.72:6801/280801297] conn(0x7f3ee8039560 0x7f3ee803ba20 unknown :-1 s=NONE pgs=0 cs=0 l=1 rev1=0 crypto rx=0 tx=0 comp rx=0 tx=0).connect
2024-04-24T14:35:03.210 INFO:teuthology.orchestra.run.smithi072.stdout:/usr/bin/ceph: stderr
2024-04-24T14:35:01.778+0000 7f3efd7fa700 1 -- 172.21.15.72:0/2180230154 <== mon.0 v2:172.21.15.72:3300/0 5 ==== osd_map(2..2 src has 1..2) ==== 940+0+0 (secure 0 0 0) 0x7f3ef004dd00 con 0x7f3f00108f50
2024-04-24T14:35:03.210 INFO:teuthology.orchestra.run.smithi072.stdout:/usr/bin/ceph: stderr
2024-04-24T14:35:01.778+0000 7f3eff7fe700 1 --2- 172.21.15.72:0/2180230154 >> [v2:172.21.15.72:6800/280801297,v1:172.21.15.72:6801/280801297] conn(0x7f3ee8039560 0x7f3ee803ba20 unknown :-1 s=BANNER_CONNECTING pgs=0 cs=0 l=1 rev1=0 crypto rx=0 tx=0 comp rx=0 tx=0)._handle_peer_banner_payload supported=3 required=0
2024-04-24T14:35:03.210 INFO:teuthology.orchestra.run.smithi072.stdout:/usr/bin/ceph: stderr
2024-04-24T14:35:01.778+0000 7f3eff7fe700 1 --2- 172.21.15.72:0/2180230154 >> [v2:172.21.15.72:6800/280801297,v1:172.21.15.72:6801/280801297] conn(0x7f3ee8039560 0x7f3ee803ba20 secure :-1 s=READY pgs=13 cs=0 l=1 rev1=1 crypto rx=0x7f3ef4006fd0 tx=0x7f3ef4006e40 comp rx=0 tx=0).ready entity=mgr.14120 client_cookie=0 server_cookie=0 in_seq=0 out_seq=0
2024-04-24T14:35:03.210 INFO:teuthology.orchestra.run.smithi072.stdout:/usr/bin/ceph: stderr
2024-04-24T14:35:01.783+0000 7f3efd7fa700 1 -- 172.21.15.72:0/2180230154 <== mon.0 v2:172.21.15.72:3300/0 6 ==== mon_command_ack([{"prefix": "get_command_descriptions"}]=0 v0) ==== 72+0+188370 (secure 0 0 0) 0x7f3ef0020240 con 0x7f3f00108f50
2024-04-24T14:35:03.210 INFO:teuthology.orchestra.run.smithi072.stdout:/usr/bin/ceph: stderr
2024-04-24T14:35:02.001+0000 7f3f0648f700 1 -- 172.21.15.72:0/2180230154 --> [v2:172.21.15.72:6800/280801297,v1:172.21.15.72:6801/280801297] -- mgr_command(tid 0: {"prefix": "orch apply", "service_type": "mgr", "unmanaged": true, "target": ["mon-mgr", ""]}) -- 0x7f3f00103b30 con 0x7f3ee8039560
2024-04-24T14:35:03.210 INFO:teuthology.orchestra.run.smithi072.stdout:/usr/bin/ceph: stderr
2024-04-24T14:35:02.008+0000 7f3efd7fa700 1 -- 172.21.15.72:0/2180230154 <== mgr.14120 v2:172.21.15.72:6800/280801297 1 ==== mgr_command_reply(tid 0: 0 ) ==== 8+0+24 (secure 0 0 0) 0x7f3f00103b30 con 0x7f3ee8039560
2024-04-24T14:35:03.211 INFO:teuthology.orchestra.run.smithi072.stdout:/usr/bin/ceph: stderr
2024-04-24T14:35:02.010+0000 7f3f0648f700 1 -- 172.21.15.72:0/2180230154 >> [v2:172.21.15.72:6800/280801297,v1:172.21.15.72:6801/280801297] conn(0x7f3ee8039560 msgr2=0x7f3ee803ba20 secure :-1 s=STATE_CONNECTION_ESTABLISHED l=1).mark_down
2024-04-24T14:35:03.211 INFO:teuthology.orchestra.run.smithi072.stdout:/usr/bin/ceph: stderr
2024-04-24T14:35:02.010+0000 7f3f0648f700 1 --2- 172.21.15.72:0/2180230154 >> [v2:172.21.15.72:6800/280801297,v1:172.21.15.72:6801/280801297] conn(0x7f3ee8039560 0x7f3ee803ba20 secure :-1 s=READY pgs=13 cs=0 l=1 rev1=1 crypto rx=0x7f3ef4006fd0 tx=0x7f3ef4006e40 comp rx=0 tx=0).stop
2024-04-24T14:35:03.211 INFO:teuthology.orchestra.run.smithi072.stdout:/usr/bin/ceph: stderr
2024-04-24T14:35:02.010+0000 7f3f0648f700 1 -- 172.21.15.72:0/2180230154 >> [v2:172.21.15.72:3300/0,v1:172.21.15.72:6789/0] conn(0x7f3f00108f50 msgr2=0x7f3f001087d0 secure :-1 s=STATE_CONNECTION_ESTABLISHED l=1).mark_down
2024-04-24T14:35:03.211 INFO:teuthology.orchestra.run.smithi072.stdout:/usr/bin/ceph: stderr
2024-04-24T14:35:02.010+0000 7f3f0648f700 1 --2- 172.21.15.72:0/2180230154 >> [v2:172.21.15.72:3300/0,v1:172.21.15.72:6789/0] conn(0x7f3f00108f50 0x7f3f001087d0 secure :-1 s=READY pgs=50 cs=0 l=1 rev1=1 crypto rx=0x7f3ef00119b0 tx=0x7f3ef0011a90 comp rx=0 tx=0).stop
2024-04-24T14:35:03.211 INFO:teuthology.orchestra.run.smithi072.stdout:/usr/bin/ceph: stderr
2024-04-24T14:35:02.010+0000 7f3f0648f700 1 -- 172.21.15.72:0/2180230154 shutdown_connections
2024-04-24T14:35:03.211 INFO:teuthology.orchestra.run.smithi072.stdout:/usr/bin/ceph: stderr
2024-04-24T14:35:02.010+0000 7f3f0648f700 1 --2- 172.21.15.72:0/2180230154 >> [v2:172.21.15.72:6800/280801297,v1:172.21.15.72:6801/280801297] conn(0x7f3ee8039560 0x7f3ee803ba20 unknown :-1 s=CLOSED pgs=13 cs=0 l=1 rev1=1 crypto rx=0 tx=0 comp rx=0 tx=0).stop
2024-04-24T14:35:03.211 INFO:teuthology.orchestra.run.smithi072.stdout:/usr/bin/ceph: stderr
2024-04-24T14:35:02.010+0000 7f3f0648f700 1 --2- 172.21.15.72:0/2180230154 >> [v2:172.21.15.72:3300/0,v1:172.21.15.72:6789/0] conn(0x7f3f00108f50 0x7f3f001087d0 unknown :-1 s=CLOSED pgs=50 cs=0 l=1 rev1=1 crypto rx=0 tx=0 comp rx=0 tx=0).stop
2024-04-24T14:35:03.211 INFO:teuthology.orchestra.run.smithi072.stdout:/usr/bin/ceph: stderr
2024-04-24T14:35:02.010+0000 7f3f0648f700 1 -- 172.21.15.72:0/2180230154 >> 172.21.15.72:0/2180230154 conn(0x7f3f00102980 msgr2=0x7f3f00103420 unknown :-1 s=STATE_NONE l=0).mark_down
2024-04-24T14:35:03.211 INFO:teuthology.orchestra.run.smithi072.stdout:/usr/bin/ceph: stderr
2024-04-24T14:35:02.011+0000 7f3f0648f700 1 -- 172.21.15.72:0/2180230154 shutdown_connections
2024-04-24T14:35:03.211 INFO:teuthology.orchestra.run.smithi072.stdout:/usr/bin/ceph: stderr
2024-04-24T14:35:02.011+0000 7f3f0648f700 1 -- 172.21.15.72:0/2180230154 wait complete.
2024-04-24T14:35:04.463 INFO:teuthology.orchestra.run.smithi072.stdout:/usr/bin/ceph: stderr
2024-04-24T14:35:03.651+0000 7fbf89ea8700 1 Processor -- start
2024-04-24T14:35:04.464 INFO:teuthology.orchestra.run.smithi072.stdout:/usr/bin/ceph: stderr
2024-04-24T14:35:03.651+0000 7fbf89ea8700 1 -- start start
2024-04-24T14:35:04.464 INFO:teuthology.orchestra.run.smithi072.stdout:/usr/bin/ceph: stderr
2024-04-24T14:35:03.651+0000 7fbf89ea8700 1 --2- >> [v2:172.21.15.72:3300/0,v1:172.21.15.72:6789/0] conn(0x7fbf841084b0 0x7fbf841088d0 unknown :-1 s=NONE pgs=0 cs=0 l=0 rev1=0 crypto rx=0 tx=0 comp rx=0 tx=0).connect
2024-04-24T14:35:04.464 INFO:teuthology.orchestra.run.smithi072.stdout:/usr/bin/ceph: stderr
2024-04-24T14:35:03.651+0000 7fbf89ea8700 1 -- --> [v2:172.21.15.72:3300/0,v1:172.21.15.72:6789/0] -- mon_getmap magic: 0 -- 0x7fbf84108ea0 con 0x7fbf841084b0
2024-04-24T14:35:04.464 INFO:teuthology.orchestra.run.smithi072.stdout:/usr/bin/ceph: stderr
2024-04-24T14:35:03.651+0000 7fbf837fe700 1 --2- >> [v2:172.21.15.72:3300/0,v1:172.21.15.72:6789/0] conn(0x7fbf841084b0 0x7fbf841088d0 unknown :-1 s=BANNER_CONNECTING pgs=0 cs=0 l=0 rev1=0 crypto rx=0 tx=0 comp rx=0 tx=0)._handle_peer_banner_payload supported=3 required=0
2024-04-24T14:35:04.464 INFO:teuthology.orchestra.run.smithi072.stdout:/usr/bin/ceph: stderr
2024-04-24T14:35:03.652+0000 7fbf837fe700 1 --2- >> [v2:172.21.15.72:3300/0,v1:172.21.15.72:6789/0] conn(0x7fbf841084b0 0x7fbf841088d0 unknown :-1 s=HELLO_CONNECTING pgs=0 cs=0 l=0 rev1=1 crypto rx=0 tx=0 comp rx=0 tx=0).handle_hello peer v2:172.21.15.72:3300/0 says I am v2:172.21.15.72:58948/0 (socket says 172.21.15.72:58948)
2024-04-24T14:35:04.464 INFO:teuthology.orchestra.run.smithi072.stdout:/usr/bin/ceph: stderr
2024-04-24T14:35:03.652+0000 7fbf837fe700 1 -- 172.21.15.72:0/833227456 learned_addr learned my addr 172.21.15.72:0/833227456 (peer_addr_for_me v2:172.21.15.72:0/0)
2024-04-24T14:35:04.464 INFO:teuthology.orchestra.run.smithi072.stdout:/usr/bin/ceph: stderr
2024-04-24T14:35:03.652+0000 7fbf837fe700 1 -- 172.21.15.72:0/833227456 --> [v2:172.21.15.72:3300/0,v1:172.21.15.72:6789/0] -- mon_subscribe({config=0+,monmap=0+}) -- 0x7fbf841096b0 con 0x7fbf841084b0
2024-04-24T14:35:04.464 INFO:teuthology.orchestra.run.smithi072.stdout:/usr/bin/ceph: stderr
2024-04-24T14:35:03.652+0000 7fbf837fe700 1 --2- 172.21.15.72:0/833227456 >> [v2:172.21.15.72:3300/0,v1:172.21.15.72:6789/0] conn(0x7fbf841084b0 0x7fbf841088d0 secure :-1 s=READY pgs=51 cs=0 l=1 rev1=1 crypto rx=0x7fbf780098a0 tx=0x7fbf78009bb0 comp rx=0 tx=0).ready entity=mon.0 client_cookie=cd210488b0e08bdb server_cookie=0 in_seq=0 out_seq=0
2024-04-24T14:35:04.464 INFO:teuthology.orchestra.run.smithi072.stdout:/usr/bin/ceph: stderr
2024-04-24T14:35:03.652+0000 7fbf827fc700 1 -- 172.21.15.72:0/833227456 <== mon.0 v2:172.21.15.72:3300/0 1 ==== mon_map magic: 0 ==== 205+0+0 (secure 0 0 0) 0x7fbf78004160 con 0x7fbf841084b0
2024-04-24T14:35:04.464 INFO:teuthology.orchestra.run.smithi072.stdout:/usr/bin/ceph: stderr
2024-04-24T14:35:03.652+0000 7fbf827fc700 1 -- 172.21.15.72:0/833227456 <== mon.0 v2:172.21.15.72:3300/0 2 ==== config(25 keys) ==== 1063+0+0 (secure 0 0 0) 0x7fbf78004300 con 0x7fbf841084b0
2024-04-24T14:35:04.464 INFO:teuthology.orchestra.run.smithi072.stdout:/usr/bin/ceph: stderr
2024-04-24T14:35:03.652+0000 7fbf827fc700 1 -- 172.21.15.72:0/833227456 <== mon.0 v2:172.21.15.72:3300/0 3 ==== mon_map magic: 0 ==== 205+0+0 (secure 0 0 0) 0x7fbf78011960 con 0x7fbf841084b0
2024-04-24T14:35:04.465 INFO:teuthology.orchestra.run.smithi072.stdout:/usr/bin/ceph: stderr
2024-04-24T14:35:03.653+0000 7fbf89ea8700 1 -- 172.21.15.72:0/833227456 >> [v2:172.21.15.72:3300/0,v1:172.21.15.72:6789/0] conn(0x7fbf841084b0 msgr2=0x7fbf841088d0 secure :-1 s=STATE_CONNECTION_ESTABLISHED l=1).mark_down
2024-04-24T14:35:04.465 INFO:teuthology.orchestra.run.smithi072.stdout:/usr/bin/ceph: stderr
2024-04-24T14:35:03.653+0000 7fbf89ea8700 1 --2- 172.21.15.72:0/833227456 >> [v2:172.21.15.72:3300/0,v1:172.21.15.72:6789/0] conn(0x7fbf841084b0 0x7fbf841088d0 secure :-1 s=READY pgs=51 cs=0 l=1 rev1=1 crypto rx=0x7fbf780098a0 tx=0x7fbf78009bb0 comp rx=0 tx=0).stop
2024-04-24T14:35:04.465 INFO:teuthology.orchestra.run.smithi072.stdout:/usr/bin/ceph: stderr
2024-04-24T14:35:03.653+0000 7fbf89ea8700 1 -- 172.21.15.72:0/833227456 shutdown_connections
2024-04-24T14:35:04.465 INFO:teuthology.orchestra.run.smithi072.stdout:/usr/bin/ceph: stderr
2024-04-24T14:35:03.653+0000 7fbf89ea8700 1 --2- 172.21.15.72:0/833227456 >> [v2:172.21.15.72:3300/0,v1:172.21.15.72:6789/0] conn(0x7fbf841084b0 0x7fbf841088d0 unknown :-1 s=CLOSED pgs=51 cs=0 l=1 rev1=1 crypto rx=0 tx=0 comp rx=0 tx=0).stop
2024-04-24T14:35:04.465 INFO:teuthology.orchestra.run.smithi072.stdout:/usr/bin/ceph: stderr
2024-04-24T14:35:03.653+0000 7fbf89ea8700 1 -- 172.21.15.72:0/833227456 >> 172.21.15.72:0/833227456 conn(0x7fbf84103a50 msgr2=0x7fbf84105e90 unknown :-1 s=STATE_NONE l=0).mark_down
2024-04-24T14:35:04.465 INFO:teuthology.orchestra.run.smithi072.stdout:/usr/bin/ceph: stderr
2024-04-24T14:35:03.653+0000 7fbf89ea8700 1 -- 172.21.15.72:0/833227456 shutdown_connections
2024-04-24T14:35:04.465 INFO:teuthology.orchestra.run.smithi072.stdout:/usr/bin/ceph: stderr
2024-04-24T14:35:03.653+0000 7fbf89ea8700 1 -- 172.21.15.72:0/833227456 wait complete.
2024-04-24T14:35:04.465 INFO:teuthology.orchestra.run.smithi072.stdout:/usr/bin/ceph: stderr
2024-04-24T14:35:03.653+0000 7fbf89ea8700 1 Processor -- start
2024-04-24T14:35:04.465 INFO:teuthology.orchestra.run.smithi072.stdout:/usr/bin/ceph: stderr
2024-04-24T14:35:03.654+0000 7fbf89ea8700 1 -- start start
2024-04-24T14:35:04.465 INFO:teuthology.orchestra.run.smithi072.stdout:/usr/bin/ceph: stderr
2024-04-24T14:35:03.654+0000 7fbf89ea8700 1 --2- >> [v2:172.21.15.72:3300/0,v1:172.21.15.72:6789/0] conn(0x7fbf841084b0 0x7fbf8407ca80 unknown :-1 s=NONE pgs=0 cs=0 l=1 rev1=0 crypto rx=0 tx=0 comp rx=0 tx=0).connect
2024-04-24T14:35:04.465 INFO:teuthology.orchestra.run.smithi072.stdout:/usr/bin/ceph: stderr
2024-04-24T14:35:03.654+0000 7fbf89ea8700 1 -- --> [v2:172.21.15.72:3300/0,v1:172.21.15.72:6789/0] -- mon_getmap magic: 0 -- 0x7fbf8410c8e0 con 0x7fbf841084b0
2024-04-24T14:35:04.465 INFO:teuthology.orchestra.run.smithi072.stdout:/usr/bin/ceph: stderr
2024-04-24T14:35:03.654+0000 7fbf837fe700 1 --2- >> [v2:172.21.15.72:3300/0,v1:172.21.15.72:6789/0] conn(0x7fbf841084b0 0x7fbf8407ca80 unknown :-1 s=BANNER_CONNECTING pgs=0 cs=0 l=1 rev1=0 crypto rx=0 tx=0 comp rx=0 tx=0)._handle_peer_banner_payload supported=3 required=0
2024-04-24T14:35:04.465 INFO:teuthology.orchestra.run.smithi072.stdout:/usr/bin/ceph: stderr
2024-04-24T14:35:03.654+0000 7fbf837fe700 1 --2- >> [v2:172.21.15.72:3300/0,v1:172.21.15.72:6789/0] conn(0x7fbf841084b0 0x7fbf8407ca80 unknown :-1 s=HELLO_CONNECTING pgs=0 cs=0 l=1 rev1=1 crypto rx=0 tx=0 comp rx=0 tx=0).handle_hello peer v2:172.21.15.72:3300/0 says I am v2:172.21.15.72:58964/0 (socket says 172.21.15.72:58964)
2024-04-24T14:35:04.466 INFO:teuthology.orchestra.run.smithi072.stdout:/usr/bin/ceph: stderr
2024-04-24T14:35:03.654+0000 7fbf837fe700 1 -- 172.21.15.72:0/1725621890 learned_addr learned my addr 172.21.15.72:0/1725621890 (peer_addr_for_me v2:172.21.15.72:0/0)
