2024-04-24T14:34:51.131+0000 7f85957fa700 1 -- 172.21.15.72:0/518534827 <== mon.0 v2:172.21.15.72:3300/0 1 ==== mon_map magic: 0 ==== 205+0+0 (secure 0 0 0) 0x7f8588003a60 con 0x7f85981084b0
2024-04-24T14:34:51.906 INFO:teuthology.orchestra.run.smithi072.stdout:/usr/bin/ceph: stderr
2024-04-24T14:34:51.131+0000 7f85957fa700 1 -- 172.21.15.72:0/518534827 <== mon.0 v2:172.21.15.72:3300/0 2 ==== config(25 keys) ==== 1032+0+0 (secure 0 0 0) 0x7f8588003c00 con 0x7f85981084b0
2024-04-24T14:34:51.906 INFO:teuthology.orchestra.run.smithi072.stdout:/usr/bin/ceph: stderr
2024-04-24T14:34:51.131+0000 7f85957fa700 1 -- 172.21.15.72:0/518534827 <== mon.0 v2:172.21.15.72:3300/0 3 ==== mon_map magic: 0 ==== 205+0+0 (secure 0 0 0) 0x7f8588024780 con 0x7f85981084b0
2024-04-24T14:34:51.906 INFO:teuthology.orchestra.run.smithi072.stdout:/usr/bin/ceph: stderr
2024-04-24T14:34:51.131+0000 7f859e58c700 1 -- 172.21.15.72:0/518534827 --> [v2:172.21.15.72:3300/0,v1:172.21.15.72:6789/0] -- mon_subscribe({mgrmap=0+}) -- 0x7f859819cae0 con 0x7f85981084b0
2024-04-24T14:34:51.906 INFO:teuthology.orchestra.run.smithi072.stdout:/usr/bin/ceph: stderr
2024-04-24T14:34:51.132+0000 7f859e58c700 1 -- 172.21.15.72:0/518534827 --> [v2:172.21.15.72:3300/0,v1:172.21.15.72:6789/0] -- mon_subscribe({osdmap=0}) -- 0x7f859819f7d0 con 0x7f85981084b0
2024-04-24T14:34:51.906 INFO:teuthology.orchestra.run.smithi072.stdout:/usr/bin/ceph: stderr
2024-04-24T14:34:51.132+0000 7f85957fa700 1 -- 172.21.15.72:0/518534827 <== mon.0 v2:172.21.15.72:3300/0 4 ==== mgrmap(e 8) ==== 46558+0+0 (secure 0 0 0) 0x7f8588022020 con 0x7f85981084b0
2024-04-24T14:34:51.907 INFO:teuthology.orchestra.run.smithi072.stdout:/usr/bin/ceph: stderr
2024-04-24T14:34:51.132+0000 7f859e58c700 1 -- 172.21.15.72:0/518534827 --> [v2:172.21.15.72:3300/0,v1:172.21.15.72:6789/0] -- mon_command({"prefix": "get_command_descriptions"} v 0) -- 0x7f8598064250 con 0x7f85981084b0
2024-04-24T14:34:51.907 INFO:teuthology.orchestra.run.smithi072.stdout:/usr/bin/ceph: stderr
2024-04-24T14:34:51.132+0000 7f85957fa700 1 --2- 172.21.15.72:0/518534827 >> [v2:172.21.15.72:6800/280801297,v1:172.21.15.72:6801/280801297] conn(0x7f85800395b0 0x7f858003ba70 unknown :-1 s=NONE pgs=0 cs=0 l=1 rev1=0 crypto rx=0 tx=0 comp rx=0 tx=0).connect
2024-04-24T14:34:51.907 INFO:teuthology.orchestra.run.smithi072.stdout:/usr/bin/ceph: stderr
2024-04-24T14:34:51.133+0000 7f85957fa700 1 -- 172.21.15.72:0/518534827 <== mon.0 v2:172.21.15.72:3300/0 5 ==== osd_map(2..2 src has 1..2) ==== 940+0+0 (secure 0 0 0) 0x7f858804dd10 con 0x7f85981084b0
2024-04-24T14:34:51.907 INFO:teuthology.orchestra.run.smithi072.stdout:/usr/bin/ceph: stderr
2024-04-24T14:34:51.133+0000 7f85977fe700 1 --2- 172.21.15.72:0/518534827 >> [v2:172.21.15.72:6800/280801297,v1:172.21.15.72:6801/280801297] conn(0x7f85800395b0 0x7f858003ba70 unknown :-1 s=BANNER_CONNECTING pgs=0 cs=0 l=1 rev1=0 crypto rx=0 tx=0 comp rx=0 tx=0)._handle_peer_banner_payload supported=3 required=0
2024-04-24T14:34:51.907 INFO:teuthology.orchestra.run.smithi072.stdout:/usr/bin/ceph: stderr
2024-04-24T14:34:51.133+0000 7f85977fe700 1 --2- 172.21.15.72:0/518534827 >> [v2:172.21.15.72:6800/280801297,v1:172.21.15.72:6801/280801297] conn(0x7f85800395b0 0x7f858003ba70 secure :-1 s=READY pgs=8 cs=0 l=1 rev1=1 crypto rx=0x7f858c006fd0 tx=0x7f858c006e40 comp rx=0 tx=0).ready entity=mgr.14120 client_cookie=0 server_cookie=0 in_seq=0 out_seq=0
2024-04-24T14:34:51.907 INFO:teuthology.orchestra.run.smithi072.stdout:/usr/bin/ceph: stderr
2024-04-24T14:34:51.137+0000 7f85957fa700 1 -- 172.21.15.72:0/518534827 <== mon.0 v2:172.21.15.72:3300/0 6 ==== mon_command_ack([{"prefix": "get_command_descriptions"}]=0 v0) ==== 72+0+188370 (secure 0 0 0) 0x7f858801a910 con 0x7f85981084b0
2024-04-24T14:34:51.907 INFO:teuthology.orchestra.run.smithi072.stdout:/usr/bin/ceph: stderr
2024-04-24T14:34:51.341+0000 7f859e58c700 1 -- 172.21.15.72:0/518534827 --> [v2:172.21.15.72:6800/280801297,v1:172.21.15.72:6801/280801297] -- mgr_command(tid 0: {"prefix": "cephadm set-user", "user": "root", "target": ["mon-mgr", ""]}) -- 0x7f8598104d10 con 0x7f85800395b0
2024-04-24T14:34:51.907 INFO:teuthology.orchestra.run.smithi072.stdout:/usr/bin/ceph: stderr
2024-04-24T14:34:51.342+0000 7f85957fa700 1 -- 172.21.15.72:0/518534827 <== mgr.14120 v2:172.21.15.72:6800/280801297 1 ==== mgr_command_reply(tid 0: 0 ) ==== 8+0+16 (secure 0 0 0) 0x7f8598104d10 con 0x7f85800395b0
2024-04-24T14:34:51.907 INFO:teuthology.orchestra.run.smithi072.stdout:/usr/bin/ceph: stderr
2024-04-24T14:34:51.344+0000 7f859e58c700 1 -- 172.21.15.72:0/518534827 >> [v2:172.21.15.72:6800/280801297,v1:172.21.15.72:6801/280801297] conn(0x7f85800395b0 msgr2=0x7f858003ba70 secure :-1 s=STATE_CONNECTION_ESTABLISHED l=1).mark_down
2024-04-24T14:34:51.907 INFO:teuthology.orchestra.run.smithi072.stdout:/usr/bin/ceph: stderr
2024-04-24T14:34:51.344+0000 7f859e58c700 1 --2- 172.21.15.72:0/518534827 >> [v2:172.21.15.72:6800/280801297,v1:172.21.15.72:6801/280801297] conn(0x7f85800395b0 0x7f858003ba70 secure :-1 s=READY pgs=8 cs=0 l=1 rev1=1 crypto rx=0x7f858c006fd0 tx=0x7f858c006e40 comp rx=0 tx=0).stop
2024-04-24T14:34:51.907 INFO:teuthology.orchestra.run.smithi072.stdout:/usr/bin/ceph: stderr
2024-04-24T14:34:51.344+0000 7f859e58c700 1 -- 172.21.15.72:0/518534827 >> [v2:172.21.15.72:3300/0,v1:172.21.15.72:6789/0] conn(0x7f85981084b0 msgr2=0x7f859819c310 secure :-1 s=STATE_CONNECTION_ESTABLISHED l=1).mark_down
2024-04-24T14:34:51.908 INFO:teuthology.orchestra.run.smithi072.stdout:/usr/bin/ceph: stderr
2024-04-24T14:34:51.344+0000 7f859e58c700 1 --2- 172.21.15.72:0/518534827 >> [v2:172.21.15.72:3300/0,v1:172.21.15.72:6789/0] conn(0x7f85981084b0 0x7f859819c310 secure :-1 s=READY pgs=40 cs=0 l=1 rev1=1 crypto rx=0x7f8588006b20 tx=0x7f8588011a60 comp rx=0 tx=0).stop
2024-04-24T14:34:51.908 INFO:teuthology.orchestra.run.smithi072.stdout:/usr/bin/ceph: stderr
2024-04-24T14:34:51.344+0000 7f859e58c700 1 -- 172.21.15.72:0/518534827 shutdown_connections
2024-04-24T14:34:51.908 INFO:teuthology.orchestra.run.smithi072.stdout:/usr/bin/ceph: stderr
2024-04-24T14:34:51.344+0000 7f859e58c700 1 --2- 172.21.15.72:0/518534827 >> [v2:172.21.15.72:6800/280801297,v1:172.21.15.72:6801/280801297] conn(0x7f85800395b0 0x7f858003ba70 unknown :-1 s=CLOSED pgs=8 cs=0 l=1 rev1=1 crypto rx=0 tx=0 comp rx=0 tx=0).stop
2024-04-24T14:34:51.908 INFO:teuthology.orchestra.run.smithi072.stdout:/usr/bin/ceph: stderr
2024-04-24T14:34:51.344+0000 7f859e58c700 1 --2- 172.21.15.72:0/518534827 >> [v2:172.21.15.72:3300/0,v1:172.21.15.72:6789/0] conn(0x7f85981084b0 0x7f859819c310 unknown :-1 s=CLOSED pgs=40 cs=0 l=1 rev1=1 crypto rx=0 tx=0 comp rx=0 tx=0).stop
2024-04-24T14:34:51.908 INFO:teuthology.orchestra.run.smithi072.stdout:/usr/bin/ceph: stderr
2024-04-24T14:34:51.344+0000 7f859e58c700 1 -- 172.21.15.72:0/518534827 >> 172.21.15.72:0/518534827 conn(0x7f8598103af0 msgr2=0x7f8598104600 unknown :-1 s=STATE_NONE l=0).mark_down
2024-04-24T14:34:51.908 INFO:teuthology.orchestra.run.smithi072.stdout:/usr/bin/ceph: stderr
2024-04-24T14:34:51.344+0000 7f859e58c700 1 -- 172.21.15.72:0/518534827 shutdown_connections
2024-04-24T14:34:51.908 INFO:teuthology.orchestra.run.smithi072.stdout:/usr/bin/ceph: stderr
2024-04-24T14:34:51.344+0000 7f859e58c700 1 -- 172.21.15.72:0/518534827 wait complete.
2024-04-24T14:34:51.908 INFO:teuthology.orchestra.run.smithi072.stdout:Generating ssh key...
2024-04-24T14:34:52.530 INFO:journalctl@ceph.mon.a.smithi072.stdout:Apr 24 14:34:52 smithi072 ceph-mon[29425]: from='client.14134 -' entity='client.admin' cmd=[{"prefix": "cephadm set-user", "user": "root", "target": ["mon-mgr", ""]}]: dispatch
2024-04-24T14:34:53.124 INFO:journalctl@ceph.mgr.x.smithi072.stdout:Apr 24 14:34:52 smithi072 ceph-89806114-0247-11ef-bc93-c7b262605968-mgr-x[29657]: Generating public/private rsa key pair.
2024-04-24T14:34:53.125 INFO:journalctl@ceph.mgr.x.smithi072.stdout:Apr 24 14:34:52 smithi072 ceph-89806114-0247-11ef-bc93-c7b262605968-mgr-x[29657]: Your identification has been saved in /tmp/tmpmwccxxxj/key.
2024-04-24T14:34:53.125 INFO:journalctl@ceph.mgr.x.smithi072.stdout:Apr 24 14:34:52 smithi072 ceph-89806114-0247-11ef-bc93-c7b262605968-mgr-x[29657]: Your public key has been saved in /tmp/tmpmwccxxxj/key.pub.
2024-04-24T14:34:53.125 INFO:journalctl@ceph.mgr.x.smithi072.stdout:Apr 24 14:34:52 smithi072 ceph-89806114-0247-11ef-bc93-c7b262605968-mgr-x[29657]: The key fingerprint is:
2024-04-24T14:34:53.125 INFO:journalctl@ceph.mgr.x.smithi072.stdout:Apr 24 14:34:52 smithi072 ceph-89806114-0247-11ef-bc93-c7b262605968-mgr-x[29657]: SHA256:XPkqxuUXto5QYrnWlxgQe0F1PuAjUTppZyjQjCsuSuM ceph-89806114-0247-11ef-bc93-c7b262605968
2024-04-24T14:34:53.125 INFO:journalctl@ceph.mgr.x.smithi072.stdout:Apr 24 14:34:52 smithi072 ceph-89806114-0247-11ef-bc93-c7b262605968-mgr-x[29657]: The key's randomart image is:
2024-04-24T14:34:53.125 INFO:journalctl@ceph.mgr.x.smithi072.stdout:Apr 24 14:34:52 smithi072 ceph-89806114-0247-11ef-bc93-c7b262605968-mgr-x[29657]: +---[RSA 3072]----+
2024-04-24T14:34:53.125 INFO:journalctl@ceph.mgr.x.smithi072.stdout:Apr 24 14:34:52 smithi072 ceph-89806114-0247-11ef-bc93-c7b262605968-mgr-x[29657]: | .+..+o+ . |
2024-04-24T14:34:53.125 INFO:journalctl@ceph.mgr.x.smithi072.stdout:Apr 24 14:34:52 smithi072 ceph-89806114-0247-11ef-bc93-c7b262605968-mgr-x[29657]: | ..oo O + |
2024-04-24T14:34:53.125 INFO:journalctl@ceph.mgr.x.smithi072.stdout:Apr 24 14:34:52 smithi072 ceph-89806114-0247-11ef-bc93-c7b262605968-mgr-x[29657]: | .+ @ = o |
2024-04-24T14:34:53.125 INFO:journalctl@ceph.mgr.x.smithi072.stdout:Apr 24 14:34:52 smithi072 ceph-89806114-0247-11ef-bc93-c7b262605968-mgr-x[29657]: | . .. B * . . |
2024-04-24T14:34:53.125 INFO:journalctl@ceph.mgr.x.smithi072.stdout:Apr 24 14:34:52 smithi072 ceph-89806114-0247-11ef-bc93-c7b262605968-mgr-x[29657]: | . . S + + |
2024-04-24T14:34:53.125 INFO:journalctl@ceph.mgr.x.smithi072.stdout:Apr 24 14:34:52 smithi072 ceph-89806114-0247-11ef-bc93-c7b262605968-mgr-x[29657]: | o. . o B = + |
2024-04-24T14:34:53.125 INFO:journalctl@ceph.mgr.x.smithi072.stdout:Apr 24 14:34:52 smithi072 ceph-89806114-0247-11ef-bc93-c7b262605968-mgr-x[29657]: |o... B = = |
2024-04-24T14:34:53.126 INFO:journalctl@ceph.mgr.x.smithi072.stdout:Apr 24 14:34:52 smithi072 ceph-89806114-0247-11ef-bc93-c7b262605968-mgr-x[29657]: |.E o o = |
2024-04-24T14:34:53.126 INFO:journalctl@ceph.mgr.x.smithi072.stdout:Apr 24 14:34:52 smithi072 ceph-89806114-0247-11ef-bc93-c7b262605968-mgr-x[29657]: | . . |
2024-04-24T14:34:53.126 INFO:journalctl@ceph.mgr.x.smithi072.stdout:Apr 24 14:34:52 smithi072 ceph-89806114-0247-11ef-bc93-c7b262605968-mgr-x[29657]: +----[SHA256]-----+
2024-04-24T14:34:53.371 INFO:teuthology.orchestra.run.smithi072.stdout:/usr/bin/ceph: stderr
2024-04-24T14:34:52.327+0000 7fbef2f83700 1 Processor -- start
2024-04-24T14:34:53.371 INFO:teuthology.orchestra.run.smithi072.stdout:/usr/bin/ceph: stderr
2024-04-24T14:34:52.327+0000 7fbef2f83700 1 -- start start
2024-04-24T14:34:53.371 INFO:teuthology.orchestra.run.smithi072.stdout:/usr/bin/ceph: stderr
2024-04-24T14:34:52.327+0000 7fbef2f83700 1 --2- >> [v2:172.21.15.72:3300/0,v1:172.21.15.72:6789/0] conn(0x7fbeec108460 0x7fbeec108880 unknown :-1 s=NONE pgs=0 cs=0 l=0 rev1=0 crypto rx=0 tx=0 comp rx=0 tx=0).connect
2024-04-24T14:34:53.372 INFO:teuthology.orchestra.run.smithi072.stdout:/usr/bin/ceph: stderr
2024-04-24T14:34:52.327+0000 7fbef2f83700 1 -- --> [v2:172.21.15.72:3300/0,v1:172.21.15.72:6789/0] -- mon_getmap magic: 0 -- 0x7fbeec108e50 con 0x7fbeec108460
2024-04-24T14:34:53.372 INFO:teuthology.orchestra.run.smithi072.stdout:/usr/bin/ceph: stderr
2024-04-24T14:34:52.328+0000 7fbef0d1f700 1 --2- >> [v2:172.21.15.72:3300/0,v1:172.21.15.72:6789/0] conn(0x7fbeec108460 0x7fbeec108880 unknown :-1 s=BANNER_CONNECTING pgs=0 cs=0 l=0 rev1=0 crypto rx=0 tx=0 comp rx=0 tx=0)._handle_peer_banner_payload supported=3 required=0
2024-04-24T14:34:53.372 INFO:teuthology.orchestra.run.smithi072.stdout:/usr/bin/ceph: stderr
2024-04-24T14:34:52.328+0000 7fbef0d1f700 1 --2- >> [v2:172.21.15.72:3300/0,v1:172.21.15.72:6789/0] conn(0x7fbeec108460 0x7fbeec108880 unknown :-1 s=HELLO_CONNECTING pgs=0 cs=0 l=0 rev1=1 crypto rx=0 tx=0 comp rx=0 tx=0).handle_hello peer v2:172.21.15.72:3300/0 says I am v2:172.21.15.72:43882/0 (socket says 172.21.15.72:43882)
2024-04-24T14:34:53.372 INFO:teuthology.orchestra.run.smithi072.stdout:/usr/bin/ceph: stderr
2024-04-24T14:34:52.328+0000 7fbef0d1f700 1 -- 172.21.15.72:0/635211651 learned_addr learned my addr 172.21.15.72:0/635211651 (peer_addr_for_me v2:172.21.15.72:0/0)
2024-04-24T14:34:53.372 INFO:teuthology.orchestra.run.smithi072.stdout:/usr/bin/ceph: stderr
2024-04-24T14:34:52.328+0000 7fbef0d1f700 1 -- 172.21.15.72:0/635211651 --> [v2:172.21.15.72:3300/0,v1:172.21.15.72:6789/0] -- mon_subscribe({config=0+,monmap=0+}) -- 0x7fbeec109610 con 0x7fbeec108460
2024-04-24T14:34:53.372 INFO:teuthology.orchestra.run.smithi072.stdout:/usr/bin/ceph: stderr
2024-04-24T14:34:52.328+0000 7fbef0d1f700 1 --2- 172.21.15.72:0/635211651 >> [v2:172.21.15.72:3300/0,v1:172.21.15.72:6789/0] conn(0x7fbeec108460 0x7fbeec108880 secure :-1 s=READY pgs=41 cs=0 l=1 rev1=1 crypto rx=0x7fbedc0098a0 tx=0x7fbedc009bb0 comp rx=0 tx=0).ready entity=mon.0 client_cookie=2fc3d96386db758e server_cookie=0 in_seq=0 out_seq=0
2024-04-24T14:34:53.372 INFO:teuthology.orchestra.run.smithi072.stdout:/usr/bin/ceph: stderr
2024-04-24T14:34:52.328+0000 7fbee37fe700 1 -- 172.21.15.72:0/635211651 <== mon.0 v2:172.21.15.72:3300/0 1 ==== mon_map magic: 0 ==== 205+0+0 (secure 0 0 0) 0x7fbedc004160 con 0x7fbeec108460
2024-04-24T14:34:53.372 INFO:teuthology.orchestra.run.smithi072.stdout:/usr/bin/ceph: stderr
2024-04-24T14:34:52.328+0000 7fbee37fe700 1 -- 172.21.15.72:0/635211651 <== mon.0 v2:172.21.15.72:3300/0 2 ==== config(25 keys) ==== 1032+0+0 (secure 0 0 0) 0x7fbedc004300 con 0x7fbeec108460
2024-04-24T14:34:53.372 INFO:teuthology.orchestra.run.smithi072.stdout:/usr/bin/ceph: stderr
2024-04-24T14:34:52.328+0000 7fbee37fe700 1 -- 172.21.15.72:0/635211651 <== mon.0 v2:172.21.15.72:3300/0 3 ==== mon_map magic: 0 ==== 205+0+0 (secure 0 0 0) 0x7fbedc0119e0 con 0x7fbeec108460
2024-04-24T14:34:53.372 INFO:teuthology.orchestra.run.smithi072.stdout:/usr/bin/ceph: stderr
2024-04-24T14:34:52.329+0000 7fbef2f83700 1 -- 172.21.15.72:0/635211651 >> [v2:172.21.15.72:3300/0,v1:172.21.15.72:6789/0] conn(0x7fbeec108460 msgr2=0x7fbeec108880 secure :-1 s=STATE_CONNECTION_ESTABLISHED l=1).mark_down
2024-04-24T14:34:53.373 INFO:teuthology.orchestra.run.smithi072.stdout:/usr/bin/ceph: stderr
2024-04-24T14:34:52.329+0000 7fbef2f83700 1 --2- 172.21.15.72:0/635211651 >> [v2:172.21.15.72:3300/0,v1:172.21.15.72:6789/0] conn(0x7fbeec108460 0x7fbeec108880 secure :-1 s=READY pgs=41 cs=0 l=1 rev1=1 crypto rx=0x7fbedc0098a0 tx=0x7fbedc009bb0 comp rx=0 tx=0).stop
2024-04-24T14:34:53.373 INFO:teuthology.orchestra.run.smithi072.stdout:/usr/bin/ceph: stderr
2024-04-24T14:34:52.329+0000 7fbef2f83700 1 -- 172.21.15.72:0/635211651 shutdown_connections
2024-04-24T14:34:53.373 INFO:teuthology.orchestra.run.smithi072.stdout:/usr/bin/ceph: stderr
2024-04-24T14:34:52.329+0000 7fbef2f83700 1 --2- 172.21.15.72:0/635211651 >> [v2:172.21.15.72:3300/0,v1:172.21.15.72:6789/0] conn(0x7fbeec108460 0x7fbeec108880 unknown :-1 s=CLOSED pgs=41 cs=0 l=1 rev1=1 crypto rx=0 tx=0 comp rx=0 tx=0).stop
2024-04-24T14:34:53.373 INFO:teuthology.orchestra.run.smithi072.stdout:/usr/bin/ceph: stderr
2024-04-24T14:34:52.329+0000 7fbef2f83700 1 -- 172.21.15.72:0/635211651 >> 172.21.15.72:0/635211651 conn(0x7fbeec103ac0 msgr2=0x7fbeec105ee0 unknown :-1 s=STATE_NONE l=0).mark_down
2024-04-24T14:34:53.373 INFO:teuthology.orchestra.run.smithi072.stdout:/usr/bin/ceph: stderr
2024-04-24T14:34:52.329+0000 7fbef2f83700 1 -- 172.21.15.72:0/635211651 shutdown_connections
2024-04-24T14:34:53.373 INFO:teuthology.orchestra.run.smithi072.stdout:/usr/bin/ceph: stderr
2024-04-24T14:34:52.329+0000 7fbef2f83700 1 -- 172.21.15.72:0/635211651 wait complete.
2024-04-24T14:34:53.373 INFO:teuthology.orchestra.run.smithi072.stdout:/usr/bin/ceph: stderr
2024-04-24T14:34:52.329+0000 7fbef2f83700 1 Processor -- start
2024-04-24T14:34:53.373 INFO:teuthology.orchestra.run.smithi072.stdout:/usr/bin/ceph: stderr
2024-04-24T14:34:52.329+0000 7fbef2f83700 1 -- start start
2024-04-24T14:34:53.373 INFO:teuthology.orchestra.run.smithi072.stdout:/usr/bin/ceph: stderr
2024-04-24T14:34:52.330+0000 7fbef2f83700 1 --2- >> [v2:172.21.15.72:3300/0,v1:172.21.15.72:6789/0] conn(0x7fbeec108460 0x7fbeec19c290 unknown :-1 s=NONE pgs=0 cs=0 l=1 rev1=0 crypto rx=0 tx=0 comp rx=0 tx=0).connect
2024-04-24T14:34:53.373 INFO:teuthology.orchestra.run.smithi072.stdout:/usr/bin/ceph: stderr
2024-04-24T14:34:52.330+0000 7fbef2f83700 1 -- --> [v2:172.21.15.72:3300/0,v1:172.21.15.72:6789/0] -- mon_getmap magic: 0 -- 0x7fbeec10c840 con 0x7fbeec108460
2024-04-24T14:34:53.374 INFO:teuthology.orchestra.run.smithi072.stdout:/usr/bin/ceph: stderr
2024-04-24T14:34:52.330+0000 7fbef0d1f700 1 --2- >> [v2:172.21.15.72:3300/0,v1:172.21.15.72:6789/0] conn(0x7fbeec108460 0x7fbeec19c290 unknown :-1 s=BANNER_CONNECTING pgs=0 cs=0 l=1 rev1=0 crypto rx=0 tx=0 comp rx=0 tx=0)._handle_peer_banner_payload supported=3 required=0
2024-04-24T14:34:53.374 INFO:teuthology.orchestra.run.smithi072.stdout:/usr/bin/ceph: stderr
2024-04-24T14:34:52.330+0000 7fbef0d1f700 1 --2- >> [v2:172.21.15.72:3300/0,v1:172.21.15.72:6789/0] conn(0x7fbeec108460 0x7fbeec19c290 unknown :-1 s=HELLO_CONNECTING pgs=0 cs=0 l=1 rev1=1 crypto rx=0 tx=0 comp rx=0 tx=0).handle_hello peer v2:172.21.15.72:3300/0 says I am v2:172.21.15.72:43898/0 (socket says 172.21.15.72:43898)
2024-04-24T14:34:53.374 INFO:teuthology.orchestra.run.smithi072.stdout:/usr/bin/ceph: stderr
2024-04-24T14:34:52.330+0000 7fbef0d1f700 1 -- 172.21.15.72:0/3027433346 learned_addr learned my addr 172.21.15.72:0/3027433346 (peer_addr_for_me v2:172.21.15.72:0/0)
2024-04-24T14:34:53.374 INFO:teuthology.orchestra.run.smithi072.stdout:/usr/bin/ceph: stderr
2024-04-24T14:34:52.330+0000 7fbef0d1f700 1 -- 172.21.15.72:0/3027433346 --> [v2:172.21.15.72:3300/0,v1:172.21.15.72:6789/0] -- mon_subscribe({config=0+,monmap=0+}) -- 0x7fbeec19c7d0 con 0x7fbeec108460
2024-04-24T14:34:53.374 INFO:teuthology.orchestra.run.smithi072.stdout:/usr/bin/ceph: stderr
2024-04-24T14:34:52.330+0000 7fbef0d1f700 1 --2- 172.21.15.72:0/3027433346 >> [v2:172.21.15.72:3300/0,v1:172.21.15.72:6789/0] conn(0x7fbeec108460 0x7fbeec19c290 secure :-1 s=READY pgs=42 cs=0 l=1 rev1=1 crypto rx=0x7fbedc0119b0 tx=0x7fbedc011a90 comp rx=0 tx=0).ready entity=mon.0 client_cookie=0 server_cookie=0 in_seq=0 out_seq=0
2024-04-24T14:34:53.374 INFO:teuthology.orchestra.run.smithi072.stdout:/usr/bin/ceph: stderr
2024-04-24T14:34:52.330+0000 7fbee1ffb700 1 -- 172.21.15.72:0/3027433346 <== mon.0 v2:172.21.15.72:3300/0 1 ==== mon_map magic: 0 ==== 205+0+0 (secure 0 0 0) 0x7fbedc003af0 con 0x7fbeec108460
2024-04-24T14:34:53.374 INFO:teuthology.orchestra.run.smithi072.stdout:/usr/bin/ceph: stderr
2024-04-24T14:34:52.330+0000 7fbee1ffb700 1 -- 172.21.15.72:0/3027433346 <== mon.0 v2:172.21.15.72:3300/0 2 ==== config(25 keys) ==== 1032+0+0 (secure 0 0 0) 0x7fbedc01a8a0 con 0x7fbeec108460
2024-04-24T14:34:53.374 INFO:teuthology.orchestra.run.smithi072.stdout:/usr/bin/ceph: stderr
2024-04-24T14:34:52.330+0000 7fbef2f83700 1 -- 172.21.15.72:0/3027433346 --> [v2:172.21.15.72:3300/0,v1:172.21.15.72:6789/0] -- mon_subscribe({mgrmap=0+}) -- 0x7fbeec19ca60 con 0x7fbeec108460
2024-04-24T14:34:53.374 INFO:teuthology.orchestra.run.smithi072.stdout:/usr/bin/ceph: stderr
2024-04-24T14:34:52.330+0000 7fbee1ffb700 1 -- 172.21.15.72:0/3027433346 <== mon.0 v2:172.21.15.72:3300/0 3 ==== mon_map magic: 0 ==== 205+0+0 (secure 0 0 0) 0x7fbedc024830 con 0x7fbeec108460
2024-04-24T14:34:53.375 INFO:teuthology.orchestra.run.smithi072.stdout:/usr/bin/ceph: stderr
2024-04-24T14:34:52.330+0000 7fbef2f83700 1 -- 172.21.15.72:0/3027433346 --> [v2:172.21.15.72:3300/0,v1:172.21.15.72:6789/0] -- mon_subscribe({osdmap=0}) -- 0x7fbeec19f750 con 0x7fbeec108460
2024-04-24T14:34:53.375 INFO:teuthology.orchestra.run.smithi072.stdout:/usr/bin/ceph: stderr
2024-04-24T14:34:52.331+0000 7fbee1ffb700 1 -- 172.21.15.72:0/3027433346 <== mon.0 v2:172.21.15.72:3300/0 4 ==== mgrmap(e 8) ==== 46558+0+0 (secure 0 0 0) 0x7fbedc022020 con 0x7fbeec108460
2024-04-24T14:34:53.375 INFO:teuthology.orchestra.run.smithi072.stdout:/usr/bin/ceph: stderr
2024-04-24T14:34:52.331+0000 7fbee1ffb700 1 --2- 172.21.15.72:0/3027433346 >> [v2:172.21.15.72:6800/280801297,v1:172.21.15.72:6801/280801297] conn(0x7fbed4039600 0x7fbed403bac0 unknown :-1 s=NONE pgs=0 cs=0 l=1 rev1=0 crypto rx=0 tx=0 comp rx=0 tx=0).connect
2024-04-24T14:34:53.375 INFO:teuthology.orchestra.run.smithi072.stdout:/usr/bin/ceph: stderr
2024-04-24T14:34:52.331+0000 7fbee1ffb700 1 -- 172.21.15.72:0/3027433346 <== mon.0 v2:172.21.15.72:3300/0 5 ==== osd_map(2..2 src has 1..2) ==== 940+0+0 (secure 0 0 0) 0x7fbedc04d910 con 0x7fbeec108460
2024-04-24T14:34:53.375 INFO:teuthology.orchestra.run.smithi072.stdout:/usr/bin/ceph: stderr
2024-04-24T14:34:52.332+0000 7fbef2f83700 1 -- 172.21.15.72:0/3027433346 --> [v2:172.21.15.72:3300/0,v1:172.21.15.72:6789/0] -- mon_command({"prefix": "get_command_descriptions"} v 0) -- 0x7fbeec064250 con 0x7fbeec108460
2024-04-24T14:34:53.375 INFO:teuthology.orchestra.run.smithi072.stdout:/usr/bin/ceph: stderr
2024-04-24T14:34:52.332+0000 7fbee3fff700 1 --2- 172.21.15.72:0/3027433346 >> [v2:172.21.15.72:6800/280801297,v1:172.21.15.72:6801/280801297] conn(0x7fbed4039600 0x7fbed403bac0 unknown :-1 s=BANNER_CONNECTING pgs=0 cs=0 l=1 rev1=0 crypto rx=0 tx=0 comp rx=0 tx=0)._handle_peer_banner_payload supported=3 required=0
2024-04-24T14:34:53.375 INFO:teuthology.orchestra.run.smithi072.stdout:/usr/bin/ceph: stderr
2024-04-24T14:34:52.332+0000 7fbee3fff700 1 --2- 172.21.15.72:0/3027433346 >> [v2:172.21.15.72:6800/280801297,v1:172.21.15.72:6801/280801297] conn(0x7fbed4039600 0x7fbed403bac0 secure :-1 s=READY pgs=9 cs=0 l=1 rev1=1 crypto rx=0x7fbee8006fd0 tx=0x7fbee8006e40 comp rx=0 tx=0).ready entity=mgr.14120 client_cookie=0 server_cookie=0 in_seq=0 out_seq=0
2024-04-24T14:34:53.375 INFO:teuthology.orchestra.run.smithi072.stdout:/usr/bin/ceph: stderr
2024-04-24T14:34:52.337+0000 7fbee1ffb700 1 -- 172.21.15.72:0/3027433346 <== mon.0 v2:172.21.15.72:3300/0 6 ==== mon_command_ack([{"prefix": "get_command_descriptions"}]=0 v0) ==== 72+0+188370 (secure 0 0 0) 0x7fbedc00b3e0 con 0x7fbeec108460
2024-04-24T14:34:53.375 INFO:teuthology.orchestra.run.smithi072.stdout:/usr/bin/ceph: stderr
2024-04-24T14:34:52.535+0000 7fbef2f83700 1 -- 172.21.15.72:0/3027433346 --> [v2:172.21.15.72:6800/280801297,v1:172.21.15.72:6801/280801297] -- mgr_command(tid 0: {"prefix": "cephadm generate-key", "target": ["mon-mgr", ""]}) -- 0x7fbeec104cb0 con 0x7fbed4039600
2024-04-24T14:34:53.375 INFO:teuthology.orchestra.run.smithi072.stdout:/usr/bin/ceph: stderr
2024-04-24T14:34:52.815+0000 7fbee1ffb700 1 -- 172.21.15.72:0/3027433346 <== mgr.14120 v2:172.21.15.72:6800/280801297 1 ==== mgr_command_reply(tid 0: 0 ) ==== 8+0+0 (secure 0 0 0) 0x7fbeec104cb0 con 0x7fbed4039600
2024-04-24T14:34:53.375 INFO:teuthology.orchestra.run.smithi072.stdout:/usr/bin/ceph: stderr
2024-04-24T14:34:52.817+0000 7fbef2f83700 1 -- 172.21.15.72:0/3027433346 >> [v2:172.21.15.72:6800/280801297,v1:172.21.15.72:6801/280801297] conn(0x7fbed4039600 msgr2=0x7fbed403bac0 secure :-1 s=STATE_CONNECTION_ESTABLISHED l=1).mark_down
2024-04-24T14:34:53.375 INFO:teuthology.orchestra.run.smithi072.stdout:/usr/bin/ceph: stderr
2024-04-24T14:34:52.817+0000 7fbef2f83700 1 --2- 172.21.15.72:0/3027433346 >> [v2:172.21.15.72:6800/280801297,v1:172.21.15.72:6801/280801297] conn(0x7fbed4039600 0x7fbed403bac0 secure :-1 s=READY pgs=9 cs=0 l=1 rev1=1 crypto rx=0x7fbee8006fd0 tx=0x7fbee8006e40 comp rx=0 tx=0).stop
2024-04-24T14:34:53.376 INFO:teuthology.orchestra.run.smithi072.stdout:/usr/bin/ceph: stderr
2024-04-24T14:34:52.817+0000 7fbef2f83700 1 -- 172.21.15.72:0/3027433346 >> [v2:172.21.15.72:3300/0,v1:172.21.15.72:6789/0] conn(0x7fbeec108460 msgr2=0x7fbeec19c290 secure :-1 s=STATE_CONNECTION_ESTABLISHED l=1).mark_down
2024-04-24T14:34:53.376 INFO:teuthology.orchestra.run.smithi072.stdout:/usr/bin/ceph: stderr
2024-04-24T14:34:52.817+0000 7fbef2f83700 1 --2- 172.21.15.72:0/3027433346 >> [v2:172.21.15.72:3300/0,v1:172.21.15.72:6789/0] conn(0x7fbeec108460 0x7fbeec19c290 secure :-1 s=READY pgs=42 cs=0 l=1 rev1=1 crypto rx=0x7fbedc0119b0 tx=0x7fbedc011a90 comp rx=0 tx=0).stop
2024-04-24T14:34:53.376 INFO:teuthology.orchestra.run.smithi072.stdout:/usr/bin/ceph: stderr
2024-04-24T14:34:52.817+0000 7fbef2f83700 1 -- 172.21.15.72:0/3027433346 shutdown_connections
2024-04-24T14:34:53.376 INFO:teuthology.orchestra.run.smithi072.stdout:/usr/bin/ceph: stderr
2024-04-24T14:34:52.817+0000 7fbef2f83700 1 --2- 172.21.15.72:0/3027433346 >> [v2:172.21.15.72:6800/280801297,v1:172.21.15.72:6801/280801297] conn(0x7fbed4039600 0x7fbed403bac0 unknown :-1 s=CLOSED pgs=9 cs=0 l=1 rev1=1 crypto rx=0 tx=0 comp rx=0 tx=0).stop
2024-04-24T14:34:53.376 INFO:teuthology.orchestra.run.smithi072.stdout:/usr/bin/ceph: stderr
2024-04-24T14:34:52.817+0000 7fbef2f83700 1 --2- 172.21.15.72:0/3027433346 >> [v2:172.21.15.72:3300/0,v1:172.21.15.72:6789/0] conn(0x7fbeec108460 0x7fbeec19c290 unknown :-1 s=CLOSED pgs=42 cs=0 l=1 rev1=1 crypto rx=0 tx=0 comp rx=0 tx=0).stop
2024-04-24T14:34:53.376 INFO:teuthology.orchestra.run.smithi072.stdout:/usr/bin/ceph: stderr
2024-04-24T14:34:52.817+0000 7fbef2f83700 1 -- 172.21.15.72:0/3027433346 >> 172.21.15.72:0/3027433346 conn(0x7fbeec103ac0 msgr2=0x7fbeec1045a0 unknown :-1 s=STATE_NONE l=0).mark_down
2024-04-24T14:34:53.376 INFO:teuthology.orchestra.run.smithi072.stdout:/usr/bin/ceph: stderr
2024-04-24T14:34:52.817+0000 7fbef2f83700 1 -- 172.21.15.72:0/3027433346 shutdown_connections
2024-04-24T14:34:53.376 INFO:teuthology.orchestra.run.smithi072.stdout:/usr/bin/ceph: stderr
2024-04-24T14:34:52.817+0000 7fbef2f83700 1 -- 172.21.15.72:0/3027433346 wait complete.
2024-04-24T14:34:54.288 INFO:journalctl@ceph.mon.a.smithi072.stdout:Apr 24 14:34:53 smithi072 ceph-mon[29425]: from='client.14136 -' entity='client.admin' cmd=[{"prefix": "cephadm generate-key", "target": ["mon-mgr", ""]}]: dispatch
2024-04-24T14:34:54.288 INFO:journalctl@ceph.mon.a.smithi072.stdout:Apr 24 14:34:53 smithi072 ceph-mon[29425]: Generating ssh key...
2024-04-24T14:34:54.289 INFO:journalctl@ceph.mon.a.smithi072.stdout:Apr 24 14:34:53 smithi072 ceph-mon[29425]: from='mgr.14120 172.21.15.72:0/2917835935' entity='mgr.x'
2024-04-24T14:34:54.289 INFO:journalctl@ceph.mon.a.smithi072.stdout:Apr 24 14:34:53 smithi072 ceph-mon[29425]: from='mgr.14120 172.21.15.72:0/2917835935' entity='mgr.x'
2024-04-24T14:34:54.583 INFO:teuthology.orchestra.run.smithi072.stdout:/usr/bin/ceph: stdout ssh-rsa AAAAB3NzaC1yc2EAAAADAQABAAABgQDf5zmvcIp6mwrQ03DIXWnIGvangal34k1AmNKrQiux6seGoIcfOZZMXGHe38JJUdU0oA6zfTBz/Cjnjx94XwV720KTn60solBMkieaDlTAv4mHaF3uqrBA0a+rC3BkwDBtkH+9wi43FmUc9rBWtJyVZMAOlE4dCHkTUparNti4nvhaRRjAu1DnAKegJm33XnHlhAjM6FJTujydWx7TuRTbfUctJVF4OBsugLzKyBDWYS4NgRI1ft4uHevjrbzPxNsOK3WJSdE5vzcvMlrm3HDT/O1tAwfnxQ1lBftBOh5ZzkkzOhxJbqgqIE+hx9i/pclv6bH3oJpHd+HGMIWZHmB4TM+PmqeCgLeJXEJ7Del3VNYW03cLVV1Ch191ye5JTgJjyA3FOsEzOuE0ZlxFXjTnt1MZEI3pjLo/Fj3Y0Evyg0n3S+FM51/8JohlOcWuP4aWkWQfuoze6Nn3VAd/2x1LLiZ0drq1ZbbKFAaTiY5oEcRiYlgxqwqwXPKSc0XrnRU= ceph-89806114-0247-11ef-bc93-c7b262605968
2024-04-24T14:34:54.583 INFO:teuthology.orchestra.run.smithi072.stdout:/usr/bin/ceph: stderr
2024-04-24T14:34:53.823+0000 7f2ecabea700 1 Processor -- start
2024-04-24T14:34:54.583 INFO:teuthology.orchestra.run.smithi072.stdout:/usr/bin/ceph: stderr
2024-04-24T14:34:53.823+0000 7f2ecabea700 1 -- start start
2024-04-24T14:34:54.583 INFO:teuthology.orchestra.run.smithi072.stdout:/usr/bin/ceph: stderr
2024-04-24T14:34:53.823+0000 7f2ecabea700 1 --2- >> [v2:172.21.15.72:3300/0,v1:172.21.15.72:6789/0] conn(0x7f2ec41084b0 0x7f2ec41088d0 unknown :-1 s=NONE pgs=0 cs=0 l=0 rev1=0 crypto rx=0 tx=0 comp rx=0 tx=0).connect
2024-04-24T14:34:54.583 INFO:teuthology.orchestra.run.smithi072.stdout:/usr/bin/ceph: stderr
2024-04-24T14:34:53.823+0000 7f2ecabea700 1 -- --> [v2:172.21.15.72:3300/0,v1:172.21.15.72:6789/0] -- mon_getmap magic: 0 -- 0x7f2ec4108ea0 con 0x7f2ec41084b0
2024-04-24T14:34:54.583 INFO:teuthology.orchestra.run.smithi072.stdout:/usr/bin/ceph: stderr
2024-04-24T14:34:53.823+0000 7f2ec8986700 1 --2- >> [v2:172.21.15.72:3300/0,v1:172.21.15.72:6789/0] conn(0x7f2ec41084b0 0x7f2ec41088d0 unknown :-1 s=BANNER_CONNECTING pgs=0 cs=0 l=0 rev1=0 crypto rx=0 tx=0 comp rx=0 tx=0)._handle_peer_banner_payload supported=3 required=0
2024-04-24T14:34:54.583 INFO:teuthology.orchestra.run.smithi072.stdout:/usr/bin/ceph: stderr
2024-04-24T14:34:53.823+0000 7f2ec8986700 1 --2- >> [v2:172.21.15.72:3300/0,v1:172.21.15.72:6789/0] conn(0x7f2ec41084b0 0x7f2ec41088d0 unknown :-1 s=HELLO_CONNECTING pgs=0 cs=0 l=0 rev1=1 crypto rx=0 tx=0 comp rx=0 tx=0).handle_hello peer v2:172.21.15.72:3300/0 says I am v2:172.21.15.72:43914/0 (socket says 172.21.15.72:43914)
2024-04-24T14:34:54.583 INFO:teuthology.orchestra.run.smithi072.stdout:/usr/bin/ceph: stderr
2024-04-24T14:34:53.823+0000 7f2ec8986700 1 -- 172.21.15.72:0/4240977843 learned_addr learned my addr 172.21.15.72:0/4240977843 (peer_addr_for_me v2:172.21.15.72:0/0)
2024-04-24T14:34:54.583 INFO:teuthology.orchestra.run.smithi072.stdout:/usr/bin/ceph: stderr
2024-04-24T14:34:53.824+0000 7f2ec8986700 1 -- 172.21.15.72:0/4240977843 --> [v2:172.21.15.72:3300/0,v1:172.21.15.72:6789/0] -- mon_subscribe({config=0+,monmap=0+}) -- 0x7f2ec4109660 con 0x7f2ec41084b0
2024-04-24T14:34:54.583 INFO:teuthology.orchestra.run.smithi072.stdout:/usr/bin/ceph: stderr
2024-04-24T14:34:53.824+0000 7f2ec8986700 1 --2- 172.21.15.72:0/4240977843 >> [v2:172.21.15.72:3300/0,v1:172.21.15.72:6789/0] conn(0x7f2ec41084b0 0x7f2ec41088d0 secure :-1 s=READY pgs=43 cs=0 l=1 rev1=1 crypto rx=0x7f2eb80098a0 tx=0x7f2eb8009bb0 comp rx=0 tx=0).ready entity=mon.0 client_cookie=b493c154cea727fd server_cookie=0 in_seq=0 out_seq=0
2024-04-24T14:34:54.584 INFO:teuthology.orchestra.run.smithi072.stdout:/usr/bin/ceph: stderr
2024-04-24T14:34:53.824+0000 7f2ec37fe700 1 -- 172.21.15.72:0/4240977843 <== mon.0 v2:172.21.15.72:3300/0 1 ==== mon_map magic: 0 ==== 205+0+0 (secure 0 0 0) 0x7f2eb8004160 con 0x7f2ec41084b0
2024-04-24T14:34:54.584 INFO:teuthology.orchestra.run.smithi072.stdout:/usr/bin/ceph: stderr
2024-04-24T14:34:53.824+0000 7f2ec37fe700 1 -- 172.21.15.72:0/4240977843 <== mon.0 v2:172.21.15.72:3300/0 2 ==== config(25 keys) ==== 1032+0+0 (secure 0 0 0) 0x7f2eb8004300 con 0x7f2ec41084b0
2024-04-24T14:34:54.584 INFO:teuthology.orchestra.run.smithi072.stdout:/usr/bin/ceph: stderr
2024-04-24T14:34:53.824+0000 7f2ec37fe700 1 -- 172.21.15.72:0/4240977843 <== mon.0 v2:172.21.15.72:3300/0 3 ==== mon_map magic: 0 ==== 205+0+0 (secure 0 0 0) 0x7f2eb80119e0 con 0x7f2ec41084b0
2024-04-24T14:34:54.584 INFO:teuthology.orchestra.run.smithi072.stdout:/usr/bin/ceph: stderr
2024-04-24T14:34:53.824+0000 7f2ecabea700 1 -- 172.21.15.72:0/4240977843 >> [v2:172.21.15.72:3300/0,v1:172.21.15.72:6789/0] conn(0x7f2ec41084b0 msgr2=0x7f2ec41088d0 secure :-1 s=STATE_CONNECTION_ESTABLISHED l=1).mark_down
2024-04-24T14:34:54.584 INFO:teuthology.orchestra.run.smithi072.stdout:/usr/bin/ceph: stderr
2024-04-24T14:34:53.824+0000 7f2ecabea700 1 --2- 172.21.15.72:0/4240977843 >> [v2:172.21.15.72:3300/0,v1:172.21.15.72:6789/0] conn(0x7f2ec41084b0 0x7f2ec41088d0 secure :-1 s=READY pgs=43 cs=0 l=1 rev1=1 crypto rx=0x7f2eb80098a0 tx=0x7f2eb8009bb0 comp rx=0 tx=0).stop
2024-04-24T14:34:54.584 INFO:teuthology.orchestra.run.smithi072.stdout:/usr/bin/ceph: stderr
2024-04-24T14:34:53.824+0000 7f2ecabea700 1 -- 172.21.15.72:0/4240977843 shutdown_connections
2024-04-24T14:34:54.584 INFO:teuthology.orchestra.run.smithi072.stdout:/usr/bin/ceph: stderr
2024-04-24T14:34:53.824+0000 7f2ecabea700 1 --2- 172.21.15.72:0/4240977843 >> [v2:172.21.15.72:3300/0,v1:172.21.15.72:6789/0] conn(0x7f2ec41084b0 0x7f2ec41088d0 unknown :-1 s=CLOSED pgs=43 cs=0 l=1 rev1=1 crypto rx=0 tx=0 comp rx=0 tx=0).stop
2024-04-24T14:34:54.584 INFO:teuthology.orchestra.run.smithi072.stdout:/usr/bin/ceph: stderr
2024-04-24T14:34:53.825+0000 7f2ecabea700 1 -- 172.21.15.72:0/4240977843 >> 172.21.15.72:0/4240977843 conn(0x7f2ec4103af0 msgr2=0x7f2ec4105f10 unknown :-1 s=STATE_NONE l=0).mark_down
2024-04-24T14:34:54.584 INFO:teuthology.orchestra.run.smithi072.stdout:/usr/bin/ceph: stderr
2024-04-24T14:34:53.825+0000 7f2ecabea700 1 -- 172.21.15.72:0/4240977843 shutdown_connections
2024-04-24T14:34:54.584 INFO:teuthology.orchestra.run.smithi072.stdout:/usr/bin/ceph: stderr
2024-04-24T14:34:53.825+0000 7f2ecabea700 1 -- 172.21.15.72:0/4240977843 wait complete.
2024-04-24T14:34:54.584 INFO:teuthology.orchestra.run.smithi072.stdout:/usr/bin/ceph: stderr
2024-04-24T14:34:53.825+0000 7f2ecabea700 1 Processor -- start
2024-04-24T14:34:54.584 INFO:teuthology.orchestra.run.smithi072.stdout:/usr/bin/ceph: stderr
2024-04-24T14:34:53.825+0000 7f2ecabea700 1 -- start start
2024-04-24T14:34:54.585 INFO:teuthology.orchestra.run.smithi072.stdout:/usr/bin/ceph: stderr
2024-04-24T14:34:53.825+0000 7f2ecabea700 1 --2- >> [v2:172.21.15.72:3300/0,v1:172.21.15.72:6789/0] conn(0x7f2ec41084b0 0x7f2ec419c310 unknown :-1 s=NONE pgs=0 cs=0 l=1 rev1=0 crypto rx=0 tx=0 comp rx=0 tx=0).connect
2024-04-24T14:34:54.585 INFO:teuthology.orchestra.run.smithi072.stdout:/usr/bin/ceph: stderr
2024-04-24T14:34:53.825+0000 7f2ecabea700 1 -- --> [v2:172.21.15.72:3300/0,v1:172.21.15.72:6789/0] -- mon_getmap magic: 0 -- 0x7f2ec410c890 con 0x7f2ec41084b0
2024-04-24T14:34:54.585 INFO:teuthology.orchestra.run.smithi072.stdout:/usr/bin/ceph: stderr
2024-04-24T14:34:53.825+0000 7f2ec8986700 1 --2- >> [v2:172.21.15.72:3300/0,v1:172.21.15.72:6789/0] conn(0x7f2ec41084b0 0x7f2ec419c310 unknown :-1 s=BANNER_CONNECTING pgs=0 cs=0 l=1 rev1=0 crypto rx=0 tx=0 comp rx=0 tx=0)._handle_peer_banner_payload supported=3 required=0
2024-04-24T14:34:54.585 INFO:teuthology.orchestra.run.smithi072.stdout:/usr/bin/ceph: stderr
2024-04-24T14:34:53.825+0000 7f2ec8986700 1 --2- >> [v2:172.21.15.72:3300/0,v1:172.21.15.72:6789/0] conn(0x7f2ec41084b0 0x7f2ec419c310 unknown :-1 s=HELLO_CONNECTING pgs=0 cs=0 l=1 rev1=1 crypto rx=0 tx=0 comp rx=0 tx=0).handle_hello peer v2:172.21.15.72:3300/0 says I am v2:172.21.15.72:43920/0 (socket says 172.21.15.72:43920)
2024-04-24T14:34:54.585 INFO:teuthology.orchestra.run.smithi072.stdout:/usr/bin/ceph: stderr
2024-04-24T14:34:53.825+0000 7f2ec8986700 1 -- 172.21.15.72:0/842515578 learned_addr learned my addr 172.21.15.72:0/842515578 (peer_addr_for_me v2:172.21.15.72:0/0)
2024-04-24T14:34:54.585 INFO:teuthology.orchestra.run.smithi072.stdout:/usr/bin/ceph: stderr
2024-04-24T14:34:53.826+0000 7f2ec8986700 1 -- 172.21.15.72:0/842515578 --> [v2:172.21.15.72:3300/0,v1:172.21.15.72:6789/0] -- mon_subscribe({config=0+,monmap=0+}) -- 0x7f2ec419c850 con 0x7f2ec41084b0
2024-04-24T14:34:54.585 INFO:teuthology.orchestra.run.smithi072.stdout:/usr/bin/ceph: stderr
2024-04-24T14:34:53.826+0000 7f2ec8986700 1 --2- 172.21.15.72:0/842515578 >> [v2:172.21.15.72:3300/0,v1:172.21.15.72:6789/0] conn(0x7f2ec41084b0 0x7f2ec419c310 secure :-1 s=READY pgs=44 cs=0 l=1 rev1=1 crypto rx=0x7f2eb8006b20 tx=0x7f2eb8011a60 comp rx=0 tx=0).ready entity=mon.0 client_cookie=0 server_cookie=0 in_seq=0 out_seq=0
2024-04-24T14:34:54.585 INFO:teuthology.orchestra.run.smithi072.stdout:/usr/bin/ceph: stderr
2024-04-24T14:34:53.826+0000 7f2ec1ffb700 1 -- 172.21.15.72:0/842515578 <== mon.0 v2:172.21.15.72:3300/0 1 ==== mon_map magic: 0 ==== 205+0+0 (secure 0 0 0) 0x7f2eb8003a60 con 0x7f2ec41084b0
2024-04-24T14:34:54.585 INFO:teuthology.orchestra.run.smithi072.stdout:/usr/bin/ceph: stderr
2024-04-24T14:34:53.826+0000 7f2ec1ffb700 1 -- 172.21.15.72:0/842515578 <== mon.0 v2:172.21.15.72:3300/0 2 ==== config(25 keys) ==== 1032+0+0 (secure 0 0 0) 0x7f2eb8003c00 con 0x7f2ec41084b0
2024-04-24T14:34:54.585 INFO:teuthology.orchestra.run.smithi072.stdout:/usr/bin/ceph: stderr
2024-04-24T14:34:53.826+0000 7f2ecabea700 1 -- 172.21.15.72:0/842515578 --> [v2:172.21.15.72:3300/0,v1:172.21.15.72:6789/0] -- mon_subscribe({mgrmap=0+}) -- 0x7f2ec419cae0 con 0x7f2ec41084b0
2024-04-24T14:34:54.585 INFO:teuthology.orchestra.run.smithi072.stdout:/usr/bin/ceph: stderr
2024-04-24T14:34:53.826+0000 7f2ec1ffb700 1 -- 172.21.15.72:0/842515578 <== mon.0 v2:172.21.15.72:3300/0 3 ==== mon_map magic: 0 ==== 205+0+0 (secure 0 0 0) 0x7f2eb8024780 con 0x7f2ec41084b0
2024-04-24T14:34:54.585 INFO:teuthology.orchestra.run.smithi072.stdout:/usr/bin/ceph: stderr
2024-04-24T14:34:53.826+0000 7f2ecabea700 1 -- 172.21.15.72:0/842515578 --> [v2:172.21.15.72:3300/0,v1:172.21.15.72:6789/0] -- mon_subscribe({osdmap=0}) -- 0x7f2ec419f7d0 con 0x7f2ec41084b0
2024-04-24T14:34:54.585 INFO:teuthology.orchestra.run.smithi072.stdout:/usr/bin/ceph: stderr
2024-04-24T14:34:53.827+0000 7f2ec1ffb700 1 -- 172.21.15.72:0/842515578 <== mon.0 v2:172.21.15.72:3300/0 4 ==== mgrmap(e 8) ==== 46558+0+0 (secure 0 0 0) 0x7f2eb8022020 con 0x7f2ec41084b0
2024-04-24T14:34:54.586 INFO:teuthology.orchestra.run.smithi072.stdout:/usr/bin/ceph: stderr
2024-04-24T14:34:53.827+0000 7f2ec1ffb700 1 --2- 172.21.15.72:0/842515578 >> [v2:172.21.15.72:6800/280801297,v1:172.21.15.72:6801/280801297] conn(0x7f2eb4039600 0x7f2eb403bac0 unknown :-1 s=NONE pgs=0 cs=0 l=1 rev1=0 crypto rx=0 tx=0 comp rx=0 tx=0).connect
2024-04-24T14:34:54.586 INFO:teuthology.orchestra.run.smithi072.stdout:/usr/bin/ceph: stderr
2024-04-24T14:34:53.827+0000 7f2ec1ffb700 1 -- 172.21.15.72:0/842515578 <== mon.0 v2:172.21.15.72:3300/0 5 ==== osd_map(2..2 src has 1..2) ==== 940+0+0 (secure 0 0 0) 0x7f2eb804da80 con 0x7f2ec41084b0
2024-04-24T14:34:54.586 INFO:teuthology.orchestra.run.smithi072.stdout:/usr/bin/ceph: stderr
2024-04-24T14:34:53.827+0000 7f2ecabea700 1 -- 172.21.15.72:0/842515578 --> [v2:172.21.15.72:3300/0,v1:172.21.15.72:6789/0] -- mon_command({"prefix": "get_command_descriptions"} v 0) -- 0x7f2ec4064250 con 0x7f2ec41084b0
2024-04-24T14:34:54.586 INFO:teuthology.orchestra.run.smithi072.stdout:/usr/bin/ceph: stderr
2024-04-24T14:34:53.827+0000 7f2ec3fff700 1 --2- 172.21.15.72:0/842515578 >> [v2:172.21.15.72:6800/280801297,v1:172.21.15.72:6801/280801297] conn(0x7f2eb4039600 0x7f2eb403bac0 unknown :-1 s=BANNER_CONNECTING pgs=0 cs=0 l=1 rev1=0 crypto rx=0 tx=0 comp rx=0 tx=0)._handle_peer_banner_payload supported=3 required=0
2024-04-24T14:34:54.586 INFO:teuthology.orchestra.run.smithi072.stdout:/usr/bin/ceph: stderr
2024-04-24T14:34:53.828+0000 7f2ec3fff700 1 --2- 172.21.15.72:0/842515578 >> [v2:172.21.15.72:6800/280801297,v1:172.21.15.72:6801/280801297] conn(0x7f2eb4039600 0x7f2eb403bac0 secure :-1 s=READY pgs=10 cs=0 l=1 rev1=1 crypto rx=0x7f2eb0006fd0 tx=0x7f2eb0006e40 comp rx=0 tx=0).ready entity=mgr.14120 client_cookie=0 server_cookie=0 in_seq=0 out_seq=0
2024-04-24T14:34:54.586 INFO:teuthology.orchestra.run.smithi072.stdout:/usr/bin/ceph: stderr
2024-04-24T14:34:53.832+0000 7f2ec1ffb700 1 -- 172.21.15.72:0/842515578 <== mon.0 v2:172.21.15.72:3300/0 6 ==== mon_command_ack([{"prefix": "get_command_descriptions"}]=0 v0) ==== 72+0+188370 (secure 0 0 0) 0x7f2eb800f2e0 con 0x7f2ec41084b0
2024-04-24T14:34:54.586 INFO:teuthology.orchestra.run.smithi072.stdout:/usr/bin/ceph: stderr
2024-04-24T14:34:54.033+0000 7f2ecabea700 1 -- 172.21.15.72:0/842515578 --> [v2:172.21.15.72:6800/280801297,v1:172.21.15.72:6801/280801297] -- mgr_command(tid 0: {"prefix": "cephadm get-pub-key", "target": ["mon-mgr", ""]}) -- 0x7f2ec4104d50 con 0x7f2eb4039600
2024-04-24T14:34:54.586 INFO:teuthology.orchestra.run.smithi072.stdout:/usr/bin/ceph: stderr
2024-04-24T14:34:54.033+0000 7f2ec1ffb700 1 -- 172.21.15.72:0/842515578 <== mgr.14120 v2:172.21.15.72:6800/280801297 1 ==== mgr_command_reply(tid 0: 0 ) ==== 8+0+595 (secure 0 0 0) 0x7f2ec4104d50 con 0x7f2eb4039600
2024-04-24T14:34:54.586 INFO:teuthology.orchestra.run.smithi072.stdout:/usr/bin/ceph: stderr
2024-04-24T14:34:54.035+0000 7f2ecabea700 1 -- 172.21.15.72:0/842515578 >> [v2:172.21.15.72:6800/280801297,v1:172.21.15.72:6801/280801297] conn(0x7f2eb4039600 msgr2=0x7f2eb403bac0 secure :-1 s=STATE_CONNECTION_ESTABLISHED l=1).mark_down
2024-04-24T14:34:54.586 INFO:teuthology.orchestra.run.smithi072.stdout:/usr/bin/ceph: stderr
2024-04-24T14:34:54.035+0000 7f2ecabea700 1 --2- 172.21.15.72:0/842515578 >> [v2:172.21.15.72:6800/280801297,v1:172.21.15.72:6801/280801297] conn(0x7f2eb4039600 0x7f2eb403bac0 secure :-1 s=READY pgs=10 cs=0 l=1 rev1=1 crypto rx=0x7f2eb0006fd0 tx=0x7f2eb0006e40 comp rx=0 tx=0).stop
2024-04-24T14:34:54.586 INFO:teuthology.orchestra.run.smithi072.stdout:/usr/bin/ceph: stderr
2024-04-24T14:34:54.035+0000 7f2ecabea700 1 -- 172.21.15.72:0/842515578 >> [v2:172.21.15.72:3300/0,v1:172.21.15.72:6789/0] conn(0x7f2ec41084b0 msgr2=0x7f2ec419c310 secure :-1 s=STATE_CONNECTION_ESTABLISHED l=1).mark_down
2024-04-24T14:34:54.586 INFO:teuthology.orchestra.run.smithi072.stdout:/usr/bin/ceph: stderr
2024-04-24T14:34:54.035+0000 7f2ecabea700 1 --2- 172.21.15.72:0/842515578 >> [v2:172.21.15.72:3300/0,v1:172.21.15.72:6789/0] conn(0x7f2ec41084b0 0x7f2ec419c310 secure :-1 s=READY pgs=44 cs=0 l=1 rev1=1 crypto rx=0x7f2eb8006b20 tx=0x7f2eb8011a60 comp rx=0 tx=0).stop
2024-04-24T14:34:54.587 INFO:teuthology.orchestra.run.smithi072.stdout:/usr/bin/ceph: stderr
2024-04-24T14:34:54.035+0000 7f2ecabea700 1 -- 172.21.15.72:0/842515578 shutdown_connections
2024-04-24T14:34:54.587 INFO:teuthology.orchestra.run.smithi072.stdout:/usr/bin/ceph: stderr
2024-04-24T14:34:54.035+0000 7f2ecabea700 1 --2- 172.21.15.72:0/842515578 >> [v2:172.21.15.72:6800/280801297,v1:172.21.15.72:6801/280801297] conn(0x7f2eb4039600 0x7f2eb403bac0 unknown :-1 s=CLOSED pgs=10 cs=0 l=1 rev1=1 crypto rx=0 tx=0 comp rx=0 tx=0).stop
2024-04-24T14:34:54.587 INFO:teuthology.orchestra.run.smithi072.stdout:/usr/bin/ceph: stderr
2024-04-24T14:34:54.035+0000 7f2ecabea700 1 --2- 172.21.15.72:0/842515578 >> [v2:172.21.15.72:3300/0,v1:172.21.15.72:6789/0] conn(0x7f2ec41084b0 0x7f2ec419c310 unknown :-1 s=CLOSED pgs=44 cs=0 l=1 rev1=1 crypto rx=0 tx=0 comp rx=0 tx=0).stop
2024-04-24T14:34:54.587 INFO:teuthology.orchestra.run.smithi072.stdout:/usr/bin/ceph: stderr
2024-04-24T14:34:54.035+0000 7f2ecabea700 1 -- 172.21.15.72:0/842515578 >> 172.21.15.72:0/842515578 conn(0x7f2ec4103af0 msgr2=0x7f2ec4104640 unknown :-1 s=STATE_NONE l=0).mark_down
2024-04-24T14:34:54.587 INFO:teuthology.orchestra.run.smithi072.stdout:/usr/bin/ceph: stderr
2024-04-24T14:34:54.036+0000 7f2ecabea700 1 -- 172.21.15.72:0/842515578 shutdown_connections
2024-04-24T14:34:54.587 INFO:teuthology.orchestra.run.smithi072.stdout:/usr/bin/ceph: stderr
2024-04-24T14:34:54.036+0000 7f2ecabea700 1 -- 172.21.15.72:0/842515578 wait complete.
2024-04-24T14:34:54.587 INFO:teuthology.orchestra.run.smithi072.stdout:Wrote public SSH key to /home/ubuntu/cephtest/ceph.pub
2024-04-24T14:34:54.587 INFO:teuthology.orchestra.run.smithi072.stdout:Adding key to root@localhost authorized_keys...
2024-04-24T14:34:54.587 INFO:teuthology.orchestra.run.smithi072.stdout:Adding host smithi072...
2024-04-24T14:34:54.889 INFO:journalctl@ceph.mon.a.smithi072.stdout:Apr 24 14:34:54 smithi072 ceph-mon[29425]: from='client.14138 -' entity='client.admin' cmd=[{"prefix": "cephadm get-pub-key", "target": ["mon-mgr", ""]}]: dispatch
2024-04-24T14:34:56.073 INFO:journalctl@ceph.mon.a.smithi072.stdout:Apr 24 14:34:55 smithi072 ceph-mon[29425]: from='client.14140 -' entity='client.admin' cmd=[{"prefix": "orch host add", "hostname": "smithi072", "addr": "172.21.15.72", "target": ["mon-mgr", ""]}]: dispatch
2024-04-24T14:34:57.288 INFO:journalctl@ceph.mon.a.smithi072.stdout:Apr 24 14:34:56 smithi072 ceph-mon[29425]: Deploying cephadm binary to smithi072
2024-04-24T14:35:00.025 INFO:teuthology.orchestra.run.smithi072.stdout:/usr/bin/ceph: stdout Added host 'smithi072' with addr '172.21.15.72'
2024-04-24T14:35:00.025 INFO:teuthology.orchestra.run.smithi072.stdout:/usr/bin/ceph: stderr
2024-04-24T14:34:54.997+0000 7f3b45f78700 1 Processor -- start
2024-04-24T14:35:00.025 INFO:teuthology.orchestra.run.smithi072.stdout:/usr/bin/ceph: stderr
2024-04-24T14:34:54.997+0000 7f3b45f78700 1 -- start start
2024-04-24T14:35:00.026 INFO:teuthology.orchestra.run.smithi072.stdout:/usr/bin/ceph: stderr
2024-04-24T14:34:54.997+0000 7f3b45f78700 1 --2- >> [v2:172.21.15.72:3300/0,v1:172.21.15.72:6789/0] conn(0x7f3b401073a0 0x7f3b401077c0 unknown :-1 s=NONE pgs=0 cs=0 l=0 rev1=0 crypto rx=0 tx=0 comp rx=0 tx=0).connect
2024-04-24T14:35:00.026 INFO:teuthology.orchestra.run.smithi072.stdout:/usr/bin/ceph: stderr
2024-04-24T14:34:54.997+0000 7f3b45f78700 1 -- --> [v2:172.21.15.72:3300/0,v1:172.21.15.72:6789/0] -- mon_getmap magic: 0 -- 0x7f3b40107d90 con 0x7f3b401073a0
2024-04-24T14:35:00.026 INFO:teuthology.orchestra.run.smithi072.stdout:/usr/bin/ceph: stderr
2024-04-24T14:34:54.997+0000 7f3b3f7fe700 1 --2- >> [v2:172.21.15.72:3300/0,v1:172.21.15.72:6789/0] conn(0x7f3b401073a0 0x7f3b401077c0 unknown :-1 s=BANNER_CONNECTING pgs=0 cs=0 l=0 rev1=0 crypto rx=0 tx=0 comp rx=0 tx=0)._handle_peer_banner_payload supported=3 required=0
2024-04-24T14:35:00.026 INFO:teuthology.orchestra.run.smithi072.stdout:/usr/bin/ceph: stderr
2024-04-24T14:34:54.997+0000 7f3b3f7fe700 1 --2- >> [v2:172.21.15.72:3300/0,v1:172.21.15.72:6789/0] conn(0x7f3b401073a0 0x7f3b401077c0 unknown :-1 s=HELLO_CONNECTING pgs=0 cs=0 l=0 rev1=1 crypto rx=0 tx=0 comp rx=0 tx=0).handle_hello peer v2:172.21.15.72:3300/0 says I am v2:172.21.15.72:43928/0 (socket says 172.21.15.72:43928)
2024-04-24T14:35:00.026 INFO:teuthology.orchestra.run.smithi072.stdout:/usr/bin/ceph: stderr
2024-04-24T14:34:54.997+0000 7f3b3f7fe700 1 -- 172.21.15.72:0/134641828 learned_addr learned my addr 172.21.15.72:0/134641828 (peer_addr_for_me v2:172.21.15.72:0/0)
2024-04-24T14:35:00.026 INFO:teuthology.orchestra.run.smithi072.stdout:/usr/bin/ceph: stderr
2024-04-24T14:34:54.997+0000 7f3b3f7fe700 1 -- 172.21.15.72:0/134641828 --> [v2:172.21.15.72:3300/0,v1:172.21.15.72:6789/0] -- mon_subscribe({config=0+,monmap=0+}) -- 0x7f3b401085a0 con 0x7f3b401073a0
2024-04-24T14:35:00.026 INFO:teuthology.orchestra.run.smithi072.stdout:/usr/bin/ceph: stderr
2024-04-24T14:34:54.997+0000 7f3b3f7fe700 1 --2- 172.21.15.72:0/134641828 >> [v2:172.21.15.72:3300/0,v1:172.21.15.72:6789/0] conn(0x7f3b401073a0 0x7f3b401077c0 secure :-1 s=READY pgs=45 cs=0 l=1 rev1=1 crypto rx=0x7f3b280098a0 tx=0x7f3b28009bb0 comp rx=0 tx=0).ready entity=mon.0 client_cookie=409c3ccc20473fd7 server_cookie=0 in_seq=0 out_seq=0
2024-04-24T14:35:00.026 INFO:teuthology.orchestra.run.smithi072.stdout:/usr/bin/ceph: stderr
2024-04-24T14:34:54.998+0000 7f3b3e7fc700 1 -- 172.21.15.72:0/134641828 <== mon.0 v2:172.21.15.72:3300/0 1 ==== mon_map magic: 0 ==== 205+0+0 (secure 0 0 0) 0x7f3b28004160 con 0x7f3b401073a0
2024-04-24T14:35:00.026 INFO:teuthology.orchestra.run.smithi072.stdout:/usr/bin/ceph: stderr
2024-04-24T14:34:54.998+0000 7f3b3e7fc700 1 -- 172.21.15.72:0/134641828 <== mon.0 v2:172.21.15.72:3300/0 2 ==== config(25 keys) ==== 1032+0+0 (secure 0 0 0) 0x7f3b28004300 con 0x7f3b401073a0
2024-04-24T14:35:00.026 INFO:teuthology.orchestra.run.smithi072.stdout:/usr/bin/ceph: stderr
2024-04-24T14:34:54.998+0000 7f3b3e7fc700 1 -- 172.21.15.72:0/134641828 <== mon.0 v2:172.21.15.72:3300/0 3 ==== mon_map magic: 0 ==== 205+0+0 (secure 0 0 0) 0x7f3b280119e0 con 0x7f3b401073a0
2024-04-24T14:35:00.026 INFO:teuthology.orchestra.run.smithi072.stdout:/usr/bin/ceph: stderr
2024-04-24T14:34:54.998+0000 7f3b45f78700 1 -- 172.21.15.72:0/134641828 >> [v2:172.21.15.72:3300/0,v1:172.21.15.72:6789/0] conn(0x7f3b401073a0 msgr2=0x7f3b401077c0 secure :-1 s=STATE_CONNECTION_ESTABLISHED l=1).mark_down
2024-04-24T14:35:00.026 INFO:teuthology.orchestra.run.smithi072.stdout:/usr/bin/ceph: stderr
2024-04-24T14:34:54.998+0000 7f3b45f78700 1 --2- 172.21.15.72:0/134641828 >> [v2:172.21.15.72:3300/0,v1:172.21.15.72:6789/0] conn(0x7f3b401073a0 0x7f3b401077c0 secure :-1 s=READY pgs=45 cs=0 l=1 rev1=1 crypto rx=0x7f3b280098a0 tx=0x7f3b28009bb0 comp rx=0 tx=0).stop
2024-04-24T14:35:00.027 INFO:teuthology.orchestra.run.smithi072.stdout:/usr/bin/ceph: stderr
2024-04-24T14:34:54.998+0000 7f3b45f78700 1 -- 172.21.15.72:0/134641828 shutdown_connections
2024-04-24T14:35:00.027 INFO:teuthology.orchestra.run.smithi072.stdout:/usr/bin/ceph: stderr
2024-04-24T14:34:54.998+0000 7f3b45f78700 1 --2- 172.21.15.72:0/134641828 >> [v2:172.21.15.72:3300/0,v1:172.21.15.72:6789/0] conn(0x7f3b401073a0 0x7f3b401077c0 unknown :-1 s=CLOSED pgs=45 cs=0 l=1 rev1=1 crypto rx=0 tx=0 comp rx=0 tx=0).stop
2024-04-24T14:35:00.027 INFO:teuthology.orchestra.run.smithi072.stdout:/usr/bin/ceph: stderr
2024-04-24T14:34:54.998+0000 7f3b45f78700 1 -- 172.21.15.72:0/134641828 >> 172.21.15.72:0/134641828 conn(0x7f3b40102980 msgr2=0x7f3b40104da0 unknown :-1 s=STATE_NONE l=0).mark_down
2024-04-24T14:35:00.027 INFO:teuthology.orchestra.run.smithi072.stdout:/usr/bin/ceph: stderr
2024-04-24T14:34:54.998+0000 7f3b45f78700 1 -- 172.21.15.72:0/134641828 shutdown_connections
2024-04-24T14:35:00.027 INFO:teuthology.orchestra.run.smithi072.stdout:/usr/bin/ceph: stderr
2024-04-24T14:34:54.998+0000 7f3b45f78700 1 -- 172.21.15.72:0/134641828 wait complete.
2024-04-24T14:35:00.027 INFO:teuthology.orchestra.run.smithi072.stdout:/usr/bin/ceph: stderr
2024-04-24T14:34:54.999+0000 7f3b45f78700 1 Processor -- start
2024-04-24T14:35:00.027 INFO:teuthology.orchestra.run.smithi072.stdout:/usr/bin/ceph: stderr
2024-04-24T14:34:54.999+0000 7f3b45f78700 1 -- start start
2024-04-24T14:35:00.027 INFO:teuthology.orchestra.run.smithi072.stdout:/usr/bin/ceph: stderr
2024-04-24T14:34:54.999+0000 7f3b45f78700 1 --2- >> [v2:172.21.15.72:3300/0,v1:172.21.15.72:6789/0] conn(0x7f3b401073a0 0x7f3b4019b1f0 unknown :-1 s=NONE pgs=0 cs=0 l=1 rev1=0 crypto rx=0 tx=0 comp rx=0 tx=0).connect
