2024-04-24T14:35:42.053 INFO:teuthology.orchestra.run.smithi131.stdout:/usr/bin/ceph: stderr
2024-04-24T14:35:41.193+0000 7f95a56e5700 1 -- 172.21.15.131:0/1819326912 --> [v2:172.21.15.131:3300/0,v1:172.21.15.131:6789/0] -- mon_subscribe({mgrmap=0+}) -- 0x7f95a019ed50 con 0x7f95a0107370
2024-04-24T14:35:42.053 INFO:teuthology.orchestra.run.smithi131.stdout:/usr/bin/ceph: stderr
2024-04-24T14:35:41.193+0000 7f9587fff700 1 -- 172.21.15.131:0/1819326912 <== mon.0 v2:172.21.15.131:3300/0 2 ==== config(25 keys) ==== 1063+0+0 (secure 0 0 0) 0x7f959001d070 con 0x7f95a0107370
2024-04-24T14:35:42.053 INFO:teuthology.orchestra.run.smithi131.stdout:/usr/bin/ceph: stderr
2024-04-24T14:35:41.194+0000 7f95a56e5700 1 -- 172.21.15.131:0/1819326912 --> [v2:172.21.15.131:3300/0,v1:172.21.15.131:6789/0] -- mon_subscribe({osdmap=0}) -- 0x7f95a01a1a40 con 0x7f95a0107370
2024-04-24T14:35:42.053 INFO:teuthology.orchestra.run.smithi131.stdout:/usr/bin/ceph: stderr
2024-04-24T14:35:41.195+0000 7f9587fff700 1 -- 172.21.15.131:0/1819326912 <== mon.0 v2:172.21.15.131:3300/0 3 ==== mon_map magic: 0 ==== 205+0+0 (secure 0 0 0) 0x7f9590021900 con 0x7f95a0107370
2024-04-24T14:35:42.053 INFO:teuthology.orchestra.run.smithi131.stdout:/usr/bin/ceph: stderr
2024-04-24T14:35:41.195+0000 7f95a56e5700 1 -- 172.21.15.131:0/1819326912 --> [v2:172.21.15.131:3300/0,v1:172.21.15.131:6789/0] -- mon_command({"prefix": "get_command_descriptions"} v 0) -- 0x7f95a0064250 con 0x7f95a0107370
2024-04-24T14:35:42.053 INFO:teuthology.orchestra.run.smithi131.stdout:/usr/bin/ceph: stderr
2024-04-24T14:35:41.195+0000 7f9587fff700 1 -- 172.21.15.131:0/1819326912 <== mon.0 v2:172.21.15.131:3300/0 4 ==== mgrmap(e 9) ==== 46571+0+0 (secure 0 0 0) 0x7f959001f030 con 0x7f95a0107370
2024-04-24T14:35:42.053 INFO:teuthology.orchestra.run.smithi131.stdout:/usr/bin/ceph: stderr
2024-04-24T14:35:41.196+0000 7f9587fff700 1 --2- 172.21.15.131:0/1819326912 >> [v2:172.21.15.131:6800/2386322969,v1:172.21.15.131:6801/2386322969] conn(0x7f9588039600 0x7f958803bac0 unknown :-1 s=NONE pgs=0 cs=0 l=1 rev1=0 crypto rx=0 tx=0 comp rx=0 tx=0).connect
2024-04-24T14:35:42.053 INFO:teuthology.orchestra.run.smithi131.stdout:/usr/bin/ceph: stderr
2024-04-24T14:35:41.196+0000 7f9587fff700 1 -- 172.21.15.131:0/1819326912 <== mon.0 v2:172.21.15.131:3300/0 5 ==== osd_map(2..2 src has 1..2) ==== 940+0+0 (secure 0 0 0) 0x7f959004de80 con 0x7f95a0107370
2024-04-24T14:35:42.053 INFO:teuthology.orchestra.run.smithi131.stdout:/usr/bin/ceph: stderr
2024-04-24T14:35:41.196+0000 7f959e7fc700 1 -- 172.21.15.131:0/1819326912 >> [v2:172.21.15.131:6800/2386322969,v1:172.21.15.131:6801/2386322969] conn(0x7f9588039600 msgr2=0x7f958803bac0 unknown :-1 s=STATE_CONNECTING_RE l=1).process reconnect failed to v2:172.21.15.131:6800/2386322969
2024-04-24T14:35:42.054 INFO:teuthology.orchestra.run.smithi131.stdout:/usr/bin/ceph: stderr
2024-04-24T14:35:41.196+0000 7f959e7fc700 1 --2- 172.21.15.131:0/1819326912 >> [v2:172.21.15.131:6800/2386322969,v1:172.21.15.131:6801/2386322969] conn(0x7f9588039600 0x7f958803bac0 unknown :-1 s=START_CONNECT pgs=0 cs=0 l=1 rev1=0 crypto rx=0 tx=0 comp rx=0 tx=0)._fault waiting 0.200000
2024-04-24T14:35:42.054 INFO:teuthology.orchestra.run.smithi131.stdout:/usr/bin/ceph: stderr
2024-04-24T14:35:41.201+0000 7f9587fff700 1 -- 172.21.15.131:0/1819326912 <== mon.0 v2:172.21.15.131:3300/0 6 ==== mon_command_ack([{"prefix": "get_command_descriptions"}]=0 v0) ==== 72+0+188370 (secure 0 0 0) 0x7f9590015070 con 0x7f95a0107370
2024-04-24T14:35:42.054 INFO:teuthology.orchestra.run.smithi131.stdout:/usr/bin/ceph: stderr
2024-04-24T14:35:41.397+0000 7f959e7fc700 1 -- 172.21.15.131:0/1819326912 >> [v2:172.21.15.131:6800/2386322969,v1:172.21.15.131:6801/2386322969] conn(0x7f9588039600 msgr2=0x7f958803bac0 unknown :-1 s=STATE_CONNECTING_RE l=1).process reconnect failed to v2:172.21.15.131:6800/2386322969
2024-04-24T14:35:42.054 INFO:teuthology.orchestra.run.smithi131.stdout:/usr/bin/ceph: stderr
2024-04-24T14:35:41.397+0000 7f959e7fc700 1 --2- 172.21.15.131:0/1819326912 >> [v2:172.21.15.131:6800/2386322969,v1:172.21.15.131:6801/2386322969] conn(0x7f9588039600 0x7f958803bac0 unknown :-1 s=START_CONNECT pgs=0 cs=0 l=1 rev1=0 crypto rx=0 tx=0 comp rx=0 tx=0)._fault waiting 0.400000
2024-04-24T14:35:42.054 INFO:teuthology.orchestra.run.smithi131.stdout:/usr/bin/ceph: stderr
2024-04-24T14:35:41.478+0000 7f95a56e5700 1 -- 172.21.15.131:0/1819326912 --> [v2:172.21.15.131:3300/0,v1:172.21.15.131:6789/0] -- mon_command({"prefix": "mgr stat"} v 0) -- 0x7f95a01936d0 con 0x7f95a0107370
2024-04-24T14:35:42.054 INFO:teuthology.orchestra.run.smithi131.stdout:/usr/bin/ceph: stderr
2024-04-24T14:35:41.478+0000 7f9587fff700 1 -- 172.21.15.131:0/1819326912 <== mon.0 v2:172.21.15.131:3300/0 7 ==== mon_command_ack([{"prefix": "mgr stat"}]=0 v9) ==== 56+0+88 (secure 0 0 0) 0x7f95a01936d0 con 0x7f95a0107370
2024-04-24T14:35:42.054 INFO:teuthology.orchestra.run.smithi131.stdout:/usr/bin/ceph: stderr
2024-04-24T14:35:41.481+0000 7f95a56e5700 1 -- 172.21.15.131:0/1819326912 >> [v2:172.21.15.131:6800/2386322969,v1:172.21.15.131:6801/2386322969] conn(0x7f9588039600 msgr2=0x7f958803bac0 unknown :-1 s=STATE_CONNECTING l=1).mark_down
2024-04-24T14:35:42.054 INFO:teuthology.orchestra.run.smithi131.stdout:/usr/bin/ceph: stderr
2024-04-24T14:35:41.481+0000 7f95a56e5700 1 --2- 172.21.15.131:0/1819326912 >> [v2:172.21.15.131:6800/2386322969,v1:172.21.15.131:6801/2386322969] conn(0x7f9588039600 0x7f958803bac0 unknown :-1 s=START_CONNECT pgs=0 cs=0 l=1 rev1=0 crypto rx=0 tx=0 comp rx=0 tx=0).stop
2024-04-24T14:35:42.054 INFO:teuthology.orchestra.run.smithi131.stdout:/usr/bin/ceph: stderr
2024-04-24T14:35:41.481+0000 7f95a56e5700 1 -- 172.21.15.131:0/1819326912 >> [v2:172.21.15.131:3300/0,v1:172.21.15.131:6789/0] conn(0x7f95a0107370 msgr2=0x7f95a019e580 secure :-1 s=STATE_CONNECTION_ESTABLISHED l=1).mark_down
2024-04-24T14:35:42.054 INFO:teuthology.orchestra.run.smithi131.stdout:/usr/bin/ceph: stderr
2024-04-24T14:35:41.481+0000 7f95a56e5700 1 --2- 172.21.15.131:0/1819326912 >> [v2:172.21.15.131:3300/0,v1:172.21.15.131:6789/0] conn(0x7f95a0107370 0x7f95a019e580 secure :-1 s=READY pgs=60 cs=0 l=1 rev1=1 crypto rx=0x7f959000b340 tx=0x7f9590003f20 comp rx=0 tx=0).stop
2024-04-24T14:35:42.054 INFO:teuthology.orchestra.run.smithi131.stdout:/usr/bin/ceph: stderr
2024-04-24T14:35:41.481+0000 7f95a56e5700 1 -- 172.21.15.131:0/1819326912 shutdown_connections
2024-04-24T14:35:42.054 INFO:teuthology.orchestra.run.smithi131.stdout:/usr/bin/ceph: stderr
2024-04-24T14:35:41.481+0000 7f95a56e5700 1 --2- 172.21.15.131:0/1819326912 >> [v2:172.21.15.131:6800/2386322969,v1:172.21.15.131:6801/2386322969] conn(0x7f9588039600 0x7f958803bac0 unknown :-1 s=CLOSED pgs=0 cs=0 l=1 rev1=0 crypto rx=0 tx=0 comp rx=0 tx=0).stop
2024-04-24T14:35:42.055 INFO:teuthology.orchestra.run.smithi131.stdout:/usr/bin/ceph: stderr
2024-04-24T14:35:41.481+0000 7f95a56e5700 1 --2- 172.21.15.131:0/1819326912 >> [v2:172.21.15.131:3300/0,v1:172.21.15.131:6789/0] conn(0x7f95a0107370 0x7f95a019e580 unknown :-1 s=CLOSED pgs=60 cs=0 l=1 rev1=1 crypto rx=0 tx=0 comp rx=0 tx=0).stop
2024-04-24T14:35:42.055 INFO:teuthology.orchestra.run.smithi131.stdout:/usr/bin/ceph: stderr
2024-04-24T14:35:41.481+0000 7f95a56e5700 1 -- 172.21.15.131:0/1819326912 >> 172.21.15.131:0/1819326912 conn(0x7f95a01028d0 msgr2=0x7f95a0190790 unknown :-1 s=STATE_NONE l=0).mark_down
2024-04-24T14:35:42.055 INFO:teuthology.orchestra.run.smithi131.stdout:/usr/bin/ceph: stderr
2024-04-24T14:35:41.481+0000 7f95a56e5700 1 -- 172.21.15.131:0/1819326912 shutdown_connections
2024-04-24T14:35:42.055 INFO:teuthology.orchestra.run.smithi131.stdout:/usr/bin/ceph: stderr
2024-04-24T14:35:41.481+0000 7f95a56e5700 1 -- 172.21.15.131:0/1819326912 wait complete.
2024-04-24T14:35:42.055 INFO:teuthology.orchestra.run.smithi131.stdout:Waiting for the mgr to restart...
2024-04-24T14:35:42.055 INFO:teuthology.orchestra.run.smithi131.stdout:Waiting for mgr epoch 9...
2024-04-24T14:35:42.313 INFO:journalctl@ceph.mgr.x.smithi131.stdout:Apr 24 14:35:42 smithi131 ceph-9c37a646-0247-11ef-bc93-c7b262605968-mgr-x[29371]:
2024-04-24T14:35:42.143+0000 7f375eaa7200 -1 mgr[py] Module osd_support has missing NOTIFY_TYPES member
2024-04-24T14:35:42.607 INFO:journalctl@ceph.mgr.x.smithi131.stdout:Apr 24 14:35:42 smithi131 ceph-9c37a646-0247-11ef-bc93-c7b262605968-mgr-x[29371]:
2024-04-24T14:35:42.319+0000 7f375eaa7200 -1 mgr[py] Module iostat has missing NOTIFY_TYPES member
2024-04-24T14:35:42.607 INFO:journalctl@ceph.mgr.x.smithi131.stdout:Apr 24 14:35:42 smithi131 ceph-9c37a646-0247-11ef-bc93-c7b262605968-mgr-x[29371]:
2024-04-24T14:35:42.613+0000 7f375eaa7200 -1 mgr[py] Module alerts has missing NOTIFY_TYPES member
2024-04-24T14:35:42.900 INFO:journalctl@ceph.mgr.x.smithi131.stdout:Apr 24 14:35:42 smithi131 ceph-9c37a646-0247-11ef-bc93-c7b262605968-mgr-x[29371]:
2024-04-24T14:35:42.706+0000 7f375eaa7200 -1 mgr[py] Module selftest has missing NOTIFY_TYPES member
2024-04-24T14:35:42.900 INFO:journalctl@ceph.mgr.x.smithi131.stdout:Apr 24 14:35:42 smithi131 ceph-9c37a646-0247-11ef-bc93-c7b262605968-mgr-x[29371]:
2024-04-24T14:35:42.907+0000 7f375eaa7200 -1 mgr[py] Module pg_autoscaler has missing NOTIFY_TYPES member
2024-04-24T14:35:43.226 INFO:journalctl@ceph.mgr.x.smithi131.stdout:Apr 24 14:35:43 smithi131 ceph-9c37a646-0247-11ef-bc93-c7b262605968-mgr-x[29371]:
2024-04-24T14:35:43.098+0000 7f375eaa7200 -1 mgr[py] Module test_orchestrator has missing NOTIFY_TYPES member
2024-04-24T14:35:43.976 INFO:journalctl@ceph.mgr.x.smithi131.stdout:Apr 24 14:35:43 smithi131 ceph-9c37a646-0247-11ef-bc93-c7b262605968-mgr-x[29371]:
2024-04-24T14:35:43.690+0000 7f375eaa7200 -1 mgr[py] Module rook has missing NOTIFY_TYPES member
2024-04-24T14:35:44.397 INFO:journalctl@ceph.mgr.x.smithi131.stdout:Apr 24 14:35:44 smithi131 ceph-9c37a646-0247-11ef-bc93-c7b262605968-mgr-x[29371]:
2024-04-24T14:35:44.108+0000 7f375eaa7200 -1 mgr[py] Module volumes has missing NOTIFY_TYPES member
2024-04-24T14:35:44.398 INFO:journalctl@ceph.mgr.x.smithi131.stdout:Apr 24 14:35:44 smithi131 ceph-9c37a646-0247-11ef-bc93-c7b262605968-mgr-x[29371]:
2024-04-24T14:35:44.203+0000 7f375eaa7200 -1 mgr[py] Module crash has missing NOTIFY_TYPES member
2024-04-24T14:35:44.398 INFO:journalctl@ceph.mgr.x.smithi131.stdout:Apr 24 14:35:44 smithi131 ceph-9c37a646-0247-11ef-bc93-c7b262605968-mgr-x[29371]:
2024-04-24T14:35:44.404+0000 7f375eaa7200 -1 mgr[py] Module rgw has missing NOTIFY_TYPES member
2024-04-24T14:35:45.226 INFO:journalctl@ceph.mgr.x.smithi131.stdout:Apr 24 14:35:44 smithi131 ceph-9c37a646-0247-11ef-bc93-c7b262605968-mgr-x[29371]:
2024-04-24T14:35:44.923+0000 7f375eaa7200 -1 mgr[py] Module prometheus has missing NOTIFY_TYPES member
2024-04-24T14:35:45.227 INFO:journalctl@ceph.mgr.x.smithi131.stdout:Apr 24 14:35:45 smithi131 ceph-9c37a646-0247-11ef-bc93-c7b262605968-mgr-x[29371]:
2024-04-24T14:35:45.013+0000 7f375eaa7200 -1 mgr[py] Module devicehealth has missing NOTIFY_TYPES member
2024-04-24T14:35:45.586 INFO:journalctl@ceph.mgr.x.smithi131.stdout:Apr 24 14:35:45 smithi131 ceph-9c37a646-0247-11ef-bc93-c7b262605968-mgr-x[29371]:
2024-04-24T14:35:45.252+0000 7f375eaa7200 -1 mgr[py] Module telemetry has missing NOTIFY_TYPES member
2024-04-24T14:35:45.587 INFO:journalctl@ceph.mgr.x.smithi131.stdout:Apr 24 14:35:45 smithi131 ceph-9c37a646-0247-11ef-bc93-c7b262605968-mgr-x[29371]:
2024-04-24T14:35:45.384+0000 7f375eaa7200 -1 mgr[py] Module diskprediction_local has missing NOTIFY_TYPES member
2024-04-24T14:35:45.587 INFO:journalctl@ceph.mgr.x.smithi131.stdout:Apr 24 14:35:45 smithi131 ceph-9c37a646-0247-11ef-bc93-c7b262605968-mgr-x[29371]:
2024-04-24T14:35:45.478+0000 7f375eaa7200 -1 mgr[py] Module osd_perf_query has missing NOTIFY_TYPES member
2024-04-24T14:35:45.587 INFO:journalctl@ceph.mgr.x.smithi131.stdout:Apr 24 14:35:45 smithi131 ceph-9c37a646-0247-11ef-bc93-c7b262605968-mgr-x[29371]:
2024-04-24T14:35:45.593+0000 7f375eaa7200 -1 mgr[py] Module rbd_support has missing NOTIFY_TYPES member
2024-04-24T14:35:46.226 INFO:journalctl@ceph.mgr.x.smithi131.stdout:Apr 24 14:35:45 smithi131 ceph-9c37a646-0247-11ef-bc93-c7b262605968-mgr-x[29371]:
2024-04-24T14:35:45.894+0000 7f375eaa7200 -1 mgr[py] Module zabbix has missing NOTIFY_TYPES member
2024-04-24T14:35:46.751 INFO:journalctl@ceph.mgr.x.smithi131.stdout:Apr 24 14:35:46 smithi131 ceph-9c37a646-0247-11ef-bc93-c7b262605968-mgr-x[29371]:
2024-04-24T14:35:46.491+0000 7f375eaa7200 -1 mgr[py] Module status has missing NOTIFY_TYPES member
2024-04-24T14:35:46.751 INFO:journalctl@ceph.mgr.x.smithi131.stdout:Apr 24 14:35:46 smithi131 ceph-9c37a646-0247-11ef-bc93-c7b262605968-mgr-x[29371]:
2024-04-24T14:35:46.705+0000 7f375eaa7200 -1 mgr[py] Module nfs has missing NOTIFY_TYPES member
2024-04-24T14:35:47.105 INFO:journalctl@ceph.mon.a.smithi131.stdout:Apr 24 14:35:46 smithi131 ceph-mon[29141]: Active manager daemon x restarted
2024-04-24T14:35:47.105 INFO:journalctl@ceph.mon.a.smithi131.stdout:Apr 24 14:35:46 smithi131 ceph-mon[29141]: Activating manager daemon x
2024-04-24T14:35:47.105 INFO:journalctl@ceph.mon.a.smithi131.stdout:Apr 24 14:35:46 smithi131 ceph-mon[29141]: osdmap e3: 0 total, 0 up, 0 in
2024-04-24T14:35:47.105 INFO:journalctl@ceph.mon.a.smithi131.stdout:Apr 24 14:35:46 smithi131 ceph-mon[29141]: mgrmap e10: x(active, starting, since 0.00326529s)
2024-04-24T14:35:47.105 INFO:journalctl@ceph.mon.a.smithi131.stdout:Apr 24 14:35:46 smithi131 ceph-mon[29141]: from='mgr.14152 172.21.15.131:0/1176267492' entity='mgr.x' cmd=[{"prefix": "mon metadata", "id": "a"}]: dispatch
2024-04-24T14:35:47.105 INFO:journalctl@ceph.mon.a.smithi131.stdout:Apr 24 14:35:46 smithi131 ceph-mon[29141]: from='mgr.14152 172.21.15.131:0/1176267492' entity='mgr.x' cmd=[{"prefix": "mgr metadata", "who": "x", "id": "x"}]: dispatch
2024-04-24T14:35:47.105 INFO:journalctl@ceph.mon.a.smithi131.stdout:Apr 24 14:35:46 smithi131 ceph-mon[29141]: from='mgr.14152 172.21.15.131:0/1176267492' entity='mgr.x' cmd=[{"prefix": "mds metadata"}]: dispatch
2024-04-24T14:35:47.105 INFO:journalctl@ceph.mon.a.smithi131.stdout:Apr 24 14:35:46 smithi131 ceph-mon[29141]: from='mgr.14152 172.21.15.131:0/1176267492' entity='mgr.x' cmd=[{"prefix": "osd metadata"}]: dispatch
2024-04-24T14:35:47.105 INFO:journalctl@ceph.mon.a.smithi131.stdout:Apr 24 14:35:46 smithi131 ceph-mon[29141]: from='mgr.14152 172.21.15.131:0/1176267492' entity='mgr.x' cmd=[{"prefix": "mon metadata"}]: dispatch
2024-04-24T14:35:47.105 INFO:journalctl@ceph.mon.a.smithi131.stdout:Apr 24 14:35:46 smithi131 ceph-mon[29141]: Manager daemon x is now available
2024-04-24T14:35:47.105 INFO:journalctl@ceph.mon.a.smithi131.stdout:Apr 24 14:35:46 smithi131 ceph-mon[29141]: from='mgr.14152 172.21.15.131:0/1176267492' entity='mgr.x' cmd=[{"prefix": "config dump", "format": "json"}]: dispatch
2024-04-24T14:35:47.106 INFO:journalctl@ceph.mon.a.smithi131.stdout:Apr 24 14:35:46 smithi131 ceph-mon[29141]: from='mgr.14152 172.21.15.131:0/1176267492' entity='mgr.x' cmd=[{"prefix":"config rm","who":"mgr","name":"mgr/rbd_support/x/mirror_snapshot_schedule"}]: dispatch
2024-04-24T14:35:47.106 INFO:journalctl@ceph.mon.a.smithi131.stdout:Apr 24 14:35:46 smithi131 ceph-mon[29141]: from='mgr.14152 172.21.15.131:0/1176267492' entity='mgr.x' cmd=[{"prefix":"config rm","who":"mgr","name":"mgr/rbd_support/x/trash_purge_schedule"}]: dispatch
2024-04-24T14:35:48.586 INFO:teuthology.orchestra.run.smithi131.stdout:/usr/bin/ceph: stdout {
2024-04-24T14:35:48.587 INFO:teuthology.orchestra.run.smithi131.stdout:/usr/bin/ceph: stdout "mgrmap_epoch": 11,
2024-04-24T14:35:48.587 INFO:teuthology.orchestra.run.smithi131.stdout:/usr/bin/ceph: stdout "initialized": true
2024-04-24T14:35:48.587 INFO:teuthology.orchestra.run.smithi131.stdout:/usr/bin/ceph: stdout }
2024-04-24T14:35:48.587 INFO:teuthology.orchestra.run.smithi131.stdout:/usr/bin/ceph: stderr
2024-04-24T14:35:42.477+0000 7fbda6de0700 1 Processor -- start
2024-04-24T14:35:48.587 INFO:teuthology.orchestra.run.smithi131.stdout:/usr/bin/ceph: stderr
2024-04-24T14:35:42.477+0000 7fbda6de0700 1 -- start start
2024-04-24T14:35:48.587 INFO:teuthology.orchestra.run.smithi131.stdout:/usr/bin/ceph: stderr
2024-04-24T14:35:42.477+0000 7fbda6de0700 1 --2- >> [v2:172.21.15.131:3300/0,v1:172.21.15.131:6789/0] conn(0x7fbda0106770 0x7fbda0106b90 unknown :-1 s=NONE pgs=0 cs=0 l=0 rev1=0 crypto rx=0 tx=0 comp rx=0 tx=0).connect
2024-04-24T14:35:48.587 INFO:teuthology.orchestra.run.smithi131.stdout:/usr/bin/ceph: stderr
2024-04-24T14:35:42.477+0000 7fbda6de0700 1 -- --> [v2:172.21.15.131:3300/0,v1:172.21.15.131:6789/0] -- mon_getmap magic: 0 -- 0x7fbda0107160 con 0x7fbda0106770
2024-04-24T14:35:48.587 INFO:teuthology.orchestra.run.smithi131.stdout:/usr/bin/ceph: stderr
2024-04-24T14:35:42.477+0000 7fbda4b7c700 1 --2- >> [v2:172.21.15.131:3300/0,v1:172.21.15.131:6789/0] conn(0x7fbda0106770 0x7fbda0106b90 unknown :-1 s=BANNER_CONNECTING pgs=0 cs=0 l=0 rev1=0 crypto rx=0 tx=0 comp rx=0 tx=0)._handle_peer_banner_payload supported=3 required=0
2024-04-24T14:35:48.587 INFO:teuthology.orchestra.run.smithi131.stdout:/usr/bin/ceph: stderr
2024-04-24T14:35:42.477+0000 7fbda4b7c700 1 --2- >> [v2:172.21.15.131:3300/0,v1:172.21.15.131:6789/0] conn(0x7fbda0106770 0x7fbda0106b90 unknown :-1 s=HELLO_CONNECTING pgs=0 cs=0 l=0 rev1=1 crypto rx=0 tx=0 comp rx=0 tx=0).handle_hello peer v2:172.21.15.131:3300/0 says I am v2:172.21.15.131:49070/0 (socket says 172.21.15.131:49070)
2024-04-24T14:35:48.587 INFO:teuthology.orchestra.run.smithi131.stdout:/usr/bin/ceph: stderr
2024-04-24T14:35:42.477+0000 7fbda4b7c700 1 -- 172.21.15.131:0/1255017219 learned_addr learned my addr 172.21.15.131:0/1255017219 (peer_addr_for_me v2:172.21.15.131:0/0)
2024-04-24T14:35:48.587 INFO:teuthology.orchestra.run.smithi131.stdout:/usr/bin/ceph: stderr
2024-04-24T14:35:42.478+0000 7fbda4b7c700 1 -- 172.21.15.131:0/1255017219 --> [v2:172.21.15.131:3300/0,v1:172.21.15.131:6789/0] -- mon_subscribe({config=0+,monmap=0+}) -- 0x7fbda0109700 con 0x7fbda0106770
2024-04-24T14:35:48.588 INFO:teuthology.orchestra.run.smithi131.stdout:/usr/bin/ceph: stderr
2024-04-24T14:35:42.478+0000 7fbda4b7c700 1 --2- 172.21.15.131:0/1255017219 >> [v2:172.21.15.131:3300/0,v1:172.21.15.131:6789/0] conn(0x7fbda0106770 0x7fbda0106b90 secure :-1 s=READY pgs=61 cs=0 l=1 rev1=1 crypto rx=0x7fbd940098a0 tx=0x7fbd94009bb0 comp rx=0 tx=0).ready entity=mon.0 client_cookie=e6e6a726463881f7 server_cookie=0 in_seq=0 out_seq=0
2024-04-24T14:35:48.588 INFO:teuthology.orchestra.run.smithi131.stdout:/usr/bin/ceph: stderr
2024-04-24T14:35:42.478+0000 7fbd9f7fe700 1 -- 172.21.15.131:0/1255017219 <== mon.0 v2:172.21.15.131:3300/0 1 ==== mon_map magic: 0 ==== 205+0+0 (secure 0 0 0) 0x7fbd94004160 con 0x7fbda0106770
2024-04-24T14:35:48.588 INFO:teuthology.orchestra.run.smithi131.stdout:/usr/bin/ceph: stderr
2024-04-24T14:35:42.478+0000 7fbd9f7fe700 1 -- 172.21.15.131:0/1255017219 <== mon.0 v2:172.21.15.131:3300/0 2 ==== config(25 keys) ==== 1063+0+0 (secure 0 0 0) 0x7fbd94004300 con 0x7fbda0106770
2024-04-24T14:35:48.588 INFO:teuthology.orchestra.run.smithi131.stdout:/usr/bin/ceph: stderr
2024-04-24T14:35:42.478+0000 7fbd9f7fe700 1 -- 172.21.15.131:0/1255017219 <== mon.0 v2:172.21.15.131:3300/0 3 ==== mon_map magic: 0 ==== 205+0+0 (secure 0 0 0) 0x7fbd94011960 con 0x7fbda0106770
2024-04-24T14:35:48.588 INFO:teuthology.orchestra.run.smithi131.stdout:/usr/bin/ceph: stderr
2024-04-24T14:35:42.479+0000 7fbda6de0700 1 -- 172.21.15.131:0/1255017219 >> [v2:172.21.15.131:3300/0,v1:172.21.15.131:6789/0] conn(0x7fbda0106770 msgr2=0x7fbda0106b90 secure :-1 s=STATE_CONNECTION_ESTABLISHED l=1).mark_down
2024-04-24T14:35:48.588 INFO:teuthology.orchestra.run.smithi131.stdout:/usr/bin/ceph: stderr
2024-04-24T14:35:42.479+0000 7fbda6de0700 1 --2- 172.21.15.131:0/1255017219 >> [v2:172.21.15.131:3300/0,v1:172.21.15.131:6789/0] conn(0x7fbda0106770 0x7fbda0106b90 secure :-1 s=READY pgs=61 cs=0 l=1 rev1=1 crypto rx=0x7fbd940098a0 tx=0x7fbd94009bb0 comp rx=0 tx=0).stop
2024-04-24T14:35:48.588 INFO:teuthology.orchestra.run.smithi131.stdout:/usr/bin/ceph: stderr
2024-04-24T14:35:42.479+0000 7fbda6de0700 1 -- 172.21.15.131:0/1255017219 shutdown_connections
2024-04-24T14:35:48.588 INFO:teuthology.orchestra.run.smithi131.stdout:/usr/bin/ceph: stderr
2024-04-24T14:35:42.479+0000 7fbda6de0700 1 --2- 172.21.15.131:0/1255017219 >> [v2:172.21.15.131:3300/0,v1:172.21.15.131:6789/0] conn(0x7fbda0106770 0x7fbda0106b90 unknown :-1 s=CLOSED pgs=61 cs=0 l=1 rev1=1 crypto rx=0 tx=0 comp rx=0 tx=0).stop
2024-04-24T14:35:48.588 INFO:teuthology.orchestra.run.smithi131.stdout:/usr/bin/ceph: stderr
2024-04-24T14:35:42.479+0000 7fbda6de0700 1 -- 172.21.15.131:0/1255017219 >> 172.21.15.131:0/1255017219 conn(0x7fbda0102120 msgr2=0x7fbda0104540 unknown :-1 s=STATE_NONE l=0).mark_down
2024-04-24T14:35:48.588 INFO:teuthology.orchestra.run.smithi131.stdout:/usr/bin/ceph: stderr
2024-04-24T14:35:42.479+0000 7fbda6de0700 1 -- 172.21.15.131:0/1255017219 shutdown_connections
2024-04-24T14:35:48.588 INFO:teuthology.orchestra.run.smithi131.stdout:/usr/bin/ceph: stderr
2024-04-24T14:35:42.479+0000 7fbda6de0700 1 -- 172.21.15.131:0/1255017219 wait complete.
2024-04-24T14:35:48.588 INFO:teuthology.orchestra.run.smithi131.stdout:/usr/bin/ceph: stderr
2024-04-24T14:35:42.479+0000 7fbda6de0700 1 Processor -- start
2024-04-24T14:35:48.588 INFO:teuthology.orchestra.run.smithi131.stdout:/usr/bin/ceph: stderr
2024-04-24T14:35:42.479+0000 7fbda6de0700 1 -- start start
2024-04-24T14:35:48.589 INFO:teuthology.orchestra.run.smithi131.stdout:/usr/bin/ceph: stderr
2024-04-24T14:35:42.479+0000 7fbda6de0700 1 --2- >> [v2:172.21.15.131:3300/0,v1:172.21.15.131:6789/0] conn(0x7fbda0106770 0x7fbda019c310 unknown :-1 s=NONE pgs=0 cs=0 l=1 rev1=0 crypto rx=0 tx=0 comp rx=0 tx=0).connect
2024-04-24T14:35:48.589 INFO:teuthology.orchestra.run.smithi131.stdout:/usr/bin/ceph: stderr
2024-04-24T14:35:42.479+0000 7fbda6de0700 1 -- --> [v2:172.21.15.131:3300/0,v1:172.21.15.131:6789/0] -- mon_getmap magic: 0 -- 0x7fbda010c930 con 0x7fbda0106770
2024-04-24T14:35:48.589 INFO:teuthology.orchestra.run.smithi131.stdout:/usr/bin/ceph: stderr
2024-04-24T14:35:42.480+0000 7fbda4b7c700 1 --2- >> [v2:172.21.15.131:3300/0,v1:172.21.15.131:6789/0] conn(0x7fbda0106770 0x7fbda019c310 unknown :-1 s=BANNER_CONNECTING pgs=0 cs=0 l=1 rev1=0 crypto rx=0 tx=0 comp rx=0 tx=0)._handle_peer_banner_payload supported=3 required=0
2024-04-24T14:35:48.589 INFO:teuthology.orchestra.run.smithi131.stdout:/usr/bin/ceph: stderr
2024-04-24T14:35:42.480+0000 7fbda4b7c700 1 --2- >> [v2:172.21.15.131:3300/0,v1:172.21.15.131:6789/0] conn(0x7fbda0106770 0x7fbda019c310 unknown :-1 s=HELLO_CONNECTING pgs=0 cs=0 l=1 rev1=1 crypto rx=0 tx=0 comp rx=0 tx=0).handle_hello peer v2:172.21.15.131:3300/0 says I am v2:172.21.15.131:49084/0 (socket says 172.21.15.131:49084)
2024-04-24T14:35:48.589 INFO:teuthology.orchestra.run.smithi131.stdout:/usr/bin/ceph: stderr
2024-04-24T14:35:42.480+0000 7fbda4b7c700 1 -- 172.21.15.131:0/275219337 learned_addr learned my addr 172.21.15.131:0/275219337 (peer_addr_for_me v2:172.21.15.131:0/0)
2024-04-24T14:35:48.589 INFO:teuthology.orchestra.run.smithi131.stdout:/usr/bin/ceph: stderr
2024-04-24T14:35:42.480+0000 7fbda4b7c700 1 -- 172.21.15.131:0/275219337 --> [v2:172.21.15.131:3300/0,v1:172.21.15.131:6789/0] -- mon_subscribe({config=0+,monmap=0+}) -- 0x7fbda019c850 con 0x7fbda0106770
2024-04-24T14:35:48.589 INFO:teuthology.orchestra.run.smithi131.stdout:/usr/bin/ceph: stderr
2024-04-24T14:35:42.480+0000 7fbda4b7c700 1 --2- 172.21.15.131:0/275219337 >> [v2:172.21.15.131:3300/0,v1:172.21.15.131:6789/0] conn(0x7fbda0106770 0x7fbda019c310 secure :-1 s=READY pgs=62 cs=0 l=1 rev1=1 crypto rx=0x7fbd94011670 tx=0x7fbd94011a30 comp rx=0 tx=0).ready entity=mon.0 client_cookie=0 server_cookie=0 in_seq=0 out_seq=0
2024-04-24T14:35:48.589 INFO:teuthology.orchestra.run.smithi131.stdout:/usr/bin/ceph: stderr
2024-04-24T14:35:42.480+0000 7fbd9dffb700 1 -- 172.21.15.131:0/275219337 <== mon.0 v2:172.21.15.131:3300/0 1 ==== mon_map magic: 0 ==== 205+0+0 (secure 0 0 0) 0x7fbd94003a60 con 0x7fbda0106770
2024-04-24T14:35:48.589 INFO:teuthology.orchestra.run.smithi131.stdout:/usr/bin/ceph: stderr
2024-04-24T14:35:42.480+0000 7fbd9dffb700 1 -- 172.21.15.131:0/275219337 <== mon.0 v2:172.21.15.131:3300/0 2 ==== config(25 keys) ==== 1063+0+0 (secure 0 0 0) 0x7fbd9401b8d0 con 0x7fbda0106770
2024-04-24T14:35:48.589 INFO:teuthology.orchestra.run.smithi131.stdout:/usr/bin/ceph: stderr
2024-04-24T14:35:42.480+0000 7fbda6de0700 1 -- 172.21.15.131:0/275219337 --> [v2:172.21.15.131:3300/0,v1:172.21.15.131:6789/0] -- mon_subscribe({mgrmap=0+}) -- 0x7fbda019cae0 con 0x7fbda0106770
2024-04-24T14:35:48.589 INFO:teuthology.orchestra.run.smithi131.stdout:/usr/bin/ceph: stderr
2024-04-24T14:35:42.480+0000 7fbd9dffb700 1 -- 172.21.15.131:0/275219337 <== mon.0 v2:172.21.15.131:3300/0 3 ==== mon_map magic: 0 ==== 205+0+0 (secure 0 0 0) 0x7fbd94023750 con 0x7fbda0106770
2024-04-24T14:35:48.589 INFO:teuthology.orchestra.run.smithi131.stdout:/usr/bin/ceph: stderr
2024-04-24T14:35:42.480+0000 7fbda6de0700 1 -- 172.21.15.131:0/275219337 --> [v2:172.21.15.131:3300/0,v1:172.21.15.131:6789/0] -- mon_subscribe({osdmap=0}) -- 0x7fbda019f7d0 con 0x7fbda0106770
2024-04-24T14:35:48.589 INFO:teuthology.orchestra.run.smithi131.stdout:/usr/bin/ceph: stderr
2024-04-24T14:35:42.481+0000 7fbd9dffb700 1 -- 172.21.15.131:0/275219337 <== mon.0 v2:172.21.15.131:3300/0 4 ==== mgrmap(e 9) ==== 46571+0+0 (secure 0 0 0) 0x7fbd94023a00 con 0x7fbda0106770
2024-04-24T14:35:48.589 INFO:teuthology.orchestra.run.smithi131.stdout:/usr/bin/ceph: stderr
2024-04-24T14:35:42.481+0000 7fbd9dffb700 1 --2- 172.21.15.131:0/275219337 >> [v2:172.21.15.131:6800/2386322969,v1:172.21.15.131:6801/2386322969] conn(0x7fbd90039610 0x7fbd9003bad0 unknown :-1 s=NONE pgs=0 cs=0 l=1 rev1=0 crypto rx=0 tx=0 comp rx=0 tx=0).connect
2024-04-24T14:35:48.590 INFO:teuthology.orchestra.run.smithi131.stdout:/usr/bin/ceph: stderr
2024-04-24T14:35:42.481+0000 7fbda6de0700 1 -- 172.21.15.131:0/275219337 --> [v2:172.21.15.131:6800/2386322969,v1:172.21.15.131:6801/2386322969] -- command(tid 0: {"prefix": "get_command_descriptions"}) -- 0x7fbda0064250 con 0x7fbd90039610
2024-04-24T14:35:48.590 INFO:teuthology.orchestra.run.smithi131.stdout:/usr/bin/ceph: stderr
2024-04-24T14:35:42.481+0000 7fbd9dffb700 1 -- 172.21.15.131:0/275219337 <== mon.0 v2:172.21.15.131:3300/0 5 ==== osd_map(2..2 src has 1..2) ==== 940+0+0 (secure 0 0 0) 0x7fbd9404e050 con 0x7fbda0106770
2024-04-24T14:35:48.590 INFO:teuthology.orchestra.run.smithi131.stdout:/usr/bin/ceph: stderr
2024-04-24T14:35:42.481+0000 7fbd9ffff700 1 -- 172.21.15.131:0/275219337 >> [v2:172.21.15.131:6800/2386322969,v1:172.21.15.131:6801/2386322969] conn(0x7fbd90039610 msgr2=0x7fbd9003bad0 unknown :-1 s=STATE_CONNECTING_RE l=1).process reconnect failed to v2:172.21.15.131:6800/2386322969
2024-04-24T14:35:48.590 INFO:teuthology.orchestra.run.smithi131.stdout:/usr/bin/ceph: stderr
2024-04-24T14:35:42.481+0000 7fbd9ffff700 1 --2- 172.21.15.131:0/275219337 >> [v2:172.21.15.131:6800/2386322969,v1:172.21.15.131:6801/2386322969] conn(0x7fbd90039610 0x7fbd9003bad0 unknown :-1 s=START_CONNECT pgs=0 cs=0 l=1 rev1=0 crypto rx=0 tx=0 comp rx=0 tx=0)._fault waiting 0.200000
2024-04-24T14:35:48.590 INFO:teuthology.orchestra.run.smithi131.stdout:/usr/bin/ceph: stderr
2024-04-24T14:35:42.682+0000 7fbd9ffff700 1 -- 172.21.15.131:0/275219337 >> [v2:172.21.15.131:6800/2386322969,v1:172.21.15.131:6801/2386322969] conn(0x7fbd90039610 msgr2=0x7fbd9003bad0 unknown :-1 s=STATE_CONNECTING_RE l=1).process reconnect failed to v2:172.21.15.131:6800/2386322969
2024-04-24T14:35:48.590 INFO:teuthology.orchestra.run.smithi131.stdout:/usr/bin/ceph: stderr
2024-04-24T14:35:42.682+0000 7fbd9ffff700 1 --2- 172.21.15.131:0/275219337 >> [v2:172.21.15.131:6800/2386322969,v1:172.21.15.131:6801/2386322969] conn(0x7fbd90039610 0x7fbd9003bad0 unknown :-1 s=START_CONNECT pgs=0 cs=0 l=1 rev1=0 crypto rx=0 tx=0 comp rx=0 tx=0)._fault waiting 0.400000
2024-04-24T14:35:48.590 INFO:teuthology.orchestra.run.smithi131.stdout:/usr/bin/ceph: stderr
2024-04-24T14:35:43.083+0000 7fbd9ffff700 1 -- 172.21.15.131:0/275219337 >> [v2:172.21.15.131:6800/2386322969,v1:172.21.15.131:6801/2386322969] conn(0x7fbd90039610 msgr2=0x7fbd9003bad0 unknown :-1 s=STATE_CONNECTING_RE l=1).process reconnect failed to v2:172.21.15.131:6800/2386322969
2024-04-24T14:35:48.590 INFO:teuthology.orchestra.run.smithi131.stdout:/usr/bin/ceph: stderr
2024-04-24T14:35:43.083+0000 7fbd9ffff700 1 --2- 172.21.15.131:0/275219337 >> [v2:172.21.15.131:6800/2386322969,v1:172.21.15.131:6801/2386322969] conn(0x7fbd90039610 0x7fbd9003bad0 unknown :-1 s=START_CONNECT pgs=0 cs=0 l=1 rev1=0 crypto rx=0 tx=0 comp rx=0 tx=0)._fault waiting 0.800000
2024-04-24T14:35:48.590 INFO:teuthology.orchestra.run.smithi131.stdout:/usr/bin/ceph: stderr
2024-04-24T14:35:43.884+0000 7fbd9ffff700 1 -- 172.21.15.131:0/275219337 >> [v2:172.21.15.131:6800/2386322969,v1:172.21.15.131:6801/2386322969] conn(0x7fbd90039610 msgr2=0x7fbd9003bad0 unknown :-1 s=STATE_CONNECTING_RE l=1).process reconnect failed to v2:172.21.15.131:6800/2386322969
2024-04-24T14:35:48.590 INFO:teuthology.orchestra.run.smithi131.stdout:/usr/bin/ceph: stderr
2024-04-24T14:35:43.884+0000 7fbd9ffff700 1 --2- 172.21.15.131:0/275219337 >> [v2:172.21.15.131:6800/2386322969,v1:172.21.15.131:6801/2386322969] conn(0x7fbd90039610 0x7fbd9003bad0 unknown :-1 s=START_CONNECT pgs=0 cs=0 l=1 rev1=0 crypto rx=0 tx=0 comp rx=0 tx=0)._fault waiting 1.600000
2024-04-24T14:35:48.590 INFO:teuthology.orchestra.run.smithi131.stdout:/usr/bin/ceph: stderr
2024-04-24T14:35:45.485+0000 7fbd9ffff700 1 -- 172.21.15.131:0/275219337 >> [v2:172.21.15.131:6800/2386322969,v1:172.21.15.131:6801/2386322969] conn(0x7fbd90039610 msgr2=0x7fbd9003bad0 unknown :-1 s=STATE_CONNECTING_RE l=1).process reconnect failed to v2:172.21.15.131:6800/2386322969
2024-04-24T14:35:48.590 INFO:teuthology.orchestra.run.smithi131.stdout:/usr/bin/ceph: stderr
2024-04-24T14:35:45.485+0000 7fbd9ffff700 1 --2- 172.21.15.131:0/275219337 >> [v2:172.21.15.131:6800/2386322969,v1:172.21.15.131:6801/2386322969] conn(0x7fbd90039610 0x7fbd9003bad0 unknown :-1 s=START_CONNECT pgs=0 cs=0 l=1 rev1=0 crypto rx=0 tx=0 comp rx=0 tx=0)._fault waiting 3.200000
2024-04-24T14:35:48.590 INFO:teuthology.orchestra.run.smithi131.stdout:/usr/bin/ceph: stderr
2024-04-24T14:35:46.708+0000 7fbd9dffb700 1 -- 172.21.15.131:0/275219337 <== mon.0 v2:172.21.15.131:3300/0 6 ==== mgrmap(e 10) ==== 46338+0+0 (secure 0 0 0) 0x7fbd9402c910 con 0x7fbda0106770
2024-04-24T14:35:48.591 INFO:teuthology.orchestra.run.smithi131.stdout:/usr/bin/ceph: stderr
2024-04-24T14:35:46.708+0000 7fbd9dffb700 1 -- 172.21.15.131:0/275219337 >> [v2:172.21.15.131:6800/2386322969,v1:172.21.15.131:6801/2386322969] conn(0x7fbd90039610 msgr2=0x7fbd9003bad0 unknown :-1 s=STATE_CONNECTING l=1).mark_down
2024-04-24T14:35:48.591 INFO:teuthology.orchestra.run.smithi131.stdout:/usr/bin/ceph: stderr
2024-04-24T14:35:46.708+0000 7fbd9dffb700 1 --2- 172.21.15.131:0/275219337 >> [v2:172.21.15.131:6800/2386322969,v1:172.21.15.131:6801/2386322969] conn(0x7fbd90039610 0x7fbd9003bad0 unknown :-1 s=START_CONNECT pgs=0 cs=0 l=1 rev1=0 crypto rx=0 tx=0 comp rx=0 tx=0).stop
2024-04-24T14:35:48.591 INFO:teuthology.orchestra.run.smithi131.stdout:/usr/bin/ceph: stderr
2024-04-24T14:35:47.710+0000 7fbd9dffb700 1 -- 172.21.15.131:0/275219337 <== mon.0 v2:172.21.15.131:3300/0 7 ==== mgrmap(e 11) ==== 46465+0+0 (secure 0 0 0) 0x7fbd94050160 con 0x7fbda0106770
2024-04-24T14:35:48.591 INFO:teuthology.orchestra.run.smithi131.stdout:/usr/bin/ceph: stderr
2024-04-24T14:35:47.710+0000 7fbd9dffb700 1 --2- 172.21.15.131:0/275219337 >> [v2:172.21.15.131:6800/2599933316,v1:172.21.15.131:6801/2599933316] conn(0x7fbd9003cea0 0x7fbd9003f290 unknown :-1 s=NONE pgs=0 cs=0 l=1 rev1=0 crypto rx=0 tx=0 comp rx=0 tx=0).connect
2024-04-24T14:35:48.591 INFO:teuthology.orchestra.run.smithi131.stdout:/usr/bin/ceph: stderr
2024-04-24T14:35:47.710+0000 7fbd9dffb700 1 -- 172.21.15.131:0/275219337 --> [v2:172.21.15.131:6800/2599933316,v1:172.21.15.131:6801/2599933316] -- command(tid 0: {"prefix": "get_command_descriptions"}) -- 0x7fbda0064250 con 0x7fbd9003cea0
2024-04-24T14:35:48.591 INFO:teuthology.orchestra.run.smithi131.stdout:/usr/bin/ceph: stderr
2024-04-24T14:35:47.710+0000 7fbd9ffff700 1 --2- 172.21.15.131:0/275219337 >> [v2:172.21.15.131:6800/2599933316,v1:172.21.15.131:6801/2599933316] conn(0x7fbd9003cea0 0x7fbd9003f290 unknown :-1 s=BANNER_CONNECTING pgs=0 cs=0 l=1 rev1=0 crypto rx=0 tx=0 comp rx=0 tx=0)._handle_peer_banner_payload supported=3 required=0
2024-04-24T14:35:48.591 INFO:teuthology.orchestra.run.smithi131.stdout:/usr/bin/ceph: stderr
2024-04-24T14:35:47.711+0000 7fbd9ffff700 1 --2- 172.21.15.131:0/275219337 >> [v2:172.21.15.131:6800/2599933316,v1:172.21.15.131:6801/2599933316] conn(0x7fbd9003cea0 0x7fbd9003f290 secure :-1 s=READY pgs=1 cs=0 l=1 rev1=1 crypto rx=0x7fbd8c003a10 tx=0x7fbd8c009270 comp rx=0 tx=0).ready entity=mgr.14152 client_cookie=0 server_cookie=0 in_seq=0 out_seq=0
2024-04-24T14:35:48.591 INFO:teuthology.orchestra.run.smithi131.stdout:/usr/bin/ceph: stderr
2024-04-24T14:35:47.712+0000 7fbd9dffb700 1 -- 172.21.15.131:0/275219337 <== mgr.14152 v2:172.21.15.131:6800/2599933316 1 ==== command_reply(tid 0: 0 ) ==== 8+0+7774 (secure 0 0 0) 0x7fbda0064250 con 0x7fbd9003cea0
2024-04-24T14:35:48.591 INFO:teuthology.orchestra.run.smithi131.stdout:/usr/bin/ceph: stderr
2024-04-24T14:35:47.723+0000 7fbda6de0700 1 -- 172.21.15.131:0/275219337 --> [v2:172.21.15.131:6800/2599933316,v1:172.21.15.131:6801/2599933316] -- command(tid 1: {"prefix": "mgr_status"}) -- 0x7fbda010cab0 con 0x7fbd9003cea0
2024-04-24T14:35:48.591 INFO:teuthology.orchestra.run.smithi131.stdout:/usr/bin/ceph: stderr
2024-04-24T14:35:47.724+0000 7fbd9dffb700 1 -- 172.21.15.131:0/275219337 <== mgr.14152 v2:172.21.15.131:6800/2599933316 2 ==== command_reply(tid 1: 0 ) ==== 8+0+52 (secure 0 0 0) 0x7fbda010cab0 con 0x7fbd9003cea0
2024-04-24T14:35:48.591 INFO:teuthology.orchestra.run.smithi131.stdout:/usr/bin/ceph: stderr
2024-04-24T14:35:47.724+0000 7fbda6de0700 1 -- 172.21.15.131:0/275219337 >> [v2:172.21.15.131:6800/2599933316,v1:172.21.15.131:6801/2599933316] conn(0x7fbd9003cea0 msgr2=0x7fbd9003f290 secure :-1 s=STATE_CONNECTION_ESTABLISHED l=1).mark_down
2024-04-24T14:35:48.591 INFO:teuthology.orchestra.run.smithi131.stdout:/usr/bin/ceph: stderr
2024-04-24T14:35:47.724+0000 7fbda6de0700 1 --2- 172.21.15.131:0/275219337 >> [v2:172.21.15.131:6800/2599933316,v1:172.21.15.131:6801/2599933316] conn(0x7fbd9003cea0 0x7fbd9003f290 secure :-1 s=READY pgs=1 cs=0 l=1 rev1=1 crypto rx=0x7fbd8c003a10 tx=0x7fbd8c009270 comp rx=0 tx=0).stop
2024-04-24T14:35:48.591 INFO:teuthology.orchestra.run.smithi131.stdout:/usr/bin/ceph: stderr
2024-04-24T14:35:47.724+0000 7fbda6de0700 1 -- 172.21.15.131:0/275219337 >> [v2:172.21.15.131:3300/0,v1:172.21.15.131:6789/0] conn(0x7fbda0106770 msgr2=0x7fbda019c310 secure :-1 s=STATE_CONNECTION_ESTABLISHED l=1).mark_down
2024-04-24T14:35:48.592 INFO:teuthology.orchestra.run.smithi131.stdout:/usr/bin/ceph: stderr
2024-04-24T14:35:47.724+0000 7fbda6de0700 1 --2- 172.21.15.131:0/275219337 >> [v2:172.21.15.131:3300/0,v1:172.21.15.131:6789/0] conn(0x7fbda0106770 0x7fbda019c310 secure :-1 s=READY pgs=62 cs=0 l=1 rev1=1 crypto rx=0x7fbd94011670 tx=0x7fbd94011a30 comp rx=0 tx=0).stop
2024-04-24T14:35:48.592 INFO:teuthology.orchestra.run.smithi131.stdout:/usr/bin/ceph: stderr
2024-04-24T14:35:47.724+0000 7fbda6de0700 1 -- 172.21.15.131:0/275219337 shutdown_connections
2024-04-24T14:35:48.592 INFO:teuthology.orchestra.run.smithi131.stdout:/usr/bin/ceph: stderr
2024-04-24T14:35:47.724+0000 7fbda6de0700 1 --2- 172.21.15.131:0/275219337 >> [v2:172.21.15.131:6800/2599933316,v1:172.21.15.131:6801/2599933316] conn(0x7fbd9003cea0 0x7fbd9003f290 unknown :-1 s=CLOSED pgs=1 cs=0 l=1 rev1=1 crypto rx=0 tx=0 comp rx=0 tx=0).stop
2024-04-24T14:35:48.592 INFO:teuthology.orchestra.run.smithi131.stdout:/usr/bin/ceph: stderr
2024-04-24T14:35:47.724+0000 7fbda6de0700 1 --2- 172.21.15.131:0/275219337 >> [v2:172.21.15.131:3300/0,v1:172.21.15.131:6789/0] conn(0x7fbda0106770 0x7fbda019c310 unknown :-1 s=CLOSED pgs=62 cs=0 l=1 rev1=1 crypto rx=0 tx=0 comp rx=0 tx=0).stop
2024-04-24T14:35:48.592 INFO:teuthology.orchestra.run.smithi131.stdout:/usr/bin/ceph: stderr
2024-04-24T14:35:47.724+0000 7fbda6de0700 1 --2- 172.21.15.131:0/275219337 >> [v2:172.21.15.131:6800/2386322969,v1:172.21.15.131:6801/2386322969] conn(0x7fbd90039610 0x7fbd9003bad0 unknown :-1 s=CLOSED pgs=0 cs=0 l=1 rev1=0 crypto rx=0 tx=0 comp rx=0 tx=0).stop
2024-04-24T14:35:48.592 INFO:teuthology.orchestra.run.smithi131.stdout:/usr/bin/ceph: stderr
2024-04-24T14:35:47.724+0000 7fbda6de0700 1 -- 172.21.15.131:0/275219337 >> 172.21.15.131:0/275219337 conn(0x7fbda0102120 msgr2=0x7fbda0102bc0 unknown :-1 s=STATE_NONE l=0).mark_down
2024-04-24T14:35:48.592 INFO:teuthology.orchestra.run.smithi131.stdout:/usr/bin/ceph: stderr
2024-04-24T14:35:47.724+0000 7fbda6de0700 1 -- 172.21.15.131:0/275219337 shutdown_connections
2024-04-24T14:35:48.592 INFO:teuthology.orchestra.run.smithi131.stdout:/usr/bin/ceph: stderr
2024-04-24T14:35:47.724+0000 7fbda6de0700 1 -- 172.21.15.131:0/275219337 wait complete.
2024-04-24T14:35:48.592 INFO:teuthology.orchestra.run.smithi131.stdout:mgr epoch 9 is available
2024-04-24T14:35:48.592 INFO:teuthology.orchestra.run.smithi131.stdout:Generating a dashboard self-signed certificate...
2024-04-24T14:35:48.847 INFO:journalctl@ceph.mon.a.smithi131.stdout:Apr 24 14:35:48 smithi131 ceph-mon[29141]: from='client.14156 -' entity='client.admin' cmd=[{"prefix": "get_command_descriptions"}]: dispatch
2024-04-24T14:35:48.847 INFO:journalctl@ceph.mon.a.smithi131.stdout:Apr 24 14:35:48 smithi131 ceph-mon[29141]: mgrmap e11: x(active, since 1.00626s)
2024-04-24T14:35:48.847 INFO:journalctl@ceph.mon.a.smithi131.stdout:Apr 24 14:35:48 smithi131 ceph-mon[29141]: from='client.14156 -' entity='client.admin' cmd=[{"prefix": "mgr_status"}]: dispatch
2024-04-24T14:35:48.847 INFO:journalctl@ceph.mon.a.smithi131.stdout:Apr 24 14:35:48 smithi131 ceph-mon[29141]: from='mgr.14152 172.21.15.131:0/1176267492' entity='mgr.x'
2024-04-24T14:35:49.977 INFO:journalctl@ceph.mon.a.smithi131.stdout:Apr 24 14:35:49 smithi131 ceph-mon[29141]: [24/Apr/2024:14:35:48] ENGINE Bus STARTING
2024-04-24T14:35:49.978 INFO:journalctl@ceph.mon.a.smithi131.stdout:Apr 24 14:35:49 smithi131 ceph-mon[29141]: [24/Apr/2024:14:35:48] ENGINE Serving on https://172.21.15.131:7150
2024-04-24T14:35:49.978 INFO:journalctl@ceph.mon.a.smithi131.stdout:Apr 24 14:35:49 smithi131 ceph-mon[29141]: [24/Apr/2024:14:35:48] ENGINE Serving on http://172.21.15.131:8765
2024-04-24T14:35:49.978 INFO:journalctl@ceph.mon.a.smithi131.stdout:Apr 24 14:35:49 smithi131 ceph-mon[29141]: [24/Apr/2024:14:35:48] ENGINE Bus STARTED
2024-04-24T14:35:49.978 INFO:journalctl@ceph.mon.a.smithi131.stdout:Apr 24 14:35:49 smithi131 ceph-mon[29141]: mgrmap e12: x(active, since 2s)
2024-04-24T14:35:49.978 INFO:journalctl@ceph.mon.a.smithi131.stdout:Apr 24 14:35:49 smithi131 ceph-mon[29141]: from='mgr.14152 172.21.15.131:0/1176267492' entity='mgr.x'
2024-04-24T14:35:49.978 INFO:journalctl@ceph.mon.a.smithi131.stdout:Apr 24 14:35:49 smithi131 ceph-mon[29141]: from='mgr.14152 172.21.15.131:0/1176267492' entity='mgr.x'
2024-04-24T14:35:49.993 INFO:teuthology.orchestra.run.smithi131.stdout:/usr/bin/ceph: stdout Self-signed certificate created
2024-04-24T14:35:49.993 INFO:teuthology.orchestra.run.smithi131.stdout:/usr/bin/ceph: stderr
2024-04-24T14:35:49.053+0000 7f74fc77e700 1 Processor -- start
2024-04-24T14:35:49.994 INFO:teuthology.orchestra.run.smithi131.stdout:/usr/bin/ceph: stderr
2024-04-24T14:35:49.053+0000 7f74fc77e700 1 -- start start
2024-04-24T14:35:49.994 INFO:teuthology.orchestra.run.smithi131.stdout:/usr/bin/ceph: stderr
2024-04-24T14:35:49.053+0000 7f74fc77e700 1 --2- >> [v2:172.21.15.131:3300/0,v1:172.21.15.131:6789/0] conn(0x7f74f41073a0 0x7f74f41077c0 unknown :-1 s=NONE pgs=0 cs=0 l=0 rev1=0 crypto rx=0 tx=0 comp rx=0 tx=0).connect
2024-04-24T14:35:49.994 INFO:teuthology.orchestra.run.smithi131.stdout:/usr/bin/ceph: stderr
2024-04-24T14:35:49.053+0000 7f74fc77e700 1 -- --> [v2:172.21.15.131:3300/0,v1:172.21.15.131:6789/0] -- mon_getmap magic: 0 -- 0x7f74f4107d90 con 0x7f74f41073a0
2024-04-24T14:35:49.994 INFO:teuthology.orchestra.run.smithi131.stdout:/usr/bin/ceph: stderr
2024-04-24T14:35:49.053+0000 7f74fa51a700 1 --2- >> [v2:172.21.15.131:3300/0,v1:172.21.15.131:6789/0] conn(0x7f74f41073a0 0x7f74f41077c0 unknown :-1 s=BANNER_CONNECTING pgs=0 cs=0 l=0 rev1=0 crypto rx=0 tx=0 comp rx=0 tx=0)._handle_peer_banner_payload supported=3 required=0
2024-04-24T14:35:49.994 INFO:teuthology.orchestra.run.smithi131.stdout:/usr/bin/ceph: stderr
2024-04-24T14:35:49.053+0000 7f74fa51a700 1 --2- >> [v2:172.21.15.131:3300/0,v1:172.21.15.131:6789/0] conn(0x7f74f41073a0 0x7f74f41077c0 unknown :-1 s=HELLO_CONNECTING pgs=0 cs=0 l=0 rev1=1 crypto rx=0 tx=0 comp rx=0 tx=0).handle_hello peer v2:172.21.15.131:3300/0 says I am v2:172.21.15.131:49154/0 (socket says 172.21.15.131:49154)
2024-04-24T14:35:49.994 INFO:teuthology.orchestra.run.smithi131.stdout:/usr/bin/ceph: stderr
2024-04-24T14:35:49.053+0000 7f74fa51a700 1 -- 172.21.15.131:0/717381845 learned_addr learned my addr 172.21.15.131:0/717381845 (peer_addr_for_me v2:172.21.15.131:0/0)
2024-04-24T14:35:49.994 INFO:teuthology.orchestra.run.smithi131.stdout:/usr/bin/ceph: stderr
2024-04-24T14:35:49.054+0000 7f74fa51a700 1 -- 172.21.15.131:0/717381845 --> [v2:172.21.15.131:3300/0,v1:172.21.15.131:6789/0] -- mon_subscribe({config=0+,monmap=0+}) -- 0x7f74f41085a0 con 0x7f74f41073a0
2024-04-24T14:35:49.994 INFO:teuthology.orchestra.run.smithi131.stdout:/usr/bin/ceph: stderr
2024-04-24T14:35:49.054+0000 7f74fa51a700 1 --2- 172.21.15.131:0/717381845 >> [v2:172.21.15.131:3300/0,v1:172.21.15.131:6789/0] conn(0x7f74f41073a0 0x7f74f41077c0 secure :-1 s=READY pgs=70 cs=0 l=1 rev1=1 crypto rx=0x7f74e40098a0 tx=0x7f74e4009bb0 comp rx=0 tx=0).ready entity=mon.0 client_cookie=6baa4013be0236d1 server_cookie=0 in_seq=0 out_seq=0
2024-04-24T14:35:49.994 INFO:teuthology.orchestra.run.smithi131.stdout:/usr/bin/ceph: stderr
2024-04-24T14:35:49.054+0000 7f74f9518700 1 -- 172.21.15.131:0/717381845 <== mon.0 v2:172.21.15.131:3300/0 1 ==== mon_map magic: 0 ==== 205+0+0 (secure 0 0 0) 0x7f74e4004160 con 0x7f74f41073a0
2024-04-24T14:35:49.994 INFO:teuthology.orchestra.run.smithi131.stdout:/usr/bin/ceph: stderr
2024-04-24T14:35:49.054+0000 7f74f9518700 1 -- 172.21.15.131:0/717381845 <== mon.0 v2:172.21.15.131:3300/0 2 ==== config(25 keys) ==== 1063+0+0 (secure 0 0 0) 0x7f74e4004300 con 0x7f74f41073a0
2024-04-24T14:35:49.994 INFO:teuthology.orchestra.run.smithi131.stdout:/usr/bin/ceph: stderr
2024-04-24T14:35:49.054+0000 7f74f9518700 1 -- 172.21.15.131:0/717381845 <== mon.0 v2:172.21.15.131:3300/0 3 ==== mon_map magic: 0 ==== 205+0+0 (secure 0 0 0) 0x7f74e4011960 con 0x7f74f41073a0
2024-04-24T14:35:49.995 INFO:teuthology.orchestra.run.smithi131.stdout:/usr/bin/ceph: stderr
2024-04-24T14:35:49.054+0000 7f74fc77e700 1 -- 172.21.15.131:0/717381845 >> [v2:172.21.15.131:3300/0,v1:172.21.15.131:6789/0] conn(0x7f74f41073a0 msgr2=0x7f74f41077c0 secure :-1 s=STATE_CONNECTION_ESTABLISHED l=1).mark_down
2024-04-24T14:35:49.995 INFO:teuthology.orchestra.run.smithi131.stdout:/usr/bin/ceph: stderr
2024-04-24T14:35:49.054+0000 7f74fc77e700 1 --2- 172.21.15.131:0/717381845 >> [v2:172.21.15.131:3300/0,v1:172.21.15.131:6789/0] conn(0x7f74f41073a0 0x7f74f41077c0 secure :-1 s=READY pgs=70 cs=0 l=1 rev1=1 crypto rx=0x7f74e40098a0 tx=0x7f74e4009bb0 comp rx=0 tx=0).stop
2024-04-24T14:35:49.995 INFO:teuthology.orchestra.run.smithi131.stdout:/usr/bin/ceph: stderr
2024-04-24T14:35:49.054+0000 7f74fc77e700 1 -- 172.21.15.131:0/717381845 shutdown_connections
2024-04-24T14:35:49.995 INFO:teuthology.orchestra.run.smithi131.stdout:/usr/bin/ceph: stderr
2024-04-24T14:35:49.054+0000 7f74fc77e700 1 --2- 172.21.15.131:0/717381845 >> [v2:172.21.15.131:3300/0,v1:172.21.15.131:6789/0] conn(0x7f74f41073a0 0x7f74f41077c0 unknown :-1 s=CLOSED pgs=70 cs=0 l=1 rev1=1 crypto rx=0 tx=0 comp rx=0 tx=0).stop
2024-04-24T14:35:49.995 INFO:teuthology.orchestra.run.smithi131.stdout:/usr/bin/ceph: stderr
2024-04-24T14:35:49.055+0000 7f74fc77e700 1 -- 172.21.15.131:0/717381845 >> 172.21.15.131:0/717381845 conn(0x7f74f4102940 msgr2=0x7f74f4104d80 unknown :-1 s=STATE_NONE l=0).mark_down
2024-04-24T14:35:49.995 INFO:teuthology.orchestra.run.smithi131.stdout:/usr/bin/ceph: stderr
2024-04-24T14:35:49.055+0000 7f74fc77e700 1 -- 172.21.15.131:0/717381845 shutdown_connections
2024-04-24T14:35:49.995 INFO:teuthology.orchestra.run.smithi131.stdout:/usr/bin/ceph: stderr
2024-04-24T14:35:49.055+0000 7f74fc77e700 1 -- 172.21.15.131:0/717381845 wait complete.
2024-04-24T14:35:49.995 INFO:teuthology.orchestra.run.smithi131.stdout:/usr/bin/ceph: stderr
2024-04-24T14:35:49.055+0000 7f74fc77e700 1 Processor -- start
2024-04-24T14:35:49.995 INFO:teuthology.orchestra.run.smithi131.stdout:/usr/bin/ceph: stderr
2024-04-24T14:35:49.055+0000 7f74fc77e700 1 -- start start
2024-04-24T14:35:49.995 INFO:teuthology.orchestra.run.smithi131.stdout:/usr/bin/ceph: stderr
2024-04-24T14:35:49.055+0000 7f74fc77e700 1 --2- >> [v2:172.21.15.131:3300/0,v1:172.21.15.131:6789/0] conn(0x7f74f41073a0 0x7f74f4192490 unknown :-1 s=NONE pgs=0 cs=0 l=1 rev1=0 crypto rx=0 tx=0 comp rx=0 tx=0).connect
2024-04-24T14:35:49.995 INFO:teuthology.orchestra.run.smithi131.stdout:/usr/bin/ceph: stderr
2024-04-24T14:35:49.055+0000 7f74fc77e700 1 -- --> [v2:172.21.15.131:3300/0,v1:172.21.15.131:6789/0] -- mon_getmap magic: 0 -- 0x7f74f410b7d0 con 0x7f74f41073a0
2024-04-24T14:35:49.995 INFO:teuthology.orchestra.run.smithi131.stdout:/usr/bin/ceph: stderr
2024-04-24T14:35:49.055+0000 7f74fa51a700 1 --2- >> [v2:172.21.15.131:3300/0,v1:172.21.15.131:6789/0] conn(0x7f74f41073a0 0x7f74f4192490 unknown :-1 s=BANNER_CONNECTING pgs=0 cs=0 l=1 rev1=0 crypto rx=0 tx=0 comp rx=0 tx=0)._handle_peer_banner_payload supported=3 required=0
2024-04-24T14:35:49.996 INFO:teuthology.orchestra.run.smithi131.stdout:/usr/bin/ceph: stderr
2024-04-24T14:35:49.055+0000 7f74fa51a700 1 --2- >> [v2:172.21.15.131:3300/0,v1:172.21.15.131:6789/0] conn(0x7f74f41073a0 0x7f74f4192490 unknown :-1 s=HELLO_CONNECTING pgs=0 cs=0 l=1 rev1=1 crypto rx=0 tx=0 comp rx=0 tx=0).handle_hello peer v2:172.21.15.131:3300/0 says I am v2:172.21.15.131:49164/0 (socket says 172.21.15.131:49164)
2024-04-24T14:35:49.996 INFO:teuthology.orchestra.run.smithi131.stdout:/usr/bin/ceph: stderr
2024-04-24T14:35:49.055+0000 7f74fa51a700 1 -- 172.21.15.131:0/2802945489 learned_addr learned my addr 172.21.15.131:0/2802945489 (peer_addr_for_me v2:172.21.15.131:0/0)
2024-04-24T14:35:49.996 INFO:teuthology.orchestra.run.smithi131.stdout:/usr/bin/ceph: stderr
2024-04-24T14:35:49.056+0000 7f74fa51a700 1 -- 172.21.15.131:0/2802945489 --> [v2:172.21.15.131:3300/0,v1:172.21.15.131:6789/0] -- mon_subscribe({config=0+,monmap=0+}) -- 0x7f74f41929d0 con 0x7f74f41073a0
2024-04-24T14:35:49.996 INFO:teuthology.orchestra.run.smithi131.stdout:/usr/bin/ceph: stderr
2024-04-24T14:35:49.056+0000 7f74fa51a700 1 --2- 172.21.15.131:0/2802945489 >> [v2:172.21.15.131:3300/0,v1:172.21.15.131:6789/0] conn(0x7f74f41073a0 0x7f74f4192490 secure :-1 s=READY pgs=71 cs=0 l=1 rev1=1 crypto rx=0x7f74e4011670 tx=0x7f74e4011a30 comp rx=0 tx=0).ready entity=mon.0 client_cookie=0 server_cookie=0 in_seq=0 out_seq=0
2024-04-24T14:35:49.996 INFO:teuthology.orchestra.run.smithi131.stdout:/usr/bin/ceph: stderr
2024-04-24T14:35:49.056+0000 7f74eb7fe700 1 -- 172.21.15.131:0/2802945489 <== mon.0 v2:172.21.15.131:3300/0 1 ==== mon_map magic: 0 ==== 205+0+0 (secure 0 0 0) 0x7f74e4003a60 con 0x7f74f41073a0
2024-04-24T14:35:49.996 INFO:teuthology.orchestra.run.smithi131.stdout:/usr/bin/ceph: stderr
2024-04-24T14:35:49.056+0000 7f74eb7fe700 1 -- 172.21.15.131:0/2802945489 <== mon.0 v2:172.21.15.131:3300/0 2 ==== config(25 keys) ==== 1063+0+0 (secure 0 0 0) 0x7f74e401b8d0 con 0x7f74f41073a0
2024-04-24T14:35:49.996 INFO:teuthology.orchestra.run.smithi131.stdout:/usr/bin/ceph: stderr
2024-04-24T14:35:49.056+0000 7f74fc77e700 1 -- 172.21.15.131:0/2802945489 --> [v2:172.21.15.131:3300/0,v1:172.21.15.131:6789/0] -- mon_subscribe({mgrmap=0+}) -- 0x7f74f4190bc0 con 0x7f74f41073a0
2024-04-24T14:35:49.996 INFO:teuthology.orchestra.run.smithi131.stdout:/usr/bin/ceph: stderr
2024-04-24T14:35:49.056+0000 7f74eb7fe700 1 -- 172.21.15.131:0/2802945489 <== mon.0 v2:172.21.15.131:3300/0 3 ==== mon_map magic: 0 ==== 205+0+0 (secure 0 0 0) 0x7f74e4023750 con 0x7f74f41073a0
2024-04-24T14:35:49.996 INFO:teuthology.orchestra.run.smithi131.stdout:/usr/bin/ceph: stderr
2024-04-24T14:35:49.056+0000 7f74fc77e700 1 -- 172.21.15.131:0/2802945489 --> [v2:172.21.15.131:3300/0,v1:172.21.15.131:6789/0] -- mon_subscribe({osdmap=0}) -- 0x7f74f4191100 con 0x7f74f41073a0
2024-04-24T14:35:49.996 INFO:teuthology.orchestra.run.smithi131.stdout:/usr/bin/ceph: stderr
2024-04-24T14:35:49.057+0000 7f74eb7fe700 1 -- 172.21.15.131:0/2802945489 <== mon.0 v2:172.21.15.131:3300/0 4 ==== mgrmap(e 11) ==== 46465+0+0 (secure 0 0 0) 0x7f74e4023a00 con 0x7f74f41073a0
2024-04-24T14:35:49.996 INFO:teuthology.orchestra.run.smithi131.stdout:/usr/bin/ceph: stderr
2024-04-24T14:35:49.057+0000 7f74eb7fe700 1 --2- 172.21.15.131:0/2802945489 >> [v2:172.21.15.131:6800/2599933316,v1:172.21.15.131:6801/2599933316] conn(0x7f74e00394f0 0x7f74e003b9b0 unknown :-1 s=NONE pgs=0 cs=0 l=1 rev1=0 crypto rx=0 tx=0 comp rx=0 tx=0).connect
2024-04-24T14:35:49.996 INFO:teuthology.orchestra.run.smithi131.stdout:/usr/bin/ceph: stderr
2024-04-24T14:35:49.057+0000 7f74fc77e700 1 -- 172.21.15.131:0/2802945489 --> [v2:172.21.15.131:3300/0,v1:172.21.15.131:6789/0] -- mon_command({"prefix": "get_command_descriptions"} v 0) -- 0x7f74f410b950 con 0x7f74f41073a0
