2024-04-25T10:23:32.612 INFO:journalctl@ceph.mon.a.smithi043.stdout:Apr 25 10:23:32 smithi043 ceph-mon[29478]: from='mgr.14152 172.21.15.43:0/2649468352' entity='mgr.x' cmd=[{"prefix": "config dump", "format": "json"}]: dispatch
2024-04-25T10:23:33.308 INFO:journalctl@ceph.mon.a.smithi043.stdout:Apr 25 10:23:33 smithi043 ceph-mon[29478]: from='mgr.14152 172.21.15.43:0/2649468352' entity='mgr.x' cmd=[{"prefix":"config rm","who":"mgr","name":"mgr/rbd_support/x/mirror_snapshot_schedule"}]: dispatch
2024-04-25T10:23:33.308 INFO:journalctl@ceph.mon.a.smithi043.stdout:Apr 25 10:23:33 smithi043 ceph-mon[29478]: from='mgr.14152 172.21.15.43:0/2649468352' entity='mgr.x' cmd=[{"prefix":"config rm","who":"mgr","name":"mgr/rbd_support/x/trash_purge_schedule"}]: dispatch
2024-04-25T10:23:33.308 INFO:journalctl@ceph.mon.a.smithi043.stdout:Apr 25 10:23:33 smithi043 ceph-mon[29478]: mgrmap e11: x(active, since 1.0067s)
2024-04-25T10:23:33.998 INFO:teuthology.orchestra.run.smithi043.stdout:/usr/bin/ceph: stdout {
2024-04-25T10:23:33.998 INFO:teuthology.orchestra.run.smithi043.stdout:/usr/bin/ceph: stdout "mgrmap_epoch": 11,
2024-04-25T10:23:33.998 INFO:teuthology.orchestra.run.smithi043.stdout:/usr/bin/ceph: stdout "initialized": true
2024-04-25T10:23:33.998 INFO:teuthology.orchestra.run.smithi043.stdout:/usr/bin/ceph: stdout }
2024-04-25T10:23:33.998 INFO:teuthology.orchestra.run.smithi043.stdout:/usr/bin/ceph: stderr
2024-04-25T10:23:27.104+0000 7f1ef48e3700 1 Processor -- start
2024-04-25T10:23:33.998 INFO:teuthology.orchestra.run.smithi043.stdout:/usr/bin/ceph: stderr
2024-04-25T10:23:27.105+0000 7f1ef48e3700 1 -- start start
2024-04-25T10:23:33.998 INFO:teuthology.orchestra.run.smithi043.stdout:/usr/bin/ceph: stderr
2024-04-25T10:23:27.105+0000 7f1ef48e3700 1 --2- >> [v2:172.21.15.43:3300/0,v1:172.21.15.43:6789/0] conn(0x7f1ef0108510 0x7f1ef0108920 unknown :-1 s=NONE pgs=0 cs=0 l=0 rev1=0 crypto rx=0 tx=0 comp rx=0 tx=0).connect
2024-04-25T10:23:33.998 INFO:teuthology.orchestra.run.smithi043.stdout:/usr/bin/ceph: stderr
2024-04-25T10:23:27.105+0000 7f1ef48e3700 1 -- --> [v2:172.21.15.43:3300/0,v1:172.21.15.43:6789/0] -- mon_getmap magic: 0 -- 0x7f1ef007ce20 con 0x7f1ef0108510
2024-04-25T10:23:33.998 INFO:teuthology.orchestra.run.smithi043.stdout:/usr/bin/ceph: stderr
2024-04-25T10:23:27.105+0000 7f1eee59c700 1 --2- >> [v2:172.21.15.43:3300/0,v1:172.21.15.43:6789/0] conn(0x7f1ef0108510 0x7f1ef0108920 unknown :-1 s=BANNER_CONNECTING pgs=0 cs=0 l=0 rev1=0 crypto rx=0 tx=0 comp rx=0 tx=0)._handle_peer_banner_payload supported=3 required=0
2024-04-25T10:23:33.999 INFO:teuthology.orchestra.run.smithi043.stdout:/usr/bin/ceph: stderr
2024-04-25T10:23:27.105+0000 7f1eee59c700 1 --2- >> [v2:172.21.15.43:3300/0,v1:172.21.15.43:6789/0] conn(0x7f1ef0108510 0x7f1ef0108920 unknown :-1 s=HELLO_CONNECTING pgs=0 cs=0 l=0 rev1=1 crypto rx=0 tx=0 comp rx=0 tx=0).handle_hello peer v2:172.21.15.43:3300/0 says I am v2:172.21.15.43:37164/0 (socket says 172.21.15.43:37164)
2024-04-25T10:23:33.999 INFO:teuthology.orchestra.run.smithi043.stdout:/usr/bin/ceph: stderr
2024-04-25T10:23:27.105+0000 7f1eee59c700 1 -- 172.21.15.43:0/2639367975 learned_addr learned my addr 172.21.15.43:0/2639367975 (peer_addr_for_me v2:172.21.15.43:0/0)
2024-04-25T10:23:33.999 INFO:teuthology.orchestra.run.smithi043.stdout:/usr/bin/ceph: stderr
2024-04-25T10:23:27.106+0000 7f1eee59c700 1 -- 172.21.15.43:0/2639367975 --> [v2:172.21.15.43:3300/0,v1:172.21.15.43:6789/0] -- mon_subscribe({config=0+,monmap=0+}) -- 0x7f1ef0108e60 con 0x7f1ef0108510
2024-04-25T10:23:33.999 INFO:teuthology.orchestra.run.smithi043.stdout:/usr/bin/ceph: stderr
2024-04-25T10:23:27.106+0000 7f1eee59c700 1 --2- 172.21.15.43:0/2639367975 >> [v2:172.21.15.43:3300/0,v1:172.21.15.43:6789/0] conn(0x7f1ef0108510 0x7f1ef0108920 secure :-1 s=READY pgs=61 cs=0 l=1 rev1=1 crypto rx=0x7f1ee00098a0 tx=0x7f1ee0009bb0 comp rx=0 tx=0).ready entity=mon.0 client_cookie=7baf37a6ea225263 server_cookie=0 in_seq=0 out_seq=0
2024-04-25T10:23:33.999 INFO:teuthology.orchestra.run.smithi043.stdout:/usr/bin/ceph: stderr
2024-04-25T10:23:27.106+0000 7f1eed59a700 1 -- 172.21.15.43:0/2639367975 <== mon.0 v2:172.21.15.43:3300/0 1 ==== mon_map magic: 0 ==== 205+0+0 (secure 0 0 0) 0x7f1ee0004160 con 0x7f1ef0108510
2024-04-25T10:23:33.999 INFO:teuthology.orchestra.run.smithi043.stdout:/usr/bin/ceph: stderr
2024-04-25T10:23:27.106+0000 7f1eed59a700 1 -- 172.21.15.43:0/2639367975 <== mon.0 v2:172.21.15.43:3300/0 2 ==== config(26 keys) ==== 1101+0+0 (secure 0 0 0) 0x7f1ee0004300 con 0x7f1ef0108510
2024-04-25T10:23:33.999 INFO:teuthology.orchestra.run.smithi043.stdout:/usr/bin/ceph: stderr
2024-04-25T10:23:27.106+0000 7f1eed59a700 1 -- 172.21.15.43:0/2639367975 <== mon.0 v2:172.21.15.43:3300/0 3 ==== mon_map magic: 0 ==== 205+0+0 (secure 0 0 0) 0x7f1ee0011a20 con 0x7f1ef0108510
2024-04-25T10:23:33.999 INFO:teuthology.orchestra.run.smithi043.stdout:/usr/bin/ceph: stderr
2024-04-25T10:23:27.107+0000 7f1ef48e3700 1 -- 172.21.15.43:0/2639367975 >> [v2:172.21.15.43:3300/0,v1:172.21.15.43:6789/0] conn(0x7f1ef0108510 msgr2=0x7f1ef0108920 secure :-1 s=STATE_CONNECTION_ESTABLISHED l=1).mark_down
2024-04-25T10:23:33.999 INFO:teuthology.orchestra.run.smithi043.stdout:/usr/bin/ceph: stderr
2024-04-25T10:23:27.107+0000 7f1ef48e3700 1 --2- 172.21.15.43:0/2639367975 >> [v2:172.21.15.43:3300/0,v1:172.21.15.43:6789/0] conn(0x7f1ef0108510 0x7f1ef0108920 secure :-1 s=READY pgs=61 cs=0 l=1 rev1=1 crypto rx=0x7f1ee00098a0 tx=0x7f1ee0009bb0 comp rx=0 tx=0).stop
2024-04-25T10:23:34.000 INFO:teuthology.orchestra.run.smithi043.stdout:/usr/bin/ceph: stderr
2024-04-25T10:23:27.107+0000 7f1ef48e3700 1 -- 172.21.15.43:0/2639367975 shutdown_connections
2024-04-25T10:23:34.000 INFO:teuthology.orchestra.run.smithi043.stdout:/usr/bin/ceph: stderr
2024-04-25T10:23:27.107+0000 7f1ef48e3700 1 --2- 172.21.15.43:0/2639367975 >> [v2:172.21.15.43:3300/0,v1:172.21.15.43:6789/0] conn(0x7f1ef0108510 0x7f1ef0108920 unknown :-1 s=CLOSED pgs=61 cs=0 l=1 rev1=1 crypto rx=0 tx=0 comp rx=0 tx=0).stop
2024-04-25T10:23:34.000 INFO:teuthology.orchestra.run.smithi043.stdout:/usr/bin/ceph: stderr
2024-04-25T10:23:27.107+0000 7f1ef48e3700 1 -- 172.21.15.43:0/2639367975 >> 172.21.15.43:0/2639367975 conn(0x7f1ef0104120 msgr2=0x7f1ef01065b0 unknown :-1 s=STATE_NONE l=0).mark_down
2024-04-25T10:23:34.000 INFO:teuthology.orchestra.run.smithi043.stdout:/usr/bin/ceph: stderr
2024-04-25T10:23:27.107+0000 7f1ef48e3700 1 -- 172.21.15.43:0/2639367975 shutdown_connections
2024-04-25T10:23:34.000 INFO:teuthology.orchestra.run.smithi043.stdout:/usr/bin/ceph: stderr
2024-04-25T10:23:27.107+0000 7f1ef48e3700 1 -- 172.21.15.43:0/2639367975 wait complete.
2024-04-25T10:23:34.000 INFO:teuthology.orchestra.run.smithi043.stdout:/usr/bin/ceph: stderr
2024-04-25T10:23:27.108+0000 7f1ef48e3700 1 Processor -- start
2024-04-25T10:23:34.000 INFO:teuthology.orchestra.run.smithi043.stdout:/usr/bin/ceph: stderr
2024-04-25T10:23:27.108+0000 7f1ef48e3700 1 -- start start
2024-04-25T10:23:34.000 INFO:teuthology.orchestra.run.smithi043.stdout:/usr/bin/ceph: stderr
2024-04-25T10:23:27.108+0000 7f1ef48e3700 1 --2- >> [v2:172.21.15.43:3300/0,v1:172.21.15.43:6789/0] conn(0x7f1ef0108510 0x7f1ef01a0170 unknown :-1 s=NONE pgs=0 cs=0 l=1 rev1=0 crypto rx=0 tx=0 comp rx=0 tx=0).connect
2024-04-25T10:23:34.001 INFO:teuthology.orchestra.run.smithi043.stdout:/usr/bin/ceph: stderr
2024-04-25T10:23:27.108+0000 7f1ef48e3700 1 -- --> [v2:172.21.15.43:3300/0,v1:172.21.15.43:6789/0] -- mon_getmap magic: 0 -- 0x7f1ef0109f20 con 0x7f1ef0108510
2024-04-25T10:23:34.001 INFO:teuthology.orchestra.run.smithi043.stdout:/usr/bin/ceph: stderr
2024-04-25T10:23:27.108+0000 7f1eee59c700 1 --2- >> [v2:172.21.15.43:3300/0,v1:172.21.15.43:6789/0] conn(0x7f1ef0108510 0x7f1ef01a0170 unknown :-1 s=BANNER_CONNECTING pgs=0 cs=0 l=1 rev1=0 crypto rx=0 tx=0 comp rx=0 tx=0)._handle_peer_banner_payload supported=3 required=0
2024-04-25T10:23:34.001 INFO:teuthology.orchestra.run.smithi043.stdout:/usr/bin/ceph: stderr
2024-04-25T10:23:27.109+0000 7f1eee59c700 1 --2- >> [v2:172.21.15.43:3300/0,v1:172.21.15.43:6789/0] conn(0x7f1ef0108510 0x7f1ef01a0170 unknown :-1 s=HELLO_CONNECTING pgs=0 cs=0 l=1 rev1=1 crypto rx=0 tx=0 comp rx=0 tx=0).handle_hello peer v2:172.21.15.43:3300/0 says I am v2:172.21.15.43:37176/0 (socket says 172.21.15.43:37176)
2024-04-25T10:23:34.001 INFO:teuthology.orchestra.run.smithi043.stdout:/usr/bin/ceph: stderr
2024-04-25T10:23:27.109+0000 7f1eee59c700 1 -- 172.21.15.43:0/1304586592 learned_addr learned my addr 172.21.15.43:0/1304586592 (peer_addr_for_me v2:172.21.15.43:0/0)
2024-04-25T10:23:34.001 INFO:teuthology.orchestra.run.smithi043.stdout:/usr/bin/ceph: stderr
2024-04-25T10:23:27.109+0000 7f1eee59c700 1 -- 172.21.15.43:0/1304586592 --> [v2:172.21.15.43:3300/0,v1:172.21.15.43:6789/0] -- mon_subscribe({config=0+,monmap=0+}) -- 0x7f1ef01a06b0 con 0x7f1ef0108510
2024-04-25T10:23:34.001 INFO:teuthology.orchestra.run.smithi043.stdout:/usr/bin/ceph: stderr
2024-04-25T10:23:27.109+0000 7f1eee59c700 1 --2- 172.21.15.43:0/1304586592 >> [v2:172.21.15.43:3300/0,v1:172.21.15.43:6789/0] conn(0x7f1ef0108510 0x7f1ef01a0170 secure :-1 s=READY pgs=62 cs=0 l=1 rev1=1 crypto rx=0x7f1ee0000c00 tx=0x7f1ee0011aa0 comp rx=0 tx=0).ready entity=mon.0 client_cookie=0 server_cookie=0 in_seq=0 out_seq=0
2024-04-25T10:23:34.001 INFO:teuthology.orchestra.run.smithi043.stdout:/usr/bin/ceph: stderr
2024-04-25T10:23:27.109+0000 7f1edf7fe700 1 -- 172.21.15.43:0/1304586592 <== mon.0 v2:172.21.15.43:3300/0 1 ==== mon_map magic: 0 ==== 205+0+0 (secure 0 0 0) 0x7f1ee0003aa0 con 0x7f1ef0108510
2024-04-25T10:23:34.001 INFO:teuthology.orchestra.run.smithi043.stdout:/usr/bin/ceph: stderr
2024-04-25T10:23:27.109+0000 7f1ef48e3700 1 -- 172.21.15.43:0/1304586592 --> [v2:172.21.15.43:3300/0,v1:172.21.15.43:6789/0] -- mon_subscribe({mgrmap=0+}) -- 0x7f1ef01a0940 con 0x7f1ef0108510
2024-04-25T10:23:34.001 INFO:teuthology.orchestra.run.smithi043.stdout:/usr/bin/ceph: stderr
2024-04-25T10:23:27.109+0000 7f1ef48e3700 1 -- 172.21.15.43:0/1304586592 --> [v2:172.21.15.43:3300/0,v1:172.21.15.43:6789/0] -- mon_subscribe({osdmap=0}) -- 0x7f1ef01a3550 con 0x7f1ef0108510
2024-04-25T10:23:34.001 INFO:teuthology.orchestra.run.smithi043.stdout:/usr/bin/ceph: stderr
2024-04-25T10:23:27.109+0000 7f1edf7fe700 1 -- 172.21.15.43:0/1304586592 <== mon.0 v2:172.21.15.43:3300/0 2 ==== config(26 keys) ==== 1101+0+0 (secure 0 0 0) 0x7f1ee001b8f0 con 0x7f1ef0108510
2024-04-25T10:23:34.001 INFO:teuthology.orchestra.run.smithi043.stdout:/usr/bin/ceph: stderr
2024-04-25T10:23:27.109+0000 7f1edf7fe700 1 -- 172.21.15.43:0/1304586592 <== mon.0 v2:172.21.15.43:3300/0 3 ==== mon_map magic: 0 ==== 205+0+0 (secure 0 0 0) 0x7f1ee0023890 con 0x7f1ef0108510
2024-04-25T10:23:34.001 INFO:teuthology.orchestra.run.smithi043.stdout:/usr/bin/ceph: stderr
2024-04-25T10:23:27.110+0000 7f1edf7fe700 1 -- 172.21.15.43:0/1304586592 <== mon.0 v2:172.21.15.43:3300/0 4 ==== mgrmap(e 9) ==== 49529+0+0 (secure 0 0 0) 0x7f1ee002c3f0 con 0x7f1ef0108510
2024-04-25T10:23:34.001 INFO:teuthology.orchestra.run.smithi043.stdout:/usr/bin/ceph: stderr
2024-04-25T10:23:27.111+0000 7f1edf7fe700 1 --2- 172.21.15.43:0/1304586592 >> [v2:172.21.15.43:6800/1017216348,v1:172.21.15.43:6801/1017216348] conn(0x7f1ed803d620 0x7f1ed803fb30 unknown :-1 s=NONE pgs=0 cs=0 l=1 rev1=0 crypto rx=0 tx=0 comp rx=0 tx=0).connect
2024-04-25T10:23:34.001 INFO:teuthology.orchestra.run.smithi043.stdout:/usr/bin/ceph: stderr
2024-04-25T10:23:27.111+0000 7f1edf7fe700 1 -- 172.21.15.43:0/1304586592 --> [v2:172.21.15.43:6800/1017216348,v1:172.21.15.43:6801/1017216348] -- command(tid 0: {"prefix": "get_command_descriptions"}) -- 0x7f1ed8040240 con 0x7f1ed803d620
2024-04-25T10:23:34.002 INFO:teuthology.orchestra.run.smithi043.stdout:/usr/bin/ceph: stderr
2024-04-25T10:23:27.111+0000 7f1edf7fe700 1 -- 172.21.15.43:0/1304586592 <== mon.0 v2:172.21.15.43:3300/0 5 ==== osd_map(2..2 src has 1..2) ==== 940+0+0 (secure 0 0 0) 0x7f1ee0053c00 con 0x7f1ef0108510
2024-04-25T10:23:34.002 INFO:teuthology.orchestra.run.smithi043.stdout:/usr/bin/ceph: stderr
2024-04-25T10:23:27.111+0000 7f1eedd9b700 1 -- 172.21.15.43:0/1304586592 >> [v2:172.21.15.43:6800/1017216348,v1:172.21.15.43:6801/1017216348] conn(0x7f1ed803d620 msgr2=0x7f1ed803fb30 unknown :-1 s=STATE_CONNECTING_RE l=1).process reconnect failed to v2:172.21.15.43:6800/1017216348
2024-04-25T10:23:34.002 INFO:teuthology.orchestra.run.smithi043.stdout:/usr/bin/ceph: stderr
2024-04-25T10:23:27.111+0000 7f1eedd9b700 1 --2- 172.21.15.43:0/1304586592 >> [v2:172.21.15.43:6800/1017216348,v1:172.21.15.43:6801/1017216348] conn(0x7f1ed803d620 0x7f1ed803fb30 unknown :-1 s=START_CONNECT pgs=0 cs=0 l=1 rev1=0 crypto rx=0 tx=0 comp rx=0 tx=0)._fault waiting 0.200000
2024-04-25T10:23:34.002 INFO:teuthology.orchestra.run.smithi043.stdout:/usr/bin/ceph: stderr
2024-04-25T10:23:27.312+0000 7f1eedd9b700 1 -- 172.21.15.43:0/1304586592 >> [v2:172.21.15.43:6800/1017216348,v1:172.21.15.43:6801/1017216348] conn(0x7f1ed803d620 msgr2=0x7f1ed803fb30 unknown :-1 s=STATE_CONNECTING_RE l=1).process reconnect failed to v2:172.21.15.43:6800/1017216348
2024-04-25T10:23:34.002 INFO:teuthology.orchestra.run.smithi043.stdout:/usr/bin/ceph: stderr
2024-04-25T10:23:27.312+0000 7f1eedd9b700 1 --2- 172.21.15.43:0/1304586592 >> [v2:172.21.15.43:6800/1017216348,v1:172.21.15.43:6801/1017216348] conn(0x7f1ed803d620 0x7f1ed803fb30 unknown :-1 s=START_CONNECT pgs=0 cs=0 l=1 rev1=0 crypto rx=0 tx=0 comp rx=0 tx=0)._fault waiting 0.400000
2024-04-25T10:23:34.002 INFO:teuthology.orchestra.run.smithi043.stdout:/usr/bin/ceph: stderr
2024-04-25T10:23:27.713+0000 7f1eedd9b700 1 -- 172.21.15.43:0/1304586592 >> [v2:172.21.15.43:6800/1017216348,v1:172.21.15.43:6801/1017216348] conn(0x7f1ed803d620 msgr2=0x7f1ed803fb30 unknown :-1 s=STATE_CONNECTING_RE l=1).process reconnect failed to v2:172.21.15.43:6800/1017216348
2024-04-25T10:23:34.002 INFO:teuthology.orchestra.run.smithi043.stdout:/usr/bin/ceph: stderr
2024-04-25T10:23:27.713+0000 7f1eedd9b700 1 --2- 172.21.15.43:0/1304586592 >> [v2:172.21.15.43:6800/1017216348,v1:172.21.15.43:6801/1017216348] conn(0x7f1ed803d620 0x7f1ed803fb30 unknown :-1 s=START_CONNECT pgs=0 cs=0 l=1 rev1=0 crypto rx=0 tx=0 comp rx=0 tx=0)._fault waiting 0.800000
2024-04-25T10:23:34.002 INFO:teuthology.orchestra.run.smithi043.stdout:/usr/bin/ceph: stderr
2024-04-25T10:23:28.514+0000 7f1eedd9b700 1 -- 172.21.15.43:0/1304586592 >> [v2:172.21.15.43:6800/1017216348,v1:172.21.15.43:6801/1017216348] conn(0x7f1ed803d620 msgr2=0x7f1ed803fb30 unknown :-1 s=STATE_CONNECTING_RE l=1).process reconnect failed to v2:172.21.15.43:6800/1017216348
2024-04-25T10:23:34.002 INFO:teuthology.orchestra.run.smithi043.stdout:/usr/bin/ceph: stderr
2024-04-25T10:23:28.514+0000 7f1eedd9b700 1 --2- 172.21.15.43:0/1304586592 >> [v2:172.21.15.43:6800/1017216348,v1:172.21.15.43:6801/1017216348] conn(0x7f1ed803d620 0x7f1ed803fb30 unknown :-1 s=START_CONNECT pgs=0 cs=0 l=1 rev1=0 crypto rx=0 tx=0 comp rx=0 tx=0)._fault waiting 1.600000
2024-04-25T10:23:34.002 INFO:teuthology.orchestra.run.smithi043.stdout:/usr/bin/ceph: stderr
2024-04-25T10:23:30.115+0000 7f1eedd9b700 1 -- 172.21.15.43:0/1304586592 >> [v2:172.21.15.43:6800/1017216348,v1:172.21.15.43:6801/1017216348] conn(0x7f1ed803d620 msgr2=0x7f1ed803fb30 unknown :-1 s=STATE_CONNECTING_RE l=1).process reconnect failed to v2:172.21.15.43:6800/1017216348
2024-04-25T10:23:34.002 INFO:teuthology.orchestra.run.smithi043.stdout:/usr/bin/ceph: stderr
2024-04-25T10:23:30.115+0000 7f1eedd9b700 1 --2- 172.21.15.43:0/1304586592 >> [v2:172.21.15.43:6800/1017216348,v1:172.21.15.43:6801/1017216348] conn(0x7f1ed803d620 0x7f1ed803fb30 unknown :-1 s=START_CONNECT pgs=0 cs=0 l=1 rev1=0 crypto rx=0 tx=0 comp rx=0 tx=0)._fault waiting 3.200000
2024-04-25T10:23:34.003 INFO:teuthology.orchestra.run.smithi043.stdout:/usr/bin/ceph: stderr
2024-04-25T10:23:32.073+0000 7f1edf7fe700 1 -- 172.21.15.43:0/1304586592 <== mon.0 v2:172.21.15.43:3300/0 6 ==== mgrmap(e 10) ==== 49296+0+0 (secure 0 0 0) 0x7f1ee0018350 con 0x7f1ef0108510
2024-04-25T10:23:34.003 INFO:teuthology.orchestra.run.smithi043.stdout:/usr/bin/ceph: stderr
2024-04-25T10:23:32.073+0000 7f1edf7fe700 1 -- 172.21.15.43:0/1304586592 >> [v2:172.21.15.43:6800/1017216348,v1:172.21.15.43:6801/1017216348] conn(0x7f1ed803d620 msgr2=0x7f1ed803fb30 unknown :-1 s=STATE_CONNECTING l=1).mark_down
2024-04-25T10:23:34.003 INFO:teuthology.orchestra.run.smithi043.stdout:/usr/bin/ceph: stderr
2024-04-25T10:23:32.073+0000 7f1edf7fe700 1 --2- 172.21.15.43:0/1304586592 >> [v2:172.21.15.43:6800/1017216348,v1:172.21.15.43:6801/1017216348] conn(0x7f1ed803d620 0x7f1ed803fb30 unknown :-1 s=START_CONNECT pgs=0 cs=0 l=1 rev1=0 crypto rx=0 tx=0 comp rx=0 tx=0).stop
2024-04-25T10:23:34.003 INFO:teuthology.orchestra.run.smithi043.stdout:/usr/bin/ceph: stderr
2024-04-25T10:23:33.075+0000 7f1edf7fe700 1 -- 172.21.15.43:0/1304586592 <== mon.0 v2:172.21.15.43:3300/0 7 ==== mgrmap(e 11) ==== 49423+0+0 (secure 0 0 0) 0x7f1ee0012d50 con 0x7f1ef0108510
2024-04-25T10:23:34.003 INFO:teuthology.orchestra.run.smithi043.stdout:/usr/bin/ceph: stderr
2024-04-25T10:23:33.075+0000 7f1edf7fe700 1 --2- 172.21.15.43:0/1304586592 >> [v2:172.21.15.43:6800/1953858940,v1:172.21.15.43:6801/1953858940] conn(0x7f1ee0053790 0x7f1ed8042fc0 unknown :-1 s=NONE pgs=0 cs=0 l=1 rev1=0 crypto rx=0 tx=0 comp rx=0 tx=0).connect
2024-04-25T10:23:34.003 INFO:teuthology.orchestra.run.smithi043.stdout:/usr/bin/ceph: stderr
2024-04-25T10:23:33.075+0000 7f1edf7fe700 1 -- 172.21.15.43:0/1304586592 --> [v2:172.21.15.43:6800/1953858940,v1:172.21.15.43:6801/1953858940] -- command(tid 0: {"prefix": "get_command_descriptions"}) -- 0x7f1ed8040240 con 0x7f1ee0053790
2024-04-25T10:23:34.004 INFO:teuthology.orchestra.run.smithi043.stdout:/usr/bin/ceph: stderr
2024-04-25T10:23:33.076+0000 7f1eedd9b700 1 --2- 172.21.15.43:0/1304586592 >> [v2:172.21.15.43:6800/1953858940,v1:172.21.15.43:6801/1953858940] conn(0x7f1ee0053790 0x7f1ed8042fc0 unknown :-1 s=BANNER_CONNECTING pgs=0 cs=0 l=1 rev1=0 crypto rx=0 tx=0 comp rx=0 tx=0)._handle_peer_banner_payload supported=3 required=0
2024-04-25T10:23:34.004 INFO:teuthology.orchestra.run.smithi043.stdout:/usr/bin/ceph: stderr
2024-04-25T10:23:33.077+0000 7f1eedd9b700 1 --2- 172.21.15.43:0/1304586592 >> [v2:172.21.15.43:6800/1953858940,v1:172.21.15.43:6801/1953858940] conn(0x7f1ee0053790 0x7f1ed8042fc0 secure :-1 s=READY pgs=1 cs=0 l=1 rev1=1 crypto rx=0x7f1ee4003a10 tx=0x7f1ee4009270 comp rx=0 tx=0).ready entity=mgr.14152 client_cookie=0 server_cookie=0 in_seq=0 out_seq=0
2024-04-25T10:23:34.004 INFO:teuthology.orchestra.run.smithi043.stdout:/usr/bin/ceph: stderr
2024-04-25T10:23:33.078+0000 7f1edf7fe700 1 -- 172.21.15.43:0/1304586592 <== mgr.14152 v2:172.21.15.43:6800/1953858940 1 ==== command_reply(tid 0: 0 ) ==== 8+0+9564 (secure 0 0 0) 0x7f1ed8040240 con 0x7f1ee0053790
2024-04-25T10:23:34.004 INFO:teuthology.orchestra.run.smithi043.stdout:/usr/bin/ceph: stderr
2024-04-25T10:23:33.086+0000 7f1edd7fa700 1 -- 172.21.15.43:0/1304586592 --> [v2:172.21.15.43:6800/1953858940,v1:172.21.15.43:6801/1953858940] -- command(tid 1: {"prefix": "mgr_status"}) -- 0x7f1ef0064cf0 con 0x7f1ee0053790
2024-04-25T10:23:34.004 INFO:teuthology.orchestra.run.smithi043.stdout:/usr/bin/ceph: stderr
2024-04-25T10:23:33.086+0000 7f1edf7fe700 1 -- 172.21.15.43:0/1304586592 <== mgr.14152 v2:172.21.15.43:6800/1953858940 2 ==== command_reply(tid 1: 0 ) ==== 8+0+52 (secure 0 0 0) 0x7f1ef0064cf0 con 0x7f1ee0053790
2024-04-25T10:23:34.004 INFO:teuthology.orchestra.run.smithi043.stdout:/usr/bin/ceph: stderr
2024-04-25T10:23:33.087+0000 7f1edd7fa700 1 -- 172.21.15.43:0/1304586592 >> [v2:172.21.15.43:6800/1953858940,v1:172.21.15.43:6801/1953858940] conn(0x7f1ee0053790 msgr2=0x7f1ed8042fc0 secure :-1 s=STATE_CONNECTION_ESTABLISHED l=1).mark_down
2024-04-25T10:23:34.004 INFO:teuthology.orchestra.run.smithi043.stdout:/usr/bin/ceph: stderr
2024-04-25T10:23:33.087+0000 7f1edd7fa700 1 --2- 172.21.15.43:0/1304586592 >> [v2:172.21.15.43:6800/1953858940,v1:172.21.15.43:6801/1953858940] conn(0x7f1ee0053790 0x7f1ed8042fc0 secure :-1 s=READY pgs=1 cs=0 l=1 rev1=1 crypto rx=0x7f1ee4003a10 tx=0x7f1ee4009270 comp rx=0 tx=0).stop
2024-04-25T10:23:34.004 INFO:teuthology.orchestra.run.smithi043.stdout:/usr/bin/ceph: stderr
2024-04-25T10:23:33.087+0000 7f1edd7fa700 1 -- 172.21.15.43:0/1304586592 >> [v2:172.21.15.43:3300/0,v1:172.21.15.43:6789/0] conn(0x7f1ef0108510 msgr2=0x7f1ef01a0170 secure :-1 s=STATE_CONNECTION_ESTABLISHED l=1).mark_down
2024-04-25T10:23:34.004 INFO:teuthology.orchestra.run.smithi043.stdout:/usr/bin/ceph: stderr
2024-04-25T10:23:33.087+0000 7f1edd7fa700 1 --2- 172.21.15.43:0/1304586592 >> [v2:172.21.15.43:3300/0,v1:172.21.15.43:6789/0] conn(0x7f1ef0108510 0x7f1ef01a0170 secure :-1 s=READY pgs=62 cs=0 l=1 rev1=1 crypto rx=0x7f1ee0000c00 tx=0x7f1ee0011aa0 comp rx=0 tx=0).stop
2024-04-25T10:23:34.004 INFO:teuthology.orchestra.run.smithi043.stdout:/usr/bin/ceph: stderr
2024-04-25T10:23:33.087+0000 7f1edd7fa700 1 -- 172.21.15.43:0/1304586592 shutdown_connections
2024-04-25T10:23:34.005 INFO:teuthology.orchestra.run.smithi043.stdout:/usr/bin/ceph: stderr
2024-04-25T10:23:33.087+0000 7f1edd7fa700 1 --2- 172.21.15.43:0/1304586592 >> [v2:172.21.15.43:6800/1953858940,v1:172.21.15.43:6801/1953858940] conn(0x7f1ee0053790 0x7f1ed8042fc0 unknown :-1 s=CLOSED pgs=1 cs=0 l=1 rev1=1 crypto rx=0 tx=0 comp rx=0 tx=0).stop
2024-04-25T10:23:34.005 INFO:teuthology.orchestra.run.smithi043.stdout:/usr/bin/ceph: stderr
2024-04-25T10:23:33.087+0000 7f1edd7fa700 1 --2- 172.21.15.43:0/1304586592 >> [v2:172.21.15.43:3300/0,v1:172.21.15.43:6789/0] conn(0x7f1ef0108510 0x7f1ef01a0170 unknown :-1 s=CLOSED pgs=62 cs=0 l=1 rev1=1 crypto rx=0 tx=0 comp rx=0 tx=0).stop
2024-04-25T10:23:34.005 INFO:teuthology.orchestra.run.smithi043.stdout:/usr/bin/ceph: stderr
2024-04-25T10:23:33.087+0000 7f1edd7fa700 1 --2- 172.21.15.43:0/1304586592 >> [v2:172.21.15.43:6800/1017216348,v1:172.21.15.43:6801/1017216348] conn(0x7f1ed803d620 0x7f1ed803fb30 unknown :-1 s=CLOSED pgs=0 cs=0 l=1 rev1=0 crypto rx=0 tx=0 comp rx=0 tx=0).stop
2024-04-25T10:23:34.005 INFO:teuthology.orchestra.run.smithi043.stdout:/usr/bin/ceph: stderr
2024-04-25T10:23:33.087+0000 7f1edd7fa700 1 -- 172.21.15.43:0/1304586592 >> 172.21.15.43:0/1304586592 conn(0x7f1ef0104120 msgr2=0x7f1ef0194140 unknown :-1 s=STATE_NONE l=0).mark_down
2024-04-25T10:23:34.005 INFO:teuthology.orchestra.run.smithi043.stdout:/usr/bin/ceph: stderr
2024-04-25T10:23:33.087+0000 7f1edd7fa700 1 -- 172.21.15.43:0/1304586592 shutdown_connections
2024-04-25T10:23:34.005 INFO:teuthology.orchestra.run.smithi043.stdout:/usr/bin/ceph: stderr
2024-04-25T10:23:33.087+0000 7f1edd7fa700 1 -- 172.21.15.43:0/1304586592 wait complete.
2024-04-25T10:23:34.005 INFO:teuthology.orchestra.run.smithi043.stdout:mgr epoch 9 is available
2024-04-25T10:23:34.005 INFO:teuthology.orchestra.run.smithi043.stdout:Generating a dashboard self-signed certificate...
2024-04-25T10:23:34.860 INFO:journalctl@ceph.mon.a.smithi043.stdout:Apr 25 10:23:34 smithi043 ceph-mon[29478]: [25/Apr/2024:10:23:33] ENGINE Bus STARTING
2024-04-25T10:23:34.861 INFO:journalctl@ceph.mon.a.smithi043.stdout:Apr 25 10:23:34 smithi043 ceph-mon[29478]: from='client.14156 -' entity='client.admin' cmd=[{"prefix": "get_command_descriptions"}]: dispatch
2024-04-25T10:23:34.861 INFO:journalctl@ceph.mon.a.smithi043.stdout:Apr 25 10:23:34 smithi043 ceph-mon[29478]: from='client.14156 -' entity='client.admin' cmd=[{"prefix": "mgr_status"}]: dispatch
2024-04-25T10:23:34.861 INFO:journalctl@ceph.mon.a.smithi043.stdout:Apr 25 10:23:34 smithi043 ceph-mon[29478]: [25/Apr/2024:10:23:33] ENGINE Serving on https://172.21.15.43:7150
2024-04-25T10:23:34.861 INFO:journalctl@ceph.mon.a.smithi043.stdout:Apr 25 10:23:34 smithi043 ceph-mon[29478]: [25/Apr/2024:10:23:33] ENGINE Serving on http://172.21.15.43:8765
2024-04-25T10:23:34.861 INFO:journalctl@ceph.mon.a.smithi043.stdout:Apr 25 10:23:34 smithi043 ceph-mon[29478]: [25/Apr/2024:10:23:33] ENGINE Bus STARTED
2024-04-25T10:23:34.861 INFO:journalctl@ceph.mon.a.smithi043.stdout:Apr 25 10:23:34 smithi043 ceph-mon[29478]: from='mgr.14152 172.21.15.43:0/2649468352' entity='mgr.x'
2024-04-25T10:23:35.577 INFO:teuthology.orchestra.run.smithi043.stdout:/usr/bin/ceph: stdout Self-signed certificate created
2024-04-25T10:23:35.578 INFO:teuthology.orchestra.run.smithi043.stdout:/usr/bin/ceph: stderr
2024-04-25T10:23:34.473+0000 7f5fda089700 1 Processor -- start
2024-04-25T10:23:35.578 INFO:teuthology.orchestra.run.smithi043.stdout:/usr/bin/ceph: stderr
2024-04-25T10:23:34.473+0000 7f5fda089700 1 -- start start
2024-04-25T10:23:35.578 INFO:teuthology.orchestra.run.smithi043.stdout:/usr/bin/ceph: stderr
2024-04-25T10:23:34.474+0000 7f5fda089700 1 --2- >> [v2:172.21.15.43:3300/0,v1:172.21.15.43:6789/0] conn(0x7f5fd410a710 0x7f5fd410cb30 unknown :-1 s=NONE pgs=0 cs=0 l=0 rev1=0 crypto rx=0 tx=0 comp rx=0 tx=0).connect
2024-04-25T10:23:35.578 INFO:teuthology.orchestra.run.smithi043.stdout:/usr/bin/ceph: stderr
2024-04-25T10:23:34.474+0000 7f5fda089700 1 -- --> [v2:172.21.15.43:3300/0,v1:172.21.15.43:6789/0] -- mon_getmap magic: 0 -- 0x7f5fd407ce60 con 0x7f5fd410a710
2024-04-25T10:23:35.578 INFO:teuthology.orchestra.run.smithi043.stdout:/usr/bin/ceph: stderr
2024-04-25T10:23:34.474+0000 7f5fd37fe700 1 --2- >> [v2:172.21.15.43:3300/0,v1:172.21.15.43:6789/0] conn(0x7f5fd410a710 0x7f5fd410cb30 unknown :-1 s=BANNER_CONNECTING pgs=0 cs=0 l=0 rev1=0 crypto rx=0 tx=0 comp rx=0 tx=0)._handle_peer_banner_payload supported=3 required=0
2024-04-25T10:23:35.578 INFO:teuthology.orchestra.run.smithi043.stdout:/usr/bin/ceph: stderr
2024-04-25T10:23:34.474+0000 7f5fd37fe700 1 --2- >> [v2:172.21.15.43:3300/0,v1:172.21.15.43:6789/0] conn(0x7f5fd410a710 0x7f5fd410cb30 unknown :-1 s=HELLO_CONNECTING pgs=0 cs=0 l=0 rev1=1 crypto rx=0 tx=0 comp rx=0 tx=0).handle_hello peer v2:172.21.15.43:3300/0 says I am v2:172.21.15.43:38730/0 (socket says 172.21.15.43:38730)
2024-04-25T10:23:35.578 INFO:teuthology.orchestra.run.smithi043.stdout:/usr/bin/ceph: stderr
2024-04-25T10:23:34.474+0000 7f5fd37fe700 1 -- 172.21.15.43:0/584524619 learned_addr learned my addr 172.21.15.43:0/584524619 (peer_addr_for_me v2:172.21.15.43:0/0)
2024-04-25T10:23:35.578 INFO:teuthology.orchestra.run.smithi043.stdout:/usr/bin/ceph: stderr
2024-04-25T10:23:34.474+0000 7f5fd37fe700 1 -- 172.21.15.43:0/584524619 --> [v2:172.21.15.43:3300/0,v1:172.21.15.43:6789/0] -- mon_subscribe({config=0+,monmap=0+}) -- 0x7f5fd410d070 con 0x7f5fd410a710
2024-04-25T10:23:35.578 INFO:teuthology.orchestra.run.smithi043.stdout:/usr/bin/ceph: stderr
2024-04-25T10:23:34.474+0000 7f5fd37fe700 1 --2- 172.21.15.43:0/584524619 >> [v2:172.21.15.43:3300/0,v1:172.21.15.43:6789/0] conn(0x7f5fd410a710 0x7f5fd410cb30 secure :-1 s=READY pgs=70 cs=0 l=1 rev1=1 crypto rx=0x7f5fbc0098a0 tx=0x7f5fbc009bb0 comp rx=0 tx=0).ready entity=mon.0 client_cookie=655917d3e2f3cdd6 server_cookie=0 in_seq=0 out_seq=0
2024-04-25T10:23:35.579 INFO:teuthology.orchestra.run.smithi043.stdout:/usr/bin/ceph: stderr
2024-04-25T10:23:34.474+0000 7f5fd27fc700 1 -- 172.21.15.43:0/584524619 <== mon.0 v2:172.21.15.43:3300/0 1 ==== mon_map magic: 0 ==== 205+0+0 (secure 0 0 0) 0x7f5fbc004160 con 0x7f5fd410a710
2024-04-25T10:23:35.579 INFO:teuthology.orchestra.run.smithi043.stdout:/usr/bin/ceph: stderr
2024-04-25T10:23:34.475+0000 7f5fd27fc700 1 -- 172.21.15.43:0/584524619 <== mon.0 v2:172.21.15.43:3300/0 2 ==== config(26 keys) ==== 1101+0+0 (secure 0 0 0) 0x7f5fbc004300 con 0x7f5fd410a710
2024-04-25T10:23:35.579 INFO:teuthology.orchestra.run.smithi043.stdout:/usr/bin/ceph: stderr
2024-04-25T10:23:34.475+0000 7f5fd27fc700 1 -- 172.21.15.43:0/584524619 <== mon.0 v2:172.21.15.43:3300/0 3 ==== mon_map magic: 0 ==== 205+0+0 (secure 0 0 0) 0x7f5fbc011a20 con 0x7f5fd410a710
2024-04-25T10:23:35.579 INFO:teuthology.orchestra.run.smithi043.stdout:/usr/bin/ceph: stderr
2024-04-25T10:23:34.475+0000 7f5fda089700 1 -- 172.21.15.43:0/584524619 >> [v2:172.21.15.43:3300/0,v1:172.21.15.43:6789/0] conn(0x7f5fd410a710 msgr2=0x7f5fd410cb30 secure :-1 s=STATE_CONNECTION_ESTABLISHED l=1).mark_down
2024-04-25T10:23:35.579 INFO:teuthology.orchestra.run.smithi043.stdout:/usr/bin/ceph: stderr
2024-04-25T10:23:34.475+0000 7f5fda089700 1 --2- 172.21.15.43:0/584524619 >> [v2:172.21.15.43:3300/0,v1:172.21.15.43:6789/0] conn(0x7f5fd410a710 0x7f5fd410cb30 secure :-1 s=READY pgs=70 cs=0 l=1 rev1=1 crypto rx=0x7f5fbc0098a0 tx=0x7f5fbc009bb0 comp rx=0 tx=0).stop
2024-04-25T10:23:35.579 INFO:teuthology.orchestra.run.smithi043.stdout:/usr/bin/ceph: stderr
2024-04-25T10:23:34.475+0000 7f5fda089700 1 -- 172.21.15.43:0/584524619 shutdown_connections
2024-04-25T10:23:35.579 INFO:teuthology.orchestra.run.smithi043.stdout:/usr/bin/ceph: stderr
2024-04-25T10:23:34.475+0000 7f5fda089700 1 --2- 172.21.15.43:0/584524619 >> [v2:172.21.15.43:3300/0,v1:172.21.15.43:6789/0] conn(0x7f5fd410a710 0x7f5fd410cb30 unknown :-1 s=CLOSED pgs=70 cs=0 l=1 rev1=1 crypto rx=0 tx=0 comp rx=0 tx=0).stop
2024-04-25T10:23:35.579 INFO:teuthology.orchestra.run.smithi043.stdout:/usr/bin/ceph: stderr
2024-04-25T10:23:34.475+0000 7f5fda089700 1 -- 172.21.15.43:0/584524619 >> 172.21.15.43:0/584524619 conn(0x7f5fd4104170 msgr2=0x7f5fd41065e0 unknown :-1 s=STATE_NONE l=0).mark_down
2024-04-25T10:23:35.579 INFO:teuthology.orchestra.run.smithi043.stdout:/usr/bin/ceph: stderr
2024-04-25T10:23:34.476+0000 7f5fda089700 1 -- 172.21.15.43:0/584524619 shutdown_connections
2024-04-25T10:23:35.579 INFO:teuthology.orchestra.run.smithi043.stdout:/usr/bin/ceph: stderr
2024-04-25T10:23:34.476+0000 7f5fda089700 1 -- 172.21.15.43:0/584524619 wait complete.
2024-04-25T10:23:35.579 INFO:teuthology.orchestra.run.smithi043.stdout:/usr/bin/ceph: stderr
2024-04-25T10:23:34.476+0000 7f5fda089700 1 Processor -- start
2024-04-25T10:23:35.579 INFO:teuthology.orchestra.run.smithi043.stdout:/usr/bin/ceph: stderr
2024-04-25T10:23:34.477+0000 7f5fda089700 1 -- start start
2024-04-25T10:23:35.580 INFO:teuthology.orchestra.run.smithi043.stdout:/usr/bin/ceph: stderr
2024-04-25T10:23:34.477+0000 7f5fda089700 1 --2- >> [v2:172.21.15.43:3300/0,v1:172.21.15.43:6789/0] conn(0x7f5fd410a710 0x7f5fd419dfb0 unknown :-1 s=NONE pgs=0 cs=0 l=1 rev1=0 crypto rx=0 tx=0 comp rx=0 tx=0).connect
2024-04-25T10:23:35.580 INFO:teuthology.orchestra.run.smithi043.stdout:/usr/bin/ceph: stderr
2024-04-25T10:23:34.477+0000 7f5fda089700 1 -- --> [v2:172.21.15.43:3300/0,v1:172.21.15.43:6789/0] -- mon_getmap magic: 0 -- 0x7f5fd410e010 con 0x7f5fd410a710
2024-04-25T10:23:35.580 INFO:teuthology.orchestra.run.smithi043.stdout:/usr/bin/ceph: stderr
2024-04-25T10:23:34.477+0000 7f5fd37fe700 1 --2- >> [v2:172.21.15.43:3300/0,v1:172.21.15.43:6789/0] conn(0x7f5fd410a710 0x7f5fd419dfb0 unknown :-1 s=BANNER_CONNECTING pgs=0 cs=0 l=1 rev1=0 crypto rx=0 tx=0 comp rx=0 tx=0)._handle_peer_banner_payload supported=3 required=0
2024-04-25T10:23:35.580 INFO:teuthology.orchestra.run.smithi043.stdout:/usr/bin/ceph: stderr
2024-04-25T10:23:34.477+0000 7f5fd37fe700 1 --2- >> [v2:172.21.15.43:3300/0,v1:172.21.15.43:6789/0] conn(0x7f5fd410a710 0x7f5fd419dfb0 unknown :-1 s=HELLO_CONNECTING pgs=0 cs=0 l=1 rev1=1 crypto rx=0 tx=0 comp rx=0 tx=0).handle_hello peer v2:172.21.15.43:3300/0 says I am v2:172.21.15.43:38734/0 (socket says 172.21.15.43:38734)
2024-04-25T10:23:35.580 INFO:teuthology.orchestra.run.smithi043.stdout:/usr/bin/ceph: stderr
2024-04-25T10:23:34.477+0000 7f5fd37fe700 1 -- 172.21.15.43:0/3873218852 learned_addr learned my addr 172.21.15.43:0/3873218852 (peer_addr_for_me v2:172.21.15.43:0/0)
2024-04-25T10:23:35.580 INFO:teuthology.orchestra.run.smithi043.stdout:/usr/bin/ceph: stderr
2024-04-25T10:23:34.477+0000 7f5fd37fe700 1 -- 172.21.15.43:0/3873218852 --> [v2:172.21.15.43:3300/0,v1:172.21.15.43:6789/0] -- mon_subscribe({config=0+,monmap=0+}) -- 0x7f5fd419e4f0 con 0x7f5fd410a710
2024-04-25T10:23:35.580 INFO:teuthology.orchestra.run.smithi043.stdout:/usr/bin/ceph: stderr
2024-04-25T10:23:34.478+0000 7f5fd37fe700 1 --2- 172.21.15.43:0/3873218852 >> [v2:172.21.15.43:3300/0,v1:172.21.15.43:6789/0] conn(0x7f5fd410a710 0x7f5fd419dfb0 secure :-1 s=READY pgs=71 cs=0 l=1 rev1=1 crypto rx=0x7f5fbc0119f0 tx=0x7f5fbc011ad0 comp rx=0 tx=0).ready entity=mon.0 client_cookie=0 server_cookie=0 in_seq=0 out_seq=0
2024-04-25T10:23:35.580 INFO:teuthology.orchestra.run.smithi043.stdout:/usr/bin/ceph: stderr
2024-04-25T10:23:34.478+0000 7f5fd0ff9700 1 -- 172.21.15.43:0/3873218852 <== mon.0 v2:172.21.15.43:3300/0 1 ==== mon_map magic: 0 ==== 205+0+0 (secure 0 0 0) 0x7f5fbc0039e0 con 0x7f5fd410a710
2024-04-25T10:23:35.580 INFO:teuthology.orchestra.run.smithi043.stdout:/usr/bin/ceph: stderr
2024-04-25T10:23:34.478+0000 7f5fda089700 1 -- 172.21.15.43:0/3873218852 --> [v2:172.21.15.43:3300/0,v1:172.21.15.43:6789/0] -- mon_subscribe({mgrmap=0+}) -- 0x7f5fd419e780 con 0x7f5fd410a710
2024-04-25T10:23:35.580 INFO:teuthology.orchestra.run.smithi043.stdout:/usr/bin/ceph: stderr
2024-04-25T10:23:34.478+0000 7f5fd0ff9700 1 -- 172.21.15.43:0/3873218852 <== mon.0 v2:172.21.15.43:3300/0 2 ==== config(26 keys) ==== 1101+0+0 (secure 0 0 0) 0x7f5fbc01b8f0 con 0x7f5fd410a710
2024-04-25T10:23:35.580 INFO:teuthology.orchestra.run.smithi043.stdout:/usr/bin/ceph: stderr
2024-04-25T10:23:34.478+0000 7f5fd0ff9700 1 -- 172.21.15.43:0/3873218852 <== mon.0 v2:172.21.15.43:3300/0 3 ==== mon_map magic: 0 ==== 205+0+0 (secure 0 0 0) 0x7f5fbc0237a0 con 0x7f5fd410a710
2024-04-25T10:23:35.580 INFO:teuthology.orchestra.run.smithi043.stdout:/usr/bin/ceph: stderr
2024-04-25T10:23:34.478+0000 7f5fda089700 1 -- 172.21.15.43:0/3873218852 --> [v2:172.21.15.43:3300/0,v1:172.21.15.43:6789/0] -- mon_subscribe({osdmap=0}) -- 0x7f5fd41a1390 con 0x7f5fd410a710
2024-04-25T10:23:35.580 INFO:teuthology.orchestra.run.smithi043.stdout:/usr/bin/ceph: stderr
2024-04-25T10:23:34.479+0000 7f5fd0ff9700 1 -- 172.21.15.43:0/3873218852 <== mon.0 v2:172.21.15.43:3300/0 4 ==== mgrmap(e 11) ==== 49423+0+0 (secure 0 0 0) 0x7f5fbc02c3f0 con 0x7f5fd410a710
2024-04-25T10:23:35.581 INFO:teuthology.orchestra.run.smithi043.stdout:/usr/bin/ceph: stderr
2024-04-25T10:23:34.479+0000 7f5fd0ff9700 1 --2- 172.21.15.43:0/3873218852 >> [v2:172.21.15.43:6800/1953858940,v1:172.21.15.43:6801/1953858940] conn(0x7f5fc003d460 0x7f5fc003f970 unknown :-1 s=NONE pgs=0 cs=0 l=1 rev1=0 crypto rx=0 tx=0 comp rx=0 tx=0).connect
2024-04-25T10:23:35.581 INFO:teuthology.orchestra.run.smithi043.stdout:/usr/bin/ceph: stderr
2024-04-25T10:23:34.479+0000 7f5fd0ff9700 1 -- 172.21.15.43:0/3873218852 <== mon.0 v2:172.21.15.43:3300/0 5 ==== osd_map(3..3 src has 1..3) ==== 1155+0+0 (secure 0 0 0) 0x7f5fbc053b10 con 0x7f5fd410a710
2024-04-25T10:23:35.581 INFO:teuthology.orchestra.run.smithi043.stdout:/usr/bin/ceph: stderr
2024-04-25T10:23:34.479+0000 7f5fd2ffd700 1 --2- 172.21.15.43:0/3873218852 >> [v2:172.21.15.43:6800/1953858940,v1:172.21.15.43:6801/1953858940] conn(0x7f5fc003d460 0x7f5fc003f970 unknown :-1 s=BANNER_CONNECTING pgs=0 cs=0 l=1 rev1=0 crypto rx=0 tx=0 comp rx=0 tx=0)._handle_peer_banner_payload supported=3 required=0
2024-04-25T10:23:35.581 INFO:teuthology.orchestra.run.smithi043.stdout:/usr/bin/ceph: stderr
2024-04-25T10:23:34.479+0000 7f5fda089700 1 -- 172.21.15.43:0/3873218852 --> [v2:172.21.15.43:3300/0,v1:172.21.15.43:6789/0] -- mon_command({"prefix": "get_command_descriptions"} v 0) -- 0x7f5fd4064cf0 con 0x7f5fd410a710
2024-04-25T10:23:35.581 INFO:teuthology.orchestra.run.smithi043.stdout:/usr/bin/ceph: stderr
2024-04-25T10:23:34.480+0000 7f5fd2ffd700 1 --2- 172.21.15.43:0/3873218852 >> [v2:172.21.15.43:6800/1953858940,v1:172.21.15.43:6801/1953858940] conn(0x7f5fc003d460 0x7f5fc003f970 secure :-1 s=READY pgs=7 cs=0 l=1 rev1=1 crypto rx=0x7f5fc4006fd0 tx=0x7f5fc4006e40 comp rx=0 tx=0).ready entity=mgr.14152 client_cookie=0 server_cookie=0 in_seq=0 out_seq=0
2024-04-25T10:23:35.581 INFO:teuthology.orchestra.run.smithi043.stdout:/usr/bin/ceph: stderr
2024-04-25T10:23:34.485+0000 7f5fd0ff9700 1 -- 172.21.15.43:0/3873218852 <== mon.0 v2:172.21.15.43:3300/0 6 ==== mon_command_ack([{"prefix": "get_command_descriptions"}]=0 v0) ==== 72+0+188370 (secure 0 0 0) 0x7f5fbc01f030 con 0x7f5fd410a710
2024-04-25T10:23:35.581 INFO:teuthology.orchestra.run.smithi043.stdout:/usr/bin/ceph: stderr
2024-04-25T10:23:34.689+0000 7f5fd0ff9700 1 -- 172.21.15.43:0/3873218852 <== mon.0 v2:172.21.15.43:3300/0 7 ==== mgrmap(e 12) ==== 49529+0+0 (secure 0 0 0) 0x7f5fbc00bcc0 con 0x7f5fd410a710
2024-04-25T10:23:35.581 INFO:teuthology.orchestra.run.smithi043.stdout:/usr/bin/ceph: stderr
2024-04-25T10:23:34.700+0000 7f5fda089700 1 -- 172.21.15.43:0/3873218852 --> [v2:172.21.15.43:6800/1953858940,v1:172.21.15.43:6801/1953858940] -- mgr_command(tid 0: {"prefix": "dashboard create-self-signed-cert", "target": ["mon-mgr", ""]}) -- 0x7f5fd41a1620 con 0x7f5fc003d460
2024-04-25T10:23:35.581 INFO:teuthology.orchestra.run.smithi043.stdout:/usr/bin/ceph: stderr
2024-04-25T10:23:35.019+0000 7f5fd0ff9700 1 -- 172.21.15.43:0/3873218852 <== mgr.14152 v2:172.21.15.43:6800/1953858940 1 ==== mgr_command_reply(tid 0: 0 ) ==== 8+0+32 (secure 0 0 0) 0x7f5fd41a1620 con 0x7f5fc003d460
2024-04-25T10:23:35.581 INFO:teuthology.orchestra.run.smithi043.stdout:/usr/bin/ceph: stderr
2024-04-25T10:23:35.021+0000 7f5fda089700 1 -- 172.21.15.43:0/3873218852 >> [v2:172.21.15.43:6800/1953858940,v1:172.21.15.43:6801/1953858940] conn(0x7f5fc003d460 msgr2=0x7f5fc003f970 secure :-1 s=STATE_CONNECTION_ESTABLISHED l=1).mark_down
2024-04-25T10:23:35.581 INFO:teuthology.orchestra.run.smithi043.stdout:/usr/bin/ceph: stderr
2024-04-25T10:23:35.021+0000 7f5fda089700 1 --2- 172.21.15.43:0/3873218852 >> [v2:172.21.15.43:6800/1953858940,v1:172.21.15.43:6801/1953858940] conn(0x7f5fc003d460 0x7f5fc003f970 secure :-1 s=READY pgs=7 cs=0 l=1 rev1=1 crypto rx=0x7f5fc4006fd0 tx=0x7f5fc4006e40 comp rx=0 tx=0).stop
2024-04-25T10:23:35.582 INFO:teuthology.orchestra.run.smithi043.stdout:/usr/bin/ceph: stderr
2024-04-25T10:23:35.021+0000 7f5fda089700 1 -- 172.21.15.43:0/3873218852 >> [v2:172.21.15.43:3300/0,v1:172.21.15.43:6789/0] conn(0x7f5fd410a710 msgr2=0x7f5fd419dfb0 secure :-1 s=STATE_CONNECTION_ESTABLISHED l=1).mark_down
2024-04-25T10:23:35.582 INFO:teuthology.orchestra.run.smithi043.stdout:/usr/bin/ceph: stderr
2024-04-25T10:23:35.021+0000 7f5fda089700 1 --2- 172.21.15.43:0/3873218852 >> [v2:172.21.15.43:3300/0,v1:172.21.15.43:6789/0] conn(0x7f5fd410a710 0x7f5fd419dfb0 secure :-1 s=READY pgs=71 cs=0 l=1 rev1=1 crypto rx=0x7f5fbc0119f0 tx=0x7f5fbc011ad0 comp rx=0 tx=0).stop
2024-04-25T10:23:35.582 INFO:teuthology.orchestra.run.smithi043.stdout:/usr/bin/ceph: stderr
2024-04-25T10:23:35.021+0000 7f5fda089700 1 -- 172.21.15.43:0/3873218852 shutdown_connections
2024-04-25T10:23:35.582 INFO:teuthology.orchestra.run.smithi043.stdout:/usr/bin/ceph: stderr
2024-04-25T10:23:35.021+0000 7f5fda089700 1 --2- 172.21.15.43:0/3873218852 >> [v2:172.21.15.43:6800/1953858940,v1:172.21.15.43:6801/1953858940] conn(0x7f5fc003d460 0x7f5fc003f970 unknown :-1 s=CLOSED pgs=7 cs=0 l=1 rev1=1 crypto rx=0 tx=0 comp rx=0 tx=0).stop
2024-04-25T10:23:35.582 INFO:teuthology.orchestra.run.smithi043.stdout:/usr/bin/ceph: stderr
2024-04-25T10:23:35.021+0000 7f5fda089700 1 --2- 172.21.15.43:0/3873218852 >> [v2:172.21.15.43:3300/0,v1:172.21.15.43:6789/0] conn(0x7f5fd410a710 0x7f5fd419dfb0 unknown :-1 s=CLOSED pgs=71 cs=0 l=1 rev1=1 crypto rx=0 tx=0 comp rx=0 tx=0).stop
2024-04-25T10:23:35.582 INFO:teuthology.orchestra.run.smithi043.stdout:/usr/bin/ceph: stderr
2024-04-25T10:23:35.021+0000 7f5fda089700 1 -- 172.21.15.43:0/3873218852 >> 172.21.15.43:0/3873218852 conn(0x7f5fd4104170 msgr2=0x7f5fd4104a10 unknown :-1 s=STATE_NONE l=0).mark_down
2024-04-25T10:23:35.582 INFO:teuthology.orchestra.run.smithi043.stdout:/usr/bin/ceph: stderr
2024-04-25T10:23:35.022+0000 7f5fda089700 1 -- 172.21.15.43:0/3873218852 shutdown_connections
2024-04-25T10:23:35.582 INFO:teuthology.orchestra.run.smithi043.stdout:/usr/bin/ceph: stderr
2024-04-25T10:23:35.022+0000 7f5fda089700 1 -- 172.21.15.43:0/3873218852 wait complete.
2024-04-25T10:23:35.582 INFO:teuthology.orchestra.run.smithi043.stdout:Creating initial admin user...
2024-04-25T10:23:35.980 INFO:journalctl@ceph.mon.a.smithi043.stdout:Apr 25 10:23:35 smithi043 ceph-mon[29478]: mgrmap e12: x(active, since 2s)
2024-04-25T10:23:35.981 INFO:journalctl@ceph.mon.a.smithi043.stdout:Apr 25 10:23:35 smithi043 ceph-mon[29478]: from='client.14164 -' entity='client.admin' cmd=[{"prefix": "dashboard create-self-signed-cert", "target": ["mon-mgr", ""]}]: dispatch
2024-04-25T10:23:35.981 INFO:journalctl@ceph.mon.a.smithi043.stdout:Apr 25 10:23:35 smithi043 ceph-mon[29478]: from='mgr.14152 172.21.15.43:0/2649468352' entity='mgr.x'
2024-04-25T10:23:35.981 INFO:journalctl@ceph.mon.a.smithi043.stdout:Apr 25 10:23:35 smithi043 ceph-mon[29478]: from='mgr.14152 172.21.15.43:0/2649468352' entity='mgr.x'
2024-04-25T10:23:35.981 INFO:journalctl@ceph.mon.a.smithi043.stdout:Apr 25 10:23:35 smithi043 ceph-mon[29478]: from='mgr.14152 172.21.15.43:0/2649468352' entity='mgr.x'
2024-04-25T10:23:37.087 INFO:teuthology.orchestra.run.smithi043.stdout:/usr/bin/ceph: stdout {"username": "admin", "password": "$2b$12$wZWwHd77EmJgeY/hTlA9SeU3Zg/sIstFUN3G5ji36tcTtqt7GZDUm", "roles": ["administrator"], "name": null, "email": null, "lastUpdate": 1714040616, "enabled": true, "pwdExpirationDate": null, "pwdUpdateRequired": true}
2024-04-25T10:23:37.088 INFO:teuthology.orchestra.run.smithi043.stdout:/usr/bin/ceph: stderr
2024-04-25T10:23:36.013+0000 7ff2919b1700 1 Processor -- start
2024-04-25T10:23:37.088 INFO:teuthology.orchestra.run.smithi043.stdout:/usr/bin/ceph: stderr
2024-04-25T10:23:36.013+0000 7ff2919b1700 1 -- start start
2024-04-25T10:23:37.088 INFO:teuthology.orchestra.run.smithi043.stdout:/usr/bin/ceph: stderr
2024-04-25T10:23:36.014+0000 7ff2919b1700 1 --2- >> [v2:172.21.15.43:3300/0,v1:172.21.15.43:6789/0] conn(0x7ff28c109bd0 0x7ff28c109fe0 unknown :-1 s=NONE pgs=0 cs=0 l=0 rev1=0 crypto rx=0 tx=0 comp rx=0 tx=0).connect
2024-04-25T10:23:37.088 INFO:teuthology.orchestra.run.smithi043.stdout:/usr/bin/ceph: stderr
2024-04-25T10:23:36.014+0000 7ff2919b1700 1 -- --> [v2:172.21.15.43:3300/0,v1:172.21.15.43:6789/0] -- mon_getmap magic: 0 -- 0x7ff28c10a5d0 con 0x7ff28c109bd0
2024-04-25T10:23:37.088 INFO:teuthology.orchestra.run.smithi043.stdout:/usr/bin/ceph: stderr
2024-04-25T10:23:36.014+0000 7ff28affd700 1 --2- >> [v2:172.21.15.43:3300/0,v1:172.21.15.43:6789/0] conn(0x7ff28c109bd0 0x7ff28c109fe0 unknown :-1 s=BANNER_CONNECTING pgs=0 cs=0 l=0 rev1=0 crypto rx=0 tx=0 comp rx=0 tx=0)._handle_peer_banner_payload supported=3 required=0
2024-04-25T10:23:37.088 INFO:teuthology.orchestra.run.smithi043.stdout:/usr/bin/ceph: stderr
2024-04-25T10:23:36.014+0000 7ff28affd700 1 --2- >> [v2:172.21.15.43:3300/0,v1:172.21.15.43:6789/0] conn(0x7ff28c109bd0 0x7ff28c109fe0 unknown :-1 s=HELLO_CONNECTING pgs=0 cs=0 l=0 rev1=1 crypto rx=0 tx=0 comp rx=0 tx=0).handle_hello peer v2:172.21.15.43:3300/0 says I am v2:172.21.15.43:38750/0 (socket says 172.21.15.43:38750)
2024-04-25T10:23:37.088 INFO:teuthology.orchestra.run.smithi043.stdout:/usr/bin/ceph: stderr
2024-04-25T10:23:36.014+0000 7ff28affd700 1 -- 172.21.15.43:0/1445012285 learned_addr learned my addr 172.21.15.43:0/1445012285 (peer_addr_for_me v2:172.21.15.43:0/0)
2024-04-25T10:23:37.089 INFO:teuthology.orchestra.run.smithi043.stdout:/usr/bin/ceph: stderr
2024-04-25T10:23:36.014+0000 7ff28affd700 1 -- 172.21.15.43:0/1445012285 --> [v2:172.21.15.43:3300/0,v1:172.21.15.43:6789/0] -- mon_subscribe({config=0+,monmap=0+}) -- 0x7ff28c10ada0 con 0x7ff28c109bd0
2024-04-25T10:23:37.089 INFO:teuthology.orchestra.run.smithi043.stdout:/usr/bin/ceph: stderr
2024-04-25T10:23:36.015+0000 7ff28affd700 1 --2- 172.21.15.43:0/1445012285 >> [v2:172.21.15.43:3300/0,v1:172.21.15.43:6789/0] conn(0x7ff28c109bd0 0x7ff28c109fe0 secure :-1 s=READY pgs=72 cs=0 l=1 rev1=1 crypto rx=0x7ff27c0098a0 tx=0x7ff27c009bb0 comp rx=0 tx=0).ready entity=mon.0 client_cookie=aa9f7f1b70288ca8 server_cookie=0 in_seq=0 out_seq=0
2024-04-25T10:23:37.089 INFO:teuthology.orchestra.run.smithi043.stdout:/usr/bin/ceph: stderr
2024-04-25T10:23:36.015+0000 7ff289ffb700 1 -- 172.21.15.43:0/1445012285 <== mon.0 v2:172.21.15.43:3300/0 1 ==== mon_map magic: 0 ==== 205+0+0 (secure 0 0 0) 0x7ff27c004160 con 0x7ff28c109bd0
2024-04-25T10:23:37.089 INFO:teuthology.orchestra.run.smithi043.stdout:/usr/bin/ceph: stderr
2024-04-25T10:23:36.015+0000 7ff289ffb700 1 -- 172.21.15.43:0/1445012285 <== mon.0 v2:172.21.15.43:3300/0 2 ==== config(26 keys) ==== 1101+0+0 (secure 0 0 0) 0x7ff27c004300 con 0x7ff28c109bd0
2024-04-25T10:23:37.089 INFO:teuthology.orchestra.run.smithi043.stdout:/usr/bin/ceph: stderr
2024-04-25T10:23:36.015+0000 7ff289ffb700 1 -- 172.21.15.43:0/1445012285 <== mon.0 v2:172.21.15.43:3300/0 3 ==== mon_map magic: 0 ==== 205+0+0 (secure 0 0 0) 0x7ff27c011a20 con 0x7ff28c109bd0
2024-04-25T10:23:37.089 INFO:teuthology.orchestra.run.smithi043.stdout:/usr/bin/ceph: stderr
2024-04-25T10:23:36.016+0000 7ff2919b1700 1 -- 172.21.15.43:0/1445012285 >> [v2:172.21.15.43:3300/0,v1:172.21.15.43:6789/0] conn(0x7ff28c109bd0 msgr2=0x7ff28c109fe0 secure :-1 s=STATE_CONNECTION_ESTABLISHED l=1).mark_down
2024-04-25T10:23:37.089 INFO:teuthology.orchestra.run.smithi043.stdout:/usr/bin/ceph: stderr
2024-04-25T10:23:36.016+0000 7ff2919b1700 1 --2- 172.21.15.43:0/1445012285 >> [v2:172.21.15.43:3300/0,v1:172.21.15.43:6789/0] conn(0x7ff28c109bd0 0x7ff28c109fe0 secure :-1 s=READY pgs=72 cs=0 l=1 rev1=1 crypto rx=0x7ff27c0098a0 tx=0x7ff27c009bb0 comp rx=0 tx=0).stop
2024-04-25T10:23:37.089 INFO:teuthology.orchestra.run.smithi043.stdout:/usr/bin/ceph: stderr
2024-04-25T10:23:36.016+0000 7ff2919b1700 1 -- 172.21.15.43:0/1445012285 shutdown_connections
2024-04-25T10:23:37.089 INFO:teuthology.orchestra.run.smithi043.stdout:/usr/bin/ceph: stderr
2024-04-25T10:23:36.016+0000 7ff2919b1700 1 --2- 172.21.15.43:0/1445012285 >> [v2:172.21.15.43:3300/0,v1:172.21.15.43:6789/0] conn(0x7ff28c109bd0 0x7ff28c109fe0 unknown :-1 s=CLOSED pgs=72 cs=0 l=1 rev1=1 crypto rx=0 tx=0 comp rx=0 tx=0).stop
2024-04-25T10:23:37.089 INFO:teuthology.orchestra.run.smithi043.stdout:/usr/bin/ceph: stderr
2024-04-25T10:23:36.016+0000 7ff2919b1700 1 -- 172.21.15.43:0/1445012285 >> 172.21.15.43:0/1445012285 conn(0x7ff28c105290 msgr2=0x7ff28c1076e0 unknown :-1 s=STATE_NONE l=0).mark_down
2024-04-25T10:23:37.089 INFO:teuthology.orchestra.run.smithi043.stdout:/usr/bin/ceph: stderr
2024-04-25T10:23:36.016+0000 7ff2919b1700 1 -- 172.21.15.43:0/1445012285 shutdown_connections
2024-04-25T10:23:37.089 INFO:teuthology.orchestra.run.smithi043.stdout:/usr/bin/ceph: stderr
2024-04-25T10:23:36.016+0000 7ff2919b1700 1 -- 172.21.15.43:0/1445012285 wait complete.
2024-04-25T10:23:37.089 INFO:teuthology.orchestra.run.smithi043.stdout:/usr/bin/ceph: stderr
2024-04-25T10:23:36.017+0000 7ff2919b1700 1 Processor -- start
2024-04-25T10:23:37.089 INFO:teuthology.orchestra.run.smithi043.stdout:/usr/bin/ceph: stderr
2024-04-25T10:23:36.017+0000 7ff2919b1700 1 -- start start
2024-04-25T10:23:37.090 INFO:teuthology.orchestra.run.smithi043.stdout:/usr/bin/ceph: stderr
2024-04-25T10:23:36.017+0000 7ff2919b1700 1 --2- >> [v2:172.21.15.43:3300/0,v1:172.21.15.43:6789/0] conn(0x7ff28c109bd0 0x7ff28c19e030 unknown :-1 s=NONE pgs=0 cs=0 l=1 rev1=0 crypto rx=0 tx=0 comp rx=0 tx=0).connect
2024-04-25T10:23:37.090 INFO:teuthology.orchestra.run.smithi043.stdout:/usr/bin/ceph: stderr
2024-04-25T10:23:36.017+0000 7ff2919b1700 1 -- --> [v2:172.21.15.43:3300/0,v1:172.21.15.43:6789/0] -- mon_getmap magic: 0 -- 0x7ff28c10e150 con 0x7ff28c109bd0
2024-04-25T10:23:37.090 INFO:teuthology.orchestra.run.smithi043.stdout:/usr/bin/ceph: stderr
2024-04-25T10:23:36.017+0000 7ff28affd700 1 --2- >> [v2:172.21.15.43:3300/0,v1:172.21.15.43:6789/0] conn(0x7ff28c109bd0 0x7ff28c19e030 unknown :-1 s=BANNER_CONNECTING pgs=0 cs=0 l=1 rev1=0 crypto rx=0 tx=0 comp rx=0 tx=0)._handle_peer_banner_payload supported=3 required=0
2024-04-25T10:23:37.090 INFO:teuthology.orchestra.run.smithi043.stdout:/usr/bin/ceph: stderr
2024-04-25T10:23:36.017+0000 7ff28affd700 1 --2- >> [v2:172.21.15.43:3300/0,v1:172.21.15.43:6789/0] conn(0x7ff28c109bd0 0x7ff28c19e030 unknown :-1 s=HELLO_CONNECTING pgs=0 cs=0 l=1 rev1=1 crypto rx=0 tx=0 comp rx=0 tx=0).handle_hello peer v2:172.21.15.43:3300/0 says I am v2:172.21.15.43:38764/0 (socket says 172.21.15.43:38764)
2024-04-25T10:23:37.090 INFO:teuthology.orchestra.run.smithi043.stdout:/usr/bin/ceph: stderr
2024-04-25T10:23:36.017+0000 7ff28affd700 1 -- 172.21.15.43:0/3065749497 learned_addr learned my addr 172.21.15.43:0/3065749497 (peer_addr_for_me v2:172.21.15.43:0/0)
2024-04-25T10:23:37.090 INFO:teuthology.orchestra.run.smithi043.stdout:/usr/bin/ceph: stderr
2024-04-25T10:23:36.018+0000 7ff28affd700 1 -- 172.21.15.43:0/3065749497 --> [v2:172.21.15.43:3300/0,v1:172.21.15.43:6789/0] -- mon_subscribe({config=0+,monmap=0+}) -- 0x7ff28c19e570 con 0x7ff28c109bd0
2024-04-25T10:23:37.090 INFO:teuthology.orchestra.run.smithi043.stdout:/usr/bin/ceph: stderr
2024-04-25T10:23:36.018+0000 7ff28affd700 1 --2- 172.21.15.43:0/3065749497 >> [v2:172.21.15.43:3300/0,v1:172.21.15.43:6789/0] conn(0x7ff28c109bd0 0x7ff28c19e030 secure :-1 s=READY pgs=73 cs=0 l=1 rev1=1 crypto rx=0x7ff27c003e70 tx=0x7ff27c011aa0 comp rx=0 tx=0).ready entity=mon.0 client_cookie=0 server_cookie=0 in_seq=0 out_seq=0
2024-04-25T10:23:37.090 INFO:teuthology.orchestra.run.smithi043.stdout:/usr/bin/ceph: stderr
2024-04-25T10:23:36.018+0000 7ff2909af700 1 -- 172.21.15.43:0/3065749497 <== mon.0 v2:172.21.15.43:3300/0 1 ==== mon_map magic: 0 ==== 205+0+0 (secure 0 0 0) 0x7ff27c003aa0 con 0x7ff28c109bd0
2024-04-25T10:23:37.090 INFO:teuthology.orchestra.run.smithi043.stdout:/usr/bin/ceph: stderr
2024-04-25T10:23:36.018+0000 7ff2909af700 1 -- 172.21.15.43:0/3065749497 <== mon.0 v2:172.21.15.43:3300/0 2 ==== config(26 keys) ==== 1101+0+0 (secure 0 0 0) 0x7ff27c01a8e0 con 0x7ff28c109bd0
