2024-04-25T10:45:30.917+0000 7fd891bbf700 1 --2- 172.21.15.19:0/2002742757 >> [v2:172.21.15.19:6800/1932674296,v1:172.21.15.19:6801/1932674296] conn(0x7fd87803d5c0 0x7fd87803fad0 unknown :-1 s=CLOSED pgs=0 cs=0 l=1 rev1=0 crypto rx=0 tx=0 comp rx=0 tx=0).stop
2024-04-25T10:45:31.875 INFO:teuthology.orchestra.run.smithi019.stdout:/usr/bin/ceph: stderr
2024-04-25T10:45:30.917+0000 7fd891bbf700 1 -- 172.21.15.19:0/2002742757 >> 172.21.15.19:0/2002742757 conn(0x7fd88c1050c0 msgr2=0x7fd88c105990 unknown :-1 s=STATE_NONE l=0).mark_down
2024-04-25T10:45:31.876 INFO:teuthology.orchestra.run.smithi019.stdout:/usr/bin/ceph: stderr
2024-04-25T10:45:30.917+0000 7fd891bbf700 1 -- 172.21.15.19:0/2002742757 shutdown_connections
2024-04-25T10:45:31.876 INFO:teuthology.orchestra.run.smithi019.stdout:/usr/bin/ceph: stderr
2024-04-25T10:45:30.918+0000 7fd891bbf700 1 -- 172.21.15.19:0/2002742757 wait complete.
2024-04-25T10:45:31.876 INFO:teuthology.orchestra.run.smithi019.stdout:mgr epoch 9 is available
2024-04-25T10:45:31.876 INFO:teuthology.orchestra.run.smithi019.stdout:Generating a dashboard self-signed certificate...
2024-04-25T10:45:32.862 INFO:journalctl@ceph.mon.a.smithi019.stdout:Apr 25 10:45:32 smithi019 ceph-mon[29209]: [25/Apr/2024:10:45:30] ENGINE Bus STARTING
2024-04-25T10:45:32.862 INFO:journalctl@ceph.mon.a.smithi019.stdout:Apr 25 10:45:32 smithi019 ceph-mon[29209]: [25/Apr/2024:10:45:31] ENGINE Serving on http://172.21.15.19:8765
2024-04-25T10:45:32.862 INFO:journalctl@ceph.mon.a.smithi019.stdout:Apr 25 10:45:32 smithi019 ceph-mon[29209]: [25/Apr/2024:10:45:31] ENGINE Serving on https://172.21.15.19:7150
2024-04-25T10:45:32.862 INFO:journalctl@ceph.mon.a.smithi019.stdout:Apr 25 10:45:32 smithi019 ceph-mon[29209]: [25/Apr/2024:10:45:31] ENGINE Bus STARTED
2024-04-25T10:45:32.862 INFO:journalctl@ceph.mon.a.smithi019.stdout:Apr 25 10:45:32 smithi019 ceph-mon[29209]: from='mgr.14150 172.21.15.19:0/1085896310' entity='mgr.x'
2024-04-25T10:45:33.250 INFO:teuthology.orchestra.run.smithi019.stdout:/usr/bin/ceph: stdout Self-signed certificate created
2024-04-25T10:45:33.250 INFO:teuthology.orchestra.run.smithi019.stdout:/usr/bin/ceph: stderr
2024-04-25T10:45:32.320+0000 7fa7dc7d6700 1 Processor -- start
2024-04-25T10:45:33.250 INFO:teuthology.orchestra.run.smithi019.stdout:/usr/bin/ceph: stderr
2024-04-25T10:45:32.320+0000 7fa7dc7d6700 1 -- start start
2024-04-25T10:45:33.251 INFO:teuthology.orchestra.run.smithi019.stdout:/usr/bin/ceph: stderr
2024-04-25T10:45:32.321+0000 7fa7dc7d6700 1 --2- >> [v2:172.21.15.19:3300/0,v1:172.21.15.19:6789/0] conn(0x7fa7d4109af0 0x7fa7d4109f00 unknown :-1 s=NONE pgs=0 cs=0 l=0 rev1=0 crypto rx=0 tx=0 comp rx=0 tx=0).connect
2024-04-25T10:45:33.251 INFO:teuthology.orchestra.run.smithi019.stdout:/usr/bin/ceph: stderr
2024-04-25T10:45:32.321+0000 7fa7dc7d6700 1 -- --> [v2:172.21.15.19:3300/0,v1:172.21.15.19:6789/0] -- mon_getmap magic: 0 -- 0x7fa7d410a4f0 con 0x7fa7d4109af0
2024-04-25T10:45:33.251 INFO:teuthology.orchestra.run.smithi019.stdout:/usr/bin/ceph: stderr
2024-04-25T10:45:32.321+0000 7fa7da572700 1 --2- >> [v2:172.21.15.19:3300/0,v1:172.21.15.19:6789/0] conn(0x7fa7d4109af0 0x7fa7d4109f00 unknown :-1 s=BANNER_CONNECTING pgs=0 cs=0 l=0 rev1=0 crypto rx=0 tx=0 comp rx=0 tx=0)._handle_peer_banner_payload supported=3 required=0
2024-04-25T10:45:33.251 INFO:teuthology.orchestra.run.smithi019.stdout:/usr/bin/ceph: stderr
2024-04-25T10:45:32.321+0000 7fa7da572700 1 --2- >> [v2:172.21.15.19:3300/0,v1:172.21.15.19:6789/0] conn(0x7fa7d4109af0 0x7fa7d4109f00 unknown :-1 s=HELLO_CONNECTING pgs=0 cs=0 l=0 rev1=1 crypto rx=0 tx=0 comp rx=0 tx=0).handle_hello peer v2:172.21.15.19:3300/0 says I am v2:172.21.15.19:58236/0 (socket says 172.21.15.19:58236)
2024-04-25T10:45:33.251 INFO:teuthology.orchestra.run.smithi019.stdout:/usr/bin/ceph: stderr
2024-04-25T10:45:32.321+0000 7fa7da572700 1 -- 172.21.15.19:0/417672903 learned_addr learned my addr 172.21.15.19:0/417672903 (peer_addr_for_me v2:172.21.15.19:0/0)
2024-04-25T10:45:33.251 INFO:teuthology.orchestra.run.smithi019.stdout:/usr/bin/ceph: stderr
2024-04-25T10:45:32.321+0000 7fa7da572700 1 -- 172.21.15.19:0/417672903 --> [v2:172.21.15.19:3300/0,v1:172.21.15.19:6789/0] -- mon_subscribe({config=0+,monmap=0+}) -- 0x7fa7d410acc0 con 0x7fa7d4109af0
2024-04-25T10:45:33.251 INFO:teuthology.orchestra.run.smithi019.stdout:/usr/bin/ceph: stderr
2024-04-25T10:45:32.321+0000 7fa7da572700 1 --2- 172.21.15.19:0/417672903 >> [v2:172.21.15.19:3300/0,v1:172.21.15.19:6789/0] conn(0x7fa7d4109af0 0x7fa7d4109f00 secure :-1 s=READY pgs=68 cs=0 l=1 rev1=1 crypto rx=0x7fa7c80098a0 tx=0x7fa7c8009bb0 comp rx=0 tx=0).ready entity=mon.0 client_cookie=f9d1a6fd7f11d02a server_cookie=0 in_seq=0 out_seq=0
2024-04-25T10:45:33.251 INFO:teuthology.orchestra.run.smithi019.stdout:/usr/bin/ceph: stderr
2024-04-25T10:45:32.322+0000 7fa7d9570700 1 -- 172.21.15.19:0/417672903 <== mon.0 v2:172.21.15.19:3300/0 1 ==== mon_map magic: 0 ==== 205+0+0 (secure 0 0 0) 0x7fa7c8004160 con 0x7fa7d4109af0
2024-04-25T10:45:33.251 INFO:teuthology.orchestra.run.smithi019.stdout:/usr/bin/ceph: stderr
2024-04-25T10:45:32.322+0000 7fa7d9570700 1 -- 172.21.15.19:0/417672903 <== mon.0 v2:172.21.15.19:3300/0 2 ==== config(26 keys) ==== 1101+0+0 (secure 0 0 0) 0x7fa7c8004300 con 0x7fa7d4109af0
2024-04-25T10:45:33.251 INFO:teuthology.orchestra.run.smithi019.stdout:/usr/bin/ceph: stderr
2024-04-25T10:45:32.322+0000 7fa7d9570700 1 -- 172.21.15.19:0/417672903 <== mon.0 v2:172.21.15.19:3300/0 3 ==== mon_map magic: 0 ==== 205+0+0 (secure 0 0 0) 0x7fa7c8011a20 con 0x7fa7d4109af0
2024-04-25T10:45:33.251 INFO:teuthology.orchestra.run.smithi019.stdout:/usr/bin/ceph: stderr
2024-04-25T10:45:32.322+0000 7fa7dc7d6700 1 -- 172.21.15.19:0/417672903 >> [v2:172.21.15.19:3300/0,v1:172.21.15.19:6789/0] conn(0x7fa7d4109af0 msgr2=0x7fa7d4109f00 secure :-1 s=STATE_CONNECTION_ESTABLISHED l=1).mark_down
2024-04-25T10:45:33.251 INFO:teuthology.orchestra.run.smithi019.stdout:/usr/bin/ceph: stderr
2024-04-25T10:45:32.322+0000 7fa7dc7d6700 1 --2- 172.21.15.19:0/417672903 >> [v2:172.21.15.19:3300/0,v1:172.21.15.19:6789/0] conn(0x7fa7d4109af0 0x7fa7d4109f00 secure :-1 s=READY pgs=68 cs=0 l=1 rev1=1 crypto rx=0x7fa7c80098a0 tx=0x7fa7c8009bb0 comp rx=0 tx=0).stop
2024-04-25T10:45:33.251 INFO:teuthology.orchestra.run.smithi019.stdout:/usr/bin/ceph: stderr
2024-04-25T10:45:32.323+0000 7fa7dc7d6700 1 -- 172.21.15.19:0/417672903 shutdown_connections
2024-04-25T10:45:33.252 INFO:teuthology.orchestra.run.smithi019.stdout:/usr/bin/ceph: stderr
2024-04-25T10:45:32.323+0000 7fa7dc7d6700 1 --2- 172.21.15.19:0/417672903 >> [v2:172.21.15.19:3300/0,v1:172.21.15.19:6789/0] conn(0x7fa7d4109af0 0x7fa7d4109f00 unknown :-1 s=CLOSED pgs=68 cs=0 l=1 rev1=1 crypto rx=0 tx=0 comp rx=0 tx=0).stop
2024-04-25T10:45:33.252 INFO:teuthology.orchestra.run.smithi019.stdout:/usr/bin/ceph: stderr
2024-04-25T10:45:32.323+0000 7fa7dc7d6700 1 -- 172.21.15.19:0/417672903 >> 172.21.15.19:0/417672903 conn(0x7fa7d4105110 msgr2=0x7fa7d41075e0 unknown :-1 s=STATE_NONE l=0).mark_down
2024-04-25T10:45:33.252 INFO:teuthology.orchestra.run.smithi019.stdout:/usr/bin/ceph: stderr
2024-04-25T10:45:32.323+0000 7fa7dc7d6700 1 -- 172.21.15.19:0/417672903 shutdown_connections
2024-04-25T10:45:33.252 INFO:teuthology.orchestra.run.smithi019.stdout:/usr/bin/ceph: stderr
2024-04-25T10:45:32.323+0000 7fa7dc7d6700 1 -- 172.21.15.19:0/417672903 wait complete.
2024-04-25T10:45:33.252 INFO:teuthology.orchestra.run.smithi019.stdout:/usr/bin/ceph: stderr
2024-04-25T10:45:32.323+0000 7fa7dc7d6700 1 Processor -- start
2024-04-25T10:45:33.252 INFO:teuthology.orchestra.run.smithi019.stdout:/usr/bin/ceph: stderr
2024-04-25T10:45:32.323+0000 7fa7dc7d6700 1 -- start start
2024-04-25T10:45:33.252 INFO:teuthology.orchestra.run.smithi019.stdout:/usr/bin/ceph: stderr
2024-04-25T10:45:32.324+0000 7fa7dc7d6700 1 --2- >> [v2:172.21.15.19:3300/0,v1:172.21.15.19:6789/0] conn(0x7fa7d4109af0 0x7fa7d419df90 unknown :-1 s=NONE pgs=0 cs=0 l=1 rev1=0 crypto rx=0 tx=0 comp rx=0 tx=0).connect
2024-04-25T10:45:33.252 INFO:teuthology.orchestra.run.smithi019.stdout:/usr/bin/ceph: stderr
2024-04-25T10:45:32.324+0000 7fa7dc7d6700 1 -- --> [v2:172.21.15.19:3300/0,v1:172.21.15.19:6789/0] -- mon_getmap magic: 0 -- 0x7fa7d410e070 con 0x7fa7d4109af0
2024-04-25T10:45:33.252 INFO:teuthology.orchestra.run.smithi019.stdout:/usr/bin/ceph: stderr
2024-04-25T10:45:32.324+0000 7fa7da572700 1 --2- >> [v2:172.21.15.19:3300/0,v1:172.21.15.19:6789/0] conn(0x7fa7d4109af0 0x7fa7d419df90 unknown :-1 s=BANNER_CONNECTING pgs=0 cs=0 l=1 rev1=0 crypto rx=0 tx=0 comp rx=0 tx=0)._handle_peer_banner_payload supported=3 required=0
2024-04-25T10:45:33.252 INFO:teuthology.orchestra.run.smithi019.stdout:/usr/bin/ceph: stderr
2024-04-25T10:45:32.324+0000 7fa7da572700 1 --2- >> [v2:172.21.15.19:3300/0,v1:172.21.15.19:6789/0] conn(0x7fa7d4109af0 0x7fa7d419df90 unknown :-1 s=HELLO_CONNECTING pgs=0 cs=0 l=1 rev1=1 crypto rx=0 tx=0 comp rx=0 tx=0).handle_hello peer v2:172.21.15.19:3300/0 says I am v2:172.21.15.19:58250/0 (socket says 172.21.15.19:58250)
2024-04-25T10:45:33.252 INFO:teuthology.orchestra.run.smithi019.stdout:/usr/bin/ceph: stderr
2024-04-25T10:45:32.324+0000 7fa7da572700 1 -- 172.21.15.19:0/1953819126 learned_addr learned my addr 172.21.15.19:0/1953819126 (peer_addr_for_me v2:172.21.15.19:0/0)
2024-04-25T10:45:33.252 INFO:teuthology.orchestra.run.smithi019.stdout:/usr/bin/ceph: stderr
2024-04-25T10:45:32.324+0000 7fa7da572700 1 -- 172.21.15.19:0/1953819126 --> [v2:172.21.15.19:3300/0,v1:172.21.15.19:6789/0] -- mon_subscribe({config=0+,monmap=0+}) -- 0x7fa7d419e4d0 con 0x7fa7d4109af0
2024-04-25T10:45:33.252 INFO:teuthology.orchestra.run.smithi019.stdout:/usr/bin/ceph: stderr
2024-04-25T10:45:32.324+0000 7fa7da572700 1 --2- 172.21.15.19:0/1953819126 >> [v2:172.21.15.19:3300/0,v1:172.21.15.19:6789/0] conn(0x7fa7d4109af0 0x7fa7d419df90 secure :-1 s=READY pgs=69 cs=0 l=1 rev1=1 crypto rx=0x7fa7c8009130 tx=0x7fa7c8011aa0 comp rx=0 tx=0).ready entity=mon.0 client_cookie=0 server_cookie=0 in_seq=0 out_seq=0
2024-04-25T10:45:33.252 INFO:teuthology.orchestra.run.smithi019.stdout:/usr/bin/ceph: stderr
2024-04-25T10:45:32.324+0000 7fa7c77fe700 1 -- 172.21.15.19:0/1953819126 <== mon.0 v2:172.21.15.19:3300/0 1 ==== mon_map magic: 0 ==== 205+0+0 (secure 0 0 0) 0x7fa7c8003aa0 con 0x7fa7d4109af0
2024-04-25T10:45:33.253 INFO:teuthology.orchestra.run.smithi019.stdout:/usr/bin/ceph: stderr
2024-04-25T10:45:32.324+0000 7fa7c77fe700 1 -- 172.21.15.19:0/1953819126 <== mon.0 v2:172.21.15.19:3300/0 2 ==== config(26 keys) ==== 1101+0+0 (secure 0 0 0) 0x7fa7c801a8e0 con 0x7fa7d4109af0
2024-04-25T10:45:33.253 INFO:teuthology.orchestra.run.smithi019.stdout:/usr/bin/ceph: stderr
2024-04-25T10:45:32.324+0000 7fa7dc7d6700 1 -- 172.21.15.19:0/1953819126 --> [v2:172.21.15.19:3300/0,v1:172.21.15.19:6789/0] -- mon_subscribe({mgrmap=0+}) -- 0x7fa7d419e760 con 0x7fa7d4109af0
2024-04-25T10:45:33.253 INFO:teuthology.orchestra.run.smithi019.stdout:/usr/bin/ceph: stderr
2024-04-25T10:45:32.324+0000 7fa7dc7d6700 1 -- 172.21.15.19:0/1953819126 --> [v2:172.21.15.19:3300/0,v1:172.21.15.19:6789/0] -- mon_subscribe({osdmap=0}) -- 0x7fa7d41a1370 con 0x7fa7d4109af0
2024-04-25T10:45:33.253 INFO:teuthology.orchestra.run.smithi019.stdout:/usr/bin/ceph: stderr
2024-04-25T10:45:32.325+0000 7fa7c77fe700 1 -- 172.21.15.19:0/1953819126 <== mon.0 v2:172.21.15.19:3300/0 3 ==== mon_map magic: 0 ==== 205+0+0 (secure 0 0 0) 0x7fa7c80248f0 con 0x7fa7d4109af0
2024-04-25T10:45:33.253 INFO:teuthology.orchestra.run.smithi019.stdout:/usr/bin/ceph: stderr
2024-04-25T10:45:32.325+0000 7fa7c77fe700 1 -- 172.21.15.19:0/1953819126 <== mon.0 v2:172.21.15.19:3300/0 4 ==== mgrmap(e 11) ==== 49423+0+0 (secure 0 0 0) 0x7fa7c8022020 con 0x7fa7d4109af0
2024-04-25T10:45:33.253 INFO:teuthology.orchestra.run.smithi019.stdout:/usr/bin/ceph: stderr
2024-04-25T10:45:32.326+0000 7fa7c77fe700 1 --2- 172.21.15.19:0/1953819126 >> [v2:172.21.15.19:6800/1708221429,v1:172.21.15.19:6801/1708221429] conn(0x7fa7c003d4a0 0x7fa7c003f9b0 unknown :-1 s=NONE pgs=0 cs=0 l=1 rev1=0 crypto rx=0 tx=0 comp rx=0 tx=0).connect
2024-04-25T10:45:33.253 INFO:teuthology.orchestra.run.smithi019.stdout:/usr/bin/ceph: stderr
2024-04-25T10:45:32.326+0000 7fa7c77fe700 1 -- 172.21.15.19:0/1953819126 <== mon.0 v2:172.21.15.19:3300/0 5 ==== osd_map(3..3 src has 1..3) ==== 1155+0+0 (secure 0 0 0) 0x7fa7c8053900 con 0x7fa7d4109af0
2024-04-25T10:45:33.253 INFO:teuthology.orchestra.run.smithi019.stdout:/usr/bin/ceph: stderr
2024-04-25T10:45:32.326+0000 7fa7dc7d6700 1 -- 172.21.15.19:0/1953819126 --> [v2:172.21.15.19:3300/0,v1:172.21.15.19:6789/0] -- mon_command({"prefix": "get_command_descriptions"} v 0) -- 0x7fa7d4064cf0 con 0x7fa7d4109af0
2024-04-25T10:45:33.253 INFO:teuthology.orchestra.run.smithi019.stdout:/usr/bin/ceph: stderr
2024-04-25T10:45:32.326+0000 7fa7d9d71700 1 --2- 172.21.15.19:0/1953819126 >> [v2:172.21.15.19:6800/1708221429,v1:172.21.15.19:6801/1708221429] conn(0x7fa7c003d4a0 0x7fa7c003f9b0 unknown :-1 s=BANNER_CONNECTING pgs=0 cs=0 l=1 rev1=0 crypto rx=0 tx=0 comp rx=0 tx=0)._handle_peer_banner_payload supported=3 required=0
2024-04-25T10:45:33.253 INFO:teuthology.orchestra.run.smithi019.stdout:/usr/bin/ceph: stderr
2024-04-25T10:45:32.326+0000 7fa7d9d71700 1 --2- 172.21.15.19:0/1953819126 >> [v2:172.21.15.19:6800/1708221429,v1:172.21.15.19:6801/1708221429] conn(0x7fa7c003d4a0 0x7fa7c003f9b0 secure :-1 s=READY pgs=7 cs=0 l=1 rev1=1 crypto rx=0x7fa7d0006fd0 tx=0x7fa7d0006e40 comp rx=0 tx=0).ready entity=mgr.14150 client_cookie=0 server_cookie=0 in_seq=0 out_seq=0
2024-04-25T10:45:33.253 INFO:teuthology.orchestra.run.smithi019.stdout:/usr/bin/ceph: stderr
2024-04-25T10:45:32.331+0000 7fa7c77fe700 1 -- 172.21.15.19:0/1953819126 <== mon.0 v2:172.21.15.19:3300/0 6 ==== mon_command_ack([{"prefix": "get_command_descriptions"}]=0 v0) ==== 72+0+188370 (secure 0 0 0) 0x7fa7c802c350 con 0x7fa7d4109af0
2024-04-25T10:45:33.253 INFO:teuthology.orchestra.run.smithi019.stdout:/usr/bin/ceph: stderr
2024-04-25T10:45:32.515+0000 7fa7c77fe700 1 -- 172.21.15.19:0/1953819126 <== mon.0 v2:172.21.15.19:3300/0 7 ==== mgrmap(e 12) ==== 49529+0+0 (secure 0 0 0) 0x7fa7c8018350 con 0x7fa7d4109af0
2024-04-25T10:45:33.253 INFO:teuthology.orchestra.run.smithi019.stdout:/usr/bin/ceph: stderr
2024-04-25T10:45:32.564+0000 7fa7dc7d6700 1 -- 172.21.15.19:0/1953819126 --> [v2:172.21.15.19:6800/1708221429,v1:172.21.15.19:6801/1708221429] -- mgr_command(tid 0: {"prefix": "dashboard create-self-signed-cert", "target": ["mon-mgr", ""]}) -- 0x7fa7d4106160 con 0x7fa7c003d4a0
2024-04-25T10:45:33.254 INFO:teuthology.orchestra.run.smithi019.stdout:/usr/bin/ceph: stderr
2024-04-25T10:45:32.682+0000 7fa7c77fe700 1 -- 172.21.15.19:0/1953819126 <== mgr.14150 v2:172.21.15.19:6800/1708221429 1 ==== mgr_command_reply(tid 0: 0 ) ==== 8+0+32 (secure 0 0 0) 0x7fa7d4106160 con 0x7fa7c003d4a0
2024-04-25T10:45:33.254 INFO:teuthology.orchestra.run.smithi019.stdout:/usr/bin/ceph: stderr
2024-04-25T10:45:32.685+0000 7fa7dc7d6700 1 -- 172.21.15.19:0/1953819126 >> [v2:172.21.15.19:6800/1708221429,v1:172.21.15.19:6801/1708221429] conn(0x7fa7c003d4a0 msgr2=0x7fa7c003f9b0 secure :-1 s=STATE_CONNECTION_ESTABLISHED l=1).mark_down
2024-04-25T10:45:33.254 INFO:teuthology.orchestra.run.smithi019.stdout:/usr/bin/ceph: stderr
2024-04-25T10:45:32.685+0000 7fa7dc7d6700 1 --2- 172.21.15.19:0/1953819126 >> [v2:172.21.15.19:6800/1708221429,v1:172.21.15.19:6801/1708221429] conn(0x7fa7c003d4a0 0x7fa7c003f9b0 secure :-1 s=READY pgs=7 cs=0 l=1 rev1=1 crypto rx=0x7fa7d0006fd0 tx=0x7fa7d0006e40 comp rx=0 tx=0).stop
2024-04-25T10:45:33.254 INFO:teuthology.orchestra.run.smithi019.stdout:/usr/bin/ceph: stderr
2024-04-25T10:45:32.685+0000 7fa7dc7d6700 1 -- 172.21.15.19:0/1953819126 >> [v2:172.21.15.19:3300/0,v1:172.21.15.19:6789/0] conn(0x7fa7d4109af0 msgr2=0x7fa7d419df90 secure :-1 s=STATE_CONNECTION_ESTABLISHED l=1).mark_down
2024-04-25T10:45:33.254 INFO:teuthology.orchestra.run.smithi019.stdout:/usr/bin/ceph: stderr
2024-04-25T10:45:32.685+0000 7fa7dc7d6700 1 --2- 172.21.15.19:0/1953819126 >> [v2:172.21.15.19:3300/0,v1:172.21.15.19:6789/0] conn(0x7fa7d4109af0 0x7fa7d419df90 secure :-1 s=READY pgs=69 cs=0 l=1 rev1=1 crypto rx=0x7fa7c8009130 tx=0x7fa7c8011aa0 comp rx=0 tx=0).stop
2024-04-25T10:45:33.254 INFO:teuthology.orchestra.run.smithi019.stdout:/usr/bin/ceph: stderr
2024-04-25T10:45:32.685+0000 7fa7dc7d6700 1 -- 172.21.15.19:0/1953819126 shutdown_connections
2024-04-25T10:45:33.254 INFO:teuthology.orchestra.run.smithi019.stdout:/usr/bin/ceph: stderr
2024-04-25T10:45:32.685+0000 7fa7dc7d6700 1 --2- 172.21.15.19:0/1953819126 >> [v2:172.21.15.19:6800/1708221429,v1:172.21.15.19:6801/1708221429] conn(0x7fa7c003d4a0 0x7fa7c003f9b0 unknown :-1 s=CLOSED pgs=7 cs=0 l=1 rev1=1 crypto rx=0 tx=0 comp rx=0 tx=0).stop
2024-04-25T10:45:33.254 INFO:teuthology.orchestra.run.smithi019.stdout:/usr/bin/ceph: stderr
2024-04-25T10:45:32.685+0000 7fa7dc7d6700 1 --2- 172.21.15.19:0/1953819126 >> [v2:172.21.15.19:3300/0,v1:172.21.15.19:6789/0] conn(0x7fa7d4109af0 0x7fa7d419df90 unknown :-1 s=CLOSED pgs=69 cs=0 l=1 rev1=1 crypto rx=0 tx=0 comp rx=0 tx=0).stop
2024-04-25T10:45:33.254 INFO:teuthology.orchestra.run.smithi019.stdout:/usr/bin/ceph: stderr
2024-04-25T10:45:32.685+0000 7fa7dc7d6700 1 -- 172.21.15.19:0/1953819126 >> 172.21.15.19:0/1953819126 conn(0x7fa7d4105110 msgr2=0x7fa7d4105a30 unknown :-1 s=STATE_NONE l=0).mark_down
2024-04-25T10:45:33.254 INFO:teuthology.orchestra.run.smithi019.stdout:/usr/bin/ceph: stderr
2024-04-25T10:45:32.685+0000 7fa7dc7d6700 1 -- 172.21.15.19:0/1953819126 shutdown_connections
2024-04-25T10:45:33.254 INFO:teuthology.orchestra.run.smithi019.stdout:/usr/bin/ceph: stderr
2024-04-25T10:45:32.685+0000 7fa7dc7d6700 1 -- 172.21.15.19:0/1953819126 wait complete.
2024-04-25T10:45:33.254 INFO:teuthology.orchestra.run.smithi019.stdout:Creating initial admin user...
2024-04-25T10:45:33.612 INFO:journalctl@ceph.mon.a.smithi019.stdout:Apr 25 10:45:33 smithi019 ceph-mon[29209]: mgrmap e12: x(active, since 2s)
2024-04-25T10:45:33.612 INFO:journalctl@ceph.mon.a.smithi019.stdout:Apr 25 10:45:33 smithi019 ceph-mon[29209]: from='client.14162 -' entity='client.admin' cmd=[{"prefix": "dashboard create-self-signed-cert", "target": ["mon-mgr", ""]}]: dispatch
2024-04-25T10:45:33.612 INFO:journalctl@ceph.mon.a.smithi019.stdout:Apr 25 10:45:33 smithi019 ceph-mon[29209]: from='mgr.14150 172.21.15.19:0/1085896310' entity='mgr.x'
2024-04-25T10:45:33.612 INFO:journalctl@ceph.mon.a.smithi019.stdout:Apr 25 10:45:33 smithi019 ceph-mon[29209]: from='mgr.14150 172.21.15.19:0/1085896310' entity='mgr.x'
2024-04-25T10:45:33.612 INFO:journalctl@ceph.mon.a.smithi019.stdout:Apr 25 10:45:33 smithi019 ceph-mon[29209]: from='mgr.14150 172.21.15.19:0/1085896310' entity='mgr.x'
2024-04-25T10:45:35.255 INFO:teuthology.orchestra.run.smithi019.stdout:/usr/bin/ceph: stdout {"username": "admin", "password": "$2b$12$zPWBg.ms43HFCmQkPBpkYe7GpmaDfnaVRJaKt4mzsSgbzJI3W2UIu", "roles": ["administrator"], "name": null, "email": null, "lastUpdate": 1714041934, "enabled": true, "pwdExpirationDate": null, "pwdUpdateRequired": true}
2024-04-25T10:45:35.256 INFO:teuthology.orchestra.run.smithi019.stdout:/usr/bin/ceph: stderr
2024-04-25T10:45:33.646+0000 7f0d1dfa4700 1 Processor -- start
2024-04-25T10:45:35.256 INFO:teuthology.orchestra.run.smithi019.stdout:/usr/bin/ceph: stderr
2024-04-25T10:45:33.646+0000 7f0d1dfa4700 1 -- start start
2024-04-25T10:45:35.256 INFO:teuthology.orchestra.run.smithi019.stdout:/usr/bin/ceph: stderr
2024-04-25T10:45:33.646+0000 7f0d1dfa4700 1 --2- >> [v2:172.21.15.19:3300/0,v1:172.21.15.19:6789/0] conn(0x7f0d181083d0 0x7f0d181087e0 unknown :-1 s=NONE pgs=0 cs=0 l=0 rev1=0 crypto rx=0 tx=0 comp rx=0 tx=0).connect
2024-04-25T10:45:35.256 INFO:teuthology.orchestra.run.smithi019.stdout:/usr/bin/ceph: stderr
2024-04-25T10:45:33.646+0000 7f0d1dfa4700 1 -- --> [v2:172.21.15.19:3300/0,v1:172.21.15.19:6789/0] -- mon_getmap magic: 0 -- 0x7f0d1807ce20 con 0x7f0d181083d0
2024-04-25T10:45:35.256 INFO:teuthology.orchestra.run.smithi019.stdout:/usr/bin/ceph: stderr
2024-04-25T10:45:33.646+0000 7f0d177fe700 1 --2- >> [v2:172.21.15.19:3300/0,v1:172.21.15.19:6789/0] conn(0x7f0d181083d0 0x7f0d181087e0 unknown :-1 s=BANNER_CONNECTING pgs=0 cs=0 l=0 rev1=0 crypto rx=0 tx=0 comp rx=0 tx=0)._handle_peer_banner_payload supported=3 required=0
2024-04-25T10:45:35.256 INFO:teuthology.orchestra.run.smithi019.stdout:/usr/bin/ceph: stderr
2024-04-25T10:45:33.646+0000 7f0d177fe700 1 --2- >> [v2:172.21.15.19:3300/0,v1:172.21.15.19:6789/0] conn(0x7f0d181083d0 0x7f0d181087e0 unknown :-1 s=HELLO_CONNECTING pgs=0 cs=0 l=0 rev1=1 crypto rx=0 tx=0 comp rx=0 tx=0).handle_hello peer v2:172.21.15.19:3300/0 says I am v2:172.21.15.19:56042/0 (socket says 172.21.15.19:56042)
2024-04-25T10:45:35.256 INFO:teuthology.orchestra.run.smithi019.stdout:/usr/bin/ceph: stderr
2024-04-25T10:45:33.646+0000 7f0d177fe700 1 -- 172.21.15.19:0/1227996302 learned_addr learned my addr 172.21.15.19:0/1227996302 (peer_addr_for_me v2:172.21.15.19:0/0)
2024-04-25T10:45:35.256 INFO:teuthology.orchestra.run.smithi019.stdout:/usr/bin/ceph: stderr
2024-04-25T10:45:33.647+0000 7f0d177fe700 1 -- 172.21.15.19:0/1227996302 --> [v2:172.21.15.19:3300/0,v1:172.21.15.19:6789/0] -- mon_subscribe({config=0+,monmap=0+}) -- 0x7f0d18108d20 con 0x7f0d181083d0
2024-04-25T10:45:35.256 INFO:teuthology.orchestra.run.smithi019.stdout:/usr/bin/ceph: stderr
2024-04-25T10:45:33.647+0000 7f0d177fe700 1 --2- 172.21.15.19:0/1227996302 >> [v2:172.21.15.19:3300/0,v1:172.21.15.19:6789/0] conn(0x7f0d181083d0 0x7f0d181087e0 secure :-1 s=READY pgs=70 cs=0 l=1 rev1=1 crypto rx=0x7f0d080098a0 tx=0x7f0d08009bb0 comp rx=0 tx=0).ready entity=mon.0 client_cookie=e45dc5e37f625aa5 server_cookie=0 in_seq=0 out_seq=0
2024-04-25T10:45:35.256 INFO:teuthology.orchestra.run.smithi019.stdout:/usr/bin/ceph: stderr
2024-04-25T10:45:33.647+0000 7f0d167fc700 1 -- 172.21.15.19:0/1227996302 <== mon.0 v2:172.21.15.19:3300/0 1 ==== mon_map magic: 0 ==== 205+0+0 (secure 0 0 0) 0x7f0d08004160 con 0x7f0d181083d0
2024-04-25T10:45:35.256 INFO:teuthology.orchestra.run.smithi019.stdout:/usr/bin/ceph: stderr
2024-04-25T10:45:33.647+0000 7f0d167fc700 1 -- 172.21.15.19:0/1227996302 <== mon.0 v2:172.21.15.19:3300/0 2 ==== config(26 keys) ==== 1101+0+0 (secure 0 0 0) 0x7f0d08004300 con 0x7f0d181083d0
2024-04-25T10:45:35.256 INFO:teuthology.orchestra.run.smithi019.stdout:/usr/bin/ceph: stderr
2024-04-25T10:45:33.647+0000 7f0d167fc700 1 -- 172.21.15.19:0/1227996302 <== mon.0 v2:172.21.15.19:3300/0 3 ==== mon_map magic: 0 ==== 205+0+0 (secure 0 0 0) 0x7f0d08011a20 con 0x7f0d181083d0
2024-04-25T10:45:35.256 INFO:teuthology.orchestra.run.smithi019.stdout:/usr/bin/ceph: stderr
2024-04-25T10:45:33.648+0000 7f0d1dfa4700 1 -- 172.21.15.19:0/1227996302 >> [v2:172.21.15.19:3300/0,v1:172.21.15.19:6789/0] conn(0x7f0d181083d0 msgr2=0x7f0d181087e0 secure :-1 s=STATE_CONNECTION_ESTABLISHED l=1).mark_down
2024-04-25T10:45:35.256 INFO:teuthology.orchestra.run.smithi019.stdout:/usr/bin/ceph: stderr
2024-04-25T10:45:33.648+0000 7f0d1dfa4700 1 --2- 172.21.15.19:0/1227996302 >> [v2:172.21.15.19:3300/0,v1:172.21.15.19:6789/0] conn(0x7f0d181083d0 0x7f0d181087e0 secure :-1 s=READY pgs=70 cs=0 l=1 rev1=1 crypto rx=0x7f0d080098a0 tx=0x7f0d08009bb0 comp rx=0 tx=0).stop
2024-04-25T10:45:35.257 INFO:teuthology.orchestra.run.smithi019.stdout:/usr/bin/ceph: stderr
2024-04-25T10:45:33.648+0000 7f0d1dfa4700 1 -- 172.21.15.19:0/1227996302 shutdown_connections
2024-04-25T10:45:35.257 INFO:teuthology.orchestra.run.smithi019.stdout:/usr/bin/ceph: stderr
2024-04-25T10:45:33.648+0000 7f0d1dfa4700 1 --2- 172.21.15.19:0/1227996302 >> [v2:172.21.15.19:3300/0,v1:172.21.15.19:6789/0] conn(0x7f0d181083d0 0x7f0d181087e0 unknown :-1 s=CLOSED pgs=70 cs=0 l=1 rev1=1 crypto rx=0 tx=0 comp rx=0 tx=0).stop
2024-04-25T10:45:35.257 INFO:teuthology.orchestra.run.smithi019.stdout:/usr/bin/ceph: stderr
2024-04-25T10:45:33.648+0000 7f0d1dfa4700 1 -- 172.21.15.19:0/1227996302 >> 172.21.15.19:0/1227996302 conn(0x7f0d18104040 msgr2=0x7f0d18106490 unknown :-1 s=STATE_NONE l=0).mark_down
2024-04-25T10:45:35.257 INFO:teuthology.orchestra.run.smithi019.stdout:/usr/bin/ceph: stderr
2024-04-25T10:45:33.648+0000 7f0d1dfa4700 1 -- 172.21.15.19:0/1227996302 shutdown_connections
2024-04-25T10:45:35.257 INFO:teuthology.orchestra.run.smithi019.stdout:/usr/bin/ceph: stderr
2024-04-25T10:45:33.648+0000 7f0d1dfa4700 1 -- 172.21.15.19:0/1227996302 wait complete.
2024-04-25T10:45:35.257 INFO:teuthology.orchestra.run.smithi019.stdout:/usr/bin/ceph: stderr
2024-04-25T10:45:33.649+0000 7f0d1dfa4700 1 Processor -- start
2024-04-25T10:45:35.257 INFO:teuthology.orchestra.run.smithi019.stdout:/usr/bin/ceph: stderr
2024-04-25T10:45:33.649+0000 7f0d1dfa4700 1 -- start start
2024-04-25T10:45:35.257 INFO:teuthology.orchestra.run.smithi019.stdout:/usr/bin/ceph: stderr
2024-04-25T10:45:33.650+0000 7f0d1dfa4700 1 --2- >> [v2:172.21.15.19:3300/0,v1:172.21.15.19:6789/0] conn(0x7f0d181083d0 0x7f0d181a00e0 unknown :-1 s=NONE pgs=0 cs=0 l=1 rev1=0 crypto rx=0 tx=0 comp rx=0 tx=0).connect
2024-04-25T10:45:35.257 INFO:teuthology.orchestra.run.smithi019.stdout:/usr/bin/ceph: stderr
2024-04-25T10:45:33.650+0000 7f0d1dfa4700 1 -- --> [v2:172.21.15.19:3300/0,v1:172.21.15.19:6789/0] -- mon_getmap magic: 0 -- 0x7f0d18109de0 con 0x7f0d181083d0
2024-04-25T10:45:35.257 INFO:teuthology.orchestra.run.smithi019.stdout:/usr/bin/ceph: stderr
2024-04-25T10:45:33.650+0000 7f0d177fe700 1 --2- >> [v2:172.21.15.19:3300/0,v1:172.21.15.19:6789/0] conn(0x7f0d181083d0 0x7f0d181a00e0 unknown :-1 s=BANNER_CONNECTING pgs=0 cs=0 l=1 rev1=0 crypto rx=0 tx=0 comp rx=0 tx=0)._handle_peer_banner_payload supported=3 required=0
2024-04-25T10:45:35.257 INFO:teuthology.orchestra.run.smithi019.stdout:/usr/bin/ceph: stderr
2024-04-25T10:45:33.650+0000 7f0d177fe700 1 --2- >> [v2:172.21.15.19:3300/0,v1:172.21.15.19:6789/0] conn(0x7f0d181083d0 0x7f0d181a00e0 unknown :-1 s=HELLO_CONNECTING pgs=0 cs=0 l=1 rev1=1 crypto rx=0 tx=0 comp rx=0 tx=0).handle_hello peer v2:172.21.15.19:3300/0 says I am v2:172.21.15.19:56054/0 (socket says 172.21.15.19:56054)
2024-04-25T10:45:35.257 INFO:teuthology.orchestra.run.smithi019.stdout:/usr/bin/ceph: stderr
2024-04-25T10:45:33.650+0000 7f0d177fe700 1 -- 172.21.15.19:0/1954550567 learned_addr learned my addr 172.21.15.19:0/1954550567 (peer_addr_for_me v2:172.21.15.19:0/0)
2024-04-25T10:45:35.257 INFO:teuthology.orchestra.run.smithi019.stdout:/usr/bin/ceph: stderr
2024-04-25T10:45:33.650+0000 7f0d177fe700 1 -- 172.21.15.19:0/1954550567 --> [v2:172.21.15.19:3300/0,v1:172.21.15.19:6789/0] -- mon_subscribe({config=0+,monmap=0+}) -- 0x7f0d181a0620 con 0x7f0d181083d0
2024-04-25T10:45:35.257 INFO:teuthology.orchestra.run.smithi019.stdout:/usr/bin/ceph: stderr
2024-04-25T10:45:33.650+0000 7f0d177fe700 1 --2- 172.21.15.19:0/1954550567 >> [v2:172.21.15.19:3300/0,v1:172.21.15.19:6789/0] conn(0x7f0d181083d0 0x7f0d181a00e0 secure :-1 s=READY pgs=71 cs=0 l=1 rev1=1 crypto rx=0x7f0d08009520 tx=0x7f0d08011aa0 comp rx=0 tx=0).ready entity=mon.0 client_cookie=0 server_cookie=0 in_seq=0 out_seq=0
2024-04-25T10:45:35.258 INFO:teuthology.orchestra.run.smithi019.stdout:/usr/bin/ceph: stderr
2024-04-25T10:45:33.651+0000 7f0d14ff9700 1 -- 172.21.15.19:0/1954550567 <== mon.0 v2:172.21.15.19:3300/0 1 ==== mon_map magic: 0 ==== 205+0+0 (secure 0 0 0) 0x7f0d080039e0 con 0x7f0d181083d0
2024-04-25T10:45:35.258 INFO:teuthology.orchestra.run.smithi019.stdout:/usr/bin/ceph: stderr
2024-04-25T10:45:33.651+0000 7f0d14ff9700 1 -- 172.21.15.19:0/1954550567 <== mon.0 v2:172.21.15.19:3300/0 2 ==== config(26 keys) ==== 1101+0+0 (secure 0 0 0) 0x7f0d0801b8f0 con 0x7f0d181083d0
2024-04-25T10:45:35.258 INFO:teuthology.orchestra.run.smithi019.stdout:/usr/bin/ceph: stderr
2024-04-25T10:45:33.651+0000 7f0d1dfa4700 1 -- 172.21.15.19:0/1954550567 --> [v2:172.21.15.19:3300/0,v1:172.21.15.19:6789/0] -- mon_subscribe({mgrmap=0+}) -- 0x7f0d181a08b0 con 0x7f0d181083d0
2024-04-25T10:45:35.258 INFO:teuthology.orchestra.run.smithi019.stdout:/usr/bin/ceph: stderr
2024-04-25T10:45:33.651+0000 7f0d14ff9700 1 -- 172.21.15.19:0/1954550567 <== mon.0 v2:172.21.15.19:3300/0 3 ==== mon_map magic: 0 ==== 205+0+0 (secure 0 0 0) 0x7f0d080197d0 con 0x7f0d181083d0
2024-04-25T10:45:35.258 INFO:teuthology.orchestra.run.smithi019.stdout:/usr/bin/ceph: stderr
2024-04-25T10:45:33.651+0000 7f0d1dfa4700 1 -- 172.21.15.19:0/1954550567 --> [v2:172.21.15.19:3300/0,v1:172.21.15.19:6789/0] -- mon_subscribe({osdmap=0}) -- 0x7f0d181a34c0 con 0x7f0d181083d0
2024-04-25T10:45:35.258 INFO:teuthology.orchestra.run.smithi019.stdout:/usr/bin/ceph: stderr
2024-04-25T10:45:33.652+0000 7f0d1dfa4700 1 -- 172.21.15.19:0/1954550567 --> [v2:172.21.15.19:3300/0,v1:172.21.15.19:6789/0] -- mon_command({"prefix": "get_command_descriptions"} v 0) -- 0x7f0d18064cf0 con 0x7f0d181083d0
2024-04-25T10:45:35.258 INFO:teuthology.orchestra.run.smithi019.stdout:/usr/bin/ceph: stderr
2024-04-25T10:45:33.652+0000 7f0d14ff9700 1 -- 172.21.15.19:0/1954550567 <== mon.0 v2:172.21.15.19:3300/0 4 ==== mgrmap(e 12) ==== 49529+0+0 (secure 0 0 0) 0x7f0d08019a40 con 0x7f0d181083d0
2024-04-25T10:45:35.258 INFO:teuthology.orchestra.run.smithi019.stdout:/usr/bin/ceph: stderr
2024-04-25T10:45:33.652+0000 7f0d14ff9700 1 --2- 172.21.15.19:0/1954550567 >> [v2:172.21.15.19:6800/1708221429,v1:172.21.15.19:6801/1708221429] conn(0x7f0d0003d620 0x7f0d0003fb30 unknown :-1 s=NONE pgs=0 cs=0 l=1 rev1=0 crypto rx=0 tx=0 comp rx=0 tx=0).connect
2024-04-25T10:45:35.258 INFO:teuthology.orchestra.run.smithi019.stdout:/usr/bin/ceph: stderr
2024-04-25T10:45:33.652+0000 7f0d14ff9700 1 -- 172.21.15.19:0/1954550567 <== mon.0 v2:172.21.15.19:3300/0 5 ==== osd_map(3..3 src has 1..3) ==== 1155+0+0 (secure 0 0 0) 0x7f0d08052f60 con 0x7f0d181083d0
2024-04-25T10:45:35.258 INFO:teuthology.orchestra.run.smithi019.stdout:/usr/bin/ceph: stderr
2024-04-25T10:45:33.652+0000 7f0d16ffd700 1 --2- 172.21.15.19:0/1954550567 >> [v2:172.21.15.19:6800/1708221429,v1:172.21.15.19:6801/1708221429] conn(0x7f0d0003d620 0x7f0d0003fb30 unknown :-1 s=BANNER_CONNECTING pgs=0 cs=0 l=1 rev1=0 crypto rx=0 tx=0 comp rx=0 tx=0)._handle_peer_banner_payload supported=3 required=0
2024-04-25T10:45:35.258 INFO:teuthology.orchestra.run.smithi019.stdout:/usr/bin/ceph: stderr
2024-04-25T10:45:33.653+0000 7f0d16ffd700 1 --2- 172.21.15.19:0/1954550567 >> [v2:172.21.15.19:6800/1708221429,v1:172.21.15.19:6801/1708221429] conn(0x7f0d0003d620 0x7f0d0003fb30 secure :-1 s=READY pgs=8 cs=0 l=1 rev1=1 crypto rx=0x7f0d0c006fd0 tx=0x7f0d0c006e40 comp rx=0 tx=0).ready entity=mgr.14150 client_cookie=0 server_cookie=0 in_seq=0 out_seq=0
2024-04-25T10:45:35.258 INFO:teuthology.orchestra.run.smithi019.stdout:/usr/bin/ceph: stderr
2024-04-25T10:45:33.658+0000 7f0d14ff9700 1 -- 172.21.15.19:0/1954550567 <== mon.0 v2:172.21.15.19:3300/0 6 ==== mon_command_ack([{"prefix": "get_command_descriptions"}]=0 v0) ==== 72+0+188370 (secure 0 0 0) 0x7f0d0801f030 con 0x7f0d181083d0
2024-04-25T10:45:35.258 INFO:teuthology.orchestra.run.smithi019.stdout:/usr/bin/ceph: stderr
2024-04-25T10:45:33.886+0000 7f0d1dfa4700 1 -- 172.21.15.19:0/1954550567 --> [v2:172.21.15.19:6800/1708221429,v1:172.21.15.19:6801/1708221429] -- mgr_command(tid 0: {"prefix": "dashboard ac-user-create", "username": "admin", "rolename": "administrator", "force_password": true, "pwd_update_required": true, "target": ["mon-mgr", ""]}) -- 0x7f0d1802e780 con 0x7f0d0003d620
2024-04-25T10:45:35.258 INFO:teuthology.orchestra.run.smithi019.stdout:/usr/bin/ceph: stderr
2024-04-25T10:45:34.133+0000 7f0d14ff9700 1 -- 172.21.15.19:0/1954550567 <== mgr.14150 v2:172.21.15.19:6800/1708221429 1 ==== mgr_command_reply(tid 0: 0 ) ==== 8+0+252 (secure 0 0 0) 0x7f0d1802e780 con 0x7f0d0003d620
2024-04-25T10:45:35.259 INFO:teuthology.orchestra.run.smithi019.stdout:/usr/bin/ceph: stderr
2024-04-25T10:45:34.135+0000 7f0d1dfa4700 1 -- 172.21.15.19:0/1954550567 >> [v2:172.21.15.19:6800/1708221429,v1:172.21.15.19:6801/1708221429] conn(0x7f0d0003d620 msgr2=0x7f0d0003fb30 secure :-1 s=STATE_CONNECTION_ESTABLISHED l=1).mark_down
2024-04-25T10:45:35.259 INFO:teuthology.orchestra.run.smithi019.stdout:/usr/bin/ceph: stderr
2024-04-25T10:45:34.135+0000 7f0d1dfa4700 1 --2- 172.21.15.19:0/1954550567 >> [v2:172.21.15.19:6800/1708221429,v1:172.21.15.19:6801/1708221429] conn(0x7f0d0003d620 0x7f0d0003fb30 secure :-1 s=READY pgs=8 cs=0 l=1 rev1=1 crypto rx=0x7f0d0c006fd0 tx=0x7f0d0c006e40 comp rx=0 tx=0).stop
2024-04-25T10:45:35.259 INFO:teuthology.orchestra.run.smithi019.stdout:/usr/bin/ceph: stderr
2024-04-25T10:45:34.135+0000 7f0d1dfa4700 1 -- 172.21.15.19:0/1954550567 >> [v2:172.21.15.19:3300/0,v1:172.21.15.19:6789/0] conn(0x7f0d181083d0 msgr2=0x7f0d181a00e0 secure :-1 s=STATE_CONNECTION_ESTABLISHED l=1).mark_down
2024-04-25T10:45:35.259 INFO:teuthology.orchestra.run.smithi019.stdout:/usr/bin/ceph: stderr
2024-04-25T10:45:34.135+0000 7f0d1dfa4700 1 --2- 172.21.15.19:0/1954550567 >> [v2:172.21.15.19:3300/0,v1:172.21.15.19:6789/0] conn(0x7f0d181083d0 0x7f0d181a00e0 secure :-1 s=READY pgs=71 cs=0 l=1 rev1=1 crypto rx=0x7f0d08009520 tx=0x7f0d08011aa0 comp rx=0 tx=0).stop
2024-04-25T10:45:35.259 INFO:teuthology.orchestra.run.smithi019.stdout:/usr/bin/ceph: stderr
2024-04-25T10:45:34.135+0000 7f0d1dfa4700 1 -- 172.21.15.19:0/1954550567 shutdown_connections
2024-04-25T10:45:35.259 INFO:teuthology.orchestra.run.smithi019.stdout:/usr/bin/ceph: stderr
2024-04-25T10:45:34.135+0000 7f0d1dfa4700 1 --2- 172.21.15.19:0/1954550567 >> [v2:172.21.15.19:6800/1708221429,v1:172.21.15.19:6801/1708221429] conn(0x7f0d0003d620 0x7f0d0003fb30 unknown :-1 s=CLOSED pgs=8 cs=0 l=1 rev1=1 crypto rx=0 tx=0 comp rx=0 tx=0).stop
2024-04-25T10:45:35.259 INFO:teuthology.orchestra.run.smithi019.stdout:/usr/bin/ceph: stderr
2024-04-25T10:45:34.135+0000 7f0d1dfa4700 1 --2- 172.21.15.19:0/1954550567 >> [v2:172.21.15.19:3300/0,v1:172.21.15.19:6789/0] conn(0x7f0d181083d0 0x7f0d181a00e0 unknown :-1 s=CLOSED pgs=71 cs=0 l=1 rev1=1 crypto rx=0 tx=0 comp rx=0 tx=0).stop
2024-04-25T10:45:35.259 INFO:teuthology.orchestra.run.smithi019.stdout:/usr/bin/ceph: stderr
2024-04-25T10:45:34.135+0000 7f0d1dfa4700 1 -- 172.21.15.19:0/1954550567 >> 172.21.15.19:0/1954550567 conn(0x7f0d18104040 msgr2=0x7f0d18194060 unknown :-1 s=STATE_NONE l=0).mark_down
2024-04-25T10:45:35.259 INFO:teuthology.orchestra.run.smithi019.stdout:/usr/bin/ceph: stderr
2024-04-25T10:45:34.135+0000 7f0d1dfa4700 1 -- 172.21.15.19:0/1954550567 shutdown_connections
2024-04-25T10:45:35.259 INFO:teuthology.orchestra.run.smithi019.stdout:/usr/bin/ceph: stderr
2024-04-25T10:45:34.135+0000 7f0d1dfa4700 1 -- 172.21.15.19:0/1954550567 wait complete.
2024-04-25T10:45:35.259 INFO:teuthology.orchestra.run.smithi019.stdout:Fetching dashboard port number...
2024-04-25T10:45:35.362 INFO:journalctl@ceph.mon.a.smithi019.stdout:Apr 25 10:45:35 smithi019 ceph-mon[29209]: from='client.14164 -' entity='client.admin' cmd=[{"prefix": "dashboard ac-user-create", "username": "admin", "rolename": "administrator", "force_password": true, "pwd_update_required": true, "target": ["mon-mgr", ""]}]: dispatch
2024-04-25T10:45:35.362 INFO:journalctl@ceph.mon.a.smithi019.stdout:Apr 25 10:45:35 smithi019 ceph-mon[29209]: from='mgr.14150 172.21.15.19:0/1085896310' entity='mgr.x'
2024-04-25T10:45:36.228 INFO:journalctl@ceph.mon.a.smithi019.stdout:Apr 25 10:45:36 smithi019 ceph-mon[29209]: from='client.? 172.21.15.19:0/716840344' entity='client.admin' cmd=[{"prefix": "config get", "who": "mgr", "key": "mgr/dashboard/ssl_server_port"}]: dispatch
2024-04-25T10:45:36.479 INFO:teuthology.orchestra.run.smithi019.stdout:/usr/bin/ceph: stdout 8443
2024-04-25T10:45:36.479 INFO:teuthology.orchestra.run.smithi019.stdout:/usr/bin/ceph: stderr
2024-04-25T10:45:35.704+0000 7f0199d6d700 1 Processor -- start
2024-04-25T10:45:36.479 INFO:teuthology.orchestra.run.smithi019.stdout:/usr/bin/ceph: stderr
2024-04-25T10:45:35.704+0000 7f0199d6d700 1 -- start start
2024-04-25T10:45:36.479 INFO:teuthology.orchestra.run.smithi019.stdout:/usr/bin/ceph: stderr
2024-04-25T10:45:35.704+0000 7f0199d6d700 1 --2- >> [v2:172.21.15.19:3300/0,v1:172.21.15.19:6789/0] conn(0x7f019410a5f0 0x7f019410ca10 unknown :-1 s=NONE pgs=0 cs=0 l=0 rev1=0 crypto rx=0 tx=0 comp rx=0 tx=0).connect
2024-04-25T10:45:36.479 INFO:teuthology.orchestra.run.smithi019.stdout:/usr/bin/ceph: stderr
2024-04-25T10:45:35.704+0000 7f0199d6d700 1 -- --> [v2:172.21.15.19:3300/0,v1:172.21.15.19:6789/0] -- mon_getmap magic: 0 -- 0x7f019407d730 con 0x7f019410a5f0
2024-04-25T10:45:36.479 INFO:teuthology.orchestra.run.smithi019.stdout:/usr/bin/ceph: stderr
2024-04-25T10:45:35.704+0000 7f01937fe700 1 --2- >> [v2:172.21.15.19:3300/0,v1:172.21.15.19:6789/0] conn(0x7f019410a5f0 0x7f019410ca10 unknown :-1 s=BANNER_CONNECTING pgs=0 cs=0 l=0 rev1=0 crypto rx=0 tx=0 comp rx=0 tx=0)._handle_peer_banner_payload supported=3 required=0
2024-04-25T10:45:36.479 INFO:teuthology.orchestra.run.smithi019.stdout:/usr/bin/ceph: stderr
2024-04-25T10:45:35.704+0000 7f01937fe700 1 --2- >> [v2:172.21.15.19:3300/0,v1:172.21.15.19:6789/0] conn(0x7f019410a5f0 0x7f019410ca10 unknown :-1 s=HELLO_CONNECTING pgs=0 cs=0 l=0 rev1=1 crypto rx=0 tx=0 comp rx=0 tx=0).handle_hello peer v2:172.21.15.19:3300/0 says I am v2:172.21.15.19:56056/0 (socket says 172.21.15.19:56056)
2024-04-25T10:45:36.479 INFO:teuthology.orchestra.run.smithi019.stdout:/usr/bin/ceph: stderr
2024-04-25T10:45:35.704+0000 7f01937fe700 1 -- 172.21.15.19:0/2326797000 learned_addr learned my addr 172.21.15.19:0/2326797000 (peer_addr_for_me v2:172.21.15.19:0/0)
2024-04-25T10:45:36.480 INFO:teuthology.orchestra.run.smithi019.stdout:/usr/bin/ceph: stderr
2024-04-25T10:45:35.705+0000 7f01937fe700 1 -- 172.21.15.19:0/2326797000 --> [v2:172.21.15.19:3300/0,v1:172.21.15.19:6789/0] -- mon_subscribe({config=0+,monmap=0+}) -- 0x7f019410cf50 con 0x7f019410a5f0
2024-04-25T10:45:36.480 INFO:teuthology.orchestra.run.smithi019.stdout:/usr/bin/ceph: stderr
2024-04-25T10:45:35.705+0000 7f01937fe700 1 --2- 172.21.15.19:0/2326797000 >> [v2:172.21.15.19:3300/0,v1:172.21.15.19:6789/0] conn(0x7f019410a5f0 0x7f019410ca10 secure :-1 s=READY pgs=72 cs=0 l=1 rev1=1 crypto rx=0x7f01840098a0 tx=0x7f0184009bb0 comp rx=0 tx=0).ready entity=mon.0 client_cookie=117e910752cd1644 server_cookie=0 in_seq=0 out_seq=0
2024-04-25T10:45:36.480 INFO:teuthology.orchestra.run.smithi019.stdout:/usr/bin/ceph: stderr
2024-04-25T10:45:35.705+0000 7f01927fc700 1 -- 172.21.15.19:0/2326797000 <== mon.0 v2:172.21.15.19:3300/0 1 ==== mon_map magic: 0 ==== 205+0+0 (secure 0 0 0) 0x7f0184004160 con 0x7f019410a5f0
2024-04-25T10:45:36.480 INFO:teuthology.orchestra.run.smithi019.stdout:/usr/bin/ceph: stderr
2024-04-25T10:45:35.705+0000 7f01927fc700 1 -- 172.21.15.19:0/2326797000 <== mon.0 v2:172.21.15.19:3300/0 2 ==== config(26 keys) ==== 1101+0+0 (secure 0 0 0) 0x7f0184004300 con 0x7f019410a5f0
2024-04-25T10:45:36.480 INFO:teuthology.orchestra.run.smithi019.stdout:/usr/bin/ceph: stderr
2024-04-25T10:45:35.705+0000 7f01927fc700 1 -- 172.21.15.19:0/2326797000 <== mon.0 v2:172.21.15.19:3300/0 3 ==== mon_map magic: 0 ==== 205+0+0 (secure 0 0 0) 0x7f0184011a20 con 0x7f019410a5f0
2024-04-25T10:45:36.480 INFO:teuthology.orchestra.run.smithi019.stdout:/usr/bin/ceph: stderr
2024-04-25T10:45:35.706+0000 7f0199d6d700 1 -- 172.21.15.19:0/2326797000 >> [v2:172.21.15.19:3300/0,v1:172.21.15.19:6789/0] conn(0x7f019410a5f0 msgr2=0x7f019410ca10 secure :-1 s=STATE_CONNECTION_ESTABLISHED l=1).mark_down
2024-04-25T10:45:36.480 INFO:teuthology.orchestra.run.smithi019.stdout:/usr/bin/ceph: stderr
2024-04-25T10:45:35.706+0000 7f0199d6d700 1 --2- 172.21.15.19:0/2326797000 >> [v2:172.21.15.19:3300/0,v1:172.21.15.19:6789/0] conn(0x7f019410a5f0 0x7f019410ca10 secure :-1 s=READY pgs=72 cs=0 l=1 rev1=1 crypto rx=0x7f01840098a0 tx=0x7f0184009bb0 comp rx=0 tx=0).stop
2024-04-25T10:45:36.480 INFO:teuthology.orchestra.run.smithi019.stdout:/usr/bin/ceph: stderr
2024-04-25T10:45:35.706+0000 7f0199d6d700 1 -- 172.21.15.19:0/2326797000 shutdown_connections
2024-04-25T10:45:36.480 INFO:teuthology.orchestra.run.smithi019.stdout:/usr/bin/ceph: stderr
2024-04-25T10:45:35.706+0000 7f0199d6d700 1 --2- 172.21.15.19:0/2326797000 >> [v2:172.21.15.19:3300/0,v1:172.21.15.19:6789/0] conn(0x7f019410a5f0 0x7f019410ca10 unknown :-1 s=CLOSED pgs=72 cs=0 l=1 rev1=1 crypto rx=0 tx=0 comp rx=0 tx=0).stop
2024-04-25T10:45:36.480 INFO:teuthology.orchestra.run.smithi019.stdout:/usr/bin/ceph: stderr
2024-04-25T10:45:35.706+0000 7f0199d6d700 1 -- 172.21.15.19:0/2326797000 >> 172.21.15.19:0/2326797000 conn(0x7f0194104090 msgr2=0x7f0194106500 unknown :-1 s=STATE_NONE l=0).mark_down
2024-04-25T10:45:36.480 INFO:teuthology.orchestra.run.smithi019.stdout:/usr/bin/ceph: stderr
2024-04-25T10:45:35.706+0000 7f0199d6d700 1 -- 172.21.15.19:0/2326797000 shutdown_connections
2024-04-25T10:45:36.480 INFO:teuthology.orchestra.run.smithi019.stdout:/usr/bin/ceph: stderr
2024-04-25T10:45:35.706+0000 7f0199d6d700 1 -- 172.21.15.19:0/2326797000 wait complete.
2024-04-25T10:45:36.480 INFO:teuthology.orchestra.run.smithi019.stdout:/usr/bin/ceph: stderr
2024-04-25T10:45:35.706+0000 7f0199d6d700 1 Processor -- start
2024-04-25T10:45:36.481 INFO:teuthology.orchestra.run.smithi019.stdout:/usr/bin/ceph: stderr
2024-04-25T10:45:35.707+0000 7f0199d6d700 1 -- start start
2024-04-25T10:45:36.481 INFO:teuthology.orchestra.run.smithi019.stdout:/usr/bin/ceph: stderr
2024-04-25T10:45:35.707+0000 7f0199d6d700 1 --2- >> [v2:172.21.15.19:3300/0,v1:172.21.15.19:6789/0] conn(0x7f019410a5f0 0x7f019419deb0 unknown :-1 s=NONE pgs=0 cs=0 l=1 rev1=0 crypto rx=0 tx=0 comp rx=0 tx=0).connect
2024-04-25T10:45:36.481 INFO:teuthology.orchestra.run.smithi019.stdout:/usr/bin/ceph: stderr
2024-04-25T10:45:35.707+0000 7f0199d6d700 1 -- --> [v2:172.21.15.19:3300/0,v1:172.21.15.19:6789/0] -- mon_getmap magic: 0 -- 0x7f019410df50 con 0x7f019410a5f0
2024-04-25T10:45:36.481 INFO:teuthology.orchestra.run.smithi019.stdout:/usr/bin/ceph: stderr
2024-04-25T10:45:35.707+0000 7f01937fe700 1 --2- >> [v2:172.21.15.19:3300/0,v1:172.21.15.19:6789/0] conn(0x7f019410a5f0 0x7f019419deb0 unknown :-1 s=BANNER_CONNECTING pgs=0 cs=0 l=1 rev1=0 crypto rx=0 tx=0 comp rx=0 tx=0)._handle_peer_banner_payload supported=3 required=0
2024-04-25T10:45:36.481 INFO:teuthology.orchestra.run.smithi019.stdout:/usr/bin/ceph: stderr
2024-04-25T10:45:35.707+0000 7f01937fe700 1 --2- >> [v2:172.21.15.19:3300/0,v1:172.21.15.19:6789/0] conn(0x7f019410a5f0 0x7f019419deb0 unknown :-1 s=HELLO_CONNECTING pgs=0 cs=0 l=1 rev1=1 crypto rx=0 tx=0 comp rx=0 tx=0).handle_hello peer v2:172.21.15.19:3300/0 says I am v2:172.21.15.19:56064/0 (socket says 172.21.15.19:56064)
2024-04-25T10:45:36.481 INFO:teuthology.orchestra.run.smithi019.stdout:/usr/bin/ceph: stderr
2024-04-25T10:45:35.707+0000 7f01937fe700 1 -- 172.21.15.19:0/716840344 learned_addr learned my addr 172.21.15.19:0/716840344 (peer_addr_for_me v2:172.21.15.19:0/0)
2024-04-25T10:45:36.481 INFO:teuthology.orchestra.run.smithi019.stdout:/usr/bin/ceph: stderr
2024-04-25T10:45:35.707+0000 7f01937fe700 1 -- 172.21.15.19:0/716840344 --> [v2:172.21.15.19:3300/0,v1:172.21.15.19:6789/0] -- mon_subscribe({config=0+,monmap=0+}) -- 0x7f019419e3f0 con 0x7f019410a5f0
2024-04-25T10:45:36.481 INFO:teuthology.orchestra.run.smithi019.stdout:/usr/bin/ceph: stderr
2024-04-25T10:45:35.707+0000 7f01937fe700 1 --2- 172.21.15.19:0/716840344 >> [v2:172.21.15.19:3300/0,v1:172.21.15.19:6789/0] conn(0x7f019410a5f0 0x7f019419deb0 secure :-1 s=READY pgs=73 cs=0 l=1 rev1=1 crypto rx=0x7f0184000c00 tx=0x7f0184011aa0 comp rx=0 tx=0).ready entity=mon.0 client_cookie=0 server_cookie=0 in_seq=0 out_seq=0
2024-04-25T10:45:36.481 INFO:teuthology.orchestra.run.smithi019.stdout:/usr/bin/ceph: stderr
2024-04-25T10:45:35.708+0000 7f0190ff9700 1 -- 172.21.15.19:0/716840344 <== mon.0 v2:172.21.15.19:3300/0 1 ==== mon_map magic: 0 ==== 205+0+0 (secure 0 0 0) 0x7f0184003aa0 con 0x7f019410a5f0
2024-04-25T10:45:36.481 INFO:teuthology.orchestra.run.smithi019.stdout:/usr/bin/ceph: stderr
2024-04-25T10:45:35.708+0000 7f0190ff9700 1 -- 172.21.15.19:0/716840344 <== mon.0 v2:172.21.15.19:3300/0 2 ==== config(26 keys) ==== 1101+0+0 (secure 0 0 0) 0x7f018401b8f0 con 0x7f019410a5f0
2024-04-25T10:45:36.481 INFO:teuthology.orchestra.run.smithi019.stdout:/usr/bin/ceph: stderr
2024-04-25T10:45:35.708+0000 7f0199d6d700 1 -- 172.21.15.19:0/716840344 --> [v2:172.21.15.19:3300/0,v1:172.21.15.19:6789/0] -- mon_subscribe({mgrmap=0+}) -- 0x7f019419e680 con 0x7f019410a5f0
2024-04-25T10:45:36.481 INFO:teuthology.orchestra.run.smithi019.stdout:/usr/bin/ceph: stderr
2024-04-25T10:45:35.708+0000 7f0190ff9700 1 -- 172.21.15.19:0/716840344 <== mon.0 v2:172.21.15.19:3300/0 3 ==== mon_map magic: 0 ==== 205+0+0 (secure 0 0 0) 0x7f0184023890 con 0x7f019410a5f0
2024-04-25T10:45:36.482 INFO:teuthology.orchestra.run.smithi019.stdout:/usr/bin/ceph: stderr
2024-04-25T10:45:35.708+0000 7f0199d6d700 1 -- 172.21.15.19:0/716840344 --> [v2:172.21.15.19:3300/0,v1:172.21.15.19:6789/0] -- mon_subscribe({osdmap=0}) -- 0x7f01941a1290 con 0x7f019410a5f0
2024-04-25T10:45:36.482 INFO:teuthology.orchestra.run.smithi019.stdout:/usr/bin/ceph: stderr
2024-04-25T10:45:35.709+0000 7f0190ff9700 1 -- 172.21.15.19:0/716840344 <== mon.0 v2:172.21.15.19:3300/0 4 ==== mgrmap(e 12) ==== 49529+0+0 (secure 0 0 0) 0x7f018402c3f0 con 0x7f019410a5f0
2024-04-25T10:45:36.482 INFO:teuthology.orchestra.run.smithi019.stdout:/usr/bin/ceph: stderr
2024-04-25T10:45:35.709+0000 7f0199d6d700 1 -- 172.21.15.19:0/716840344 --> [v2:172.21.15.19:3300/0,v1:172.21.15.19:6789/0] -- mon_command({"prefix": "get_command_descriptions"} v 0) -- 0x7f0194064cf0 con 0x7f019410a5f0
2024-04-25T10:45:36.482 INFO:teuthology.orchestra.run.smithi019.stdout:/usr/bin/ceph: stderr
2024-04-25T10:45:35.709+0000 7f0190ff9700 1 --2- 172.21.15.19:0/716840344 >> [v2:172.21.15.19:6800/1708221429,v1:172.21.15.19:6801/1708221429] conn(0x7f017c03d620 0x7f017c03fb30 unknown :-1 s=NONE pgs=0 cs=0 l=1 rev1=0 crypto rx=0 tx=0 comp rx=0 tx=0).connect
2024-04-25T10:45:36.482 INFO:teuthology.orchestra.run.smithi019.stdout:/usr/bin/ceph: stderr
2024-04-25T10:45:35.709+0000 7f0190ff9700 1 -- 172.21.15.19:0/716840344 <== mon.0 v2:172.21.15.19:3300/0 5 ==== osd_map(3..3 src has 1..3) ==== 1155+0+0 (secure 0 0 0) 0x7f0184052f20 con 0x7f019410a5f0
2024-04-25T10:45:36.482 INFO:teuthology.orchestra.run.smithi019.stdout:/usr/bin/ceph: stderr
2024-04-25T10:45:35.709+0000 7f0192ffd700 1 --2- 172.21.15.19:0/716840344 >> [v2:172.21.15.19:6800/1708221429,v1:172.21.15.19:6801/1708221429] conn(0x7f017c03d620 0x7f017c03fb30 unknown :-1 s=BANNER_CONNECTING pgs=0 cs=0 l=1 rev1=0 crypto rx=0 tx=0 comp rx=0 tx=0)._handle_peer_banner_payload supported=3 required=0
2024-04-25T10:45:36.482 INFO:teuthology.orchestra.run.smithi019.stdout:/usr/bin/ceph: stderr
2024-04-25T10:45:35.710+0000 7f0192ffd700 1 --2- 172.21.15.19:0/716840344 >> [v2:172.21.15.19:6800/1708221429,v1:172.21.15.19:6801/1708221429] conn(0x7f017c03d620 0x7f017c03fb30 secure :-1 s=READY pgs=9 cs=0 l=1 rev1=1 crypto rx=0x7f0188006fd0 tx=0x7f0188006e40 comp rx=0 tx=0).ready entity=mgr.14150 client_cookie=0 server_cookie=0 in_seq=0 out_seq=0
2024-04-25T10:45:36.482 INFO:teuthology.orchestra.run.smithi019.stdout:/usr/bin/ceph: stderr
2024-04-25T10:45:35.714+0000 7f0190ff9700 1 -- 172.21.15.19:0/716840344 <== mon.0 v2:172.21.15.19:3300/0 6 ==== mon_command_ack([{"prefix": "get_command_descriptions"}]=0 v0) ==== 72+0+188370 (secure 0 0 0) 0x7f018401f030 con 0x7f019410a5f0
2024-04-25T10:45:36.482 INFO:teuthology.orchestra.run.smithi019.stdout:/usr/bin/ceph: stderr
2024-04-25T10:45:35.923+0000 7f0199d6d700 1 -- 172.21.15.19:0/716840344 --> [v2:172.21.15.19:3300/0,v1:172.21.15.19:6789/0] -- mon_command({"prefix": "config get", "who": "mgr", "key": "mgr/dashboard/ssl_server_port"} v 0) -- 0x7f01941a1460 con 0x7f019410a5f0
2024-04-25T10:45:36.482 INFO:teuthology.orchestra.run.smithi019.stdout:/usr/bin/ceph: stderr
2024-04-25T10:45:35.924+0000 7f0190ff9700 1 -- 172.21.15.19:0/716840344 <== mon.0 v2:172.21.15.19:3300/0 7 ==== mon_command_ack([{"prefix": "config get", "who": "mgr", "key": "mgr/dashboard/ssl_server_port"}]=0 v8) ==== 112+0+5 (secure 0 0 0) 0x7f018401bda0 con 0x7f019410a5f0
2024-04-25T10:45:36.482 INFO:teuthology.orchestra.run.smithi019.stdout:/usr/bin/ceph: stderr
2024-04-25T10:45:35.926+0000 7f0199d6d700 1 -- 172.21.15.19:0/716840344 >> [v2:172.21.15.19:6800/1708221429,v1:172.21.15.19:6801/1708221429] conn(0x7f017c03d620 msgr2=0x7f017c03fb30 secure :-1 s=STATE_CONNECTION_ESTABLISHED l=1).mark_down
2024-04-25T10:45:36.483 INFO:teuthology.orchestra.run.smithi019.stdout:/usr/bin/ceph: stderr
2024-04-25T10:45:35.926+0000 7f0199d6d700 1 --2- 172.21.15.19:0/716840344 >> [v2:172.21.15.19:6800/1708221429,v1:172.21.15.19:6801/1708221429] conn(0x7f017c03d620 0x7f017c03fb30 secure :-1 s=READY pgs=9 cs=0 l=1 rev1=1 crypto rx=0x7f0188006fd0 tx=0x7f0188006e40 comp rx=0 tx=0).stop
2024-04-25T10:45:36.483 INFO:teuthology.orchestra.run.smithi019.stdout:/usr/bin/ceph: stderr
2024-04-25T10:45:35.926+0000 7f0199d6d700 1 -- 172.21.15.19:0/716840344 >> [v2:172.21.15.19:3300/0,v1:172.21.15.19:6789/0] conn(0x7f019410a5f0 msgr2=0x7f019419deb0 secure :-1 s=STATE_CONNECTION_ESTABLISHED l=1).mark_down
2024-04-25T10:45:36.483 INFO:teuthology.orchestra.run.smithi019.stdout:/usr/bin/ceph: stderr
2024-04-25T10:45:35.926+0000 7f0199d6d700 1 --2- 172.21.15.19:0/716840344 >> [v2:172.21.15.19:3300/0,v1:172.21.15.19:6789/0] conn(0x7f019410a5f0 0x7f019419deb0 secure :-1 s=READY pgs=73 cs=0 l=1 rev1=1 crypto rx=0x7f0184000c00 tx=0x7f0184011aa0 comp rx=0 tx=0).stop
2024-04-25T10:45:36.483 INFO:teuthology.orchestra.run.smithi019.stdout:/usr/bin/ceph: stderr
2024-04-25T10:45:35.926+0000 7f0199d6d700 1 -- 172.21.15.19:0/716840344 shutdown_connections
2024-04-25T10:45:36.483 INFO:teuthology.orchestra.run.smithi019.stdout:/usr/bin/ceph: stderr
