2024-04-25T10:45:35.926+0000 7f0199d6d700 1 --2- 172.21.15.19:0/716840344 >> [v2:172.21.15.19:6800/1708221429,v1:172.21.15.19:6801/1708221429] conn(0x7f017c03d620 0x7f017c03fb30 unknown :-1 s=CLOSED pgs=9 cs=0 l=1 rev1=1 crypto rx=0 tx=0 comp rx=0 tx=0).stop
2024-04-25T10:45:36.483 INFO:teuthology.orchestra.run.smithi019.stdout:/usr/bin/ceph: stderr
2024-04-25T10:45:35.926+0000 7f0199d6d700 1 --2- 172.21.15.19:0/716840344 >> [v2:172.21.15.19:3300/0,v1:172.21.15.19:6789/0] conn(0x7f019410a5f0 0x7f019419deb0 unknown :-1 s=CLOSED pgs=73 cs=0 l=1 rev1=1 crypto rx=0 tx=0 comp rx=0 tx=0).stop
2024-04-25T10:45:36.483 INFO:teuthology.orchestra.run.smithi019.stdout:/usr/bin/ceph: stderr
2024-04-25T10:45:35.926+0000 7f0199d6d700 1 -- 172.21.15.19:0/716840344 >> 172.21.15.19:0/716840344 conn(0x7f0194104090 msgr2=0x7f01941048a0 unknown :-1 s=STATE_NONE l=0).mark_down
2024-04-25T10:45:36.483 INFO:teuthology.orchestra.run.smithi019.stdout:/usr/bin/ceph: stderr
2024-04-25T10:45:35.926+0000 7f0199d6d700 1 -- 172.21.15.19:0/716840344 shutdown_connections
2024-04-25T10:45:36.483 INFO:teuthology.orchestra.run.smithi019.stdout:/usr/bin/ceph: stderr
2024-04-25T10:45:35.926+0000 7f0199d6d700 1 -- 172.21.15.19:0/716840344 wait complete.
2024-04-25T10:45:36.486 INFO:teuthology.orchestra.run.smithi019.stdout:Non-zero exit code 1 from systemctl is-enabled firewalld.service
2024-04-25T10:45:36.486 INFO:teuthology.orchestra.run.smithi019.stdout:systemctl: stdout disabled
2024-04-25T10:45:36.494 INFO:teuthology.orchestra.run.smithi019.stdout:Non-zero exit code 3 from systemctl is-active firewalld.service
2024-04-25T10:45:36.494 INFO:teuthology.orchestra.run.smithi019.stdout:systemctl: stdout inactive
2024-04-25T10:45:36.494 INFO:teuthology.orchestra.run.smithi019.stdout:firewalld.service is not enabled
2024-04-25T10:45:36.494 INFO:teuthology.orchestra.run.smithi019.stdout:Not possible to open ports <[8443]>. firewalld.service is not available
2024-04-25T10:45:36.495 INFO:teuthology.orchestra.run.smithi019.stdout:Ceph Dashboard is now available at:
2024-04-25T10:45:36.495 INFO:teuthology.orchestra.run.smithi019.stdout:
2024-04-25T10:45:36.496 INFO:teuthology.orchestra.run.smithi019.stdout: URL: https://smithi019:8443/
2024-04-25T10:45:36.496 INFO:teuthology.orchestra.run.smithi019.stdout: User: admin
2024-04-25T10:45:36.496 INFO:teuthology.orchestra.run.smithi019.stdout: Password: ufz3h1d3rf
2024-04-25T10:45:36.496 INFO:teuthology.orchestra.run.smithi019.stdout:
2024-04-25T10:45:36.496 INFO:teuthology.orchestra.run.smithi019.stdout:Saving cluster configuration to /var/lib/ceph/9e90b6fe-02f0-11ef-bc93-c7b262605968/config directory
2024-04-25T10:45:36.497 INFO:teuthology.orchestra.run.smithi019.stdout:Enabling autotune for osd_memory_target
2024-04-25T10:45:37.364 INFO:journalctl@ceph.mon.a.smithi019.stdout:Apr 25 10:45:37 smithi019 ceph-mon[29209]: mgrmap e13: x(active, since 6s)
2024-04-25T10:45:37.710 INFO:teuthology.orchestra.run.smithi019.stdout:/usr/bin/ceph: stderr
2024-04-25T10:45:36.905+0000 7f97eb6ca700 1 Processor -- start
2024-04-25T10:45:37.711 INFO:teuthology.orchestra.run.smithi019.stdout:/usr/bin/ceph: stderr
2024-04-25T10:45:36.905+0000 7f97eb6ca700 1 -- start start
2024-04-25T10:45:37.711 INFO:teuthology.orchestra.run.smithi019.stdout:/usr/bin/ceph: stderr
2024-04-25T10:45:36.905+0000 7f97eb6ca700 1 --2- >> [v2:172.21.15.19:3300/0,v1:172.21.15.19:6789/0] conn(0x7f97e410a5f0 0x7f97e410ca10 unknown :-1 s=NONE pgs=0 cs=0 l=0 rev1=0 crypto rx=0 tx=0 comp rx=0 tx=0).connect
2024-04-25T10:45:37.711 INFO:teuthology.orchestra.run.smithi019.stdout:/usr/bin/ceph: stderr
2024-04-25T10:45:36.905+0000 7f97eb6ca700 1 -- --> [v2:172.21.15.19:3300/0,v1:172.21.15.19:6789/0] -- mon_getmap magic: 0 -- 0x7f97e407d730 con 0x7f97e410a5f0
2024-04-25T10:45:37.711 INFO:teuthology.orchestra.run.smithi019.stdout:/usr/bin/ceph: stderr
2024-04-25T10:45:36.905+0000 7f97e9466700 1 --2- >> [v2:172.21.15.19:3300/0,v1:172.21.15.19:6789/0] conn(0x7f97e410a5f0 0x7f97e410ca10 unknown :-1 s=BANNER_CONNECTING pgs=0 cs=0 l=0 rev1=0 crypto rx=0 tx=0 comp rx=0 tx=0)._handle_peer_banner_payload supported=3 required=0
2024-04-25T10:45:37.711 INFO:teuthology.orchestra.run.smithi019.stdout:/usr/bin/ceph: stderr
2024-04-25T10:45:36.905+0000 7f97e9466700 1 --2- >> [v2:172.21.15.19:3300/0,v1:172.21.15.19:6789/0] conn(0x7f97e410a5f0 0x7f97e410ca10 unknown :-1 s=HELLO_CONNECTING pgs=0 cs=0 l=0 rev1=1 crypto rx=0 tx=0 comp rx=0 tx=0).handle_hello peer v2:172.21.15.19:3300/0 says I am v2:172.21.15.19:56068/0 (socket says 172.21.15.19:56068)
2024-04-25T10:45:37.711 INFO:teuthology.orchestra.run.smithi019.stdout:/usr/bin/ceph: stderr
2024-04-25T10:45:36.905+0000 7f97e9466700 1 -- 172.21.15.19:0/3526329005 learned_addr learned my addr 172.21.15.19:0/3526329005 (peer_addr_for_me v2:172.21.15.19:0/0)
2024-04-25T10:45:37.711 INFO:teuthology.orchestra.run.smithi019.stdout:/usr/bin/ceph: stderr
2024-04-25T10:45:36.906+0000 7f97e9466700 1 -- 172.21.15.19:0/3526329005 --> [v2:172.21.15.19:3300/0,v1:172.21.15.19:6789/0] -- mon_subscribe({config=0+,monmap=0+}) -- 0x7f97e410cf50 con 0x7f97e410a5f0
2024-04-25T10:45:37.711 INFO:teuthology.orchestra.run.smithi019.stdout:/usr/bin/ceph: stderr
2024-04-25T10:45:36.906+0000 7f97e9466700 1 --2- 172.21.15.19:0/3526329005 >> [v2:172.21.15.19:3300/0,v1:172.21.15.19:6789/0] conn(0x7f97e410a5f0 0x7f97e410ca10 secure :-1 s=READY pgs=74 cs=0 l=1 rev1=1 crypto rx=0x7f97e00098a0 tx=0x7f97e0009bb0 comp rx=0 tx=0).ready entity=mon.0 client_cookie=6681b09efee01c5a server_cookie=0 in_seq=0 out_seq=0
2024-04-25T10:45:37.711 INFO:teuthology.orchestra.run.smithi019.stdout:/usr/bin/ceph: stderr
2024-04-25T10:45:36.906+0000 7f97dbfff700 1 -- 172.21.15.19:0/3526329005 <== mon.0 v2:172.21.15.19:3300/0 1 ==== mon_map magic: 0 ==== 205+0+0 (secure 0 0 0) 0x7f97e0004160 con 0x7f97e410a5f0
2024-04-25T10:45:37.711 INFO:teuthology.orchestra.run.smithi019.stdout:/usr/bin/ceph: stderr
2024-04-25T10:45:36.906+0000 7f97dbfff700 1 -- 172.21.15.19:0/3526329005 <== mon.0 v2:172.21.15.19:3300/0 2 ==== config(26 keys) ==== 1101+0+0 (secure 0 0 0) 0x7f97e0004300 con 0x7f97e410a5f0
2024-04-25T10:45:37.711 INFO:teuthology.orchestra.run.smithi019.stdout:/usr/bin/ceph: stderr
2024-04-25T10:45:36.906+0000 7f97dbfff700 1 -- 172.21.15.19:0/3526329005 <== mon.0 v2:172.21.15.19:3300/0 3 ==== mon_map magic: 0 ==== 205+0+0 (secure 0 0 0) 0x7f97e0011a20 con 0x7f97e410a5f0
2024-04-25T10:45:37.712 INFO:teuthology.orchestra.run.smithi019.stdout:/usr/bin/ceph: stderr
2024-04-25T10:45:36.907+0000 7f97eb6ca700 1 -- 172.21.15.19:0/3526329005 >> [v2:172.21.15.19:3300/0,v1:172.21.15.19:6789/0] conn(0x7f97e410a5f0 msgr2=0x7f97e410ca10 secure :-1 s=STATE_CONNECTION_ESTABLISHED l=1).mark_down
2024-04-25T10:45:37.712 INFO:teuthology.orchestra.run.smithi019.stdout:/usr/bin/ceph: stderr
2024-04-25T10:45:36.907+0000 7f97eb6ca700 1 --2- 172.21.15.19:0/3526329005 >> [v2:172.21.15.19:3300/0,v1:172.21.15.19:6789/0] conn(0x7f97e410a5f0 0x7f97e410ca10 secure :-1 s=READY pgs=74 cs=0 l=1 rev1=1 crypto rx=0x7f97e00098a0 tx=0x7f97e0009bb0 comp rx=0 tx=0).stop
2024-04-25T10:45:37.712 INFO:teuthology.orchestra.run.smithi019.stdout:/usr/bin/ceph: stderr
2024-04-25T10:45:36.907+0000 7f97eb6ca700 1 -- 172.21.15.19:0/3526329005 shutdown_connections
2024-04-25T10:45:37.712 INFO:teuthology.orchestra.run.smithi019.stdout:/usr/bin/ceph: stderr
2024-04-25T10:45:36.907+0000 7f97eb6ca700 1 --2- 172.21.15.19:0/3526329005 >> [v2:172.21.15.19:3300/0,v1:172.21.15.19:6789/0] conn(0x7f97e410a5f0 0x7f97e410ca10 unknown :-1 s=CLOSED pgs=74 cs=0 l=1 rev1=1 crypto rx=0 tx=0 comp rx=0 tx=0).stop
2024-04-25T10:45:37.712 INFO:teuthology.orchestra.run.smithi019.stdout:/usr/bin/ceph: stderr
2024-04-25T10:45:36.907+0000 7f97eb6ca700 1 -- 172.21.15.19:0/3526329005 >> 172.21.15.19:0/3526329005 conn(0x7f97e4104090 msgr2=0x7f97e4106500 unknown :-1 s=STATE_NONE l=0).mark_down
2024-04-25T10:45:37.712 INFO:teuthology.orchestra.run.smithi019.stdout:/usr/bin/ceph: stderr
2024-04-25T10:45:36.907+0000 7f97eb6ca700 1 -- 172.21.15.19:0/3526329005 shutdown_connections
2024-04-25T10:45:37.712 INFO:teuthology.orchestra.run.smithi019.stdout:/usr/bin/ceph: stderr
2024-04-25T10:45:36.907+0000 7f97eb6ca700 1 -- 172.21.15.19:0/3526329005 wait complete.
2024-04-25T10:45:37.712 INFO:teuthology.orchestra.run.smithi019.stdout:/usr/bin/ceph: stderr
2024-04-25T10:45:36.908+0000 7f97eb6ca700 1 Processor -- start
2024-04-25T10:45:37.712 INFO:teuthology.orchestra.run.smithi019.stdout:/usr/bin/ceph: stderr
2024-04-25T10:45:36.908+0000 7f97eb6ca700 1 -- start start
2024-04-25T10:45:37.712 INFO:teuthology.orchestra.run.smithi019.stdout:/usr/bin/ceph: stderr
2024-04-25T10:45:36.908+0000 7f97eb6ca700 1 --2- >> [v2:172.21.15.19:3300/0,v1:172.21.15.19:6789/0] conn(0x7f97e410a5f0 0x7f97e419deb0 unknown :-1 s=NONE pgs=0 cs=0 l=1 rev1=0 crypto rx=0 tx=0 comp rx=0 tx=0).connect
2024-04-25T10:45:37.712 INFO:teuthology.orchestra.run.smithi019.stdout:/usr/bin/ceph: stderr
2024-04-25T10:45:36.908+0000 7f97eb6ca700 1 -- --> [v2:172.21.15.19:3300/0,v1:172.21.15.19:6789/0] -- mon_getmap magic: 0 -- 0x7f97e410df50 con 0x7f97e410a5f0
2024-04-25T10:45:37.712 INFO:teuthology.orchestra.run.smithi019.stdout:/usr/bin/ceph: stderr
2024-04-25T10:45:36.908+0000 7f97e9466700 1 --2- >> [v2:172.21.15.19:3300/0,v1:172.21.15.19:6789/0] conn(0x7f97e410a5f0 0x7f97e419deb0 unknown :-1 s=BANNER_CONNECTING pgs=0 cs=0 l=1 rev1=0 crypto rx=0 tx=0 comp rx=0 tx=0)._handle_peer_banner_payload supported=3 required=0
2024-04-25T10:45:37.712 INFO:teuthology.orchestra.run.smithi019.stdout:/usr/bin/ceph: stderr
2024-04-25T10:45:36.908+0000 7f97e9466700 1 --2- >> [v2:172.21.15.19:3300/0,v1:172.21.15.19:6789/0] conn(0x7f97e410a5f0 0x7f97e419deb0 unknown :-1 s=HELLO_CONNECTING pgs=0 cs=0 l=1 rev1=1 crypto rx=0 tx=0 comp rx=0 tx=0).handle_hello peer v2:172.21.15.19:3300/0 says I am v2:172.21.15.19:56084/0 (socket says 172.21.15.19:56084)
2024-04-25T10:45:37.713 INFO:teuthology.orchestra.run.smithi019.stdout:/usr/bin/ceph: stderr
2024-04-25T10:45:36.908+0000 7f97e9466700 1 -- 172.21.15.19:0/3076619757 learned_addr learned my addr 172.21.15.19:0/3076619757 (peer_addr_for_me v2:172.21.15.19:0/0)
2024-04-25T10:45:37.713 INFO:teuthology.orchestra.run.smithi019.stdout:/usr/bin/ceph: stderr
2024-04-25T10:45:36.908+0000 7f97e9466700 1 -- 172.21.15.19:0/3076619757 --> [v2:172.21.15.19:3300/0,v1:172.21.15.19:6789/0] -- mon_subscribe({config=0+,monmap=0+}) -- 0x7f97e419e3f0 con 0x7f97e410a5f0
2024-04-25T10:45:37.713 INFO:teuthology.orchestra.run.smithi019.stdout:/usr/bin/ceph: stderr
2024-04-25T10:45:36.909+0000 7f97e9466700 1 --2- 172.21.15.19:0/3076619757 >> [v2:172.21.15.19:3300/0,v1:172.21.15.19:6789/0] conn(0x7f97e410a5f0 0x7f97e419deb0 secure :-1 s=READY pgs=75 cs=0 l=1 rev1=1 crypto rx=0x7f97e00119f0 tx=0x7f97e0011ad0 comp rx=0 tx=0).ready entity=mon.0 client_cookie=0 server_cookie=0 in_seq=0 out_seq=0
2024-04-25T10:45:37.713 INFO:teuthology.orchestra.run.smithi019.stdout:/usr/bin/ceph: stderr
2024-04-25T10:45:36.909+0000 7f97da7fc700 1 -- 172.21.15.19:0/3076619757 <== mon.0 v2:172.21.15.19:3300/0 1 ==== mon_map magic: 0 ==== 205+0+0 (secure 0 0 0) 0x7f97e00039e0 con 0x7f97e410a5f0
2024-04-25T10:45:37.713 INFO:teuthology.orchestra.run.smithi019.stdout:/usr/bin/ceph: stderr
2024-04-25T10:45:36.909+0000 7f97eb6ca700 1 -- 172.21.15.19:0/3076619757 --> [v2:172.21.15.19:3300/0,v1:172.21.15.19:6789/0] -- mon_subscribe({mgrmap=0+}) -- 0x7f97e419e680 con 0x7f97e410a5f0
2024-04-25T10:45:37.713 INFO:teuthology.orchestra.run.smithi019.stdout:/usr/bin/ceph: stderr
2024-04-25T10:45:36.909+0000 7f97da7fc700 1 -- 172.21.15.19:0/3076619757 <== mon.0 v2:172.21.15.19:3300/0 2 ==== config(26 keys) ==== 1101+0+0 (secure 0 0 0) 0x7f97e001b8f0 con 0x7f97e410a5f0
2024-04-25T10:45:37.713 INFO:teuthology.orchestra.run.smithi019.stdout:/usr/bin/ceph: stderr
2024-04-25T10:45:36.909+0000 7f97da7fc700 1 -- 172.21.15.19:0/3076619757 <== mon.0 v2:172.21.15.19:3300/0 3 ==== mon_map magic: 0 ==== 205+0+0 (secure 0 0 0) 0x7f97e00237a0 con 0x7f97e410a5f0
2024-04-25T10:45:37.713 INFO:teuthology.orchestra.run.smithi019.stdout:/usr/bin/ceph: stderr
2024-04-25T10:45:36.909+0000 7f97eb6ca700 1 -- 172.21.15.19:0/3076619757 --> [v2:172.21.15.19:3300/0,v1:172.21.15.19:6789/0] -- mon_subscribe({osdmap=0}) -- 0x7f97e41a1290 con 0x7f97e410a5f0
2024-04-25T10:45:37.713 INFO:teuthology.orchestra.run.smithi019.stdout:/usr/bin/ceph: stderr
2024-04-25T10:45:36.910+0000 7f97eb6ca700 1 -- 172.21.15.19:0/3076619757 --> [v2:172.21.15.19:3300/0,v1:172.21.15.19:6789/0] -- mon_command({"prefix": "get_command_descriptions"} v 0) -- 0x7f97e4064cf0 con 0x7f97e410a5f0
2024-04-25T10:45:37.713 INFO:teuthology.orchestra.run.smithi019.stdout:/usr/bin/ceph: stderr
2024-04-25T10:45:36.910+0000 7f97da7fc700 1 -- 172.21.15.19:0/3076619757 <== mon.0 v2:172.21.15.19:3300/0 4 ==== mgrmap(e 13) ==== 49572+0+0 (secure 0 0 0) 0x7f97e0023aa0 con 0x7f97e410a5f0
2024-04-25T10:45:37.713 INFO:teuthology.orchestra.run.smithi019.stdout:/usr/bin/ceph: stderr
2024-04-25T10:45:36.910+0000 7f97da7fc700 1 --2- 172.21.15.19:0/3076619757 >> [v2:172.21.15.19:6800/1708221429,v1:172.21.15.19:6801/1708221429] conn(0x7f97d003d610 0x7f97d003fb20 unknown :-1 s=NONE pgs=0 cs=0 l=1 rev1=0 crypto rx=0 tx=0 comp rx=0 tx=0).connect
2024-04-25T10:45:37.713 INFO:teuthology.orchestra.run.smithi019.stdout:/usr/bin/ceph: stderr
2024-04-25T10:45:36.910+0000 7f97da7fc700 1 -- 172.21.15.19:0/3076619757 <== mon.0 v2:172.21.15.19:3300/0 5 ==== osd_map(3..3 src has 1..3) ==== 1155+0+0 (secure 0 0 0) 0x7f97e0052e50 con 0x7f97e410a5f0
2024-04-25T10:45:37.713 INFO:teuthology.orchestra.run.smithi019.stdout:/usr/bin/ceph: stderr
2024-04-25T10:45:36.910+0000 7f97e8c65700 1 --2- 172.21.15.19:0/3076619757 >> [v2:172.21.15.19:6800/1708221429,v1:172.21.15.19:6801/1708221429] conn(0x7f97d003d610 0x7f97d003fb20 unknown :-1 s=BANNER_CONNECTING pgs=0 cs=0 l=1 rev1=0 crypto rx=0 tx=0 comp rx=0 tx=0)._handle_peer_banner_payload supported=3 required=0
2024-04-25T10:45:37.714 INFO:teuthology.orchestra.run.smithi019.stdout:/usr/bin/ceph: stderr
2024-04-25T10:45:36.911+0000 7f97e8c65700 1 --2- 172.21.15.19:0/3076619757 >> [v2:172.21.15.19:6800/1708221429,v1:172.21.15.19:6801/1708221429] conn(0x7f97d003d610 0x7f97d003fb20 secure :-1 s=READY pgs=10 cs=0 l=1 rev1=1 crypto rx=0x7f97d4006fd0 tx=0x7f97d4006e40 comp rx=0 tx=0).ready entity=mgr.14150 client_cookie=0 server_cookie=0 in_seq=0 out_seq=0
2024-04-25T10:45:37.714 INFO:teuthology.orchestra.run.smithi019.stdout:/usr/bin/ceph: stderr
2024-04-25T10:45:36.915+0000 7f97da7fc700 1 -- 172.21.15.19:0/3076619757 <== mon.0 v2:172.21.15.19:3300/0 6 ==== mon_command_ack([{"prefix": "get_command_descriptions"}]=0 v0) ==== 72+0+188370 (secure 0 0 0) 0x7f97e001f030 con 0x7f97e410a5f0
2024-04-25T10:45:37.714 INFO:teuthology.orchestra.run.smithi019.stdout:/usr/bin/ceph: stderr
2024-04-25T10:45:37.120+0000 7f97eb6ca700 1 -- 172.21.15.19:0/3076619757 --> [v2:172.21.15.19:3300/0,v1:172.21.15.19:6789/0] -- mon_command([{prefix=config set, name=osd_memory_target_autotune}] v 0) -- 0x7f97e41a1460 con 0x7f97e410a5f0
2024-04-25T10:45:37.714 INFO:teuthology.orchestra.run.smithi019.stdout:/usr/bin/ceph: stderr
2024-04-25T10:45:37.121+0000 7f97da7fc700 1 -- 172.21.15.19:0/3076619757 <== mon.0 v2:172.21.15.19:3300/0 7 ==== mon_command_ack([{prefix=config set, name=osd_memory_target_autotune}]=0 v8)=0 v8) ==== 127+0+0 (secure 0 0 0) 0x7f97e0017e90 con 0x7f97e410a5f0
2024-04-25T10:45:37.714 INFO:teuthology.orchestra.run.smithi019.stdout:/usr/bin/ceph: stderr
2024-04-25T10:45:37.123+0000 7f97eb6ca700 1 -- 172.21.15.19:0/3076619757 >> [v2:172.21.15.19:6800/1708221429,v1:172.21.15.19:6801/1708221429] conn(0x7f97d003d610 msgr2=0x7f97d003fb20 secure :-1 s=STATE_CONNECTION_ESTABLISHED l=1).mark_down
2024-04-25T10:45:37.714 INFO:teuthology.orchestra.run.smithi019.stdout:/usr/bin/ceph: stderr
2024-04-25T10:45:37.123+0000 7f97eb6ca700 1 --2- 172.21.15.19:0/3076619757 >> [v2:172.21.15.19:6800/1708221429,v1:172.21.15.19:6801/1708221429] conn(0x7f97d003d610 0x7f97d003fb20 secure :-1 s=READY pgs=10 cs=0 l=1 rev1=1 crypto rx=0x7f97d4006fd0 tx=0x7f97d4006e40 comp rx=0 tx=0).stop
2024-04-25T10:45:37.714 INFO:teuthology.orchestra.run.smithi019.stdout:/usr/bin/ceph: stderr
2024-04-25T10:45:37.123+0000 7f97eb6ca700 1 -- 172.21.15.19:0/3076619757 >> [v2:172.21.15.19:3300/0,v1:172.21.15.19:6789/0] conn(0x7f97e410a5f0 msgr2=0x7f97e419deb0 secure :-1 s=STATE_CONNECTION_ESTABLISHED l=1).mark_down
2024-04-25T10:45:37.714 INFO:teuthology.orchestra.run.smithi019.stdout:/usr/bin/ceph: stderr
2024-04-25T10:45:37.123+0000 7f97eb6ca700 1 --2- 172.21.15.19:0/3076619757 >> [v2:172.21.15.19:3300/0,v1:172.21.15.19:6789/0] conn(0x7f97e410a5f0 0x7f97e419deb0 secure :-1 s=READY pgs=75 cs=0 l=1 rev1=1 crypto rx=0x7f97e00119f0 tx=0x7f97e0011ad0 comp rx=0 tx=0).stop
2024-04-25T10:45:37.714 INFO:teuthology.orchestra.run.smithi019.stdout:/usr/bin/ceph: stderr
2024-04-25T10:45:37.123+0000 7f97eb6ca700 1 -- 172.21.15.19:0/3076619757 shutdown_connections
2024-04-25T10:45:37.714 INFO:teuthology.orchestra.run.smithi019.stdout:/usr/bin/ceph: stderr
2024-04-25T10:45:37.123+0000 7f97eb6ca700 1 --2- 172.21.15.19:0/3076619757 >> [v2:172.21.15.19:6800/1708221429,v1:172.21.15.19:6801/1708221429] conn(0x7f97d003d610 0x7f97d003fb20 unknown :-1 s=CLOSED pgs=10 cs=0 l=1 rev1=1 crypto rx=0 tx=0 comp rx=0 tx=0).stop
2024-04-25T10:45:37.714 INFO:teuthology.orchestra.run.smithi019.stdout:/usr/bin/ceph: stderr
2024-04-25T10:45:37.123+0000 7f97eb6ca700 1 --2- 172.21.15.19:0/3076619757 >> [v2:172.21.15.19:3300/0,v1:172.21.15.19:6789/0] conn(0x7f97e410a5f0 0x7f97e419deb0 unknown :-1 s=CLOSED pgs=75 cs=0 l=1 rev1=1 crypto rx=0 tx=0 comp rx=0 tx=0).stop
2024-04-25T10:45:37.714 INFO:teuthology.orchestra.run.smithi019.stdout:/usr/bin/ceph: stderr
2024-04-25T10:45:37.123+0000 7f97eb6ca700 1 -- 172.21.15.19:0/3076619757 >> 172.21.15.19:0/3076619757 conn(0x7f97e4104090 msgr2=0x7f97e41048a0 unknown :-1 s=STATE_NONE l=0).mark_down
2024-04-25T10:45:37.714 INFO:teuthology.orchestra.run.smithi019.stdout:/usr/bin/ceph: stderr
2024-04-25T10:45:37.123+0000 7f97eb6ca700 1 -- 172.21.15.19:0/3076619757 shutdown_connections
2024-04-25T10:45:37.715 INFO:teuthology.orchestra.run.smithi019.stdout:/usr/bin/ceph: stderr
2024-04-25T10:45:37.123+0000 7f97eb6ca700 1 -- 172.21.15.19:0/3076619757 wait complete.
2024-04-25T10:45:39.068 INFO:teuthology.orchestra.run.smithi019.stdout:/usr/bin/ceph: stderr
2024-04-25T10:45:38.159+0000 7f24e43de700 1 Processor -- start
2024-04-25T10:45:39.068 INFO:teuthology.orchestra.run.smithi019.stdout:/usr/bin/ceph: stderr
2024-04-25T10:45:38.159+0000 7f24e43de700 1 -- start start
2024-04-25T10:45:39.068 INFO:teuthology.orchestra.run.smithi019.stdout:/usr/bin/ceph: stderr
2024-04-25T10:45:38.159+0000 7f24e43de700 1 --2- >> [v2:172.21.15.19:3300/0,v1:172.21.15.19:6789/0] conn(0x7f24dc109aa0 0x7f24dc109eb0 unknown :-1 s=NONE pgs=0 cs=0 l=0 rev1=0 crypto rx=0 tx=0 comp rx=0 tx=0).connect
2024-04-25T10:45:39.068 INFO:teuthology.orchestra.run.smithi019.stdout:/usr/bin/ceph: stderr
2024-04-25T10:45:38.159+0000 7f24e43de700 1 -- --> [v2:172.21.15.19:3300/0,v1:172.21.15.19:6789/0] -- mon_getmap magic: 0 -- 0x7f24dc10a4a0 con 0x7f24dc109aa0
2024-04-25T10:45:39.068 INFO:teuthology.orchestra.run.smithi019.stdout:/usr/bin/ceph: stderr
2024-04-25T10:45:38.159+0000 7f24e217a700 1 --2- >> [v2:172.21.15.19:3300/0,v1:172.21.15.19:6789/0] conn(0x7f24dc109aa0 0x7f24dc109eb0 unknown :-1 s=BANNER_CONNECTING pgs=0 cs=0 l=0 rev1=0 crypto rx=0 tx=0 comp rx=0 tx=0)._handle_peer_banner_payload supported=3 required=0
2024-04-25T10:45:39.068 INFO:teuthology.orchestra.run.smithi019.stdout:/usr/bin/ceph: stderr
2024-04-25T10:45:38.159+0000 7f24e217a700 1 --2- >> [v2:172.21.15.19:3300/0,v1:172.21.15.19:6789/0] conn(0x7f24dc109aa0 0x7f24dc109eb0 unknown :-1 s=HELLO_CONNECTING pgs=0 cs=0 l=0 rev1=1 crypto rx=0 tx=0 comp rx=0 tx=0).handle_hello peer v2:172.21.15.19:3300/0 says I am v2:172.21.15.19:56088/0 (socket says 172.21.15.19:56088)
2024-04-25T10:45:39.068 INFO:teuthology.orchestra.run.smithi019.stdout:/usr/bin/ceph: stderr
2024-04-25T10:45:38.159+0000 7f24e217a700 1 -- 172.21.15.19:0/3288629198 learned_addr learned my addr 172.21.15.19:0/3288629198 (peer_addr_for_me v2:172.21.15.19:0/0)
2024-04-25T10:45:39.069 INFO:teuthology.orchestra.run.smithi019.stdout:/usr/bin/ceph: stderr
2024-04-25T10:45:38.160+0000 7f24e217a700 1 -- 172.21.15.19:0/3288629198 --> [v2:172.21.15.19:3300/0,v1:172.21.15.19:6789/0] -- mon_subscribe({config=0+,monmap=0+}) -- 0x7f24dc10ac70 con 0x7f24dc109aa0
2024-04-25T10:45:39.069 INFO:teuthology.orchestra.run.smithi019.stdout:/usr/bin/ceph: stderr
2024-04-25T10:45:38.160+0000 7f24e217a700 1 --2- 172.21.15.19:0/3288629198 >> [v2:172.21.15.19:3300/0,v1:172.21.15.19:6789/0] conn(0x7f24dc109aa0 0x7f24dc109eb0 secure :-1 s=READY pgs=76 cs=0 l=1 rev1=1 crypto rx=0x7f24d80098a0 tx=0x7f24d8009bb0 comp rx=0 tx=0).ready entity=mon.0 client_cookie=8de783f17d731569 server_cookie=0 in_seq=0 out_seq=0
2024-04-25T10:45:39.069 INFO:teuthology.orchestra.run.smithi019.stdout:/usr/bin/ceph: stderr
2024-04-25T10:45:38.160+0000 7f24e1178700 1 -- 172.21.15.19:0/3288629198 <== mon.0 v2:172.21.15.19:3300/0 1 ==== mon_map magic: 0 ==== 205+0+0 (secure 0 0 0) 0x7f24d8004160 con 0x7f24dc109aa0
2024-04-25T10:45:39.069 INFO:teuthology.orchestra.run.smithi019.stdout:/usr/bin/ceph: stderr
2024-04-25T10:45:38.160+0000 7f24e1178700 1 -- 172.21.15.19:0/3288629198 <== mon.0 v2:172.21.15.19:3300/0 2 ==== config(26 keys) ==== 1101+0+0 (secure 0 0 0) 0x7f24d8004300 con 0x7f24dc109aa0
2024-04-25T10:45:39.069 INFO:teuthology.orchestra.run.smithi019.stdout:/usr/bin/ceph: stderr
2024-04-25T10:45:38.160+0000 7f24e1178700 1 -- 172.21.15.19:0/3288629198 <== mon.0 v2:172.21.15.19:3300/0 3 ==== mon_map magic: 0 ==== 205+0+0 (secure 0 0 0) 0x7f24d8011a20 con 0x7f24dc109aa0
2024-04-25T10:45:39.069 INFO:teuthology.orchestra.run.smithi019.stdout:/usr/bin/ceph: stderr
2024-04-25T10:45:38.161+0000 7f24e43de700 1 -- 172.21.15.19:0/3288629198 >> [v2:172.21.15.19:3300/0,v1:172.21.15.19:6789/0] conn(0x7f24dc109aa0 msgr2=0x7f24dc109eb0 secure :-1 s=STATE_CONNECTION_ESTABLISHED l=1).mark_down
2024-04-25T10:45:39.069 INFO:teuthology.orchestra.run.smithi019.stdout:/usr/bin/ceph: stderr
2024-04-25T10:45:38.161+0000 7f24e43de700 1 --2- 172.21.15.19:0/3288629198 >> [v2:172.21.15.19:3300/0,v1:172.21.15.19:6789/0] conn(0x7f24dc109aa0 0x7f24dc109eb0 secure :-1 s=READY pgs=76 cs=0 l=1 rev1=1 crypto rx=0x7f24d80098a0 tx=0x7f24d8009bb0 comp rx=0 tx=0).stop
2024-04-25T10:45:39.069 INFO:teuthology.orchestra.run.smithi019.stdout:/usr/bin/ceph: stderr
2024-04-25T10:45:38.161+0000 7f24e43de700 1 -- 172.21.15.19:0/3288629198 shutdown_connections
2024-04-25T10:45:39.069 INFO:teuthology.orchestra.run.smithi019.stdout:/usr/bin/ceph: stderr
2024-04-25T10:45:38.161+0000 7f24e43de700 1 --2- 172.21.15.19:0/3288629198 >> [v2:172.21.15.19:3300/0,v1:172.21.15.19:6789/0] conn(0x7f24dc109aa0 0x7f24dc109eb0 unknown :-1 s=CLOSED pgs=76 cs=0 l=1 rev1=1 crypto rx=0 tx=0 comp rx=0 tx=0).stop
2024-04-25T10:45:39.069 INFO:teuthology.orchestra.run.smithi019.stdout:/usr/bin/ceph: stderr
2024-04-25T10:45:38.161+0000 7f24e43de700 1 -- 172.21.15.19:0/3288629198 >> 172.21.15.19:0/3288629198 conn(0x7f24dc1050c0 msgr2=0x7f24dc107590 unknown :-1 s=STATE_NONE l=0).mark_down
2024-04-25T10:45:39.069 INFO:teuthology.orchestra.run.smithi019.stdout:/usr/bin/ceph: stderr
2024-04-25T10:45:38.161+0000 7f24e43de700 1 -- 172.21.15.19:0/3288629198 shutdown_connections
2024-04-25T10:45:39.069 INFO:teuthology.orchestra.run.smithi019.stdout:/usr/bin/ceph: stderr
2024-04-25T10:45:38.161+0000 7f24e43de700 1 -- 172.21.15.19:0/3288629198 wait complete.
2024-04-25T10:45:39.070 INFO:teuthology.orchestra.run.smithi019.stdout:/usr/bin/ceph: stderr
2024-04-25T10:45:38.162+0000 7f24e43de700 1 Processor -- start
2024-04-25T10:45:39.070 INFO:teuthology.orchestra.run.smithi019.stdout:/usr/bin/ceph: stderr
2024-04-25T10:45:38.162+0000 7f24e43de700 1 -- start start
2024-04-25T10:45:39.070 INFO:teuthology.orchestra.run.smithi019.stdout:/usr/bin/ceph: stderr
2024-04-25T10:45:38.162+0000 7f24e43de700 1 --2- >> [v2:172.21.15.19:3300/0,v1:172.21.15.19:6789/0] conn(0x7f24dc109aa0 0x7f24dc07ea90 unknown :-1 s=NONE pgs=0 cs=0 l=1 rev1=0 crypto rx=0 tx=0 comp rx=0 tx=0).connect
2024-04-25T10:45:39.070 INFO:teuthology.orchestra.run.smithi019.stdout:/usr/bin/ceph: stderr
2024-04-25T10:45:38.162+0000 7f24e43de700 1 -- --> [v2:172.21.15.19:3300/0,v1:172.21.15.19:6789/0] -- mon_getmap magic: 0 -- 0x7f24dc10e020 con 0x7f24dc109aa0
2024-04-25T10:45:39.070 INFO:teuthology.orchestra.run.smithi019.stdout:/usr/bin/ceph: stderr
2024-04-25T10:45:38.162+0000 7f24e217a700 1 --2- >> [v2:172.21.15.19:3300/0,v1:172.21.15.19:6789/0] conn(0x7f24dc109aa0 0x7f24dc07ea90 unknown :-1 s=BANNER_CONNECTING pgs=0 cs=0 l=1 rev1=0 crypto rx=0 tx=0 comp rx=0 tx=0)._handle_peer_banner_payload supported=3 required=0
2024-04-25T10:45:39.070 INFO:teuthology.orchestra.run.smithi019.stdout:/usr/bin/ceph: stderr
2024-04-25T10:45:38.162+0000 7f24e217a700 1 --2- >> [v2:172.21.15.19:3300/0,v1:172.21.15.19:6789/0] conn(0x7f24dc109aa0 0x7f24dc07ea90 unknown :-1 s=HELLO_CONNECTING pgs=0 cs=0 l=1 rev1=1 crypto rx=0 tx=0 comp rx=0 tx=0).handle_hello peer v2:172.21.15.19:3300/0 says I am v2:172.21.15.19:56090/0 (socket says 172.21.15.19:56090)
2024-04-25T10:45:39.070 INFO:teuthology.orchestra.run.smithi019.stdout:/usr/bin/ceph: stderr
2024-04-25T10:45:38.162+0000 7f24e217a700 1 -- 172.21.15.19:0/3104287408 learned_addr learned my addr 172.21.15.19:0/3104287408 (peer_addr_for_me v2:172.21.15.19:0/0)
2024-04-25T10:45:39.070 INFO:teuthology.orchestra.run.smithi019.stdout:/usr/bin/ceph: stderr
2024-04-25T10:45:38.162+0000 7f24e217a700 1 -- 172.21.15.19:0/3104287408 --> [v2:172.21.15.19:3300/0,v1:172.21.15.19:6789/0] -- mon_subscribe({config=0+,monmap=0+}) -- 0x7f24dc07efd0 con 0x7f24dc109aa0
2024-04-25T10:45:39.070 INFO:teuthology.orchestra.run.smithi019.stdout:/usr/bin/ceph: stderr
2024-04-25T10:45:38.163+0000 7f24e217a700 1 --2- 172.21.15.19:0/3104287408 >> [v2:172.21.15.19:3300/0,v1:172.21.15.19:6789/0] conn(0x7f24dc109aa0 0x7f24dc07ea90 secure :-1 s=READY pgs=77 cs=0 l=1 rev1=1 crypto rx=0x7f24d8009130 tx=0x7f24d8011aa0 comp rx=0 tx=0).ready entity=mon.0 client_cookie=0 server_cookie=0 in_seq=0 out_seq=0
2024-04-25T10:45:39.070 INFO:teuthology.orchestra.run.smithi019.stdout:/usr/bin/ceph: stderr
2024-04-25T10:45:38.163+0000 7f24d37fe700 1 -- 172.21.15.19:0/3104287408 <== mon.0 v2:172.21.15.19:3300/0 1 ==== mon_map magic: 0 ==== 205+0+0 (secure 0 0 0) 0x7f24d8003aa0 con 0x7f24dc109aa0
2024-04-25T10:45:39.070 INFO:teuthology.orchestra.run.smithi019.stdout:/usr/bin/ceph: stderr
2024-04-25T10:45:38.163+0000 7f24d37fe700 1 -- 172.21.15.19:0/3104287408 <== mon.0 v2:172.21.15.19:3300/0 2 ==== config(26 keys) ==== 1101+0+0 (secure 0 0 0) 0x7f24d801a8e0 con 0x7f24dc109aa0
2024-04-25T10:45:39.071 INFO:teuthology.orchestra.run.smithi019.stdout:/usr/bin/ceph: stderr
2024-04-25T10:45:38.163+0000 7f24e43de700 1 -- 172.21.15.19:0/3104287408 --> [v2:172.21.15.19:3300/0,v1:172.21.15.19:6789/0] -- mon_subscribe({mgrmap=0+}) -- 0x7f24dc07d220 con 0x7f24dc109aa0
2024-04-25T10:45:39.071 INFO:teuthology.orchestra.run.smithi019.stdout:/usr/bin/ceph: stderr
2024-04-25T10:45:38.163+0000 7f24d37fe700 1 -- 172.21.15.19:0/3104287408 <== mon.0 v2:172.21.15.19:3300/0 3 ==== mon_map magic: 0 ==== 205+0+0 (secure 0 0 0) 0x7f24d80248f0 con 0x7f24dc109aa0
2024-04-25T10:45:39.071 INFO:teuthology.orchestra.run.smithi019.stdout:/usr/bin/ceph: stderr
2024-04-25T10:45:38.163+0000 7f24e43de700 1 -- 172.21.15.19:0/3104287408 --> [v2:172.21.15.19:3300/0,v1:172.21.15.19:6789/0] -- mon_subscribe({osdmap=0}) -- 0x7f24dc07d700 con 0x7f24dc109aa0
2024-04-25T10:45:39.071 INFO:teuthology.orchestra.run.smithi019.stdout:/usr/bin/ceph: stderr
2024-04-25T10:45:38.164+0000 7f24e43de700 1 -- 172.21.15.19:0/3104287408 --> [v2:172.21.15.19:3300/0,v1:172.21.15.19:6789/0] -- mon_command({"prefix": "get_command_descriptions"} v 0) -- 0x7f24dc064cf0 con 0x7f24dc109aa0
2024-04-25T10:45:39.071 INFO:teuthology.orchestra.run.smithi019.stdout:/usr/bin/ceph: stderr
2024-04-25T10:45:38.164+0000 7f24d37fe700 1 -- 172.21.15.19:0/3104287408 <== mon.0 v2:172.21.15.19:3300/0 4 ==== mgrmap(e 13) ==== 49572+0+0 (secure 0 0 0) 0x7f24d8022020 con 0x7f24dc109aa0
2024-04-25T10:45:39.071 INFO:teuthology.orchestra.run.smithi019.stdout:/usr/bin/ceph: stderr
2024-04-25T10:45:38.164+0000 7f24d37fe700 1 --2- 172.21.15.19:0/3104287408 >> [v2:172.21.15.19:6800/1708221429,v1:172.21.15.19:6801/1708221429] conn(0x7f24c803d6c0 0x7f24c803fbd0 unknown :-1 s=NONE pgs=0 cs=0 l=1 rev1=0 crypto rx=0 tx=0 comp rx=0 tx=0).connect
2024-04-25T10:45:39.071 INFO:teuthology.orchestra.run.smithi019.stdout:/usr/bin/ceph: stderr
2024-04-25T10:45:38.164+0000 7f24d37fe700 1 -- 172.21.15.19:0/3104287408 <== mon.0 v2:172.21.15.19:3300/0 5 ==== osd_map(3..3 src has 1..3) ==== 1155+0+0 (secure 0 0 0) 0x7f24d8052870 con 0x7f24dc109aa0
2024-04-25T10:45:39.071 INFO:teuthology.orchestra.run.smithi019.stdout:/usr/bin/ceph: stderr
2024-04-25T10:45:38.164+0000 7f24e1979700 1 --2- 172.21.15.19:0/3104287408 >> [v2:172.21.15.19:6800/1708221429,v1:172.21.15.19:6801/1708221429] conn(0x7f24c803d6c0 0x7f24c803fbd0 unknown :-1 s=BANNER_CONNECTING pgs=0 cs=0 l=1 rev1=0 crypto rx=0 tx=0 comp rx=0 tx=0)._handle_peer_banner_payload supported=3 required=0
2024-04-25T10:45:39.071 INFO:teuthology.orchestra.run.smithi019.stdout:/usr/bin/ceph: stderr
2024-04-25T10:45:38.165+0000 7f24e1979700 1 --2- 172.21.15.19:0/3104287408 >> [v2:172.21.15.19:6800/1708221429,v1:172.21.15.19:6801/1708221429] conn(0x7f24c803d6c0 0x7f24c803fbd0 secure :-1 s=READY pgs=11 cs=0 l=1 rev1=1 crypto rx=0x7f24cc006fd0 tx=0x7f24cc006e40 comp rx=0 tx=0).ready entity=mgr.14150 client_cookie=0 server_cookie=0 in_seq=0 out_seq=0
2024-04-25T10:45:39.071 INFO:teuthology.orchestra.run.smithi019.stdout:/usr/bin/ceph: stderr
2024-04-25T10:45:38.169+0000 7f24d37fe700 1 -- 172.21.15.19:0/3104287408 <== mon.0 v2:172.21.15.19:3300/0 6 ==== mon_command_ack([{"prefix": "get_command_descriptions"}]=0 v0) ==== 72+0+188370 (secure 0 0 0) 0x7f24d80172b0 con 0x7f24dc109aa0
2024-04-25T10:45:39.071 INFO:teuthology.orchestra.run.smithi019.stdout:/usr/bin/ceph: stderr
2024-04-25T10:45:38.492+0000 7f24e43de700 1 -- 172.21.15.19:0/3104287408 --> [v2:172.21.15.19:3300/0,v1:172.21.15.19:6789/0] -- mon_command([{prefix=config-key set, key=mgr/dashboard/cluster/status}] v 0) -- 0x7f24dc07ddb0 con 0x7f24dc109aa0
2024-04-25T10:45:39.071 INFO:teuthology.orchestra.run.smithi019.stdout:/usr/bin/ceph: stderr
2024-04-25T10:45:38.495+0000 7f24d37fe700 1 -- 172.21.15.19:0/3104287408 <== mon.0 v2:172.21.15.19:3300/0 7 ==== mon_command_ack([{prefix=config-key set, key=mgr/dashboard/cluster/status}]=0 set mgr/dashboard/cluster/status v28)=0 set mgr/dashboard/cluster/status v28) ==== 153+0+0 (secure 0 0 0) 0x7f24d800fdd0 con 0x7f24dc109aa0
2024-04-25T10:45:39.072 INFO:teuthology.orchestra.run.smithi019.stdout:/usr/bin/ceph: stderr
2024-04-25T10:45:38.497+0000 7f24e43de700 1 -- 172.21.15.19:0/3104287408 >> [v2:172.21.15.19:6800/1708221429,v1:172.21.15.19:6801/1708221429] conn(0x7f24c803d6c0 msgr2=0x7f24c803fbd0 secure :-1 s=STATE_CONNECTION_ESTABLISHED l=1).mark_down
2024-04-25T10:45:39.072 INFO:teuthology.orchestra.run.smithi019.stdout:/usr/bin/ceph: stderr
2024-04-25T10:45:38.497+0000 7f24e43de700 1 --2- 172.21.15.19:0/3104287408 >> [v2:172.21.15.19:6800/1708221429,v1:172.21.15.19:6801/1708221429] conn(0x7f24c803d6c0 0x7f24c803fbd0 secure :-1 s=READY pgs=11 cs=0 l=1 rev1=1 crypto rx=0x7f24cc006fd0 tx=0x7f24cc006e40 comp rx=0 tx=0).stop
2024-04-25T10:45:39.072 INFO:teuthology.orchestra.run.smithi019.stdout:/usr/bin/ceph: stderr
2024-04-25T10:45:38.497+0000 7f24e43de700 1 -- 172.21.15.19:0/3104287408 >> [v2:172.21.15.19:3300/0,v1:172.21.15.19:6789/0] conn(0x7f24dc109aa0 msgr2=0x7f24dc07ea90 secure :-1 s=STATE_CONNECTION_ESTABLISHED l=1).mark_down
2024-04-25T10:45:39.072 INFO:teuthology.orchestra.run.smithi019.stdout:/usr/bin/ceph: stderr
2024-04-25T10:45:38.497+0000 7f24e43de700 1 --2- 172.21.15.19:0/3104287408 >> [v2:172.21.15.19:3300/0,v1:172.21.15.19:6789/0] conn(0x7f24dc109aa0 0x7f24dc07ea90 secure :-1 s=READY pgs=77 cs=0 l=1 rev1=1 crypto rx=0x7f24d8009130 tx=0x7f24d8011aa0 comp rx=0 tx=0).stop
2024-04-25T10:45:39.072 INFO:teuthology.orchestra.run.smithi019.stdout:/usr/bin/ceph: stderr
2024-04-25T10:45:38.497+0000 7f24e43de700 1 -- 172.21.15.19:0/3104287408 shutdown_connections
2024-04-25T10:45:39.072 INFO:teuthology.orchestra.run.smithi019.stdout:/usr/bin/ceph: stderr
2024-04-25T10:45:38.497+0000 7f24e43de700 1 --2- 172.21.15.19:0/3104287408 >> [v2:172.21.15.19:6800/1708221429,v1:172.21.15.19:6801/1708221429] conn(0x7f24c803d6c0 0x7f24c803fbd0 unknown :-1 s=CLOSED pgs=11 cs=0 l=1 rev1=1 crypto rx=0 tx=0 comp rx=0 tx=0).stop
2024-04-25T10:45:39.072 INFO:teuthology.orchestra.run.smithi019.stdout:/usr/bin/ceph: stderr
2024-04-25T10:45:38.497+0000 7f24e43de700 1 --2- 172.21.15.19:0/3104287408 >> [v2:172.21.15.19:3300/0,v1:172.21.15.19:6789/0] conn(0x7f24dc109aa0 0x7f24dc07ea90 unknown :-1 s=CLOSED pgs=77 cs=0 l=1 rev1=1 crypto rx=0 tx=0 comp rx=0 tx=0).stop
2024-04-25T10:45:39.072 INFO:teuthology.orchestra.run.smithi019.stdout:/usr/bin/ceph: stderr
2024-04-25T10:45:38.497+0000 7f24e43de700 1 -- 172.21.15.19:0/3104287408 >> 172.21.15.19:0/3104287408 conn(0x7f24dc1050c0 msgr2=0x7f24dc1059a0 unknown :-1 s=STATE_NONE l=0).mark_down
2024-04-25T10:45:39.072 INFO:teuthology.orchestra.run.smithi019.stdout:/usr/bin/ceph: stderr
2024-04-25T10:45:38.497+0000 7f24e43de700 1 -- 172.21.15.19:0/3104287408 shutdown_connections
2024-04-25T10:45:39.072 INFO:teuthology.orchestra.run.smithi019.stdout:/usr/bin/ceph: stderr
2024-04-25T10:45:38.497+0000 7f24e43de700 1 -- 172.21.15.19:0/3104287408 wait complete.
2024-04-25T10:45:39.072 INFO:teuthology.orchestra.run.smithi019.stdout:/usr/bin/ceph: stderr set mgr/dashboard/cluster/status
2024-04-25T10:45:39.072 INFO:teuthology.orchestra.run.smithi019.stdout:You can access the Ceph CLI as following in case of multi-cluster or non-default config:
2024-04-25T10:45:39.073 INFO:teuthology.orchestra.run.smithi019.stdout:
2024-04-25T10:45:39.073 INFO:teuthology.orchestra.run.smithi019.stdout: sudo /home/ubuntu/cephtest/cephadm shell --fsid 9e90b6fe-02f0-11ef-bc93-c7b262605968 -c /etc/ceph/ceph.conf -k /etc/ceph/ceph.client.admin.keyring
2024-04-25T10:45:39.073 INFO:teuthology.orchestra.run.smithi019.stdout:
2024-04-25T10:45:39.073 INFO:teuthology.orchestra.run.smithi019.stdout:Or, if you are only running a single cluster on this host:
2024-04-25T10:45:39.073 INFO:teuthology.orchestra.run.smithi019.stdout:
2024-04-25T10:45:39.073 INFO:teuthology.orchestra.run.smithi019.stdout: sudo /home/ubuntu/cephtest/cephadm shell
2024-04-25T10:45:39.073 INFO:teuthology.orchestra.run.smithi019.stdout:
2024-04-25T10:45:39.073 INFO:teuthology.orchestra.run.smithi019.stdout:Please consider enabling telemetry to help improve Ceph:
2024-04-25T10:45:39.073 INFO:teuthology.orchestra.run.smithi019.stdout:
2024-04-25T10:45:39.073 INFO:teuthology.orchestra.run.smithi019.stdout: ceph telemetry on
2024-04-25T10:45:39.073 INFO:teuthology.orchestra.run.smithi019.stdout:
2024-04-25T10:45:39.073 INFO:teuthology.orchestra.run.smithi019.stdout:For more information see:
2024-04-25T10:45:39.073 INFO:teuthology.orchestra.run.smithi019.stdout:
2024-04-25T10:45:39.074 INFO:teuthology.orchestra.run.smithi019.stdout: https://docs.ceph.com/en/latest/mgr/telemetry/
2024-04-25T10:45:39.074 INFO:teuthology.orchestra.run.smithi019.stdout:
2024-04-25T10:45:39.074 INFO:teuthology.orchestra.run.smithi019.stdout:Bootstrap complete.
2024-04-25T10:45:39.109 INFO:tasks.cephadm:Fetching config...
2024-04-25T10:45:39.109 DEBUG:teuthology.orchestra.run.smithi019:> set -ex
2024-04-25T10:45:39.109 DEBUG:teuthology.orchestra.run.smithi019:> dd if=/etc/ceph/ceph.conf of=/dev/stdout
2024-04-25T10:45:39.126 INFO:tasks.cephadm:Fetching client.admin keyring...
2024-04-25T10:45:39.126 DEBUG:teuthology.orchestra.run.smithi019:> set -ex
2024-04-25T10:45:39.127 DEBUG:teuthology.orchestra.run.smithi019:> dd if=/etc/ceph/ceph.client.admin.keyring of=/dev/stdout
2024-04-25T10:45:39.182 INFO:tasks.cephadm:Fetching mon keyring...
2024-04-25T10:45:39.183 DEBUG:teuthology.orchestra.run.smithi019:> set -ex
2024-04-25T10:45:39.183 DEBUG:teuthology.orchestra.run.smithi019:> sudo dd if=/var/lib/ceph/9e90b6fe-02f0-11ef-bc93-c7b262605968/mon.a/keyring of=/dev/stdout
2024-04-25T10:45:39.248 INFO:tasks.cephadm:Fetching pub ssh key...
2024-04-25T10:45:39.248 DEBUG:teuthology.orchestra.run.smithi019:> set -ex
2024-04-25T10:45:39.248 DEBUG:teuthology.orchestra.run.smithi019:> dd if=/home/ubuntu/cephtest/ceph.pub of=/dev/stdout
2024-04-25T10:45:39.304 INFO:tasks.cephadm:Installing pub ssh key for root users...
2024-04-25T10:45:39.305 DEBUG:teuthology.orchestra.run.smithi019:> sudo install -d -m 0700 /root/.ssh && echo 'ssh-rsa AAAAB3NzaC1yc2EAAAADAQABAAABgQC5TcSToHXiFVXiYzVcuvkcLgItB3dWrb1V0rJG4MZIzJGxLOJmSo6LNENmNtMf1+p0lz2uT2Vi79zSz0P3MlGDGw1nZsnbyyKP4OZeMA8Kb1tAuuFj3U4rLgN2UNpYEZIOTLb5zPNaMeK8TQ6XYXuBfLYCISfuGpk7uFZFPZr449diyQusEB/5cFW+hSxhS+VlKb2cP6dhCNLFdcQZrpWcrFgSPadPhI5vsPpi61K73enA60F/C15fuoC6z2D+u/QoV7z3ztJ+CGBw1J0amkrLLHRbxHhUv/mkW+GpzKAArNNet+bfvf/rrJ11Lzz/U1a56jYfP5/B89tFTviLpnUVeuyGcravpvr+ar5CmQduzXd4tWmbJW6VSs6PsrTwa9jZMcc/nHzxdokvWNjjX4jv8dgEdWQqfGi6tlWW6w8c/HNRIKzSDRqM8okqph9KV/5S0PJ+K+0i6o0fGmQ6cT2cH6LBgJ4CGcv+m88+RisBK01jff8nvduwaS1+Rc8NufU= ceph-9e90b6fe-02f0-11ef-bc93-c7b262605968' | sudo tee -a /root/.ssh/authorized_keys && sudo chmod 0600 /root/.ssh/authorized_keys
2024-04-25T10:45:39.391 INFO:teuthology.orchestra.run.smithi019.stdout:ssh-rsa AAAAB3NzaC1yc2EAAAADAQABAAABgQC5TcSToHXiFVXiYzVcuvkcLgItB3dWrb1V0rJG4MZIzJGxLOJmSo6LNENmNtMf1+p0lz2uT2Vi79zSz0P3MlGDGw1nZsnbyyKP4OZeMA8Kb1tAuuFj3U4rLgN2UNpYEZIOTLb5zPNaMeK8TQ6XYXuBfLYCISfuGpk7uFZFPZr449diyQusEB/5cFW+hSxhS+VlKb2cP6dhCNLFdcQZrpWcrFgSPadPhI5vsPpi61K73enA60F/C15fuoC6z2D+u/QoV7z3ztJ+CGBw1J0amkrLLHRbxHhUv/mkW+GpzKAArNNet+bfvf/rrJ11Lzz/U1a56jYfP5/B89tFTviLpnUVeuyGcravpvr+ar5CmQduzXd4tWmbJW6VSs6PsrTwa9jZMcc/nHzxdokvWNjjX4jv8dgEdWQqfGi6tlWW6w8c/HNRIKzSDRqM8okqph9KV/5S0PJ+K+0i6o0fGmQ6cT2cH6LBgJ4CGcv+m88+RisBK01jff8nvduwaS1+Rc8NufU= ceph-9e90b6fe-02f0-11ef-bc93-c7b262605968
2024-04-25T10:45:39.403 DEBUG:teuthology.orchestra.run.smithi112:> sudo install -d -m 0700 /root/.ssh && echo 'ssh-rsa AAAAB3NzaC1yc2EAAAADAQABAAABgQC5TcSToHXiFVXiYzVcuvkcLgItB3dWrb1V0rJG4MZIzJGxLOJmSo6LNENmNtMf1+p0lz2uT2Vi79zSz0P3MlGDGw1nZsnbyyKP4OZeMA8Kb1tAuuFj3U4rLgN2UNpYEZIOTLb5zPNaMeK8TQ6XYXuBfLYCISfuGpk7uFZFPZr449diyQusEB/5cFW+hSxhS+VlKb2cP6dhCNLFdcQZrpWcrFgSPadPhI5vsPpi61K73enA60F/C15fuoC6z2D+u/QoV7z3ztJ+CGBw1J0amkrLLHRbxHhUv/mkW+GpzKAArNNet+bfvf/rrJ11Lzz/U1a56jYfP5/B89tFTviLpnUVeuyGcravpvr+ar5CmQduzXd4tWmbJW6VSs6PsrTwa9jZMcc/nHzxdokvWNjjX4jv8dgEdWQqfGi6tlWW6w8c/HNRIKzSDRqM8okqph9KV/5S0PJ+K+0i6o0fGmQ6cT2cH6LBgJ4CGcv+m88+RisBK01jff8nvduwaS1+Rc8NufU= ceph-9e90b6fe-02f0-11ef-bc93-c7b262605968' | sudo tee -a /root/.ssh/authorized_keys && sudo chmod 0600 /root/.ssh/authorized_keys
2024-04-25T10:45:39.441 INFO:teuthology.orchestra.run.smithi112.stdout:ssh-rsa AAAAB3NzaC1yc2EAAAADAQABAAABgQC5TcSToHXiFVXiYzVcuvkcLgItB3dWrb1V0rJG4MZIzJGxLOJmSo6LNENmNtMf1+p0lz2uT2Vi79zSz0P3MlGDGw1nZsnbyyKP4OZeMA8Kb1tAuuFj3U4rLgN2UNpYEZIOTLb5zPNaMeK8TQ6XYXuBfLYCISfuGpk7uFZFPZr449diyQusEB/5cFW+hSxhS+VlKb2cP6dhCNLFdcQZrpWcrFgSPadPhI5vsPpi61K73enA60F/C15fuoC6z2D+u/QoV7z3ztJ+CGBw1J0amkrLLHRbxHhUv/mkW+GpzKAArNNet+bfvf/rrJ11Lzz/U1a56jYfP5/B89tFTviLpnUVeuyGcravpvr+ar5CmQduzXd4tWmbJW6VSs6PsrTwa9jZMcc/nHzxdokvWNjjX4jv8dgEdWQqfGi6tlWW6w8c/HNRIKzSDRqM8okqph9KV/5S0PJ+K+0i6o0fGmQ6cT2cH6LBgJ4CGcv+m88+RisBK01jff8nvduwaS1+Rc8NufU= ceph-9e90b6fe-02f0-11ef-bc93-c7b262605968
2024-04-25T10:45:39.453 DEBUG:teuthology.orchestra.run.smithi169:> sudo install -d -m 0700 /root/.ssh && echo 'ssh-rsa AAAAB3NzaC1yc2EAAAADAQABAAABgQC5TcSToHXiFVXiYzVcuvkcLgItB3dWrb1V0rJG4MZIzJGxLOJmSo6LNENmNtMf1+p0lz2uT2Vi79zSz0P3MlGDGw1nZsnbyyKP4OZeMA8Kb1tAuuFj3U4rLgN2UNpYEZIOTLb5zPNaMeK8TQ6XYXuBfLYCISfuGpk7uFZFPZr449diyQusEB/5cFW+hSxhS+VlKb2cP6dhCNLFdcQZrpWcrFgSPadPhI5vsPpi61K73enA60F/C15fuoC6z2D+u/QoV7z3ztJ+CGBw1J0amkrLLHRbxHhUv/mkW+GpzKAArNNet+bfvf/rrJ11Lzz/U1a56jYfP5/B89tFTviLpnUVeuyGcravpvr+ar5CmQduzXd4tWmbJW6VSs6PsrTwa9jZMcc/nHzxdokvWNjjX4jv8dgEdWQqfGi6tlWW6w8c/HNRIKzSDRqM8okqph9KV/5S0PJ+K+0i6o0fGmQ6cT2cH6LBgJ4CGcv+m88+RisBK01jff8nvduwaS1+Rc8NufU= ceph-9e90b6fe-02f0-11ef-bc93-c7b262605968' | sudo tee -a /root/.ssh/authorized_keys && sudo chmod 0600 /root/.ssh/authorized_keys
2024-04-25T10:45:39.492 INFO:teuthology.orchestra.run.smithi169.stdout:ssh-rsa AAAAB3NzaC1yc2EAAAADAQABAAABgQC5TcSToHXiFVXiYzVcuvkcLgItB3dWrb1V0rJG4MZIzJGxLOJmSo6LNENmNtMf1+p0lz2uT2Vi79zSz0P3MlGDGw1nZsnbyyKP4OZeMA8Kb1tAuuFj3U4rLgN2UNpYEZIOTLb5zPNaMeK8TQ6XYXuBfLYCISfuGpk7uFZFPZr449diyQusEB/5cFW+hSxhS+VlKb2cP6dhCNLFdcQZrpWcrFgSPadPhI5vsPpi61K73enA60F/C15fuoC6z2D+u/QoV7z3ztJ+CGBw1J0amkrLLHRbxHhUv/mkW+GpzKAArNNet+bfvf/rrJ11Lzz/U1a56jYfP5/B89tFTviLpnUVeuyGcravpvr+ar5CmQduzXd4tWmbJW6VSs6PsrTwa9jZMcc/nHzxdokvWNjjX4jv8dgEdWQqfGi6tlWW6w8c/HNRIKzSDRqM8okqph9KV/5S0PJ+K+0i6o0fGmQ6cT2cH6LBgJ4CGcv+m88+RisBK01jff8nvduwaS1+Rc8NufU= ceph-9e90b6fe-02f0-11ef-bc93-c7b262605968
2024-04-25T10:45:39.504 DEBUG:teuthology.orchestra.run.smithi019:> sudo /home/ubuntu/cephtest/cephadm --image quay-quay-quay.apps.os.sepia.ceph.com/ceph-ci/ceph:994e2f20102a20fa9a27966c14b625cc01884df8 shell -c /etc/ceph/ceph.conf -k /etc/ceph/ceph.client.admin.keyring --fsid 9e90b6fe-02f0-11ef-bc93-c7b262605968 -- ceph config set mgr mgr/cephadm/allow_ptrace true
2024-04-25T10:45:39.748 INFO:teuthology.orchestra.run.smithi019.stderr:Inferring config /var/lib/ceph/9e90b6fe-02f0-11ef-bc93-c7b262605968/mon.a/config
2024-04-25T10:45:39.862 INFO:journalctl@ceph.mon.a.smithi019.stdout:Apr 25 10:45:39 smithi019 ceph-mon[29209]: from='client.? 172.21.15.19:0/3104287408' entity='client.admin'
2024-04-25T10:45:41.903 INFO:teuthology.orchestra.run.smithi019.stderr:2024-04-25T10:45:41.901+0000 7f2e14e5c700 1 -- 172.21.15.19:0/2461564786 >> [v2:172.21.15.19:3300/0,v1:172.21.15.19:6789/0] conn(0x7f2e10102980 msgr2=0x7f2e10102d90 secure :-1 s=STATE_CONNECTION_ESTABLISHED l=1).mark_down
2024-04-25T10:45:41.903 INFO:teuthology.orchestra.run.smithi019.stderr:2024-04-25T10:45:41.901+0000 7f2e14e5c700 1 --2- 172.21.15.19:0/2461564786 >> [v2:172.21.15.19:3300/0,v1:172.21.15.19:6789/0] conn(0x7f2e10102980 0x7f2e10102d90 secure :-1 s=READY pgs=78 cs=0 l=1 rev1=1 crypto rx=0x7f2e00009910 tx=0x7f2e00009c20 comp rx=0 tx=0).stop
2024-04-25T10:45:41.903 INFO:teuthology.orchestra.run.smithi019.stderr:2024-04-25T10:45:41.901+0000 7f2e14e5c700 1 -- 172.21.15.19:0/2461564786 shutdown_connections
2024-04-25T10:45:41.903 INFO:teuthology.orchestra.run.smithi019.stderr:2024-04-25T10:45:41.901+0000 7f2e14e5c700 1 --2- 172.21.15.19:0/2461564786 >> [v2:172.21.15.19:3300/0,v1:172.21.15.19:6789/0] conn(0x7f2e10102980 0x7f2e10102d90 unknown :-1 s=CLOSED pgs=78 cs=0 l=1 rev1=1 crypto rx=0 tx=0 comp rx=0 tx=0).stop
2024-04-25T10:45:41.903 INFO:teuthology.orchestra.run.smithi019.stderr:2024-04-25T10:45:41.901+0000 7f2e14e5c700 1 -- 172.21.15.19:0/2461564786 >> 172.21.15.19:0/2461564786 conn(0x7f2e100fdfe0 msgr2=0x7f2e10100470 unknown :-1 s=STATE_NONE l=0).mark_down
2024-04-25T10:45:41.903 INFO:teuthology.orchestra.run.smithi019.stderr:2024-04-25T10:45:41.901+0000 7f2e14e5c700 1 -- 172.21.15.19:0/2461564786 shutdown_connections
2024-04-25T10:45:41.903 INFO:teuthology.orchestra.run.smithi019.stderr:2024-04-25T10:45:41.901+0000 7f2e14e5c700 1 -- 172.21.15.19:0/2461564786 wait complete.
2024-04-25T10:45:41.905 INFO:teuthology.orchestra.run.smithi019.stderr:2024-04-25T10:45:41.902+0000 7f2e14e5c700 1 Processor -- start
2024-04-25T10:45:41.905 INFO:teuthology.orchestra.run.smithi019.stderr:2024-04-25T10:45:41.902+0000 7f2e14e5c700 1 -- start start
2024-04-25T10:45:41.905 INFO:teuthology.orchestra.run.smithi019.stderr:2024-04-25T10:45:41.902+0000 7f2e14e5c700 1 --2- >> [v2:172.21.15.19:3300/0,v1:172.21.15.19:6789/0] conn(0x7f2e10102980 0x7f2e10198490 unknown :-1 s=NONE pgs=0 cs=0 l=1 rev1=0 crypto rx=0 tx=0 comp rx=0 tx=0).connect
2024-04-25T10:45:41.905 INFO:teuthology.orchestra.run.smithi019.stderr:2024-04-25T10:45:41.902+0000 7f2e14e5c700 1 -- --> [v2:172.21.15.19:3300/0,v1:172.21.15.19:6789/0] -- mon_getmap magic: 0 -- 0x7f2e10108940 con 0x7f2e10102980
2024-04-25T10:45:41.905 INFO:teuthology.orchestra.run.smithi019.stderr:2024-04-25T10:45:41.902+0000 7f2e0e59c700 1 --2- >> [v2:172.21.15.19:3300/0,v1:172.21.15.19:6789/0] conn(0x7f2e10102980 0x7f2e10198490 unknown :-1 s=BANNER_CONNECTING pgs=0 cs=0 l=1 rev1=0 crypto rx=0 tx=0 comp rx=0 tx=0)._handle_peer_banner_payload supported=3 required=0
2024-04-25T10:45:41.905 INFO:teuthology.orchestra.run.smithi019.stderr:2024-04-25T10:45:41.902+0000 7f2e0e59c700 1 --2- >> [v2:172.21.15.19:3300/0,v1:172.21.15.19:6789/0] conn(0x7f2e10102980 0x7f2e10198490 unknown :-1 s=HELLO_CONNECTING pgs=0 cs=0 l=1 rev1=1 crypto rx=0 tx=0 comp rx=0 tx=0).handle_hello peer v2:172.21.15.19:3300/0 says I am v2:172.21.15.19:56108/0 (socket says 172.21.15.19:56108)
2024-04-25T10:45:41.905 INFO:teuthology.orchestra.run.smithi019.stderr:2024-04-25T10:45:41.902+0000 7f2e0e59c700 1 -- 172.21.15.19:0/1494318099 learned_addr learned my addr 172.21.15.19:0/1494318099 (peer_addr_for_me v2:172.21.15.19:0/0)
2024-04-25T10:45:41.905 INFO:teuthology.orchestra.run.smithi019.stderr:2024-04-25T10:45:41.902+0000 7f2e0e59c700 1 -- 172.21.15.19:0/1494318099 --> [v2:172.21.15.19:3300/0,v1:172.21.15.19:6789/0] -- mon_subscribe({config=0+,monmap=0+}) -- 0x7f2e101989d0 con 0x7f2e10102980
2024-04-25T10:45:41.906 INFO:teuthology.orchestra.run.smithi019.stderr:2024-04-25T10:45:41.903+0000 7f2e0e59c700 1 --2- 172.21.15.19:0/1494318099 >> [v2:172.21.15.19:3300/0,v1:172.21.15.19:6789/0] conn(0x7f2e10102980 0x7f2e10198490 secure :-1 s=READY pgs=79 cs=0 l=1 rev1=1 crypto rx=0x7f2e000057d0 tx=0x7f2e00005800 comp rx=0 tx=0).ready entity=mon.0 client_cookie=0 server_cookie=0 in_seq=0 out_seq=0
2024-04-25T10:45:41.906 INFO:teuthology.orchestra.run.smithi019.stderr:2024-04-25T10:45:41.903+0000 7f2dff7fe700 1 -- 172.21.15.19:0/1494318099 <== mon.0 v2:172.21.15.19:3300/0 1 ==== mon_map magic: 0 ==== 205+0+0 (secure 0 0 0) 0x7f2e00027070 con 0x7f2e10102980
2024-04-25T10:45:41.906 INFO:teuthology.orchestra.run.smithi019.stderr:2024-04-25T10:45:41.903+0000 7f2dff7fe700 1 -- 172.21.15.19:0/1494318099 <== mon.0 v2:172.21.15.19:3300/0 2 ==== config(26 keys) ==== 1101+0+0 (secure 0 0 0) 0x7f2e0000be10 con 0x7f2e10102980
2024-04-25T10:45:41.906 INFO:teuthology.orchestra.run.smithi019.stderr:2024-04-25T10:45:41.903+0000 7f2e14e5c700 1 -- 172.21.15.19:0/1494318099 --> [v2:172.21.15.19:3300/0,v1:172.21.15.19:6789/0] -- mon_subscribe({mgrmap=0+}) -- 0x7f2e10198c60 con 0x7f2e10102980
2024-04-25T10:45:41.906 INFO:teuthology.orchestra.run.smithi019.stderr:2024-04-25T10:45:41.903+0000 7f2dff7fe700 1 -- 172.21.15.19:0/1494318099 <== mon.0 v2:172.21.15.19:3300/0 3 ==== mon_map magic: 0 ==== 205+0+0 (secure 0 0 0) 0x7f2e00022dd0 con 0x7f2e10102980
2024-04-25T10:45:41.906 INFO:teuthology.orchestra.run.smithi019.stderr:2024-04-25T10:45:41.903+0000 7f2e14e5c700 1 -- 172.21.15.19:0/1494318099 --> [v2:172.21.15.19:3300/0,v1:172.21.15.19:6789/0] -- mon_subscribe({osdmap=0}) -- 0x7f2e1019b870 con 0x7f2e10102980
2024-04-25T10:45:41.907 INFO:teuthology.orchestra.run.smithi019.stderr:2024-04-25T10:45:41.904+0000 7f2dff7fe700 1 -- 172.21.15.19:0/1494318099 <== mon.0 v2:172.21.15.19:3300/0 4 ==== mgrmap(e 13) ==== 49572+0+0 (secure 0 0 0) 0x7f2e0002a070 con 0x7f2e10102980
2024-04-25T10:45:41.907 INFO:teuthology.orchestra.run.smithi019.stderr:2024-04-25T10:45:41.904+0000 7f2e14e5c700 1 -- 172.21.15.19:0/1494318099 --> [v2:172.21.15.19:3300/0,v1:172.21.15.19:6789/0] -- mon_command({"prefix": "get_command_descriptions"} v 0) -- 0x7f2e101090c0 con 0x7f2e10102980
2024-04-25T10:45:41.907 INFO:teuthology.orchestra.run.smithi019.stderr:2024-04-25T10:45:41.904+0000 7f2dff7fe700 1 --2- 172.21.15.19:0/1494318099 >> [v2:172.21.15.19:6800/1708221429,v1:172.21.15.19:6801/1708221429] conn(0x7f2df803d610 0x7f2df803fb20 unknown :-1 s=NONE pgs=0 cs=0 l=1 rev1=0 crypto rx=0 tx=0 comp rx=0 tx=0).connect
2024-04-25T10:45:41.907 INFO:teuthology.orchestra.run.smithi019.stderr:2024-04-25T10:45:41.904+0000 7f2dff7fe700 1 -- 172.21.15.19:0/1494318099 <== mon.0 v2:172.21.15.19:3300/0 5 ==== osd_map(3..3 src has 1..3) ==== 1155+0+0 (secure 0 0 0) 0x7f2e0001e030 con 0x7f2e10102980
2024-04-25T10:45:41.907 INFO:teuthology.orchestra.run.smithi019.stderr:2024-04-25T10:45:41.905+0000 7f2e0dd9b700 1 --2- 172.21.15.19:0/1494318099 >> [v2:172.21.15.19:6800/1708221429,v1:172.21.15.19:6801/1708221429] conn(0x7f2df803d610 0x7f2df803fb20 unknown :-1 s=BANNER_CONNECTING pgs=0 cs=0 l=1 rev1=0 crypto rx=0 tx=0 comp rx=0 tx=0)._handle_peer_banner_payload supported=3 required=0
2024-04-25T10:45:41.907 INFO:teuthology.orchestra.run.smithi019.stderr:2024-04-25T10:45:41.905+0000 7f2e0dd9b700 1 --2- 172.21.15.19:0/1494318099 >> [v2:172.21.15.19:6800/1708221429,v1:172.21.15.19:6801/1708221429] conn(0x7f2df803d610 0x7f2df803fb20 secure :-1 s=READY pgs=12 cs=0 l=1 rev1=1 crypto rx=0x7f2e04006fd0 tx=0x7f2e04006e40 comp rx=0 tx=0).ready entity=mgr.14150 client_cookie=0 server_cookie=0 in_seq=0 out_seq=0
2024-04-25T10:45:41.911 INFO:teuthology.orchestra.run.smithi019.stderr:2024-04-25T10:45:41.910+0000 7f2dff7fe700 1 -- 172.21.15.19:0/1494318099 <== mon.0 v2:172.21.15.19:3300/0 6 ==== mon_command_ack([{"prefix": "get_command_descriptions"}]=0 v0) ==== 72+0+188370 (secure 0 0 0) 0x7f2e00013070 con 0x7f2e10102980
2024-04-25T10:45:42.128 INFO:teuthology.orchestra.run.smithi019.stderr:2024-04-25T10:45:42.127+0000 7f2e14e5c700 1 -- 172.21.15.19:0/1494318099 --> [v2:172.21.15.19:3300/0,v1:172.21.15.19:6789/0] -- mon_command([{prefix=config set, name=mgr/cephadm/allow_ptrace}] v 0) -- 0x7f2e1002e620 con 0x7f2e10102980
