2024-04-25T10:45:23.245 INFO:teuthology.orchestra.run.smithi019.stdout:/usr/bin/ceph: stderr
2024-04-25T10:45:22.589+0000 7fcf9cff9700 1 -- 172.21.15.19:0/3880981806 <== mon.0 v2:172.21.15.19:3300/0 8 ==== mgrmap(e 9) ==== 49529+0+0 (secure 0 0 0) 0x7fcf98024cb0 con 0x7fcfa0108980
2024-04-25T10:45:23.245 INFO:teuthology.orchestra.run.smithi019.stdout:/usr/bin/ceph: stderr
2024-04-25T10:45:22.590+0000 7fcfa5ac8700 1 -- 172.21.15.19:0/3880981806 >> [v2:172.21.15.19:6800/1932674296,v1:172.21.15.19:6801/1932674296] conn(0x7fcf8c03d520 msgr2=0x7fcf8c03fa30 secure :-1 s=STATE_CONNECTION_ESTABLISHED l=1).mark_down
2024-04-25T10:45:23.245 INFO:teuthology.orchestra.run.smithi019.stdout:/usr/bin/ceph: stderr
2024-04-25T10:45:22.590+0000 7fcfa5ac8700 1 --2- 172.21.15.19:0/3880981806 >> [v2:172.21.15.19:6800/1932674296,v1:172.21.15.19:6801/1932674296] conn(0x7fcf8c03d520 0x7fcf8c03fa30 secure :-1 s=READY pgs=16 cs=0 l=1 rev1=1 crypto rx=0x7fcf88006fd0 tx=0x7fcf88006e40 comp rx=0 tx=0).stop
2024-04-25T10:45:23.245 INFO:teuthology.orchestra.run.smithi019.stdout:/usr/bin/ceph: stderr
2024-04-25T10:45:22.590+0000 7fcfa5ac8700 1 -- 172.21.15.19:0/3880981806 >> [v2:172.21.15.19:3300/0,v1:172.21.15.19:6789/0] conn(0x7fcfa0108980 msgr2=0x7fcfa0106120 secure :-1 s=STATE_CONNECTION_ESTABLISHED l=1).mark_down
2024-04-25T10:45:23.245 INFO:teuthology.orchestra.run.smithi019.stdout:/usr/bin/ceph: stderr
2024-04-25T10:45:22.590+0000 7fcfa5ac8700 1 --2- 172.21.15.19:0/3880981806 >> [v2:172.21.15.19:3300/0,v1:172.21.15.19:6789/0] conn(0x7fcfa0108980 0x7fcfa0106120 secure :-1 s=READY pgs=54 cs=0 l=1 rev1=1 crypto rx=0x7fcf98009e50 tx=0x7fcf9800bd50 comp rx=0 tx=0).stop
2024-04-25T10:45:23.245 INFO:teuthology.orchestra.run.smithi019.stdout:/usr/bin/ceph: stderr
2024-04-25T10:45:22.590+0000 7fcfa5ac8700 1 -- 172.21.15.19:0/3880981806 shutdown_connections
2024-04-25T10:45:23.245 INFO:teuthology.orchestra.run.smithi019.stdout:/usr/bin/ceph: stderr
2024-04-25T10:45:22.590+0000 7fcfa5ac8700 1 --2- 172.21.15.19:0/3880981806 >> [v2:172.21.15.19:6800/1932674296,v1:172.21.15.19:6801/1932674296] conn(0x7fcf8c03d520 0x7fcf8c03fa30 unknown :-1 s=CLOSED pgs=16 cs=0 l=1 rev1=1 crypto rx=0 tx=0 comp rx=0 tx=0).stop
2024-04-25T10:45:23.245 INFO:teuthology.orchestra.run.smithi019.stdout:/usr/bin/ceph: stderr
2024-04-25T10:45:22.590+0000 7fcfa5ac8700 1 --2- 172.21.15.19:0/3880981806 >> [v2:172.21.15.19:3300/0,v1:172.21.15.19:6789/0] conn(0x7fcfa0108980 0x7fcfa0106120 unknown :-1 s=CLOSED pgs=54 cs=0 l=1 rev1=1 crypto rx=0 tx=0 comp rx=0 tx=0).stop
2024-04-25T10:45:23.245 INFO:teuthology.orchestra.run.smithi019.stdout:/usr/bin/ceph: stderr
2024-04-25T10:45:22.590+0000 7fcfa5ac8700 1 -- 172.21.15.19:0/3880981806 >> 172.21.15.19:0/3880981806 conn(0x7fcfa0103fc0 msgr2=0x7fcfa01944d0 unknown :-1 s=STATE_NONE l=0).mark_down
2024-04-25T10:45:23.245 INFO:teuthology.orchestra.run.smithi019.stdout:/usr/bin/ceph: stderr
2024-04-25T10:45:22.590+0000 7fcfa5ac8700 1 -- 172.21.15.19:0/3880981806 shutdown_connections
2024-04-25T10:45:23.245 INFO:teuthology.orchestra.run.smithi019.stdout:/usr/bin/ceph: stderr
2024-04-25T10:45:22.590+0000 7fcfa5ac8700 1 -- 172.21.15.19:0/3880981806 wait complete.
2024-04-25T10:45:23.490 INFO:journalctl@ceph.mgr.x.smithi019.stdout:Apr 25 10:45:23 smithi019 ceph-9e90b6fe-02f0-11ef-bc93-c7b262605968-mgr-x[29446]:
2024-04-25T10:45:23.453+0000 7f6a68639200 -1 mgr[py] Module progress has missing NOTIFY_TYPES member
2024-04-25T10:45:23.862 INFO:journalctl@ceph.mon.a.smithi019.stdout:Apr 25 10:45:23 smithi019 ceph-mon[29209]: from='client.? 172.21.15.19:0/3880981806' entity='client.admin' cmd='[{"prefix": "mgr module enable", "module": "dashboard"}]': finished
2024-04-25T10:45:23.862 INFO:journalctl@ceph.mon.a.smithi019.stdout:Apr 25 10:45:23 smithi019 ceph-mon[29209]: mgrmap e9: x(active, since 21s)
2024-04-25T10:45:23.862 INFO:journalctl@ceph.mgr.x.smithi019.stdout:Apr 25 10:45:23 smithi019 ceph-9e90b6fe-02f0-11ef-bc93-c7b262605968-mgr-x[29446]:
2024-04-25T10:45:23.548+0000 7f6a68639200 -1 mgr[py] Module influx has missing NOTIFY_TYPES member
2024-04-25T10:45:24.590 INFO:teuthology.orchestra.run.smithi019.stdout:/usr/bin/ceph: stdout {
2024-04-25T10:45:24.591 INFO:teuthology.orchestra.run.smithi019.stdout:/usr/bin/ceph: stdout "epoch": 9,
2024-04-25T10:45:24.591 INFO:teuthology.orchestra.run.smithi019.stdout:/usr/bin/ceph: stdout "available": true,
2024-04-25T10:45:24.591 INFO:teuthology.orchestra.run.smithi019.stdout:/usr/bin/ceph: stdout "active_name": "x",
2024-04-25T10:45:24.591 INFO:teuthology.orchestra.run.smithi019.stdout:/usr/bin/ceph: stdout "num_standby": 0
2024-04-25T10:45:24.591 INFO:teuthology.orchestra.run.smithi019.stdout:/usr/bin/ceph: stdout }
2024-04-25T10:45:24.591 INFO:teuthology.orchestra.run.smithi019.stdout:/usr/bin/ceph: stderr
2024-04-25T10:45:23.682+0000 7f7710db7700 1 Processor -- start
2024-04-25T10:45:24.591 INFO:teuthology.orchestra.run.smithi019.stdout:/usr/bin/ceph: stderr
2024-04-25T10:45:23.682+0000 7f7710db7700 1 -- start start
2024-04-25T10:45:24.591 INFO:teuthology.orchestra.run.smithi019.stdout:/usr/bin/ceph: stderr
2024-04-25T10:45:23.682+0000 7f7710db7700 1 --2- >> [v2:172.21.15.19:3300/0,v1:172.21.15.19:6789/0] conn(0x7f770c10a590 0x7f770c10c9b0 unknown :-1 s=NONE pgs=0 cs=0 l=0 rev1=0 crypto rx=0 tx=0 comp rx=0 tx=0).connect
2024-04-25T10:45:24.591 INFO:teuthology.orchestra.run.smithi019.stdout:/usr/bin/ceph: stderr
2024-04-25T10:45:23.682+0000 7f7710db7700 1 -- --> [v2:172.21.15.19:3300/0,v1:172.21.15.19:6789/0] -- mon_getmap magic: 0 -- 0x7f770c07d8d0 con 0x7f770c10a590
2024-04-25T10:45:24.591 INFO:teuthology.orchestra.run.smithi019.stdout:/usr/bin/ceph: stderr
2024-04-25T10:45:23.683+0000 7f770a59c700 1 --2- >> [v2:172.21.15.19:3300/0,v1:172.21.15.19:6789/0] conn(0x7f770c10a590 0x7f770c10c9b0 unknown :-1 s=BANNER_CONNECTING pgs=0 cs=0 l=0 rev1=0 crypto rx=0 tx=0 comp rx=0 tx=0)._handle_peer_banner_payload supported=3 required=0
2024-04-25T10:45:24.591 INFO:teuthology.orchestra.run.smithi019.stdout:/usr/bin/ceph: stderr
2024-04-25T10:45:23.683+0000 7f770a59c700 1 --2- >> [v2:172.21.15.19:3300/0,v1:172.21.15.19:6789/0] conn(0x7f770c10a590 0x7f770c10c9b0 unknown :-1 s=HELLO_CONNECTING pgs=0 cs=0 l=0 rev1=1 crypto rx=0 tx=0 comp rx=0 tx=0).handle_hello peer v2:172.21.15.19:3300/0 says I am v2:172.21.15.19:58126/0 (socket says 172.21.15.19:58126)
2024-04-25T10:45:24.592 INFO:teuthology.orchestra.run.smithi019.stdout:/usr/bin/ceph: stderr
2024-04-25T10:45:23.683+0000 7f770a59c700 1 -- 172.21.15.19:0/2830573835 learned_addr learned my addr 172.21.15.19:0/2830573835 (peer_addr_for_me v2:172.21.15.19:0/0)
2024-04-25T10:45:24.592 INFO:teuthology.orchestra.run.smithi019.stdout:/usr/bin/ceph: stderr
2024-04-25T10:45:23.683+0000 7f770a59c700 1 -- 172.21.15.19:0/2830573835 --> [v2:172.21.15.19:3300/0,v1:172.21.15.19:6789/0] -- mon_subscribe({config=0+,monmap=0+}) -- 0x7f770c10cef0 con 0x7f770c10a590
2024-04-25T10:45:24.592 INFO:teuthology.orchestra.run.smithi019.stdout:/usr/bin/ceph: stderr
2024-04-25T10:45:23.683+0000 7f770a59c700 1 --2- 172.21.15.19:0/2830573835 >> [v2:172.21.15.19:3300/0,v1:172.21.15.19:6789/0] conn(0x7f770c10a590 0x7f770c10c9b0 secure :-1 s=READY pgs=57 cs=0 l=1 rev1=1 crypto rx=0x7f76fc0098a0 tx=0x7f76fc009bb0 comp rx=0 tx=0).ready entity=mon.0 client_cookie=3aec4d0b73bbe790 server_cookie=0 in_seq=0 out_seq=0
2024-04-25T10:45:24.592 INFO:teuthology.orchestra.run.smithi019.stdout:/usr/bin/ceph: stderr
2024-04-25T10:45:23.683+0000 7f770959a700 1 -- 172.21.15.19:0/2830573835 <== mon.0 v2:172.21.15.19:3300/0 1 ==== mon_map magic: 0 ==== 205+0+0 (secure 0 0 0) 0x7f76fc004160 con 0x7f770c10a590
2024-04-25T10:45:24.592 INFO:teuthology.orchestra.run.smithi019.stdout:/usr/bin/ceph: stderr
2024-04-25T10:45:23.683+0000 7f770959a700 1 -- 172.21.15.19:0/2830573835 <== mon.0 v2:172.21.15.19:3300/0 2 ==== config(26 keys) ==== 1101+0+0 (secure 0 0 0) 0x7f76fc004300 con 0x7f770c10a590
2024-04-25T10:45:24.592 INFO:teuthology.orchestra.run.smithi019.stdout:/usr/bin/ceph: stderr
2024-04-25T10:45:23.683+0000 7f770959a700 1 -- 172.21.15.19:0/2830573835 <== mon.0 v2:172.21.15.19:3300/0 3 ==== mon_map magic: 0 ==== 205+0+0 (secure 0 0 0) 0x7f76fc011a20 con 0x7f770c10a590
2024-04-25T10:45:24.592 INFO:teuthology.orchestra.run.smithi019.stdout:/usr/bin/ceph: stderr
2024-04-25T10:45:23.684+0000 7f7710db7700 1 -- 172.21.15.19:0/2830573835 >> [v2:172.21.15.19:3300/0,v1:172.21.15.19:6789/0] conn(0x7f770c10a590 msgr2=0x7f770c10c9b0 secure :-1 s=STATE_CONNECTION_ESTABLISHED l=1).mark_down
2024-04-25T10:45:24.592 INFO:teuthology.orchestra.run.smithi019.stdout:/usr/bin/ceph: stderr
2024-04-25T10:45:23.684+0000 7f7710db7700 1 --2- 172.21.15.19:0/2830573835 >> [v2:172.21.15.19:3300/0,v1:172.21.15.19:6789/0] conn(0x7f770c10a590 0x7f770c10c9b0 secure :-1 s=READY pgs=57 cs=0 l=1 rev1=1 crypto rx=0x7f76fc0098a0 tx=0x7f76fc009bb0 comp rx=0 tx=0).stop
2024-04-25T10:45:24.592 INFO:teuthology.orchestra.run.smithi019.stdout:/usr/bin/ceph: stderr
2024-04-25T10:45:23.684+0000 7f7710db7700 1 -- 172.21.15.19:0/2830573835 shutdown_connections
2024-04-25T10:45:24.592 INFO:teuthology.orchestra.run.smithi019.stdout:/usr/bin/ceph: stderr
2024-04-25T10:45:23.684+0000 7f7710db7700 1 --2- 172.21.15.19:0/2830573835 >> [v2:172.21.15.19:3300/0,v1:172.21.15.19:6789/0] conn(0x7f770c10a590 0x7f770c10c9b0 unknown :-1 s=CLOSED pgs=57 cs=0 l=1 rev1=1 crypto rx=0 tx=0 comp rx=0 tx=0).stop
2024-04-25T10:45:24.592 INFO:teuthology.orchestra.run.smithi019.stdout:/usr/bin/ceph: stderr
2024-04-25T10:45:23.684+0000 7f7710db7700 1 -- 172.21.15.19:0/2830573835 >> 172.21.15.19:0/2830573835 conn(0x7f770c104050 msgr2=0x7f770c1064a0 unknown :-1 s=STATE_NONE l=0).mark_down
2024-04-25T10:45:24.592 INFO:teuthology.orchestra.run.smithi019.stdout:/usr/bin/ceph: stderr
2024-04-25T10:45:23.684+0000 7f7710db7700 1 -- 172.21.15.19:0/2830573835 shutdown_connections
2024-04-25T10:45:24.592 INFO:teuthology.orchestra.run.smithi019.stdout:/usr/bin/ceph: stderr
2024-04-25T10:45:23.684+0000 7f7710db7700 1 -- 172.21.15.19:0/2830573835 wait complete.
2024-04-25T10:45:24.592 INFO:teuthology.orchestra.run.smithi019.stdout:/usr/bin/ceph: stderr
2024-04-25T10:45:23.685+0000 7f7710db7700 1 Processor -- start
2024-04-25T10:45:24.593 INFO:teuthology.orchestra.run.smithi019.stdout:/usr/bin/ceph: stderr
2024-04-25T10:45:23.685+0000 7f7710db7700 1 -- start start
2024-04-25T10:45:24.593 INFO:teuthology.orchestra.run.smithi019.stdout:/usr/bin/ceph: stderr
2024-04-25T10:45:23.685+0000 7f7710db7700 1 --2- >> [v2:172.21.15.19:3300/0,v1:172.21.15.19:6789/0] conn(0x7f770c10a590 0x7f770c19deb0 unknown :-1 s=NONE pgs=0 cs=0 l=1 rev1=0 crypto rx=0 tx=0 comp rx=0 tx=0).connect
2024-04-25T10:45:24.593 INFO:teuthology.orchestra.run.smithi019.stdout:/usr/bin/ceph: stderr
2024-04-25T10:45:23.685+0000 7f7710db7700 1 -- --> [v2:172.21.15.19:3300/0,v1:172.21.15.19:6789/0] -- mon_getmap magic: 0 -- 0x7f770c10def0 con 0x7f770c10a590
2024-04-25T10:45:24.593 INFO:teuthology.orchestra.run.smithi019.stdout:/usr/bin/ceph: stderr
2024-04-25T10:45:23.686+0000 7f770a59c700 1 --2- >> [v2:172.21.15.19:3300/0,v1:172.21.15.19:6789/0] conn(0x7f770c10a590 0x7f770c19deb0 unknown :-1 s=BANNER_CONNECTING pgs=0 cs=0 l=1 rev1=0 crypto rx=0 tx=0 comp rx=0 tx=0)._handle_peer_banner_payload supported=3 required=0
2024-04-25T10:45:24.593 INFO:teuthology.orchestra.run.smithi019.stdout:/usr/bin/ceph: stderr
2024-04-25T10:45:23.686+0000 7f770a59c700 1 --2- >> [v2:172.21.15.19:3300/0,v1:172.21.15.19:6789/0] conn(0x7f770c10a590 0x7f770c19deb0 unknown :-1 s=HELLO_CONNECTING pgs=0 cs=0 l=1 rev1=1 crypto rx=0 tx=0 comp rx=0 tx=0).handle_hello peer v2:172.21.15.19:3300/0 says I am v2:172.21.15.19:58132/0 (socket says 172.21.15.19:58132)
2024-04-25T10:45:24.593 INFO:teuthology.orchestra.run.smithi019.stdout:/usr/bin/ceph: stderr
2024-04-25T10:45:23.686+0000 7f770a59c700 1 -- 172.21.15.19:0/650190556 learned_addr learned my addr 172.21.15.19:0/650190556 (peer_addr_for_me v2:172.21.15.19:0/0)
2024-04-25T10:45:24.593 INFO:teuthology.orchestra.run.smithi019.stdout:/usr/bin/ceph: stderr
2024-04-25T10:45:23.686+0000 7f770a59c700 1 -- 172.21.15.19:0/650190556 --> [v2:172.21.15.19:3300/0,v1:172.21.15.19:6789/0] -- mon_subscribe({config=0+,monmap=0+}) -- 0x7f770c19e3f0 con 0x7f770c10a590
2024-04-25T10:45:24.593 INFO:teuthology.orchestra.run.smithi019.stdout:/usr/bin/ceph: stderr
2024-04-25T10:45:23.686+0000 7f770a59c700 1 --2- 172.21.15.19:0/650190556 >> [v2:172.21.15.19:3300/0,v1:172.21.15.19:6789/0] conn(0x7f770c10a590 0x7f770c19deb0 secure :-1 s=READY pgs=58 cs=0 l=1 rev1=1 crypto rx=0x7f76fc009520 tx=0x7f76fc011aa0 comp rx=0 tx=0).ready entity=mon.0 client_cookie=0 server_cookie=0 in_seq=0 out_seq=0
2024-04-25T10:45:24.593 INFO:teuthology.orchestra.run.smithi019.stdout:/usr/bin/ceph: stderr
2024-04-25T10:45:23.686+0000 7f76fb7fe700 1 -- 172.21.15.19:0/650190556 <== mon.0 v2:172.21.15.19:3300/0 1 ==== mon_map magic: 0 ==== 205+0+0 (secure 0 0 0) 0x7f76fc0039e0 con 0x7f770c10a590
2024-04-25T10:45:24.593 INFO:teuthology.orchestra.run.smithi019.stdout:/usr/bin/ceph: stderr
2024-04-25T10:45:23.686+0000 7f76fb7fe700 1 -- 172.21.15.19:0/650190556 <== mon.0 v2:172.21.15.19:3300/0 2 ==== config(26 keys) ==== 1101+0+0 (secure 0 0 0) 0x7f76fc01b8f0 con 0x7f770c10a590
2024-04-25T10:45:24.593 INFO:teuthology.orchestra.run.smithi019.stdout:/usr/bin/ceph: stderr
2024-04-25T10:45:23.686+0000 7f7710db7700 1 -- 172.21.15.19:0/650190556 --> [v2:172.21.15.19:3300/0,v1:172.21.15.19:6789/0] -- mon_subscribe({mgrmap=0+}) -- 0x7f770c19e680 con 0x7f770c10a590
2024-04-25T10:45:24.593 INFO:teuthology.orchestra.run.smithi019.stdout:/usr/bin/ceph: stderr
2024-04-25T10:45:23.686+0000 7f76fb7fe700 1 -- 172.21.15.19:0/650190556 <== mon.0 v2:172.21.15.19:3300/0 3 ==== mon_map magic: 0 ==== 205+0+0 (secure 0 0 0) 0x7f76fc0197d0 con 0x7f770c10a590
2024-04-25T10:45:24.593 INFO:teuthology.orchestra.run.smithi019.stdout:/usr/bin/ceph: stderr
2024-04-25T10:45:23.686+0000 7f7710db7700 1 -- 172.21.15.19:0/650190556 --> [v2:172.21.15.19:3300/0,v1:172.21.15.19:6789/0] -- mon_subscribe({osdmap=0}) -- 0x7f770c1a1290 con 0x7f770c10a590
2024-04-25T10:45:24.593 INFO:teuthology.orchestra.run.smithi019.stdout:/usr/bin/ceph: stderr
2024-04-25T10:45:23.687+0000 7f7710db7700 1 -- 172.21.15.19:0/650190556 --> [v2:172.21.15.19:3300/0,v1:172.21.15.19:6789/0] -- mon_command({"prefix": "get_command_descriptions"} v 0) -- 0x7f770c064cf0 con 0x7f770c10a590
2024-04-25T10:45:24.593 INFO:teuthology.orchestra.run.smithi019.stdout:/usr/bin/ceph: stderr
2024-04-25T10:45:23.687+0000 7f76fb7fe700 1 -- 172.21.15.19:0/650190556 <== mon.0 v2:172.21.15.19:3300/0 4 ==== mgrmap(e 9) ==== 49529+0+0 (secure 0 0 0) 0x7f76fc019a90 con 0x7f770c10a590
2024-04-25T10:45:24.594 INFO:teuthology.orchestra.run.smithi019.stdout:/usr/bin/ceph: stderr
2024-04-25T10:45:23.688+0000 7f76fb7fe700 1 --2- 172.21.15.19:0/650190556 >> [v2:172.21.15.19:6800/1932674296,v1:172.21.15.19:6801/1932674296] conn(0x7f76f403d5c0 0x7f76f403fad0 unknown :-1 s=NONE pgs=0 cs=0 l=1 rev1=0 crypto rx=0 tx=0 comp rx=0 tx=0).connect
2024-04-25T10:45:24.594 INFO:teuthology.orchestra.run.smithi019.stdout:/usr/bin/ceph: stderr
2024-04-25T10:45:23.688+0000 7f7709d9b700 1 -- 172.21.15.19:0/650190556 >> [v2:172.21.15.19:6800/1932674296,v1:172.21.15.19:6801/1932674296] conn(0x7f76f403d5c0 msgr2=0x7f76f403fad0 unknown :-1 s=STATE_CONNECTING_RE l=1).process reconnect failed to v2:172.21.15.19:6800/1932674296
2024-04-25T10:45:24.594 INFO:teuthology.orchestra.run.smithi019.stdout:/usr/bin/ceph: stderr
2024-04-25T10:45:23.688+0000 7f76fb7fe700 1 -- 172.21.15.19:0/650190556 <== mon.0 v2:172.21.15.19:3300/0 5 ==== osd_map(2..2 src has 1..2) ==== 940+0+0 (secure 0 0 0) 0x7f76fc052e50 con 0x7f770c10a590
2024-04-25T10:45:24.594 INFO:teuthology.orchestra.run.smithi019.stdout:/usr/bin/ceph: stderr
2024-04-25T10:45:23.688+0000 7f7709d9b700 1 --2- 172.21.15.19:0/650190556 >> [v2:172.21.15.19:6800/1932674296,v1:172.21.15.19:6801/1932674296] conn(0x7f76f403d5c0 0x7f76f403fad0 unknown :-1 s=START_CONNECT pgs=0 cs=0 l=1 rev1=0 crypto rx=0 tx=0 comp rx=0 tx=0)._fault waiting 0.200000
2024-04-25T10:45:24.594 INFO:teuthology.orchestra.run.smithi019.stdout:/usr/bin/ceph: stderr
2024-04-25T10:45:23.693+0000 7f76fb7fe700 1 -- 172.21.15.19:0/650190556 <== mon.0 v2:172.21.15.19:3300/0 6 ==== mon_command_ack([{"prefix": "get_command_descriptions"}]=0 v0) ==== 72+0+188370 (secure 0 0 0) 0x7f76fc01f030 con 0x7f770c10a590
2024-04-25T10:45:24.594 INFO:teuthology.orchestra.run.smithi019.stdout:/usr/bin/ceph: stderr
2024-04-25T10:45:23.889+0000 7f7709d9b700 1 -- 172.21.15.19:0/650190556 >> [v2:172.21.15.19:6800/1932674296,v1:172.21.15.19:6801/1932674296] conn(0x7f76f403d5c0 msgr2=0x7f76f403fad0 unknown :-1 s=STATE_CONNECTING_RE l=1).process reconnect failed to v2:172.21.15.19:6800/1932674296
2024-04-25T10:45:24.594 INFO:teuthology.orchestra.run.smithi019.stdout:/usr/bin/ceph: stderr
2024-04-25T10:45:23.889+0000 7f7709d9b700 1 --2- 172.21.15.19:0/650190556 >> [v2:172.21.15.19:6800/1932674296,v1:172.21.15.19:6801/1932674296] conn(0x7f76f403d5c0 0x7f76f403fad0 unknown :-1 s=START_CONNECT pgs=0 cs=0 l=1 rev1=0 crypto rx=0 tx=0 comp rx=0 tx=0)._fault waiting 0.400000
2024-04-25T10:45:24.594 INFO:teuthology.orchestra.run.smithi019.stdout:/usr/bin/ceph: stderr
2024-04-25T10:45:24.003+0000 7f7710db7700 1 -- 172.21.15.19:0/650190556 --> [v2:172.21.15.19:3300/0,v1:172.21.15.19:6789/0] -- mon_command({"prefix": "mgr stat"} v 0) -- 0x7f770c1a1460 con 0x7f770c10a590
2024-04-25T10:45:24.594 INFO:teuthology.orchestra.run.smithi019.stdout:/usr/bin/ceph: stderr
2024-04-25T10:45:24.004+0000 7f76fb7fe700 1 -- 172.21.15.19:0/650190556 <== mon.0 v2:172.21.15.19:3300/0 7 ==== mon_command_ack([{"prefix": "mgr stat"}]=0 v9) ==== 56+0+88 (secure 0 0 0) 0x7f76fc02a350 con 0x7f770c10a590
2024-04-25T10:45:24.594 INFO:teuthology.orchestra.run.smithi019.stdout:/usr/bin/ceph: stderr
2024-04-25T10:45:24.008+0000 7f7710db7700 1 -- 172.21.15.19:0/650190556 >> [v2:172.21.15.19:6800/1932674296,v1:172.21.15.19:6801/1932674296] conn(0x7f76f403d5c0 msgr2=0x7f76f403fad0 unknown :-1 s=STATE_CONNECTING l=1).mark_down
2024-04-25T10:45:24.594 INFO:teuthology.orchestra.run.smithi019.stdout:/usr/bin/ceph: stderr
2024-04-25T10:45:24.008+0000 7f7710db7700 1 --2- 172.21.15.19:0/650190556 >> [v2:172.21.15.19:6800/1932674296,v1:172.21.15.19:6801/1932674296] conn(0x7f76f403d5c0 0x7f76f403fad0 unknown :-1 s=START_CONNECT pgs=0 cs=0 l=1 rev1=0 crypto rx=0 tx=0 comp rx=0 tx=0).stop
2024-04-25T10:45:24.594 INFO:teuthology.orchestra.run.smithi019.stdout:/usr/bin/ceph: stderr
2024-04-25T10:45:24.008+0000 7f7710db7700 1 -- 172.21.15.19:0/650190556 >> [v2:172.21.15.19:3300/0,v1:172.21.15.19:6789/0] conn(0x7f770c10a590 msgr2=0x7f770c19deb0 secure :-1 s=STATE_CONNECTION_ESTABLISHED l=1).mark_down
2024-04-25T10:45:24.594 INFO:teuthology.orchestra.run.smithi019.stdout:/usr/bin/ceph: stderr
2024-04-25T10:45:24.008+0000 7f7710db7700 1 --2- 172.21.15.19:0/650190556 >> [v2:172.21.15.19:3300/0,v1:172.21.15.19:6789/0] conn(0x7f770c10a590 0x7f770c19deb0 secure :-1 s=READY pgs=58 cs=0 l=1 rev1=1 crypto rx=0x7f76fc009520 tx=0x7f76fc011aa0 comp rx=0 tx=0).stop
2024-04-25T10:45:24.595 INFO:teuthology.orchestra.run.smithi019.stdout:/usr/bin/ceph: stderr
2024-04-25T10:45:24.009+0000 7f7710db7700 1 -- 172.21.15.19:0/650190556 shutdown_connections
2024-04-25T10:45:24.595 INFO:teuthology.orchestra.run.smithi019.stdout:/usr/bin/ceph: stderr
2024-04-25T10:45:24.009+0000 7f7710db7700 1 --2- 172.21.15.19:0/650190556 >> [v2:172.21.15.19:6800/1932674296,v1:172.21.15.19:6801/1932674296] conn(0x7f76f403d5c0 0x7f76f403fad0 unknown :-1 s=CLOSED pgs=0 cs=0 l=1 rev1=0 crypto rx=0 tx=0 comp rx=0 tx=0).stop
2024-04-25T10:45:24.595 INFO:teuthology.orchestra.run.smithi019.stdout:/usr/bin/ceph: stderr
2024-04-25T10:45:24.009+0000 7f7710db7700 1 --2- 172.21.15.19:0/650190556 >> [v2:172.21.15.19:3300/0,v1:172.21.15.19:6789/0] conn(0x7f770c10a590 0x7f770c19deb0 unknown :-1 s=CLOSED pgs=58 cs=0 l=1 rev1=1 crypto rx=0 tx=0 comp rx=0 tx=0).stop
2024-04-25T10:45:24.595 INFO:teuthology.orchestra.run.smithi019.stdout:/usr/bin/ceph: stderr
2024-04-25T10:45:24.009+0000 7f7710db7700 1 -- 172.21.15.19:0/650190556 >> 172.21.15.19:0/650190556 conn(0x7f770c104050 msgr2=0x7f770c104930 unknown :-1 s=STATE_NONE l=0).mark_down
2024-04-25T10:45:24.595 INFO:teuthology.orchestra.run.smithi019.stdout:/usr/bin/ceph: stderr
2024-04-25T10:45:24.009+0000 7f7710db7700 1 -- 172.21.15.19:0/650190556 shutdown_connections
2024-04-25T10:45:24.595 INFO:teuthology.orchestra.run.smithi019.stdout:/usr/bin/ceph: stderr
2024-04-25T10:45:24.009+0000 7f7710db7700 1 -- 172.21.15.19:0/650190556 wait complete.
2024-04-25T10:45:24.595 INFO:teuthology.orchestra.run.smithi019.stdout:Waiting for the mgr to restart...
2024-04-25T10:45:24.595 INFO:teuthology.orchestra.run.smithi019.stdout:Waiting for mgr epoch 9...
2024-04-25T10:45:24.834 INFO:journalctl@ceph.mon.a.smithi019.stdout:Apr 25 10:45:24 smithi019 ceph-mon[29209]: from='client.? 172.21.15.19:0/650190556' entity='client.admin' cmd=[{"prefix": "mgr stat"}]: dispatch
2024-04-25T10:45:24.834 INFO:journalctl@ceph.mgr.x.smithi019.stdout:Apr 25 10:45:24 smithi019 ceph-9e90b6fe-02f0-11ef-bc93-c7b262605968-mgr-x[29446]:
2024-04-25T10:45:24.820+0000 7f6a68639200 -1 mgr[py] Module telegraf has missing NOTIFY_TYPES member
2024-04-25T10:45:25.111 INFO:journalctl@ceph.mgr.x.smithi019.stdout:Apr 25 10:45:25 smithi019 ceph-9e90b6fe-02f0-11ef-bc93-c7b262605968-mgr-x[29446]:
2024-04-25T10:45:25.005+0000 7f6a68639200 -1 mgr[py] Module osd_support has missing NOTIFY_TYPES member
2024-04-25T10:45:25.498 INFO:journalctl@ceph.mgr.x.smithi019.stdout:Apr 25 10:45:25 smithi019 ceph-9e90b6fe-02f0-11ef-bc93-c7b262605968-mgr-x[29446]:
2024-04-25T10:45:25.189+0000 7f6a68639200 -1 mgr[py] Module iostat has missing NOTIFY_TYPES member
2024-04-25T10:45:25.498 INFO:journalctl@ceph.mgr.x.smithi019.stdout:Apr 25 10:45:25 smithi019 ceph-9e90b6fe-02f0-11ef-bc93-c7b262605968-mgr-x[29446]:
2024-04-25T10:45:25.496+0000 7f6a68639200 -1 mgr[py] Module alerts has missing NOTIFY_TYPES member
2024-04-25T10:45:25.808 INFO:journalctl@ceph.mgr.x.smithi019.stdout:Apr 25 10:45:25 smithi019 ceph-9e90b6fe-02f0-11ef-bc93-c7b262605968-mgr-x[29446]:
2024-04-25T10:45:25.594+0000 7f6a68639200 -1 mgr[py] Module selftest has missing NOTIFY_TYPES member
2024-04-25T10:45:25.808 INFO:journalctl@ceph.mgr.x.smithi019.stdout:Apr 25 10:45:25 smithi019 ceph-9e90b6fe-02f0-11ef-bc93-c7b262605968-mgr-x[29446]:
2024-04-25T10:45:25.806+0000 7f6a68639200 -1 mgr[py] Module pg_autoscaler has missing NOTIFY_TYPES member
2024-04-25T10:45:26.111 INFO:journalctl@ceph.mgr.x.smithi019.stdout:Apr 25 10:45:26 smithi019 ceph-9e90b6fe-02f0-11ef-bc93-c7b262605968-mgr-x[29446]:
2024-04-25T10:45:26.010+0000 7f6a68639200 -1 mgr[py] Module test_orchestrator has missing NOTIFY_TYPES member
2024-04-25T10:45:26.861 INFO:journalctl@ceph.mgr.x.smithi019.stdout:Apr 25 10:45:26 smithi019 ceph-9e90b6fe-02f0-11ef-bc93-c7b262605968-mgr-x[29446]:
2024-04-25T10:45:26.642+0000 7f6a68639200 -1 mgr[py] Module rook has missing NOTIFY_TYPES member
2024-04-25T10:45:27.361 INFO:journalctl@ceph.mgr.x.smithi019.stdout:Apr 25 10:45:27 smithi019 ceph-9e90b6fe-02f0-11ef-bc93-c7b262605968-mgr-x[29446]:
2024-04-25T10:45:27.090+0000 7f6a68639200 -1 mgr[py] Module volumes has missing NOTIFY_TYPES member
2024-04-25T10:45:27.362 INFO:journalctl@ceph.mgr.x.smithi019.stdout:Apr 25 10:45:27 smithi019 ceph-9e90b6fe-02f0-11ef-bc93-c7b262605968-mgr-x[29446]:
2024-04-25T10:45:27.192+0000 7f6a68639200 -1 mgr[py] Module crash has missing NOTIFY_TYPES member
2024-04-25T10:45:27.862 INFO:journalctl@ceph.mgr.x.smithi019.stdout:Apr 25 10:45:27 smithi019 ceph-9e90b6fe-02f0-11ef-bc93-c7b262605968-mgr-x[29446]:
2024-04-25T10:45:27.405+0000 7f6a68639200 -1 mgr[py] Module rgw has missing NOTIFY_TYPES member
2024-04-25T10:45:28.314 INFO:journalctl@ceph.mgr.x.smithi019.stdout:Apr 25 10:45:27 smithi019 ceph-9e90b6fe-02f0-11ef-bc93-c7b262605968-mgr-x[29446]:
2024-04-25T10:45:27.954+0000 7f6a68639200 -1 mgr[py] Module prometheus has missing NOTIFY_TYPES member
2024-04-25T10:45:28.314 INFO:journalctl@ceph.mgr.x.smithi019.stdout:Apr 25 10:45:28 smithi019 ceph-9e90b6fe-02f0-11ef-bc93-c7b262605968-mgr-x[29446]:
2024-04-25T10:45:28.052+0000 7f6a68639200 -1 mgr[py] Module devicehealth has missing NOTIFY_TYPES member
2024-04-25T10:45:28.612 INFO:journalctl@ceph.mgr.x.smithi019.stdout:Apr 25 10:45:28 smithi019 ceph-9e90b6fe-02f0-11ef-bc93-c7b262605968-mgr-x[29446]:
2024-04-25T10:45:28.312+0000 7f6a68639200 -1 mgr[py] Module telemetry has missing NOTIFY_TYPES member
2024-04-25T10:45:28.612 INFO:journalctl@ceph.mgr.x.smithi019.stdout:Apr 25 10:45:28 smithi019 ceph-9e90b6fe-02f0-11ef-bc93-c7b262605968-mgr-x[29446]:
2024-04-25T10:45:28.453+0000 7f6a68639200 -1 mgr[py] Module diskprediction_local has missing NOTIFY_TYPES member
2024-04-25T10:45:28.612 INFO:journalctl@ceph.mgr.x.smithi019.stdout:Apr 25 10:45:28 smithi019 ceph-9e90b6fe-02f0-11ef-bc93-c7b262605968-mgr-x[29446]:
2024-04-25T10:45:28.553+0000 7f6a68639200 -1 mgr[py] Module osd_perf_query has missing NOTIFY_TYPES member
2024-04-25T10:45:29.000 INFO:journalctl@ceph.mgr.x.smithi019.stdout:Apr 25 10:45:28 smithi019 ceph-9e90b6fe-02f0-11ef-bc93-c7b262605968-mgr-x[29446]:
2024-04-25T10:45:28.675+0000 7f6a68639200 -1 mgr[py] Module rbd_support has missing NOTIFY_TYPES member
2024-04-25T10:45:29.000 INFO:journalctl@ceph.mgr.x.smithi019.stdout:Apr 25 10:45:28 smithi019 ceph-9e90b6fe-02f0-11ef-bc93-c7b262605968-mgr-x[29446]:
2024-04-25T10:45:28.998+0000 7f6a68639200 -1 mgr[py] Module zabbix has missing NOTIFY_TYPES member
2024-04-25T10:45:29.955 INFO:journalctl@ceph.mgr.x.smithi019.stdout:Apr 25 10:45:29 smithi019 ceph-9e90b6fe-02f0-11ef-bc93-c7b262605968-mgr-x[29446]:
2024-04-25T10:45:29.667+0000 7f6a68639200 -1 mgr[py] Module status has missing NOTIFY_TYPES member
2024-04-25T10:45:29.955 INFO:journalctl@ceph.mgr.x.smithi019.stdout:Apr 25 10:45:29 smithi019 ceph-9e90b6fe-02f0-11ef-bc93-c7b262605968-mgr-x[29446]:
2024-04-25T10:45:29.900+0000 7f6a68639200 -1 mgr[py] Module nfs has missing NOTIFY_TYPES member
2024-04-25T10:45:30.362 INFO:journalctl@ceph.mon.a.smithi019.stdout:Apr 25 10:45:29 smithi019 ceph-mon[29209]: Active manager daemon x restarted
2024-04-25T10:45:30.362 INFO:journalctl@ceph.mon.a.smithi019.stdout:Apr 25 10:45:29 smithi019 ceph-mon[29209]: Activating manager daemon x
2024-04-25T10:45:30.362 INFO:journalctl@ceph.mon.a.smithi019.stdout:Apr 25 10:45:29 smithi019 ceph-mon[29209]: osdmap e3: 0 total, 0 up, 0 in
2024-04-25T10:45:30.362 INFO:journalctl@ceph.mon.a.smithi019.stdout:Apr 25 10:45:29 smithi019 ceph-mon[29209]: mgrmap e10: x(active, starting, since 0.00451488s)
2024-04-25T10:45:30.362 INFO:journalctl@ceph.mon.a.smithi019.stdout:Apr 25 10:45:29 smithi019 ceph-mon[29209]: from='mgr.14150 172.21.15.19:0/1085896310' entity='mgr.x' cmd=[{"prefix": "mon metadata", "id": "a"}]: dispatch
2024-04-25T10:45:30.362 INFO:journalctl@ceph.mon.a.smithi019.stdout:Apr 25 10:45:29 smithi019 ceph-mon[29209]: from='mgr.14150 172.21.15.19:0/1085896310' entity='mgr.x' cmd=[{"prefix": "mgr metadata", "who": "x", "id": "x"}]: dispatch
2024-04-25T10:45:30.362 INFO:journalctl@ceph.mon.a.smithi019.stdout:Apr 25 10:45:29 smithi019 ceph-mon[29209]: from='mgr.14150 172.21.15.19:0/1085896310' entity='mgr.x' cmd=[{"prefix": "mds metadata"}]: dispatch
2024-04-25T10:45:30.362 INFO:journalctl@ceph.mon.a.smithi019.stdout:Apr 25 10:45:29 smithi019 ceph-mon[29209]: from='mgr.14150 172.21.15.19:0/1085896310' entity='mgr.x' cmd=[{"prefix": "osd metadata"}]: dispatch
2024-04-25T10:45:30.362 INFO:journalctl@ceph.mon.a.smithi019.stdout:Apr 25 10:45:29 smithi019 ceph-mon[29209]: from='mgr.14150 172.21.15.19:0/1085896310' entity='mgr.x' cmd=[{"prefix": "mon metadata"}]: dispatch
2024-04-25T10:45:30.362 INFO:journalctl@ceph.mon.a.smithi019.stdout:Apr 25 10:45:29 smithi019 ceph-mon[29209]: Manager daemon x is now available
2024-04-25T10:45:30.363 INFO:journalctl@ceph.mon.a.smithi019.stdout:Apr 25 10:45:29 smithi019 ceph-mon[29209]: from='mgr.14150 172.21.15.19:0/1085896310' entity='mgr.x' cmd=[{"prefix": "config dump", "format": "json"}]: dispatch
2024-04-25T10:45:31.112 INFO:journalctl@ceph.mon.a.smithi019.stdout:Apr 25 10:45:30 smithi019 ceph-mon[29209]: from='mgr.14150 172.21.15.19:0/1085896310' entity='mgr.x' cmd=[{"prefix":"config rm","who":"mgr","name":"mgr/rbd_support/x/mirror_snapshot_schedule"}]: dispatch
2024-04-25T10:45:31.112 INFO:journalctl@ceph.mon.a.smithi019.stdout:Apr 25 10:45:30 smithi019 ceph-mon[29209]: from='mgr.14150 172.21.15.19:0/1085896310' entity='mgr.x' cmd=[{"prefix":"config rm","who":"mgr","name":"mgr/rbd_support/x/trash_purge_schedule"}]: dispatch
2024-04-25T10:45:31.112 INFO:journalctl@ceph.mon.a.smithi019.stdout:Apr 25 10:45:30 smithi019 ceph-mon[29209]: mgrmap e11: x(active, since 1.00716s)
2024-04-25T10:45:31.870 INFO:teuthology.orchestra.run.smithi019.stdout:/usr/bin/ceph: stdout {
2024-04-25T10:45:31.870 INFO:teuthology.orchestra.run.smithi019.stdout:/usr/bin/ceph: stdout "mgrmap_epoch": 11,
2024-04-25T10:45:31.870 INFO:teuthology.orchestra.run.smithi019.stdout:/usr/bin/ceph: stdout "initialized": true
2024-04-25T10:45:31.871 INFO:teuthology.orchestra.run.smithi019.stdout:/usr/bin/ceph: stdout }
2024-04-25T10:45:31.871 INFO:teuthology.orchestra.run.smithi019.stdout:/usr/bin/ceph: stderr
2024-04-25T10:45:25.058+0000 7fd891bbf700 1 Processor -- start
2024-04-25T10:45:31.871 INFO:teuthology.orchestra.run.smithi019.stdout:/usr/bin/ceph: stderr
2024-04-25T10:45:25.058+0000 7fd891bbf700 1 -- start start
2024-04-25T10:45:31.871 INFO:teuthology.orchestra.run.smithi019.stdout:/usr/bin/ceph: stderr
2024-04-25T10:45:25.059+0000 7fd891bbf700 1 --2- >> [v2:172.21.15.19:3300/0,v1:172.21.15.19:6789/0] conn(0x7fd88c07ee30 0x7fd88c07d260 unknown :-1 s=NONE pgs=0 cs=0 l=0 rev1=0 crypto rx=0 tx=0 comp rx=0 tx=0).connect
2024-04-25T10:45:31.871 INFO:teuthology.orchestra.run.smithi019.stdout:/usr/bin/ceph: stderr
2024-04-25T10:45:25.059+0000 7fd891bbf700 1 -- --> [v2:172.21.15.19:3300/0,v1:172.21.15.19:6789/0] -- mon_getmap magic: 0 -- 0x7fd88c07d7a0 con 0x7fd88c07ee30
2024-04-25T10:45:31.871 INFO:teuthology.orchestra.run.smithi019.stdout:/usr/bin/ceph: stderr
2024-04-25T10:45:25.059+0000 7fd88b7fe700 1 --2- >> [v2:172.21.15.19:3300/0,v1:172.21.15.19:6789/0] conn(0x7fd88c07ee30 0x7fd88c07d260 unknown :-1 s=BANNER_CONNECTING pgs=0 cs=0 l=0 rev1=0 crypto rx=0 tx=0 comp rx=0 tx=0)._handle_peer_banner_payload supported=3 required=0
2024-04-25T10:45:31.871 INFO:teuthology.orchestra.run.smithi019.stdout:/usr/bin/ceph: stderr
2024-04-25T10:45:25.059+0000 7fd88b7fe700 1 --2- >> [v2:172.21.15.19:3300/0,v1:172.21.15.19:6789/0] conn(0x7fd88c07ee30 0x7fd88c07d260 unknown :-1 s=HELLO_CONNECTING pgs=0 cs=0 l=0 rev1=1 crypto rx=0 tx=0 comp rx=0 tx=0).handle_hello peer v2:172.21.15.19:3300/0 says I am v2:172.21.15.19:58144/0 (socket says 172.21.15.19:58144)
2024-04-25T10:45:31.871 INFO:teuthology.orchestra.run.smithi019.stdout:/usr/bin/ceph: stderr
2024-04-25T10:45:25.059+0000 7fd88b7fe700 1 -- 172.21.15.19:0/3135812820 learned_addr learned my addr 172.21.15.19:0/3135812820 (peer_addr_for_me v2:172.21.15.19:0/0)
2024-04-25T10:45:31.871 INFO:teuthology.orchestra.run.smithi019.stdout:/usr/bin/ceph: stderr
2024-04-25T10:45:25.059+0000 7fd88b7fe700 1 -- 172.21.15.19:0/3135812820 --> [v2:172.21.15.19:3300/0,v1:172.21.15.19:6789/0] -- mon_subscribe({config=0+,monmap=0+}) -- 0x7fd88c07d920 con 0x7fd88c07ee30
2024-04-25T10:45:31.871 INFO:teuthology.orchestra.run.smithi019.stdout:/usr/bin/ceph: stderr
2024-04-25T10:45:25.059+0000 7fd88b7fe700 1 --2- 172.21.15.19:0/3135812820 >> [v2:172.21.15.19:3300/0,v1:172.21.15.19:6789/0] conn(0x7fd88c07ee30 0x7fd88c07d260 secure :-1 s=READY pgs=59 cs=0 l=1 rev1=1 crypto rx=0x7fd8740098a0 tx=0x7fd874009bb0 comp rx=0 tx=0).ready entity=mon.0 client_cookie=d6198ba9f5ddc93e server_cookie=0 in_seq=0 out_seq=0
2024-04-25T10:45:31.871 INFO:teuthology.orchestra.run.smithi019.stdout:/usr/bin/ceph: stderr
2024-04-25T10:45:25.060+0000 7fd88a7fc700 1 -- 172.21.15.19:0/3135812820 <== mon.0 v2:172.21.15.19:3300/0 1 ==== mon_map magic: 0 ==== 205+0+0 (secure 0 0 0) 0x7fd874004160 con 0x7fd88c07ee30
2024-04-25T10:45:31.871 INFO:teuthology.orchestra.run.smithi019.stdout:/usr/bin/ceph: stderr
2024-04-25T10:45:25.060+0000 7fd88a7fc700 1 -- 172.21.15.19:0/3135812820 <== mon.0 v2:172.21.15.19:3300/0 2 ==== config(26 keys) ==== 1101+0+0 (secure 0 0 0) 0x7fd874004300 con 0x7fd88c07ee30
2024-04-25T10:45:31.871 INFO:teuthology.orchestra.run.smithi019.stdout:/usr/bin/ceph: stderr
2024-04-25T10:45:25.060+0000 7fd88a7fc700 1 -- 172.21.15.19:0/3135812820 <== mon.0 v2:172.21.15.19:3300/0 3 ==== mon_map magic: 0 ==== 205+0+0 (secure 0 0 0) 0x7fd874011a20 con 0x7fd88c07ee30
2024-04-25T10:45:31.872 INFO:teuthology.orchestra.run.smithi019.stdout:/usr/bin/ceph: stderr
2024-04-25T10:45:25.060+0000 7fd891bbf700 1 -- 172.21.15.19:0/3135812820 >> [v2:172.21.15.19:3300/0,v1:172.21.15.19:6789/0] conn(0x7fd88c07ee30 msgr2=0x7fd88c07d260 secure :-1 s=STATE_CONNECTION_ESTABLISHED l=1).mark_down
2024-04-25T10:45:31.872 INFO:teuthology.orchestra.run.smithi019.stdout:/usr/bin/ceph: stderr
2024-04-25T10:45:25.060+0000 7fd891bbf700 1 --2- 172.21.15.19:0/3135812820 >> [v2:172.21.15.19:3300/0,v1:172.21.15.19:6789/0] conn(0x7fd88c07ee30 0x7fd88c07d260 secure :-1 s=READY pgs=59 cs=0 l=1 rev1=1 crypto rx=0x7fd8740098a0 tx=0x7fd874009bb0 comp rx=0 tx=0).stop
2024-04-25T10:45:31.872 INFO:teuthology.orchestra.run.smithi019.stdout:/usr/bin/ceph: stderr
2024-04-25T10:45:25.061+0000 7fd891bbf700 1 -- 172.21.15.19:0/3135812820 shutdown_connections
2024-04-25T10:45:31.872 INFO:teuthology.orchestra.run.smithi019.stdout:/usr/bin/ceph: stderr
2024-04-25T10:45:25.061+0000 7fd891bbf700 1 --2- 172.21.15.19:0/3135812820 >> [v2:172.21.15.19:3300/0,v1:172.21.15.19:6789/0] conn(0x7fd88c07ee30 0x7fd88c07d260 unknown :-1 s=CLOSED pgs=59 cs=0 l=1 rev1=1 crypto rx=0 tx=0 comp rx=0 tx=0).stop
2024-04-25T10:45:31.872 INFO:teuthology.orchestra.run.smithi019.stdout:/usr/bin/ceph: stderr
2024-04-25T10:45:25.061+0000 7fd891bbf700 1 -- 172.21.15.19:0/3135812820 >> 172.21.15.19:0/3135812820 conn(0x7fd88c1050c0 msgr2=0x7fd88c107570 unknown :-1 s=STATE_NONE l=0).mark_down
2024-04-25T10:45:31.872 INFO:teuthology.orchestra.run.smithi019.stdout:/usr/bin/ceph: stderr
2024-04-25T10:45:25.061+0000 7fd891bbf700 1 -- 172.21.15.19:0/3135812820 shutdown_connections
2024-04-25T10:45:31.872 INFO:teuthology.orchestra.run.smithi019.stdout:/usr/bin/ceph: stderr
2024-04-25T10:45:25.061+0000 7fd891bbf700 1 -- 172.21.15.19:0/3135812820 wait complete.
2024-04-25T10:45:31.872 INFO:teuthology.orchestra.run.smithi019.stdout:/usr/bin/ceph: stderr
2024-04-25T10:45:25.061+0000 7fd891bbf700 1 Processor -- start
2024-04-25T10:45:31.872 INFO:teuthology.orchestra.run.smithi019.stdout:/usr/bin/ceph: stderr
2024-04-25T10:45:25.062+0000 7fd891bbf700 1 -- start start
2024-04-25T10:45:31.872 INFO:teuthology.orchestra.run.smithi019.stdout:/usr/bin/ceph: stderr
2024-04-25T10:45:25.062+0000 7fd891bbf700 1 --2- >> [v2:172.21.15.19:3300/0,v1:172.21.15.19:6789/0] conn(0x7fd88c07ee30 0x7fd88c1a0060 unknown :-1 s=NONE pgs=0 cs=0 l=1 rev1=0 crypto rx=0 tx=0 comp rx=0 tx=0).connect
2024-04-25T10:45:31.872 INFO:teuthology.orchestra.run.smithi019.stdout:/usr/bin/ceph: stderr
2024-04-25T10:45:25.062+0000 7fd891bbf700 1 -- --> [v2:172.21.15.19:3300/0,v1:172.21.15.19:6789/0] -- mon_getmap magic: 0 -- 0x7fd88c1100a0 con 0x7fd88c07ee30
2024-04-25T10:45:31.872 INFO:teuthology.orchestra.run.smithi019.stdout:/usr/bin/ceph: stderr
2024-04-25T10:45:25.062+0000 7fd88b7fe700 1 --2- >> [v2:172.21.15.19:3300/0,v1:172.21.15.19:6789/0] conn(0x7fd88c07ee30 0x7fd88c1a0060 unknown :-1 s=BANNER_CONNECTING pgs=0 cs=0 l=1 rev1=0 crypto rx=0 tx=0 comp rx=0 tx=0)._handle_peer_banner_payload supported=3 required=0
2024-04-25T10:45:31.872 INFO:teuthology.orchestra.run.smithi019.stdout:/usr/bin/ceph: stderr
2024-04-25T10:45:25.062+0000 7fd88b7fe700 1 --2- >> [v2:172.21.15.19:3300/0,v1:172.21.15.19:6789/0] conn(0x7fd88c07ee30 0x7fd88c1a0060 unknown :-1 s=HELLO_CONNECTING pgs=0 cs=0 l=1 rev1=1 crypto rx=0 tx=0 comp rx=0 tx=0).handle_hello peer v2:172.21.15.19:3300/0 says I am v2:172.21.15.19:58156/0 (socket says 172.21.15.19:58156)
2024-04-25T10:45:31.872 INFO:teuthology.orchestra.run.smithi019.stdout:/usr/bin/ceph: stderr
2024-04-25T10:45:25.062+0000 7fd88b7fe700 1 -- 172.21.15.19:0/2002742757 learned_addr learned my addr 172.21.15.19:0/2002742757 (peer_addr_for_me v2:172.21.15.19:0/0)
2024-04-25T10:45:31.873 INFO:teuthology.orchestra.run.smithi019.stdout:/usr/bin/ceph: stderr
2024-04-25T10:45:25.062+0000 7fd88b7fe700 1 -- 172.21.15.19:0/2002742757 --> [v2:172.21.15.19:3300/0,v1:172.21.15.19:6789/0] -- mon_subscribe({config=0+,monmap=0+}) -- 0x7fd88c1a05a0 con 0x7fd88c07ee30
2024-04-25T10:45:31.873 INFO:teuthology.orchestra.run.smithi019.stdout:/usr/bin/ceph: stderr
2024-04-25T10:45:25.062+0000 7fd88b7fe700 1 --2- 172.21.15.19:0/2002742757 >> [v2:172.21.15.19:3300/0,v1:172.21.15.19:6789/0] conn(0x7fd88c07ee30 0x7fd88c1a0060 secure :-1 s=READY pgs=60 cs=0 l=1 rev1=1 crypto rx=0x7fd874000c00 tx=0x7fd874011aa0 comp rx=0 tx=0).ready entity=mon.0 client_cookie=0 server_cookie=0 in_seq=0 out_seq=0
2024-04-25T10:45:31.873 INFO:teuthology.orchestra.run.smithi019.stdout:/usr/bin/ceph: stderr
2024-04-25T10:45:25.063+0000 7fd888ff9700 1 -- 172.21.15.19:0/2002742757 <== mon.0 v2:172.21.15.19:3300/0 1 ==== mon_map magic: 0 ==== 205+0+0 (secure 0 0 0) 0x7fd874003aa0 con 0x7fd88c07ee30
2024-04-25T10:45:31.873 INFO:teuthology.orchestra.run.smithi019.stdout:/usr/bin/ceph: stderr
2024-04-25T10:45:25.063+0000 7fd891bbf700 1 -- 172.21.15.19:0/2002742757 --> [v2:172.21.15.19:3300/0,v1:172.21.15.19:6789/0] -- mon_subscribe({mgrmap=0+}) -- 0x7fd88c1a0830 con 0x7fd88c07ee30
2024-04-25T10:45:31.873 INFO:teuthology.orchestra.run.smithi019.stdout:/usr/bin/ceph: stderr
2024-04-25T10:45:25.063+0000 7fd888ff9700 1 -- 172.21.15.19:0/2002742757 <== mon.0 v2:172.21.15.19:3300/0 2 ==== config(26 keys) ==== 1101+0+0 (secure 0 0 0) 0x7fd87401b8f0 con 0x7fd88c07ee30
2024-04-25T10:45:31.873 INFO:teuthology.orchestra.run.smithi019.stdout:/usr/bin/ceph: stderr
2024-04-25T10:45:25.063+0000 7fd888ff9700 1 -- 172.21.15.19:0/2002742757 <== mon.0 v2:172.21.15.19:3300/0 3 ==== mon_map magic: 0 ==== 205+0+0 (secure 0 0 0) 0x7fd874023890 con 0x7fd88c07ee30
2024-04-25T10:45:31.873 INFO:teuthology.orchestra.run.smithi019.stdout:/usr/bin/ceph: stderr
2024-04-25T10:45:25.063+0000 7fd891bbf700 1 -- 172.21.15.19:0/2002742757 --> [v2:172.21.15.19:3300/0,v1:172.21.15.19:6789/0] -- mon_subscribe({osdmap=0}) -- 0x7fd88c1a3440 con 0x7fd88c07ee30
2024-04-25T10:45:31.873 INFO:teuthology.orchestra.run.smithi019.stdout:/usr/bin/ceph: stderr
2024-04-25T10:45:25.064+0000 7fd888ff9700 1 -- 172.21.15.19:0/2002742757 <== mon.0 v2:172.21.15.19:3300/0 4 ==== mgrmap(e 9) ==== 49529+0+0 (secure 0 0 0) 0x7fd87402c3f0 con 0x7fd88c07ee30
2024-04-25T10:45:31.873 INFO:teuthology.orchestra.run.smithi019.stdout:/usr/bin/ceph: stderr
2024-04-25T10:45:25.064+0000 7fd888ff9700 1 --2- 172.21.15.19:0/2002742757 >> [v2:172.21.15.19:6800/1932674296,v1:172.21.15.19:6801/1932674296] conn(0x7fd87803d5c0 0x7fd87803fad0 unknown :-1 s=NONE pgs=0 cs=0 l=1 rev1=0 crypto rx=0 tx=0 comp rx=0 tx=0).connect
2024-04-25T10:45:31.873 INFO:teuthology.orchestra.run.smithi019.stdout:/usr/bin/ceph: stderr
2024-04-25T10:45:25.064+0000 7fd888ff9700 1 -- 172.21.15.19:0/2002742757 --> [v2:172.21.15.19:6800/1932674296,v1:172.21.15.19:6801/1932674296] -- command(tid 0: {"prefix": "get_command_descriptions"}) -- 0x7fd8780401e0 con 0x7fd87803d5c0
2024-04-25T10:45:31.873 INFO:teuthology.orchestra.run.smithi019.stdout:/usr/bin/ceph: stderr
2024-04-25T10:45:25.064+0000 7fd888ff9700 1 -- 172.21.15.19:0/2002742757 <== mon.0 v2:172.21.15.19:3300/0 5 ==== osd_map(2..2 src has 1..2) ==== 940+0+0 (secure 0 0 0) 0x7fd874052ca0 con 0x7fd88c07ee30
2024-04-25T10:45:31.873 INFO:teuthology.orchestra.run.smithi019.stdout:/usr/bin/ceph: stderr
2024-04-25T10:45:25.064+0000 7fd88affd700 1 -- 172.21.15.19:0/2002742757 >> [v2:172.21.15.19:6800/1932674296,v1:172.21.15.19:6801/1932674296] conn(0x7fd87803d5c0 msgr2=0x7fd87803fad0 unknown :-1 s=STATE_CONNECTING_RE l=1).process reconnect failed to v2:172.21.15.19:6800/1932674296
2024-04-25T10:45:31.873 INFO:teuthology.orchestra.run.smithi019.stdout:/usr/bin/ceph: stderr
2024-04-25T10:45:25.064+0000 7fd88affd700 1 --2- 172.21.15.19:0/2002742757 >> [v2:172.21.15.19:6800/1932674296,v1:172.21.15.19:6801/1932674296] conn(0x7fd87803d5c0 0x7fd87803fad0 unknown :-1 s=START_CONNECT pgs=0 cs=0 l=1 rev1=0 crypto rx=0 tx=0 comp rx=0 tx=0)._fault waiting 0.200000
2024-04-25T10:45:31.873 INFO:teuthology.orchestra.run.smithi019.stdout:/usr/bin/ceph: stderr
2024-04-25T10:45:25.265+0000 7fd88affd700 1 -- 172.21.15.19:0/2002742757 >> [v2:172.21.15.19:6800/1932674296,v1:172.21.15.19:6801/1932674296] conn(0x7fd87803d5c0 msgr2=0x7fd87803fad0 unknown :-1 s=STATE_CONNECTING_RE l=1).process reconnect failed to v2:172.21.15.19:6800/1932674296
2024-04-25T10:45:31.874 INFO:teuthology.orchestra.run.smithi019.stdout:/usr/bin/ceph: stderr
2024-04-25T10:45:25.265+0000 7fd88affd700 1 --2- 172.21.15.19:0/2002742757 >> [v2:172.21.15.19:6800/1932674296,v1:172.21.15.19:6801/1932674296] conn(0x7fd87803d5c0 0x7fd87803fad0 unknown :-1 s=START_CONNECT pgs=0 cs=0 l=1 rev1=0 crypto rx=0 tx=0 comp rx=0 tx=0)._fault waiting 0.400000
2024-04-25T10:45:31.874 INFO:teuthology.orchestra.run.smithi019.stdout:/usr/bin/ceph: stderr
2024-04-25T10:45:25.666+0000 7fd88affd700 1 -- 172.21.15.19:0/2002742757 >> [v2:172.21.15.19:6800/1932674296,v1:172.21.15.19:6801/1932674296] conn(0x7fd87803d5c0 msgr2=0x7fd87803fad0 unknown :-1 s=STATE_CONNECTING_RE l=1).process reconnect failed to v2:172.21.15.19:6800/1932674296
2024-04-25T10:45:31.874 INFO:teuthology.orchestra.run.smithi019.stdout:/usr/bin/ceph: stderr
2024-04-25T10:45:25.666+0000 7fd88affd700 1 --2- 172.21.15.19:0/2002742757 >> [v2:172.21.15.19:6800/1932674296,v1:172.21.15.19:6801/1932674296] conn(0x7fd87803d5c0 0x7fd87803fad0 unknown :-1 s=START_CONNECT pgs=0 cs=0 l=1 rev1=0 crypto rx=0 tx=0 comp rx=0 tx=0)._fault waiting 0.800000
2024-04-25T10:45:31.874 INFO:teuthology.orchestra.run.smithi019.stdout:/usr/bin/ceph: stderr
2024-04-25T10:45:26.467+0000 7fd88affd700 1 -- 172.21.15.19:0/2002742757 >> [v2:172.21.15.19:6800/1932674296,v1:172.21.15.19:6801/1932674296] conn(0x7fd87803d5c0 msgr2=0x7fd87803fad0 unknown :-1 s=STATE_CONNECTING_RE l=1).process reconnect failed to v2:172.21.15.19:6800/1932674296
2024-04-25T10:45:31.874 INFO:teuthology.orchestra.run.smithi019.stdout:/usr/bin/ceph: stderr
2024-04-25T10:45:26.467+0000 7fd88affd700 1 --2- 172.21.15.19:0/2002742757 >> [v2:172.21.15.19:6800/1932674296,v1:172.21.15.19:6801/1932674296] conn(0x7fd87803d5c0 0x7fd87803fad0 unknown :-1 s=START_CONNECT pgs=0 cs=0 l=1 rev1=0 crypto rx=0 tx=0 comp rx=0 tx=0)._fault waiting 1.600000
2024-04-25T10:45:31.874 INFO:teuthology.orchestra.run.smithi019.stdout:/usr/bin/ceph: stderr
2024-04-25T10:45:28.068+0000 7fd88affd700 1 -- 172.21.15.19:0/2002742757 >> [v2:172.21.15.19:6800/1932674296,v1:172.21.15.19:6801/1932674296] conn(0x7fd87803d5c0 msgr2=0x7fd87803fad0 unknown :-1 s=STATE_CONNECTING_RE l=1).process reconnect failed to v2:172.21.15.19:6800/1932674296
2024-04-25T10:45:31.874 INFO:teuthology.orchestra.run.smithi019.stdout:/usr/bin/ceph: stderr
2024-04-25T10:45:28.068+0000 7fd88affd700 1 --2- 172.21.15.19:0/2002742757 >> [v2:172.21.15.19:6800/1932674296,v1:172.21.15.19:6801/1932674296] conn(0x7fd87803d5c0 0x7fd87803fad0 unknown :-1 s=START_CONNECT pgs=0 cs=0 l=1 rev1=0 crypto rx=0 tx=0 comp rx=0 tx=0)._fault waiting 3.200000
2024-04-25T10:45:31.874 INFO:teuthology.orchestra.run.smithi019.stdout:/usr/bin/ceph: stderr
2024-04-25T10:45:29.904+0000 7fd888ff9700 1 -- 172.21.15.19:0/2002742757 <== mon.0 v2:172.21.15.19:3300/0 6 ==== mgrmap(e 10) ==== 49296+0+0 (secure 0 0 0) 0x7fd87402cb00 con 0x7fd88c07ee30
2024-04-25T10:45:31.874 INFO:teuthology.orchestra.run.smithi019.stdout:/usr/bin/ceph: stderr
2024-04-25T10:45:29.904+0000 7fd888ff9700 1 -- 172.21.15.19:0/2002742757 >> [v2:172.21.15.19:6800/1932674296,v1:172.21.15.19:6801/1932674296] conn(0x7fd87803d5c0 msgr2=0x7fd87803fad0 unknown :-1 s=STATE_CONNECTING l=1).mark_down
2024-04-25T10:45:31.874 INFO:teuthology.orchestra.run.smithi019.stdout:/usr/bin/ceph: stderr
2024-04-25T10:45:29.904+0000 7fd888ff9700 1 --2- 172.21.15.19:0/2002742757 >> [v2:172.21.15.19:6800/1932674296,v1:172.21.15.19:6801/1932674296] conn(0x7fd87803d5c0 0x7fd87803fad0 unknown :-1 s=START_CONNECT pgs=0 cs=0 l=1 rev1=0 crypto rx=0 tx=0 comp rx=0 tx=0).stop
2024-04-25T10:45:31.874 INFO:teuthology.orchestra.run.smithi019.stdout:/usr/bin/ceph: stderr
2024-04-25T10:45:30.905+0000 7fd888ff9700 1 -- 172.21.15.19:0/2002742757 <== mon.0 v2:172.21.15.19:3300/0 7 ==== mgrmap(e 11) ==== 49423+0+0 (secure 0 0 0) 0x7fd87402bcc0 con 0x7fd88c07ee30
2024-04-25T10:45:31.874 INFO:teuthology.orchestra.run.smithi019.stdout:/usr/bin/ceph: stderr
2024-04-25T10:45:30.906+0000 7fd888ff9700 1 --2- 172.21.15.19:0/2002742757 >> [v2:172.21.15.19:6800/1708221429,v1:172.21.15.19:6801/1708221429] conn(0x7fd874052830 0x7fd878043000 unknown :-1 s=NONE pgs=0 cs=0 l=1 rev1=0 crypto rx=0 tx=0 comp rx=0 tx=0).connect
2024-04-25T10:45:31.874 INFO:teuthology.orchestra.run.smithi019.stdout:/usr/bin/ceph: stderr
2024-04-25T10:45:30.906+0000 7fd888ff9700 1 -- 172.21.15.19:0/2002742757 --> [v2:172.21.15.19:6800/1708221429,v1:172.21.15.19:6801/1708221429] -- command(tid 0: {"prefix": "get_command_descriptions"}) -- 0x7fd874051220 con 0x7fd874052830
2024-04-25T10:45:31.875 INFO:teuthology.orchestra.run.smithi019.stdout:/usr/bin/ceph: stderr
2024-04-25T10:45:30.907+0000 7fd88affd700 1 --2- 172.21.15.19:0/2002742757 >> [v2:172.21.15.19:6800/1708221429,v1:172.21.15.19:6801/1708221429] conn(0x7fd874052830 0x7fd878043000 unknown :-1 s=BANNER_CONNECTING pgs=0 cs=0 l=1 rev1=0 crypto rx=0 tx=0 comp rx=0 tx=0)._handle_peer_banner_payload supported=3 required=0
2024-04-25T10:45:31.875 INFO:teuthology.orchestra.run.smithi019.stdout:/usr/bin/ceph: stderr
2024-04-25T10:45:30.907+0000 7fd88affd700 1 --2- 172.21.15.19:0/2002742757 >> [v2:172.21.15.19:6800/1708221429,v1:172.21.15.19:6801/1708221429] conn(0x7fd874052830 0x7fd878043000 secure :-1 s=READY pgs=3 cs=0 l=1 rev1=1 crypto rx=0x7fd87c003a10 tx=0x7fd87c0092b0 comp rx=0 tx=0).ready entity=mgr.14150 client_cookie=0 server_cookie=0 in_seq=0 out_seq=0
2024-04-25T10:45:31.875 INFO:teuthology.orchestra.run.smithi019.stdout:/usr/bin/ceph: stderr
2024-04-25T10:45:30.908+0000 7fd888ff9700 1 -- 172.21.15.19:0/2002742757 <== mgr.14150 v2:172.21.15.19:6800/1708221429 1 ==== command_reply(tid 0: 0 ) ==== 8+0+9564 (secure 0 0 0) 0x7fd874051220 con 0x7fd874052830
2024-04-25T10:45:31.875 INFO:teuthology.orchestra.run.smithi019.stdout:/usr/bin/ceph: stderr
2024-04-25T10:45:30.916+0000 7fd891bbf700 1 -- 172.21.15.19:0/2002742757 --> [v2:172.21.15.19:6800/1708221429,v1:172.21.15.19:6801/1708221429] -- command(tid 1: {"prefix": "mgr_status"}) -- 0x7fd88c064cf0 con 0x7fd874052830
2024-04-25T10:45:31.875 INFO:teuthology.orchestra.run.smithi019.stdout:/usr/bin/ceph: stderr
2024-04-25T10:45:30.917+0000 7fd888ff9700 1 -- 172.21.15.19:0/2002742757 <== mgr.14150 v2:172.21.15.19:6800/1708221429 2 ==== command_reply(tid 1: 0 ) ==== 8+0+52 (secure 0 0 0) 0x7fd88c064cf0 con 0x7fd874052830
2024-04-25T10:45:31.875 INFO:teuthology.orchestra.run.smithi019.stdout:/usr/bin/ceph: stderr
2024-04-25T10:45:30.917+0000 7fd891bbf700 1 -- 172.21.15.19:0/2002742757 >> [v2:172.21.15.19:6800/1708221429,v1:172.21.15.19:6801/1708221429] conn(0x7fd874052830 msgr2=0x7fd878043000 secure :-1 s=STATE_CONNECTION_ESTABLISHED l=1).mark_down
2024-04-25T10:45:31.875 INFO:teuthology.orchestra.run.smithi019.stdout:/usr/bin/ceph: stderr
2024-04-25T10:45:30.917+0000 7fd891bbf700 1 --2- 172.21.15.19:0/2002742757 >> [v2:172.21.15.19:6800/1708221429,v1:172.21.15.19:6801/1708221429] conn(0x7fd874052830 0x7fd878043000 secure :-1 s=READY pgs=3 cs=0 l=1 rev1=1 crypto rx=0x7fd87c003a10 tx=0x7fd87c0092b0 comp rx=0 tx=0).stop
2024-04-25T10:45:31.875 INFO:teuthology.orchestra.run.smithi019.stdout:/usr/bin/ceph: stderr
2024-04-25T10:45:30.917+0000 7fd891bbf700 1 -- 172.21.15.19:0/2002742757 >> [v2:172.21.15.19:3300/0,v1:172.21.15.19:6789/0] conn(0x7fd88c07ee30 msgr2=0x7fd88c1a0060 secure :-1 s=STATE_CONNECTION_ESTABLISHED l=1).mark_down
2024-04-25T10:45:31.875 INFO:teuthology.orchestra.run.smithi019.stdout:/usr/bin/ceph: stderr
2024-04-25T10:45:30.917+0000 7fd891bbf700 1 --2- 172.21.15.19:0/2002742757 >> [v2:172.21.15.19:3300/0,v1:172.21.15.19:6789/0] conn(0x7fd88c07ee30 0x7fd88c1a0060 secure :-1 s=READY pgs=60 cs=0 l=1 rev1=1 crypto rx=0x7fd874000c00 tx=0x7fd874011aa0 comp rx=0 tx=0).stop
2024-04-25T10:45:31.875 INFO:teuthology.orchestra.run.smithi019.stdout:/usr/bin/ceph: stderr
2024-04-25T10:45:30.917+0000 7fd891bbf700 1 -- 172.21.15.19:0/2002742757 shutdown_connections
2024-04-25T10:45:31.875 INFO:teuthology.orchestra.run.smithi019.stdout:/usr/bin/ceph: stderr
2024-04-25T10:45:30.917+0000 7fd891bbf700 1 --2- 172.21.15.19:0/2002742757 >> [v2:172.21.15.19:6800/1708221429,v1:172.21.15.19:6801/1708221429] conn(0x7fd874052830 0x7fd878043000 unknown :-1 s=CLOSED pgs=3 cs=0 l=1 rev1=1 crypto rx=0 tx=0 comp rx=0 tx=0).stop
2024-04-25T10:45:31.875 INFO:teuthology.orchestra.run.smithi019.stdout:/usr/bin/ceph: stderr
2024-04-25T10:45:30.917+0000 7fd891bbf700 1 --2- 172.21.15.19:0/2002742757 >> [v2:172.21.15.19:3300/0,v1:172.21.15.19:6789/0] conn(0x7fd88c07ee30 0x7fd88c1a0060 unknown :-1 s=CLOSED pgs=60 cs=0 l=1 rev1=1 crypto rx=0 tx=0 comp rx=0 tx=0).stop
2024-04-25T10:45:31.875 INFO:teuthology.orchestra.run.smithi019.stdout:/usr/bin/ceph: stderr
