2024-04-25T10:52:05.319+0000 7ff9e3600700 1 --2- 172.21.15.8:0/2564898197 >> [v2:172.21.15.8:3300/0,v1:172.21.15.8:6789/0] conn(0x7ff9dc109a20 0x7ff9dc109e30 unknown :-1 s=CLOSED pgs=18 cs=0 l=1 rev1=1 crypto rx=0 tx=0 comp rx=0 tx=0).stop
2024-04-25T10:52:06.385 INFO:teuthology.orchestra.run.smithi008.stdout:/usr/bin/ceph: stderr
2024-04-25T10:52:05.319+0000 7ff9e3600700 1 -- 172.21.15.8:0/2564898197 >> 172.21.15.8:0/2564898197 conn(0x7ff9dc105080 msgr2=0x7ff9dc107510 unknown :-1 s=STATE_NONE l=0).mark_down
2024-04-25T10:52:06.385 INFO:teuthology.orchestra.run.smithi008.stdout:/usr/bin/ceph: stderr
2024-04-25T10:52:05.319+0000 7ff9e3600700 1 -- 172.21.15.8:0/2564898197 shutdown_connections
2024-04-25T10:52:06.385 INFO:teuthology.orchestra.run.smithi008.stdout:/usr/bin/ceph: stderr
2024-04-25T10:52:05.319+0000 7ff9e3600700 1 -- 172.21.15.8:0/2564898197 wait complete.
2024-04-25T10:52:06.385 INFO:teuthology.orchestra.run.smithi008.stdout:/usr/bin/ceph: stderr
2024-04-25T10:52:05.320+0000 7ff9e3600700 1 Processor -- start
2024-04-25T10:52:06.385 INFO:teuthology.orchestra.run.smithi008.stdout:/usr/bin/ceph: stderr
2024-04-25T10:52:05.320+0000 7ff9e3600700 1 -- start start
2024-04-25T10:52:06.385 INFO:teuthology.orchestra.run.smithi008.stdout:/usr/bin/ceph: stderr
2024-04-25T10:52:05.321+0000 7ff9e3600700 1 --2- >> [v2:172.21.15.8:3300/0,v1:172.21.15.8:6789/0] conn(0x7ff9dc109a20 0x7ff9dc19dec0 unknown :-1 s=NONE pgs=0 cs=0 l=1 rev1=0 crypto rx=0 tx=0 comp rx=0 tx=0).connect
2024-04-25T10:52:06.385 INFO:teuthology.orchestra.run.smithi008.stdout:/usr/bin/ceph: stderr
2024-04-25T10:52:05.321+0000 7ff9e3600700 1 -- --> [v2:172.21.15.8:3300/0,v1:172.21.15.8:6789/0] -- mon_getmap magic: 0 -- 0x7ff9dc10df50 con 0x7ff9dc109a20
2024-04-25T10:52:06.385 INFO:teuthology.orchestra.run.smithi008.stdout:/usr/bin/ceph: stderr
2024-04-25T10:52:05.321+0000 7ff9e0c00700 1 --2- >> [v2:172.21.15.8:3300/0,v1:172.21.15.8:6789/0] conn(0x7ff9dc109a20 0x7ff9dc19dec0 unknown :-1 s=BANNER_CONNECTING pgs=0 cs=0 l=1 rev1=0 crypto rx=0 tx=0 comp rx=0 tx=0)._handle_peer_banner_payload supported=3 required=0
2024-04-25T10:52:06.385 INFO:teuthology.orchestra.run.smithi008.stdout:/usr/bin/ceph: stderr
2024-04-25T10:52:05.321+0000 7ff9e0c00700 1 --2- >> [v2:172.21.15.8:3300/0,v1:172.21.15.8:6789/0] conn(0x7ff9dc109a20 0x7ff9dc19dec0 unknown :-1 s=HELLO_CONNECTING pgs=0 cs=0 l=1 rev1=1 crypto rx=0 tx=0 comp rx=0 tx=0).handle_hello peer v2:172.21.15.8:3300/0 says I am v2:172.21.15.8:39892/0 (socket says 172.21.15.8:39892)
2024-04-25T10:52:06.385 INFO:teuthology.orchestra.run.smithi008.stdout:/usr/bin/ceph: stderr
2024-04-25T10:52:05.321+0000 7ff9e0c00700 1 -- 172.21.15.8:0/590190441 learned_addr learned my addr 172.21.15.8:0/590190441 (peer_addr_for_me v2:172.21.15.8:0/0)
2024-04-25T10:52:06.386 INFO:teuthology.orchestra.run.smithi008.stdout:/usr/bin/ceph: stderr
2024-04-25T10:52:05.321+0000 7ff9e0c00700 1 -- 172.21.15.8:0/590190441 --> [v2:172.21.15.8:3300/0,v1:172.21.15.8:6789/0] -- mon_subscribe({config=0+,monmap=0+}) -- 0x7ff9dc19e400 con 0x7ff9dc109a20
2024-04-25T10:52:06.386 INFO:teuthology.orchestra.run.smithi008.stdout:/usr/bin/ceph: stderr
2024-04-25T10:52:05.322+0000 7ff9e0c00700 1 --2- 172.21.15.8:0/590190441 >> [v2:172.21.15.8:3300/0,v1:172.21.15.8:6789/0] conn(0x7ff9dc109a20 0x7ff9dc19dec0 secure :-1 s=READY pgs=19 cs=0 l=1 rev1=1 crypto rx=0x7ff9d00090e0 tx=0x7ff9d0011940 comp rx=0 tx=0).ready entity=mon.0 client_cookie=0 server_cookie=0 in_seq=0 out_seq=0
2024-04-25T10:52:06.386 INFO:teuthology.orchestra.run.smithi008.stdout:/usr/bin/ceph: stderr
2024-04-25T10:52:05.322+0000 7ff9d9600700 1 -- 172.21.15.8:0/590190441 <== mon.0 v2:172.21.15.8:3300/0 1 ==== mon_map magic: 0 ==== 205+0+0 (secure 0 0 0) 0x7ff9d00039e0 con 0x7ff9dc109a20
2024-04-25T10:52:06.386 INFO:teuthology.orchestra.run.smithi008.stdout:/usr/bin/ceph: stderr
2024-04-25T10:52:05.322+0000 7ff9d9600700 1 -- 172.21.15.8:0/590190441 <== mon.0 v2:172.21.15.8:3300/0 2 ==== config(26 keys) ==== 1070+0+0 (secure 0 0 0) 0x7ff9d0003b80 con 0x7ff9dc109a20
2024-04-25T10:52:06.386 INFO:teuthology.orchestra.run.smithi008.stdout:/usr/bin/ceph: stderr
2024-04-25T10:52:05.322+0000 7ff9e3600700 1 -- 172.21.15.8:0/590190441 --> [v2:172.21.15.8:3300/0,v1:172.21.15.8:6789/0] -- mon_subscribe({mgrmap=0+}) -- 0x7ff9dc19e690 con 0x7ff9dc109a20
2024-04-25T10:52:06.386 INFO:teuthology.orchestra.run.smithi008.stdout:/usr/bin/ceph: stderr
2024-04-25T10:52:05.322+0000 7ff9d9600700 1 -- 172.21.15.8:0/590190441 <== mon.0 v2:172.21.15.8:3300/0 3 ==== mon_map magic: 0 ==== 205+0+0 (secure 0 0 0) 0x7ff9d0024690 con 0x7ff9dc109a20
2024-04-25T10:52:06.386 INFO:teuthology.orchestra.run.smithi008.stdout:/usr/bin/ceph: stderr
2024-04-25T10:52:05.322+0000 7ff9e3600700 1 -- 172.21.15.8:0/590190441 --> [v2:172.21.15.8:3300/0,v1:172.21.15.8:6789/0] -- mon_subscribe({osdmap=0}) -- 0x7ff9dc1a12a0 con 0x7ff9dc109a20
2024-04-25T10:52:06.386 INFO:teuthology.orchestra.run.smithi008.stdout:/usr/bin/ceph: stderr
2024-04-25T10:52:05.323+0000 7ff9e3600700 1 -- 172.21.15.8:0/590190441 --> [v2:172.21.15.8:3300/0,v1:172.21.15.8:6789/0] -- mon_command({"prefix": "get_command_descriptions"} v 0) -- 0x7ff9dc064cf0 con 0x7ff9dc109a20
2024-04-25T10:52:06.386 INFO:teuthology.orchestra.run.smithi008.stdout:/usr/bin/ceph: stderr
2024-04-25T10:52:05.323+0000 7ff9d9600700 1 -- 172.21.15.8:0/590190441 <== mon.0 v2:172.21.15.8:3300/0 4 ==== mgrmap(e 4) ==== 49505+0+0 (secure 0 0 0) 0x7ff9d0022020 con 0x7ff9dc109a20
2024-04-25T10:52:06.386 INFO:teuthology.orchestra.run.smithi008.stdout:/usr/bin/ceph: stderr
2024-04-25T10:52:05.324+0000 7ff9d9600700 1 --2- 172.21.15.8:0/590190441 >> [v2:172.21.15.8:6800/1963696540,v1:172.21.15.8:6801/1963696540] conn(0x7ff9c403d520 0x7ff9c403fa30 unknown :-1 s=NONE pgs=0 cs=0 l=1 rev1=0 crypto rx=0 tx=0 comp rx=0 tx=0).connect
2024-04-25T10:52:06.386 INFO:teuthology.orchestra.run.smithi008.stdout:/usr/bin/ceph: stderr
2024-04-25T10:52:05.324+0000 7ff9d9600700 1 -- 172.21.15.8:0/590190441 <== mon.0 v2:172.21.15.8:3300/0 5 ==== osd_map(1..1 src has 1..1) ==== 725+0+0 (secure 0 0 0) 0x7ff9d0052180 con 0x7ff9dc109a20
2024-04-25T10:52:06.386 INFO:teuthology.orchestra.run.smithi008.stdout:/usr/bin/ceph: stderr
2024-04-25T10:52:05.324+0000 7ff9dbe00700 1 --2- 172.21.15.8:0/590190441 >> [v2:172.21.15.8:6800/1963696540,v1:172.21.15.8:6801/1963696540] conn(0x7ff9c403d520 0x7ff9c403fa30 unknown :-1 s=BANNER_CONNECTING pgs=0 cs=0 l=1 rev1=0 crypto rx=0 tx=0 comp rx=0 tx=0)._handle_peer_banner_payload supported=3 required=0
2024-04-25T10:52:06.386 INFO:teuthology.orchestra.run.smithi008.stdout:/usr/bin/ceph: stderr
2024-04-25T10:52:05.325+0000 7ff9dbe00700 1 --2- 172.21.15.8:0/590190441 >> [v2:172.21.15.8:6800/1963696540,v1:172.21.15.8:6801/1963696540] conn(0x7ff9c403d520 0x7ff9c403fa30 secure :-1 s=READY pgs=6 cs=0 l=1 rev1=1 crypto rx=0x7ff9c8006fd0 tx=0x7ff9c8006e40 comp rx=0 tx=0).ready entity=mgr.14100 client_cookie=0 server_cookie=0 in_seq=0 out_seq=0
2024-04-25T10:52:06.386 INFO:teuthology.orchestra.run.smithi008.stdout:/usr/bin/ceph: stderr
2024-04-25T10:52:05.331+0000 7ff9d9600700 1 -- 172.21.15.8:0/590190441 <== mon.0 v2:172.21.15.8:3300/0 6 ==== mon_command_ack([{"prefix": "get_command_descriptions"}]=0 v0) ==== 72+0+188370 (secure 0 0 0) 0x7ff9d00212c0 con 0x7ff9dc109a20
2024-04-25T10:52:06.387 INFO:teuthology.orchestra.run.smithi008.stdout:/usr/bin/ceph: stderr
2024-04-25T10:52:05.655+0000 7ff9e3600700 1 -- 172.21.15.8:0/590190441 --> [v2:172.21.15.8:3300/0,v1:172.21.15.8:6789/0] -- mon_command({"prefix": "status", "format": "json-pretty"} v 0) -- 0x7ff9dc1a1920 con 0x7ff9dc109a20
2024-04-25T10:52:06.387 INFO:teuthology.orchestra.run.smithi008.stdout:/usr/bin/ceph: stderr
2024-04-25T10:52:05.656+0000 7ff9d9600700 1 -- 172.21.15.8:0/590190441 <== mon.0 v2:172.21.15.8:3300/0 7 ==== mon_command_ack([{"prefix": "status", "format": "json-pretty"}]=0 v0) ==== 79+0+1239 (secure 0 0 0) 0x7ff9d0051ee0 con 0x7ff9dc109a20
2024-04-25T10:52:06.387 INFO:teuthology.orchestra.run.smithi008.stdout:/usr/bin/ceph: stderr
2024-04-25T10:52:05.659+0000 7ff9e3600700 1 -- 172.21.15.8:0/590190441 >> [v2:172.21.15.8:6800/1963696540,v1:172.21.15.8:6801/1963696540] conn(0x7ff9c403d520 msgr2=0x7ff9c403fa30 secure :-1 s=STATE_CONNECTION_ESTABLISHED l=1).mark_down
2024-04-25T10:52:06.387 INFO:teuthology.orchestra.run.smithi008.stdout:/usr/bin/ceph: stderr
2024-04-25T10:52:05.659+0000 7ff9e3600700 1 --2- 172.21.15.8:0/590190441 >> [v2:172.21.15.8:6800/1963696540,v1:172.21.15.8:6801/1963696540] conn(0x7ff9c403d520 0x7ff9c403fa30 secure :-1 s=READY pgs=6 cs=0 l=1 rev1=1 crypto rx=0x7ff9c8006fd0 tx=0x7ff9c8006e40 comp rx=0 tx=0).stop
2024-04-25T10:52:06.387 INFO:teuthology.orchestra.run.smithi008.stdout:/usr/bin/ceph: stderr
2024-04-25T10:52:05.659+0000 7ff9e3600700 1 -- 172.21.15.8:0/590190441 >> [v2:172.21.15.8:3300/0,v1:172.21.15.8:6789/0] conn(0x7ff9dc109a20 msgr2=0x7ff9dc19dec0 secure :-1 s=STATE_CONNECTION_ESTABLISHED l=1).mark_down
2024-04-25T10:52:06.387 INFO:teuthology.orchestra.run.smithi008.stdout:/usr/bin/ceph: stderr
2024-04-25T10:52:05.659+0000 7ff9e3600700 1 --2- 172.21.15.8:0/590190441 >> [v2:172.21.15.8:3300/0,v1:172.21.15.8:6789/0] conn(0x7ff9dc109a20 0x7ff9dc19dec0 secure :-1 s=READY pgs=19 cs=0 l=1 rev1=1 crypto rx=0x7ff9d00090e0 tx=0x7ff9d0011940 comp rx=0 tx=0).stop
2024-04-25T10:52:06.387 INFO:teuthology.orchestra.run.smithi008.stdout:/usr/bin/ceph: stderr
2024-04-25T10:52:05.659+0000 7ff9e3600700 1 -- 172.21.15.8:0/590190441 shutdown_connections
2024-04-25T10:52:06.387 INFO:teuthology.orchestra.run.smithi008.stdout:/usr/bin/ceph: stderr
2024-04-25T10:52:05.659+0000 7ff9e3600700 1 --2- 172.21.15.8:0/590190441 >> [v2:172.21.15.8:6800/1963696540,v1:172.21.15.8:6801/1963696540] conn(0x7ff9c403d520 0x7ff9c403fa30 unknown :-1 s=CLOSED pgs=6 cs=0 l=1 rev1=1 crypto rx=0 tx=0 comp rx=0 tx=0).stop
2024-04-25T10:52:06.387 INFO:teuthology.orchestra.run.smithi008.stdout:/usr/bin/ceph: stderr
2024-04-25T10:52:05.659+0000 7ff9e3600700 1 --2- 172.21.15.8:0/590190441 >> [v2:172.21.15.8:3300/0,v1:172.21.15.8:6789/0] conn(0x7ff9dc109a20 0x7ff9dc19dec0 unknown :-1 s=CLOSED pgs=19 cs=0 l=1 rev1=1 crypto rx=0 tx=0 comp rx=0 tx=0).stop
2024-04-25T10:52:06.387 INFO:teuthology.orchestra.run.smithi008.stdout:/usr/bin/ceph: stderr
2024-04-25T10:52:05.659+0000 7ff9e3600700 1 -- 172.21.15.8:0/590190441 >> 172.21.15.8:0/590190441 conn(0x7ff9dc105080 msgr2=0x7ff9dc1059e0 unknown :-1 s=STATE_NONE l=0).mark_down
2024-04-25T10:52:06.387 INFO:teuthology.orchestra.run.smithi008.stdout:/usr/bin/ceph: stderr
2024-04-25T10:52:05.659+0000 7ff9e3600700 1 -- 172.21.15.8:0/590190441 shutdown_connections
2024-04-25T10:52:06.387 INFO:teuthology.orchestra.run.smithi008.stdout:/usr/bin/ceph: stderr
2024-04-25T10:52:05.659+0000 7ff9e3600700 1 -- 172.21.15.8:0/590190441 wait complete.
2024-04-25T10:52:06.387 INFO:teuthology.orchestra.run.smithi008.stdout:mgr is available
2024-04-25T10:52:07.707 INFO:journalctl@ceph.mon.a.smithi008.stdout:Apr 25 10:52:07 smithi008 ceph-mon[28025]: from='client.? 172.21.15.8:0/350094250' entity='client.admin' cmd=[{"prefix": "config assimilate-conf"}]: dispatch
2024-04-25T10:52:07.978 INFO:teuthology.orchestra.run.smithi008.stdout:/usr/bin/ceph: stdout
2024-04-25T10:52:07.978 INFO:teuthology.orchestra.run.smithi008.stdout:/usr/bin/ceph: stdout [global]
2024-04-25T10:52:07.978 INFO:teuthology.orchestra.run.smithi008.stdout:/usr/bin/ceph: stdout fsid = 9ff69472-02f1-11ef-bc93-c7b262605968
2024-04-25T10:52:07.978 INFO:teuthology.orchestra.run.smithi008.stdout:/usr/bin/ceph: stdout mon_cluster_log_file_level = debug
2024-04-25T10:52:07.979 INFO:teuthology.orchestra.run.smithi008.stdout:/usr/bin/ceph: stdout mon_osd_allow_pg_remap = true
2024-04-25T10:52:07.979 INFO:teuthology.orchestra.run.smithi008.stdout:/usr/bin/ceph: stdout mon_osd_allow_primary_affinity = true
2024-04-25T10:52:07.979 INFO:teuthology.orchestra.run.smithi008.stdout:/usr/bin/ceph: stdout mon_warn_on_no_sortbitwise = false
2024-04-25T10:52:07.980 INFO:teuthology.orchestra.run.smithi008.stdout:/usr/bin/ceph: stdout osd_crush_chooseleaf_type = 0
2024-04-25T10:52:07.980 INFO:teuthology.orchestra.run.smithi008.stdout:/usr/bin/ceph: stdout
2024-04-25T10:52:07.980 INFO:teuthology.orchestra.run.smithi008.stdout:/usr/bin/ceph: stdout [mgr]
2024-04-25T10:52:07.980 INFO:teuthology.orchestra.run.smithi008.stdout:/usr/bin/ceph: stdout mgr/telemetry/nag = false
2024-04-25T10:52:07.980 INFO:teuthology.orchestra.run.smithi008.stdout:/usr/bin/ceph: stdout
2024-04-25T10:52:07.980 INFO:teuthology.orchestra.run.smithi008.stdout:/usr/bin/ceph: stdout [osd]
2024-04-25T10:52:07.980 INFO:teuthology.orchestra.run.smithi008.stdout:/usr/bin/ceph: stdout mon_osd_backfillfull_ratio = 0.85
2024-04-25T10:52:07.980 INFO:teuthology.orchestra.run.smithi008.stdout:/usr/bin/ceph: stdout mon_osd_full_ratio = 0.9
2024-04-25T10:52:07.980 INFO:teuthology.orchestra.run.smithi008.stdout:/usr/bin/ceph: stdout mon_osd_nearfull_ratio = 0.8
2024-04-25T10:52:07.983 INFO:teuthology.orchestra.run.smithi008.stdout:/usr/bin/ceph: stdout osd_map_max_advance = 10
2024-04-25T10:52:07.983 INFO:teuthology.orchestra.run.smithi008.stdout:/usr/bin/ceph: stdout osd_sloppy_crc = true
2024-04-25T10:52:07.983 INFO:teuthology.orchestra.run.smithi008.stdout:/usr/bin/ceph: stderr
2024-04-25T10:52:07.111+0000 7fc0c5000700 1 Processor -- start
2024-04-25T10:52:07.983 INFO:teuthology.orchestra.run.smithi008.stdout:/usr/bin/ceph: stderr
2024-04-25T10:52:07.112+0000 7fc0c5000700 1 -- start start
2024-04-25T10:52:07.983 INFO:teuthology.orchestra.run.smithi008.stdout:/usr/bin/ceph: stderr
2024-04-25T10:52:07.112+0000 7fc0c5000700 1 --2- >> [v2:172.21.15.8:3300/0,v1:172.21.15.8:6789/0] conn(0x7fc0c007f6c0 0x7fc0c007daf0 unknown :-1 s=NONE pgs=0 cs=0 l=0 rev1=0 crypto rx=0 tx=0 comp rx=0 tx=0).connect
2024-04-25T10:52:07.983 INFO:teuthology.orchestra.run.smithi008.stdout:/usr/bin/ceph: stderr
2024-04-25T10:52:07.112+0000 7fc0c5000700 1 -- --> [v2:172.21.15.8:3300/0,v1:172.21.15.8:6789/0] -- mon_getmap magic: 0 -- 0x7fc0c007e030 con 0x7fc0c007f6c0
2024-04-25T10:52:07.983 INFO:teuthology.orchestra.run.smithi008.stdout:/usr/bin/ceph: stderr
2024-04-25T10:52:07.112+0000 7fc0bde00700 1 --2- >> [v2:172.21.15.8:3300/0,v1:172.21.15.8:6789/0] conn(0x7fc0c007f6c0 0x7fc0c007daf0 unknown :-1 s=BANNER_CONNECTING pgs=0 cs=0 l=0 rev1=0 crypto rx=0 tx=0 comp rx=0 tx=0)._handle_peer_banner_payload supported=3 required=0
2024-04-25T10:52:07.983 INFO:teuthology.orchestra.run.smithi008.stdout:/usr/bin/ceph: stderr
2024-04-25T10:52:07.113+0000 7fc0bde00700 1 --2- >> [v2:172.21.15.8:3300/0,v1:172.21.15.8:6789/0] conn(0x7fc0c007f6c0 0x7fc0c007daf0 unknown :-1 s=HELLO_CONNECTING pgs=0 cs=0 l=0 rev1=1 crypto rx=0 tx=0 comp rx=0 tx=0).handle_hello peer v2:172.21.15.8:3300/0 says I am v2:172.21.15.8:39900/0 (socket says 172.21.15.8:39900)
2024-04-25T10:52:07.983 INFO:teuthology.orchestra.run.smithi008.stdout:/usr/bin/ceph: stderr
2024-04-25T10:52:07.113+0000 7fc0bde00700 1 -- 172.21.15.8:0/592877904 learned_addr learned my addr 172.21.15.8:0/592877904 (peer_addr_for_me v2:172.21.15.8:0/0)
2024-04-25T10:52:07.983 INFO:teuthology.orchestra.run.smithi008.stdout:/usr/bin/ceph: stderr
2024-04-25T10:52:07.113+0000 7fc0bde00700 1 -- 172.21.15.8:0/592877904 --> [v2:172.21.15.8:3300/0,v1:172.21.15.8:6789/0] -- mon_subscribe({config=0+,monmap=0+}) -- 0x7fc0c007e1b0 con 0x7fc0c007f6c0
2024-04-25T10:52:07.983 INFO:teuthology.orchestra.run.smithi008.stdout:/usr/bin/ceph: stderr
2024-04-25T10:52:07.113+0000 7fc0bde00700 1 --2- 172.21.15.8:0/592877904 >> [v2:172.21.15.8:3300/0,v1:172.21.15.8:6789/0] conn(0x7fc0c007f6c0 0x7fc0c007daf0 secure :-1 s=READY pgs=20 cs=0 l=1 rev1=1 crypto rx=0x7fc0b00098a0 tx=0x7fc0b0009bb0 comp rx=0 tx=0).ready entity=mon.0 client_cookie=a9d8385abd5a1a1 server_cookie=0 in_seq=0 out_seq=0
2024-04-25T10:52:07.983 INFO:teuthology.orchestra.run.smithi008.stdout:/usr/bin/ceph: stderr
2024-04-25T10:52:07.114+0000 7fc0bca00700 1 -- 172.21.15.8:0/592877904 <== mon.0 v2:172.21.15.8:3300/0 1 ==== mon_map magic: 0 ==== 205+0+0 (secure 0 0 0) 0x7fc0b0004160 con 0x7fc0c007f6c0
2024-04-25T10:52:07.983 INFO:teuthology.orchestra.run.smithi008.stdout:/usr/bin/ceph: stderr
2024-04-25T10:52:07.114+0000 7fc0bca00700 1 -- 172.21.15.8:0/592877904 <== mon.0 v2:172.21.15.8:3300/0 2 ==== config(26 keys) ==== 1070+0+0 (secure 0 0 0) 0x7fc0b0004300 con 0x7fc0c007f6c0
2024-04-25T10:52:07.984 INFO:teuthology.orchestra.run.smithi008.stdout:/usr/bin/ceph: stderr
2024-04-25T10:52:07.114+0000 7fc0bca00700 1 -- 172.21.15.8:0/592877904 <== mon.0 v2:172.21.15.8:3300/0 3 ==== mon_map magic: 0 ==== 205+0+0 (secure 0 0 0) 0x7fc0b0011af0 con 0x7fc0c007f6c0
2024-04-25T10:52:07.984 INFO:teuthology.orchestra.run.smithi008.stdout:/usr/bin/ceph: stderr
2024-04-25T10:52:07.114+0000 7fc0c5000700 1 -- 172.21.15.8:0/592877904 >> [v2:172.21.15.8:3300/0,v1:172.21.15.8:6789/0] conn(0x7fc0c007f6c0 msgr2=0x7fc0c007daf0 secure :-1 s=STATE_CONNECTION_ESTABLISHED l=1).mark_down
2024-04-25T10:52:07.984 INFO:teuthology.orchestra.run.smithi008.stdout:/usr/bin/ceph: stderr
2024-04-25T10:52:07.114+0000 7fc0c5000700 1 --2- 172.21.15.8:0/592877904 >> [v2:172.21.15.8:3300/0,v1:172.21.15.8:6789/0] conn(0x7fc0c007f6c0 0x7fc0c007daf0 secure :-1 s=READY pgs=20 cs=0 l=1 rev1=1 crypto rx=0x7fc0b00098a0 tx=0x7fc0b0009bb0 comp rx=0 tx=0).stop
2024-04-25T10:52:07.984 INFO:teuthology.orchestra.run.smithi008.stdout:/usr/bin/ceph: stderr
2024-04-25T10:52:07.115+0000 7fc0c5000700 1 -- 172.21.15.8:0/592877904 shutdown_connections
2024-04-25T10:52:07.984 INFO:teuthology.orchestra.run.smithi008.stdout:/usr/bin/ceph: stderr
2024-04-25T10:52:07.115+0000 7fc0c5000700 1 --2- 172.21.15.8:0/592877904 >> [v2:172.21.15.8:3300/0,v1:172.21.15.8:6789/0] conn(0x7fc0c007f6c0 0x7fc0c007daf0 unknown :-1 s=CLOSED pgs=20 cs=0 l=1 rev1=1 crypto rx=0 tx=0 comp rx=0 tx=0).stop
2024-04-25T10:52:07.984 INFO:teuthology.orchestra.run.smithi008.stdout:/usr/bin/ceph: stderr
2024-04-25T10:52:07.115+0000 7fc0c5000700 1 -- 172.21.15.8:0/592877904 >> 172.21.15.8:0/592877904 conn(0x7fc0c0105090 msgr2=0x7fc0c01074e0 unknown :-1 s=STATE_NONE l=0).mark_down
2024-04-25T10:52:07.984 INFO:teuthology.orchestra.run.smithi008.stdout:/usr/bin/ceph: stderr
2024-04-25T10:52:07.115+0000 7fc0c5000700 1 -- 172.21.15.8:0/592877904 shutdown_connections
2024-04-25T10:52:07.984 INFO:teuthology.orchestra.run.smithi008.stdout:/usr/bin/ceph: stderr
2024-04-25T10:52:07.115+0000 7fc0c5000700 1 -- 172.21.15.8:0/592877904 wait complete.
2024-04-25T10:52:07.984 INFO:teuthology.orchestra.run.smithi008.stdout:/usr/bin/ceph: stderr
2024-04-25T10:52:07.116+0000 7fc0c5000700 1 Processor -- start
2024-04-25T10:52:07.987 INFO:teuthology.orchestra.run.smithi008.stdout:/usr/bin/ceph: stderr
2024-04-25T10:52:07.116+0000 7fc0c5000700 1 -- start start
2024-04-25T10:52:07.987 INFO:teuthology.orchestra.run.smithi008.stdout:/usr/bin/ceph: stderr
2024-04-25T10:52:07.116+0000 7fc0c5000700 1 --2- >> [v2:172.21.15.8:3300/0,v1:172.21.15.8:6789/0] conn(0x7fc0c007f6c0 0x7fc0c019ffd0 unknown :-1 s=NONE pgs=0 cs=0 l=1 rev1=0 crypto rx=0 tx=0 comp rx=0 tx=0).connect
2024-04-25T10:52:07.988 INFO:teuthology.orchestra.run.smithi008.stdout:/usr/bin/ceph: stderr
2024-04-25T10:52:07.116+0000 7fc0c5000700 1 -- --> [v2:172.21.15.8:3300/0,v1:172.21.15.8:6789/0] -- mon_getmap magic: 0 -- 0x7fc0c010ff60 con 0x7fc0c007f6c0
2024-04-25T10:52:07.988 INFO:teuthology.orchestra.run.smithi008.stdout:/usr/bin/ceph: stderr
2024-04-25T10:52:07.117+0000 7fc0bde00700 1 --2- >> [v2:172.21.15.8:3300/0,v1:172.21.15.8:6789/0] conn(0x7fc0c007f6c0 0x7fc0c019ffd0 unknown :-1 s=BANNER_CONNECTING pgs=0 cs=0 l=1 rev1=0 crypto rx=0 tx=0 comp rx=0 tx=0)._handle_peer_banner_payload supported=3 required=0
2024-04-25T10:52:07.988 INFO:teuthology.orchestra.run.smithi008.stdout:/usr/bin/ceph: stderr
2024-04-25T10:52:07.117+0000 7fc0bde00700 1 --2- >> [v2:172.21.15.8:3300/0,v1:172.21.15.8:6789/0] conn(0x7fc0c007f6c0 0x7fc0c019ffd0 unknown :-1 s=HELLO_CONNECTING pgs=0 cs=0 l=1 rev1=1 crypto rx=0 tx=0 comp rx=0 tx=0).handle_hello peer v2:172.21.15.8:3300/0 says I am v2:172.21.15.8:39902/0 (socket says 172.21.15.8:39902)
2024-04-25T10:52:07.988 INFO:teuthology.orchestra.run.smithi008.stdout:/usr/bin/ceph: stderr
2024-04-25T10:52:07.117+0000 7fc0bde00700 1 -- 172.21.15.8:0/350094250 learned_addr learned my addr 172.21.15.8:0/350094250 (peer_addr_for_me v2:172.21.15.8:0/0)
2024-04-25T10:52:07.988 INFO:teuthology.orchestra.run.smithi008.stdout:/usr/bin/ceph: stderr
2024-04-25T10:52:07.117+0000 7fc0bde00700 1 -- 172.21.15.8:0/350094250 --> [v2:172.21.15.8:3300/0,v1:172.21.15.8:6789/0] -- mon_subscribe({config=0+,monmap=0+}) -- 0x7fc0c01a0510 con 0x7fc0c007f6c0
2024-04-25T10:52:07.988 INFO:teuthology.orchestra.run.smithi008.stdout:/usr/bin/ceph: stderr
2024-04-25T10:52:07.117+0000 7fc0bde00700 1 --2- 172.21.15.8:0/350094250 >> [v2:172.21.15.8:3300/0,v1:172.21.15.8:6789/0] conn(0x7fc0c007f6c0 0x7fc0c019ffd0 secure :-1 s=READY pgs=21 cs=0 l=1 rev1=1 crypto rx=0x7fc0b0009fb0 tx=0x7fc0b0011890 comp rx=0 tx=0).ready entity=mon.0 client_cookie=0 server_cookie=0 in_seq=0 out_seq=0
2024-04-25T10:52:07.988 INFO:teuthology.orchestra.run.smithi008.stdout:/usr/bin/ceph: stderr
2024-04-25T10:52:07.118+0000 7fc0b6a00700 1 -- 172.21.15.8:0/350094250 <== mon.0 v2:172.21.15.8:3300/0 1 ==== mon_map magic: 0 ==== 205+0+0 (secure 0 0 0) 0x7fc0b0011bc0 con 0x7fc0c007f6c0
2024-04-25T10:52:07.988 INFO:teuthology.orchestra.run.smithi008.stdout:/usr/bin/ceph: stderr
2024-04-25T10:52:07.118+0000 7fc0b6a00700 1 -- 172.21.15.8:0/350094250 <== mon.0 v2:172.21.15.8:3300/0 2 ==== config(26 keys) ==== 1070+0+0 (secure 0 0 0) 0x7fc0b0024440 con 0x7fc0c007f6c0
2024-04-25T10:52:07.988 INFO:teuthology.orchestra.run.smithi008.stdout:/usr/bin/ceph: stderr
2024-04-25T10:52:07.118+0000 7fc0b6a00700 1 -- 172.21.15.8:0/350094250 <== mon.0 v2:172.21.15.8:3300/0 3 ==== mon_map magic: 0 ==== 205+0+0 (secure 0 0 0) 0x7fc0b001a5c0 con 0x7fc0c007f6c0
2024-04-25T10:52:07.988 INFO:teuthology.orchestra.run.smithi008.stdout:/usr/bin/ceph: stderr
2024-04-25T10:52:07.118+0000 7fc0c5000700 1 -- 172.21.15.8:0/350094250 --> [v2:172.21.15.8:3300/0,v1:172.21.15.8:6789/0] -- mon_subscribe({mgrmap=0+}) -- 0x7fc0c01a07a0 con 0x7fc0c007f6c0
2024-04-25T10:52:07.988 INFO:teuthology.orchestra.run.smithi008.stdout:/usr/bin/ceph: stderr
2024-04-25T10:52:07.118+0000 7fc0c5000700 1 -- 172.21.15.8:0/350094250 --> [v2:172.21.15.8:3300/0,v1:172.21.15.8:6789/0] -- mon_subscribe({osdmap=0}) -- 0x7fc0c01a33b0 con 0x7fc0c007f6c0
2024-04-25T10:52:07.988 INFO:teuthology.orchestra.run.smithi008.stdout:/usr/bin/ceph: stderr
2024-04-25T10:52:07.119+0000 7fc0c5000700 1 -- 172.21.15.8:0/350094250 --> [v2:172.21.15.8:3300/0,v1:172.21.15.8:6789/0] -- mon_command({"prefix": "get_command_descriptions"} v 0) -- 0x7fc0c0064cf0 con 0x7fc0c007f6c0
2024-04-25T10:52:07.988 INFO:teuthology.orchestra.run.smithi008.stdout:/usr/bin/ceph: stderr
2024-04-25T10:52:07.119+0000 7fc0b6a00700 1 -- 172.21.15.8:0/350094250 <== mon.0 v2:172.21.15.8:3300/0 4 ==== mgrmap(e 4) ==== 49505+0+0 (secure 0 0 0) 0x7fc0b00038b0 con 0x7fc0c007f6c0
2024-04-25T10:52:07.988 INFO:teuthology.orchestra.run.smithi008.stdout:/usr/bin/ceph: stderr
2024-04-25T10:52:07.120+0000 7fc0b6a00700 1 --2- 172.21.15.8:0/350094250 >> [v2:172.21.15.8:6800/1963696540,v1:172.21.15.8:6801/1963696540] conn(0x7fc0a403d520 0x7fc0a403fa30 unknown :-1 s=NONE pgs=0 cs=0 l=1 rev1=0 crypto rx=0 tx=0 comp rx=0 tx=0).connect
2024-04-25T10:52:07.988 INFO:teuthology.orchestra.run.smithi008.stdout:/usr/bin/ceph: stderr
2024-04-25T10:52:07.120+0000 7fc0b6a00700 1 -- 172.21.15.8:0/350094250 <== mon.0 v2:172.21.15.8:3300/0 5 ==== osd_map(1..1 src has 1..1) ==== 725+0+0 (secure 0 0 0) 0x7fc0b0052540 con 0x7fc0c007f6c0
2024-04-25T10:52:07.989 INFO:teuthology.orchestra.run.smithi008.stdout:/usr/bin/ceph: stderr
2024-04-25T10:52:07.120+0000 7fc0bd400700 1 --2- 172.21.15.8:0/350094250 >> [v2:172.21.15.8:6800/1963696540,v1:172.21.15.8:6801/1963696540] conn(0x7fc0a403d520 0x7fc0a403fa30 unknown :-1 s=BANNER_CONNECTING pgs=0 cs=0 l=1 rev1=0 crypto rx=0 tx=0 comp rx=0 tx=0)._handle_peer_banner_payload supported=3 required=0
2024-04-25T10:52:07.989 INFO:teuthology.orchestra.run.smithi008.stdout:/usr/bin/ceph: stderr
2024-04-25T10:52:07.121+0000 7fc0bd400700 1 --2- 172.21.15.8:0/350094250 >> [v2:172.21.15.8:6800/1963696540,v1:172.21.15.8:6801/1963696540] conn(0x7fc0a403d520 0x7fc0a403fa30 secure :-1 s=READY pgs=7 cs=0 l=1 rev1=1 crypto rx=0x7fc0ac006fd0 tx=0x7fc0ac006e40 comp rx=0 tx=0).ready entity=mgr.14100 client_cookie=0 server_cookie=0 in_seq=0 out_seq=0
2024-04-25T10:52:07.989 INFO:teuthology.orchestra.run.smithi008.stdout:/usr/bin/ceph: stderr
2024-04-25T10:52:07.126+0000 7fc0b6a00700 1 -- 172.21.15.8:0/350094250 <== mon.0 v2:172.21.15.8:3300/0 6 ==== mon_command_ack([{"prefix": "get_command_descriptions"}]=0 v0) ==== 72+0+188370 (secure 0 0 0) 0x7fc0b000f2e0 con 0x7fc0c007f6c0
2024-04-25T10:52:07.989 INFO:teuthology.orchestra.run.smithi008.stdout:/usr/bin/ceph: stderr
2024-04-25T10:52:07.355+0000 7fc0c5000700 1 -- 172.21.15.8:0/350094250 --> [v2:172.21.15.8:3300/0,v1:172.21.15.8:6789/0] -- mon_command({"prefix": "config assimilate-conf"} v 0) -- 0x7fc0c01a3580 con 0x7fc0c007f6c0
2024-04-25T10:52:07.989 INFO:teuthology.orchestra.run.smithi008.stdout:/usr/bin/ceph: stderr
2024-04-25T10:52:07.357+0000 7fc0b6a00700 1 -- 172.21.15.8:0/350094250 <== mon.0 v2:172.21.15.8:3300/0 7 ==== mon_command_ack([{"prefix": "config assimilate-conf"}]=0 v3) ==== 70+0+409 (secure 0 0 0) 0x7fc0b00245f0 con 0x7fc0c007f6c0
2024-04-25T10:52:07.989 INFO:teuthology.orchestra.run.smithi008.stdout:/usr/bin/ceph: stderr
2024-04-25T10:52:07.360+0000 7fc0c5000700 1 -- 172.21.15.8:0/350094250 >> [v2:172.21.15.8:6800/1963696540,v1:172.21.15.8:6801/1963696540] conn(0x7fc0a403d520 msgr2=0x7fc0a403fa30 secure :-1 s=STATE_CONNECTION_ESTABLISHED l=1).mark_down
2024-04-25T10:52:07.989 INFO:teuthology.orchestra.run.smithi008.stdout:/usr/bin/ceph: stderr
2024-04-25T10:52:07.360+0000 7fc0c5000700 1 --2- 172.21.15.8:0/350094250 >> [v2:172.21.15.8:6800/1963696540,v1:172.21.15.8:6801/1963696540] conn(0x7fc0a403d520 0x7fc0a403fa30 secure :-1 s=READY pgs=7 cs=0 l=1 rev1=1 crypto rx=0x7fc0ac006fd0 tx=0x7fc0ac006e40 comp rx=0 tx=0).stop
2024-04-25T10:52:07.989 INFO:teuthology.orchestra.run.smithi008.stdout:/usr/bin/ceph: stderr
2024-04-25T10:52:07.360+0000 7fc0c5000700 1 -- 172.21.15.8:0/350094250 >> [v2:172.21.15.8:3300/0,v1:172.21.15.8:6789/0] conn(0x7fc0c007f6c0 msgr2=0x7fc0c019ffd0 secure :-1 s=STATE_CONNECTION_ESTABLISHED l=1).mark_down
2024-04-25T10:52:07.989 INFO:teuthology.orchestra.run.smithi008.stdout:/usr/bin/ceph: stderr
2024-04-25T10:52:07.360+0000 7fc0c5000700 1 --2- 172.21.15.8:0/350094250 >> [v2:172.21.15.8:3300/0,v1:172.21.15.8:6789/0] conn(0x7fc0c007f6c0 0x7fc0c019ffd0 secure :-1 s=READY pgs=21 cs=0 l=1 rev1=1 crypto rx=0x7fc0b0009fb0 tx=0x7fc0b0011890 comp rx=0 tx=0).stop
2024-04-25T10:52:07.989 INFO:teuthology.orchestra.run.smithi008.stdout:/usr/bin/ceph: stderr
2024-04-25T10:52:07.361+0000 7fc0c5000700 1 -- 172.21.15.8:0/350094250 shutdown_connections
2024-04-25T10:52:07.989 INFO:teuthology.orchestra.run.smithi008.stdout:/usr/bin/ceph: stderr
2024-04-25T10:52:07.361+0000 7fc0c5000700 1 --2- 172.21.15.8:0/350094250 >> [v2:172.21.15.8:6800/1963696540,v1:172.21.15.8:6801/1963696540] conn(0x7fc0a403d520 0x7fc0a403fa30 unknown :-1 s=CLOSED pgs=7 cs=0 l=1 rev1=1 crypto rx=0 tx=0 comp rx=0 tx=0).stop
2024-04-25T10:52:07.989 INFO:teuthology.orchestra.run.smithi008.stdout:/usr/bin/ceph: stderr
2024-04-25T10:52:07.361+0000 7fc0c5000700 1 --2- 172.21.15.8:0/350094250 >> [v2:172.21.15.8:3300/0,v1:172.21.15.8:6789/0] conn(0x7fc0c007f6c0 0x7fc0c019ffd0 unknown :-1 s=CLOSED pgs=21 cs=0 l=1 rev1=1 crypto rx=0 tx=0 comp rx=0 tx=0).stop
2024-04-25T10:52:07.989 INFO:teuthology.orchestra.run.smithi008.stdout:/usr/bin/ceph: stderr
2024-04-25T10:52:07.361+0000 7fc0c5000700 1 -- 172.21.15.8:0/350094250 >> 172.21.15.8:0/350094250 conn(0x7fc0c0105090 msgr2=0x7fc0c0105a40 unknown :-1 s=STATE_NONE l=0).mark_down
2024-04-25T10:52:07.989 INFO:teuthology.orchestra.run.smithi008.stdout:/usr/bin/ceph: stderr
2024-04-25T10:52:07.361+0000 7fc0c5000700 1 -- 172.21.15.8:0/350094250 shutdown_connections
2024-04-25T10:52:07.989 INFO:teuthology.orchestra.run.smithi008.stdout:/usr/bin/ceph: stderr
2024-04-25T10:52:07.361+0000 7fc0c5000700 1 -- 172.21.15.8:0/350094250 wait complete.
2024-04-25T10:52:07.990 INFO:teuthology.orchestra.run.smithi008.stdout:Enabling cephadm module...
2024-04-25T10:52:09.277 INFO:journalctl@ceph.mon.a.smithi008.stdout:Apr 25 10:52:09 smithi008 ceph-mon[28025]: from='client.? 172.21.15.8:0/2923603221' entity='client.admin' cmd=[{"prefix": "mgr module enable", "module": "cephadm"}]: dispatch
2024-04-25T10:52:09.707 INFO:journalctl@ceph.mgr.x.smithi008.stdout:Apr 25 10:52:09 smithi008 ceph-9ff69472-02f1-11ef-bc93-c7b262605968-mgr-x[28261]: ignoring --setuser ceph since I am not root
2024-04-25T10:52:09.707 INFO:journalctl@ceph.mgr.x.smithi008.stdout:Apr 25 10:52:09 smithi008 ceph-9ff69472-02f1-11ef-bc93-c7b262605968-mgr-x[28261]: ignoring --setgroup ceph since I am not root
2024-04-25T10:52:09.707 INFO:journalctl@ceph.mgr.x.smithi008.stdout:Apr 25 10:52:09 smithi008 ceph-9ff69472-02f1-11ef-bc93-c7b262605968-mgr-x[28261]:
2024-04-25T10:52:09.463+0000 7ffa1015a200 -1 mgr[py] Module balancer has missing NOTIFY_TYPES member
2024-04-25T10:52:09.770 INFO:teuthology.orchestra.run.smithi008.stdout:/usr/bin/ceph: stderr
2024-04-25T10:52:08.715+0000 7f8579200700 1 Processor -- start
2024-04-25T10:52:09.770 INFO:teuthology.orchestra.run.smithi008.stdout:/usr/bin/ceph: stderr
2024-04-25T10:52:08.715+0000 7f8579200700 1 -- start start
2024-04-25T10:52:09.770 INFO:teuthology.orchestra.run.smithi008.stdout:/usr/bin/ceph: stderr
2024-04-25T10:52:08.715+0000 7f8579200700 1 --2- >> [v2:172.21.15.8:3300/0,v1:172.21.15.8:6789/0] conn(0x7f8574109a10 0x7f8574109e20 unknown :-1 s=NONE pgs=0 cs=0 l=0 rev1=0 crypto rx=0 tx=0 comp rx=0 tx=0).connect
2024-04-25T10:52:09.770 INFO:teuthology.orchestra.run.smithi008.stdout:/usr/bin/ceph: stderr
2024-04-25T10:52:08.715+0000 7f8579200700 1 -- --> [v2:172.21.15.8:3300/0,v1:172.21.15.8:6789/0] -- mon_getmap magic: 0 -- 0x7f857410a410 con 0x7f8574109a10
2024-04-25T10:52:09.770 INFO:teuthology.orchestra.run.smithi008.stdout:/usr/bin/ceph: stderr
2024-04-25T10:52:08.716+0000 7f8571e00700 1 --2- >> [v2:172.21.15.8:3300/0,v1:172.21.15.8:6789/0] conn(0x7f8574109a10 0x7f8574109e20 unknown :-1 s=BANNER_CONNECTING pgs=0 cs=0 l=0 rev1=0 crypto rx=0 tx=0 comp rx=0 tx=0)._handle_peer_banner_payload supported=3 required=0
2024-04-25T10:52:09.770 INFO:teuthology.orchestra.run.smithi008.stdout:/usr/bin/ceph: stderr
2024-04-25T10:52:08.716+0000 7f8571e00700 1 --2- >> [v2:172.21.15.8:3300/0,v1:172.21.15.8:6789/0] conn(0x7f8574109a10 0x7f8574109e20 unknown :-1 s=HELLO_CONNECTING pgs=0 cs=0 l=0 rev1=1 crypto rx=0 tx=0 comp rx=0 tx=0).handle_hello peer v2:172.21.15.8:3300/0 says I am v2:172.21.15.8:39906/0 (socket says 172.21.15.8:39906)
2024-04-25T10:52:09.770 INFO:teuthology.orchestra.run.smithi008.stdout:/usr/bin/ceph: stderr
2024-04-25T10:52:08.716+0000 7f8571e00700 1 -- 172.21.15.8:0/3309218730 learned_addr learned my addr 172.21.15.8:0/3309218730 (peer_addr_for_me v2:172.21.15.8:0/0)
2024-04-25T10:52:09.770 INFO:teuthology.orchestra.run.smithi008.stdout:/usr/bin/ceph: stderr
2024-04-25T10:52:08.716+0000 7f8571e00700 1 -- 172.21.15.8:0/3309218730 --> [v2:172.21.15.8:3300/0,v1:172.21.15.8:6789/0] -- mon_subscribe({config=0+,monmap=0+}) -- 0x7f857410abe0 con 0x7f8574109a10
2024-04-25T10:52:09.770 INFO:teuthology.orchestra.run.smithi008.stdout:/usr/bin/ceph: stderr
2024-04-25T10:52:08.717+0000 7f8571e00700 1 --2- 172.21.15.8:0/3309218730 >> [v2:172.21.15.8:3300/0,v1:172.21.15.8:6789/0] conn(0x7f8574109a10 0x7f8574109e20 secure :-1 s=READY pgs=22 cs=0 l=1 rev1=1 crypto rx=0x7f85640098a0 tx=0x7f8564009bb0 comp rx=0 tx=0).ready entity=mon.0 client_cookie=3147cb03fba47101 server_cookie=0 in_seq=0 out_seq=0
2024-04-25T10:52:09.771 INFO:teuthology.orchestra.run.smithi008.stdout:/usr/bin/ceph: stderr
2024-04-25T10:52:08.717+0000 7f8571400700 1 -- 172.21.15.8:0/3309218730 <== mon.0 v2:172.21.15.8:3300/0 1 ==== mon_map magic: 0 ==== 205+0+0 (secure 0 0 0) 0x7f8564004160 con 0x7f8574109a10
2024-04-25T10:52:09.771 INFO:teuthology.orchestra.run.smithi008.stdout:/usr/bin/ceph: stderr
2024-04-25T10:52:08.717+0000 7f8571400700 1 -- 172.21.15.8:0/3309218730 <== mon.0 v2:172.21.15.8:3300/0 2 ==== config(26 keys) ==== 1070+0+0 (secure 0 0 0) 0x7f8564004300 con 0x7f8574109a10
2024-04-25T10:52:09.775 INFO:teuthology.orchestra.run.smithi008.stdout:/usr/bin/ceph: stderr
2024-04-25T10:52:08.717+0000 7f8571400700 1 -- 172.21.15.8:0/3309218730 <== mon.0 v2:172.21.15.8:3300/0 3 ==== mon_map magic: 0 ==== 205+0+0 (secure 0 0 0) 0x7f8564011af0 con 0x7f8574109a10
2024-04-25T10:52:09.775 INFO:teuthology.orchestra.run.smithi008.stdout:/usr/bin/ceph: stderr
2024-04-25T10:52:08.718+0000 7f8579200700 1 -- 172.21.15.8:0/3309218730 >> [v2:172.21.15.8:3300/0,v1:172.21.15.8:6789/0] conn(0x7f8574109a10 msgr2=0x7f8574109e20 secure :-1 s=STATE_CONNECTION_ESTABLISHED l=1).mark_down
2024-04-25T10:52:09.775 INFO:teuthology.orchestra.run.smithi008.stdout:/usr/bin/ceph: stderr
2024-04-25T10:52:08.718+0000 7f8579200700 1 --2- 172.21.15.8:0/3309218730 >> [v2:172.21.15.8:3300/0,v1:172.21.15.8:6789/0] conn(0x7f8574109a10 0x7f8574109e20 secure :-1 s=READY pgs=22 cs=0 l=1 rev1=1 crypto rx=0x7f85640098a0 tx=0x7f8564009bb0 comp rx=0 tx=0).stop
2024-04-25T10:52:09.775 INFO:teuthology.orchestra.run.smithi008.stdout:/usr/bin/ceph: stderr
2024-04-25T10:52:08.718+0000 7f8579200700 1 -- 172.21.15.8:0/3309218730 shutdown_connections
2024-04-25T10:52:09.775 INFO:teuthology.orchestra.run.smithi008.stdout:/usr/bin/ceph: stderr
2024-04-25T10:52:08.718+0000 7f8579200700 1 --2- 172.21.15.8:0/3309218730 >> [v2:172.21.15.8:3300/0,v1:172.21.15.8:6789/0] conn(0x7f8574109a10 0x7f8574109e20 unknown :-1 s=CLOSED pgs=22 cs=0 l=1 rev1=1 crypto rx=0 tx=0 comp rx=0 tx=0).stop
2024-04-25T10:52:09.775 INFO:teuthology.orchestra.run.smithi008.stdout:/usr/bin/ceph: stderr
2024-04-25T10:52:08.718+0000 7f8579200700 1 -- 172.21.15.8:0/3309218730 >> 172.21.15.8:0/3309218730 conn(0x7f85741050f0 msgr2=0x7f8574107540 unknown :-1 s=STATE_NONE l=0).mark_down
2024-04-25T10:52:09.775 INFO:teuthology.orchestra.run.smithi008.stdout:/usr/bin/ceph: stderr
2024-04-25T10:52:08.718+0000 7f8579200700 1 -- 172.21.15.8:0/3309218730 shutdown_connections
2024-04-25T10:52:09.775 INFO:teuthology.orchestra.run.smithi008.stdout:/usr/bin/ceph: stderr
2024-04-25T10:52:08.718+0000 7f8579200700 1 -- 172.21.15.8:0/3309218730 wait complete.
2024-04-25T10:52:09.776 INFO:teuthology.orchestra.run.smithi008.stdout:/usr/bin/ceph: stderr
2024-04-25T10:52:08.719+0000 7f8579200700 1 Processor -- start
2024-04-25T10:52:09.776 INFO:teuthology.orchestra.run.smithi008.stdout:/usr/bin/ceph: stderr
2024-04-25T10:52:08.720+0000 7f8579200700 1 -- start start
2024-04-25T10:52:09.776 INFO:teuthology.orchestra.run.smithi008.stdout:/usr/bin/ceph: stderr
2024-04-25T10:52:08.720+0000 7f8579200700 1 --2- >> [v2:172.21.15.8:3300/0,v1:172.21.15.8:6789/0] conn(0x7f8574109a10 0x7f85741a00b0 unknown :-1 s=NONE pgs=0 cs=0 l=1 rev1=0 crypto rx=0 tx=0 comp rx=0 tx=0).connect
2024-04-25T10:52:09.776 INFO:teuthology.orchestra.run.smithi008.stdout:/usr/bin/ceph: stderr
2024-04-25T10:52:08.720+0000 7f8579200700 1 -- --> [v2:172.21.15.8:3300/0,v1:172.21.15.8:6789/0] -- mon_getmap magic: 0 -- 0x7f857410df90 con 0x7f8574109a10
2024-04-25T10:52:09.776 INFO:teuthology.orchestra.run.smithi008.stdout:/usr/bin/ceph: stderr
2024-04-25T10:52:08.720+0000 7f8571e00700 1 --2- >> [v2:172.21.15.8:3300/0,v1:172.21.15.8:6789/0] conn(0x7f8574109a10 0x7f85741a00b0 unknown :-1 s=BANNER_CONNECTING pgs=0 cs=0 l=1 rev1=0 crypto rx=0 tx=0 comp rx=0 tx=0)._handle_peer_banner_payload supported=3 required=0
2024-04-25T10:52:09.776 INFO:teuthology.orchestra.run.smithi008.stdout:/usr/bin/ceph: stderr
2024-04-25T10:52:08.720+0000 7f8571e00700 1 --2- >> [v2:172.21.15.8:3300/0,v1:172.21.15.8:6789/0] conn(0x7f8574109a10 0x7f85741a00b0 unknown :-1 s=HELLO_CONNECTING pgs=0 cs=0 l=1 rev1=1 crypto rx=0 tx=0 comp rx=0 tx=0).handle_hello peer v2:172.21.15.8:3300/0 says I am v2:172.21.15.8:39922/0 (socket says 172.21.15.8:39922)
2024-04-25T10:52:09.776 INFO:teuthology.orchestra.run.smithi008.stdout:/usr/bin/ceph: stderr
2024-04-25T10:52:08.720+0000 7f8571e00700 1 -- 172.21.15.8:0/2923603221 learned_addr learned my addr 172.21.15.8:0/2923603221 (peer_addr_for_me v2:172.21.15.8:0/0)
2024-04-25T10:52:09.776 INFO:teuthology.orchestra.run.smithi008.stdout:/usr/bin/ceph: stderr
2024-04-25T10:52:08.721+0000 7f8571e00700 1 -- 172.21.15.8:0/2923603221 --> [v2:172.21.15.8:3300/0,v1:172.21.15.8:6789/0] -- mon_subscribe({config=0+,monmap=0+}) -- 0x7f85741a05f0 con 0x7f8574109a10
2024-04-25T10:52:09.776 INFO:teuthology.orchestra.run.smithi008.stdout:/usr/bin/ceph: stderr
2024-04-25T10:52:08.721+0000 7f8571e00700 1 --2- 172.21.15.8:0/2923603221 >> [v2:172.21.15.8:3300/0,v1:172.21.15.8:6789/0] conn(0x7f8574109a10 0x7f85741a00b0 secure :-1 s=READY pgs=23 cs=0 l=1 rev1=1 crypto rx=0x7f8564011670 tx=0x7f8564004280 comp rx=0 tx=0).ready entity=mon.0 client_cookie=0 server_cookie=0 in_seq=0 out_seq=0
2024-04-25T10:52:09.776 INFO:teuthology.orchestra.run.smithi008.stdout:/usr/bin/ceph: stderr
2024-04-25T10:52:08.721+0000 7f856aa00700 1 -- 172.21.15.8:0/2923603221 <== mon.0 v2:172.21.15.8:3300/0 1 ==== mon_map magic: 0 ==== 205+0+0 (secure 0 0 0) 0x7f85640036a0 con 0x7f8574109a10
2024-04-25T10:52:09.776 INFO:teuthology.orchestra.run.smithi008.stdout:/usr/bin/ceph: stderr
2024-04-25T10:52:08.721+0000 7f856aa00700 1 -- 172.21.15.8:0/2923603221 <== mon.0 v2:172.21.15.8:3300/0 2 ==== config(26 keys) ==== 1070+0+0 (secure 0 0 0) 0x7f8564003cd0 con 0x7f8574109a10
2024-04-25T10:52:09.776 INFO:teuthology.orchestra.run.smithi008.stdout:/usr/bin/ceph: stderr
2024-04-25T10:52:08.721+0000 7f856aa00700 1 -- 172.21.15.8:0/2923603221 <== mon.0 v2:172.21.15.8:3300/0 3 ==== mon_map magic: 0 ==== 205+0+0 (secure 0 0 0) 0x7f85640193c0 con 0x7f8574109a10
2024-04-25T10:52:09.776 INFO:teuthology.orchestra.run.smithi008.stdout:/usr/bin/ceph: stderr
2024-04-25T10:52:08.721+0000 7f8579200700 1 -- 172.21.15.8:0/2923603221 --> [v2:172.21.15.8:3300/0,v1:172.21.15.8:6789/0] -- mon_subscribe({mgrmap=0+}) -- 0x7f85741a0880 con 0x7f8574109a10
2024-04-25T10:52:09.777 INFO:teuthology.orchestra.run.smithi008.stdout:/usr/bin/ceph: stderr
2024-04-25T10:52:08.722+0000 7f8579200700 1 -- 172.21.15.8:0/2923603221 --> [v2:172.21.15.8:3300/0,v1:172.21.15.8:6789/0] -- mon_subscribe({osdmap=0}) -- 0x7f85741a3490 con 0x7f8574109a10
2024-04-25T10:52:09.777 INFO:teuthology.orchestra.run.smithi008.stdout:/usr/bin/ceph: stderr
2024-04-25T10:52:08.723+0000 7f8579200700 1 -- 172.21.15.8:0/2923603221 --> [v2:172.21.15.8:3300/0,v1:172.21.15.8:6789/0] -- mon_command({"prefix": "get_command_descriptions"} v 0) -- 0x7f8574064cf0 con 0x7f8574109a10
2024-04-25T10:52:09.777 INFO:teuthology.orchestra.run.smithi008.stdout:/usr/bin/ceph: stderr
2024-04-25T10:52:08.723+0000 7f856aa00700 1 -- 172.21.15.8:0/2923603221 <== mon.0 v2:172.21.15.8:3300/0 4 ==== mgrmap(e 4) ==== 49505+0+0 (secure 0 0 0) 0x7f856401a6c0 con 0x7f8574109a10
2024-04-25T10:52:09.777 INFO:teuthology.orchestra.run.smithi008.stdout:/usr/bin/ceph: stderr
2024-04-25T10:52:08.724+0000 7f856aa00700 1 --2- 172.21.15.8:0/2923603221 >> [v2:172.21.15.8:6800/1963696540,v1:172.21.15.8:6801/1963696540] conn(0x7f855803d520 0x7f855803fa30 unknown :-1 s=NONE pgs=0 cs=0 l=1 rev1=0 crypto rx=0 tx=0 comp rx=0 tx=0).connect
2024-04-25T10:52:09.777 INFO:teuthology.orchestra.run.smithi008.stdout:/usr/bin/ceph: stderr
2024-04-25T10:52:08.724+0000 7f856aa00700 1 -- 172.21.15.8:0/2923603221 <== mon.0 v2:172.21.15.8:3300/0 5 ==== osd_map(1..1 src has 1..1) ==== 725+0+0 (secure 0 0 0) 0x7f8564052440 con 0x7f8574109a10
2024-04-25T10:52:09.777 INFO:teuthology.orchestra.run.smithi008.stdout:/usr/bin/ceph: stderr
2024-04-25T10:52:08.724+0000 7f856be00700 1 --2- 172.21.15.8:0/2923603221 >> [v2:172.21.15.8:6800/1963696540,v1:172.21.15.8:6801/1963696540] conn(0x7f855803d520 0x7f855803fa30 unknown :-1 s=BANNER_CONNECTING pgs=0 cs=0 l=1 rev1=0 crypto rx=0 tx=0 comp rx=0 tx=0)._handle_peer_banner_payload supported=3 required=0
2024-04-25T10:52:09.777 INFO:teuthology.orchestra.run.smithi008.stdout:/usr/bin/ceph: stderr
2024-04-25T10:52:08.725+0000 7f856be00700 1 --2- 172.21.15.8:0/2923603221 >> [v2:172.21.15.8:6800/1963696540,v1:172.21.15.8:6801/1963696540] conn(0x7f855803d520 0x7f855803fa30 secure :-1 s=READY pgs=8 cs=0 l=1 rev1=1 crypto rx=0x7f855c006fd0 tx=0x7f855c006e40 comp rx=0 tx=0).ready entity=mgr.14100 client_cookie=0 server_cookie=0 in_seq=0 out_seq=0
2024-04-25T10:52:09.777 INFO:teuthology.orchestra.run.smithi008.stdout:/usr/bin/ceph: stderr
2024-04-25T10:52:08.729+0000 7f856aa00700 1 -- 172.21.15.8:0/2923603221 <== mon.0 v2:172.21.15.8:3300/0 6 ==== mon_command_ack([{"prefix": "get_command_descriptions"}]=0 v0) ==== 72+0+188370 (secure 0 0 0) 0x7f8564051e60 con 0x7f8574109a10
2024-04-25T10:52:09.777 INFO:teuthology.orchestra.run.smithi008.stdout:/usr/bin/ceph: stderr
2024-04-25T10:52:09.023+0000 7f8579200700 1 -- 172.21.15.8:0/2923603221 --> [v2:172.21.15.8:3300/0,v1:172.21.15.8:6789/0] -- mon_command({"prefix": "mgr module enable", "module": "cephadm"} v 0) -- 0x7f85741a3b10 con 0x7f8574109a10
2024-04-25T10:52:09.777 INFO:teuthology.orchestra.run.smithi008.stdout:/usr/bin/ceph: stderr
2024-04-25T10:52:09.077+0000 7f856aa00700 1 -- 172.21.15.8:0/2923603221 <== mon.0 v2:172.21.15.8:3300/0 7 ==== mon_command_ack([{"prefix": "mgr module enable", "module": "cephadm"}]=0 v5) ==== 86+0+0 (secure 0 0 0) 0x7f8564029d50 con 0x7f8574109a10
2024-04-25T10:52:09.777 INFO:teuthology.orchestra.run.smithi008.stdout:/usr/bin/ceph: stderr
2024-04-25T10:52:09.081+0000 7f856aa00700 1 -- 172.21.15.8:0/2923603221 <== mon.0 v2:172.21.15.8:3300/0 8 ==== mgrmap(e 5) ==== 49516+0+0 (secure 0 0 0) 0x7f8564003840 con 0x7f8574109a10
2024-04-25T10:52:09.777 INFO:teuthology.orchestra.run.smithi008.stdout:/usr/bin/ceph: stderr
2024-04-25T10:52:09.082+0000 7f8579200700 1 -- 172.21.15.8:0/2923603221 >> [v2:172.21.15.8:6800/1963696540,v1:172.21.15.8:6801/1963696540] conn(0x7f855803d520 msgr2=0x7f855803fa30 secure :-1 s=STATE_CONNECTION_ESTABLISHED l=1).mark_down
2024-04-25T10:52:09.777 INFO:teuthology.orchestra.run.smithi008.stdout:/usr/bin/ceph: stderr
2024-04-25T10:52:09.082+0000 7f8579200700 1 --2- 172.21.15.8:0/2923603221 >> [v2:172.21.15.8:6800/1963696540,v1:172.21.15.8:6801/1963696540] conn(0x7f855803d520 0x7f855803fa30 secure :-1 s=READY pgs=8 cs=0 l=1 rev1=1 crypto rx=0x7f855c006fd0 tx=0x7f855c006e40 comp rx=0 tx=0).stop
2024-04-25T10:52:09.777 INFO:teuthology.orchestra.run.smithi008.stdout:/usr/bin/ceph: stderr
2024-04-25T10:52:09.082+0000 7f8579200700 1 -- 172.21.15.8:0/2923603221 >> [v2:172.21.15.8:3300/0,v1:172.21.15.8:6789/0] conn(0x7f8574109a10 msgr2=0x7f85741a00b0 secure :-1 s=STATE_CONNECTION_ESTABLISHED l=1).mark_down
2024-04-25T10:52:09.778 INFO:teuthology.orchestra.run.smithi008.stdout:/usr/bin/ceph: stderr
2024-04-25T10:52:09.082+0000 7f8579200700 1 --2- 172.21.15.8:0/2923603221 >> [v2:172.21.15.8:3300/0,v1:172.21.15.8:6789/0] conn(0x7f8574109a10 0x7f85741a00b0 secure :-1 s=READY pgs=23 cs=0 l=1 rev1=1 crypto rx=0x7f8564011670 tx=0x7f8564004280 comp rx=0 tx=0).stop
2024-04-25T10:52:09.778 INFO:teuthology.orchestra.run.smithi008.stdout:/usr/bin/ceph: stderr
2024-04-25T10:52:09.083+0000 7f8579200700 1 -- 172.21.15.8:0/2923603221 shutdown_connections
2024-04-25T10:52:09.778 INFO:teuthology.orchestra.run.smithi008.stdout:/usr/bin/ceph: stderr
2024-04-25T10:52:09.083+0000 7f8579200700 1 --2- 172.21.15.8:0/2923603221 >> [v2:172.21.15.8:6800/1963696540,v1:172.21.15.8:6801/1963696540] conn(0x7f855803d520 0x7f855803fa30 unknown :-1 s=CLOSED pgs=8 cs=0 l=1 rev1=1 crypto rx=0 tx=0 comp rx=0 tx=0).stop
2024-04-25T10:52:09.778 INFO:teuthology.orchestra.run.smithi008.stdout:/usr/bin/ceph: stderr
2024-04-25T10:52:09.083+0000 7f8579200700 1 --2- 172.21.15.8:0/2923603221 >> [v2:172.21.15.8:3300/0,v1:172.21.15.8:6789/0] conn(0x7f8574109a10 0x7f85741a00b0 unknown :-1 s=CLOSED pgs=23 cs=0 l=1 rev1=1 crypto rx=0 tx=0 comp rx=0 tx=0).stop
2024-04-25T10:52:09.778 INFO:teuthology.orchestra.run.smithi008.stdout:/usr/bin/ceph: stderr
2024-04-25T10:52:09.083+0000 7f8579200700 1 -- 172.21.15.8:0/2923603221 >> 172.21.15.8:0/2923603221 conn(0x7f85741050f0 msgr2=0x7f857407da90 unknown :-1 s=STATE_NONE l=0).mark_down
2024-04-25T10:52:09.778 INFO:teuthology.orchestra.run.smithi008.stdout:/usr/bin/ceph: stderr
2024-04-25T10:52:09.083+0000 7f8579200700 1 -- 172.21.15.8:0/2923603221 shutdown_connections
2024-04-25T10:52:09.778 INFO:teuthology.orchestra.run.smithi008.stdout:/usr/bin/ceph: stderr
2024-04-25T10:52:09.083+0000 7f8579200700 1 -- 172.21.15.8:0/2923603221 wait complete.
2024-04-25T10:52:10.072 INFO:journalctl@ceph.mgr.x.smithi008.stdout:Apr 25 10:52:09 smithi008 ceph-9ff69472-02f1-11ef-bc93-c7b262605968-mgr-x[28261]:
2024-04-25T10:52:09.713+0000 7ffa1015a200 -1 mgr[py] Module orchestrator has missing NOTIFY_TYPES member
2024-04-25T10:52:10.072 INFO:journalctl@ceph.mgr.x.smithi008.stdout:Apr 25 10:52:09 smithi008 ceph-9ff69472-02f1-11ef-bc93-c7b262605968-mgr-x[28261]:
2024-04-25T10:52:09.857+0000 7ffa1015a200 -1 mgr[py] Module snap_schedule has missing NOTIFY_TYPES member
2024-04-25T10:52:10.398 INFO:journalctl@ceph.mon.a.smithi008.stdout:Apr 25 10:52:10 smithi008 ceph-mon[28025]: from='client.? 172.21.15.8:0/2923603221' entity='client.admin' cmd='[{"prefix": "mgr module enable", "module": "cephadm"}]': finished
2024-04-25T10:52:10.398 INFO:journalctl@ceph.mon.a.smithi008.stdout:Apr 25 10:52:10 smithi008 ceph-mon[28025]: mgrmap e5: x(active, since 6s)
2024-04-25T10:52:10.398 INFO:journalctl@ceph.mgr.x.smithi008.stdout:Apr 25 10:52:10 smithi008 ceph-9ff69472-02f1-11ef-bc93-c7b262605968-mgr-x[28261]:
2024-04-25T10:52:10.274+0000 7ffa1015a200 -1 mgr[py] Module progress has missing NOTIFY_TYPES member
2024-04-25T10:52:10.674 INFO:journalctl@ceph.mgr.x.smithi008.stdout:Apr 25 10:52:10 smithi008 ceph-9ff69472-02f1-11ef-bc93-c7b262605968-mgr-x[28261]:
2024-04-25T10:52:10.395+0000 7ffa1015a200 -1 mgr[py] Module influx has missing NOTIFY_TYPES member
2024-04-25T10:52:11.438 INFO:journalctl@ceph.mon.a.smithi008.stdout:Apr 25 10:52:11 smithi008 ceph-mon[28025]: from='client.? 172.21.15.8:0/1547226788' entity='client.admin' cmd=[{"prefix": "mgr stat"}]: dispatch
2024-04-25T10:52:11.454 INFO:teuthology.orchestra.run.smithi008.stdout:/usr/bin/ceph: stdout {
2024-04-25T10:52:11.455 INFO:teuthology.orchestra.run.smithi008.stdout:/usr/bin/ceph: stdout "epoch": 5,
2024-04-25T10:52:11.455 INFO:teuthology.orchestra.run.smithi008.stdout:/usr/bin/ceph: stdout "available": true,
2024-04-25T10:52:11.455 INFO:teuthology.orchestra.run.smithi008.stdout:/usr/bin/ceph: stdout "active_name": "x",
2024-04-25T10:52:11.455 INFO:teuthology.orchestra.run.smithi008.stdout:/usr/bin/ceph: stdout "num_standby": 0
2024-04-25T10:52:11.455 INFO:teuthology.orchestra.run.smithi008.stdout:/usr/bin/ceph: stdout }
2024-04-25T10:52:11.455 INFO:teuthology.orchestra.run.smithi008.stdout:/usr/bin/ceph: stderr
2024-04-25T10:52:10.462+0000 7f88be200700 1 Processor -- start
2024-04-25T10:52:11.455 INFO:teuthology.orchestra.run.smithi008.stdout:/usr/bin/ceph: stderr
2024-04-25T10:52:10.462+0000 7f88be200700 1 -- start start
2024-04-25T10:52:11.455 INFO:teuthology.orchestra.run.smithi008.stdout:/usr/bin/ceph: stderr
2024-04-25T10:52:10.463+0000 7f88be200700 1 --2- >> [v2:172.21.15.8:3300/0,v1:172.21.15.8:6789/0] conn(0x7f88b807ede0 0x7f88b807d260 unknown :-1 s=NONE pgs=0 cs=0 l=0 rev1=0 crypto rx=0 tx=0 comp rx=0 tx=0).connect
2024-04-25T10:52:11.455 INFO:teuthology.orchestra.run.smithi008.stdout:/usr/bin/ceph: stderr
2024-04-25T10:52:10.463+0000 7f88be200700 1 -- --> [v2:172.21.15.8:3300/0,v1:172.21.15.8:6789/0] -- mon_getmap magic: 0 -- 0x7f88b807d7a0 con 0x7f88b807ede0
2024-04-25T10:52:11.455 INFO:teuthology.orchestra.run.smithi008.stdout:/usr/bin/ceph: stderr
2024-04-25T10:52:10.463+0000 7f88b7400700 1 --2- >> [v2:172.21.15.8:3300/0,v1:172.21.15.8:6789/0] conn(0x7f88b807ede0 0x7f88b807d260 unknown :-1 s=BANNER_CONNECTING pgs=0 cs=0 l=0 rev1=0 crypto rx=0 tx=0 comp rx=0 tx=0)._handle_peer_banner_payload supported=3 required=0
2024-04-25T10:52:11.455 INFO:teuthology.orchestra.run.smithi008.stdout:/usr/bin/ceph: stderr
2024-04-25T10:52:10.463+0000 7f88b7400700 1 --2- >> [v2:172.21.15.8:3300/0,v1:172.21.15.8:6789/0] conn(0x7f88b807ede0 0x7f88b807d260 unknown :-1 s=HELLO_CONNECTING pgs=0 cs=0 l=0 rev1=1 crypto rx=0 tx=0 comp rx=0 tx=0).handle_hello peer v2:172.21.15.8:3300/0 says I am v2:172.21.15.8:39942/0 (socket says 172.21.15.8:39942)
2024-04-25T10:52:11.455 INFO:teuthology.orchestra.run.smithi008.stdout:/usr/bin/ceph: stderr
2024-04-25T10:52:10.463+0000 7f88b7400700 1 -- 172.21.15.8:0/1131608130 learned_addr learned my addr 172.21.15.8:0/1131608130 (peer_addr_for_me v2:172.21.15.8:0/0)
2024-04-25T10:52:11.455 INFO:teuthology.orchestra.run.smithi008.stdout:/usr/bin/ceph: stderr
2024-04-25T10:52:10.464+0000 7f88b7400700 1 -- 172.21.15.8:0/1131608130 --> [v2:172.21.15.8:3300/0,v1:172.21.15.8:6789/0] -- mon_subscribe({config=0+,monmap=0+}) -- 0x7f88b807d920 con 0x7f88b807ede0
2024-04-25T10:52:11.456 INFO:teuthology.orchestra.run.smithi008.stdout:/usr/bin/ceph: stderr
2024-04-25T10:52:10.464+0000 7f88b7400700 1 --2- 172.21.15.8:0/1131608130 >> [v2:172.21.15.8:3300/0,v1:172.21.15.8:6789/0] conn(0x7f88b807ede0 0x7f88b807d260 secure :-1 s=READY pgs=26 cs=0 l=1 rev1=1 crypto rx=0x7f88a80098a0 tx=0x7f88a8009bb0 comp rx=0 tx=0).ready entity=mon.0 client_cookie=74210b4d7a57ac44 server_cookie=0 in_seq=0 out_seq=0
2024-04-25T10:52:11.456 INFO:teuthology.orchestra.run.smithi008.stdout:/usr/bin/ceph: stderr
