2024-04-25T10:52:45.097+0000 7fee02600700 1 --2- 172.21.15.8:0/3319182714 >> [v2:172.21.15.8:3300/0,v1:172.21.15.8:6789/0] conn(0x7fedfc07ee00 0x7fedfc07d280 secure :-1 s=READY pgs=55 cs=0 l=1 rev1=1 crypto rx=0x7fedec0098a0 tx=0x7fedec009bb0 comp rx=0 tx=0).stop
2024-04-25T10:52:47.155 INFO:teuthology.orchestra.run.smithi008.stdout:/usr/bin/ceph: stderr
2024-04-25T10:52:45.097+0000 7fee02600700 1 -- 172.21.15.8:0/3319182714 shutdown_connections
2024-04-25T10:52:47.156 INFO:teuthology.orchestra.run.smithi008.stdout:/usr/bin/ceph: stderr
2024-04-25T10:52:45.097+0000 7fee02600700 1 --2- 172.21.15.8:0/3319182714 >> [v2:172.21.15.8:3300/0,v1:172.21.15.8:6789/0] conn(0x7fedfc07ee00 0x7fedfc07d280 unknown :-1 s=CLOSED pgs=55 cs=0 l=1 rev1=1 crypto rx=0 tx=0 comp rx=0 tx=0).stop
2024-04-25T10:52:47.156 INFO:teuthology.orchestra.run.smithi008.stdout:/usr/bin/ceph: stderr
2024-04-25T10:52:45.097+0000 7fee02600700 1 -- 172.21.15.8:0/3319182714 >> 172.21.15.8:0/3319182714 conn(0x7fedfc105080 msgr2=0x7fedfc107510 unknown :-1 s=STATE_NONE l=0).mark_down
2024-04-25T10:52:47.156 INFO:teuthology.orchestra.run.smithi008.stdout:/usr/bin/ceph: stderr
2024-04-25T10:52:45.097+0000 7fee02600700 1 -- 172.21.15.8:0/3319182714 shutdown_connections
2024-04-25T10:52:47.156 INFO:teuthology.orchestra.run.smithi008.stdout:/usr/bin/ceph: stderr
2024-04-25T10:52:45.097+0000 7fee02600700 1 -- 172.21.15.8:0/3319182714 wait complete.
2024-04-25T10:52:47.156 INFO:teuthology.orchestra.run.smithi008.stdout:/usr/bin/ceph: stderr
2024-04-25T10:52:45.098+0000 7fee02600700 1 Processor -- start
2024-04-25T10:52:47.156 INFO:teuthology.orchestra.run.smithi008.stdout:/usr/bin/ceph: stderr
2024-04-25T10:52:45.099+0000 7fee02600700 1 -- start start
2024-04-25T10:52:47.156 INFO:teuthology.orchestra.run.smithi008.stdout:/usr/bin/ceph: stderr
2024-04-25T10:52:45.099+0000 7fee02600700 1 --2- >> [v2:172.21.15.8:3300/0,v1:172.21.15.8:6789/0] conn(0x7fedfc07ee00 0x7fedfc19ffb0 unknown :-1 s=NONE pgs=0 cs=0 l=1 rev1=0 crypto rx=0 tx=0 comp rx=0 tx=0).connect
2024-04-25T10:52:47.156 INFO:teuthology.orchestra.run.smithi008.stdout:/usr/bin/ceph: stderr
2024-04-25T10:52:45.099+0000 7fee02600700 1 -- --> [v2:172.21.15.8:3300/0,v1:172.21.15.8:6789/0] -- mon_getmap magic: 0 -- 0x7fedfc110020 con 0x7fedfc07ee00
2024-04-25T10:52:47.156 INFO:teuthology.orchestra.run.smithi008.stdout:/usr/bin/ceph: stderr
2024-04-25T10:52:45.099+0000 7fedfb400700 1 --2- >> [v2:172.21.15.8:3300/0,v1:172.21.15.8:6789/0] conn(0x7fedfc07ee00 0x7fedfc19ffb0 unknown :-1 s=BANNER_CONNECTING pgs=0 cs=0 l=1 rev1=0 crypto rx=0 tx=0 comp rx=0 tx=0)._handle_peer_banner_payload supported=3 required=0
2024-04-25T10:52:47.156 INFO:teuthology.orchestra.run.smithi008.stdout:/usr/bin/ceph: stderr
2024-04-25T10:52:45.099+0000 7fedfb400700 1 --2- >> [v2:172.21.15.8:3300/0,v1:172.21.15.8:6789/0] conn(0x7fedfc07ee00 0x7fedfc19ffb0 unknown :-1 s=HELLO_CONNECTING pgs=0 cs=0 l=1 rev1=1 crypto rx=0 tx=0 comp rx=0 tx=0).handle_hello peer v2:172.21.15.8:3300/0 says I am v2:172.21.15.8:48616/0 (socket says 172.21.15.8:48616)
2024-04-25T10:52:47.156 INFO:teuthology.orchestra.run.smithi008.stdout:/usr/bin/ceph: stderr
2024-04-25T10:52:45.099+0000 7fedfb400700 1 -- 172.21.15.8:0/1507694576 learned_addr learned my addr 172.21.15.8:0/1507694576 (peer_addr_for_me v2:172.21.15.8:0/0)
2024-04-25T10:52:47.156 INFO:teuthology.orchestra.run.smithi008.stdout:/usr/bin/ceph: stderr
2024-04-25T10:52:45.100+0000 7fedfb400700 1 -- 172.21.15.8:0/1507694576 --> [v2:172.21.15.8:3300/0,v1:172.21.15.8:6789/0] -- mon_subscribe({config=0+,monmap=0+}) -- 0x7fedfc1a04f0 con 0x7fedfc07ee00
2024-04-25T10:52:47.156 INFO:teuthology.orchestra.run.smithi008.stdout:/usr/bin/ceph: stderr
2024-04-25T10:52:45.100+0000 7fedfb400700 1 --2- 172.21.15.8:0/1507694576 >> [v2:172.21.15.8:3300/0,v1:172.21.15.8:6789/0] conn(0x7fedfc07ee00 0x7fedfc19ffb0 secure :-1 s=READY pgs=56 cs=0 l=1 rev1=1 crypto rx=0x7fedec004660 tx=0x7fedec011aa0 comp rx=0 tx=0).ready entity=mon.0 client_cookie=0 server_cookie=0 in_seq=0 out_seq=0
2024-04-25T10:52:47.156 INFO:teuthology.orchestra.run.smithi008.stdout:/usr/bin/ceph: stderr
2024-04-25T10:52:45.100+0000 7fedf3e00700 1 -- 172.21.15.8:0/1507694576 <== mon.0 v2:172.21.15.8:3300/0 1 ==== mon_map magic: 0 ==== 205+0+0 (secure 0 0 0) 0x7fedec003a60 con 0x7fedfc07ee00
2024-04-25T10:52:47.156 INFO:teuthology.orchestra.run.smithi008.stdout:/usr/bin/ceph: stderr
2024-04-25T10:52:45.100+0000 7fedf3e00700 1 -- 172.21.15.8:0/1507694576 <== mon.0 v2:172.21.15.8:3300/0 2 ==== config(26 keys) ==== 1101+0+0 (secure 0 0 0) 0x7fedec01b8f0 con 0x7fedfc07ee00
2024-04-25T10:52:47.157 INFO:teuthology.orchestra.run.smithi008.stdout:/usr/bin/ceph: stderr
2024-04-25T10:52:45.100+0000 7fedf3e00700 1 -- 172.21.15.8:0/1507694576 <== mon.0 v2:172.21.15.8:3300/0 3 ==== mon_map magic: 0 ==== 205+0+0 (secure 0 0 0) 0x7fedec023890 con 0x7fedfc07ee00
2024-04-25T10:52:47.157 INFO:teuthology.orchestra.run.smithi008.stdout:/usr/bin/ceph: stderr
2024-04-25T10:52:45.100+0000 7fee02600700 1 -- 172.21.15.8:0/1507694576 --> [v2:172.21.15.8:3300/0,v1:172.21.15.8:6789/0] -- mon_subscribe({mgrmap=0+}) -- 0x7fedfc1a0780 con 0x7fedfc07ee00
2024-04-25T10:52:47.157 INFO:teuthology.orchestra.run.smithi008.stdout:/usr/bin/ceph: stderr
2024-04-25T10:52:45.101+0000 7fee02600700 1 -- 172.21.15.8:0/1507694576 --> [v2:172.21.15.8:3300/0,v1:172.21.15.8:6789/0] -- mon_subscribe({osdmap=0}) -- 0x7fedfc1a3390 con 0x7fedfc07ee00
2024-04-25T10:52:47.157 INFO:teuthology.orchestra.run.smithi008.stdout:/usr/bin/ceph: stderr
2024-04-25T10:52:45.102+0000 7fedf3e00700 1 -- 172.21.15.8:0/1507694576 <== mon.0 v2:172.21.15.8:3300/0 4 ==== mgrmap(e 8) ==== 49516+0+0 (secure 0 0 0) 0x7fedec01b440 con 0x7fedfc07ee00
2024-04-25T10:52:47.157 INFO:teuthology.orchestra.run.smithi008.stdout:/usr/bin/ceph: stderr
2024-04-25T10:52:45.102+0000 7fee02600700 1 -- 172.21.15.8:0/1507694576 --> [v2:172.21.15.8:3300/0,v1:172.21.15.8:6789/0] -- mon_command({"prefix": "get_command_descriptions"} v 0) -- 0x7fedfc064cf0 con 0x7fedfc07ee00
2024-04-25T10:52:47.157 INFO:teuthology.orchestra.run.smithi008.stdout:/usr/bin/ceph: stderr
2024-04-25T10:52:45.103+0000 7fedf3e00700 1 --2- 172.21.15.8:0/1507694576 >> [v2:172.21.15.8:6800/907315605,v1:172.21.15.8:6801/907315605] conn(0x7fede003d520 0x7fede003fa30 unknown :-1 s=NONE pgs=0 cs=0 l=1 rev1=0 crypto rx=0 tx=0 comp rx=0 tx=0).connect
2024-04-25T10:52:47.157 INFO:teuthology.orchestra.run.smithi008.stdout:/usr/bin/ceph: stderr
2024-04-25T10:52:45.103+0000 7fedf3e00700 1 -- 172.21.15.8:0/1507694576 <== mon.0 v2:172.21.15.8:3300/0 5 ==== osd_map(2..2 src has 1..2) ==== 940+0+0 (secure 0 0 0) 0x7fedec052e40 con 0x7fedfc07ee00
2024-04-25T10:52:47.157 INFO:teuthology.orchestra.run.smithi008.stdout:/usr/bin/ceph: stderr
2024-04-25T10:52:45.103+0000 7fedfaa00700 1 --2- 172.21.15.8:0/1507694576 >> [v2:172.21.15.8:6800/907315605,v1:172.21.15.8:6801/907315605] conn(0x7fede003d520 0x7fede003fa30 unknown :-1 s=BANNER_CONNECTING pgs=0 cs=0 l=1 rev1=0 crypto rx=0 tx=0 comp rx=0 tx=0)._handle_peer_banner_payload supported=3 required=0
2024-04-25T10:52:47.157 INFO:teuthology.orchestra.run.smithi008.stdout:/usr/bin/ceph: stderr
2024-04-25T10:52:45.104+0000 7fedfaa00700 1 --2- 172.21.15.8:0/1507694576 >> [v2:172.21.15.8:6800/907315605,v1:172.21.15.8:6801/907315605] conn(0x7fede003d520 0x7fede003fa30 secure :-1 s=READY pgs=16 cs=0 l=1 rev1=1 crypto rx=0x7fede8006fd0 tx=0x7fede8006e40 comp rx=0 tx=0).ready entity=mgr.14120 client_cookie=0 server_cookie=0 in_seq=0 out_seq=0
2024-04-25T10:52:47.157 INFO:teuthology.orchestra.run.smithi008.stdout:/usr/bin/ceph: stderr
2024-04-25T10:52:45.114+0000 7fedf3e00700 1 -- 172.21.15.8:0/1507694576 <== mon.0 v2:172.21.15.8:3300/0 6 ==== mon_command_ack([{"prefix": "get_command_descriptions"}]=0 v0) ==== 72+0+188370 (secure 0 0 0) 0x7fedec01f030 con 0x7fedfc07ee00
2024-04-25T10:52:47.157 INFO:teuthology.orchestra.run.smithi008.stdout:/usr/bin/ceph: stderr
2024-04-25T10:52:45.419+0000 7fee02600700 1 -- 172.21.15.8:0/1507694576 --> [v2:172.21.15.8:3300/0,v1:172.21.15.8:6789/0] -- mon_command({"prefix": "mgr module enable", "module": "dashboard"} v 0) -- 0x7fedfc1a3990 con 0x7fedfc07ee00
2024-04-25T10:52:47.157 INFO:teuthology.orchestra.run.smithi008.stdout:/usr/bin/ceph: stderr
2024-04-25T10:52:46.389+0000 7fedf3e00700 1 -- 172.21.15.8:0/1507694576 <== mon.0 v2:172.21.15.8:3300/0 7 ==== mon_command_ack([{"prefix": "mgr module enable", "module": "dashboard"}]=0 v9) ==== 88+0+0 (secure 0 0 0) 0x7fedec017e90 con 0x7fedfc07ee00
2024-04-25T10:52:47.157 INFO:teuthology.orchestra.run.smithi008.stdout:/usr/bin/ceph: stderr
2024-04-25T10:52:46.393+0000 7fedf3e00700 1 -- 172.21.15.8:0/1507694576 <== mon.0 v2:172.21.15.8:3300/0 8 ==== mgrmap(e 9) ==== 49529+0+0 (secure 0 0 0) 0x7fedec01acb0 con 0x7fedfc07ee00
2024-04-25T10:52:47.157 INFO:teuthology.orchestra.run.smithi008.stdout:/usr/bin/ceph: stderr
2024-04-25T10:52:46.395+0000 7fee02600700 1 -- 172.21.15.8:0/1507694576 >> [v2:172.21.15.8:6800/907315605,v1:172.21.15.8:6801/907315605] conn(0x7fede003d520 msgr2=0x7fede003fa30 secure :-1 s=STATE_CONNECTION_ESTABLISHED l=1).mark_down
2024-04-25T10:52:47.158 INFO:teuthology.orchestra.run.smithi008.stdout:/usr/bin/ceph: stderr
2024-04-25T10:52:46.395+0000 7fee02600700 1 --2- 172.21.15.8:0/1507694576 >> [v2:172.21.15.8:6800/907315605,v1:172.21.15.8:6801/907315605] conn(0x7fede003d520 0x7fede003fa30 secure :-1 s=READY pgs=16 cs=0 l=1 rev1=1 crypto rx=0x7fede8006fd0 tx=0x7fede8006e40 comp rx=0 tx=0).stop
2024-04-25T10:52:47.158 INFO:teuthology.orchestra.run.smithi008.stdout:/usr/bin/ceph: stderr
2024-04-25T10:52:46.395+0000 7fee02600700 1 -- 172.21.15.8:0/1507694576 >> [v2:172.21.15.8:3300/0,v1:172.21.15.8:6789/0] conn(0x7fedfc07ee00 msgr2=0x7fedfc19ffb0 secure :-1 s=STATE_CONNECTION_ESTABLISHED l=1).mark_down
2024-04-25T10:52:47.158 INFO:teuthology.orchestra.run.smithi008.stdout:/usr/bin/ceph: stderr
2024-04-25T10:52:46.395+0000 7fee02600700 1 --2- 172.21.15.8:0/1507694576 >> [v2:172.21.15.8:3300/0,v1:172.21.15.8:6789/0] conn(0x7fedfc07ee00 0x7fedfc19ffb0 secure :-1 s=READY pgs=56 cs=0 l=1 rev1=1 crypto rx=0x7fedec004660 tx=0x7fedec011aa0 comp rx=0 tx=0).stop
2024-04-25T10:52:47.158 INFO:teuthology.orchestra.run.smithi008.stdout:/usr/bin/ceph: stderr
2024-04-25T10:52:46.395+0000 7fee02600700 1 -- 172.21.15.8:0/1507694576 shutdown_connections
2024-04-25T10:52:47.158 INFO:teuthology.orchestra.run.smithi008.stdout:/usr/bin/ceph: stderr
2024-04-25T10:52:46.395+0000 7fee02600700 1 --2- 172.21.15.8:0/1507694576 >> [v2:172.21.15.8:6800/907315605,v1:172.21.15.8:6801/907315605] conn(0x7fede003d520 0x7fede003fa30 unknown :-1 s=CLOSED pgs=16 cs=0 l=1 rev1=1 crypto rx=0 tx=0 comp rx=0 tx=0).stop
2024-04-25T10:52:47.158 INFO:teuthology.orchestra.run.smithi008.stdout:/usr/bin/ceph: stderr
2024-04-25T10:52:46.395+0000 7fee02600700 1 --2- 172.21.15.8:0/1507694576 >> [v2:172.21.15.8:3300/0,v1:172.21.15.8:6789/0] conn(0x7fedfc07ee00 0x7fedfc19ffb0 unknown :-1 s=CLOSED pgs=56 cs=0 l=1 rev1=1 crypto rx=0 tx=0 comp rx=0 tx=0).stop
2024-04-25T10:52:47.158 INFO:teuthology.orchestra.run.smithi008.stdout:/usr/bin/ceph: stderr
2024-04-25T10:52:46.395+0000 7fee02600700 1 -- 172.21.15.8:0/1507694576 >> 172.21.15.8:0/1507694576 conn(0x7fedfc105080 msgr2=0x7fedfc105990 unknown :-1 s=STATE_NONE l=0).mark_down
2024-04-25T10:52:47.158 INFO:teuthology.orchestra.run.smithi008.stdout:/usr/bin/ceph: stderr
2024-04-25T10:52:46.395+0000 7fee02600700 1 -- 172.21.15.8:0/1507694576 shutdown_connections
2024-04-25T10:52:47.158 INFO:teuthology.orchestra.run.smithi008.stdout:/usr/bin/ceph: stderr
2024-04-25T10:52:46.395+0000 7fee02600700 1 -- 172.21.15.8:0/1507694576 wait complete.
2024-04-25T10:52:47.327 INFO:journalctl@ceph.mgr.x.smithi008.stdout:Apr 25 10:52:47 smithi008 ceph-9ff69472-02f1-11ef-bc93-c7b262605968-mgr-x[28261]:
2024-04-25T10:52:47.216+0000 7f4f6f1de200 -1 mgr[py] Module snap_schedule has missing NOTIFY_TYPES member
2024-04-25T10:52:47.638 INFO:journalctl@ceph.mon.a.smithi008.stdout:Apr 25 10:52:47 smithi008 ceph-mon[28025]: from='client.? 172.21.15.8:0/1507694576' entity='client.admin' cmd='[{"prefix": "mgr module enable", "module": "dashboard"}]': finished
2024-04-25T10:52:47.639 INFO:journalctl@ceph.mon.a.smithi008.stdout:Apr 25 10:52:47 smithi008 ceph-mon[28025]: mgrmap e9: x(active, since 27s)
2024-04-25T10:52:47.957 INFO:journalctl@ceph.mgr.x.smithi008.stdout:Apr 25 10:52:47 smithi008 ceph-9ff69472-02f1-11ef-bc93-c7b262605968-mgr-x[28261]:
2024-04-25T10:52:47.636+0000 7f4f6f1de200 -1 mgr[py] Module progress has missing NOTIFY_TYPES member
2024-04-25T10:52:47.957 INFO:journalctl@ceph.mgr.x.smithi008.stdout:Apr 25 10:52:47 smithi008 ceph-9ff69472-02f1-11ef-bc93-c7b262605968-mgr-x[28261]:
2024-04-25T10:52:47.755+0000 7f4f6f1de200 -1 mgr[py] Module influx has missing NOTIFY_TYPES member
2024-04-25T10:52:49.378 INFO:journalctl@ceph.mon.a.smithi008.stdout:Apr 25 10:52:49 smithi008 ceph-mon[28025]: from='client.? 172.21.15.8:0/2141059601' entity='client.admin' cmd=[{"prefix": "mgr stat"}]: dispatch
2024-04-25T10:52:49.707 INFO:journalctl@ceph.mgr.x.smithi008.stdout:Apr 25 10:52:49 smithi008 ceph-9ff69472-02f1-11ef-bc93-c7b262605968-mgr-x[28261]:
2024-04-25T10:52:49.376+0000 7f4f6f1de200 -1 mgr[py] Module telegraf has missing NOTIFY_TYPES member
2024-04-25T10:52:49.707 INFO:journalctl@ceph.mgr.x.smithi008.stdout:Apr 25 10:52:49 smithi008 ceph-9ff69472-02f1-11ef-bc93-c7b262605968-mgr-x[28261]:
2024-04-25T10:52:49.625+0000 7f4f6f1de200 -1 mgr[py] Module osd_support has missing NOTIFY_TYPES member
2024-04-25T10:52:49.770 INFO:teuthology.orchestra.run.smithi008.stdout:/usr/bin/ceph: stdout {
2024-04-25T10:52:49.771 INFO:teuthology.orchestra.run.smithi008.stdout:/usr/bin/ceph: stdout "epoch": 9,
2024-04-25T10:52:49.771 INFO:teuthology.orchestra.run.smithi008.stdout:/usr/bin/ceph: stdout "available": true,
2024-04-25T10:52:49.771 INFO:teuthology.orchestra.run.smithi008.stdout:/usr/bin/ceph: stdout "active_name": "x",
2024-04-25T10:52:49.771 INFO:teuthology.orchestra.run.smithi008.stdout:/usr/bin/ceph: stdout "num_standby": 0
2024-04-25T10:52:49.776 INFO:teuthology.orchestra.run.smithi008.stdout:/usr/bin/ceph: stdout }
2024-04-25T10:52:49.777 INFO:teuthology.orchestra.run.smithi008.stdout:/usr/bin/ceph: stderr
2024-04-25T10:52:48.710+0000 7fdb3aa00700 1 Processor -- start
2024-04-25T10:52:49.777 INFO:teuthology.orchestra.run.smithi008.stdout:/usr/bin/ceph: stderr
2024-04-25T10:52:48.710+0000 7fdb3aa00700 1 -- start start
2024-04-25T10:52:49.777 INFO:teuthology.orchestra.run.smithi008.stdout:/usr/bin/ceph: stderr
2024-04-25T10:52:48.711+0000 7fdb3aa00700 1 --2- >> [v2:172.21.15.8:3300/0,v1:172.21.15.8:6789/0] conn(0x7fdb3407ee00 0x7fdb3407d280 unknown :-1 s=NONE pgs=0 cs=0 l=0 rev1=0 crypto rx=0 tx=0 comp rx=0 tx=0).connect
2024-04-25T10:52:49.777 INFO:teuthology.orchestra.run.smithi008.stdout:/usr/bin/ceph: stderr
2024-04-25T10:52:48.711+0000 7fdb3aa00700 1 -- --> [v2:172.21.15.8:3300/0,v1:172.21.15.8:6789/0] -- mon_getmap magic: 0 -- 0x7fdb3407d7c0 con 0x7fdb3407ee00
2024-04-25T10:52:49.777 INFO:teuthology.orchestra.run.smithi008.stdout:/usr/bin/ceph: stderr
2024-04-25T10:52:48.711+0000 7fdb33e00700 1 --2- >> [v2:172.21.15.8:3300/0,v1:172.21.15.8:6789/0] conn(0x7fdb3407ee00 0x7fdb3407d280 unknown :-1 s=BANNER_CONNECTING pgs=0 cs=0 l=0 rev1=0 crypto rx=0 tx=0 comp rx=0 tx=0)._handle_peer_banner_payload supported=3 required=0
2024-04-25T10:52:49.777 INFO:teuthology.orchestra.run.smithi008.stdout:/usr/bin/ceph: stderr
2024-04-25T10:52:48.711+0000 7fdb33e00700 1 --2- >> [v2:172.21.15.8:3300/0,v1:172.21.15.8:6789/0] conn(0x7fdb3407ee00 0x7fdb3407d280 unknown :-1 s=HELLO_CONNECTING pgs=0 cs=0 l=0 rev1=1 crypto rx=0 tx=0 comp rx=0 tx=0).handle_hello peer v2:172.21.15.8:3300/0 says I am v2:172.21.15.8:48640/0 (socket says 172.21.15.8:48640)
2024-04-25T10:52:49.777 INFO:teuthology.orchestra.run.smithi008.stdout:/usr/bin/ceph: stderr
2024-04-25T10:52:48.711+0000 7fdb33e00700 1 -- 172.21.15.8:0/4071186361 learned_addr learned my addr 172.21.15.8:0/4071186361 (peer_addr_for_me v2:172.21.15.8:0/0)
2024-04-25T10:52:49.777 INFO:teuthology.orchestra.run.smithi008.stdout:/usr/bin/ceph: stderr
2024-04-25T10:52:48.712+0000 7fdb33e00700 1 -- 172.21.15.8:0/4071186361 --> [v2:172.21.15.8:3300/0,v1:172.21.15.8:6789/0] -- mon_subscribe({config=0+,monmap=0+}) -- 0x7fdb3407d940 con 0x7fdb3407ee00
2024-04-25T10:52:49.777 INFO:teuthology.orchestra.run.smithi008.stdout:/usr/bin/ceph: stderr
2024-04-25T10:52:48.712+0000 7fdb33e00700 1 --2- 172.21.15.8:0/4071186361 >> [v2:172.21.15.8:3300/0,v1:172.21.15.8:6789/0] conn(0x7fdb3407ee00 0x7fdb3407d280 secure :-1 s=READY pgs=59 cs=0 l=1 rev1=1 crypto rx=0x7fdb240098a0 tx=0x7fdb24009bb0 comp rx=0 tx=0).ready entity=mon.0 client_cookie=a5a888fb20d2c0ab server_cookie=0 in_seq=0 out_seq=0
2024-04-25T10:52:49.777 INFO:teuthology.orchestra.run.smithi008.stdout:/usr/bin/ceph: stderr
2024-04-25T10:52:48.712+0000 7fdb32a00700 1 -- 172.21.15.8:0/4071186361 <== mon.0 v2:172.21.15.8:3300/0 1 ==== mon_map magic: 0 ==== 205+0+0 (secure 0 0 0) 0x7fdb24004160 con 0x7fdb3407ee00
2024-04-25T10:52:49.777 INFO:teuthology.orchestra.run.smithi008.stdout:/usr/bin/ceph: stderr
2024-04-25T10:52:48.712+0000 7fdb32a00700 1 -- 172.21.15.8:0/4071186361 <== mon.0 v2:172.21.15.8:3300/0 2 ==== config(26 keys) ==== 1101+0+0 (secure 0 0 0) 0x7fdb24004300 con 0x7fdb3407ee00
2024-04-25T10:52:49.777 INFO:teuthology.orchestra.run.smithi008.stdout:/usr/bin/ceph: stderr
2024-04-25T10:52:48.712+0000 7fdb32a00700 1 -- 172.21.15.8:0/4071186361 <== mon.0 v2:172.21.15.8:3300/0 3 ==== mon_map magic: 0 ==== 205+0+0 (secure 0 0 0) 0x7fdb24011a20 con 0x7fdb3407ee00
2024-04-25T10:52:49.777 INFO:teuthology.orchestra.run.smithi008.stdout:/usr/bin/ceph: stderr
2024-04-25T10:52:48.713+0000 7fdb3aa00700 1 -- 172.21.15.8:0/4071186361 >> [v2:172.21.15.8:3300/0,v1:172.21.15.8:6789/0] conn(0x7fdb3407ee00 msgr2=0x7fdb3407d280 secure :-1 s=STATE_CONNECTION_ESTABLISHED l=1).mark_down
2024-04-25T10:52:49.778 INFO:teuthology.orchestra.run.smithi008.stdout:/usr/bin/ceph: stderr
2024-04-25T10:52:48.713+0000 7fdb3aa00700 1 --2- 172.21.15.8:0/4071186361 >> [v2:172.21.15.8:3300/0,v1:172.21.15.8:6789/0] conn(0x7fdb3407ee00 0x7fdb3407d280 secure :-1 s=READY pgs=59 cs=0 l=1 rev1=1 crypto rx=0x7fdb240098a0 tx=0x7fdb24009bb0 comp rx=0 tx=0).stop
2024-04-25T10:52:49.778 INFO:teuthology.orchestra.run.smithi008.stdout:/usr/bin/ceph: stderr
2024-04-25T10:52:48.713+0000 7fdb3aa00700 1 -- 172.21.15.8:0/4071186361 shutdown_connections
2024-04-25T10:52:49.778 INFO:teuthology.orchestra.run.smithi008.stdout:/usr/bin/ceph: stderr
2024-04-25T10:52:48.713+0000 7fdb3aa00700 1 --2- 172.21.15.8:0/4071186361 >> [v2:172.21.15.8:3300/0,v1:172.21.15.8:6789/0] conn(0x7fdb3407ee00 0x7fdb3407d280 unknown :-1 s=CLOSED pgs=59 cs=0 l=1 rev1=1 crypto rx=0 tx=0 comp rx=0 tx=0).stop
2024-04-25T10:52:49.778 INFO:teuthology.orchestra.run.smithi008.stdout:/usr/bin/ceph: stderr
2024-04-25T10:52:48.713+0000 7fdb3aa00700 1 -- 172.21.15.8:0/4071186361 >> 172.21.15.8:0/4071186361 conn(0x7fdb34105100 msgr2=0x7fdb341075b0 unknown :-1 s=STATE_NONE l=0).mark_down
2024-04-25T10:52:49.778 INFO:teuthology.orchestra.run.smithi008.stdout:/usr/bin/ceph: stderr
2024-04-25T10:52:48.713+0000 7fdb3aa00700 1 -- 172.21.15.8:0/4071186361 shutdown_connections
2024-04-25T10:52:49.778 INFO:teuthology.orchestra.run.smithi008.stdout:/usr/bin/ceph: stderr
2024-04-25T10:52:48.713+0000 7fdb3aa00700 1 -- 172.21.15.8:0/4071186361 wait complete.
2024-04-25T10:52:49.778 INFO:teuthology.orchestra.run.smithi008.stdout:/usr/bin/ceph: stderr
2024-04-25T10:52:48.715+0000 7fdb3aa00700 1 Processor -- start
2024-04-25T10:52:49.778 INFO:teuthology.orchestra.run.smithi008.stdout:/usr/bin/ceph: stderr
2024-04-25T10:52:48.715+0000 7fdb3aa00700 1 -- start start
2024-04-25T10:52:49.778 INFO:teuthology.orchestra.run.smithi008.stdout:/usr/bin/ceph: stderr
2024-04-25T10:52:48.716+0000 7fdb3aa00700 1 --2- >> [v2:172.21.15.8:3300/0,v1:172.21.15.8:6789/0] conn(0x7fdb3407ee00 0x7fdb3419ffc0 unknown :-1 s=NONE pgs=0 cs=0 l=1 rev1=0 crypto rx=0 tx=0 comp rx=0 tx=0).connect
2024-04-25T10:52:49.778 INFO:teuthology.orchestra.run.smithi008.stdout:/usr/bin/ceph: stderr
2024-04-25T10:52:48.716+0000 7fdb3aa00700 1 -- --> [v2:172.21.15.8:3300/0,v1:172.21.15.8:6789/0] -- mon_getmap magic: 0 -- 0x7fdb341100c0 con 0x7fdb3407ee00
2024-04-25T10:52:49.778 INFO:teuthology.orchestra.run.smithi008.stdout:/usr/bin/ceph: stderr
2024-04-25T10:52:48.716+0000 7fdb33e00700 1 --2- >> [v2:172.21.15.8:3300/0,v1:172.21.15.8:6789/0] conn(0x7fdb3407ee00 0x7fdb3419ffc0 unknown :-1 s=BANNER_CONNECTING pgs=0 cs=0 l=1 rev1=0 crypto rx=0 tx=0 comp rx=0 tx=0)._handle_peer_banner_payload supported=3 required=0
2024-04-25T10:52:49.778 INFO:teuthology.orchestra.run.smithi008.stdout:/usr/bin/ceph: stderr
2024-04-25T10:52:48.716+0000 7fdb33e00700 1 --2- >> [v2:172.21.15.8:3300/0,v1:172.21.15.8:6789/0] conn(0x7fdb3407ee00 0x7fdb3419ffc0 unknown :-1 s=HELLO_CONNECTING pgs=0 cs=0 l=1 rev1=1 crypto rx=0 tx=0 comp rx=0 tx=0).handle_hello peer v2:172.21.15.8:3300/0 says I am v2:172.21.15.8:48644/0 (socket says 172.21.15.8:48644)
2024-04-25T10:52:49.779 INFO:teuthology.orchestra.run.smithi008.stdout:/usr/bin/ceph: stderr
2024-04-25T10:52:48.716+0000 7fdb33e00700 1 -- 172.21.15.8:0/2141059601 learned_addr learned my addr 172.21.15.8:0/2141059601 (peer_addr_for_me v2:172.21.15.8:0/0)
2024-04-25T10:52:49.779 INFO:teuthology.orchestra.run.smithi008.stdout:/usr/bin/ceph: stderr
2024-04-25T10:52:48.716+0000 7fdb33e00700 1 -- 172.21.15.8:0/2141059601 --> [v2:172.21.15.8:3300/0,v1:172.21.15.8:6789/0] -- mon_subscribe({config=0+,monmap=0+}) -- 0x7fdb341a0500 con 0x7fdb3407ee00
2024-04-25T10:52:49.779 INFO:teuthology.orchestra.run.smithi008.stdout:/usr/bin/ceph: stderr
2024-04-25T10:52:48.717+0000 7fdb33e00700 1 --2- 172.21.15.8:0/2141059601 >> [v2:172.21.15.8:3300/0,v1:172.21.15.8:6789/0] conn(0x7fdb3407ee00 0x7fdb3419ffc0 secure :-1 s=READY pgs=60 cs=0 l=1 rev1=1 crypto rx=0x7fdb24009520 tx=0x7fdb24011aa0 comp rx=0 tx=0).ready entity=mon.0 client_cookie=0 server_cookie=0 in_seq=0 out_seq=0
2024-04-25T10:52:49.779 INFO:teuthology.orchestra.run.smithi008.stdout:/usr/bin/ceph: stderr
2024-04-25T10:52:48.717+0000 7fdb30c00700 1 -- 172.21.15.8:0/2141059601 <== mon.0 v2:172.21.15.8:3300/0 1 ==== mon_map magic: 0 ==== 205+0+0 (secure 0 0 0) 0x7fdb240039e0 con 0x7fdb3407ee00
2024-04-25T10:52:49.779 INFO:teuthology.orchestra.run.smithi008.stdout:/usr/bin/ceph: stderr
2024-04-25T10:52:48.717+0000 7fdb30c00700 1 -- 172.21.15.8:0/2141059601 <== mon.0 v2:172.21.15.8:3300/0 2 ==== config(26 keys) ==== 1101+0+0 (secure 0 0 0) 0x7fdb2401b8f0 con 0x7fdb3407ee00
2024-04-25T10:52:49.779 INFO:teuthology.orchestra.run.smithi008.stdout:/usr/bin/ceph: stderr
2024-04-25T10:52:48.717+0000 7fdb30c00700 1 -- 172.21.15.8:0/2141059601 <== mon.0 v2:172.21.15.8:3300/0 3 ==== mon_map magic: 0 ==== 205+0+0 (secure 0 0 0) 0x7fdb240197d0 con 0x7fdb3407ee00
2024-04-25T10:52:49.779 INFO:teuthology.orchestra.run.smithi008.stdout:/usr/bin/ceph: stderr
2024-04-25T10:52:48.717+0000 7fdb3aa00700 1 -- 172.21.15.8:0/2141059601 --> [v2:172.21.15.8:3300/0,v1:172.21.15.8:6789/0] -- mon_subscribe({mgrmap=0+}) -- 0x7fdb341a0790 con 0x7fdb3407ee00
2024-04-25T10:52:49.779 INFO:teuthology.orchestra.run.smithi008.stdout:/usr/bin/ceph: stderr
2024-04-25T10:52:48.717+0000 7fdb3aa00700 1 -- 172.21.15.8:0/2141059601 --> [v2:172.21.15.8:3300/0,v1:172.21.15.8:6789/0] -- mon_subscribe({osdmap=0}) -- 0x7fdb341a33a0 con 0x7fdb3407ee00
2024-04-25T10:52:49.779 INFO:teuthology.orchestra.run.smithi008.stdout:/usr/bin/ceph: stderr
2024-04-25T10:52:48.718+0000 7fdb3aa00700 1 -- 172.21.15.8:0/2141059601 --> [v2:172.21.15.8:3300/0,v1:172.21.15.8:6789/0] -- mon_command({"prefix": "get_command_descriptions"} v 0) -- 0x7fdb34064cf0 con 0x7fdb3407ee00
2024-04-25T10:52:49.779 INFO:teuthology.orchestra.run.smithi008.stdout:/usr/bin/ceph: stderr
2024-04-25T10:52:48.719+0000 7fdb30c00700 1 -- 172.21.15.8:0/2141059601 <== mon.0 v2:172.21.15.8:3300/0 4 ==== mgrmap(e 9) ==== 49529+0+0 (secure 0 0 0) 0x7fdb2401b440 con 0x7fdb3407ee00
2024-04-25T10:52:49.779 INFO:teuthology.orchestra.run.smithi008.stdout:/usr/bin/ceph: stderr
2024-04-25T10:52:48.719+0000 7fdb30c00700 1 --2- 172.21.15.8:0/2141059601 >> [v2:172.21.15.8:6800/907315605,v1:172.21.15.8:6801/907315605] conn(0x7fdb1803d620 0x7fdb1803fb30 unknown :-1 s=NONE pgs=0 cs=0 l=1 rev1=0 crypto rx=0 tx=0 comp rx=0 tx=0).connect
2024-04-25T10:52:49.779 INFO:teuthology.orchestra.run.smithi008.stdout:/usr/bin/ceph: stderr
2024-04-25T10:52:48.719+0000 7fdb30c00700 1 -- 172.21.15.8:0/2141059601 <== mon.0 v2:172.21.15.8:3300/0 5 ==== osd_map(2..2 src has 1..2) ==== 940+0+0 (secure 0 0 0) 0x7fdb24052e10 con 0x7fdb3407ee00
2024-04-25T10:52:49.779 INFO:teuthology.orchestra.run.smithi008.stdout:/usr/bin/ceph: stderr
2024-04-25T10:52:48.719+0000 7fdb33400700 1 -- 172.21.15.8:0/2141059601 >> [v2:172.21.15.8:6800/907315605,v1:172.21.15.8:6801/907315605] conn(0x7fdb1803d620 msgr2=0x7fdb1803fb30 unknown :-1 s=STATE_CONNECTING_RE l=1).process reconnect failed to v2:172.21.15.8:6800/907315605
2024-04-25T10:52:49.779 INFO:teuthology.orchestra.run.smithi008.stdout:/usr/bin/ceph: stderr
2024-04-25T10:52:48.720+0000 7fdb33400700 1 --2- 172.21.15.8:0/2141059601 >> [v2:172.21.15.8:6800/907315605,v1:172.21.15.8:6801/907315605] conn(0x7fdb1803d620 0x7fdb1803fb30 unknown :-1 s=START_CONNECT pgs=0 cs=0 l=1 rev1=0 crypto rx=0 tx=0 comp rx=0 tx=0)._fault waiting 0.200000
2024-04-25T10:52:49.780 INFO:teuthology.orchestra.run.smithi008.stdout:/usr/bin/ceph: stderr
2024-04-25T10:52:48.725+0000 7fdb30c00700 1 -- 172.21.15.8:0/2141059601 <== mon.0 v2:172.21.15.8:3300/0 6 ==== mon_command_ack([{"prefix": "get_command_descriptions"}]=0 v0) ==== 72+0+188370 (secure 0 0 0) 0x7fdb2401f030 con 0x7fdb3407ee00
2024-04-25T10:52:49.780 INFO:teuthology.orchestra.run.smithi008.stdout:/usr/bin/ceph: stderr
2024-04-25T10:52:48.921+0000 7fdb33400700 1 -- 172.21.15.8:0/2141059601 >> [v2:172.21.15.8:6800/907315605,v1:172.21.15.8:6801/907315605] conn(0x7fdb1803d620 msgr2=0x7fdb1803fb30 unknown :-1 s=STATE_CONNECTING_RE l=1).process reconnect failed to v2:172.21.15.8:6800/907315605
2024-04-25T10:52:49.780 INFO:teuthology.orchestra.run.smithi008.stdout:/usr/bin/ceph: stderr
2024-04-25T10:52:48.921+0000 7fdb33400700 1 --2- 172.21.15.8:0/2141059601 >> [v2:172.21.15.8:6800/907315605,v1:172.21.15.8:6801/907315605] conn(0x7fdb1803d620 0x7fdb1803fb30 unknown :-1 s=START_CONNECT pgs=0 cs=0 l=1 rev1=0 crypto rx=0 tx=0 comp rx=0 tx=0)._fault waiting 0.400000
2024-04-25T10:52:49.780 INFO:teuthology.orchestra.run.smithi008.stdout:/usr/bin/ceph: stderr
2024-04-25T10:52:49.010+0000 7fdb3aa00700 1 -- 172.21.15.8:0/2141059601 --> [v2:172.21.15.8:3300/0,v1:172.21.15.8:6789/0] -- mon_command({"prefix": "mgr stat"} v 0) -- 0x7fdb341a3690 con 0x7fdb3407ee00
2024-04-25T10:52:49.780 INFO:teuthology.orchestra.run.smithi008.stdout:/usr/bin/ceph: stderr
2024-04-25T10:52:49.011+0000 7fdb30c00700 1 -- 172.21.15.8:0/2141059601 <== mon.0 v2:172.21.15.8:3300/0 7 ==== mon_command_ack([{"prefix": "mgr stat"}]=0 v9) ==== 56+0+88 (secure 0 0 0) 0x7fdb24017e90 con 0x7fdb3407ee00
2024-04-25T10:52:49.780 INFO:teuthology.orchestra.run.smithi008.stdout:/usr/bin/ceph: stderr
2024-04-25T10:52:49.014+0000 7fdb3aa00700 1 -- 172.21.15.8:0/2141059601 >> [v2:172.21.15.8:6800/907315605,v1:172.21.15.8:6801/907315605] conn(0x7fdb1803d620 msgr2=0x7fdb1803fb30 unknown :-1 s=STATE_CONNECTING l=1).mark_down
2024-04-25T10:52:49.780 INFO:teuthology.orchestra.run.smithi008.stdout:/usr/bin/ceph: stderr
2024-04-25T10:52:49.014+0000 7fdb3aa00700 1 --2- 172.21.15.8:0/2141059601 >> [v2:172.21.15.8:6800/907315605,v1:172.21.15.8:6801/907315605] conn(0x7fdb1803d620 0x7fdb1803fb30 unknown :-1 s=START_CONNECT pgs=0 cs=0 l=1 rev1=0 crypto rx=0 tx=0 comp rx=0 tx=0).stop
2024-04-25T10:52:49.780 INFO:teuthology.orchestra.run.smithi008.stdout:/usr/bin/ceph: stderr
2024-04-25T10:52:49.014+0000 7fdb3aa00700 1 -- 172.21.15.8:0/2141059601 >> [v2:172.21.15.8:3300/0,v1:172.21.15.8:6789/0] conn(0x7fdb3407ee00 msgr2=0x7fdb3419ffc0 secure :-1 s=STATE_CONNECTION_ESTABLISHED l=1).mark_down
2024-04-25T10:52:49.780 INFO:teuthology.orchestra.run.smithi008.stdout:/usr/bin/ceph: stderr
2024-04-25T10:52:49.014+0000 7fdb3aa00700 1 --2- 172.21.15.8:0/2141059601 >> [v2:172.21.15.8:3300/0,v1:172.21.15.8:6789/0] conn(0x7fdb3407ee00 0x7fdb3419ffc0 secure :-1 s=READY pgs=60 cs=0 l=1 rev1=1 crypto rx=0x7fdb24009520 tx=0x7fdb24011aa0 comp rx=0 tx=0).stop
2024-04-25T10:52:49.780 INFO:teuthology.orchestra.run.smithi008.stdout:/usr/bin/ceph: stderr
2024-04-25T10:52:49.014+0000 7fdb3aa00700 1 -- 172.21.15.8:0/2141059601 shutdown_connections
2024-04-25T10:52:49.780 INFO:teuthology.orchestra.run.smithi008.stdout:/usr/bin/ceph: stderr
2024-04-25T10:52:49.014+0000 7fdb3aa00700 1 --2- 172.21.15.8:0/2141059601 >> [v2:172.21.15.8:6800/907315605,v1:172.21.15.8:6801/907315605] conn(0x7fdb1803d620 0x7fdb1803fb30 unknown :-1 s=CLOSED pgs=0 cs=0 l=1 rev1=0 crypto rx=0 tx=0 comp rx=0 tx=0).stop
2024-04-25T10:52:49.780 INFO:teuthology.orchestra.run.smithi008.stdout:/usr/bin/ceph: stderr
2024-04-25T10:52:49.014+0000 7fdb3aa00700 1 --2- 172.21.15.8:0/2141059601 >> [v2:172.21.15.8:3300/0,v1:172.21.15.8:6789/0] conn(0x7fdb3407ee00 0x7fdb3419ffc0 unknown :-1 s=CLOSED pgs=60 cs=0 l=1 rev1=1 crypto rx=0 tx=0 comp rx=0 tx=0).stop
2024-04-25T10:52:49.780 INFO:teuthology.orchestra.run.smithi008.stdout:/usr/bin/ceph: stderr
2024-04-25T10:52:49.014+0000 7fdb3aa00700 1 -- 172.21.15.8:0/2141059601 >> 172.21.15.8:0/2141059601 conn(0x7fdb34105100 msgr2=0x7fdb34105980 unknown :-1 s=STATE_NONE l=0).mark_down
2024-04-25T10:52:49.780 INFO:teuthology.orchestra.run.smithi008.stdout:/usr/bin/ceph: stderr
2024-04-25T10:52:49.014+0000 7fdb3aa00700 1 -- 172.21.15.8:0/2141059601 shutdown_connections
2024-04-25T10:52:49.781 INFO:teuthology.orchestra.run.smithi008.stdout:/usr/bin/ceph: stderr
2024-04-25T10:52:49.015+0000 7fdb3aa00700 1 -- 172.21.15.8:0/2141059601 wait complete.
2024-04-25T10:52:49.781 INFO:teuthology.orchestra.run.smithi008.stdout:Waiting for the mgr to restart...
2024-04-25T10:52:49.781 INFO:teuthology.orchestra.run.smithi008.stdout:Waiting for mgr epoch 9...
2024-04-25T10:52:50.003 INFO:journalctl@ceph.mgr.x.smithi008.stdout:Apr 25 10:52:49 smithi008 ceph-9ff69472-02f1-11ef-bc93-c7b262605968-mgr-x[28261]:
2024-04-25T10:52:49.859+0000 7f4f6f1de200 -1 mgr[py] Module iostat has missing NOTIFY_TYPES member
2024-04-25T10:52:50.567 INFO:journalctl@ceph.mgr.x.smithi008.stdout:Apr 25 10:52:50 smithi008 ceph-9ff69472-02f1-11ef-bc93-c7b262605968-mgr-x[28261]:
2024-04-25T10:52:50.279+0000 7f4f6f1de200 -1 mgr[py] Module alerts has missing NOTIFY_TYPES member
2024-04-25T10:52:50.567 INFO:journalctl@ceph.mgr.x.smithi008.stdout:Apr 25 10:52:50 smithi008 ceph-9ff69472-02f1-11ef-bc93-c7b262605968-mgr-x[28261]:
2024-04-25T10:52:50.412+0000 7f4f6f1de200 -1 mgr[py] Module selftest has missing NOTIFY_TYPES member
2024-04-25T10:52:50.947 INFO:journalctl@ceph.mgr.x.smithi008.stdout:Apr 25 10:52:50 smithi008 ceph-9ff69472-02f1-11ef-bc93-c7b262605968-mgr-x[28261]:
2024-04-25T10:52:50.680+0000 7f4f6f1de200 -1 mgr[py] Module pg_autoscaler has missing NOTIFY_TYPES member
2024-04-25T10:52:50.947 INFO:journalctl@ceph.mgr.x.smithi008.stdout:Apr 25 10:52:50 smithi008 ceph-9ff69472-02f1-11ef-bc93-c7b262605968-mgr-x[28261]:
2024-04-25T10:52:50.945+0000 7f4f6f1de200 -1 mgr[py] Module test_orchestrator has missing NOTIFY_TYPES member
2024-04-25T10:52:52.207 INFO:journalctl@ceph.mgr.x.smithi008.stdout:Apr 25 10:52:51 smithi008 ceph-9ff69472-02f1-11ef-bc93-c7b262605968-mgr-x[28261]:
2024-04-25T10:52:51.762+0000 7f4f6f1de200 -1 mgr[py] Module rook has missing NOTIFY_TYPES member
2024-04-25T10:52:52.707 INFO:journalctl@ceph.mgr.x.smithi008.stdout:Apr 25 10:52:52 smithi008 ceph-9ff69472-02f1-11ef-bc93-c7b262605968-mgr-x[28261]:
2024-04-25T10:52:52.342+0000 7f4f6f1de200 -1 mgr[py] Module volumes has missing NOTIFY_TYPES member
2024-04-25T10:52:52.707 INFO:journalctl@ceph.mgr.x.smithi008.stdout:Apr 25 10:52:52 smithi008 ceph-9ff69472-02f1-11ef-bc93-c7b262605968-mgr-x[28261]:
2024-04-25T10:52:52.474+0000 7f4f6f1de200 -1 mgr[py] Module crash has missing NOTIFY_TYPES member
2024-04-25T10:52:53.207 INFO:journalctl@ceph.mgr.x.smithi008.stdout:Apr 25 10:52:52 smithi008 ceph-9ff69472-02f1-11ef-bc93-c7b262605968-mgr-x[28261]:
2024-04-25T10:52:52.750+0000 7f4f6f1de200 -1 mgr[py] Module rgw has missing NOTIFY_TYPES member
2024-04-25T10:52:53.707 INFO:journalctl@ceph.mgr.x.smithi008.stdout:Apr 25 10:52:53 smithi008 ceph-9ff69472-02f1-11ef-bc93-c7b262605968-mgr-x[28261]:
2024-04-25T10:52:53.419+0000 7f4f6f1de200 -1 mgr[py] Module prometheus has missing NOTIFY_TYPES member
2024-04-25T10:52:53.790 INFO:journalctl@ceph.mgr.x.smithi008.stdout:Apr 25 10:52:53 smithi008 ceph-9ff69472-02f1-11ef-bc93-c7b262605968-mgr-x[28261]:
2024-04-25T10:52:53.549+0000 7f4f6f1de200 -1 mgr[py] Module devicehealth has missing NOTIFY_TYPES member
2024-04-25T10:52:54.206 INFO:journalctl@ceph.mgr.x.smithi008.stdout:Apr 25 10:52:53 smithi008 ceph-9ff69472-02f1-11ef-bc93-c7b262605968-mgr-x[28261]:
2024-04-25T10:52:53.887+0000 7f4f6f1de200 -1 mgr[py] Module telemetry has missing NOTIFY_TYPES member
2024-04-25T10:52:54.207 INFO:journalctl@ceph.mgr.x.smithi008.stdout:Apr 25 10:52:54 smithi008 ceph-9ff69472-02f1-11ef-bc93-c7b262605968-mgr-x[28261]:
2024-04-25T10:52:54.073+0000 7f4f6f1de200 -1 mgr[py] Module diskprediction_local has missing NOTIFY_TYPES member
2024-04-25T10:52:54.207 INFO:journalctl@ceph.mgr.x.smithi008.stdout:Apr 25 10:52:54 smithi008 ceph-9ff69472-02f1-11ef-bc93-c7b262605968-mgr-x[28261]:
2024-04-25T10:52:54.204+0000 7f4f6f1de200 -1 mgr[py] Module osd_perf_query has missing NOTIFY_TYPES member
2024-04-25T10:52:54.457 INFO:journalctl@ceph.mgr.x.smithi008.stdout:Apr 25 10:52:54 smithi008 ceph-9ff69472-02f1-11ef-bc93-c7b262605968-mgr-x[28261]:
2024-04-25T10:52:54.361+0000 7f4f6f1de200 -1 mgr[py] Module rbd_support has missing NOTIFY_TYPES member
2024-04-25T10:52:55.207 INFO:journalctl@ceph.mgr.x.smithi008.stdout:Apr 25 10:52:54 smithi008 ceph-9ff69472-02f1-11ef-bc93-c7b262605968-mgr-x[28261]:
2024-04-25T10:52:54.739+0000 7f4f6f1de200 -1 mgr[py] Module zabbix has missing NOTIFY_TYPES member
2024-04-25T10:52:55.822 INFO:journalctl@ceph.mgr.x.smithi008.stdout:Apr 25 10:52:55 smithi008 ceph-9ff69472-02f1-11ef-bc93-c7b262605968-mgr-x[28261]:
2024-04-25T10:52:55.523+0000 7f4f6f1de200 -1 mgr[py] Module status has missing NOTIFY_TYPES member
2024-04-25T10:52:56.207 INFO:journalctl@ceph.mgr.x.smithi008.stdout:Apr 25 10:52:55 smithi008 ceph-9ff69472-02f1-11ef-bc93-c7b262605968-mgr-x[28261]:
2024-04-25T10:52:55.820+0000 7f4f6f1de200 -1 mgr[py] Module nfs has missing NOTIFY_TYPES member
2024-04-25T10:52:56.208 INFO:journalctl@ceph.mon.a.smithi008.stdout:Apr 25 10:52:55 smithi008 ceph-mon[28025]: Active manager daemon x restarted
2024-04-25T10:52:56.208 INFO:journalctl@ceph.mon.a.smithi008.stdout:Apr 25 10:52:55 smithi008 ceph-mon[28025]: Activating manager daemon x
2024-04-25T10:52:56.208 INFO:journalctl@ceph.mon.a.smithi008.stdout:Apr 25 10:52:55 smithi008 ceph-mon[28025]: osdmap e3: 0 total, 0 up, 0 in
2024-04-25T10:52:56.208 INFO:journalctl@ceph.mon.a.smithi008.stdout:Apr 25 10:52:55 smithi008 ceph-mon[28025]: mgrmap e10: x(active, starting, since 0.00589328s)
2024-04-25T10:52:56.208 INFO:journalctl@ceph.mon.a.smithi008.stdout:Apr 25 10:52:55 smithi008 ceph-mon[28025]: from='mgr.14152 172.21.15.8:0/1854729170' entity='mgr.x' cmd=[{"prefix": "mon metadata", "id": "a"}]: dispatch
2024-04-25T10:52:56.208 INFO:journalctl@ceph.mon.a.smithi008.stdout:Apr 25 10:52:55 smithi008 ceph-mon[28025]: from='mgr.14152 172.21.15.8:0/1854729170' entity='mgr.x' cmd=[{"prefix": "mgr metadata", "who": "x", "id": "x"}]: dispatch
2024-04-25T10:52:56.208 INFO:journalctl@ceph.mon.a.smithi008.stdout:Apr 25 10:52:55 smithi008 ceph-mon[28025]: from='mgr.14152 172.21.15.8:0/1854729170' entity='mgr.x' cmd=[{"prefix": "mds metadata"}]: dispatch
2024-04-25T10:52:56.208 INFO:journalctl@ceph.mon.a.smithi008.stdout:Apr 25 10:52:55 smithi008 ceph-mon[28025]: from='mgr.14152 172.21.15.8:0/1854729170' entity='mgr.x' cmd=[{"prefix": "osd metadata"}]: dispatch
2024-04-25T10:52:56.208 INFO:journalctl@ceph.mon.a.smithi008.stdout:Apr 25 10:52:55 smithi008 ceph-mon[28025]: from='mgr.14152 172.21.15.8:0/1854729170' entity='mgr.x' cmd=[{"prefix": "mon metadata"}]: dispatch
2024-04-25T10:52:56.208 INFO:journalctl@ceph.mon.a.smithi008.stdout:Apr 25 10:52:55 smithi008 ceph-mon[28025]: Manager daemon x is now available
2024-04-25T10:52:57.208 INFO:journalctl@ceph.mon.a.smithi008.stdout:Apr 25 10:52:56 smithi008 ceph-mon[28025]: from='mgr.14152 172.21.15.8:0/1854729170' entity='mgr.x' cmd=[{"prefix": "config dump", "format": "json"}]: dispatch
2024-04-25T10:52:57.208 INFO:journalctl@ceph.mon.a.smithi008.stdout:Apr 25 10:52:56 smithi008 ceph-mon[28025]: from='mgr.14152 172.21.15.8:0/1854729170' entity='mgr.x' cmd=[{"prefix":"config rm","who":"mgr","name":"mgr/rbd_support/x/mirror_snapshot_schedule"}]: dispatch
2024-04-25T10:52:57.208 INFO:journalctl@ceph.mon.a.smithi008.stdout:Apr 25 10:52:56 smithi008 ceph-mon[28025]: from='mgr.14152 172.21.15.8:0/1854729170' entity='mgr.x' cmd=[{"prefix":"config rm","who":"mgr","name":"mgr/rbd_support/x/trash_purge_schedule"}]: dispatch
2024-04-25T10:52:57.208 INFO:journalctl@ceph.mon.a.smithi008.stdout:Apr 25 10:52:56 smithi008 ceph-mon[28025]: [25/Apr/2024:10:52:56] ENGINE Bus STARTING
2024-04-25T10:52:57.208 INFO:journalctl@ceph.mon.a.smithi008.stdout:Apr 25 10:52:56 smithi008 ceph-mon[28025]: [25/Apr/2024:10:52:56] ENGINE Serving on https://172.21.15.8:7150
2024-04-25T10:52:57.208 INFO:journalctl@ceph.mon.a.smithi008.stdout:Apr 25 10:52:56 smithi008 ceph-mon[28025]: [25/Apr/2024:10:52:56] ENGINE Serving on http://172.21.15.8:8765
2024-04-25T10:52:57.208 INFO:journalctl@ceph.mon.a.smithi008.stdout:Apr 25 10:52:56 smithi008 ceph-mon[28025]: [25/Apr/2024:10:52:56] ENGINE Bus STARTED
2024-04-25T10:52:57.208 INFO:journalctl@ceph.mon.a.smithi008.stdout:Apr 25 10:52:56 smithi008 ceph-mon[28025]: mgrmap e11: x(active, since 1.0122s)
2024-04-25T10:52:57.658 INFO:teuthology.orchestra.run.smithi008.stdout:/usr/bin/ceph: stdout {
2024-04-25T10:52:57.659 INFO:teuthology.orchestra.run.smithi008.stdout:/usr/bin/ceph: stdout "mgrmap_epoch": 11,
2024-04-25T10:52:57.659 INFO:teuthology.orchestra.run.smithi008.stdout:/usr/bin/ceph: stdout "initialized": true
2024-04-25T10:52:57.659 INFO:teuthology.orchestra.run.smithi008.stdout:/usr/bin/ceph: stdout }
2024-04-25T10:52:57.659 INFO:teuthology.orchestra.run.smithi008.stdout:/usr/bin/ceph: stderr
2024-04-25T10:52:50.565+0000 7f4813e00700 1 Processor -- start
2024-04-25T10:52:57.659 INFO:teuthology.orchestra.run.smithi008.stdout:/usr/bin/ceph: stderr
2024-04-25T10:52:50.565+0000 7f4813e00700 1 -- start start
2024-04-25T10:52:57.660 INFO:teuthology.orchestra.run.smithi008.stdout:/usr/bin/ceph: stderr
2024-04-25T10:52:50.566+0000 7f4813e00700 1 --2- >> [v2:172.21.15.8:3300/0,v1:172.21.15.8:6789/0] conn(0x7f480c108310 0x7f480c108720 unknown :-1 s=NONE pgs=0 cs=0 l=0 rev1=0 crypto rx=0 tx=0 comp rx=0 tx=0).connect
2024-04-25T10:52:57.660 INFO:teuthology.orchestra.run.smithi008.stdout:/usr/bin/ceph: stderr
2024-04-25T10:52:50.566+0000 7f4813e00700 1 -- --> [v2:172.21.15.8:3300/0,v1:172.21.15.8:6789/0] -- mon_getmap magic: 0 -- 0x7f480c07ce20 con 0x7f480c108310
2024-04-25T10:52:57.660 INFO:teuthology.orchestra.run.smithi008.stdout:/usr/bin/ceph: stderr
2024-04-25T10:52:50.566+0000 7f4811400700 1 --2- >> [v2:172.21.15.8:3300/0,v1:172.21.15.8:6789/0] conn(0x7f480c108310 0x7f480c108720 unknown :-1 s=BANNER_CONNECTING pgs=0 cs=0 l=0 rev1=0 crypto rx=0 tx=0 comp rx=0 tx=0)._handle_peer_banner_payload supported=3 required=0
2024-04-25T10:52:57.661 INFO:teuthology.orchestra.run.smithi008.stdout:/usr/bin/ceph: stderr
2024-04-25T10:52:50.566+0000 7f4811400700 1 --2- >> [v2:172.21.15.8:3300/0,v1:172.21.15.8:6789/0] conn(0x7f480c108310 0x7f480c108720 unknown :-1 s=HELLO_CONNECTING pgs=0 cs=0 l=0 rev1=1 crypto rx=0 tx=0 comp rx=0 tx=0).handle_hello peer v2:172.21.15.8:3300/0 says I am v2:172.21.15.8:48660/0 (socket says 172.21.15.8:48660)
2024-04-25T10:52:57.661 INFO:teuthology.orchestra.run.smithi008.stdout:/usr/bin/ceph: stderr
2024-04-25T10:52:50.566+0000 7f4811400700 1 -- 172.21.15.8:0/403884076 learned_addr learned my addr 172.21.15.8:0/403884076 (peer_addr_for_me v2:172.21.15.8:0/0)
2024-04-25T10:52:57.661 INFO:teuthology.orchestra.run.smithi008.stdout:/usr/bin/ceph: stderr
2024-04-25T10:52:50.567+0000 7f4811400700 1 -- 172.21.15.8:0/403884076 --> [v2:172.21.15.8:3300/0,v1:172.21.15.8:6789/0] -- mon_subscribe({config=0+,monmap=0+}) -- 0x7f480c108c60 con 0x7f480c108310
2024-04-25T10:52:57.662 INFO:teuthology.orchestra.run.smithi008.stdout:/usr/bin/ceph: stderr
2024-04-25T10:52:50.568+0000 7f4811400700 1 --2- 172.21.15.8:0/403884076 >> [v2:172.21.15.8:3300/0,v1:172.21.15.8:6789/0] conn(0x7f480c108310 0x7f480c108720 secure :-1 s=READY pgs=61 cs=0 l=1 rev1=1 crypto rx=0x7f48000098a0 tx=0x7f4800009bb0 comp rx=0 tx=0).ready entity=mon.0 client_cookie=a786894045222587 server_cookie=0 in_seq=0 out_seq=0
2024-04-25T10:52:57.662 INFO:teuthology.orchestra.run.smithi008.stdout:/usr/bin/ceph: stderr
2024-04-25T10:52:50.568+0000 7f480be00700 1 -- 172.21.15.8:0/403884076 <== mon.0 v2:172.21.15.8:3300/0 1 ==== mon_map magic: 0 ==== 205+0+0 (secure 0 0 0) 0x7f4800004160 con 0x7f480c108310
2024-04-25T10:52:57.662 INFO:teuthology.orchestra.run.smithi008.stdout:/usr/bin/ceph: stderr
2024-04-25T10:52:50.568+0000 7f480be00700 1 -- 172.21.15.8:0/403884076 <== mon.0 v2:172.21.15.8:3300/0 2 ==== config(26 keys) ==== 1101+0+0 (secure 0 0 0) 0x7f4800004300 con 0x7f480c108310
2024-04-25T10:52:57.664 INFO:teuthology.orchestra.run.smithi008.stdout:/usr/bin/ceph: stderr
2024-04-25T10:52:50.568+0000 7f480be00700 1 -- 172.21.15.8:0/403884076 <== mon.0 v2:172.21.15.8:3300/0 3 ==== mon_map magic: 0 ==== 205+0+0 (secure 0 0 0) 0x7f4800011a20 con 0x7f480c108310
2024-04-25T10:52:57.664 INFO:teuthology.orchestra.run.smithi008.stdout:/usr/bin/ceph: stderr
2024-04-25T10:52:50.569+0000 7f4813e00700 1 -- 172.21.15.8:0/403884076 >> [v2:172.21.15.8:3300/0,v1:172.21.15.8:6789/0] conn(0x7f480c108310 msgr2=0x7f480c108720 secure :-1 s=STATE_CONNECTION_ESTABLISHED l=1).mark_down
2024-04-25T10:52:57.664 INFO:teuthology.orchestra.run.smithi008.stdout:/usr/bin/ceph: stderr
2024-04-25T10:52:50.569+0000 7f4813e00700 1 --2- 172.21.15.8:0/403884076 >> [v2:172.21.15.8:3300/0,v1:172.21.15.8:6789/0] conn(0x7f480c108310 0x7f480c108720 secure :-1 s=READY pgs=61 cs=0 l=1 rev1=1 crypto rx=0x7f48000098a0 tx=0x7f4800009bb0 comp rx=0 tx=0).stop
2024-04-25T10:52:57.664 INFO:teuthology.orchestra.run.smithi008.stdout:/usr/bin/ceph: stderr
2024-04-25T10:52:50.570+0000 7f4813e00700 1 -- 172.21.15.8:0/403884076 shutdown_connections
2024-04-25T10:52:57.664 INFO:teuthology.orchestra.run.smithi008.stdout:/usr/bin/ceph: stderr
2024-04-25T10:52:50.570+0000 7f4813e00700 1 --2- 172.21.15.8:0/403884076 >> [v2:172.21.15.8:3300/0,v1:172.21.15.8:6789/0] conn(0x7f480c108310 0x7f480c108720 unknown :-1 s=CLOSED pgs=61 cs=0 l=1 rev1=1 crypto rx=0 tx=0 comp rx=0 tx=0).stop
2024-04-25T10:52:57.664 INFO:teuthology.orchestra.run.smithi008.stdout:/usr/bin/ceph: stderr
2024-04-25T10:52:50.570+0000 7f4813e00700 1 -- 172.21.15.8:0/403884076 >> 172.21.15.8:0/403884076 conn(0x7f480c103fc0 msgr2=0x7f480c106410 unknown :-1 s=STATE_NONE l=0).mark_down
2024-04-25T10:52:57.664 INFO:teuthology.orchestra.run.smithi008.stdout:/usr/bin/ceph: stderr
2024-04-25T10:52:50.570+0000 7f4813e00700 1 -- 172.21.15.8:0/403884076 shutdown_connections
2024-04-25T10:52:57.664 INFO:teuthology.orchestra.run.smithi008.stdout:/usr/bin/ceph: stderr
2024-04-25T10:52:50.570+0000 7f4813e00700 1 -- 172.21.15.8:0/403884076 wait complete.
2024-04-25T10:52:57.665 INFO:teuthology.orchestra.run.smithi008.stdout:/usr/bin/ceph: stderr
2024-04-25T10:52:50.571+0000 7f4813e00700 1 Processor -- start
2024-04-25T10:52:57.665 INFO:teuthology.orchestra.run.smithi008.stdout:/usr/bin/ceph: stderr
2024-04-25T10:52:50.572+0000 7f4813e00700 1 -- start start
2024-04-25T10:52:57.665 INFO:teuthology.orchestra.run.smithi008.stdout:/usr/bin/ceph: stderr
2024-04-25T10:52:50.572+0000 7f4813e00700 1 --2- >> [v2:172.21.15.8:3300/0,v1:172.21.15.8:6789/0] conn(0x7f480c108310 0x7f480c19ffc0 unknown :-1 s=NONE pgs=0 cs=0 l=1 rev1=0 crypto rx=0 tx=0 comp rx=0 tx=0).connect
2024-04-25T10:52:57.665 INFO:teuthology.orchestra.run.smithi008.stdout:/usr/bin/ceph: stderr
2024-04-25T10:52:50.572+0000 7f4813e00700 1 -- --> [v2:172.21.15.8:3300/0,v1:172.21.15.8:6789/0] -- mon_getmap magic: 0 -- 0x7f480c109d20 con 0x7f480c108310
2024-04-25T10:52:57.671 INFO:teuthology.orchestra.run.smithi008.stdout:/usr/bin/ceph: stderr
2024-04-25T10:52:50.572+0000 7f4811400700 1 --2- >> [v2:172.21.15.8:3300/0,v1:172.21.15.8:6789/0] conn(0x7f480c108310 0x7f480c19ffc0 unknown :-1 s=BANNER_CONNECTING pgs=0 cs=0 l=1 rev1=0 crypto rx=0 tx=0 comp rx=0 tx=0)._handle_peer_banner_payload supported=3 required=0
2024-04-25T10:52:57.671 INFO:teuthology.orchestra.run.smithi008.stdout:/usr/bin/ceph: stderr
2024-04-25T10:52:50.572+0000 7f4811400700 1 --2- >> [v2:172.21.15.8:3300/0,v1:172.21.15.8:6789/0] conn(0x7f480c108310 0x7f480c19ffc0 unknown :-1 s=HELLO_CONNECTING pgs=0 cs=0 l=1 rev1=1 crypto rx=0 tx=0 comp rx=0 tx=0).handle_hello peer v2:172.21.15.8:3300/0 says I am v2:172.21.15.8:48676/0 (socket says 172.21.15.8:48676)
2024-04-25T10:52:57.671 INFO:teuthology.orchestra.run.smithi008.stdout:/usr/bin/ceph: stderr
2024-04-25T10:52:50.572+0000 7f4811400700 1 -- 172.21.15.8:0/888581568 learned_addr learned my addr 172.21.15.8:0/888581568 (peer_addr_for_me v2:172.21.15.8:0/0)
2024-04-25T10:52:57.671 INFO:teuthology.orchestra.run.smithi008.stdout:/usr/bin/ceph: stderr
2024-04-25T10:52:50.573+0000 7f4811400700 1 -- 172.21.15.8:0/888581568 --> [v2:172.21.15.8:3300/0,v1:172.21.15.8:6789/0] -- mon_subscribe({config=0+,monmap=0+}) -- 0x7f480c1a0500 con 0x7f480c108310
2024-04-25T10:52:57.671 INFO:teuthology.orchestra.run.smithi008.stdout:/usr/bin/ceph: stderr
2024-04-25T10:52:50.573+0000 7f4811400700 1 --2- 172.21.15.8:0/888581568 >> [v2:172.21.15.8:3300/0,v1:172.21.15.8:6789/0] conn(0x7f480c108310 0x7f480c19ffc0 secure :-1 s=READY pgs=62 cs=0 l=1 rev1=1 crypto rx=0x7f4800009520 tx=0x7f4800011aa0 comp rx=0 tx=0).ready entity=mon.0 client_cookie=0 server_cookie=0 in_seq=0 out_seq=0
2024-04-25T10:52:57.671 INFO:teuthology.orchestra.run.smithi008.stdout:/usr/bin/ceph: stderr
2024-04-25T10:52:50.574+0000 7f480a000700 1 -- 172.21.15.8:0/888581568 <== mon.0 v2:172.21.15.8:3300/0 1 ==== mon_map magic: 0 ==== 205+0+0 (secure 0 0 0) 0x7f48000039e0 con 0x7f480c108310
2024-04-25T10:52:57.671 INFO:teuthology.orchestra.run.smithi008.stdout:/usr/bin/ceph: stderr
2024-04-25T10:52:50.574+0000 7f480a000700 1 -- 172.21.15.8:0/888581568 <== mon.0 v2:172.21.15.8:3300/0 2 ==== config(26 keys) ==== 1101+0+0 (secure 0 0 0) 0x7f480001b8f0 con 0x7f480c108310
2024-04-25T10:52:57.671 INFO:teuthology.orchestra.run.smithi008.stdout:/usr/bin/ceph: stderr
2024-04-25T10:52:50.574+0000 7f4813e00700 1 -- 172.21.15.8:0/888581568 --> [v2:172.21.15.8:3300/0,v1:172.21.15.8:6789/0] -- mon_subscribe({mgrmap=0+}) -- 0x7f480c1a0790 con 0x7f480c108310
2024-04-25T10:52:57.671 INFO:teuthology.orchestra.run.smithi008.stdout:/usr/bin/ceph: stderr
2024-04-25T10:52:50.574+0000 7f480a000700 1 -- 172.21.15.8:0/888581568 <== mon.0 v2:172.21.15.8:3300/0 3 ==== mon_map magic: 0 ==== 205+0+0 (secure 0 0 0) 0x7f48000197d0 con 0x7f480c108310
2024-04-25T10:52:57.672 INFO:teuthology.orchestra.run.smithi008.stdout:/usr/bin/ceph: stderr
2024-04-25T10:52:50.574+0000 7f4813e00700 1 -- 172.21.15.8:0/888581568 --> [v2:172.21.15.8:3300/0,v1:172.21.15.8:6789/0] -- mon_subscribe({osdmap=0}) -- 0x7f480c1a33a0 con 0x7f480c108310
2024-04-25T10:52:57.672 INFO:teuthology.orchestra.run.smithi008.stdout:/usr/bin/ceph: stderr
2024-04-25T10:52:50.576+0000 7f480a000700 1 -- 172.21.15.8:0/888581568 <== mon.0 v2:172.21.15.8:3300/0 4 ==== mgrmap(e 9) ==== 49529+0+0 (secure 0 0 0) 0x7f4800019af0 con 0x7f480c108310
2024-04-25T10:52:57.672 INFO:teuthology.orchestra.run.smithi008.stdout:/usr/bin/ceph: stderr
2024-04-25T10:52:50.576+0000 7f480a000700 1 --2- 172.21.15.8:0/888581568 >> [v2:172.21.15.8:6800/907315605,v1:172.21.15.8:6801/907315605] conn(0x7f47f403d5c0 0x7f47f403fad0 unknown :-1 s=NONE pgs=0 cs=0 l=1 rev1=0 crypto rx=0 tx=0 comp rx=0 tx=0).connect
2024-04-25T10:52:57.672 INFO:teuthology.orchestra.run.smithi008.stdout:/usr/bin/ceph: stderr
2024-04-25T10:52:50.576+0000 7f480a000700 1 -- 172.21.15.8:0/888581568 --> [v2:172.21.15.8:6800/907315605,v1:172.21.15.8:6801/907315605] -- command(tid 0: {"prefix": "get_command_descriptions"}) -- 0x7f47f40401e0 con 0x7f47f403d5c0
2024-04-25T10:52:57.672 INFO:teuthology.orchestra.run.smithi008.stdout:/usr/bin/ceph: stderr
2024-04-25T10:52:50.576+0000 7f480a000700 1 -- 172.21.15.8:0/888581568 <== mon.0 v2:172.21.15.8:3300/0 5 ==== osd_map(2..2 src has 1..2) ==== 940+0+0 (secure 0 0 0) 0x7f4800052e90 con 0x7f480c108310
2024-04-25T10:52:57.672 INFO:teuthology.orchestra.run.smithi008.stdout:/usr/bin/ceph: stderr
2024-04-25T10:52:50.576+0000 7f4810a00700 1 -- 172.21.15.8:0/888581568 >> [v2:172.21.15.8:6800/907315605,v1:172.21.15.8:6801/907315605] conn(0x7f47f403d5c0 msgr2=0x7f47f403fad0 unknown :-1 s=STATE_CONNECTING_RE l=1).process reconnect failed to v2:172.21.15.8:6800/907315605
2024-04-25T10:52:57.672 INFO:teuthology.orchestra.run.smithi008.stdout:/usr/bin/ceph: stderr
2024-04-25T10:52:50.576+0000 7f4810a00700 1 --2- 172.21.15.8:0/888581568 >> [v2:172.21.15.8:6800/907315605,v1:172.21.15.8:6801/907315605] conn(0x7f47f403d5c0 0x7f47f403fad0 unknown :-1 s=START_CONNECT pgs=0 cs=0 l=1 rev1=0 crypto rx=0 tx=0 comp rx=0 tx=0)._fault waiting 0.200000
2024-04-25T10:52:57.672 INFO:teuthology.orchestra.run.smithi008.stdout:/usr/bin/ceph: stderr
