2024-04-25T10:54:04.937+0000 7f8ebe38d700 1 -- 172.21.15.96:0/2486749867 --> [v2:172.21.15.96:3300/0,v1:172.21.15.96:6789/0] -- mon_subscribe({mgrmap=0+}) -- 0x7f8eb8108bd0 con 0x7f8eb810af50
2024-04-25T10:54:05.713 INFO:teuthology.orchestra.run.smithi096.stdout:/usr/bin/ceph: stderr
2024-04-25T10:54:04.937+0000 7f8eb57fa700 1 -- 172.21.15.96:0/2486749867 <== mon.0 v2:172.21.15.96:3300/0 3 ==== mon_map magic: 0 ==== 205+0+0 (secure 0 0 0) 0x7f8ea801a600 con 0x7f8eb810af50
2024-04-25T10:54:05.713 INFO:teuthology.orchestra.run.smithi096.stdout:/usr/bin/ceph: stderr
2024-04-25T10:54:04.937+0000 7f8ebe38d700 1 -- 172.21.15.96:0/2486749867 --> [v2:172.21.15.96:3300/0,v1:172.21.15.96:6789/0] -- mon_subscribe({osdmap=0}) -- 0x7f8eb81090b0 con 0x7f8eb810af50
2024-04-25T10:54:05.713 INFO:teuthology.orchestra.run.smithi096.stdout:/usr/bin/ceph: stderr
2024-04-25T10:54:04.938+0000 7f8eb57fa700 1 -- 172.21.15.96:0/2486749867 <== mon.0 v2:172.21.15.96:3300/0 4 ==== mgrmap(e 4) ==== 49505+0+0 (secure 0 0 0) 0x7f8ea801a900 con 0x7f8eb810af50
2024-04-25T10:54:05.713 INFO:teuthology.orchestra.run.smithi096.stdout:/usr/bin/ceph: stderr
2024-04-25T10:54:04.938+0000 7f8ebe38d700 1 -- 172.21.15.96:0/2486749867 --> [v2:172.21.15.96:3300/0,v1:172.21.15.96:6789/0] -- mon_command({"prefix": "get_command_descriptions"} v 0) -- 0x7f8eb8064cf0 con 0x7f8eb810af50
2024-04-25T10:54:05.713 INFO:teuthology.orchestra.run.smithi096.stdout:/usr/bin/ceph: stderr
2024-04-25T10:54:04.938+0000 7f8eb57fa700 1 --2- 172.21.15.96:0/2486749867 >> [v2:172.21.15.96:6800/3206411594,v1:172.21.15.96:6801/3206411594] conn(0x7f8ea003d590 0x7f8ea003faa0 unknown :-1 s=NONE pgs=0 cs=0 l=1 rev1=0 crypto rx=0 tx=0 comp rx=0 tx=0).connect
2024-04-25T10:54:05.713 INFO:teuthology.orchestra.run.smithi096.stdout:/usr/bin/ceph: stderr
2024-04-25T10:54:04.938+0000 7f8eb57fa700 1 -- 172.21.15.96:0/2486749867 <== mon.0 v2:172.21.15.96:3300/0 5 ==== osd_map(1..1 src has 1..1) ==== 725+0+0 (secure 0 0 0) 0x7f8ea80529e0 con 0x7f8eb810af50
2024-04-25T10:54:05.713 INFO:teuthology.orchestra.run.smithi096.stdout:/usr/bin/ceph: stderr
2024-04-25T10:54:04.938+0000 7f8eb77fe700 1 --2- 172.21.15.96:0/2486749867 >> [v2:172.21.15.96:6800/3206411594,v1:172.21.15.96:6801/3206411594] conn(0x7f8ea003d590 0x7f8ea003faa0 unknown :-1 s=BANNER_CONNECTING pgs=0 cs=0 l=1 rev1=0 crypto rx=0 tx=0 comp rx=0 tx=0)._handle_peer_banner_payload supported=3 required=0
2024-04-25T10:54:05.713 INFO:teuthology.orchestra.run.smithi096.stdout:/usr/bin/ceph: stderr
2024-04-25T10:54:04.939+0000 7f8eb77fe700 1 --2- 172.21.15.96:0/2486749867 >> [v2:172.21.15.96:6800/3206411594,v1:172.21.15.96:6801/3206411594] conn(0x7f8ea003d590 0x7f8ea003faa0 secure :-1 s=READY pgs=7 cs=0 l=1 rev1=1 crypto rx=0x7f8eac006fd0 tx=0x7f8eac006e40 comp rx=0 tx=0).ready entity=mgr.14100 client_cookie=0 server_cookie=0 in_seq=0 out_seq=0
2024-04-25T10:54:05.713 INFO:teuthology.orchestra.run.smithi096.stdout:/usr/bin/ceph: stderr
2024-04-25T10:54:04.944+0000 7f8eb57fa700 1 -- 172.21.15.96:0/2486749867 <== mon.0 v2:172.21.15.96:3300/0 6 ==== mon_command_ack([{"prefix": "get_command_descriptions"}]=0 v0) ==== 72+0+188370 (secure 0 0 0) 0x7f8ea800e260 con 0x7f8eb810af50
2024-04-25T10:54:05.713 INFO:teuthology.orchestra.run.smithi096.stdout:/usr/bin/ceph: stderr
2024-04-25T10:54:05.140+0000 7f8ebe38d700 1 -- 172.21.15.96:0/2486749867 --> [v2:172.21.15.96:3300/0,v1:172.21.15.96:6789/0] -- mon_command({"prefix": "config assimilate-conf"} v 0) -- 0x7f8eb81097f0 con 0x7f8eb810af50
2024-04-25T10:54:05.713 INFO:teuthology.orchestra.run.smithi096.stdout:/usr/bin/ceph: stderr
2024-04-25T10:54:05.141+0000 7f8eb57fa700 1 -- 172.21.15.96:0/2486749867 <== mon.0 v2:172.21.15.96:3300/0 7 ==== mon_command_ack([{"prefix": "config assimilate-conf"}]=0 v3) ==== 70+0+409 (secure 0 0 0) 0x7f8ea8052400 con 0x7f8eb810af50
2024-04-25T10:54:05.713 INFO:teuthology.orchestra.run.smithi096.stdout:/usr/bin/ceph: stderr
2024-04-25T10:54:05.143+0000 7f8ebe38d700 1 -- 172.21.15.96:0/2486749867 >> [v2:172.21.15.96:6800/3206411594,v1:172.21.15.96:6801/3206411594] conn(0x7f8ea003d590 msgr2=0x7f8ea003faa0 secure :-1 s=STATE_CONNECTION_ESTABLISHED l=1).mark_down
2024-04-25T10:54:05.713 INFO:teuthology.orchestra.run.smithi096.stdout:/usr/bin/ceph: stderr
2024-04-25T10:54:05.143+0000 7f8ebe38d700 1 --2- 172.21.15.96:0/2486749867 >> [v2:172.21.15.96:6800/3206411594,v1:172.21.15.96:6801/3206411594] conn(0x7f8ea003d590 0x7f8ea003faa0 secure :-1 s=READY pgs=7 cs=0 l=1 rev1=1 crypto rx=0x7f8eac006fd0 tx=0x7f8eac006e40 comp rx=0 tx=0).stop
2024-04-25T10:54:05.714 INFO:teuthology.orchestra.run.smithi096.stdout:/usr/bin/ceph: stderr
2024-04-25T10:54:05.143+0000 7f8ebe38d700 1 -- 172.21.15.96:0/2486749867 >> [v2:172.21.15.96:3300/0,v1:172.21.15.96:6789/0] conn(0x7f8eb810af50 msgr2=0x7f8eb810a440 secure :-1 s=STATE_CONNECTION_ESTABLISHED l=1).mark_down
2024-04-25T10:54:05.714 INFO:teuthology.orchestra.run.smithi096.stdout:/usr/bin/ceph: stderr
2024-04-25T10:54:05.143+0000 7f8ebe38d700 1 --2- 172.21.15.96:0/2486749867 >> [v2:172.21.15.96:3300/0,v1:172.21.15.96:6789/0] conn(0x7f8eb810af50 0x7f8eb810a440 secure :-1 s=READY pgs=21 cs=0 l=1 rev1=1 crypto rx=0x7f8ea80116a0 tx=0x7f8ea8011a60 comp rx=0 tx=0).stop
2024-04-25T10:54:05.714 INFO:teuthology.orchestra.run.smithi096.stdout:/usr/bin/ceph: stderr
2024-04-25T10:54:05.144+0000 7f8ebe38d700 1 -- 172.21.15.96:0/2486749867 shutdown_connections
2024-04-25T10:54:05.714 INFO:teuthology.orchestra.run.smithi096.stdout:/usr/bin/ceph: stderr
2024-04-25T10:54:05.144+0000 7f8ebe38d700 1 --2- 172.21.15.96:0/2486749867 >> [v2:172.21.15.96:6800/3206411594,v1:172.21.15.96:6801/3206411594] conn(0x7f8ea003d590 0x7f8ea003faa0 unknown :-1 s=CLOSED pgs=7 cs=0 l=1 rev1=1 crypto rx=0 tx=0 comp rx=0 tx=0).stop
2024-04-25T10:54:05.714 INFO:teuthology.orchestra.run.smithi096.stdout:/usr/bin/ceph: stderr
2024-04-25T10:54:05.144+0000 7f8ebe38d700 1 --2- 172.21.15.96:0/2486749867 >> [v2:172.21.15.96:3300/0,v1:172.21.15.96:6789/0] conn(0x7f8eb810af50 0x7f8eb810a440 unknown :-1 s=CLOSED pgs=21 cs=0 l=1 rev1=1 crypto rx=0 tx=0 comp rx=0 tx=0).stop
2024-04-25T10:54:05.714 INFO:teuthology.orchestra.run.smithi096.stdout:/usr/bin/ceph: stderr
2024-04-25T10:54:05.144+0000 7f8ebe38d700 1 -- 172.21.15.96:0/2486749867 >> 172.21.15.96:0/2486749867 conn(0x7f8eb8103710 msgr2=0x7f8eb8105010 unknown :-1 s=STATE_NONE l=0).mark_down
2024-04-25T10:54:05.714 INFO:teuthology.orchestra.run.smithi096.stdout:/usr/bin/ceph: stderr
2024-04-25T10:54:05.144+0000 7f8ebe38d700 1 -- 172.21.15.96:0/2486749867 shutdown_connections
2024-04-25T10:54:05.714 INFO:teuthology.orchestra.run.smithi096.stdout:/usr/bin/ceph: stderr
2024-04-25T10:54:05.144+0000 7f8ebe38d700 1 -- 172.21.15.96:0/2486749867 wait complete.
2024-04-25T10:54:05.714 INFO:teuthology.orchestra.run.smithi096.stdout:Enabling cephadm module...
2024-04-25T10:54:06.686 INFO:journalctl@ceph.mon.a.smithi096.stdout:Apr 25 10:54:06 smithi096 ceph-mon[29165]: from='client.? 172.21.15.96:0/277940104' entity='client.admin' cmd=[{"prefix": "mgr module enable", "module": "cephadm"}]: dispatch
2024-04-25T10:54:06.686 INFO:journalctl@ceph.mgr.x.smithi096.stdout:Apr 25 10:54:06 smithi096 ceph-ecdabebc-02f1-11ef-bc93-c7b262605968-mgr-x[29393]: ignoring --setuser ceph since I am not root
2024-04-25T10:54:06.686 INFO:journalctl@ceph.mgr.x.smithi096.stdout:Apr 25 10:54:06 smithi096 ceph-ecdabebc-02f1-11ef-bc93-c7b262605968-mgr-x[29393]: ignoring --setgroup ceph since I am not root
2024-04-25T10:54:06.686 INFO:journalctl@ceph.mgr.x.smithi096.stdout:Apr 25 10:54:06 smithi096 ceph-ecdabebc-02f1-11ef-bc93-c7b262605968-mgr-x[29393]:
2024-04-25T10:54:06.622+0000 7f0f62d20200 -1 mgr[py] Module balancer has missing NOTIFY_TYPES member
2024-04-25T10:54:07.036 INFO:journalctl@ceph.mgr.x.smithi096.stdout:Apr 25 10:54:06 smithi096 ceph-ecdabebc-02f1-11ef-bc93-c7b262605968-mgr-x[29393]:
2024-04-25T10:54:06.813+0000 7f0f62d20200 -1 mgr[py] Module orchestrator has missing NOTIFY_TYPES member
2024-04-25T10:54:07.036 INFO:journalctl@ceph.mgr.x.smithi096.stdout:Apr 25 10:54:06 smithi096 ceph-ecdabebc-02f1-11ef-bc93-c7b262605968-mgr-x[29393]:
2024-04-25T10:54:06.916+0000 7f0f62d20200 -1 mgr[py] Module snap_schedule has missing NOTIFY_TYPES member
2024-04-25T10:54:07.044 INFO:teuthology.orchestra.run.smithi096.stdout:/usr/bin/ceph: stderr
2024-04-25T10:54:06.113+0000 7fde58b68700 1 Processor -- start
2024-04-25T10:54:07.044 INFO:teuthology.orchestra.run.smithi096.stdout:/usr/bin/ceph: stderr
2024-04-25T10:54:06.113+0000 7fde58b68700 1 -- start start
2024-04-25T10:54:07.044 INFO:teuthology.orchestra.run.smithi096.stdout:/usr/bin/ceph: stderr
2024-04-25T10:54:06.113+0000 7fde58b68700 1 --2- >> [v2:172.21.15.96:3300/0,v1:172.21.15.96:6789/0] conn(0x7fde541088a0 0x7fde54108cb0 unknown :-1 s=NONE pgs=0 cs=0 l=0 rev1=0 crypto rx=0 tx=0 comp rx=0 tx=0).connect
2024-04-25T10:54:07.044 INFO:teuthology.orchestra.run.smithi096.stdout:/usr/bin/ceph: stderr
2024-04-25T10:54:06.113+0000 7fde58b68700 1 -- --> [v2:172.21.15.96:3300/0,v1:172.21.15.96:6789/0] -- mon_getmap magic: 0 -- 0x7fde541092a0 con 0x7fde541088a0
2024-04-25T10:54:07.044 INFO:teuthology.orchestra.run.smithi096.stdout:/usr/bin/ceph: stderr
2024-04-25T10:54:06.113+0000 7fde5259c700 1 --2- >> [v2:172.21.15.96:3300/0,v1:172.21.15.96:6789/0] conn(0x7fde541088a0 0x7fde54108cb0 unknown :-1 s=BANNER_CONNECTING pgs=0 cs=0 l=0 rev1=0 crypto rx=0 tx=0 comp rx=0 tx=0)._handle_peer_banner_payload supported=3 required=0
2024-04-25T10:54:07.044 INFO:teuthology.orchestra.run.smithi096.stdout:/usr/bin/ceph: stderr
2024-04-25T10:54:06.113+0000 7fde5259c700 1 --2- >> [v2:172.21.15.96:3300/0,v1:172.21.15.96:6789/0] conn(0x7fde541088a0 0x7fde54108cb0 unknown :-1 s=HELLO_CONNECTING pgs=0 cs=0 l=0 rev1=1 crypto rx=0 tx=0 comp rx=0 tx=0).handle_hello peer v2:172.21.15.96:3300/0 says I am v2:172.21.15.96:54836/0 (socket says 172.21.15.96:54836)
2024-04-25T10:54:07.044 INFO:teuthology.orchestra.run.smithi096.stdout:/usr/bin/ceph: stderr
2024-04-25T10:54:06.113+0000 7fde5259c700 1 -- 172.21.15.96:0/1131490127 learned_addr learned my addr 172.21.15.96:0/1131490127 (peer_addr_for_me v2:172.21.15.96:0/0)
2024-04-25T10:54:07.044 INFO:teuthology.orchestra.run.smithi096.stdout:/usr/bin/ceph: stderr
2024-04-25T10:54:06.114+0000 7fde5259c700 1 -- 172.21.15.96:0/1131490127 --> [v2:172.21.15.96:3300/0,v1:172.21.15.96:6789/0] -- mon_subscribe({config=0+,monmap=0+}) -- 0x7fde541099d0 con 0x7fde541088a0
2024-04-25T10:54:07.044 INFO:teuthology.orchestra.run.smithi096.stdout:/usr/bin/ceph: stderr
2024-04-25T10:54:06.114+0000 7fde5259c700 1 --2- 172.21.15.96:0/1131490127 >> [v2:172.21.15.96:3300/0,v1:172.21.15.96:6789/0] conn(0x7fde541088a0 0x7fde54108cb0 secure :-1 s=READY pgs=22 cs=0 l=1 rev1=1 crypto rx=0x7fde440098a0 tx=0x7fde44009bb0 comp rx=0 tx=0).ready entity=mon.0 client_cookie=efbc9e49d1896770 server_cookie=0 in_seq=0 out_seq=0
2024-04-25T10:54:07.044 INFO:teuthology.orchestra.run.smithi096.stdout:/usr/bin/ceph: stderr
2024-04-25T10:54:06.114+0000 7fde5159a700 1 -- 172.21.15.96:0/1131490127 <== mon.0 v2:172.21.15.96:3300/0 1 ==== mon_map magic: 0 ==== 205+0+0 (secure 0 0 0) 0x7fde44004160 con 0x7fde541088a0
2024-04-25T10:54:07.045 INFO:teuthology.orchestra.run.smithi096.stdout:/usr/bin/ceph: stderr
2024-04-25T10:54:06.114+0000 7fde5159a700 1 -- 172.21.15.96:0/1131490127 <== mon.0 v2:172.21.15.96:3300/0 2 ==== config(25 keys) ==== 1032+0+0 (secure 0 0 0) 0x7fde44004300 con 0x7fde541088a0
2024-04-25T10:54:07.045 INFO:teuthology.orchestra.run.smithi096.stdout:/usr/bin/ceph: stderr
2024-04-25T10:54:06.114+0000 7fde5159a700 1 -- 172.21.15.96:0/1131490127 <== mon.0 v2:172.21.15.96:3300/0 3 ==== mon_map magic: 0 ==== 205+0+0 (secure 0 0 0) 0x7fde440119e0 con 0x7fde541088a0
2024-04-25T10:54:07.045 INFO:teuthology.orchestra.run.smithi096.stdout:/usr/bin/ceph: stderr
2024-04-25T10:54:06.115+0000 7fde58b68700 1 -- 172.21.15.96:0/1131490127 >> [v2:172.21.15.96:3300/0,v1:172.21.15.96:6789/0] conn(0x7fde541088a0 msgr2=0x7fde54108cb0 secure :-1 s=STATE_CONNECTION_ESTABLISHED l=1).mark_down
2024-04-25T10:54:07.045 INFO:teuthology.orchestra.run.smithi096.stdout:/usr/bin/ceph: stderr
2024-04-25T10:54:06.115+0000 7fde58b68700 1 --2- 172.21.15.96:0/1131490127 >> [v2:172.21.15.96:3300/0,v1:172.21.15.96:6789/0] conn(0x7fde541088a0 0x7fde54108cb0 secure :-1 s=READY pgs=22 cs=0 l=1 rev1=1 crypto rx=0x7fde440098a0 tx=0x7fde44009bb0 comp rx=0 tx=0).stop
2024-04-25T10:54:07.045 INFO:teuthology.orchestra.run.smithi096.stdout:/usr/bin/ceph: stderr
2024-04-25T10:54:06.115+0000 7fde58b68700 1 -- 172.21.15.96:0/1131490127 shutdown_connections
2024-04-25T10:54:07.045 INFO:teuthology.orchestra.run.smithi096.stdout:/usr/bin/ceph: stderr
2024-04-25T10:54:06.115+0000 7fde58b68700 1 --2- 172.21.15.96:0/1131490127 >> [v2:172.21.15.96:3300/0,v1:172.21.15.96:6789/0] conn(0x7fde541088a0 0x7fde54108cb0 unknown :-1 s=CLOSED pgs=22 cs=0 l=1 rev1=1 crypto rx=0 tx=0 comp rx=0 tx=0).stop
2024-04-25T10:54:07.045 INFO:teuthology.orchestra.run.smithi096.stdout:/usr/bin/ceph: stderr
2024-04-25T10:54:06.115+0000 7fde58b68700 1 -- 172.21.15.96:0/1131490127 >> 172.21.15.96:0/1131490127 conn(0x7fde54103f40 msgr2=0x7fde54106390 unknown :-1 s=STATE_NONE l=0).mark_down
2024-04-25T10:54:07.045 INFO:teuthology.orchestra.run.smithi096.stdout:/usr/bin/ceph: stderr
2024-04-25T10:54:06.115+0000 7fde58b68700 1 -- 172.21.15.96:0/1131490127 shutdown_connections
2024-04-25T10:54:07.045 INFO:teuthology.orchestra.run.smithi096.stdout:/usr/bin/ceph: stderr
2024-04-25T10:54:06.115+0000 7fde58b68700 1 -- 172.21.15.96:0/1131490127 wait complete.
2024-04-25T10:54:07.045 INFO:teuthology.orchestra.run.smithi096.stdout:/usr/bin/ceph: stderr
2024-04-25T10:54:06.116+0000 7fde58b68700 1 Processor -- start
2024-04-25T10:54:07.045 INFO:teuthology.orchestra.run.smithi096.stdout:/usr/bin/ceph: stderr
2024-04-25T10:54:06.116+0000 7fde58b68700 1 -- start start
2024-04-25T10:54:07.045 INFO:teuthology.orchestra.run.smithi096.stdout:/usr/bin/ceph: stderr
2024-04-25T10:54:06.116+0000 7fde58b68700 1 --2- >> [v2:172.21.15.96:3300/0,v1:172.21.15.96:6789/0] conn(0x7fde541088a0 0x7fde5419dbe0 unknown :-1 s=NONE pgs=0 cs=0 l=1 rev1=0 crypto rx=0 tx=0 comp rx=0 tx=0).connect
2024-04-25T10:54:07.045 INFO:teuthology.orchestra.run.smithi096.stdout:/usr/bin/ceph: stderr
2024-04-25T10:54:06.116+0000 7fde58b68700 1 -- --> [v2:172.21.15.96:3300/0,v1:172.21.15.96:6789/0] -- mon_getmap magic: 0 -- 0x7fde5410cc00 con 0x7fde541088a0
2024-04-25T10:54:07.045 INFO:teuthology.orchestra.run.smithi096.stdout:/usr/bin/ceph: stderr
2024-04-25T10:54:06.116+0000 7fde5259c700 1 --2- >> [v2:172.21.15.96:3300/0,v1:172.21.15.96:6789/0] conn(0x7fde541088a0 0x7fde5419dbe0 unknown :-1 s=BANNER_CONNECTING pgs=0 cs=0 l=1 rev1=0 crypto rx=0 tx=0 comp rx=0 tx=0)._handle_peer_banner_payload supported=3 required=0
2024-04-25T10:54:07.046 INFO:teuthology.orchestra.run.smithi096.stdout:/usr/bin/ceph: stderr
2024-04-25T10:54:06.116+0000 7fde5259c700 1 --2- >> [v2:172.21.15.96:3300/0,v1:172.21.15.96:6789/0] conn(0x7fde541088a0 0x7fde5419dbe0 unknown :-1 s=HELLO_CONNECTING pgs=0 cs=0 l=1 rev1=1 crypto rx=0 tx=0 comp rx=0 tx=0).handle_hello peer v2:172.21.15.96:3300/0 says I am v2:172.21.15.96:54838/0 (socket says 172.21.15.96:54838)
2024-04-25T10:54:07.046 INFO:teuthology.orchestra.run.smithi096.stdout:/usr/bin/ceph: stderr
2024-04-25T10:54:06.116+0000 7fde5259c700 1 -- 172.21.15.96:0/277940104 learned_addr learned my addr 172.21.15.96:0/277940104 (peer_addr_for_me v2:172.21.15.96:0/0)
2024-04-25T10:54:07.046 INFO:teuthology.orchestra.run.smithi096.stdout:/usr/bin/ceph: stderr
2024-04-25T10:54:06.116+0000 7fde5259c700 1 -- 172.21.15.96:0/277940104 --> [v2:172.21.15.96:3300/0,v1:172.21.15.96:6789/0] -- mon_subscribe({config=0+,monmap=0+}) -- 0x7fde5419e120 con 0x7fde541088a0
2024-04-25T10:54:07.046 INFO:teuthology.orchestra.run.smithi096.stdout:/usr/bin/ceph: stderr
2024-04-25T10:54:06.116+0000 7fde5259c700 1 --2- 172.21.15.96:0/277940104 >> [v2:172.21.15.96:3300/0,v1:172.21.15.96:6789/0] conn(0x7fde541088a0 0x7fde5419dbe0 secure :-1 s=READY pgs=23 cs=0 l=1 rev1=1 crypto rx=0x7fde44009fb0 tx=0x7fde44011a60 comp rx=0 tx=0).ready entity=mon.0 client_cookie=0 server_cookie=0 in_seq=0 out_seq=0
2024-04-25T10:54:07.046 INFO:teuthology.orchestra.run.smithi096.stdout:/usr/bin/ceph: stderr
2024-04-25T10:54:06.116+0000 7fde437fe700 1 -- 172.21.15.96:0/277940104 <== mon.0 v2:172.21.15.96:3300/0 1 ==== mon_map magic: 0 ==== 205+0+0 (secure 0 0 0) 0x7fde440038b0 con 0x7fde541088a0
2024-04-25T10:54:07.046 INFO:teuthology.orchestra.run.smithi096.stdout:/usr/bin/ceph: stderr
2024-04-25T10:54:06.116+0000 7fde58b68700 1 -- 172.21.15.96:0/277940104 --> [v2:172.21.15.96:3300/0,v1:172.21.15.96:6789/0] -- mon_subscribe({mgrmap=0+}) -- 0x7fde5419e3b0 con 0x7fde541088a0
2024-04-25T10:54:07.046 INFO:teuthology.orchestra.run.smithi096.stdout:/usr/bin/ceph: stderr
2024-04-25T10:54:06.117+0000 7fde437fe700 1 -- 172.21.15.96:0/277940104 <== mon.0 v2:172.21.15.96:3300/0 2 ==== config(25 keys) ==== 1032+0+0 (secure 0 0 0) 0x7fde44003a50 con 0x7fde541088a0
2024-04-25T10:54:07.046 INFO:teuthology.orchestra.run.smithi096.stdout:/usr/bin/ceph: stderr
2024-04-25T10:54:06.117+0000 7fde437fe700 1 -- 172.21.15.96:0/277940104 <== mon.0 v2:172.21.15.96:3300/0 3 ==== mon_map magic: 0 ==== 205+0+0 (secure 0 0 0) 0x7fde44019550 con 0x7fde541088a0
2024-04-25T10:54:07.046 INFO:teuthology.orchestra.run.smithi096.stdout:/usr/bin/ceph: stderr
2024-04-25T10:54:06.117+0000 7fde58b68700 1 -- 172.21.15.96:0/277940104 --> [v2:172.21.15.96:3300/0,v1:172.21.15.96:6789/0] -- mon_subscribe({osdmap=0}) -- 0x7fde541a0fc0 con 0x7fde541088a0
2024-04-25T10:54:07.046 INFO:teuthology.orchestra.run.smithi096.stdout:/usr/bin/ceph: stderr
2024-04-25T10:54:06.117+0000 7fde437fe700 1 -- 172.21.15.96:0/277940104 <== mon.0 v2:172.21.15.96:3300/0 4 ==== mgrmap(e 4) ==== 49505+0+0 (secure 0 0 0) 0x7fde44019850 con 0x7fde541088a0
2024-04-25T10:54:07.046 INFO:teuthology.orchestra.run.smithi096.stdout:/usr/bin/ceph: stderr
2024-04-25T10:54:06.118+0000 7fde437fe700 1 --2- 172.21.15.96:0/277940104 >> [v2:172.21.15.96:6800/3206411594,v1:172.21.15.96:6801/3206411594] conn(0x7fde3c03d590 0x7fde3c03faa0 unknown :-1 s=NONE pgs=0 cs=0 l=1 rev1=0 crypto rx=0 tx=0 comp rx=0 tx=0).connect
2024-04-25T10:54:07.046 INFO:teuthology.orchestra.run.smithi096.stdout:/usr/bin/ceph: stderr
2024-04-25T10:54:06.118+0000 7fde437fe700 1 -- 172.21.15.96:0/277940104 <== mon.0 v2:172.21.15.96:3300/0 5 ==== osd_map(1..1 src has 1..1) ==== 725+0+0 (secure 0 0 0) 0x7fde44053820 con 0x7fde541088a0
2024-04-25T10:54:07.046 INFO:teuthology.orchestra.run.smithi096.stdout:/usr/bin/ceph: stderr
2024-04-25T10:54:06.118+0000 7fde51d9b700 1 --2- 172.21.15.96:0/277940104 >> [v2:172.21.15.96:6800/3206411594,v1:172.21.15.96:6801/3206411594] conn(0x7fde3c03d590 0x7fde3c03faa0 unknown :-1 s=BANNER_CONNECTING pgs=0 cs=0 l=1 rev1=0 crypto rx=0 tx=0 comp rx=0 tx=0)._handle_peer_banner_payload supported=3 required=0
2024-04-25T10:54:07.046 INFO:teuthology.orchestra.run.smithi096.stdout:/usr/bin/ceph: stderr
2024-04-25T10:54:06.118+0000 7fde58b68700 1 -- 172.21.15.96:0/277940104 --> [v2:172.21.15.96:3300/0,v1:172.21.15.96:6789/0] -- mon_command({"prefix": "get_command_descriptions"} v 0) -- 0x7fde54064cf0 con 0x7fde541088a0
2024-04-25T10:54:07.047 INFO:teuthology.orchestra.run.smithi096.stdout:/usr/bin/ceph: stderr
2024-04-25T10:54:06.118+0000 7fde51d9b700 1 --2- 172.21.15.96:0/277940104 >> [v2:172.21.15.96:6800/3206411594,v1:172.21.15.96:6801/3206411594] conn(0x7fde3c03d590 0x7fde3c03faa0 secure :-1 s=READY pgs=8 cs=0 l=1 rev1=1 crypto rx=0x7fde48006fd0 tx=0x7fde48006e40 comp rx=0 tx=0).ready entity=mgr.14100 client_cookie=0 server_cookie=0 in_seq=0 out_seq=0
2024-04-25T10:54:07.047 INFO:teuthology.orchestra.run.smithi096.stdout:/usr/bin/ceph: stderr
2024-04-25T10:54:06.123+0000 7fde437fe700 1 -- 172.21.15.96:0/277940104 <== mon.0 v2:172.21.15.96:3300/0 6 ==== mon_command_ack([{"prefix": "get_command_descriptions"}]=0 v0) ==== 72+0+188370 (secure 0 0 0) 0x7fde44017e90 con 0x7fde541088a0
2024-04-25T10:54:07.047 INFO:teuthology.orchestra.run.smithi096.stdout:/usr/bin/ceph: stderr
2024-04-25T10:54:06.373+0000 7fde58b68700 1 -- 172.21.15.96:0/277940104 --> [v2:172.21.15.96:3300/0,v1:172.21.15.96:6789/0] -- mon_command({"prefix": "mgr module enable", "module": "cephadm"} v 0) -- 0x7fde5402e6a0 con 0x7fde541088a0
2024-04-25T10:54:07.047 INFO:teuthology.orchestra.run.smithi096.stdout:/usr/bin/ceph: stderr
2024-04-25T10:54:06.425+0000 7fde437fe700 1 -- 172.21.15.96:0/277940104 <== mon.0 v2:172.21.15.96:3300/0 7 ==== mon_command_ack([{"prefix": "mgr module enable", "module": "cephadm"}]=0 v5) ==== 86+0+0 (secure 0 0 0) 0x7fde44023390 con 0x7fde541088a0
2024-04-25T10:54:07.047 INFO:teuthology.orchestra.run.smithi096.stdout:/usr/bin/ceph: stderr
2024-04-25T10:54:06.427+0000 7fde437fe700 1 -- 172.21.15.96:0/277940104 <== mon.0 v2:172.21.15.96:3300/0 8 ==== mgrmap(e 5) ==== 49516+0+0 (secure 0 0 0) 0x7fde4402d440 con 0x7fde541088a0
2024-04-25T10:54:07.047 INFO:teuthology.orchestra.run.smithi096.stdout:/usr/bin/ceph: stderr
2024-04-25T10:54:06.428+0000 7fde58b68700 1 -- 172.21.15.96:0/277940104 >> [v2:172.21.15.96:6800/3206411594,v1:172.21.15.96:6801/3206411594] conn(0x7fde3c03d590 msgr2=0x7fde3c03faa0 secure :-1 s=STATE_CONNECTION_ESTABLISHED l=1).mark_down
2024-04-25T10:54:07.047 INFO:teuthology.orchestra.run.smithi096.stdout:/usr/bin/ceph: stderr
2024-04-25T10:54:06.428+0000 7fde58b68700 1 --2- 172.21.15.96:0/277940104 >> [v2:172.21.15.96:6800/3206411594,v1:172.21.15.96:6801/3206411594] conn(0x7fde3c03d590 0x7fde3c03faa0 secure :-1 s=READY pgs=8 cs=0 l=1 rev1=1 crypto rx=0x7fde48006fd0 tx=0x7fde48006e40 comp rx=0 tx=0).stop
2024-04-25T10:54:07.047 INFO:teuthology.orchestra.run.smithi096.stdout:/usr/bin/ceph: stderr
2024-04-25T10:54:06.428+0000 7fde58b68700 1 -- 172.21.15.96:0/277940104 >> [v2:172.21.15.96:3300/0,v1:172.21.15.96:6789/0] conn(0x7fde541088a0 msgr2=0x7fde5419dbe0 secure :-1 s=STATE_CONNECTION_ESTABLISHED l=1).mark_down
2024-04-25T10:54:07.047 INFO:teuthology.orchestra.run.smithi096.stdout:/usr/bin/ceph: stderr
2024-04-25T10:54:06.428+0000 7fde58b68700 1 --2- 172.21.15.96:0/277940104 >> [v2:172.21.15.96:3300/0,v1:172.21.15.96:6789/0] conn(0x7fde541088a0 0x7fde5419dbe0 secure :-1 s=READY pgs=23 cs=0 l=1 rev1=1 crypto rx=0x7fde44009fb0 tx=0x7fde44011a60 comp rx=0 tx=0).stop
2024-04-25T10:54:07.047 INFO:teuthology.orchestra.run.smithi096.stdout:/usr/bin/ceph: stderr
2024-04-25T10:54:06.428+0000 7fde58b68700 1 -- 172.21.15.96:0/277940104 shutdown_connections
2024-04-25T10:54:07.047 INFO:teuthology.orchestra.run.smithi096.stdout:/usr/bin/ceph: stderr
2024-04-25T10:54:06.428+0000 7fde58b68700 1 --2- 172.21.15.96:0/277940104 >> [v2:172.21.15.96:6800/3206411594,v1:172.21.15.96:6801/3206411594] conn(0x7fde3c03d590 0x7fde3c03faa0 unknown :-1 s=CLOSED pgs=8 cs=0 l=1 rev1=1 crypto rx=0 tx=0 comp rx=0 tx=0).stop
2024-04-25T10:54:07.047 INFO:teuthology.orchestra.run.smithi096.stdout:/usr/bin/ceph: stderr
2024-04-25T10:54:06.428+0000 7fde58b68700 1 --2- 172.21.15.96:0/277940104 >> [v2:172.21.15.96:3300/0,v1:172.21.15.96:6789/0] conn(0x7fde541088a0 0x7fde5419dbe0 unknown :-1 s=CLOSED pgs=23 cs=0 l=1 rev1=1 crypto rx=0 tx=0 comp rx=0 tx=0).stop
2024-04-25T10:54:07.047 INFO:teuthology.orchestra.run.smithi096.stdout:/usr/bin/ceph: stderr
2024-04-25T10:54:06.428+0000 7fde58b68700 1 -- 172.21.15.96:0/277940104 >> 172.21.15.96:0/277940104 conn(0x7fde54103f40 msgr2=0x7fde54194170 unknown :-1 s=STATE_NONE l=0).mark_down
2024-04-25T10:54:07.047 INFO:teuthology.orchestra.run.smithi096.stdout:/usr/bin/ceph: stderr
2024-04-25T10:54:06.428+0000 7fde58b68700 1 -- 172.21.15.96:0/277940104 shutdown_connections
2024-04-25T10:54:07.048 INFO:teuthology.orchestra.run.smithi096.stdout:/usr/bin/ceph: stderr
2024-04-25T10:54:06.428+0000 7fde58b68700 1 -- 172.21.15.96:0/277940104 wait complete.
2024-04-25T10:54:07.287 INFO:journalctl@ceph.mgr.x.smithi096.stdout:Apr 25 10:54:07 smithi096 ceph-ecdabebc-02f1-11ef-bc93-c7b262605968-mgr-x[29393]:
2024-04-25T10:54:07.241+0000 7f0f62d20200 -1 mgr[py] Module progress has missing NOTIFY_TYPES member
2024-04-25T10:54:07.686 INFO:journalctl@ceph.mon.a.smithi096.stdout:Apr 25 10:54:07 smithi096 ceph-mon[29165]: from='client.? 172.21.15.96:0/277940104' entity='client.admin' cmd='[{"prefix": "mgr module enable", "module": "cephadm"}]': finished
2024-04-25T10:54:07.686 INFO:journalctl@ceph.mon.a.smithi096.stdout:Apr 25 10:54:07 smithi096 ceph-mon[29165]: mgrmap e5: x(active, since 6s)
2024-04-25T10:54:07.686 INFO:journalctl@ceph.mgr.x.smithi096.stdout:Apr 25 10:54:07 smithi096 ceph-ecdabebc-02f1-11ef-bc93-c7b262605968-mgr-x[29393]:
2024-04-25T10:54:07.334+0000 7f0f62d20200 -1 mgr[py] Module influx has missing NOTIFY_TYPES member
2024-04-25T10:54:08.410 INFO:teuthology.orchestra.run.smithi096.stdout:/usr/bin/ceph: stdout {
2024-04-25T10:54:08.410 INFO:teuthology.orchestra.run.smithi096.stdout:/usr/bin/ceph: stdout "epoch": 5,
2024-04-25T10:54:08.410 INFO:teuthology.orchestra.run.smithi096.stdout:/usr/bin/ceph: stdout "available": true,
2024-04-25T10:54:08.410 INFO:teuthology.orchestra.run.smithi096.stdout:/usr/bin/ceph: stdout "active_name": "x",
2024-04-25T10:54:08.410 INFO:teuthology.orchestra.run.smithi096.stdout:/usr/bin/ceph: stdout "num_standby": 0
2024-04-25T10:54:08.410 INFO:teuthology.orchestra.run.smithi096.stdout:/usr/bin/ceph: stdout }
2024-04-25T10:54:08.410 INFO:teuthology.orchestra.run.smithi096.stdout:/usr/bin/ceph: stderr
2024-04-25T10:54:07.498+0000 7f86ebd8c700 1 Processor -- start
2024-04-25T10:54:08.410 INFO:teuthology.orchestra.run.smithi096.stdout:/usr/bin/ceph: stderr
2024-04-25T10:54:07.498+0000 7f86ebd8c700 1 -- start start
2024-04-25T10:54:08.411 INFO:teuthology.orchestra.run.smithi096.stdout:/usr/bin/ceph: stderr
2024-04-25T10:54:07.498+0000 7f86ebd8c700 1 --2- >> [v2:172.21.15.96:3300/0,v1:172.21.15.96:6789/0] conn(0x7f86e410aeb0 0x7f86e410b2c0 unknown :-1 s=NONE pgs=0 cs=0 l=0 rev1=0 crypto rx=0 tx=0 comp rx=0 tx=0).connect
2024-04-25T10:54:08.411 INFO:teuthology.orchestra.run.smithi096.stdout:/usr/bin/ceph: stderr
2024-04-25T10:54:07.498+0000 7f86ebd8c700 1 -- --> [v2:172.21.15.96:3300/0,v1:172.21.15.96:6789/0] -- mon_getmap magic: 0 -- 0x7f86e410b890 con 0x7f86e410aeb0
2024-04-25T10:54:08.411 INFO:teuthology.orchestra.run.smithi096.stdout:/usr/bin/ceph: stderr
2024-04-25T10:54:07.499+0000 7f86e9b28700 1 --2- >> [v2:172.21.15.96:3300/0,v1:172.21.15.96:6789/0] conn(0x7f86e410aeb0 0x7f86e410b2c0 unknown :-1 s=BANNER_CONNECTING pgs=0 cs=0 l=0 rev1=0 crypto rx=0 tx=0 comp rx=0 tx=0)._handle_peer_banner_payload supported=3 required=0
2024-04-25T10:54:08.411 INFO:teuthology.orchestra.run.smithi096.stdout:/usr/bin/ceph: stderr
2024-04-25T10:54:07.499+0000 7f86e9b28700 1 --2- >> [v2:172.21.15.96:3300/0,v1:172.21.15.96:6789/0] conn(0x7f86e410aeb0 0x7f86e410b2c0 unknown :-1 s=HELLO_CONNECTING pgs=0 cs=0 l=0 rev1=1 crypto rx=0 tx=0 comp rx=0 tx=0).handle_hello peer v2:172.21.15.96:3300/0 says I am v2:172.21.15.96:54858/0 (socket says 172.21.15.96:54858)
2024-04-25T10:54:08.411 INFO:teuthology.orchestra.run.smithi096.stdout:/usr/bin/ceph: stderr
2024-04-25T10:54:07.499+0000 7f86e9b28700 1 -- 172.21.15.96:0/716334062 learned_addr learned my addr 172.21.15.96:0/716334062 (peer_addr_for_me v2:172.21.15.96:0/0)
2024-04-25T10:54:08.411 INFO:teuthology.orchestra.run.smithi096.stdout:/usr/bin/ceph: stderr
2024-04-25T10:54:07.499+0000 7f86e9b28700 1 -- 172.21.15.96:0/716334062 --> [v2:172.21.15.96:3300/0,v1:172.21.15.96:6789/0] -- mon_subscribe({config=0+,monmap=0+}) -- 0x7f86e410ba10 con 0x7f86e410aeb0
2024-04-25T10:54:08.411 INFO:teuthology.orchestra.run.smithi096.stdout:/usr/bin/ceph: stderr
2024-04-25T10:54:07.499+0000 7f86e9b28700 1 --2- 172.21.15.96:0/716334062 >> [v2:172.21.15.96:3300/0,v1:172.21.15.96:6789/0] conn(0x7f86e410aeb0 0x7f86e410b2c0 secure :-1 s=READY pgs=26 cs=0 l=1 rev1=1 crypto rx=0x7f86d40098a0 tx=0x7f86d4009bb0 comp rx=0 tx=0).ready entity=mon.0 client_cookie=d978c4cb29a074e3 server_cookie=0 in_seq=0 out_seq=0
2024-04-25T10:54:08.411 INFO:teuthology.orchestra.run.smithi096.stdout:/usr/bin/ceph: stderr
2024-04-25T10:54:07.499+0000 7f86e8b26700 1 -- 172.21.15.96:0/716334062 <== mon.0 v2:172.21.15.96:3300/0 1 ==== mon_map magic: 0 ==== 205+0+0 (secure 0 0 0) 0x7f86d4004160 con 0x7f86e410aeb0
2024-04-25T10:54:08.411 INFO:teuthology.orchestra.run.smithi096.stdout:/usr/bin/ceph: stderr
2024-04-25T10:54:07.499+0000 7f86e8b26700 1 -- 172.21.15.96:0/716334062 <== mon.0 v2:172.21.15.96:3300/0 2 ==== config(25 keys) ==== 1032+0+0 (secure 0 0 0) 0x7f86d4004300 con 0x7f86e410aeb0
2024-04-25T10:54:08.411 INFO:teuthology.orchestra.run.smithi096.stdout:/usr/bin/ceph: stderr
2024-04-25T10:54:07.499+0000 7f86e8b26700 1 -- 172.21.15.96:0/716334062 <== mon.0 v2:172.21.15.96:3300/0 3 ==== mon_map magic: 0 ==== 205+0+0 (secure 0 0 0) 0x7f86d40119e0 con 0x7f86e410aeb0
2024-04-25T10:54:08.412 INFO:teuthology.orchestra.run.smithi096.stdout:/usr/bin/ceph: stderr
2024-04-25T10:54:07.500+0000 7f86ebd8c700 1 -- 172.21.15.96:0/716334062 >> [v2:172.21.15.96:3300/0,v1:172.21.15.96:6789/0] conn(0x7f86e410aeb0 msgr2=0x7f86e410b2c0 secure :-1 s=STATE_CONNECTION_ESTABLISHED l=1).mark_down
2024-04-25T10:54:08.412 INFO:teuthology.orchestra.run.smithi096.stdout:/usr/bin/ceph: stderr
2024-04-25T10:54:07.500+0000 7f86ebd8c700 1 --2- 172.21.15.96:0/716334062 >> [v2:172.21.15.96:3300/0,v1:172.21.15.96:6789/0] conn(0x7f86e410aeb0 0x7f86e410b2c0 secure :-1 s=READY pgs=26 cs=0 l=1 rev1=1 crypto rx=0x7f86d40098a0 tx=0x7f86d4009bb0 comp rx=0 tx=0).stop
2024-04-25T10:54:08.412 INFO:teuthology.orchestra.run.smithi096.stdout:/usr/bin/ceph: stderr
2024-04-25T10:54:07.501+0000 7f86ebd8c700 1 -- 172.21.15.96:0/716334062 shutdown_connections
2024-04-25T10:54:08.412 INFO:teuthology.orchestra.run.smithi096.stdout:/usr/bin/ceph: stderr
2024-04-25T10:54:07.501+0000 7f86ebd8c700 1 --2- 172.21.15.96:0/716334062 >> [v2:172.21.15.96:3300/0,v1:172.21.15.96:6789/0] conn(0x7f86e410aeb0 0x7f86e410b2c0 unknown :-1 s=CLOSED pgs=26 cs=0 l=1 rev1=1 crypto rx=0 tx=0 comp rx=0 tx=0).stop
2024-04-25T10:54:08.412 INFO:teuthology.orchestra.run.smithi096.stdout:/usr/bin/ceph: stderr
2024-04-25T10:54:07.501+0000 7f86ebd8c700 1 -- 172.21.15.96:0/716334062 >> 172.21.15.96:0/716334062 conn(0x7f86e4103630 msgr2=0x7f86e4105aa0 unknown :-1 s=STATE_NONE l=0).mark_down
2024-04-25T10:54:08.412 INFO:teuthology.orchestra.run.smithi096.stdout:/usr/bin/ceph: stderr
2024-04-25T10:54:07.501+0000 7f86ebd8c700 1 -- 172.21.15.96:0/716334062 shutdown_connections
2024-04-25T10:54:08.412 INFO:teuthology.orchestra.run.smithi096.stdout:/usr/bin/ceph: stderr
2024-04-25T10:54:07.501+0000 7f86ebd8c700 1 -- 172.21.15.96:0/716334062 wait complete.
2024-04-25T10:54:08.412 INFO:teuthology.orchestra.run.smithi096.stdout:/usr/bin/ceph: stderr
2024-04-25T10:54:07.501+0000 7f86ebd8c700 1 Processor -- start
2024-04-25T10:54:08.412 INFO:teuthology.orchestra.run.smithi096.stdout:/usr/bin/ceph: stderr
2024-04-25T10:54:07.502+0000 7f86ebd8c700 1 -- start start
2024-04-25T10:54:08.412 INFO:teuthology.orchestra.run.smithi096.stdout:/usr/bin/ceph: stderr
2024-04-25T10:54:07.502+0000 7f86ebd8c700 1 --2- >> [v2:172.21.15.96:3300/0,v1:172.21.15.96:6789/0] conn(0x7f86e410aeb0 0x7f86e419dae0 unknown :-1 s=NONE pgs=0 cs=0 l=1 rev1=0 crypto rx=0 tx=0 comp rx=0 tx=0).connect
2024-04-25T10:54:08.413 INFO:teuthology.orchestra.run.smithi096.stdout:/usr/bin/ceph: stderr
2024-04-25T10:54:07.502+0000 7f86ebd8c700 1 -- --> [v2:172.21.15.96:3300/0,v1:172.21.15.96:6789/0] -- mon_getmap magic: 0 -- 0x7f86e4108690 con 0x7f86e410aeb0
2024-04-25T10:54:08.413 INFO:teuthology.orchestra.run.smithi096.stdout:/usr/bin/ceph: stderr
2024-04-25T10:54:07.502+0000 7f86e9b28700 1 --2- >> [v2:172.21.15.96:3300/0,v1:172.21.15.96:6789/0] conn(0x7f86e410aeb0 0x7f86e419dae0 unknown :-1 s=BANNER_CONNECTING pgs=0 cs=0 l=1 rev1=0 crypto rx=0 tx=0 comp rx=0 tx=0)._handle_peer_banner_payload supported=3 required=0
2024-04-25T10:54:08.413 INFO:teuthology.orchestra.run.smithi096.stdout:/usr/bin/ceph: stderr
2024-04-25T10:54:07.502+0000 7f86e9b28700 1 --2- >> [v2:172.21.15.96:3300/0,v1:172.21.15.96:6789/0] conn(0x7f86e410aeb0 0x7f86e419dae0 unknown :-1 s=HELLO_CONNECTING pgs=0 cs=0 l=1 rev1=1 crypto rx=0 tx=0 comp rx=0 tx=0).handle_hello peer v2:172.21.15.96:3300/0 says I am v2:172.21.15.96:54866/0 (socket says 172.21.15.96:54866)
2024-04-25T10:54:08.413 INFO:teuthology.orchestra.run.smithi096.stdout:/usr/bin/ceph: stderr
2024-04-25T10:54:07.502+0000 7f86e9b28700 1 -- 172.21.15.96:0/3321312999 learned_addr learned my addr 172.21.15.96:0/3321312999 (peer_addr_for_me v2:172.21.15.96:0/0)
2024-04-25T10:54:08.413 INFO:teuthology.orchestra.run.smithi096.stdout:/usr/bin/ceph: stderr
2024-04-25T10:54:07.502+0000 7f86e9b28700 1 -- 172.21.15.96:0/3321312999 --> [v2:172.21.15.96:3300/0,v1:172.21.15.96:6789/0] -- mon_subscribe({config=0+,monmap=0+}) -- 0x7f86e419e020 con 0x7f86e410aeb0
2024-04-25T10:54:08.413 INFO:teuthology.orchestra.run.smithi096.stdout:/usr/bin/ceph: stderr
2024-04-25T10:54:07.502+0000 7f86e9b28700 1 --2- 172.21.15.96:0/3321312999 >> [v2:172.21.15.96:3300/0,v1:172.21.15.96:6789/0] conn(0x7f86e410aeb0 0x7f86e419dae0 secure :-1 s=READY pgs=27 cs=0 l=1 rev1=1 crypto rx=0x7f86d40116a0 tx=0x7f86d4011a60 comp rx=0 tx=0).ready entity=mon.0 client_cookie=0 server_cookie=0 in_seq=0 out_seq=0
2024-04-25T10:54:08.413 INFO:teuthology.orchestra.run.smithi096.stdout:/usr/bin/ceph: stderr
2024-04-25T10:54:07.503+0000 7f86daffd700 1 -- 172.21.15.96:0/3321312999 <== mon.0 v2:172.21.15.96:3300/0 1 ==== mon_map magic: 0 ==== 205+0+0 (secure 0 0 0) 0x7f86d40039f0 con 0x7f86e410aeb0
2024-04-25T10:54:08.413 INFO:teuthology.orchestra.run.smithi096.stdout:/usr/bin/ceph: stderr
2024-04-25T10:54:07.503+0000 7f86daffd700 1 -- 172.21.15.96:0/3321312999 <== mon.0 v2:172.21.15.96:3300/0 2 ==== config(25 keys) ==== 1032+0+0 (secure 0 0 0) 0x7f86d4003b90 con 0x7f86e410aeb0
2024-04-25T10:54:08.413 INFO:teuthology.orchestra.run.smithi096.stdout:/usr/bin/ceph: stderr
2024-04-25T10:54:07.503+0000 7f86ebd8c700 1 -- 172.21.15.96:0/3321312999 --> [v2:172.21.15.96:3300/0,v1:172.21.15.96:6789/0] -- mon_subscribe({mgrmap=0+}) -- 0x7f86e419e2b0 con 0x7f86e410aeb0
2024-04-25T10:54:08.413 INFO:teuthology.orchestra.run.smithi096.stdout:/usr/bin/ceph: stderr
2024-04-25T10:54:07.503+0000 7f86daffd700 1 -- 172.21.15.96:0/3321312999 <== mon.0 v2:172.21.15.96:3300/0 3 ==== mon_map magic: 0 ==== 205+0+0 (secure 0 0 0) 0x7f86d401a600 con 0x7f86e410aeb0
2024-04-25T10:54:08.413 INFO:teuthology.orchestra.run.smithi096.stdout:/usr/bin/ceph: stderr
2024-04-25T10:54:07.503+0000 7f86ebd8c700 1 -- 172.21.15.96:0/3321312999 --> [v2:172.21.15.96:3300/0,v1:172.21.15.96:6789/0] -- mon_subscribe({osdmap=0}) -- 0x7f86e41a0ec0 con 0x7f86e410aeb0
2024-04-25T10:54:08.414 INFO:teuthology.orchestra.run.smithi096.stdout:/usr/bin/ceph: stderr
2024-04-25T10:54:07.504+0000 7f86daffd700 1 -- 172.21.15.96:0/3321312999 <== mon.0 v2:172.21.15.96:3300/0 4 ==== mgrmap(e 5) ==== 49516+0+0 (secure 0 0 0) 0x7f86d401a900 con 0x7f86e410aeb0
2024-04-25T10:54:08.414 INFO:teuthology.orchestra.run.smithi096.stdout:/usr/bin/ceph: stderr
2024-04-25T10:54:07.504+0000 7f86ebd8c700 1 -- 172.21.15.96:0/3321312999 --> [v2:172.21.15.96:3300/0,v1:172.21.15.96:6789/0] -- mon_command({"prefix": "get_command_descriptions"} v 0) -- 0x7f86e4064cf0 con 0x7f86e410aeb0
2024-04-25T10:54:08.414 INFO:teuthology.orchestra.run.smithi096.stdout:/usr/bin/ceph: stderr
2024-04-25T10:54:07.504+0000 7f86daffd700 1 --2- 172.21.15.96:0/3321312999 >> [v2:172.21.15.96:6800/3206411594,v1:172.21.15.96:6801/3206411594] conn(0x7f86d003d5e0 0x7f86d003faf0 unknown :-1 s=NONE pgs=0 cs=0 l=1 rev1=0 crypto rx=0 tx=0 comp rx=0 tx=0).connect
2024-04-25T10:54:08.414 INFO:teuthology.orchestra.run.smithi096.stdout:/usr/bin/ceph: stderr
2024-04-25T10:54:07.504+0000 7f86daffd700 1 -- 172.21.15.96:0/3321312999 <== mon.0 v2:172.21.15.96:3300/0 5 ==== osd_map(1..1 src has 1..1) ==== 725+0+0 (secure 0 0 0) 0x7f86d4024770 con 0x7f86e410aeb0
2024-04-25T10:54:08.414 INFO:teuthology.orchestra.run.smithi096.stdout:/usr/bin/ceph: stderr
2024-04-25T10:54:07.504+0000 7f86e9327700 1 -- 172.21.15.96:0/3321312999 >> [v2:172.21.15.96:6800/3206411594,v1:172.21.15.96:6801/3206411594] conn(0x7f86d003d5e0 msgr2=0x7f86d003faf0 unknown :-1 s=STATE_CONNECTING_RE l=1).process reconnect failed to v2:172.21.15.96:6800/3206411594
2024-04-25T10:54:08.414 INFO:teuthology.orchestra.run.smithi096.stdout:/usr/bin/ceph: stderr
2024-04-25T10:54:07.504+0000 7f86e9327700 1 --2- 172.21.15.96:0/3321312999 >> [v2:172.21.15.96:6800/3206411594,v1:172.21.15.96:6801/3206411594] conn(0x7f86d003d5e0 0x7f86d003faf0 unknown :-1 s=START_CONNECT pgs=0 cs=0 l=1 rev1=0 crypto rx=0 tx=0 comp rx=0 tx=0)._fault waiting 0.200000
2024-04-25T10:54:08.414 INFO:teuthology.orchestra.run.smithi096.stdout:/usr/bin/ceph: stderr
2024-04-25T10:54:07.510+0000 7f86daffd700 1 -- 172.21.15.96:0/3321312999 <== mon.0 v2:172.21.15.96:3300/0 6 ==== mon_command_ack([{"prefix": "get_command_descriptions"}]=0 v0) ==== 72+0+188370 (secure 0 0 0) 0x7f86d402c350 con 0x7f86e410aeb0
2024-04-25T10:54:08.414 INFO:teuthology.orchestra.run.smithi096.stdout:/usr/bin/ceph: stderr
2024-04-25T10:54:07.705+0000 7f86e9327700 1 -- 172.21.15.96:0/3321312999 >> [v2:172.21.15.96:6800/3206411594,v1:172.21.15.96:6801/3206411594] conn(0x7f86d003d5e0 msgr2=0x7f86d003faf0 unknown :-1 s=STATE_CONNECTING_RE l=1).process reconnect failed to v2:172.21.15.96:6800/3206411594
2024-04-25T10:54:08.414 INFO:teuthology.orchestra.run.smithi096.stdout:/usr/bin/ceph: stderr
2024-04-25T10:54:07.705+0000 7f86e9327700 1 --2- 172.21.15.96:0/3321312999 >> [v2:172.21.15.96:6800/3206411594,v1:172.21.15.96:6801/3206411594] conn(0x7f86d003d5e0 0x7f86d003faf0 unknown :-1 s=START_CONNECT pgs=0 cs=0 l=1 rev1=0 crypto rx=0 tx=0 comp rx=0 tx=0)._fault waiting 0.400000
2024-04-25T10:54:08.415 INFO:teuthology.orchestra.run.smithi096.stdout:/usr/bin/ceph: stderr
2024-04-25T10:54:07.831+0000 7f86ebd8c700 1 -- 172.21.15.96:0/3321312999 --> [v2:172.21.15.96:3300/0,v1:172.21.15.96:6789/0] -- mon_command({"prefix": "mgr stat"} v 0) -- 0x7f86e41a1540 con 0x7f86e410aeb0
2024-04-25T10:54:08.415 INFO:teuthology.orchestra.run.smithi096.stdout:/usr/bin/ceph: stderr
2024-04-25T10:54:07.831+0000 7f86daffd700 1 -- 172.21.15.96:0/3321312999 <== mon.0 v2:172.21.15.96:3300/0 7 ==== mon_command_ack([{"prefix": "mgr stat"}]=0 v5) ==== 56+0+88 (secure 0 0 0) 0x7f86d400e260 con 0x7f86e410aeb0
2024-04-25T10:54:08.415 INFO:teuthology.orchestra.run.smithi096.stdout:/usr/bin/ceph: stderr
2024-04-25T10:54:07.834+0000 7f86ebd8c700 1 -- 172.21.15.96:0/3321312999 >> [v2:172.21.15.96:6800/3206411594,v1:172.21.15.96:6801/3206411594] conn(0x7f86d003d5e0 msgr2=0x7f86d003faf0 unknown :-1 s=STATE_CONNECTING l=1).mark_down
2024-04-25T10:54:08.415 INFO:teuthology.orchestra.run.smithi096.stdout:/usr/bin/ceph: stderr
2024-04-25T10:54:07.834+0000 7f86ebd8c700 1 --2- 172.21.15.96:0/3321312999 >> [v2:172.21.15.96:6800/3206411594,v1:172.21.15.96:6801/3206411594] conn(0x7f86d003d5e0 0x7f86d003faf0 unknown :-1 s=START_CONNECT pgs=0 cs=0 l=1 rev1=0 crypto rx=0 tx=0 comp rx=0 tx=0).stop
2024-04-25T10:54:08.415 INFO:teuthology.orchestra.run.smithi096.stdout:/usr/bin/ceph: stderr
2024-04-25T10:54:07.834+0000 7f86ebd8c700 1 -- 172.21.15.96:0/3321312999 >> [v2:172.21.15.96:3300/0,v1:172.21.15.96:6789/0] conn(0x7f86e410aeb0 msgr2=0x7f86e419dae0 secure :-1 s=STATE_CONNECTION_ESTABLISHED l=1).mark_down
2024-04-25T10:54:08.415 INFO:teuthology.orchestra.run.smithi096.stdout:/usr/bin/ceph: stderr
2024-04-25T10:54:07.834+0000 7f86ebd8c700 1 --2- 172.21.15.96:0/3321312999 >> [v2:172.21.15.96:3300/0,v1:172.21.15.96:6789/0] conn(0x7f86e410aeb0 0x7f86e419dae0 secure :-1 s=READY pgs=27 cs=0 l=1 rev1=1 crypto rx=0x7f86d40116a0 tx=0x7f86d4011a60 comp rx=0 tx=0).stop
2024-04-25T10:54:08.415 INFO:teuthology.orchestra.run.smithi096.stdout:/usr/bin/ceph: stderr
2024-04-25T10:54:07.834+0000 7f86ebd8c700 1 -- 172.21.15.96:0/3321312999 shutdown_connections
2024-04-25T10:54:08.415 INFO:teuthology.orchestra.run.smithi096.stdout:/usr/bin/ceph: stderr
2024-04-25T10:54:07.834+0000 7f86ebd8c700 1 --2- 172.21.15.96:0/3321312999 >> [v2:172.21.15.96:6800/3206411594,v1:172.21.15.96:6801/3206411594] conn(0x7f86d003d5e0 0x7f86d003faf0 unknown :-1 s=CLOSED pgs=0 cs=0 l=1 rev1=0 crypto rx=0 tx=0 comp rx=0 tx=0).stop
2024-04-25T10:54:08.415 INFO:teuthology.orchestra.run.smithi096.stdout:/usr/bin/ceph: stderr
2024-04-25T10:54:07.834+0000 7f86ebd8c700 1 --2- 172.21.15.96:0/3321312999 >> [v2:172.21.15.96:3300/0,v1:172.21.15.96:6789/0] conn(0x7f86e410aeb0 0x7f86e419dae0 unknown :-1 s=CLOSED pgs=27 cs=0 l=1 rev1=1 crypto rx=0 tx=0 comp rx=0 tx=0).stop
2024-04-25T10:54:08.415 INFO:teuthology.orchestra.run.smithi096.stdout:/usr/bin/ceph: stderr
2024-04-25T10:54:07.834+0000 7f86ebd8c700 1 -- 172.21.15.96:0/3321312999 >> 172.21.15.96:0/3321312999 conn(0x7f86e4103630 msgr2=0x7f86e4103ef0 unknown :-1 s=STATE_NONE l=0).mark_down
2024-04-25T10:54:08.415 INFO:teuthology.orchestra.run.smithi096.stdout:/usr/bin/ceph: stderr
2024-04-25T10:54:07.834+0000 7f86ebd8c700 1 -- 172.21.15.96:0/3321312999 shutdown_connections
2024-04-25T10:54:08.415 INFO:teuthology.orchestra.run.smithi096.stdout:/usr/bin/ceph: stderr
2024-04-25T10:54:07.834+0000 7f86ebd8c700 1 -- 172.21.15.96:0/3321312999 wait complete.
2024-04-25T10:54:08.415 INFO:teuthology.orchestra.run.smithi096.stdout:Waiting for the mgr to restart...
2024-04-25T10:54:08.415 INFO:teuthology.orchestra.run.smithi096.stdout:Waiting for mgr epoch 5...
2024-04-25T10:54:08.686 INFO:journalctl@ceph.mon.a.smithi096.stdout:Apr 25 10:54:08 smithi096 ceph-mon[29165]: from='client.? 172.21.15.96:0/3321312999' entity='client.admin' cmd=[{"prefix": "mgr stat"}]: dispatch
2024-04-25T10:54:08.686 INFO:journalctl@ceph.mgr.x.smithi096.stdout:Apr 25 10:54:08 smithi096 ceph-ecdabebc-02f1-11ef-bc93-c7b262605968-mgr-x[29393]:
2024-04-25T10:54:08.578+0000 7f0f62d20200 -1 mgr[py] Module telegraf has missing NOTIFY_TYPES member
2024-04-25T10:54:09.049 INFO:journalctl@ceph.mgr.x.smithi096.stdout:Apr 25 10:54:08 smithi096 ceph-ecdabebc-02f1-11ef-bc93-c7b262605968-mgr-x[29393]:
2024-04-25T10:54:08.756+0000 7f0f62d20200 -1 mgr[py] Module osd_support has missing NOTIFY_TYPES member
2024-04-25T10:54:09.049 INFO:journalctl@ceph.mgr.x.smithi096.stdout:Apr 25 10:54:08 smithi096 ceph-ecdabebc-02f1-11ef-bc93-c7b262605968-mgr-x[29393]:
2024-04-25T10:54:08.933+0000 7f0f62d20200 -1 mgr[py] Module iostat has missing NOTIFY_TYPES member
2024-04-25T10:54:09.320 INFO:journalctl@ceph.mgr.x.smithi096.stdout:Apr 25 10:54:09 smithi096 ceph-ecdabebc-02f1-11ef-bc93-c7b262605968-mgr-x[29393]:
2024-04-25T10:54:09.225+0000 7f0f62d20200 -1 mgr[py] Module alerts has missing NOTIFY_TYPES member
2024-04-25T10:54:09.320 INFO:journalctl@ceph.mgr.x.smithi096.stdout:Apr 25 10:54:09 smithi096 ceph-ecdabebc-02f1-11ef-bc93-c7b262605968-mgr-x[29393]:
2024-04-25T10:54:09.319+0000 7f0f62d20200 -1 mgr[py] Module selftest has missing NOTIFY_TYPES member
2024-04-25T10:54:09.686 INFO:journalctl@ceph.mgr.x.smithi096.stdout:Apr 25 10:54:09 smithi096 ceph-ecdabebc-02f1-11ef-bc93-c7b262605968-mgr-x[29393]:
2024-04-25T10:54:09.521+0000 7f0f62d20200 -1 mgr[py] Module pg_autoscaler has missing NOTIFY_TYPES member
2024-04-25T10:54:10.186 INFO:journalctl@ceph.mgr.x.smithi096.stdout:Apr 25 10:54:09 smithi096 ceph-ecdabebc-02f1-11ef-bc93-c7b262605968-mgr-x[29393]:
2024-04-25T10:54:09.713+0000 7f0f62d20200 -1 mgr[py] Module test_orchestrator has missing NOTIFY_TYPES member
2024-04-25T10:54:10.686 INFO:journalctl@ceph.mgr.x.smithi096.stdout:Apr 25 10:54:10 smithi096 ceph-ecdabebc-02f1-11ef-bc93-c7b262605968-mgr-x[29393]:
2024-04-25T10:54:10.306+0000 7f0f62d20200 -1 mgr[py] Module rook has missing NOTIFY_TYPES member
2024-04-25T10:54:11.030 INFO:journalctl@ceph.mgr.x.smithi096.stdout:Apr 25 10:54:10 smithi096 ceph-ecdabebc-02f1-11ef-bc93-c7b262605968-mgr-x[29393]:
2024-04-25T10:54:10.732+0000 7f0f62d20200 -1 mgr[py] Module volumes has missing NOTIFY_TYPES member
2024-04-25T10:54:11.030 INFO:journalctl@ceph.mgr.x.smithi096.stdout:Apr 25 10:54:10 smithi096 ceph-ecdabebc-02f1-11ef-bc93-c7b262605968-mgr-x[29393]:
2024-04-25T10:54:10.828+0000 7f0f62d20200 -1 mgr[py] Module crash has missing NOTIFY_TYPES member
2024-04-25T10:54:11.030 INFO:journalctl@ceph.mgr.x.smithi096.stdout:Apr 25 10:54:11 smithi096 ceph-ecdabebc-02f1-11ef-bc93-c7b262605968-mgr-x[29393]:
2024-04-25T10:54:11.029+0000 7f0f62d20200 -1 mgr[py] Module rgw has missing NOTIFY_TYPES member
2024-04-25T10:54:11.852 INFO:journalctl@ceph.mgr.x.smithi096.stdout:Apr 25 10:54:11 smithi096 ceph-ecdabebc-02f1-11ef-bc93-c7b262605968-mgr-x[29393]:
2024-04-25T10:54:11.548+0000 7f0f62d20200 -1 mgr[py] Module prometheus has missing NOTIFY_TYPES member
2024-04-25T10:54:11.853 INFO:journalctl@ceph.mgr.x.smithi096.stdout:Apr 25 10:54:11 smithi096 ceph-ecdabebc-02f1-11ef-bc93-c7b262605968-mgr-x[29393]:
2024-04-25T10:54:11.641+0000 7f0f62d20200 -1 mgr[py] Module devicehealth has missing NOTIFY_TYPES member
2024-04-25T10:54:12.115 INFO:journalctl@ceph.mgr.x.smithi096.stdout:Apr 25 10:54:11 smithi096 ceph-ecdabebc-02f1-11ef-bc93-c7b262605968-mgr-x[29393]:
2024-04-25T10:54:11.885+0000 7f0f62d20200 -1 mgr[py] Module telemetry has missing NOTIFY_TYPES member
2024-04-25T10:54:12.116 INFO:journalctl@ceph.mgr.x.smithi096.stdout:Apr 25 10:54:12 smithi096 ceph-ecdabebc-02f1-11ef-bc93-c7b262605968-mgr-x[29393]:
2024-04-25T10:54:12.018+0000 7f0f62d20200 -1 mgr[py] Module diskprediction_local has missing NOTIFY_TYPES member
2024-04-25T10:54:12.116 INFO:journalctl@ceph.mgr.x.smithi096.stdout:Apr 25 10:54:12 smithi096 ceph-ecdabebc-02f1-11ef-bc93-c7b262605968-mgr-x[29393]:
2024-04-25T10:54:12.114+0000 7f0f62d20200 -1 mgr[py] Module osd_perf_query has missing NOTIFY_TYPES member
2024-04-25T10:54:12.438 INFO:journalctl@ceph.mgr.x.smithi096.stdout:Apr 25 10:54:12 smithi096 ceph-ecdabebc-02f1-11ef-bc93-c7b262605968-mgr-x[29393]:
2024-04-25T10:54:12.231+0000 7f0f62d20200 -1 mgr[py] Module rbd_support has missing NOTIFY_TYPES member
2024-04-25T10:54:12.936 INFO:journalctl@ceph.mgr.x.smithi096.stdout:Apr 25 10:54:12 smithi096 ceph-ecdabebc-02f1-11ef-bc93-c7b262605968-mgr-x[29393]:
2024-04-25T10:54:12.533+0000 7f0f62d20200 -1 mgr[py] Module zabbix has missing NOTIFY_TYPES member
2024-04-25T10:54:13.405 INFO:journalctl@ceph.mgr.x.smithi096.stdout:Apr 25 10:54:13 smithi096 ceph-ecdabebc-02f1-11ef-bc93-c7b262605968-mgr-x[29393]:
2024-04-25T10:54:13.131+0000 7f0f62d20200 -1 mgr[py] Module status has missing NOTIFY_TYPES member
2024-04-25T10:54:13.405 INFO:journalctl@ceph.mgr.x.smithi096.stdout:Apr 25 10:54:13 smithi096 ceph-ecdabebc-02f1-11ef-bc93-c7b262605968-mgr-x[29393]:
2024-04-25T10:54:13.351+0000 7f0f62d20200 -1 mgr[py] Module nfs has missing NOTIFY_TYPES member
2024-04-25T10:54:13.686 INFO:journalctl@ceph.mon.a.smithi096.stdout:Apr 25 10:54:13 smithi096 ceph-mon[29165]: Active manager daemon x restarted
2024-04-25T10:54:13.686 INFO:journalctl@ceph.mon.a.smithi096.stdout:Apr 25 10:54:13 smithi096 ceph-mon[29165]: Activating manager daemon x
2024-04-25T10:54:13.686 INFO:journalctl@ceph.mon.a.smithi096.stdout:Apr 25 10:54:13 smithi096 ceph-mon[29165]: osdmap e2: 0 total, 0 up, 0 in
2024-04-25T10:54:13.686 INFO:journalctl@ceph.mon.a.smithi096.stdout:Apr 25 10:54:13 smithi096 ceph-mon[29165]: mgrmap e6: x(active, starting, since 0.00404428s)
2024-04-25T10:54:13.686 INFO:journalctl@ceph.mon.a.smithi096.stdout:Apr 25 10:54:13 smithi096 ceph-mon[29165]: from='mgr.14120 172.21.15.96:0/1394697324' entity='mgr.x' cmd=[{"prefix": "mon metadata", "id": "a"}]: dispatch
2024-04-25T10:54:13.686 INFO:journalctl@ceph.mon.a.smithi096.stdout:Apr 25 10:54:13 smithi096 ceph-mon[29165]: from='mgr.14120 172.21.15.96:0/1394697324' entity='mgr.x' cmd=[{"prefix": "mgr metadata", "who": "x", "id": "x"}]: dispatch
2024-04-25T10:54:13.687 INFO:journalctl@ceph.mon.a.smithi096.stdout:Apr 25 10:54:13 smithi096 ceph-mon[29165]: from='mgr.14120 172.21.15.96:0/1394697324' entity='mgr.x' cmd=[{"prefix": "mds metadata"}]: dispatch
2024-04-25T10:54:13.687 INFO:journalctl@ceph.mon.a.smithi096.stdout:Apr 25 10:54:13 smithi096 ceph-mon[29165]: from='mgr.14120 172.21.15.96:0/1394697324' entity='mgr.x' cmd=[{"prefix": "osd metadata"}]: dispatch
2024-04-25T10:54:13.687 INFO:journalctl@ceph.mon.a.smithi096.stdout:Apr 25 10:54:13 smithi096 ceph-mon[29165]: from='mgr.14120 172.21.15.96:0/1394697324' entity='mgr.x' cmd=[{"prefix": "mon metadata"}]: dispatch
2024-04-25T10:54:13.687 INFO:journalctl@ceph.mon.a.smithi096.stdout:Apr 25 10:54:13 smithi096 ceph-mon[29165]: Manager daemon x is now available
2024-04-25T10:54:13.687 INFO:journalctl@ceph.mon.a.smithi096.stdout:Apr 25 10:54:13 smithi096 ceph-mon[29165]: from='mgr.14120 172.21.15.96:0/1394697324' entity='mgr.x'
2024-04-25T10:54:13.687 INFO:journalctl@ceph.mon.a.smithi096.stdout:Apr 25 10:54:13 smithi096 ceph-mon[29165]: from='mgr.14120 172.21.15.96:0/1394697324' entity='mgr.x'
2024-04-25T10:54:13.687 INFO:journalctl@ceph.mon.a.smithi096.stdout:Apr 25 10:54:13 smithi096 ceph-mon[29165]: from='mgr.14120 172.21.15.96:0/1394697324' entity='mgr.x' cmd=[{"prefix": "config dump", "format": "json"}]: dispatch
2024-04-25T10:54:13.687 INFO:journalctl@ceph.mon.a.smithi096.stdout:Apr 25 10:54:13 smithi096 ceph-mon[29165]: from='mgr.14120 172.21.15.96:0/1394697324' entity='mgr.x' cmd=[{"prefix": "config dump", "format": "json"}]: dispatch
2024-04-25T10:54:14.673 INFO:journalctl@ceph.mon.a.smithi096.stdout:Apr 25 10:54:14 smithi096 ceph-mon[29165]: Found migration_current of "None". Setting to last migration.
2024-04-25T10:54:14.673 INFO:journalctl@ceph.mon.a.smithi096.stdout:Apr 25 10:54:14 smithi096 ceph-mon[29165]: from='mgr.14120 172.21.15.96:0/1394697324' entity='mgr.x' cmd=[{"prefix":"config rm","who":"mgr","name":"mgr/rbd_support/x/mirror_snapshot_schedule"}]: dispatch
