2024-04-25T11:04:31.084 INFO:journalctl@ceph.mgr.x.smithi043.stdout:Apr 25 11:04:30 smithi043 ceph-580c816a-02f3-11ef-bc93-c7b262605968-mgr-x[29438]: | o + o B o E .|
2024-04-25T11:04:31.084 INFO:journalctl@ceph.mgr.x.smithi043.stdout:Apr 25 11:04:30 smithi043 ceph-580c816a-02f3-11ef-bc93-c7b262605968-mgr-x[29438]: | . = S = * . .|
2024-04-25T11:04:31.084 INFO:journalctl@ceph.mgr.x.smithi043.stdout:Apr 25 11:04:30 smithi043 ceph-580c816a-02f3-11ef-bc93-c7b262605968-mgr-x[29438]: | . = +.= = . |
2024-04-25T11:04:31.084 INFO:journalctl@ceph.mgr.x.smithi043.stdout:Apr 25 11:04:30 smithi043 ceph-580c816a-02f3-11ef-bc93-c7b262605968-mgr-x[29438]: | + *oo. o |
2024-04-25T11:04:31.084 INFO:journalctl@ceph.mgr.x.smithi043.stdout:Apr 25 11:04:30 smithi043 ceph-580c816a-02f3-11ef-bc93-c7b262605968-mgr-x[29438]: | . *+= oo |
2024-04-25T11:04:31.084 INFO:journalctl@ceph.mgr.x.smithi043.stdout:Apr 25 11:04:30 smithi043 ceph-580c816a-02f3-11ef-bc93-c7b262605968-mgr-x[29438]: | ..o*o+o |
2024-04-25T11:04:31.084 INFO:journalctl@ceph.mgr.x.smithi043.stdout:Apr 25 11:04:30 smithi043 ceph-580c816a-02f3-11ef-bc93-c7b262605968-mgr-x[29438]: +----[SHA256]-----+
2024-04-25T11:04:31.508 INFO:teuthology.orchestra.run.smithi043.stdout:/usr/bin/ceph: stderr
2024-04-25T11:04:30.321+0000 7f685220a700 1 Processor -- start
2024-04-25T11:04:31.508 INFO:teuthology.orchestra.run.smithi043.stdout:/usr/bin/ceph: stderr
2024-04-25T11:04:30.321+0000 7f685220a700 1 -- start start
2024-04-25T11:04:31.508 INFO:teuthology.orchestra.run.smithi043.stdout:/usr/bin/ceph: stderr
2024-04-25T11:04:30.322+0000 7f685220a700 1 --2- >> [v2:172.21.15.43:3300/0,v1:172.21.15.43:6789/0] conn(0x7f684c07dbd0 0x7f684c07dfe0 unknown :-1 s=NONE pgs=0 cs=0 l=0 rev1=0 crypto rx=0 tx=0 comp rx=0 tx=0).connect
2024-04-25T11:04:31.508 INFO:teuthology.orchestra.run.smithi043.stdout:/usr/bin/ceph: stderr
2024-04-25T11:04:30.322+0000 7f685220a700 1 -- --> [v2:172.21.15.43:3300/0,v1:172.21.15.43:6789/0] -- mon_getmap magic: 0 -- 0x7f684c07f870 con 0x7f684c07dbd0
2024-04-25T11:04:31.509 INFO:teuthology.orchestra.run.smithi043.stdout:/usr/bin/ceph: stderr
2024-04-25T11:04:30.322+0000 7f684b7fe700 1 --2- >> [v2:172.21.15.43:3300/0,v1:172.21.15.43:6789/0] conn(0x7f684c07dbd0 0x7f684c07dfe0 unknown :-1 s=BANNER_CONNECTING pgs=0 cs=0 l=0 rev1=0 crypto rx=0 tx=0 comp rx=0 tx=0)._handle_peer_banner_payload supported=3 required=0
2024-04-25T11:04:31.509 INFO:teuthology.orchestra.run.smithi043.stdout:/usr/bin/ceph: stderr
2024-04-25T11:04:30.322+0000 7f684b7fe700 1 --2- >> [v2:172.21.15.43:3300/0,v1:172.21.15.43:6789/0] conn(0x7f684c07dbd0 0x7f684c07dfe0 unknown :-1 s=HELLO_CONNECTING pgs=0 cs=0 l=0 rev1=1 crypto rx=0 tx=0 comp rx=0 tx=0).handle_hello peer v2:172.21.15.43:3300/0 says I am v2:172.21.15.43:53286/0 (socket says 172.21.15.43:53286)
2024-04-25T11:04:31.509 INFO:teuthology.orchestra.run.smithi043.stdout:/usr/bin/ceph: stderr
2024-04-25T11:04:30.322+0000 7f684b7fe700 1 -- 172.21.15.43:0/164282300 learned_addr learned my addr 172.21.15.43:0/164282300 (peer_addr_for_me v2:172.21.15.43:0/0)
2024-04-25T11:04:31.509 INFO:teuthology.orchestra.run.smithi043.stdout:/usr/bin/ceph: stderr
2024-04-25T11:04:30.322+0000 7f684b7fe700 1 -- 172.21.15.43:0/164282300 --> [v2:172.21.15.43:3300/0,v1:172.21.15.43:6789/0] -- mon_subscribe({config=0+,monmap=0+}) -- 0x7f684c07e520 con 0x7f684c07dbd0
2024-04-25T11:04:31.509 INFO:teuthology.orchestra.run.smithi043.stdout:/usr/bin/ceph: stderr
2024-04-25T11:04:30.323+0000 7f684b7fe700 1 --2- 172.21.15.43:0/164282300 >> [v2:172.21.15.43:3300/0,v1:172.21.15.43:6789/0] conn(0x7f684c07dbd0 0x7f684c07dfe0 secure :-1 s=READY pgs=41 cs=0 l=1 rev1=1 crypto rx=0x7f683c0098a0 tx=0x7f683c009bb0 comp rx=0 tx=0).ready entity=mon.0 client_cookie=72544b76aefd3145 server_cookie=0 in_seq=0 out_seq=0
2024-04-25T11:04:31.509 INFO:teuthology.orchestra.run.smithi043.stdout:/usr/bin/ceph: stderr
2024-04-25T11:04:30.323+0000 7f684a7fc700 1 -- 172.21.15.43:0/164282300 <== mon.0 v2:172.21.15.43:3300/0 1 ==== mon_map magic: 0 ==== 205+0+0 (secure 0 0 0) 0x7f683c004160 con 0x7f684c07dbd0
2024-04-25T11:04:31.509 INFO:teuthology.orchestra.run.smithi043.stdout:/usr/bin/ceph: stderr
2024-04-25T11:04:30.323+0000 7f684a7fc700 1 -- 172.21.15.43:0/164282300 <== mon.0 v2:172.21.15.43:3300/0 2 ==== config(26 keys) ==== 1070+0+0 (secure 0 0 0) 0x7f683c004300 con 0x7f684c07dbd0
2024-04-25T11:04:31.509 INFO:teuthology.orchestra.run.smithi043.stdout:/usr/bin/ceph: stderr
2024-04-25T11:04:30.323+0000 7f684a7fc700 1 -- 172.21.15.43:0/164282300 <== mon.0 v2:172.21.15.43:3300/0 3 ==== mon_map magic: 0 ==== 205+0+0 (secure 0 0 0) 0x7f683c011af0 con 0x7f684c07dbd0
2024-04-25T11:04:31.509 INFO:teuthology.orchestra.run.smithi043.stdout:/usr/bin/ceph: stderr
2024-04-25T11:04:30.323+0000 7f685220a700 1 -- 172.21.15.43:0/164282300 >> [v2:172.21.15.43:3300/0,v1:172.21.15.43:6789/0] conn(0x7f684c07dbd0 msgr2=0x7f684c07dfe0 secure :-1 s=STATE_CONNECTION_ESTABLISHED l=1).mark_down
2024-04-25T11:04:31.509 INFO:teuthology.orchestra.run.smithi043.stdout:/usr/bin/ceph: stderr
2024-04-25T11:04:30.323+0000 7f685220a700 1 --2- 172.21.15.43:0/164282300 >> [v2:172.21.15.43:3300/0,v1:172.21.15.43:6789/0] conn(0x7f684c07dbd0 0x7f684c07dfe0 secure :-1 s=READY pgs=41 cs=0 l=1 rev1=1 crypto rx=0x7f683c0098a0 tx=0x7f683c009bb0 comp rx=0 tx=0).stop
2024-04-25T11:04:31.509 INFO:teuthology.orchestra.run.smithi043.stdout:/usr/bin/ceph: stderr
2024-04-25T11:04:30.324+0000 7f685220a700 1 -- 172.21.15.43:0/164282300 shutdown_connections
2024-04-25T11:04:31.509 INFO:teuthology.orchestra.run.smithi043.stdout:/usr/bin/ceph: stderr
2024-04-25T11:04:30.324+0000 7f685220a700 1 --2- 172.21.15.43:0/164282300 >> [v2:172.21.15.43:3300/0,v1:172.21.15.43:6789/0] conn(0x7f684c07dbd0 0x7f684c07dfe0 unknown :-1 s=CLOSED pgs=41 cs=0 l=1 rev1=1 crypto rx=0 tx=0 comp rx=0 tx=0).stop
2024-04-25T11:04:31.509 INFO:teuthology.orchestra.run.smithi043.stdout:/usr/bin/ceph: stderr
2024-04-25T11:04:30.324+0000 7f685220a700 1 -- 172.21.15.43:0/164282300 >> 172.21.15.43:0/164282300 conn(0x7f684c105170 msgr2=0x7f684c1075c0 unknown :-1 s=STATE_NONE l=0).mark_down
2024-04-25T11:04:31.509 INFO:teuthology.orchestra.run.smithi043.stdout:/usr/bin/ceph: stderr
2024-04-25T11:04:30.324+0000 7f685220a700 1 -- 172.21.15.43:0/164282300 shutdown_connections
2024-04-25T11:04:31.510 INFO:teuthology.orchestra.run.smithi043.stdout:/usr/bin/ceph: stderr
2024-04-25T11:04:30.324+0000 7f685220a700 1 -- 172.21.15.43:0/164282300 wait complete.
2024-04-25T11:04:31.510 INFO:teuthology.orchestra.run.smithi043.stdout:/usr/bin/ceph: stderr
2024-04-25T11:04:30.324+0000 7f685220a700 1 Processor -- start
2024-04-25T11:04:31.510 INFO:teuthology.orchestra.run.smithi043.stdout:/usr/bin/ceph: stderr
2024-04-25T11:04:30.325+0000 7f685220a700 1 -- start start
2024-04-25T11:04:31.510 INFO:teuthology.orchestra.run.smithi043.stdout:/usr/bin/ceph: stderr
2024-04-25T11:04:30.325+0000 7f685220a700 1 --2- >> [v2:172.21.15.43:3300/0,v1:172.21.15.43:6789/0] conn(0x7f684c07dbd0 0x7f684c1a0070 unknown :-1 s=NONE pgs=0 cs=0 l=1 rev1=0 crypto rx=0 tx=0 comp rx=0 tx=0).connect
2024-04-25T11:04:31.510 INFO:teuthology.orchestra.run.smithi043.stdout:/usr/bin/ceph: stderr
2024-04-25T11:04:30.325+0000 7f685220a700 1 -- --> [v2:172.21.15.43:3300/0,v1:172.21.15.43:6789/0] -- mon_getmap magic: 0 -- 0x7f684c110160 con 0x7f684c07dbd0
2024-04-25T11:04:31.510 INFO:teuthology.orchestra.run.smithi043.stdout:/usr/bin/ceph: stderr
2024-04-25T11:04:30.325+0000 7f684b7fe700 1 --2- >> [v2:172.21.15.43:3300/0,v1:172.21.15.43:6789/0] conn(0x7f684c07dbd0 0x7f684c1a0070 unknown :-1 s=BANNER_CONNECTING pgs=0 cs=0 l=1 rev1=0 crypto rx=0 tx=0 comp rx=0 tx=0)._handle_peer_banner_payload supported=3 required=0
2024-04-25T11:04:31.510 INFO:teuthology.orchestra.run.smithi043.stdout:/usr/bin/ceph: stderr
2024-04-25T11:04:30.325+0000 7f684b7fe700 1 --2- >> [v2:172.21.15.43:3300/0,v1:172.21.15.43:6789/0] conn(0x7f684c07dbd0 0x7f684c1a0070 unknown :-1 s=HELLO_CONNECTING pgs=0 cs=0 l=1 rev1=1 crypto rx=0 tx=0 comp rx=0 tx=0).handle_hello peer v2:172.21.15.43:3300/0 says I am v2:172.21.15.43:53296/0 (socket says 172.21.15.43:53296)
2024-04-25T11:04:31.510 INFO:teuthology.orchestra.run.smithi043.stdout:/usr/bin/ceph: stderr
2024-04-25T11:04:30.325+0000 7f684b7fe700 1 -- 172.21.15.43:0/1479206440 learned_addr learned my addr 172.21.15.43:0/1479206440 (peer_addr_for_me v2:172.21.15.43:0/0)
2024-04-25T11:04:31.510 INFO:teuthology.orchestra.run.smithi043.stdout:/usr/bin/ceph: stderr
2024-04-25T11:04:30.325+0000 7f684b7fe700 1 -- 172.21.15.43:0/1479206440 --> [v2:172.21.15.43:3300/0,v1:172.21.15.43:6789/0] -- mon_subscribe({config=0+,monmap=0+}) -- 0x7f684c1a05b0 con 0x7f684c07dbd0
2024-04-25T11:04:31.510 INFO:teuthology.orchestra.run.smithi043.stdout:/usr/bin/ceph: stderr
2024-04-25T11:04:30.325+0000 7f684b7fe700 1 --2- 172.21.15.43:0/1479206440 >> [v2:172.21.15.43:3300/0,v1:172.21.15.43:6789/0] conn(0x7f684c07dbd0 0x7f684c1a0070 secure :-1 s=READY pgs=42 cs=0 l=1 rev1=1 crypto rx=0x7f683c009fb0 tx=0x7f683c011940 comp rx=0 tx=0).ready entity=mon.0 client_cookie=0 server_cookie=0 in_seq=0 out_seq=0
2024-04-25T11:04:31.510 INFO:teuthology.orchestra.run.smithi043.stdout:/usr/bin/ceph: stderr
2024-04-25T11:04:30.326+0000 7f6848ff9700 1 -- 172.21.15.43:0/1479206440 <== mon.0 v2:172.21.15.43:3300/0 1 ==== mon_map magic: 0 ==== 205+0+0 (secure 0 0 0) 0x7f683c0036a0 con 0x7f684c07dbd0
2024-04-25T11:04:31.510 INFO:teuthology.orchestra.run.smithi043.stdout:/usr/bin/ceph: stderr
2024-04-25T11:04:30.326+0000 7f6848ff9700 1 -- 172.21.15.43:0/1479206440 <== mon.0 v2:172.21.15.43:3300/0 2 ==== config(26 keys) ==== 1070+0+0 (secure 0 0 0) 0x7f683c01a430 con 0x7f684c07dbd0
2024-04-25T11:04:31.511 INFO:teuthology.orchestra.run.smithi043.stdout:/usr/bin/ceph: stderr
2024-04-25T11:04:30.326+0000 7f685220a700 1 -- 172.21.15.43:0/1479206440 --> [v2:172.21.15.43:3300/0,v1:172.21.15.43:6789/0] -- mon_subscribe({mgrmap=0+}) -- 0x7f684c1a0840 con 0x7f684c07dbd0
2024-04-25T11:04:31.511 INFO:teuthology.orchestra.run.smithi043.stdout:/usr/bin/ceph: stderr
2024-04-25T11:04:30.326+0000 7f6848ff9700 1 -- 172.21.15.43:0/1479206440 <== mon.0 v2:172.21.15.43:3300/0 3 ==== mon_map magic: 0 ==== 205+0+0 (secure 0 0 0) 0x7f683c019550 con 0x7f684c07dbd0
2024-04-25T11:04:31.511 INFO:teuthology.orchestra.run.smithi043.stdout:/usr/bin/ceph: stderr
2024-04-25T11:04:30.326+0000 7f685220a700 1 -- 172.21.15.43:0/1479206440 --> [v2:172.21.15.43:3300/0,v1:172.21.15.43:6789/0] -- mon_subscribe({osdmap=0}) -- 0x7f684c1a3450 con 0x7f684c07dbd0
2024-04-25T11:04:31.511 INFO:teuthology.orchestra.run.smithi043.stdout:/usr/bin/ceph: stderr
2024-04-25T11:04:30.327+0000 7f685220a700 1 -- 172.21.15.43:0/1479206440 --> [v2:172.21.15.43:3300/0,v1:172.21.15.43:6789/0] -- mon_command({"prefix": "get_command_descriptions"} v 0) -- 0x7f684c064cf0 con 0x7f684c07dbd0
2024-04-25T11:04:31.511 INFO:teuthology.orchestra.run.smithi043.stdout:/usr/bin/ceph: stderr
2024-04-25T11:04:30.327+0000 7f6848ff9700 1 -- 172.21.15.43:0/1479206440 <== mon.0 v2:172.21.15.43:3300/0 4 ==== mgrmap(e 8) ==== 49516+0+0 (secure 0 0 0) 0x7f683c019850 con 0x7f684c07dbd0
2024-04-25T11:04:31.511 INFO:teuthology.orchestra.run.smithi043.stdout:/usr/bin/ceph: stderr
2024-04-25T11:04:30.327+0000 7f6848ff9700 1 --2- 172.21.15.43:0/1479206440 >> [v2:172.21.15.43:6800/184850334,v1:172.21.15.43:6801/184850334] conn(0x7f683803d5e0 0x7f683803faf0 unknown :-1 s=NONE pgs=0 cs=0 l=1 rev1=0 crypto rx=0 tx=0 comp rx=0 tx=0).connect
2024-04-25T11:04:31.511 INFO:teuthology.orchestra.run.smithi043.stdout:/usr/bin/ceph: stderr
2024-04-25T11:04:30.327+0000 7f6848ff9700 1 -- 172.21.15.43:0/1479206440 <== mon.0 v2:172.21.15.43:3300/0 5 ==== osd_map(2..2 src has 1..2) ==== 940+0+0 (secure 0 0 0) 0x7f683c0527d0 con 0x7f684c07dbd0
2024-04-25T11:04:31.511 INFO:teuthology.orchestra.run.smithi043.stdout:/usr/bin/ceph: stderr
2024-04-25T11:04:30.327+0000 7f684affd700 1 --2- 172.21.15.43:0/1479206440 >> [v2:172.21.15.43:6800/184850334,v1:172.21.15.43:6801/184850334] conn(0x7f683803d5e0 0x7f683803faf0 unknown :-1 s=BANNER_CONNECTING pgs=0 cs=0 l=1 rev1=0 crypto rx=0 tx=0 comp rx=0 tx=0)._handle_peer_banner_payload supported=3 required=0
2024-04-25T11:04:31.511 INFO:teuthology.orchestra.run.smithi043.stdout:/usr/bin/ceph: stderr
2024-04-25T11:04:30.328+0000 7f684affd700 1 --2- 172.21.15.43:0/1479206440 >> [v2:172.21.15.43:6800/184850334,v1:172.21.15.43:6801/184850334] conn(0x7f683803d5e0 0x7f683803faf0 secure :-1 s=READY pgs=9 cs=0 l=1 rev1=1 crypto rx=0x7f6834006fd0 tx=0x7f6834006e40 comp rx=0 tx=0).ready entity=mgr.14120 client_cookie=0 server_cookie=0 in_seq=0 out_seq=0
2024-04-25T11:04:31.511 INFO:teuthology.orchestra.run.smithi043.stdout:/usr/bin/ceph: stderr
2024-04-25T11:04:30.332+0000 7f6848ff9700 1 -- 172.21.15.43:0/1479206440 <== mon.0 v2:172.21.15.43:3300/0 6 ==== mon_command_ack([{"prefix": "get_command_descriptions"}]=0 v0) ==== 72+0+188370 (secure 0 0 0) 0x7f683c023390 con 0x7f684c07dbd0
2024-04-25T11:04:31.511 INFO:teuthology.orchestra.run.smithi043.stdout:/usr/bin/ceph: stderr
2024-04-25T11:04:30.542+0000 7f685220a700 1 -- 172.21.15.43:0/1479206440 --> [v2:172.21.15.43:6800/184850334,v1:172.21.15.43:6801/184850334] -- mgr_command(tid 0: {"prefix": "cephadm generate-key", "target": ["mon-mgr", ""]}) -- 0x7f684c1070f0 con 0x7f683803d5e0
2024-04-25T11:04:31.511 INFO:teuthology.orchestra.run.smithi043.stdout:/usr/bin/ceph: stderr
2024-04-25T11:04:30.936+0000 7f6848ff9700 1 -- 172.21.15.43:0/1479206440 <== mgr.14120 v2:172.21.15.43:6800/184850334 1 ==== mgr_command_reply(tid 0: 0 ) ==== 8+0+0 (secure 0 0 0) 0x7f684c1070f0 con 0x7f683803d5e0
2024-04-25T11:04:31.511 INFO:teuthology.orchestra.run.smithi043.stdout:/usr/bin/ceph: stderr
2024-04-25T11:04:30.938+0000 7f685220a700 1 -- 172.21.15.43:0/1479206440 >> [v2:172.21.15.43:6800/184850334,v1:172.21.15.43:6801/184850334] conn(0x7f683803d5e0 msgr2=0x7f683803faf0 secure :-1 s=STATE_CONNECTION_ESTABLISHED l=1).mark_down
2024-04-25T11:04:31.511 INFO:teuthology.orchestra.run.smithi043.stdout:/usr/bin/ceph: stderr
2024-04-25T11:04:30.938+0000 7f685220a700 1 --2- 172.21.15.43:0/1479206440 >> [v2:172.21.15.43:6800/184850334,v1:172.21.15.43:6801/184850334] conn(0x7f683803d5e0 0x7f683803faf0 secure :-1 s=READY pgs=9 cs=0 l=1 rev1=1 crypto rx=0x7f6834006fd0 tx=0x7f6834006e40 comp rx=0 tx=0).stop
2024-04-25T11:04:31.512 INFO:teuthology.orchestra.run.smithi043.stdout:/usr/bin/ceph: stderr
2024-04-25T11:04:30.938+0000 7f685220a700 1 -- 172.21.15.43:0/1479206440 >> [v2:172.21.15.43:3300/0,v1:172.21.15.43:6789/0] conn(0x7f684c07dbd0 msgr2=0x7f684c1a0070 secure :-1 s=STATE_CONNECTION_ESTABLISHED l=1).mark_down
2024-04-25T11:04:31.512 INFO:teuthology.orchestra.run.smithi043.stdout:/usr/bin/ceph: stderr
2024-04-25T11:04:30.938+0000 7f685220a700 1 --2- 172.21.15.43:0/1479206440 >> [v2:172.21.15.43:3300/0,v1:172.21.15.43:6789/0] conn(0x7f684c07dbd0 0x7f684c1a0070 secure :-1 s=READY pgs=42 cs=0 l=1 rev1=1 crypto rx=0x7f683c009fb0 tx=0x7f683c011940 comp rx=0 tx=0).stop
2024-04-25T11:04:31.512 INFO:teuthology.orchestra.run.smithi043.stdout:/usr/bin/ceph: stderr
2024-04-25T11:04:30.938+0000 7f685220a700 1 -- 172.21.15.43:0/1479206440 shutdown_connections
2024-04-25T11:04:31.512 INFO:teuthology.orchestra.run.smithi043.stdout:/usr/bin/ceph: stderr
2024-04-25T11:04:30.938+0000 7f685220a700 1 --2- 172.21.15.43:0/1479206440 >> [v2:172.21.15.43:6800/184850334,v1:172.21.15.43:6801/184850334] conn(0x7f683803d5e0 0x7f683803faf0 unknown :-1 s=CLOSED pgs=9 cs=0 l=1 rev1=1 crypto rx=0 tx=0 comp rx=0 tx=0).stop
2024-04-25T11:04:31.512 INFO:teuthology.orchestra.run.smithi043.stdout:/usr/bin/ceph: stderr
2024-04-25T11:04:30.938+0000 7f685220a700 1 --2- 172.21.15.43:0/1479206440 >> [v2:172.21.15.43:3300/0,v1:172.21.15.43:6789/0] conn(0x7f684c07dbd0 0x7f684c1a0070 unknown :-1 s=CLOSED pgs=42 cs=0 l=1 rev1=1 crypto rx=0 tx=0 comp rx=0 tx=0).stop
2024-04-25T11:04:31.512 INFO:teuthology.orchestra.run.smithi043.stdout:/usr/bin/ceph: stderr
2024-04-25T11:04:30.938+0000 7f685220a700 1 -- 172.21.15.43:0/1479206440 >> 172.21.15.43:0/1479206440 conn(0x7f684c105170 msgr2=0x7f684c1069e0 unknown :-1 s=STATE_NONE l=0).mark_down
2024-04-25T11:04:31.512 INFO:teuthology.orchestra.run.smithi043.stdout:/usr/bin/ceph: stderr
2024-04-25T11:04:30.939+0000 7f685220a700 1 -- 172.21.15.43:0/1479206440 shutdown_connections
2024-04-25T11:04:31.512 INFO:teuthology.orchestra.run.smithi043.stdout:/usr/bin/ceph: stderr
2024-04-25T11:04:30.939+0000 7f685220a700 1 -- 172.21.15.43:0/1479206440 wait complete.
2024-04-25T11:04:32.171 INFO:journalctl@ceph.mon.a.smithi043.stdout:Apr 25 11:04:31 smithi043 ceph-mon[29205]: from='mgr.14120 172.21.15.43:0/77500832' entity='mgr.x'
2024-04-25T11:04:32.171 INFO:journalctl@ceph.mon.a.smithi043.stdout:Apr 25 11:04:31 smithi043 ceph-mon[29205]: from='mgr.14120 172.21.15.43:0/77500832' entity='mgr.x'
2024-04-25T11:04:32.781 INFO:teuthology.orchestra.run.smithi043.stdout:/usr/bin/ceph: stdout ssh-rsa AAAAB3NzaC1yc2EAAAADAQABAAABgQDjHjatr+URoppPUHysk/bnnZNsRa+bNT6jxa06+Lx6WXWgJK86xs6/sDu2gUZuoVXA7cTnHep+SnW1D/vM2W0GKkfkxA1mbLtFVx0krvcQIlXyY+02but6E39OTDy6+ip+sAaEKPtTGJWk7/VSe+G0mp53WraC19OJZdmWv08WmQ0hgdXOrxSBakCixBUpq+qn1mhwU3wTlwjTt8TVHoyQZ2HHLBbD1gwlqOmSLIJsJfVTr/Y8rJzptp4Tm0VNN1TLrJ5uGI1KoiZC1yq3CyYs/Q21ma725jzwsDksARzfuMO+RUh49N4z5yJervdEmVCNSMjQrh4CRrU9f6ynyAcy/yx3CBMeItpFxULS2mJZSn4pyHaIVt0kBZViolH240Mqty1LTaKHIGd0MlEWNPT8hyM3hQXjvZcDau8etxocl53/GWZ80LG/y+tjVl2di+DD63KKJjc7WM6W6YgVBa4o5yk8DIz5dngaO0DXYYElSWTkQTywdDPp2DRXVPYNUM8= ceph-580c816a-02f3-11ef-bc93-c7b262605968
2024-04-25T11:04:32.781 INFO:teuthology.orchestra.run.smithi043.stdout:/usr/bin/ceph: stderr
2024-04-25T11:04:31.952+0000 7f91afcad700 1 Processor -- start
2024-04-25T11:04:32.781 INFO:teuthology.orchestra.run.smithi043.stdout:/usr/bin/ceph: stderr
2024-04-25T11:04:31.953+0000 7f91afcad700 1 -- start start
2024-04-25T11:04:32.781 INFO:teuthology.orchestra.run.smithi043.stdout:/usr/bin/ceph: stderr
2024-04-25T11:04:31.953+0000 7f91afcad700 1 --2- >> [v2:172.21.15.43:3300/0,v1:172.21.15.43:6789/0] conn(0x7f91a8108450 0x7f91a8108860 unknown :-1 s=NONE pgs=0 cs=0 l=0 rev1=0 crypto rx=0 tx=0 comp rx=0 tx=0).connect
2024-04-25T11:04:32.781 INFO:teuthology.orchestra.run.smithi043.stdout:/usr/bin/ceph: stderr
2024-04-25T11:04:31.953+0000 7f91afcad700 1 -- --> [v2:172.21.15.43:3300/0,v1:172.21.15.43:6789/0] -- mon_getmap magic: 0 -- 0x7f91a807d850 con 0x7f91a8108450
2024-04-25T11:04:32.781 INFO:teuthology.orchestra.run.smithi043.stdout:/usr/bin/ceph: stderr
2024-04-25T11:04:31.953+0000 7f91ada49700 1 --2- >> [v2:172.21.15.43:3300/0,v1:172.21.15.43:6789/0] conn(0x7f91a8108450 0x7f91a8108860 unknown :-1 s=BANNER_CONNECTING pgs=0 cs=0 l=0 rev1=0 crypto rx=0 tx=0 comp rx=0 tx=0)._handle_peer_banner_payload supported=3 required=0
2024-04-25T11:04:32.781 INFO:teuthology.orchestra.run.smithi043.stdout:/usr/bin/ceph: stderr
2024-04-25T11:04:31.953+0000 7f91ada49700 1 --2- >> [v2:172.21.15.43:3300/0,v1:172.21.15.43:6789/0] conn(0x7f91a8108450 0x7f91a8108860 unknown :-1 s=HELLO_CONNECTING pgs=0 cs=0 l=0 rev1=1 crypto rx=0 tx=0 comp rx=0 tx=0).handle_hello peer v2:172.21.15.43:3300/0 says I am v2:172.21.15.43:53304/0 (socket says 172.21.15.43:53304)
2024-04-25T11:04:32.781 INFO:teuthology.orchestra.run.smithi043.stdout:/usr/bin/ceph: stderr
2024-04-25T11:04:31.953+0000 7f91ada49700 1 -- 172.21.15.43:0/3399743544 learned_addr learned my addr 172.21.15.43:0/3399743544 (peer_addr_for_me v2:172.21.15.43:0/0)
2024-04-25T11:04:32.781 INFO:teuthology.orchestra.run.smithi043.stdout:/usr/bin/ceph: stderr
2024-04-25T11:04:31.953+0000 7f91ada49700 1 -- 172.21.15.43:0/3399743544 --> [v2:172.21.15.43:3300/0,v1:172.21.15.43:6789/0] -- mon_subscribe({config=0+,monmap=0+}) -- 0x7f91a8108da0 con 0x7f91a8108450
2024-04-25T11:04:32.782 INFO:teuthology.orchestra.run.smithi043.stdout:/usr/bin/ceph: stderr
2024-04-25T11:04:31.953+0000 7f91ada49700 1 --2- 172.21.15.43:0/3399743544 >> [v2:172.21.15.43:3300/0,v1:172.21.15.43:6789/0] conn(0x7f91a8108450 0x7f91a8108860 secure :-1 s=READY pgs=43 cs=0 l=1 rev1=1 crypto rx=0x7f91a40098a0 tx=0x7f91a4009bb0 comp rx=0 tx=0).ready entity=mon.0 client_cookie=9651ffbce994095e server_cookie=0 in_seq=0 out_seq=0
2024-04-25T11:04:32.782 INFO:teuthology.orchestra.run.smithi043.stdout:/usr/bin/ceph: stderr
2024-04-25T11:04:31.954+0000 7f91aca47700 1 -- 172.21.15.43:0/3399743544 <== mon.0 v2:172.21.15.43:3300/0 1 ==== mon_map magic: 0 ==== 205+0+0 (secure 0 0 0) 0x7f91a4004160 con 0x7f91a8108450
2024-04-25T11:04:32.782 INFO:teuthology.orchestra.run.smithi043.stdout:/usr/bin/ceph: stderr
2024-04-25T11:04:31.954+0000 7f91aca47700 1 -- 172.21.15.43:0/3399743544 <== mon.0 v2:172.21.15.43:3300/0 2 ==== config(26 keys) ==== 1070+0+0 (secure 0 0 0) 0x7f91a4004300 con 0x7f91a8108450
2024-04-25T11:04:32.782 INFO:teuthology.orchestra.run.smithi043.stdout:/usr/bin/ceph: stderr
2024-04-25T11:04:31.954+0000 7f91aca47700 1 -- 172.21.15.43:0/3399743544 <== mon.0 v2:172.21.15.43:3300/0 3 ==== mon_map magic: 0 ==== 205+0+0 (secure 0 0 0) 0x7f91a4011af0 con 0x7f91a8108450
2024-04-25T11:04:32.782 INFO:teuthology.orchestra.run.smithi043.stdout:/usr/bin/ceph: stderr
2024-04-25T11:04:31.954+0000 7f91afcad700 1 -- 172.21.15.43:0/3399743544 >> [v2:172.21.15.43:3300/0,v1:172.21.15.43:6789/0] conn(0x7f91a8108450 msgr2=0x7f91a8108860 secure :-1 s=STATE_CONNECTION_ESTABLISHED l=1).mark_down
2024-04-25T11:04:32.782 INFO:teuthology.orchestra.run.smithi043.stdout:/usr/bin/ceph: stderr
2024-04-25T11:04:31.954+0000 7f91afcad700 1 --2- 172.21.15.43:0/3399743544 >> [v2:172.21.15.43:3300/0,v1:172.21.15.43:6789/0] conn(0x7f91a8108450 0x7f91a8108860 secure :-1 s=READY pgs=43 cs=0 l=1 rev1=1 crypto rx=0x7f91a40098a0 tx=0x7f91a4009bb0 comp rx=0 tx=0).stop
2024-04-25T11:04:32.782 INFO:teuthology.orchestra.run.smithi043.stdout:/usr/bin/ceph: stderr
2024-04-25T11:04:31.954+0000 7f91afcad700 1 -- 172.21.15.43:0/3399743544 shutdown_connections
2024-04-25T11:04:32.782 INFO:teuthology.orchestra.run.smithi043.stdout:/usr/bin/ceph: stderr
2024-04-25T11:04:31.954+0000 7f91afcad700 1 --2- 172.21.15.43:0/3399743544 >> [v2:172.21.15.43:3300/0,v1:172.21.15.43:6789/0] conn(0x7f91a8108450 0x7f91a8108860 unknown :-1 s=CLOSED pgs=43 cs=0 l=1 rev1=1 crypto rx=0 tx=0 comp rx=0 tx=0).stop
2024-04-25T11:04:32.782 INFO:teuthology.orchestra.run.smithi043.stdout:/usr/bin/ceph: stderr
2024-04-25T11:04:31.955+0000 7f91afcad700 1 -- 172.21.15.43:0/3399743544 >> 172.21.15.43:0/3399743544 conn(0x7f91a8104020 msgr2=0x7f91a81064f0 unknown :-1 s=STATE_NONE l=0).mark_down
2024-04-25T11:04:32.782 INFO:teuthology.orchestra.run.smithi043.stdout:/usr/bin/ceph: stderr
2024-04-25T11:04:31.955+0000 7f91afcad700 1 -- 172.21.15.43:0/3399743544 shutdown_connections
2024-04-25T11:04:32.782 INFO:teuthology.orchestra.run.smithi043.stdout:/usr/bin/ceph: stderr
2024-04-25T11:04:31.955+0000 7f91afcad700 1 -- 172.21.15.43:0/3399743544 wait complete.
2024-04-25T11:04:32.782 INFO:teuthology.orchestra.run.smithi043.stdout:/usr/bin/ceph: stderr
2024-04-25T11:04:31.955+0000 7f91afcad700 1 Processor -- start
2024-04-25T11:04:32.782 INFO:teuthology.orchestra.run.smithi043.stdout:/usr/bin/ceph: stderr
2024-04-25T11:04:31.955+0000 7f91afcad700 1 -- start start
2024-04-25T11:04:32.782 INFO:teuthology.orchestra.run.smithi043.stdout:/usr/bin/ceph: stderr
2024-04-25T11:04:31.956+0000 7f91afcad700 1 --2- >> [v2:172.21.15.43:3300/0,v1:172.21.15.43:6789/0] conn(0x7f91a8108450 0x7f91a81a0140 unknown :-1 s=NONE pgs=0 cs=0 l=1 rev1=0 crypto rx=0 tx=0 comp rx=0 tx=0).connect
2024-04-25T11:04:32.783 INFO:teuthology.orchestra.run.smithi043.stdout:/usr/bin/ceph: stderr
2024-04-25T11:04:31.956+0000 7f91afcad700 1 -- --> [v2:172.21.15.43:3300/0,v1:172.21.15.43:6789/0] -- mon_getmap magic: 0 -- 0x7f91a8109e20 con 0x7f91a8108450
2024-04-25T11:04:32.783 INFO:teuthology.orchestra.run.smithi043.stdout:/usr/bin/ceph: stderr
2024-04-25T11:04:31.956+0000 7f91ada49700 1 --2- >> [v2:172.21.15.43:3300/0,v1:172.21.15.43:6789/0] conn(0x7f91a8108450 0x7f91a81a0140 unknown :-1 s=BANNER_CONNECTING pgs=0 cs=0 l=1 rev1=0 crypto rx=0 tx=0 comp rx=0 tx=0)._handle_peer_banner_payload supported=3 required=0
2024-04-25T11:04:32.783 INFO:teuthology.orchestra.run.smithi043.stdout:/usr/bin/ceph: stderr
2024-04-25T11:04:31.956+0000 7f91ada49700 1 --2- >> [v2:172.21.15.43:3300/0,v1:172.21.15.43:6789/0] conn(0x7f91a8108450 0x7f91a81a0140 unknown :-1 s=HELLO_CONNECTING pgs=0 cs=0 l=1 rev1=1 crypto rx=0 tx=0 comp rx=0 tx=0).handle_hello peer v2:172.21.15.43:3300/0 says I am v2:172.21.15.43:53310/0 (socket says 172.21.15.43:53310)
2024-04-25T11:04:32.783 INFO:teuthology.orchestra.run.smithi043.stdout:/usr/bin/ceph: stderr
2024-04-25T11:04:31.956+0000 7f91ada49700 1 -- 172.21.15.43:0/1932223212 learned_addr learned my addr 172.21.15.43:0/1932223212 (peer_addr_for_me v2:172.21.15.43:0/0)
2024-04-25T11:04:32.783 INFO:teuthology.orchestra.run.smithi043.stdout:/usr/bin/ceph: stderr
2024-04-25T11:04:31.956+0000 7f91ada49700 1 -- 172.21.15.43:0/1932223212 --> [v2:172.21.15.43:3300/0,v1:172.21.15.43:6789/0] -- mon_subscribe({config=0+,monmap=0+}) -- 0x7f91a81a0680 con 0x7f91a8108450
2024-04-25T11:04:32.783 INFO:teuthology.orchestra.run.smithi043.stdout:/usr/bin/ceph: stderr
2024-04-25T11:04:31.956+0000 7f91ada49700 1 --2- 172.21.15.43:0/1932223212 >> [v2:172.21.15.43:3300/0,v1:172.21.15.43:6789/0] conn(0x7f91a8108450 0x7f91a81a0140 secure :-1 s=READY pgs=44 cs=0 l=1 rev1=1 crypto rx=0x7f91a40117b0 tx=0x7f91a4011b70 comp rx=0 tx=0).ready entity=mon.0 client_cookie=0 server_cookie=0 in_seq=0 out_seq=0
2024-04-25T11:04:32.783 INFO:teuthology.orchestra.run.smithi043.stdout:/usr/bin/ceph: stderr
2024-04-25T11:04:31.956+0000 7f919effd700 1 -- 172.21.15.43:0/1932223212 <== mon.0 v2:172.21.15.43:3300/0 1 ==== mon_map magic: 0 ==== 205+0+0 (secure 0 0 0) 0x7f91a4003af0 con 0x7f91a8108450
2024-04-25T11:04:32.783 INFO:teuthology.orchestra.run.smithi043.stdout:/usr/bin/ceph: stderr
2024-04-25T11:04:31.956+0000 7f919effd700 1 -- 172.21.15.43:0/1932223212 <== mon.0 v2:172.21.15.43:3300/0 2 ==== config(26 keys) ==== 1070+0+0 (secure 0 0 0) 0x7f91a4020070 con 0x7f91a8108450
2024-04-25T11:04:32.783 INFO:teuthology.orchestra.run.smithi043.stdout:/usr/bin/ceph: stderr
2024-04-25T11:04:31.956+0000 7f91afcad700 1 -- 172.21.15.43:0/1932223212 --> [v2:172.21.15.43:3300/0,v1:172.21.15.43:6789/0] -- mon_subscribe({mgrmap=0+}) -- 0x7f91a81a0910 con 0x7f91a8108450
2024-04-25T11:04:32.783 INFO:teuthology.orchestra.run.smithi043.stdout:/usr/bin/ceph: stderr
2024-04-25T11:04:31.956+0000 7f919effd700 1 -- 172.21.15.43:0/1932223212 <== mon.0 v2:172.21.15.43:3300/0 3 ==== mon_map magic: 0 ==== 205+0+0 (secure 0 0 0) 0x7f91a4019630 con 0x7f91a8108450
2024-04-25T11:04:32.783 INFO:teuthology.orchestra.run.smithi043.stdout:/usr/bin/ceph: stderr
2024-04-25T11:04:31.956+0000 7f91afcad700 1 -- 172.21.15.43:0/1932223212 --> [v2:172.21.15.43:3300/0,v1:172.21.15.43:6789/0] -- mon_subscribe({osdmap=0}) -- 0x7f91a81a1350 con 0x7f91a8108450
2024-04-25T11:04:32.783 INFO:teuthology.orchestra.run.smithi043.stdout:/usr/bin/ceph: stderr
2024-04-25T11:04:31.957+0000 7f91afcad700 1 -- 172.21.15.43:0/1932223212 --> [v2:172.21.15.43:3300/0,v1:172.21.15.43:6789/0] -- mon_command({"prefix": "get_command_descriptions"} v 0) -- 0x7f91a8064cf0 con 0x7f91a8108450
2024-04-25T11:04:32.783 INFO:teuthology.orchestra.run.smithi043.stdout:/usr/bin/ceph: stderr
2024-04-25T11:04:31.957+0000 7f919effd700 1 -- 172.21.15.43:0/1932223212 <== mon.0 v2:172.21.15.43:3300/0 4 ==== mgrmap(e 8) ==== 49516+0+0 (secure 0 0 0) 0x7f91a40198f0 con 0x7f91a8108450
2024-04-25T11:04:32.784 INFO:teuthology.orchestra.run.smithi043.stdout:/usr/bin/ceph: stderr
2024-04-25T11:04:31.958+0000 7f919effd700 1 --2- 172.21.15.43:0/1932223212 >> [v2:172.21.15.43:6800/184850334,v1:172.21.15.43:6801/184850334] conn(0x7f919403d630 0x7f919403fb40 unknown :-1 s=NONE pgs=0 cs=0 l=1 rev1=0 crypto rx=0 tx=0 comp rx=0 tx=0).connect
2024-04-25T11:04:32.784 INFO:teuthology.orchestra.run.smithi043.stdout:/usr/bin/ceph: stderr
2024-04-25T11:04:31.958+0000 7f919effd700 1 -- 172.21.15.43:0/1932223212 <== mon.0 v2:172.21.15.43:3300/0 5 ==== osd_map(2..2 src has 1..2) ==== 940+0+0 (secure 0 0 0) 0x7f91a4052930 con 0x7f91a8108450
2024-04-25T11:04:32.784 INFO:teuthology.orchestra.run.smithi043.stdout:/usr/bin/ceph: stderr
2024-04-25T11:04:31.958+0000 7f91ad248700 1 --2- 172.21.15.43:0/1932223212 >> [v2:172.21.15.43:6800/184850334,v1:172.21.15.43:6801/184850334] conn(0x7f919403d630 0x7f919403fb40 unknown :-1 s=BANNER_CONNECTING pgs=0 cs=0 l=1 rev1=0 crypto rx=0 tx=0 comp rx=0 tx=0)._handle_peer_banner_payload supported=3 required=0
2024-04-25T11:04:32.784 INFO:teuthology.orchestra.run.smithi043.stdout:/usr/bin/ceph: stderr
2024-04-25T11:04:31.958+0000 7f91ad248700 1 --2- 172.21.15.43:0/1932223212 >> [v2:172.21.15.43:6800/184850334,v1:172.21.15.43:6801/184850334] conn(0x7f919403d630 0x7f919403fb40 secure :-1 s=READY pgs=10 cs=0 l=1 rev1=1 crypto rx=0x7f9198006fd0 tx=0x7f9198006e40 comp rx=0 tx=0).ready entity=mgr.14120 client_cookie=0 server_cookie=0 in_seq=0 out_seq=0
2024-04-25T11:04:32.784 INFO:teuthology.orchestra.run.smithi043.stdout:/usr/bin/ceph: stderr
2024-04-25T11:04:31.963+0000 7f919effd700 1 -- 172.21.15.43:0/1932223212 <== mon.0 v2:172.21.15.43:3300/0 6 ==== mon_command_ack([{"prefix": "get_command_descriptions"}]=0 v0) ==== 72+0+188370 (secure 0 0 0) 0x7f91a4016260 con 0x7f91a8108450
2024-04-25T11:04:32.784 INFO:teuthology.orchestra.run.smithi043.stdout:/usr/bin/ceph: stderr
2024-04-25T11:04:32.171+0000 7f91afcad700 1 -- 172.21.15.43:0/1932223212 --> [v2:172.21.15.43:6800/184850334,v1:172.21.15.43:6801/184850334] -- mgr_command(tid 0: {"prefix": "cephadm get-pub-key", "target": ["mon-mgr", ""]}) -- 0x7f91a80008d0 con 0x7f919403d630
2024-04-25T11:04:32.784 INFO:teuthology.orchestra.run.smithi043.stdout:/usr/bin/ceph: stderr
2024-04-25T11:04:32.171+0000 7f919effd700 1 -- 172.21.15.43:0/1932223212 <== mgr.14120 v2:172.21.15.43:6800/184850334 1 ==== mgr_command_reply(tid 0: 0 ) ==== 8+0+595 (secure 0 0 0) 0x7f91a80008d0 con 0x7f919403d630
2024-04-25T11:04:32.784 INFO:teuthology.orchestra.run.smithi043.stdout:/usr/bin/ceph: stderr
2024-04-25T11:04:32.173+0000 7f91afcad700 1 -- 172.21.15.43:0/1932223212 >> [v2:172.21.15.43:6800/184850334,v1:172.21.15.43:6801/184850334] conn(0x7f919403d630 msgr2=0x7f919403fb40 secure :-1 s=STATE_CONNECTION_ESTABLISHED l=1).mark_down
2024-04-25T11:04:32.784 INFO:teuthology.orchestra.run.smithi043.stdout:/usr/bin/ceph: stderr
2024-04-25T11:04:32.173+0000 7f91afcad700 1 --2- 172.21.15.43:0/1932223212 >> [v2:172.21.15.43:6800/184850334,v1:172.21.15.43:6801/184850334] conn(0x7f919403d630 0x7f919403fb40 secure :-1 s=READY pgs=10 cs=0 l=1 rev1=1 crypto rx=0x7f9198006fd0 tx=0x7f9198006e40 comp rx=0 tx=0).stop
2024-04-25T11:04:32.784 INFO:teuthology.orchestra.run.smithi043.stdout:/usr/bin/ceph: stderr
2024-04-25T11:04:32.173+0000 7f91afcad700 1 -- 172.21.15.43:0/1932223212 >> [v2:172.21.15.43:3300/0,v1:172.21.15.43:6789/0] conn(0x7f91a8108450 msgr2=0x7f91a81a0140 secure :-1 s=STATE_CONNECTION_ESTABLISHED l=1).mark_down
2024-04-25T11:04:32.784 INFO:teuthology.orchestra.run.smithi043.stdout:/usr/bin/ceph: stderr
2024-04-25T11:04:32.173+0000 7f91afcad700 1 --2- 172.21.15.43:0/1932223212 >> [v2:172.21.15.43:3300/0,v1:172.21.15.43:6789/0] conn(0x7f91a8108450 0x7f91a81a0140 secure :-1 s=READY pgs=44 cs=0 l=1 rev1=1 crypto rx=0x7f91a40117b0 tx=0x7f91a4011b70 comp rx=0 tx=0).stop
2024-04-25T11:04:32.784 INFO:teuthology.orchestra.run.smithi043.stdout:/usr/bin/ceph: stderr
2024-04-25T11:04:32.173+0000 7f91afcad700 1 -- 172.21.15.43:0/1932223212 shutdown_connections
2024-04-25T11:04:32.784 INFO:teuthology.orchestra.run.smithi043.stdout:/usr/bin/ceph: stderr
2024-04-25T11:04:32.174+0000 7f91afcad700 1 --2- 172.21.15.43:0/1932223212 >> [v2:172.21.15.43:6800/184850334,v1:172.21.15.43:6801/184850334] conn(0x7f919403d630 0x7f919403fb40 unknown :-1 s=CLOSED pgs=10 cs=0 l=1 rev1=1 crypto rx=0 tx=0 comp rx=0 tx=0).stop
2024-04-25T11:04:32.784 INFO:teuthology.orchestra.run.smithi043.stdout:/usr/bin/ceph: stderr
2024-04-25T11:04:32.174+0000 7f91afcad700 1 --2- 172.21.15.43:0/1932223212 >> [v2:172.21.15.43:3300/0,v1:172.21.15.43:6789/0] conn(0x7f91a8108450 0x7f91a81a0140 unknown :-1 s=CLOSED pgs=44 cs=0 l=1 rev1=1 crypto rx=0 tx=0 comp rx=0 tx=0).stop
2024-04-25T11:04:32.785 INFO:teuthology.orchestra.run.smithi043.stdout:/usr/bin/ceph: stderr
2024-04-25T11:04:32.174+0000 7f91afcad700 1 -- 172.21.15.43:0/1932223212 >> 172.21.15.43:0/1932223212 conn(0x7f91a8104020 msgr2=0x7f91a8193fe0 unknown :-1 s=STATE_NONE l=0).mark_down
2024-04-25T11:04:32.785 INFO:teuthology.orchestra.run.smithi043.stdout:/usr/bin/ceph: stderr
2024-04-25T11:04:32.174+0000 7f91afcad700 1 -- 172.21.15.43:0/1932223212 shutdown_connections
2024-04-25T11:04:32.785 INFO:teuthology.orchestra.run.smithi043.stdout:/usr/bin/ceph: stderr
2024-04-25T11:04:32.174+0000 7f91afcad700 1 -- 172.21.15.43:0/1932223212 wait complete.
2024-04-25T11:04:32.785 INFO:teuthology.orchestra.run.smithi043.stdout:Wrote public SSH key to /home/ubuntu/cephtest/ceph.pub
2024-04-25T11:04:32.785 INFO:teuthology.orchestra.run.smithi043.stdout:Adding key to root@localhost authorized_keys...
2024-04-25T11:04:32.785 INFO:teuthology.orchestra.run.smithi043.stdout:Adding host smithi043...
2024-04-25T11:04:33.075 INFO:journalctl@ceph.mon.a.smithi043.stdout:Apr 25 11:04:32 smithi043 ceph-mon[29205]: from='client.14138 -' entity='client.admin' cmd=[{"prefix": "cephadm get-pub-key", "target": ["mon-mgr", ""]}]: dispatch
2024-04-25T11:04:34.050 INFO:journalctl@ceph.mon.a.smithi043.stdout:Apr 25 11:04:33 smithi043 ceph-mon[29205]: from='client.14140 -' entity='client.admin' cmd=[{"prefix": "orch host add", "hostname": "smithi043", "addr": "172.21.15.43", "target": ["mon-mgr", ""]}]: dispatch
2024-04-25T11:04:35.332 INFO:journalctl@ceph.mon.a.smithi043.stdout:Apr 25 11:04:34 smithi043 ceph-mon[29205]: Deploying cephadm binary to smithi043
2024-04-25T11:04:38.247 INFO:teuthology.orchestra.run.smithi043.stdout:/usr/bin/ceph: stdout Added host 'smithi043' with addr '172.21.15.43'
2024-04-25T11:04:38.247 INFO:teuthology.orchestra.run.smithi043.stdout:/usr/bin/ceph: stderr
2024-04-25T11:04:33.197+0000 7f9e19786700 1 Processor -- start
2024-04-25T11:04:38.247 INFO:teuthology.orchestra.run.smithi043.stdout:/usr/bin/ceph: stderr
2024-04-25T11:04:33.197+0000 7f9e19786700 1 -- start start
2024-04-25T11:04:38.247 INFO:teuthology.orchestra.run.smithi043.stdout:/usr/bin/ceph: stderr
2024-04-25T11:04:33.197+0000 7f9e19786700 1 --2- >> [v2:172.21.15.43:3300/0,v1:172.21.15.43:6789/0] conn(0x7f9e1410b1c0 0x7f9e1410b5d0 unknown :-1 s=NONE pgs=0 cs=0 l=0 rev1=0 crypto rx=0 tx=0 comp rx=0 tx=0).connect
2024-04-25T11:04:38.248 INFO:teuthology.orchestra.run.smithi043.stdout:/usr/bin/ceph: stderr
2024-04-25T11:04:33.197+0000 7f9e19786700 1 -- --> [v2:172.21.15.43:3300/0,v1:172.21.15.43:6789/0] -- mon_getmap magic: 0 -- 0x7f9e1410bba0 con 0x7f9e1410b1c0
2024-04-25T11:04:38.248 INFO:teuthology.orchestra.run.smithi043.stdout:/usr/bin/ceph: stderr
2024-04-25T11:04:33.197+0000 7f9e12ffd700 1 --2- >> [v2:172.21.15.43:3300/0,v1:172.21.15.43:6789/0] conn(0x7f9e1410b1c0 0x7f9e1410b5d0 unknown :-1 s=BANNER_CONNECTING pgs=0 cs=0 l=0 rev1=0 crypto rx=0 tx=0 comp rx=0 tx=0)._handle_peer_banner_payload supported=3 required=0
2024-04-25T11:04:38.248 INFO:teuthology.orchestra.run.smithi043.stdout:/usr/bin/ceph: stderr
2024-04-25T11:04:33.197+0000 7f9e12ffd700 1 --2- >> [v2:172.21.15.43:3300/0,v1:172.21.15.43:6789/0] conn(0x7f9e1410b1c0 0x7f9e1410b5d0 unknown :-1 s=HELLO_CONNECTING pgs=0 cs=0 l=0 rev1=1 crypto rx=0 tx=0 comp rx=0 tx=0).handle_hello peer v2:172.21.15.43:3300/0 says I am v2:172.21.15.43:52318/0 (socket says 172.21.15.43:52318)
2024-04-25T11:04:38.248 INFO:teuthology.orchestra.run.smithi043.stdout:/usr/bin/ceph: stderr
2024-04-25T11:04:33.197+0000 7f9e12ffd700 1 -- 172.21.15.43:0/1449782602 learned_addr learned my addr 172.21.15.43:0/1449782602 (peer_addr_for_me v2:172.21.15.43:0/0)
2024-04-25T11:04:38.248 INFO:teuthology.orchestra.run.smithi043.stdout:/usr/bin/ceph: stderr
2024-04-25T11:04:33.198+0000 7f9e12ffd700 1 -- 172.21.15.43:0/1449782602 --> [v2:172.21.15.43:3300/0,v1:172.21.15.43:6789/0] -- mon_subscribe({config=0+,monmap=0+}) -- 0x7f9e1410bd20 con 0x7f9e1410b1c0
2024-04-25T11:04:38.248 INFO:teuthology.orchestra.run.smithi043.stdout:/usr/bin/ceph: stderr
2024-04-25T11:04:33.198+0000 7f9e12ffd700 1 --2- 172.21.15.43:0/1449782602 >> [v2:172.21.15.43:3300/0,v1:172.21.15.43:6789/0] conn(0x7f9e1410b1c0 0x7f9e1410b5d0 secure :-1 s=READY pgs=45 cs=0 l=1 rev1=1 crypto rx=0x7f9e040098a0 tx=0x7f9e04009bb0 comp rx=0 tx=0).ready entity=mon.0 client_cookie=e1fb8f190cf4e22a server_cookie=0 in_seq=0 out_seq=0
2024-04-25T11:04:38.248 INFO:teuthology.orchestra.run.smithi043.stdout:/usr/bin/ceph: stderr
2024-04-25T11:04:33.198+0000 7f9e11ffb700 1 -- 172.21.15.43:0/1449782602 <== mon.0 v2:172.21.15.43:3300/0 1 ==== mon_map magic: 0 ==== 205+0+0 (secure 0 0 0) 0x7f9e04004160 con 0x7f9e1410b1c0
2024-04-25T11:04:38.248 INFO:teuthology.orchestra.run.smithi043.stdout:/usr/bin/ceph: stderr
2024-04-25T11:04:33.198+0000 7f9e11ffb700 1 -- 172.21.15.43:0/1449782602 <== mon.0 v2:172.21.15.43:3300/0 2 ==== config(26 keys) ==== 1070+0+0 (secure 0 0 0) 0x7f9e04004300 con 0x7f9e1410b1c0
2024-04-25T11:04:38.248 INFO:teuthology.orchestra.run.smithi043.stdout:/usr/bin/ceph: stderr
2024-04-25T11:04:33.198+0000 7f9e11ffb700 1 -- 172.21.15.43:0/1449782602 <== mon.0 v2:172.21.15.43:3300/0 3 ==== mon_map magic: 0 ==== 205+0+0 (secure 0 0 0) 0x7f9e04011af0 con 0x7f9e1410b1c0
2024-04-25T11:04:38.248 INFO:teuthology.orchestra.run.smithi043.stdout:/usr/bin/ceph: stderr
2024-04-25T11:04:33.199+0000 7f9e19786700 1 -- 172.21.15.43:0/1449782602 >> [v2:172.21.15.43:3300/0,v1:172.21.15.43:6789/0] conn(0x7f9e1410b1c0 msgr2=0x7f9e1410b5d0 secure :-1 s=STATE_CONNECTION_ESTABLISHED l=1).mark_down
2024-04-25T11:04:38.248 INFO:teuthology.orchestra.run.smithi043.stdout:/usr/bin/ceph: stderr
2024-04-25T11:04:33.199+0000 7f9e19786700 1 --2- 172.21.15.43:0/1449782602 >> [v2:172.21.15.43:3300/0,v1:172.21.15.43:6789/0] conn(0x7f9e1410b1c0 0x7f9e1410b5d0 secure :-1 s=READY pgs=45 cs=0 l=1 rev1=1 crypto rx=0x7f9e040098a0 tx=0x7f9e04009bb0 comp rx=0 tx=0).stop
2024-04-25T11:04:38.248 INFO:teuthology.orchestra.run.smithi043.stdout:/usr/bin/ceph: stderr
2024-04-25T11:04:33.199+0000 7f9e19786700 1 -- 172.21.15.43:0/1449782602 shutdown_connections
2024-04-25T11:04:38.248 INFO:teuthology.orchestra.run.smithi043.stdout:/usr/bin/ceph: stderr
2024-04-25T11:04:33.199+0000 7f9e19786700 1 --2- 172.21.15.43:0/1449782602 >> [v2:172.21.15.43:3300/0,v1:172.21.15.43:6789/0] conn(0x7f9e1410b1c0 0x7f9e1410b5d0 unknown :-1 s=CLOSED pgs=45 cs=0 l=1 rev1=1 crypto rx=0 tx=0 comp rx=0 tx=0).stop
2024-04-25T11:04:38.248 INFO:teuthology.orchestra.run.smithi043.stdout:/usr/bin/ceph: stderr
2024-04-25T11:04:33.199+0000 7f9e19786700 1 -- 172.21.15.43:0/1449782602 >> 172.21.15.43:0/1449782602 conn(0x7f9e14103820 msgr2=0x7f9e14105c70 unknown :-1 s=STATE_NONE l=0).mark_down
2024-04-25T11:04:38.249 INFO:teuthology.orchestra.run.smithi043.stdout:/usr/bin/ceph: stderr
2024-04-25T11:04:33.199+0000 7f9e19786700 1 -- 172.21.15.43:0/1449782602 shutdown_connections
2024-04-25T11:04:38.249 INFO:teuthology.orchestra.run.smithi043.stdout:/usr/bin/ceph: stderr
2024-04-25T11:04:33.199+0000 7f9e19786700 1 -- 172.21.15.43:0/1449782602 wait complete.
2024-04-25T11:04:38.249 INFO:teuthology.orchestra.run.smithi043.stdout:/usr/bin/ceph: stderr
2024-04-25T11:04:33.200+0000 7f9e19786700 1 Processor -- start
2024-04-25T11:04:38.249 INFO:teuthology.orchestra.run.smithi043.stdout:/usr/bin/ceph: stderr
2024-04-25T11:04:33.200+0000 7f9e19786700 1 -- start start
2024-04-25T11:04:38.249 INFO:teuthology.orchestra.run.smithi043.stdout:/usr/bin/ceph: stderr
2024-04-25T11:04:33.200+0000 7f9e19786700 1 --2- >> [v2:172.21.15.43:3300/0,v1:172.21.15.43:6789/0] conn(0x7f9e1410b1c0 0x7f9e1419df20 unknown :-1 s=NONE pgs=0 cs=0 l=1 rev1=0 crypto rx=0 tx=0 comp rx=0 tx=0).connect
2024-04-25T11:04:38.249 INFO:teuthology.orchestra.run.smithi043.stdout:/usr/bin/ceph: stderr
2024-04-25T11:04:33.200+0000 7f9e19786700 1 -- --> [v2:172.21.15.43:3300/0,v1:172.21.15.43:6789/0] -- mon_getmap magic: 0 -- 0x7f9e14108a70 con 0x7f9e1410b1c0
2024-04-25T11:04:38.249 INFO:teuthology.orchestra.run.smithi043.stdout:/usr/bin/ceph: stderr
2024-04-25T11:04:33.200+0000 7f9e12ffd700 1 --2- >> [v2:172.21.15.43:3300/0,v1:172.21.15.43:6789/0] conn(0x7f9e1410b1c0 0x7f9e1419df20 unknown :-1 s=BANNER_CONNECTING pgs=0 cs=0 l=1 rev1=0 crypto rx=0 tx=0 comp rx=0 tx=0)._handle_peer_banner_payload supported=3 required=0
2024-04-25T11:04:38.249 INFO:teuthology.orchestra.run.smithi043.stdout:/usr/bin/ceph: stderr
2024-04-25T11:04:33.200+0000 7f9e12ffd700 1 --2- >> [v2:172.21.15.43:3300/0,v1:172.21.15.43:6789/0] conn(0x7f9e1410b1c0 0x7f9e1419df20 unknown :-1 s=HELLO_CONNECTING pgs=0 cs=0 l=1 rev1=1 crypto rx=0 tx=0 comp rx=0 tx=0).handle_hello peer v2:172.21.15.43:3300/0 says I am v2:172.21.15.43:52324/0 (socket says 172.21.15.43:52324)
2024-04-25T11:04:38.249 INFO:teuthology.orchestra.run.smithi043.stdout:/usr/bin/ceph: stderr
2024-04-25T11:04:33.200+0000 7f9e12ffd700 1 -- 172.21.15.43:0/3357229255 learned_addr learned my addr 172.21.15.43:0/3357229255 (peer_addr_for_me v2:172.21.15.43:0/0)
2024-04-25T11:04:38.249 INFO:teuthology.orchestra.run.smithi043.stdout:/usr/bin/ceph: stderr
2024-04-25T11:04:33.200+0000 7f9e12ffd700 1 -- 172.21.15.43:0/3357229255 --> [v2:172.21.15.43:3300/0,v1:172.21.15.43:6789/0] -- mon_subscribe({config=0+,monmap=0+}) -- 0x7f9e1419e460 con 0x7f9e1410b1c0
2024-04-25T11:04:38.249 INFO:teuthology.orchestra.run.smithi043.stdout:/usr/bin/ceph: stderr
2024-04-25T11:04:33.201+0000 7f9e12ffd700 1 --2- 172.21.15.43:0/3357229255 >> [v2:172.21.15.43:3300/0,v1:172.21.15.43:6789/0] conn(0x7f9e1410b1c0 0x7f9e1419df20 secure :-1 s=READY pgs=46 cs=0 l=1 rev1=1 crypto rx=0x7f9e040117b0 tx=0x7f9e04011b70 comp rx=0 tx=0).ready entity=mon.0 client_cookie=0 server_cookie=0 in_seq=0 out_seq=0
2024-04-25T11:04:38.249 INFO:teuthology.orchestra.run.smithi043.stdout:/usr/bin/ceph: stderr
2024-04-25T11:04:33.201+0000 7f9dfbfff700 1 -- 172.21.15.43:0/3357229255 <== mon.0 v2:172.21.15.43:3300/0 1 ==== mon_map magic: 0 ==== 205+0+0 (secure 0 0 0) 0x7f9e04003af0 con 0x7f9e1410b1c0
2024-04-25T11:04:38.249 INFO:teuthology.orchestra.run.smithi043.stdout:/usr/bin/ceph: stderr
2024-04-25T11:04:33.201+0000 7f9dfbfff700 1 -- 172.21.15.43:0/3357229255 <== mon.0 v2:172.21.15.43:3300/0 2 ==== config(26 keys) ==== 1070+0+0 (secure 0 0 0) 0x7f9e04020070 con 0x7f9e1410b1c0
2024-04-25T11:04:38.249 INFO:teuthology.orchestra.run.smithi043.stdout:/usr/bin/ceph: stderr
2024-04-25T11:04:33.201+0000 7f9e19786700 1 -- 172.21.15.43:0/3357229255 --> [v2:172.21.15.43:3300/0,v1:172.21.15.43:6789/0] -- mon_subscribe({mgrmap=0+}) -- 0x7f9e1419e6f0 con 0x7f9e1410b1c0
2024-04-25T11:04:38.250 INFO:teuthology.orchestra.run.smithi043.stdout:/usr/bin/ceph: stderr
2024-04-25T11:04:33.201+0000 7f9dfbfff700 1 -- 172.21.15.43:0/3357229255 <== mon.0 v2:172.21.15.43:3300/0 3 ==== mon_map magic: 0 ==== 205+0+0 (secure 0 0 0) 0x7f9e04019550 con 0x7f9e1410b1c0
2024-04-25T11:04:38.250 INFO:teuthology.orchestra.run.smithi043.stdout:/usr/bin/ceph: stderr
2024-04-25T11:04:33.201+0000 7f9e19786700 1 -- 172.21.15.43:0/3357229255 --> [v2:172.21.15.43:3300/0,v1:172.21.15.43:6789/0] -- mon_subscribe({osdmap=0}) -- 0x7f9e141a1300 con 0x7f9e1410b1c0
2024-04-25T11:04:38.250 INFO:teuthology.orchestra.run.smithi043.stdout:/usr/bin/ceph: stderr
2024-04-25T11:04:33.202+0000 7f9e19786700 1 -- 172.21.15.43:0/3357229255 --> [v2:172.21.15.43:3300/0,v1:172.21.15.43:6789/0] -- mon_command({"prefix": "get_command_descriptions"} v 0) -- 0x7f9e14064cf0 con 0x7f9e1410b1c0
2024-04-25T11:04:38.250 INFO:teuthology.orchestra.run.smithi043.stdout:/usr/bin/ceph: stderr
2024-04-25T11:04:33.202+0000 7f9dfbfff700 1 -- 172.21.15.43:0/3357229255 <== mon.0 v2:172.21.15.43:3300/0 4 ==== mgrmap(e 8) ==== 49516+0+0 (secure 0 0 0) 0x7f9e040197c0 con 0x7f9e1410b1c0
2024-04-25T11:04:38.250 INFO:teuthology.orchestra.run.smithi043.stdout:/usr/bin/ceph: stderr
2024-04-25T11:04:33.202+0000 7f9dfbfff700 1 --2- 172.21.15.43:0/3357229255 >> [v2:172.21.15.43:6800/184850334,v1:172.21.15.43:6801/184850334] conn(0x7f9dfc03d680 0x7f9dfc03fb90 unknown :-1 s=NONE pgs=0 cs=0 l=1 rev1=0 crypto rx=0 tx=0 comp rx=0 tx=0).connect
2024-04-25T11:04:38.250 INFO:teuthology.orchestra.run.smithi043.stdout:/usr/bin/ceph: stderr
2024-04-25T11:04:33.202+0000 7f9dfbfff700 1 -- 172.21.15.43:0/3357229255 <== mon.0 v2:172.21.15.43:3300/0 5 ==== osd_map(2..2 src has 1..2) ==== 940+0+0 (secure 0 0 0) 0x7f9e04052830 con 0x7f9e1410b1c0
2024-04-25T11:04:38.250 INFO:teuthology.orchestra.run.smithi043.stdout:/usr/bin/ceph: stderr
2024-04-25T11:04:33.202+0000 7f9e127fc700 1 --2- 172.21.15.43:0/3357229255 >> [v2:172.21.15.43:6800/184850334,v1:172.21.15.43:6801/184850334] conn(0x7f9dfc03d680 0x7f9dfc03fb90 unknown :-1 s=BANNER_CONNECTING pgs=0 cs=0 l=1 rev1=0 crypto rx=0 tx=0 comp rx=0 tx=0)._handle_peer_banner_payload supported=3 required=0
2024-04-25T11:04:38.250 INFO:teuthology.orchestra.run.smithi043.stdout:/usr/bin/ceph: stderr
2024-04-25T11:04:33.203+0000 7f9e127fc700 1 --2- 172.21.15.43:0/3357229255 >> [v2:172.21.15.43:6800/184850334,v1:172.21.15.43:6801/184850334] conn(0x7f9dfc03d680 0x7f9dfc03fb90 secure :-1 s=READY pgs=11 cs=0 l=1 rev1=1 crypto rx=0x7f9e08006fd0 tx=0x7f9e08006e40 comp rx=0 tx=0).ready entity=mgr.14120 client_cookie=0 server_cookie=0 in_seq=0 out_seq=0
2024-04-25T11:04:38.250 INFO:teuthology.orchestra.run.smithi043.stdout:/usr/bin/ceph: stderr
2024-04-25T11:04:33.207+0000 7f9dfbfff700 1 -- 172.21.15.43:0/3357229255 <== mon.0 v2:172.21.15.43:3300/0 6 ==== mon_command_ack([{"prefix": "get_command_descriptions"}]=0 v0) ==== 72+0+188370 (secure 0 0 0) 0x7f9e040042a0 con 0x7f9e1410b1c0
2024-04-25T11:04:38.250 INFO:teuthology.orchestra.run.smithi043.stdout:/usr/bin/ceph: stderr
2024-04-25T11:04:33.427+0000 7f9e19786700 1 -- 172.21.15.43:0/3357229255 --> [v2:172.21.15.43:6800/184850334,v1:172.21.15.43:6801/184850334] -- mgr_command(tid 0: {"prefix": "orch host add", "hostname": "smithi043", "addr": "172.21.15.43", "target": ["mon-mgr", ""]}) -- 0x7f9e14104760 con 0x7f9dfc03d680
2024-04-25T11:04:38.250 INFO:teuthology.orchestra.run.smithi043.stdout:/usr/bin/ceph: stderr
2024-04-25T11:04:37.652+0000 7f9dfbfff700 1 -- 172.21.15.43:0/3357229255 <== mgr.14120 v2:172.21.15.43:6800/184850334 1 ==== mgr_command_reply(tid 0: 0 ) ==== 8+0+48 (secure 0 0 0) 0x7f9e14104760 con 0x7f9dfc03d680
2024-04-25T11:04:38.250 INFO:teuthology.orchestra.run.smithi043.stdout:/usr/bin/ceph: stderr
2024-04-25T11:04:37.655+0000 7f9e19786700 1 -- 172.21.15.43:0/3357229255 >> [v2:172.21.15.43:6800/184850334,v1:172.21.15.43:6801/184850334] conn(0x7f9dfc03d680 msgr2=0x7f9dfc03fb90 secure :-1 s=STATE_CONNECTION_ESTABLISHED l=1).mark_down
2024-04-25T11:04:38.250 INFO:teuthology.orchestra.run.smithi043.stdout:/usr/bin/ceph: stderr
2024-04-25T11:04:37.655+0000 7f9e19786700 1 --2- 172.21.15.43:0/3357229255 >> [v2:172.21.15.43:6800/184850334,v1:172.21.15.43:6801/184850334] conn(0x7f9dfc03d680 0x7f9dfc03fb90 secure :-1 s=READY pgs=11 cs=0 l=1 rev1=1 crypto rx=0x7f9e08006fd0 tx=0x7f9e08006e40 comp rx=0 tx=0).stop
2024-04-25T11:04:38.251 INFO:teuthology.orchestra.run.smithi043.stdout:/usr/bin/ceph: stderr
2024-04-25T11:04:37.655+0000 7f9e19786700 1 -- 172.21.15.43:0/3357229255 >> [v2:172.21.15.43:3300/0,v1:172.21.15.43:6789/0] conn(0x7f9e1410b1c0 msgr2=0x7f9e1419df20 secure :-1 s=STATE_CONNECTION_ESTABLISHED l=1).mark_down
2024-04-25T11:04:38.251 INFO:teuthology.orchestra.run.smithi043.stdout:/usr/bin/ceph: stderr
2024-04-25T11:04:37.655+0000 7f9e19786700 1 --2- 172.21.15.43:0/3357229255 >> [v2:172.21.15.43:3300/0,v1:172.21.15.43:6789/0] conn(0x7f9e1410b1c0 0x7f9e1419df20 secure :-1 s=READY pgs=46 cs=0 l=1 rev1=1 crypto rx=0x7f9e040117b0 tx=0x7f9e04011b70 comp rx=0 tx=0).stop
2024-04-25T11:04:38.251 INFO:teuthology.orchestra.run.smithi043.stdout:/usr/bin/ceph: stderr
2024-04-25T11:04:37.655+0000 7f9e19786700 1 -- 172.21.15.43:0/3357229255 shutdown_connections
2024-04-25T11:04:38.251 INFO:teuthology.orchestra.run.smithi043.stdout:/usr/bin/ceph: stderr
2024-04-25T11:04:37.655+0000 7f9e19786700 1 --2- 172.21.15.43:0/3357229255 >> [v2:172.21.15.43:6800/184850334,v1:172.21.15.43:6801/184850334] conn(0x7f9dfc03d680 0x7f9dfc03fb90 unknown :-1 s=CLOSED pgs=11 cs=0 l=1 rev1=1 crypto rx=0 tx=0 comp rx=0 tx=0).stop
2024-04-25T11:04:38.251 INFO:teuthology.orchestra.run.smithi043.stdout:/usr/bin/ceph: stderr
2024-04-25T11:04:37.655+0000 7f9e19786700 1 --2- 172.21.15.43:0/3357229255 >> [v2:172.21.15.43:3300/0,v1:172.21.15.43:6789/0] conn(0x7f9e1410b1c0 0x7f9e1419df20 unknown :-1 s=CLOSED pgs=46 cs=0 l=1 rev1=1 crypto rx=0 tx=0 comp rx=0 tx=0).stop
2024-04-25T11:04:38.251 INFO:teuthology.orchestra.run.smithi043.stdout:/usr/bin/ceph: stderr
2024-04-25T11:04:37.655+0000 7f9e19786700 1 -- 172.21.15.43:0/3357229255 >> 172.21.15.43:0/3357229255 conn(0x7f9e14103820 msgr2=0x7f9e14104050 unknown :-1 s=STATE_NONE l=0).mark_down
2024-04-25T11:04:38.251 INFO:teuthology.orchestra.run.smithi043.stdout:/usr/bin/ceph: stderr
2024-04-25T11:04:37.655+0000 7f9e19786700 1 -- 172.21.15.43:0/3357229255 shutdown_connections
2024-04-25T11:04:38.251 INFO:teuthology.orchestra.run.smithi043.stdout:/usr/bin/ceph: stderr
2024-04-25T11:04:37.655+0000 7f9e19786700 1 -- 172.21.15.43:0/3357229255 wait complete.
2024-04-25T11:04:38.251 INFO:teuthology.orchestra.run.smithi043.stdout:Deploying unmanaged mon service...
2024-04-25T11:04:38.832 INFO:journalctl@ceph.mon.a.smithi043.stdout:Apr 25 11:04:38 smithi043 ceph-mon[29205]: from='mgr.14120 172.21.15.43:0/77500832' entity='mgr.x'
2024-04-25T11:04:38.833 INFO:journalctl@ceph.mon.a.smithi043.stdout:Apr 25 11:04:38 smithi043 ceph-mon[29205]: Added host smithi043
