2024-04-25T11:04:43.856+0000 7f9b8e383700 1 --2- >> [v2:172.21.15.43:3300/0,v1:172.21.15.43:6789/0] conn(0x7f9b88109ad0 0x7f9b88109ee0 unknown :-1 s=BANNER_CONNECTING pgs=0 cs=0 l=0 rev1=0 crypto rx=0 tx=0 comp rx=0 tx=0)._handle_peer_banner_payload supported=3 required=0
2024-04-25T11:04:44.674 INFO:teuthology.orchestra.run.smithi043.stdout:/usr/bin/ceph: stderr
2024-04-25T11:04:43.856+0000 7f9b8e383700 1 --2- >> [v2:172.21.15.43:3300/0,v1:172.21.15.43:6789/0] conn(0x7f9b88109ad0 0x7f9b88109ee0 unknown :-1 s=HELLO_CONNECTING pgs=0 cs=0 l=0 rev1=1 crypto rx=0 tx=0 comp rx=0 tx=0).handle_hello peer v2:172.21.15.43:3300/0 says I am v2:172.21.15.43:35618/0 (socket says 172.21.15.43:35618)
2024-04-25T11:04:44.674 INFO:teuthology.orchestra.run.smithi043.stdout:/usr/bin/ceph: stderr
2024-04-25T11:04:43.856+0000 7f9b8e383700 1 -- 172.21.15.43:0/2996013269 learned_addr learned my addr 172.21.15.43:0/2996013269 (peer_addr_for_me v2:172.21.15.43:0/0)
2024-04-25T11:04:44.674 INFO:teuthology.orchestra.run.smithi043.stdout:/usr/bin/ceph: stderr
2024-04-25T11:04:43.856+0000 7f9b8e383700 1 -- 172.21.15.43:0/2996013269 --> [v2:172.21.15.43:3300/0,v1:172.21.15.43:6789/0] -- mon_subscribe({config=0+,monmap=0+}) -- 0x7f9b8810aca0 con 0x7f9b88109ad0
2024-04-25T11:04:44.674 INFO:teuthology.orchestra.run.smithi043.stdout:/usr/bin/ceph: stderr
2024-04-25T11:04:43.856+0000 7f9b8e383700 1 --2- 172.21.15.43:0/2996013269 >> [v2:172.21.15.43:3300/0,v1:172.21.15.43:6789/0] conn(0x7f9b88109ad0 0x7f9b88109ee0 secure :-1 s=READY pgs=53 cs=0 l=1 rev1=1 crypto rx=0x7f9b840098a0 tx=0x7f9b84009bb0 comp rx=0 tx=0).ready entity=mon.0 client_cookie=b7d11a2222d3ff37 server_cookie=0 in_seq=0 out_seq=0
2024-04-25T11:04:44.674 INFO:teuthology.orchestra.run.smithi043.stdout:/usr/bin/ceph: stderr
2024-04-25T11:04:43.857+0000 7f9b8d381700 1 -- 172.21.15.43:0/2996013269 <== mon.0 v2:172.21.15.43:3300/0 1 ==== mon_map magic: 0 ==== 205+0+0 (secure 0 0 0) 0x7f9b84004160 con 0x7f9b88109ad0
2024-04-25T11:04:44.674 INFO:teuthology.orchestra.run.smithi043.stdout:/usr/bin/ceph: stderr
2024-04-25T11:04:43.857+0000 7f9b8d381700 1 -- 172.21.15.43:0/2996013269 <== mon.0 v2:172.21.15.43:3300/0 2 ==== config(26 keys) ==== 1101+0+0 (secure 0 0 0) 0x7f9b84004300 con 0x7f9b88109ad0
2024-04-25T11:04:44.674 INFO:teuthology.orchestra.run.smithi043.stdout:/usr/bin/ceph: stderr
2024-04-25T11:04:43.857+0000 7f9b8d381700 1 -- 172.21.15.43:0/2996013269 <== mon.0 v2:172.21.15.43:3300/0 3 ==== mon_map magic: 0 ==== 205+0+0 (secure 0 0 0) 0x7f9b84011a20 con 0x7f9b88109ad0
2024-04-25T11:04:44.674 INFO:teuthology.orchestra.run.smithi043.stdout:/usr/bin/ceph: stderr
2024-04-25T11:04:43.857+0000 7f9b905e7700 1 -- 172.21.15.43:0/2996013269 >> [v2:172.21.15.43:3300/0,v1:172.21.15.43:6789/0] conn(0x7f9b88109ad0 msgr2=0x7f9b88109ee0 secure :-1 s=STATE_CONNECTION_ESTABLISHED l=1).mark_down
2024-04-25T11:04:44.674 INFO:teuthology.orchestra.run.smithi043.stdout:/usr/bin/ceph: stderr
2024-04-25T11:04:43.857+0000 7f9b905e7700 1 --2- 172.21.15.43:0/2996013269 >> [v2:172.21.15.43:3300/0,v1:172.21.15.43:6789/0] conn(0x7f9b88109ad0 0x7f9b88109ee0 secure :-1 s=READY pgs=53 cs=0 l=1 rev1=1 crypto rx=0x7f9b840098a0 tx=0x7f9b84009bb0 comp rx=0 tx=0).stop
2024-04-25T11:04:44.674 INFO:teuthology.orchestra.run.smithi043.stdout:/usr/bin/ceph: stderr
2024-04-25T11:04:43.857+0000 7f9b905e7700 1 -- 172.21.15.43:0/2996013269 shutdown_connections
2024-04-25T11:04:44.674 INFO:teuthology.orchestra.run.smithi043.stdout:/usr/bin/ceph: stderr
2024-04-25T11:04:43.857+0000 7f9b905e7700 1 --2- 172.21.15.43:0/2996013269 >> [v2:172.21.15.43:3300/0,v1:172.21.15.43:6789/0] conn(0x7f9b88109ad0 0x7f9b88109ee0 unknown :-1 s=CLOSED pgs=53 cs=0 l=1 rev1=1 crypto rx=0 tx=0 comp rx=0 tx=0).stop
2024-04-25T11:04:44.675 INFO:teuthology.orchestra.run.smithi043.stdout:/usr/bin/ceph: stderr
2024-04-25T11:04:43.857+0000 7f9b905e7700 1 -- 172.21.15.43:0/2996013269 >> 172.21.15.43:0/2996013269 conn(0x7f9b88105110 msgr2=0x7f9b881075c0 unknown :-1 s=STATE_NONE l=0).mark_down
2024-04-25T11:04:44.675 INFO:teuthology.orchestra.run.smithi043.stdout:/usr/bin/ceph: stderr
2024-04-25T11:04:43.858+0000 7f9b905e7700 1 -- 172.21.15.43:0/2996013269 shutdown_connections
2024-04-25T11:04:44.675 INFO:teuthology.orchestra.run.smithi043.stdout:/usr/bin/ceph: stderr
2024-04-25T11:04:43.858+0000 7f9b905e7700 1 -- 172.21.15.43:0/2996013269 wait complete.
2024-04-25T11:04:44.675 INFO:teuthology.orchestra.run.smithi043.stdout:/usr/bin/ceph: stderr
2024-04-25T11:04:43.858+0000 7f9b905e7700 1 Processor -- start
2024-04-25T11:04:44.675 INFO:teuthology.orchestra.run.smithi043.stdout:/usr/bin/ceph: stderr
2024-04-25T11:04:43.858+0000 7f9b905e7700 1 -- start start
2024-04-25T11:04:44.675 INFO:teuthology.orchestra.run.smithi043.stdout:/usr/bin/ceph: stderr
2024-04-25T11:04:43.858+0000 7f9b905e7700 1 --2- >> [v2:172.21.15.43:3300/0,v1:172.21.15.43:6789/0] conn(0x7f9b88109ad0 0x7f9b881a0000 unknown :-1 s=NONE pgs=0 cs=0 l=1 rev1=0 crypto rx=0 tx=0 comp rx=0 tx=0).connect
2024-04-25T11:04:44.675 INFO:teuthology.orchestra.run.smithi043.stdout:/usr/bin/ceph: stderr
2024-04-25T11:04:43.858+0000 7f9b905e7700 1 -- --> [v2:172.21.15.43:3300/0,v1:172.21.15.43:6789/0] -- mon_getmap magic: 0 -- 0x7f9b8810e050 con 0x7f9b88109ad0
2024-04-25T11:04:44.675 INFO:teuthology.orchestra.run.smithi043.stdout:/usr/bin/ceph: stderr
2024-04-25T11:04:43.859+0000 7f9b8e383700 1 --2- >> [v2:172.21.15.43:3300/0,v1:172.21.15.43:6789/0] conn(0x7f9b88109ad0 0x7f9b881a0000 unknown :-1 s=BANNER_CONNECTING pgs=0 cs=0 l=1 rev1=0 crypto rx=0 tx=0 comp rx=0 tx=0)._handle_peer_banner_payload supported=3 required=0
2024-04-25T11:04:44.675 INFO:teuthology.orchestra.run.smithi043.stdout:/usr/bin/ceph: stderr
2024-04-25T11:04:43.859+0000 7f9b8e383700 1 --2- >> [v2:172.21.15.43:3300/0,v1:172.21.15.43:6789/0] conn(0x7f9b88109ad0 0x7f9b881a0000 unknown :-1 s=HELLO_CONNECTING pgs=0 cs=0 l=1 rev1=1 crypto rx=0 tx=0 comp rx=0 tx=0).handle_hello peer v2:172.21.15.43:3300/0 says I am v2:172.21.15.43:35626/0 (socket says 172.21.15.43:35626)
2024-04-25T11:04:44.675 INFO:teuthology.orchestra.run.smithi043.stdout:/usr/bin/ceph: stderr
2024-04-25T11:04:43.859+0000 7f9b8e383700 1 -- 172.21.15.43:0/2339167880 learned_addr learned my addr 172.21.15.43:0/2339167880 (peer_addr_for_me v2:172.21.15.43:0/0)
2024-04-25T11:04:44.675 INFO:teuthology.orchestra.run.smithi043.stdout:/usr/bin/ceph: stderr
2024-04-25T11:04:43.859+0000 7f9b8e383700 1 -- 172.21.15.43:0/2339167880 --> [v2:172.21.15.43:3300/0,v1:172.21.15.43:6789/0] -- mon_subscribe({config=0+,monmap=0+}) -- 0x7f9b881a0540 con 0x7f9b88109ad0
2024-04-25T11:04:44.675 INFO:teuthology.orchestra.run.smithi043.stdout:/usr/bin/ceph: stderr
2024-04-25T11:04:43.859+0000 7f9b8e383700 1 --2- 172.21.15.43:0/2339167880 >> [v2:172.21.15.43:3300/0,v1:172.21.15.43:6789/0] conn(0x7f9b88109ad0 0x7f9b881a0000 secure :-1 s=READY pgs=54 cs=0 l=1 rev1=1 crypto rx=0x7f9b84003e70 tx=0x7f9b84011aa0 comp rx=0 tx=0).ready entity=mon.0 client_cookie=0 server_cookie=0 in_seq=0 out_seq=0
2024-04-25T11:04:44.675 INFO:teuthology.orchestra.run.smithi043.stdout:/usr/bin/ceph: stderr
2024-04-25T11:04:43.859+0000 7f9b7f7fe700 1 -- 172.21.15.43:0/2339167880 <== mon.0 v2:172.21.15.43:3300/0 1 ==== mon_map magic: 0 ==== 205+0+0 (secure 0 0 0) 0x7f9b84003af0 con 0x7f9b88109ad0
2024-04-25T11:04:44.675 INFO:teuthology.orchestra.run.smithi043.stdout:/usr/bin/ceph: stderr
2024-04-25T11:04:43.859+0000 7f9b7f7fe700 1 -- 172.21.15.43:0/2339167880 <== mon.0 v2:172.21.15.43:3300/0 2 ==== config(26 keys) ==== 1101+0+0 (secure 0 0 0) 0x7f9b8401a8e0 con 0x7f9b88109ad0
2024-04-25T11:04:44.675 INFO:teuthology.orchestra.run.smithi043.stdout:/usr/bin/ceph: stderr
2024-04-25T11:04:43.859+0000 7f9b905e7700 1 -- 172.21.15.43:0/2339167880 --> [v2:172.21.15.43:3300/0,v1:172.21.15.43:6789/0] -- mon_subscribe({mgrmap=0+}) -- 0x7f9b881a07d0 con 0x7f9b88109ad0
2024-04-25T11:04:44.676 INFO:teuthology.orchestra.run.smithi043.stdout:/usr/bin/ceph: stderr
2024-04-25T11:04:43.859+0000 7f9b7f7fe700 1 -- 172.21.15.43:0/2339167880 <== mon.0 v2:172.21.15.43:3300/0 3 ==== mon_map magic: 0 ==== 205+0+0 (secure 0 0 0) 0x7f9b84024870 con 0x7f9b88109ad0
2024-04-25T11:04:44.676 INFO:teuthology.orchestra.run.smithi043.stdout:/usr/bin/ceph: stderr
2024-04-25T11:04:43.859+0000 7f9b905e7700 1 -- 172.21.15.43:0/2339167880 --> [v2:172.21.15.43:3300/0,v1:172.21.15.43:6789/0] -- mon_subscribe({osdmap=0}) -- 0x7f9b881a33e0 con 0x7f9b88109ad0
2024-04-25T11:04:44.676 INFO:teuthology.orchestra.run.smithi043.stdout:/usr/bin/ceph: stderr
2024-04-25T11:04:43.861+0000 7f9b7f7fe700 1 -- 172.21.15.43:0/2339167880 <== mon.0 v2:172.21.15.43:3300/0 4 ==== mgrmap(e 8) ==== 49516+0+0 (secure 0 0 0) 0x7f9b84022020 con 0x7f9b88109ad0
2024-04-25T11:04:44.676 INFO:teuthology.orchestra.run.smithi043.stdout:/usr/bin/ceph: stderr
2024-04-25T11:04:43.861+0000 7f9b905e7700 1 -- 172.21.15.43:0/2339167880 --> [v2:172.21.15.43:3300/0,v1:172.21.15.43:6789/0] -- mon_command({"prefix": "get_command_descriptions"} v 0) -- 0x7f9b88064cf0 con 0x7f9b88109ad0
2024-04-25T11:04:44.676 INFO:teuthology.orchestra.run.smithi043.stdout:/usr/bin/ceph: stderr
2024-04-25T11:04:43.861+0000 7f9b7f7fe700 1 --2- 172.21.15.43:0/2339167880 >> [v2:172.21.15.43:6800/184850334,v1:172.21.15.43:6801/184850334] conn(0x7f9b7403d690 0x7f9b7403fba0 unknown :-1 s=NONE pgs=0 cs=0 l=1 rev1=0 crypto rx=0 tx=0 comp rx=0 tx=0).connect
2024-04-25T11:04:44.676 INFO:teuthology.orchestra.run.smithi043.stdout:/usr/bin/ceph: stderr
2024-04-25T11:04:43.861+0000 7f9b7f7fe700 1 -- 172.21.15.43:0/2339167880 <== mon.0 v2:172.21.15.43:3300/0 5 ==== osd_map(2..2 src has 1..2) ==== 940+0+0 (secure 0 0 0) 0x7f9b84052790 con 0x7f9b88109ad0
2024-04-25T11:04:44.676 INFO:teuthology.orchestra.run.smithi043.stdout:/usr/bin/ceph: stderr
2024-04-25T11:04:43.861+0000 7f9b8db82700 1 --2- 172.21.15.43:0/2339167880 >> [v2:172.21.15.43:6800/184850334,v1:172.21.15.43:6801/184850334] conn(0x7f9b7403d690 0x7f9b7403fba0 unknown :-1 s=BANNER_CONNECTING pgs=0 cs=0 l=1 rev1=0 crypto rx=0 tx=0 comp rx=0 tx=0)._handle_peer_banner_payload supported=3 required=0
2024-04-25T11:04:44.676 INFO:teuthology.orchestra.run.smithi043.stdout:/usr/bin/ceph: stderr
2024-04-25T11:04:43.862+0000 7f9b8db82700 1 --2- 172.21.15.43:0/2339167880 >> [v2:172.21.15.43:6800/184850334,v1:172.21.15.43:6801/184850334] conn(0x7f9b7403d690 0x7f9b7403fba0 secure :-1 s=READY pgs=15 cs=0 l=1 rev1=1 crypto rx=0x7f9b78006fd0 tx=0x7f9b78006e40 comp rx=0 tx=0).ready entity=mgr.14120 client_cookie=0 server_cookie=0 in_seq=0 out_seq=0
2024-04-25T11:04:44.676 INFO:teuthology.orchestra.run.smithi043.stdout:/usr/bin/ceph: stderr
2024-04-25T11:04:43.867+0000 7f9b7f7fe700 1 -- 172.21.15.43:0/2339167880 <== mon.0 v2:172.21.15.43:3300/0 6 ==== mon_command_ack([{"prefix": "get_command_descriptions"}]=0 v0) ==== 72+0+188370 (secure 0 0 0) 0x7f9b84029df0 con 0x7f9b88109ad0
2024-04-25T11:04:44.676 INFO:teuthology.orchestra.run.smithi043.stdout:/usr/bin/ceph: stderr
2024-04-25T11:04:44.106+0000 7f9b905e7700 1 -- 172.21.15.43:0/2339167880 --> [v2:172.21.15.43:3300/0,v1:172.21.15.43:6789/0] -- mon_command([{prefix=config set, name=mgr/dashboard/ssl_server_port}] v 0) -- 0x7f9b881a35b0 con 0x7f9b88109ad0
2024-04-25T11:04:44.676 INFO:teuthology.orchestra.run.smithi043.stdout:/usr/bin/ceph: stderr
2024-04-25T11:04:44.108+0000 7f9b7f7fe700 1 -- 172.21.15.43:0/2339167880 <== mon.0 v2:172.21.15.43:3300/0 7 ==== mon_command_ack([{prefix=config set, name=mgr/dashboard/ssl_server_port}]=0 v8)=0 v8) ==== 130+0+0 (secure 0 0 0) 0x7f9b8401ad90 con 0x7f9b88109ad0
2024-04-25T11:04:44.676 INFO:teuthology.orchestra.run.smithi043.stdout:/usr/bin/ceph: stderr
2024-04-25T11:04:44.111+0000 7f9b905e7700 1 -- 172.21.15.43:0/2339167880 >> [v2:172.21.15.43:6800/184850334,v1:172.21.15.43:6801/184850334] conn(0x7f9b7403d690 msgr2=0x7f9b7403fba0 secure :-1 s=STATE_CONNECTION_ESTABLISHED l=1).mark_down
2024-04-25T11:04:44.676 INFO:teuthology.orchestra.run.smithi043.stdout:/usr/bin/ceph: stderr
2024-04-25T11:04:44.111+0000 7f9b905e7700 1 --2- 172.21.15.43:0/2339167880 >> [v2:172.21.15.43:6800/184850334,v1:172.21.15.43:6801/184850334] conn(0x7f9b7403d690 0x7f9b7403fba0 secure :-1 s=READY pgs=15 cs=0 l=1 rev1=1 crypto rx=0x7f9b78006fd0 tx=0x7f9b78006e40 comp rx=0 tx=0).stop
2024-04-25T11:04:44.677 INFO:teuthology.orchestra.run.smithi043.stdout:/usr/bin/ceph: stderr
2024-04-25T11:04:44.111+0000 7f9b905e7700 1 -- 172.21.15.43:0/2339167880 >> [v2:172.21.15.43:3300/0,v1:172.21.15.43:6789/0] conn(0x7f9b88109ad0 msgr2=0x7f9b881a0000 secure :-1 s=STATE_CONNECTION_ESTABLISHED l=1).mark_down
2024-04-25T11:04:44.677 INFO:teuthology.orchestra.run.smithi043.stdout:/usr/bin/ceph: stderr
2024-04-25T11:04:44.111+0000 7f9b905e7700 1 --2- 172.21.15.43:0/2339167880 >> [v2:172.21.15.43:3300/0,v1:172.21.15.43:6789/0] conn(0x7f9b88109ad0 0x7f9b881a0000 secure :-1 s=READY pgs=54 cs=0 l=1 rev1=1 crypto rx=0x7f9b84003e70 tx=0x7f9b84011aa0 comp rx=0 tx=0).stop
2024-04-25T11:04:44.677 INFO:teuthology.orchestra.run.smithi043.stdout:/usr/bin/ceph: stderr
2024-04-25T11:04:44.111+0000 7f9b905e7700 1 -- 172.21.15.43:0/2339167880 shutdown_connections
2024-04-25T11:04:44.677 INFO:teuthology.orchestra.run.smithi043.stdout:/usr/bin/ceph: stderr
2024-04-25T11:04:44.111+0000 7f9b905e7700 1 --2- 172.21.15.43:0/2339167880 >> [v2:172.21.15.43:6800/184850334,v1:172.21.15.43:6801/184850334] conn(0x7f9b7403d690 0x7f9b7403fba0 unknown :-1 s=CLOSED pgs=15 cs=0 l=1 rev1=1 crypto rx=0 tx=0 comp rx=0 tx=0).stop
2024-04-25T11:04:44.677 INFO:teuthology.orchestra.run.smithi043.stdout:/usr/bin/ceph: stderr
2024-04-25T11:04:44.111+0000 7f9b905e7700 1 --2- 172.21.15.43:0/2339167880 >> [v2:172.21.15.43:3300/0,v1:172.21.15.43:6789/0] conn(0x7f9b88109ad0 0x7f9b881a0000 unknown :-1 s=CLOSED pgs=54 cs=0 l=1 rev1=1 crypto rx=0 tx=0 comp rx=0 tx=0).stop
2024-04-25T11:04:44.677 INFO:teuthology.orchestra.run.smithi043.stdout:/usr/bin/ceph: stderr
2024-04-25T11:04:44.111+0000 7f9b905e7700 1 -- 172.21.15.43:0/2339167880 >> 172.21.15.43:0/2339167880 conn(0x7f9b88105110 msgr2=0x7f9b8807dc30 unknown :-1 s=STATE_NONE l=0).mark_down
2024-04-25T11:04:44.677 INFO:teuthology.orchestra.run.smithi043.stdout:/usr/bin/ceph: stderr
2024-04-25T11:04:44.111+0000 7f9b905e7700 1 -- 172.21.15.43:0/2339167880 shutdown_connections
2024-04-25T11:04:44.677 INFO:teuthology.orchestra.run.smithi043.stdout:/usr/bin/ceph: stderr
2024-04-25T11:04:44.111+0000 7f9b905e7700 1 -- 172.21.15.43:0/2339167880 wait complete.
2024-04-25T11:04:44.677 INFO:teuthology.orchestra.run.smithi043.stdout:Enabling the dashboard module...
2024-04-25T11:04:45.981 INFO:journalctl@ceph.mon.a.smithi043.stdout:Apr 25 11:04:45 smithi043 ceph-mon[29205]: from='mgr.14120 172.21.15.43:0/77500832' entity='mgr.x'
2024-04-25T11:04:45.981 INFO:journalctl@ceph.mon.a.smithi043.stdout:Apr 25 11:04:45 smithi043 ceph-mon[29205]: from='client.? 172.21.15.43:0/1309930419' entity='client.admin' cmd=[{"prefix": "mgr module enable", "module": "dashboard"}]: dispatch
2024-04-25T11:04:45.982 INFO:journalctl@ceph.mgr.x.smithi043.stdout:Apr 25 11:04:45 smithi043 ceph-580c816a-02f3-11ef-bc93-c7b262605968-mgr-x[29438]: ignoring --setuser ceph since I am not root
2024-04-25T11:04:45.982 INFO:journalctl@ceph.mgr.x.smithi043.stdout:Apr 25 11:04:45 smithi043 ceph-580c816a-02f3-11ef-bc93-c7b262605968-mgr-x[29438]: ignoring --setgroup ceph since I am not root
2024-04-25T11:04:46.306 INFO:journalctl@ceph.mgr.x.smithi043.stdout:Apr 25 11:04:46 smithi043 ceph-580c816a-02f3-11ef-bc93-c7b262605968-mgr-x[29438]:
2024-04-25T11:04:45.999+0000 7f8f13ef7200 -1 mgr[py] Module balancer has missing NOTIFY_TYPES member
2024-04-25T11:04:46.306 INFO:journalctl@ceph.mgr.x.smithi043.stdout:Apr 25 11:04:46 smithi043 ceph-580c816a-02f3-11ef-bc93-c7b262605968-mgr-x[29438]:
2024-04-25T11:04:46.194+0000 7f8f13ef7200 -1 mgr[py] Module orchestrator has missing NOTIFY_TYPES member
2024-04-25T11:04:46.582 INFO:journalctl@ceph.mgr.x.smithi043.stdout:Apr 25 11:04:46 smithi043 ceph-580c816a-02f3-11ef-bc93-c7b262605968-mgr-x[29438]:
2024-04-25T11:04:46.305+0000 7f8f13ef7200 -1 mgr[py] Module snap_schedule has missing NOTIFY_TYPES member
2024-04-25T11:04:46.987 INFO:journalctl@ceph.mon.a.smithi043.stdout:Apr 25 11:04:46 smithi043 ceph-mon[29205]: from='client.? 172.21.15.43:0/1309930419' entity='client.admin' cmd='[{"prefix": "mgr module enable", "module": "dashboard"}]': finished
2024-04-25T11:04:46.987 INFO:journalctl@ceph.mon.a.smithi043.stdout:Apr 25 11:04:46 smithi043 ceph-mon[29205]: mgrmap e9: x(active, since 20s)
2024-04-25T11:04:46.987 INFO:journalctl@ceph.mgr.x.smithi043.stdout:Apr 25 11:04:46 smithi043 ceph-580c816a-02f3-11ef-bc93-c7b262605968-mgr-x[29438]:
2024-04-25T11:04:46.631+0000 7f8f13ef7200 -1 mgr[py] Module progress has missing NOTIFY_TYPES member
2024-04-25T11:04:46.987 INFO:journalctl@ceph.mgr.x.smithi043.stdout:Apr 25 11:04:46 smithi043 ceph-580c816a-02f3-11ef-bc93-c7b262605968-mgr-x[29438]:
2024-04-25T11:04:46.723+0000 7f8f13ef7200 -1 mgr[py] Module influx has missing NOTIFY_TYPES member
2024-04-25T11:04:46.994 INFO:teuthology.orchestra.run.smithi043.stdout:/usr/bin/ceph: stderr
2024-04-25T11:04:45.159+0000 7f5e4acfb700 1 Processor -- start
2024-04-25T11:04:46.994 INFO:teuthology.orchestra.run.smithi043.stdout:/usr/bin/ceph: stderr
2024-04-25T11:04:45.159+0000 7f5e4acfb700 1 -- start start
2024-04-25T11:04:46.994 INFO:teuthology.orchestra.run.smithi043.stdout:/usr/bin/ceph: stderr
2024-04-25T11:04:45.159+0000 7f5e4acfb700 1 --2- >> [v2:172.21.15.43:3300/0,v1:172.21.15.43:6789/0] conn(0x7f5e4410a540 0x7f5e4410c960 unknown :-1 s=NONE pgs=0 cs=0 l=0 rev1=0 crypto rx=0 tx=0 comp rx=0 tx=0).connect
2024-04-25T11:04:46.994 INFO:teuthology.orchestra.run.smithi043.stdout:/usr/bin/ceph: stderr
2024-04-25T11:04:45.159+0000 7f5e4acfb700 1 -- --> [v2:172.21.15.43:3300/0,v1:172.21.15.43:6789/0] -- mon_getmap magic: 0 -- 0x7f5e4407cea0 con 0x7f5e4410a540
2024-04-25T11:04:46.994 INFO:teuthology.orchestra.run.smithi043.stdout:/usr/bin/ceph: stderr
2024-04-25T11:04:45.159+0000 7f5e48a97700 1 --2- >> [v2:172.21.15.43:3300/0,v1:172.21.15.43:6789/0] conn(0x7f5e4410a540 0x7f5e4410c960 unknown :-1 s=BANNER_CONNECTING pgs=0 cs=0 l=0 rev1=0 crypto rx=0 tx=0 comp rx=0 tx=0)._handle_peer_banner_payload supported=3 required=0
2024-04-25T11:04:46.995 INFO:teuthology.orchestra.run.smithi043.stdout:/usr/bin/ceph: stderr
2024-04-25T11:04:45.159+0000 7f5e48a97700 1 --2- >> [v2:172.21.15.43:3300/0,v1:172.21.15.43:6789/0] conn(0x7f5e4410a540 0x7f5e4410c960 unknown :-1 s=HELLO_CONNECTING pgs=0 cs=0 l=0 rev1=1 crypto rx=0 tx=0 comp rx=0 tx=0).handle_hello peer v2:172.21.15.43:3300/0 says I am v2:172.21.15.43:35634/0 (socket says 172.21.15.43:35634)
2024-04-25T11:04:46.995 INFO:teuthology.orchestra.run.smithi043.stdout:/usr/bin/ceph: stderr
2024-04-25T11:04:45.159+0000 7f5e48a97700 1 -- 172.21.15.43:0/4097634504 learned_addr learned my addr 172.21.15.43:0/4097634504 (peer_addr_for_me v2:172.21.15.43:0/0)
2024-04-25T11:04:46.995 INFO:teuthology.orchestra.run.smithi043.stdout:/usr/bin/ceph: stderr
2024-04-25T11:04:45.160+0000 7f5e48a97700 1 -- 172.21.15.43:0/4097634504 --> [v2:172.21.15.43:3300/0,v1:172.21.15.43:6789/0] -- mon_subscribe({config=0+,monmap=0+}) -- 0x7f5e4410cea0 con 0x7f5e4410a540
2024-04-25T11:04:46.995 INFO:teuthology.orchestra.run.smithi043.stdout:/usr/bin/ceph: stderr
2024-04-25T11:04:45.160+0000 7f5e48a97700 1 --2- 172.21.15.43:0/4097634504 >> [v2:172.21.15.43:3300/0,v1:172.21.15.43:6789/0] conn(0x7f5e4410a540 0x7f5e4410c960 secure :-1 s=READY pgs=55 cs=0 l=1 rev1=1 crypto rx=0x7f5e380098a0 tx=0x7f5e38009bb0 comp rx=0 tx=0).ready entity=mon.0 client_cookie=de00137635feb7f6 server_cookie=0 in_seq=0 out_seq=0
2024-04-25T11:04:46.995 INFO:teuthology.orchestra.run.smithi043.stdout:/usr/bin/ceph: stderr
2024-04-25T11:04:45.160+0000 7f5e437fe700 1 -- 172.21.15.43:0/4097634504 <== mon.0 v2:172.21.15.43:3300/0 1 ==== mon_map magic: 0 ==== 205+0+0 (secure 0 0 0) 0x7f5e38004160 con 0x7f5e4410a540
2024-04-25T11:04:46.995 INFO:teuthology.orchestra.run.smithi043.stdout:/usr/bin/ceph: stderr
2024-04-25T11:04:45.160+0000 7f5e437fe700 1 -- 172.21.15.43:0/4097634504 <== mon.0 v2:172.21.15.43:3300/0 2 ==== config(26 keys) ==== 1101+0+0 (secure 0 0 0) 0x7f5e38004300 con 0x7f5e4410a540
2024-04-25T11:04:46.995 INFO:teuthology.orchestra.run.smithi043.stdout:/usr/bin/ceph: stderr
2024-04-25T11:04:45.160+0000 7f5e437fe700 1 -- 172.21.15.43:0/4097634504 <== mon.0 v2:172.21.15.43:3300/0 3 ==== mon_map magic: 0 ==== 205+0+0 (secure 0 0 0) 0x7f5e38011a20 con 0x7f5e4410a540
2024-04-25T11:04:46.995 INFO:teuthology.orchestra.run.smithi043.stdout:/usr/bin/ceph: stderr
2024-04-25T11:04:45.161+0000 7f5e4acfb700 1 -- 172.21.15.43:0/4097634504 >> [v2:172.21.15.43:3300/0,v1:172.21.15.43:6789/0] conn(0x7f5e4410a540 msgr2=0x7f5e4410c960 secure :-1 s=STATE_CONNECTION_ESTABLISHED l=1).mark_down
2024-04-25T11:04:46.995 INFO:teuthology.orchestra.run.smithi043.stdout:/usr/bin/ceph: stderr
2024-04-25T11:04:45.161+0000 7f5e4acfb700 1 --2- 172.21.15.43:0/4097634504 >> [v2:172.21.15.43:3300/0,v1:172.21.15.43:6789/0] conn(0x7f5e4410a540 0x7f5e4410c960 secure :-1 s=READY pgs=55 cs=0 l=1 rev1=1 crypto rx=0x7f5e380098a0 tx=0x7f5e38009bb0 comp rx=0 tx=0).stop
2024-04-25T11:04:46.996 INFO:teuthology.orchestra.run.smithi043.stdout:/usr/bin/ceph: stderr
2024-04-25T11:04:45.161+0000 7f5e4acfb700 1 -- 172.21.15.43:0/4097634504 shutdown_connections
2024-04-25T11:04:46.996 INFO:teuthology.orchestra.run.smithi043.stdout:/usr/bin/ceph: stderr
2024-04-25T11:04:45.161+0000 7f5e4acfb700 1 --2- 172.21.15.43:0/4097634504 >> [v2:172.21.15.43:3300/0,v1:172.21.15.43:6789/0] conn(0x7f5e4410a540 0x7f5e4410c960 unknown :-1 s=CLOSED pgs=55 cs=0 l=1 rev1=1 crypto rx=0 tx=0 comp rx=0 tx=0).stop
2024-04-25T11:04:46.996 INFO:teuthology.orchestra.run.smithi043.stdout:/usr/bin/ceph: stderr
2024-04-25T11:04:45.161+0000 7f5e4acfb700 1 -- 172.21.15.43:0/4097634504 >> 172.21.15.43:0/4097634504 conn(0x7f5e44104000 msgr2=0x7f5e44106450 unknown :-1 s=STATE_NONE l=0).mark_down
2024-04-25T11:04:46.996 INFO:teuthology.orchestra.run.smithi043.stdout:/usr/bin/ceph: stderr
2024-04-25T11:04:45.161+0000 7f5e4acfb700 1 -- 172.21.15.43:0/4097634504 shutdown_connections
2024-04-25T11:04:46.996 INFO:teuthology.orchestra.run.smithi043.stdout:/usr/bin/ceph: stderr
2024-04-25T11:04:45.161+0000 7f5e4acfb700 1 -- 172.21.15.43:0/4097634504 wait complete.
2024-04-25T11:04:46.996 INFO:teuthology.orchestra.run.smithi043.stdout:/usr/bin/ceph: stderr
2024-04-25T11:04:45.162+0000 7f5e4acfb700 1 Processor -- start
2024-04-25T11:04:46.996 INFO:teuthology.orchestra.run.smithi043.stdout:/usr/bin/ceph: stderr
2024-04-25T11:04:45.162+0000 7f5e4acfb700 1 -- start start
2024-04-25T11:04:46.996 INFO:teuthology.orchestra.run.smithi043.stdout:/usr/bin/ceph: stderr
2024-04-25T11:04:45.162+0000 7f5e4acfb700 1 --2- >> [v2:172.21.15.43:3300/0,v1:172.21.15.43:6789/0] conn(0x7f5e4410a540 0x7f5e4419ddd0 unknown :-1 s=NONE pgs=0 cs=0 l=1 rev1=0 crypto rx=0 tx=0 comp rx=0 tx=0).connect
2024-04-25T11:04:46.996 INFO:teuthology.orchestra.run.smithi043.stdout:/usr/bin/ceph: stderr
2024-04-25T11:04:45.162+0000 7f5e4acfb700 1 -- --> [v2:172.21.15.43:3300/0,v1:172.21.15.43:6789/0] -- mon_getmap magic: 0 -- 0x7f5e4410dea0 con 0x7f5e4410a540
2024-04-25T11:04:46.996 INFO:teuthology.orchestra.run.smithi043.stdout:/usr/bin/ceph: stderr
2024-04-25T11:04:45.162+0000 7f5e48a97700 1 --2- >> [v2:172.21.15.43:3300/0,v1:172.21.15.43:6789/0] conn(0x7f5e4410a540 0x7f5e4419ddd0 unknown :-1 s=BANNER_CONNECTING pgs=0 cs=0 l=1 rev1=0 crypto rx=0 tx=0 comp rx=0 tx=0)._handle_peer_banner_payload supported=3 required=0
2024-04-25T11:04:46.996 INFO:teuthology.orchestra.run.smithi043.stdout:/usr/bin/ceph: stderr
2024-04-25T11:04:45.162+0000 7f5e48a97700 1 --2- >> [v2:172.21.15.43:3300/0,v1:172.21.15.43:6789/0] conn(0x7f5e4410a540 0x7f5e4419ddd0 unknown :-1 s=HELLO_CONNECTING pgs=0 cs=0 l=1 rev1=1 crypto rx=0 tx=0 comp rx=0 tx=0).handle_hello peer v2:172.21.15.43:3300/0 says I am v2:172.21.15.43:35640/0 (socket says 172.21.15.43:35640)
2024-04-25T11:04:46.996 INFO:teuthology.orchestra.run.smithi043.stdout:/usr/bin/ceph: stderr
2024-04-25T11:04:45.162+0000 7f5e48a97700 1 -- 172.21.15.43:0/1309930419 learned_addr learned my addr 172.21.15.43:0/1309930419 (peer_addr_for_me v2:172.21.15.43:0/0)
2024-04-25T11:04:46.996 INFO:teuthology.orchestra.run.smithi043.stdout:/usr/bin/ceph: stderr
2024-04-25T11:04:45.162+0000 7f5e48a97700 1 -- 172.21.15.43:0/1309930419 --> [v2:172.21.15.43:3300/0,v1:172.21.15.43:6789/0] -- mon_subscribe({config=0+,monmap=0+}) -- 0x7f5e4419e310 con 0x7f5e4410a540
2024-04-25T11:04:46.996 INFO:teuthology.orchestra.run.smithi043.stdout:/usr/bin/ceph: stderr
2024-04-25T11:04:45.163+0000 7f5e48a97700 1 --2- 172.21.15.43:0/1309930419 >> [v2:172.21.15.43:3300/0,v1:172.21.15.43:6789/0] conn(0x7f5e4410a540 0x7f5e4419ddd0 secure :-1 s=READY pgs=56 cs=0 l=1 rev1=1 crypto rx=0x7f5e38004660 tx=0x7f5e38011aa0 comp rx=0 tx=0).ready entity=mon.0 client_cookie=0 server_cookie=0 in_seq=0 out_seq=0
2024-04-25T11:04:46.997 INFO:teuthology.orchestra.run.smithi043.stdout:/usr/bin/ceph: stderr
2024-04-25T11:04:45.163+0000 7f5e41ffb700 1 -- 172.21.15.43:0/1309930419 <== mon.0 v2:172.21.15.43:3300/0 1 ==== mon_map magic: 0 ==== 205+0+0 (secure 0 0 0) 0x7f5e38003a60 con 0x7f5e4410a540
2024-04-25T11:04:46.997 INFO:teuthology.orchestra.run.smithi043.stdout:/usr/bin/ceph: stderr
2024-04-25T11:04:45.163+0000 7f5e41ffb700 1 -- 172.21.15.43:0/1309930419 <== mon.0 v2:172.21.15.43:3300/0 2 ==== config(26 keys) ==== 1101+0+0 (secure 0 0 0) 0x7f5e3801b8f0 con 0x7f5e4410a540
2024-04-25T11:04:46.997 INFO:teuthology.orchestra.run.smithi043.stdout:/usr/bin/ceph: stderr
2024-04-25T11:04:45.163+0000 7f5e4acfb700 1 -- 172.21.15.43:0/1309930419 --> [v2:172.21.15.43:3300/0,v1:172.21.15.43:6789/0] -- mon_subscribe({mgrmap=0+}) -- 0x7f5e4419e5a0 con 0x7f5e4410a540
2024-04-25T11:04:46.997 INFO:teuthology.orchestra.run.smithi043.stdout:/usr/bin/ceph: stderr
2024-04-25T11:04:45.163+0000 7f5e41ffb700 1 -- 172.21.15.43:0/1309930419 <== mon.0 v2:172.21.15.43:3300/0 3 ==== mon_map magic: 0 ==== 205+0+0 (secure 0 0 0) 0x7f5e38023890 con 0x7f5e4410a540
2024-04-25T11:04:46.997 INFO:teuthology.orchestra.run.smithi043.stdout:/usr/bin/ceph: stderr
2024-04-25T11:04:45.163+0000 7f5e4acfb700 1 -- 172.21.15.43:0/1309930419 --> [v2:172.21.15.43:3300/0,v1:172.21.15.43:6789/0] -- mon_subscribe({osdmap=0}) -- 0x7f5e441a1170 con 0x7f5e4410a540
2024-04-25T11:04:46.997 INFO:teuthology.orchestra.run.smithi043.stdout:/usr/bin/ceph: stderr
2024-04-25T11:04:45.164+0000 7f5e41ffb700 1 -- 172.21.15.43:0/1309930419 <== mon.0 v2:172.21.15.43:3300/0 4 ==== mgrmap(e 8) ==== 49516+0+0 (secure 0 0 0) 0x7f5e3802c3f0 con 0x7f5e4410a540
2024-04-25T11:04:46.997 INFO:teuthology.orchestra.run.smithi043.stdout:/usr/bin/ceph: stderr
2024-04-25T11:04:45.164+0000 7f5e4acfb700 1 -- 172.21.15.43:0/1309930419 --> [v2:172.21.15.43:3300/0,v1:172.21.15.43:6789/0] -- mon_command({"prefix": "get_command_descriptions"} v 0) -- 0x7f5e44064cf0 con 0x7f5e4410a540
2024-04-25T11:04:46.997 INFO:teuthology.orchestra.run.smithi043.stdout:/usr/bin/ceph: stderr
2024-04-25T11:04:45.165+0000 7f5e41ffb700 1 --2- 172.21.15.43:0/1309930419 >> [v2:172.21.15.43:6800/184850334,v1:172.21.15.43:6801/184850334] conn(0x7f5e3403d5e0 0x7f5e3403faf0 unknown :-1 s=NONE pgs=0 cs=0 l=1 rev1=0 crypto rx=0 tx=0 comp rx=0 tx=0).connect
2024-04-25T11:04:46.997 INFO:teuthology.orchestra.run.smithi043.stdout:/usr/bin/ceph: stderr
2024-04-25T11:04:45.165+0000 7f5e41ffb700 1 -- 172.21.15.43:0/1309930419 <== mon.0 v2:172.21.15.43:3300/0 5 ==== osd_map(2..2 src has 1..2) ==== 940+0+0 (secure 0 0 0) 0x7f5e38052d80 con 0x7f5e4410a540
2024-04-25T11:04:46.997 INFO:teuthology.orchestra.run.smithi043.stdout:/usr/bin/ceph: stderr
2024-04-25T11:04:45.165+0000 7f5e43fff700 1 --2- 172.21.15.43:0/1309930419 >> [v2:172.21.15.43:6800/184850334,v1:172.21.15.43:6801/184850334] conn(0x7f5e3403d5e0 0x7f5e3403faf0 unknown :-1 s=BANNER_CONNECTING pgs=0 cs=0 l=1 rev1=0 crypto rx=0 tx=0 comp rx=0 tx=0)._handle_peer_banner_payload supported=3 required=0
2024-04-25T11:04:46.997 INFO:teuthology.orchestra.run.smithi043.stdout:/usr/bin/ceph: stderr
2024-04-25T11:04:45.165+0000 7f5e43fff700 1 --2- 172.21.15.43:0/1309930419 >> [v2:172.21.15.43:6800/184850334,v1:172.21.15.43:6801/184850334] conn(0x7f5e3403d5e0 0x7f5e3403faf0 secure :-1 s=READY pgs=16 cs=0 l=1 rev1=1 crypto rx=0x7f5e30006fd0 tx=0x7f5e30006e40 comp rx=0 tx=0).ready entity=mgr.14120 client_cookie=0 server_cookie=0 in_seq=0 out_seq=0
2024-04-25T11:04:46.997 INFO:teuthology.orchestra.run.smithi043.stdout:/usr/bin/ceph: stderr
2024-04-25T11:04:45.170+0000 7f5e41ffb700 1 -- 172.21.15.43:0/1309930419 <== mon.0 v2:172.21.15.43:3300/0 6 ==== mon_command_ack([{"prefix": "get_command_descriptions"}]=0 v0) ==== 72+0+188370 (secure 0 0 0) 0x7f5e3801f030 con 0x7f5e4410a540
2024-04-25T11:04:46.997 INFO:teuthology.orchestra.run.smithi043.stdout:/usr/bin/ceph: stderr
2024-04-25T11:04:45.456+0000 7f5e4acfb700 1 -- 172.21.15.43:0/1309930419 --> [v2:172.21.15.43:3300/0,v1:172.21.15.43:6789/0] -- mon_command({"prefix": "mgr module enable", "module": "dashboard"} v 0) -- 0x7f5e441a1800 con 0x7f5e4410a540
2024-04-25T11:04:46.998 INFO:teuthology.orchestra.run.smithi043.stdout:/usr/bin/ceph: stderr
2024-04-25T11:04:45.784+0000 7f5e41ffb700 1 -- 172.21.15.43:0/1309930419 <== mon.0 v2:172.21.15.43:3300/0 7 ==== mon_command_ack([{"prefix": "mgr module enable", "module": "dashboard"}]=0 v9) ==== 88+0+0 (secure 0 0 0) 0x7f5e380172b0 con 0x7f5e4410a540
2024-04-25T11:04:46.998 INFO:teuthology.orchestra.run.smithi043.stdout:/usr/bin/ceph: stderr
2024-04-25T11:04:45.787+0000 7f5e41ffb700 1 -- 172.21.15.43:0/1309930419 <== mon.0 v2:172.21.15.43:3300/0 8 ==== mgrmap(e 9) ==== 49529+0+0 (secure 0 0 0) 0x7f5e3802bcc0 con 0x7f5e4410a540
2024-04-25T11:04:46.998 INFO:teuthology.orchestra.run.smithi043.stdout:/usr/bin/ceph: stderr
2024-04-25T11:04:45.787+0000 7f5e4acfb700 1 -- 172.21.15.43:0/1309930419 >> [v2:172.21.15.43:6800/184850334,v1:172.21.15.43:6801/184850334] conn(0x7f5e3403d5e0 msgr2=0x7f5e3403faf0 secure :-1 s=STATE_CONNECTION_ESTABLISHED l=1).mark_down
2024-04-25T11:04:46.998 INFO:teuthology.orchestra.run.smithi043.stdout:/usr/bin/ceph: stderr
2024-04-25T11:04:45.787+0000 7f5e4acfb700 1 --2- 172.21.15.43:0/1309930419 >> [v2:172.21.15.43:6800/184850334,v1:172.21.15.43:6801/184850334] conn(0x7f5e3403d5e0 0x7f5e3403faf0 secure :-1 s=READY pgs=16 cs=0 l=1 rev1=1 crypto rx=0x7f5e30006fd0 tx=0x7f5e30006e40 comp rx=0 tx=0).stop
2024-04-25T11:04:46.998 INFO:teuthology.orchestra.run.smithi043.stdout:/usr/bin/ceph: stderr
2024-04-25T11:04:45.787+0000 7f5e4acfb700 1 -- 172.21.15.43:0/1309930419 >> [v2:172.21.15.43:3300/0,v1:172.21.15.43:6789/0] conn(0x7f5e4410a540 msgr2=0x7f5e4419ddd0 secure :-1 s=STATE_CONNECTION_ESTABLISHED l=1).mark_down
2024-04-25T11:04:46.998 INFO:teuthology.orchestra.run.smithi043.stdout:/usr/bin/ceph: stderr
2024-04-25T11:04:45.787+0000 7f5e4acfb700 1 --2- 172.21.15.43:0/1309930419 >> [v2:172.21.15.43:3300/0,v1:172.21.15.43:6789/0] conn(0x7f5e4410a540 0x7f5e4419ddd0 secure :-1 s=READY pgs=56 cs=0 l=1 rev1=1 crypto rx=0x7f5e38004660 tx=0x7f5e38011aa0 comp rx=0 tx=0).stop
2024-04-25T11:04:46.998 INFO:teuthology.orchestra.run.smithi043.stdout:/usr/bin/ceph: stderr
2024-04-25T11:04:45.787+0000 7f5e4acfb700 1 -- 172.21.15.43:0/1309930419 shutdown_connections
2024-04-25T11:04:46.998 INFO:teuthology.orchestra.run.smithi043.stdout:/usr/bin/ceph: stderr
2024-04-25T11:04:45.788+0000 7f5e4acfb700 1 --2- 172.21.15.43:0/1309930419 >> [v2:172.21.15.43:6800/184850334,v1:172.21.15.43:6801/184850334] conn(0x7f5e3403d5e0 0x7f5e3403faf0 unknown :-1 s=CLOSED pgs=16 cs=0 l=1 rev1=1 crypto rx=0 tx=0 comp rx=0 tx=0).stop
2024-04-25T11:04:46.998 INFO:teuthology.orchestra.run.smithi043.stdout:/usr/bin/ceph: stderr
2024-04-25T11:04:45.788+0000 7f5e4acfb700 1 --2- 172.21.15.43:0/1309930419 >> [v2:172.21.15.43:3300/0,v1:172.21.15.43:6789/0] conn(0x7f5e4410a540 0x7f5e4419ddd0 unknown :-1 s=CLOSED pgs=56 cs=0 l=1 rev1=1 crypto rx=0 tx=0 comp rx=0 tx=0).stop
2024-04-25T11:04:46.998 INFO:teuthology.orchestra.run.smithi043.stdout:/usr/bin/ceph: stderr
2024-04-25T11:04:45.788+0000 7f5e4acfb700 1 -- 172.21.15.43:0/1309930419 >> 172.21.15.43:0/1309930419 conn(0x7f5e44104000 msgr2=0x7f5e44104860 unknown :-1 s=STATE_NONE l=0).mark_down
2024-04-25T11:04:46.998 INFO:teuthology.orchestra.run.smithi043.stdout:/usr/bin/ceph: stderr
2024-04-25T11:04:45.788+0000 7f5e4acfb700 1 -- 172.21.15.43:0/1309930419 shutdown_connections
2024-04-25T11:04:46.998 INFO:teuthology.orchestra.run.smithi043.stdout:/usr/bin/ceph: stderr
2024-04-25T11:04:45.788+0000 7f5e4acfb700 1 -- 172.21.15.43:0/1309930419 wait complete.
2024-04-25T11:04:48.001 INFO:journalctl@ceph.mon.a.smithi043.stdout:Apr 25 11:04:47 smithi043 ceph-mon[29205]: from='client.? 172.21.15.43:0/3567795281' entity='client.admin' cmd=[{"prefix": "mgr stat"}]: dispatch
2024-04-25T11:04:48.293 INFO:journalctl@ceph.mgr.x.smithi043.stdout:Apr 25 11:04:48 smithi043 ceph-580c816a-02f3-11ef-bc93-c7b262605968-mgr-x[29438]:
2024-04-25T11:04:48.014+0000 7f8f13ef7200 -1 mgr[py] Module telegraf has missing NOTIFY_TYPES member
2024-04-25T11:04:48.293 INFO:journalctl@ceph.mgr.x.smithi043.stdout:Apr 25 11:04:48 smithi043 ceph-580c816a-02f3-11ef-bc93-c7b262605968-mgr-x[29438]:
2024-04-25T11:04:48.196+0000 7f8f13ef7200 -1 mgr[py] Module osd_support has missing NOTIFY_TYPES member
2024-04-25T11:04:48.304 INFO:teuthology.orchestra.run.smithi043.stdout:/usr/bin/ceph: stdout {
2024-04-25T11:04:48.304 INFO:teuthology.orchestra.run.smithi043.stdout:/usr/bin/ceph: stdout "epoch": 9,
2024-04-25T11:04:48.304 INFO:teuthology.orchestra.run.smithi043.stdout:/usr/bin/ceph: stdout "available": true,
2024-04-25T11:04:48.304 INFO:teuthology.orchestra.run.smithi043.stdout:/usr/bin/ceph: stdout "active_name": "x",
2024-04-25T11:04:48.304 INFO:teuthology.orchestra.run.smithi043.stdout:/usr/bin/ceph: stdout "num_standby": 0
2024-04-25T11:04:48.304 INFO:teuthology.orchestra.run.smithi043.stdout:/usr/bin/ceph: stdout }
2024-04-25T11:04:48.304 INFO:teuthology.orchestra.run.smithi043.stdout:/usr/bin/ceph: stderr
2024-04-25T11:04:47.409+0000 7fc33b30a700 1 Processor -- start
2024-04-25T11:04:48.304 INFO:teuthology.orchestra.run.smithi043.stdout:/usr/bin/ceph: stderr
2024-04-25T11:04:47.410+0000 7fc33b30a700 1 -- start start
2024-04-25T11:04:48.304 INFO:teuthology.orchestra.run.smithi043.stdout:/usr/bin/ceph: stderr
2024-04-25T11:04:47.410+0000 7fc33b30a700 1 --2- >> [v2:172.21.15.43:3300/0,v1:172.21.15.43:6789/0] conn(0x7fc334109fe0 0x7fc33410a3f0 unknown :-1 s=NONE pgs=0 cs=0 l=0 rev1=0 crypto rx=0 tx=0 comp rx=0 tx=0).connect
2024-04-25T11:04:48.304 INFO:teuthology.orchestra.run.smithi043.stdout:/usr/bin/ceph: stderr
2024-04-25T11:04:47.410+0000 7fc33b30a700 1 -- --> [v2:172.21.15.43:3300/0,v1:172.21.15.43:6789/0] -- mon_getmap magic: 0 -- 0x7fc33410a9c0 con 0x7fc334109fe0
2024-04-25T11:04:48.305 INFO:teuthology.orchestra.run.smithi043.stdout:/usr/bin/ceph: stderr
2024-04-25T11:04:47.410+0000 7fc3390a6700 1 --2- >> [v2:172.21.15.43:3300/0,v1:172.21.15.43:6789/0] conn(0x7fc334109fe0 0x7fc33410a3f0 unknown :-1 s=BANNER_CONNECTING pgs=0 cs=0 l=0 rev1=0 crypto rx=0 tx=0 comp rx=0 tx=0)._handle_peer_banner_payload supported=3 required=0
2024-04-25T11:04:48.305 INFO:teuthology.orchestra.run.smithi043.stdout:/usr/bin/ceph: stderr
2024-04-25T11:04:47.410+0000 7fc3390a6700 1 --2- >> [v2:172.21.15.43:3300/0,v1:172.21.15.43:6789/0] conn(0x7fc334109fe0 0x7fc33410a3f0 unknown :-1 s=HELLO_CONNECTING pgs=0 cs=0 l=0 rev1=1 crypto rx=0 tx=0 comp rx=0 tx=0).handle_hello peer v2:172.21.15.43:3300/0 says I am v2:172.21.15.43:35664/0 (socket says 172.21.15.43:35664)
2024-04-25T11:04:48.305 INFO:teuthology.orchestra.run.smithi043.stdout:/usr/bin/ceph: stderr
2024-04-25T11:04:47.410+0000 7fc3390a6700 1 -- 172.21.15.43:0/1929165942 learned_addr learned my addr 172.21.15.43:0/1929165942 (peer_addr_for_me v2:172.21.15.43:0/0)
2024-04-25T11:04:48.305 INFO:teuthology.orchestra.run.smithi043.stdout:/usr/bin/ceph: stderr
2024-04-25T11:04:47.411+0000 7fc3390a6700 1 -- 172.21.15.43:0/1929165942 --> [v2:172.21.15.43:3300/0,v1:172.21.15.43:6789/0] -- mon_subscribe({config=0+,monmap=0+}) -- 0x7fc33410ab40 con 0x7fc334109fe0
2024-04-25T11:04:48.305 INFO:teuthology.orchestra.run.smithi043.stdout:/usr/bin/ceph: stderr
2024-04-25T11:04:47.411+0000 7fc3390a6700 1 --2- 172.21.15.43:0/1929165942 >> [v2:172.21.15.43:3300/0,v1:172.21.15.43:6789/0] conn(0x7fc334109fe0 0x7fc33410a3f0 secure :-1 s=READY pgs=59 cs=0 l=1 rev1=1 crypto rx=0x7fc3300098a0 tx=0x7fc330009bb0 comp rx=0 tx=0).ready entity=mon.0 client_cookie=203785c539811e4a server_cookie=0 in_seq=0 out_seq=0
2024-04-25T11:04:48.305 INFO:teuthology.orchestra.run.smithi043.stdout:/usr/bin/ceph: stderr
2024-04-25T11:04:47.411+0000 7fc327fff700 1 -- 172.21.15.43:0/1929165942 <== mon.0 v2:172.21.15.43:3300/0 1 ==== mon_map magic: 0 ==== 205+0+0 (secure 0 0 0) 0x7fc330004160 con 0x7fc334109fe0
2024-04-25T11:04:48.305 INFO:teuthology.orchestra.run.smithi043.stdout:/usr/bin/ceph: stderr
2024-04-25T11:04:47.411+0000 7fc327fff700 1 -- 172.21.15.43:0/1929165942 <== mon.0 v2:172.21.15.43:3300/0 2 ==== config(26 keys) ==== 1101+0+0 (secure 0 0 0) 0x7fc330004300 con 0x7fc334109fe0
2024-04-25T11:04:48.305 INFO:teuthology.orchestra.run.smithi043.stdout:/usr/bin/ceph: stderr
2024-04-25T11:04:47.411+0000 7fc327fff700 1 -- 172.21.15.43:0/1929165942 <== mon.0 v2:172.21.15.43:3300/0 3 ==== mon_map magic: 0 ==== 205+0+0 (secure 0 0 0) 0x7fc330011a20 con 0x7fc334109fe0
2024-04-25T11:04:48.305 INFO:teuthology.orchestra.run.smithi043.stdout:/usr/bin/ceph: stderr
2024-04-25T11:04:47.412+0000 7fc33b30a700 1 -- 172.21.15.43:0/1929165942 >> [v2:172.21.15.43:3300/0,v1:172.21.15.43:6789/0] conn(0x7fc334109fe0 msgr2=0x7fc33410a3f0 secure :-1 s=STATE_CONNECTION_ESTABLISHED l=1).mark_down
2024-04-25T11:04:48.305 INFO:teuthology.orchestra.run.smithi043.stdout:/usr/bin/ceph: stderr
2024-04-25T11:04:47.412+0000 7fc33b30a700 1 --2- 172.21.15.43:0/1929165942 >> [v2:172.21.15.43:3300/0,v1:172.21.15.43:6789/0] conn(0x7fc334109fe0 0x7fc33410a3f0 secure :-1 s=READY pgs=59 cs=0 l=1 rev1=1 crypto rx=0x7fc3300098a0 tx=0x7fc330009bb0 comp rx=0 tx=0).stop
2024-04-25T11:04:48.306 INFO:teuthology.orchestra.run.smithi043.stdout:/usr/bin/ceph: stderr
2024-04-25T11:04:47.412+0000 7fc33b30a700 1 -- 172.21.15.43:0/1929165942 shutdown_connections
2024-04-25T11:04:48.306 INFO:teuthology.orchestra.run.smithi043.stdout:/usr/bin/ceph: stderr
2024-04-25T11:04:47.412+0000 7fc33b30a700 1 --2- 172.21.15.43:0/1929165942 >> [v2:172.21.15.43:3300/0,v1:172.21.15.43:6789/0] conn(0x7fc334109fe0 0x7fc33410a3f0 unknown :-1 s=CLOSED pgs=59 cs=0 l=1 rev1=1 crypto rx=0 tx=0 comp rx=0 tx=0).stop
2024-04-25T11:04:48.306 INFO:teuthology.orchestra.run.smithi043.stdout:/usr/bin/ceph: stderr
2024-04-25T11:04:47.412+0000 7fc33b30a700 1 -- 172.21.15.43:0/1929165942 >> 172.21.15.43:0/1929165942 conn(0x7fc334103770 msgr2=0x7fc334105be0 unknown :-1 s=STATE_NONE l=0).mark_down
2024-04-25T11:04:48.306 INFO:teuthology.orchestra.run.smithi043.stdout:/usr/bin/ceph: stderr
2024-04-25T11:04:47.412+0000 7fc33b30a700 1 -- 172.21.15.43:0/1929165942 shutdown_connections
2024-04-25T11:04:48.306 INFO:teuthology.orchestra.run.smithi043.stdout:/usr/bin/ceph: stderr
2024-04-25T11:04:47.412+0000 7fc33b30a700 1 -- 172.21.15.43:0/1929165942 wait complete.
2024-04-25T11:04:48.306 INFO:teuthology.orchestra.run.smithi043.stdout:/usr/bin/ceph: stderr
2024-04-25T11:04:47.413+0000 7fc33b30a700 1 Processor -- start
2024-04-25T11:04:48.306 INFO:teuthology.orchestra.run.smithi043.stdout:/usr/bin/ceph: stderr
2024-04-25T11:04:47.413+0000 7fc33b30a700 1 -- start start
2024-04-25T11:04:48.306 INFO:teuthology.orchestra.run.smithi043.stdout:/usr/bin/ceph: stderr
2024-04-25T11:04:47.413+0000 7fc33b30a700 1 --2- >> [v2:172.21.15.43:3300/0,v1:172.21.15.43:6789/0] conn(0x7fc334109fe0 0x7fc3341a0050 unknown :-1 s=NONE pgs=0 cs=0 l=1 rev1=0 crypto rx=0 tx=0 comp rx=0 tx=0).connect
2024-04-25T11:04:48.306 INFO:teuthology.orchestra.run.smithi043.stdout:/usr/bin/ceph: stderr
2024-04-25T11:04:47.413+0000 7fc33b30a700 1 -- --> [v2:172.21.15.43:3300/0,v1:172.21.15.43:6789/0] -- mon_getmap magic: 0 -- 0x7fc3341100d0 con 0x7fc334109fe0
2024-04-25T11:04:48.306 INFO:teuthology.orchestra.run.smithi043.stdout:/usr/bin/ceph: stderr
2024-04-25T11:04:47.413+0000 7fc3390a6700 1 --2- >> [v2:172.21.15.43:3300/0,v1:172.21.15.43:6789/0] conn(0x7fc334109fe0 0x7fc3341a0050 unknown :-1 s=BANNER_CONNECTING pgs=0 cs=0 l=1 rev1=0 crypto rx=0 tx=0 comp rx=0 tx=0)._handle_peer_banner_payload supported=3 required=0
2024-04-25T11:04:48.307 INFO:teuthology.orchestra.run.smithi043.stdout:/usr/bin/ceph: stderr
2024-04-25T11:04:47.413+0000 7fc3390a6700 1 --2- >> [v2:172.21.15.43:3300/0,v1:172.21.15.43:6789/0] conn(0x7fc334109fe0 0x7fc3341a0050 unknown :-1 s=HELLO_CONNECTING pgs=0 cs=0 l=1 rev1=1 crypto rx=0 tx=0 comp rx=0 tx=0).handle_hello peer v2:172.21.15.43:3300/0 says I am v2:172.21.15.43:35676/0 (socket says 172.21.15.43:35676)
2024-04-25T11:04:48.307 INFO:teuthology.orchestra.run.smithi043.stdout:/usr/bin/ceph: stderr
2024-04-25T11:04:47.413+0000 7fc3390a6700 1 -- 172.21.15.43:0/3567795281 learned_addr learned my addr 172.21.15.43:0/3567795281 (peer_addr_for_me v2:172.21.15.43:0/0)
2024-04-25T11:04:48.307 INFO:teuthology.orchestra.run.smithi043.stdout:/usr/bin/ceph: stderr
2024-04-25T11:04:47.413+0000 7fc3390a6700 1 -- 172.21.15.43:0/3567795281 --> [v2:172.21.15.43:3300/0,v1:172.21.15.43:6789/0] -- mon_subscribe({config=0+,monmap=0+}) -- 0x7fc3341a0590 con 0x7fc334109fe0
2024-04-25T11:04:48.307 INFO:teuthology.orchestra.run.smithi043.stdout:/usr/bin/ceph: stderr
2024-04-25T11:04:47.414+0000 7fc3390a6700 1 --2- 172.21.15.43:0/3567795281 >> [v2:172.21.15.43:3300/0,v1:172.21.15.43:6789/0] conn(0x7fc334109fe0 0x7fc3341a0050 secure :-1 s=READY pgs=60 cs=0 l=1 rev1=1 crypto rx=0x7fc3300119f0 tx=0x7fc330011ad0 comp rx=0 tx=0).ready entity=mon.0 client_cookie=0 server_cookie=0 in_seq=0 out_seq=0
2024-04-25T11:04:48.307 INFO:teuthology.orchestra.run.smithi043.stdout:/usr/bin/ceph: stderr
2024-04-25T11:04:47.414+0000 7fc3267fc700 1 -- 172.21.15.43:0/3567795281 <== mon.0 v2:172.21.15.43:3300/0 1 ==== mon_map magic: 0 ==== 205+0+0 (secure 0 0 0) 0x7fc330003a60 con 0x7fc334109fe0
2024-04-25T11:04:48.307 INFO:teuthology.orchestra.run.smithi043.stdout:/usr/bin/ceph: stderr
2024-04-25T11:04:47.414+0000 7fc33b30a700 1 -- 172.21.15.43:0/3567795281 --> [v2:172.21.15.43:3300/0,v1:172.21.15.43:6789/0] -- mon_subscribe({mgrmap=0+}) -- 0x7fc3341a0820 con 0x7fc334109fe0
2024-04-25T11:04:48.307 INFO:teuthology.orchestra.run.smithi043.stdout:/usr/bin/ceph: stderr
2024-04-25T11:04:47.414+0000 7fc3267fc700 1 -- 172.21.15.43:0/3567795281 <== mon.0 v2:172.21.15.43:3300/0 2 ==== config(26 keys) ==== 1101+0+0 (secure 0 0 0) 0x7fc33001b8f0 con 0x7fc334109fe0
2024-04-25T11:04:48.307 INFO:teuthology.orchestra.run.smithi043.stdout:/usr/bin/ceph: stderr
2024-04-25T11:04:47.414+0000 7fc3267fc700 1 -- 172.21.15.43:0/3567795281 <== mon.0 v2:172.21.15.43:3300/0 3 ==== mon_map magic: 0 ==== 205+0+0 (secure 0 0 0) 0x7fc330023880 con 0x7fc334109fe0
2024-04-25T11:04:48.307 INFO:teuthology.orchestra.run.smithi043.stdout:/usr/bin/ceph: stderr
2024-04-25T11:04:47.414+0000 7fc33b30a700 1 -- 172.21.15.43:0/3567795281 --> [v2:172.21.15.43:3300/0,v1:172.21.15.43:6789/0] -- mon_subscribe({osdmap=0}) -- 0x7fc3341a3430 con 0x7fc334109fe0
2024-04-25T11:04:48.307 INFO:teuthology.orchestra.run.smithi043.stdout:/usr/bin/ceph: stderr
2024-04-25T11:04:47.415+0000 7fc33b30a700 1 -- 172.21.15.43:0/3567795281 --> [v2:172.21.15.43:3300/0,v1:172.21.15.43:6789/0] -- mon_command({"prefix": "get_command_descriptions"} v 0) -- 0x7fc334064cf0 con 0x7fc334109fe0
2024-04-25T11:04:48.307 INFO:teuthology.orchestra.run.smithi043.stdout:/usr/bin/ceph: stderr
2024-04-25T11:04:47.415+0000 7fc3267fc700 1 -- 172.21.15.43:0/3567795281 <== mon.0 v2:172.21.15.43:3300/0 4 ==== mgrmap(e 9) ==== 49529+0+0 (secure 0 0 0) 0x7fc33002c3f0 con 0x7fc334109fe0
2024-04-25T11:04:48.308 INFO:teuthology.orchestra.run.smithi043.stdout:/usr/bin/ceph: stderr
2024-04-25T11:04:47.415+0000 7fc3267fc700 1 --2- 172.21.15.43:0/3567795281 >> [v2:172.21.15.43:6800/184850334,v1:172.21.15.43:6801/184850334] conn(0x7fc32003d680 0x7fc32003fb90 unknown :-1 s=NONE pgs=0 cs=0 l=1 rev1=0 crypto rx=0 tx=0 comp rx=0 tx=0).connect
2024-04-25T11:04:48.308 INFO:teuthology.orchestra.run.smithi043.stdout:/usr/bin/ceph: stderr
2024-04-25T11:04:47.415+0000 7fc3267fc700 1 -- 172.21.15.43:0/3567795281 <== mon.0 v2:172.21.15.43:3300/0 5 ==== osd_map(2..2 src has 1..2) ==== 940+0+0 (secure 0 0 0) 0x7fc330052d90 con 0x7fc334109fe0
2024-04-25T11:04:48.308 INFO:teuthology.orchestra.run.smithi043.stdout:/usr/bin/ceph: stderr
2024-04-25T11:04:47.415+0000 7fc3388a5700 1 -- 172.21.15.43:0/3567795281 >> [v2:172.21.15.43:6800/184850334,v1:172.21.15.43:6801/184850334] conn(0x7fc32003d680 msgr2=0x7fc32003fb90 unknown :-1 s=STATE_CONNECTING_RE l=1).process reconnect failed to v2:172.21.15.43:6800/184850334
2024-04-25T11:04:48.308 INFO:teuthology.orchestra.run.smithi043.stdout:/usr/bin/ceph: stderr
2024-04-25T11:04:47.415+0000 7fc3388a5700 1 --2- 172.21.15.43:0/3567795281 >> [v2:172.21.15.43:6800/184850334,v1:172.21.15.43:6801/184850334] conn(0x7fc32003d680 0x7fc32003fb90 unknown :-1 s=START_CONNECT pgs=0 cs=0 l=1 rev1=0 crypto rx=0 tx=0 comp rx=0 tx=0)._fault waiting 0.200000
2024-04-25T11:04:48.308 INFO:teuthology.orchestra.run.smithi043.stdout:/usr/bin/ceph: stderr
2024-04-25T11:04:47.425+0000 7fc3267fc700 1 -- 172.21.15.43:0/3567795281 <== mon.0 v2:172.21.15.43:3300/0 6 ==== mon_command_ack([{"prefix": "get_command_descriptions"}]=0 v0) ==== 72+0+188370 (secure 0 0 0) 0x7fc33001f030 con 0x7fc334109fe0
2024-04-25T11:04:48.308 INFO:teuthology.orchestra.run.smithi043.stdout:/usr/bin/ceph: stderr
2024-04-25T11:04:47.616+0000 7fc3388a5700 1 -- 172.21.15.43:0/3567795281 >> [v2:172.21.15.43:6800/184850334,v1:172.21.15.43:6801/184850334] conn(0x7fc32003d680 msgr2=0x7fc32003fb90 unknown :-1 s=STATE_CONNECTING_RE l=1).process reconnect failed to v2:172.21.15.43:6800/184850334
2024-04-25T11:04:48.308 INFO:teuthology.orchestra.run.smithi043.stdout:/usr/bin/ceph: stderr
2024-04-25T11:04:47.616+0000 7fc3388a5700 1 --2- 172.21.15.43:0/3567795281 >> [v2:172.21.15.43:6800/184850334,v1:172.21.15.43:6801/184850334] conn(0x7fc32003d680 0x7fc32003fb90 unknown :-1 s=START_CONNECT pgs=0 cs=0 l=1 rev1=0 crypto rx=0 tx=0 comp rx=0 tx=0)._fault waiting 0.400000
2024-04-25T11:04:48.308 INFO:teuthology.orchestra.run.smithi043.stdout:/usr/bin/ceph: stderr
2024-04-25T11:04:47.695+0000 7fc33b30a700 1 -- 172.21.15.43:0/3567795281 --> [v2:172.21.15.43:3300/0,v1:172.21.15.43:6789/0] -- mon_command({"prefix": "mgr stat"} v 0) -- 0x7fc3341a3600 con 0x7fc334109fe0
2024-04-25T11:04:48.308 INFO:teuthology.orchestra.run.smithi043.stdout:/usr/bin/ceph: stderr
2024-04-25T11:04:47.696+0000 7fc3267fc700 1 -- 172.21.15.43:0/3567795281 <== mon.0 v2:172.21.15.43:3300/0 7 ==== mon_command_ack([{"prefix": "mgr stat"}]=0 v9) ==== 56+0+88 (secure 0 0 0) 0x7fc3341a3600 con 0x7fc334109fe0
2024-04-25T11:04:48.308 INFO:teuthology.orchestra.run.smithi043.stdout:/usr/bin/ceph: stderr
2024-04-25T11:04:47.698+0000 7fc33b30a700 1 -- 172.21.15.43:0/3567795281 >> [v2:172.21.15.43:6800/184850334,v1:172.21.15.43:6801/184850334] conn(0x7fc32003d680 msgr2=0x7fc32003fb90 unknown :-1 s=STATE_CONNECTING l=1).mark_down
2024-04-25T11:04:48.308 INFO:teuthology.orchestra.run.smithi043.stdout:/usr/bin/ceph: stderr
2024-04-25T11:04:47.698+0000 7fc33b30a700 1 --2- 172.21.15.43:0/3567795281 >> [v2:172.21.15.43:6800/184850334,v1:172.21.15.43:6801/184850334] conn(0x7fc32003d680 0x7fc32003fb90 unknown :-1 s=START_CONNECT pgs=0 cs=0 l=1 rev1=0 crypto rx=0 tx=0 comp rx=0 tx=0).stop
2024-04-25T11:04:48.308 INFO:teuthology.orchestra.run.smithi043.stdout:/usr/bin/ceph: stderr
2024-04-25T11:04:47.698+0000 7fc33b30a700 1 -- 172.21.15.43:0/3567795281 >> [v2:172.21.15.43:3300/0,v1:172.21.15.43:6789/0] conn(0x7fc334109fe0 msgr2=0x7fc3341a0050 secure :-1 s=STATE_CONNECTION_ESTABLISHED l=1).mark_down
2024-04-25T11:04:48.308 INFO:teuthology.orchestra.run.smithi043.stdout:/usr/bin/ceph: stderr
2024-04-25T11:04:47.698+0000 7fc33b30a700 1 --2- 172.21.15.43:0/3567795281 >> [v2:172.21.15.43:3300/0,v1:172.21.15.43:6789/0] conn(0x7fc334109fe0 0x7fc3341a0050 secure :-1 s=READY pgs=60 cs=0 l=1 rev1=1 crypto rx=0x7fc3300119f0 tx=0x7fc330011ad0 comp rx=0 tx=0).stop
2024-04-25T11:04:48.308 INFO:teuthology.orchestra.run.smithi043.stdout:/usr/bin/ceph: stderr
2024-04-25T11:04:47.698+0000 7fc33b30a700 1 -- 172.21.15.43:0/3567795281 shutdown_connections
2024-04-25T11:04:48.309 INFO:teuthology.orchestra.run.smithi043.stdout:/usr/bin/ceph: stderr
2024-04-25T11:04:47.698+0000 7fc33b30a700 1 --2- 172.21.15.43:0/3567795281 >> [v2:172.21.15.43:6800/184850334,v1:172.21.15.43:6801/184850334] conn(0x7fc32003d680 0x7fc32003fb90 unknown :-1 s=CLOSED pgs=0 cs=0 l=1 rev1=0 crypto rx=0 tx=0 comp rx=0 tx=0).stop
2024-04-25T11:04:48.309 INFO:teuthology.orchestra.run.smithi043.stdout:/usr/bin/ceph: stderr
2024-04-25T11:04:47.698+0000 7fc33b30a700 1 --2- 172.21.15.43:0/3567795281 >> [v2:172.21.15.43:3300/0,v1:172.21.15.43:6789/0] conn(0x7fc334109fe0 0x7fc3341a0050 unknown :-1 s=CLOSED pgs=60 cs=0 l=1 rev1=1 crypto rx=0 tx=0 comp rx=0 tx=0).stop
2024-04-25T11:04:48.309 INFO:teuthology.orchestra.run.smithi043.stdout:/usr/bin/ceph: stderr
2024-04-25T11:04:47.698+0000 7fc33b30a700 1 -- 172.21.15.43:0/3567795281 >> 172.21.15.43:0/3567795281 conn(0x7fc334103770 msgr2=0x7fc334103ff0 unknown :-1 s=STATE_NONE l=0).mark_down
2024-04-25T11:04:48.309 INFO:teuthology.orchestra.run.smithi043.stdout:/usr/bin/ceph: stderr
2024-04-25T11:04:47.698+0000 7fc33b30a700 1 -- 172.21.15.43:0/3567795281 shutdown_connections
2024-04-25T11:04:48.309 INFO:teuthology.orchestra.run.smithi043.stdout:/usr/bin/ceph: stderr
