2024-04-25T11:04:38.833 INFO:journalctl@ceph.mon.a.smithi043.stdout:Apr 25 11:04:38 smithi043 ceph-mon[29205]: from='mgr.14120 172.21.15.43:0/77500832' entity='mgr.x' cmd=[{"prefix": "config dump", "format": "json"}]: dispatch
2024-04-25T11:04:39.885 INFO:teuthology.orchestra.run.smithi043.stdout:/usr/bin/ceph: stdout Scheduled mon update...
2024-04-25T11:04:39.885 INFO:teuthology.orchestra.run.smithi043.stdout:/usr/bin/ceph: stderr
2024-04-25T11:04:38.688+0000 7f4e4c93a700 1 Processor -- start
2024-04-25T11:04:39.885 INFO:teuthology.orchestra.run.smithi043.stdout:/usr/bin/ceph: stderr
2024-04-25T11:04:38.688+0000 7f4e4c93a700 1 -- start start
2024-04-25T11:04:39.885 INFO:teuthology.orchestra.run.smithi043.stdout:/usr/bin/ceph: stderr
2024-04-25T11:04:38.688+0000 7f4e4c93a700 1 --2- >> [v2:172.21.15.43:3300/0,v1:172.21.15.43:6789/0] conn(0x7f4e48108aa0 0x7f4e48108eb0 unknown :-1 s=NONE pgs=0 cs=0 l=0 rev1=0 crypto rx=0 tx=0 comp rx=0 tx=0).connect
2024-04-25T11:04:39.885 INFO:teuthology.orchestra.run.smithi043.stdout:/usr/bin/ceph: stderr
2024-04-25T11:04:38.688+0000 7f4e4c93a700 1 -- --> [v2:172.21.15.43:3300/0,v1:172.21.15.43:6789/0] -- mon_getmap magic: 0 -- 0x7f4e481094a0 con 0x7f4e48108aa0
2024-04-25T11:04:39.885 INFO:teuthology.orchestra.run.smithi043.stdout:/usr/bin/ceph: stderr
2024-04-25T11:04:38.689+0000 7f4e4659c700 1 --2- >> [v2:172.21.15.43:3300/0,v1:172.21.15.43:6789/0] conn(0x7f4e48108aa0 0x7f4e48108eb0 unknown :-1 s=BANNER_CONNECTING pgs=0 cs=0 l=0 rev1=0 crypto rx=0 tx=0 comp rx=0 tx=0)._handle_peer_banner_payload supported=3 required=0
2024-04-25T11:04:39.886 INFO:teuthology.orchestra.run.smithi043.stdout:/usr/bin/ceph: stderr
2024-04-25T11:04:38.689+0000 7f4e4659c700 1 --2- >> [v2:172.21.15.43:3300/0,v1:172.21.15.43:6789/0] conn(0x7f4e48108aa0 0x7f4e48108eb0 unknown :-1 s=HELLO_CONNECTING pgs=0 cs=0 l=0 rev1=1 crypto rx=0 tx=0 comp rx=0 tx=0).handle_hello peer v2:172.21.15.43:3300/0 says I am v2:172.21.15.43:52336/0 (socket says 172.21.15.43:52336)
2024-04-25T11:04:39.886 INFO:teuthology.orchestra.run.smithi043.stdout:/usr/bin/ceph: stderr
2024-04-25T11:04:38.689+0000 7f4e4659c700 1 -- 172.21.15.43:0/2088743806 learned_addr learned my addr 172.21.15.43:0/2088743806 (peer_addr_for_me v2:172.21.15.43:0/0)
2024-04-25T11:04:39.886 INFO:teuthology.orchestra.run.smithi043.stdout:/usr/bin/ceph: stderr
2024-04-25T11:04:38.689+0000 7f4e4659c700 1 -- 172.21.15.43:0/2088743806 --> [v2:172.21.15.43:3300/0,v1:172.21.15.43:6789/0] -- mon_subscribe({config=0+,monmap=0+}) -- 0x7f4e48109c70 con 0x7f4e48108aa0
2024-04-25T11:04:39.886 INFO:teuthology.orchestra.run.smithi043.stdout:/usr/bin/ceph: stderr
2024-04-25T11:04:38.689+0000 7f4e4659c700 1 --2- 172.21.15.43:0/2088743806 >> [v2:172.21.15.43:3300/0,v1:172.21.15.43:6789/0] conn(0x7f4e48108aa0 0x7f4e48108eb0 secure :-1 s=READY pgs=47 cs=0 l=1 rev1=1 crypto rx=0x7f4e40009e80 tx=0x7f4e4000b330 comp rx=0 tx=0).ready entity=mon.0 client_cookie=84489e8ce6220d58 server_cookie=0 in_seq=0 out_seq=0
2024-04-25T11:04:39.886 INFO:teuthology.orchestra.run.smithi043.stdout:/usr/bin/ceph: stderr
2024-04-25T11:04:38.689+0000 7f4e4559a700 1 -- 172.21.15.43:0/2088743806 <== mon.0 v2:172.21.15.43:3300/0 1 ==== mon_map magic: 0 ==== 205+0+0 (secure 0 0 0) 0x7f4e40017070 con 0x7f4e48108aa0
2024-04-25T11:04:39.886 INFO:teuthology.orchestra.run.smithi043.stdout:/usr/bin/ceph: stderr
2024-04-25T11:04:38.689+0000 7f4e4559a700 1 -- 172.21.15.43:0/2088743806 <== mon.0 v2:172.21.15.43:3300/0 2 ==== config(26 keys) ==== 1070+0+0 (secure 0 0 0) 0x7f4e4000b8c0 con 0x7f4e48108aa0
2024-04-25T11:04:39.886 INFO:teuthology.orchestra.run.smithi043.stdout:/usr/bin/ceph: stderr
2024-04-25T11:04:38.689+0000 7f4e4559a700 1 -- 172.21.15.43:0/2088743806 <== mon.0 v2:172.21.15.43:3300/0 3 ==== mon_map magic: 0 ==== 205+0+0 (secure 0 0 0) 0x7f4e40004490 con 0x7f4e48108aa0
2024-04-25T11:04:39.886 INFO:teuthology.orchestra.run.smithi043.stdout:/usr/bin/ceph: stderr
2024-04-25T11:04:38.690+0000 7f4e4c93a700 1 -- 172.21.15.43:0/2088743806 >> [v2:172.21.15.43:3300/0,v1:172.21.15.43:6789/0] conn(0x7f4e48108aa0 msgr2=0x7f4e48108eb0 secure :-1 s=STATE_CONNECTION_ESTABLISHED l=1).mark_down
2024-04-25T11:04:39.886 INFO:teuthology.orchestra.run.smithi043.stdout:/usr/bin/ceph: stderr
2024-04-25T11:04:38.690+0000 7f4e4c93a700 1 --2- 172.21.15.43:0/2088743806 >> [v2:172.21.15.43:3300/0,v1:172.21.15.43:6789/0] conn(0x7f4e48108aa0 0x7f4e48108eb0 secure :-1 s=READY pgs=47 cs=0 l=1 rev1=1 crypto rx=0x7f4e40009e80 tx=0x7f4e4000b330 comp rx=0 tx=0).stop
2024-04-25T11:04:39.886 INFO:teuthology.orchestra.run.smithi043.stdout:/usr/bin/ceph: stderr
2024-04-25T11:04:38.690+0000 7f4e4c93a700 1 -- 172.21.15.43:0/2088743806 shutdown_connections
2024-04-25T11:04:39.886 INFO:teuthology.orchestra.run.smithi043.stdout:/usr/bin/ceph: stderr
2024-04-25T11:04:38.690+0000 7f4e4c93a700 1 --2- 172.21.15.43:0/2088743806 >> [v2:172.21.15.43:3300/0,v1:172.21.15.43:6789/0] conn(0x7f4e48108aa0 0x7f4e48108eb0 unknown :-1 s=CLOSED pgs=47 cs=0 l=1 rev1=1 crypto rx=0 tx=0 comp rx=0 tx=0).stop
2024-04-25T11:04:39.887 INFO:teuthology.orchestra.run.smithi043.stdout:/usr/bin/ceph: stderr
2024-04-25T11:04:38.690+0000 7f4e4c93a700 1 -- 172.21.15.43:0/2088743806 >> 172.21.15.43:0/2088743806 conn(0x7f4e48104080 msgr2=0x7f4e481064f0 unknown :-1 s=STATE_NONE l=0).mark_down
2024-04-25T11:04:39.887 INFO:teuthology.orchestra.run.smithi043.stdout:/usr/bin/ceph: stderr
2024-04-25T11:04:38.690+0000 7f4e4c93a700 1 -- 172.21.15.43:0/2088743806 shutdown_connections
2024-04-25T11:04:39.887 INFO:teuthology.orchestra.run.smithi043.stdout:/usr/bin/ceph: stderr
2024-04-25T11:04:38.690+0000 7f4e4c93a700 1 -- 172.21.15.43:0/2088743806 wait complete.
2024-04-25T11:04:39.887 INFO:teuthology.orchestra.run.smithi043.stdout:/usr/bin/ceph: stderr
2024-04-25T11:04:38.691+0000 7f4e4c93a700 1 Processor -- start
2024-04-25T11:04:39.887 INFO:teuthology.orchestra.run.smithi043.stdout:/usr/bin/ceph: stderr
2024-04-25T11:04:38.691+0000 7f4e4c93a700 1 -- start start
2024-04-25T11:04:39.887 INFO:teuthology.orchestra.run.smithi043.stdout:/usr/bin/ceph: stderr
2024-04-25T11:04:38.691+0000 7f4e4c93a700 1 --2- >> [v2:172.21.15.43:3300/0,v1:172.21.15.43:6789/0] conn(0x7f4e48108aa0 0x7f4e4819bc60 unknown :-1 s=NONE pgs=0 cs=0 l=1 rev1=0 crypto rx=0 tx=0 comp rx=0 tx=0).connect
2024-04-25T11:04:39.887 INFO:teuthology.orchestra.run.smithi043.stdout:/usr/bin/ceph: stderr
2024-04-25T11:04:38.691+0000 7f4e4c93a700 1 -- --> [v2:172.21.15.43:3300/0,v1:172.21.15.43:6789/0] -- mon_getmap magic: 0 -- 0x7f4e4807ca00 con 0x7f4e48108aa0
2024-04-25T11:04:39.887 INFO:teuthology.orchestra.run.smithi043.stdout:/usr/bin/ceph: stderr
2024-04-25T11:04:38.691+0000 7f4e4659c700 1 --2- >> [v2:172.21.15.43:3300/0,v1:172.21.15.43:6789/0] conn(0x7f4e48108aa0 0x7f4e4819bc60 unknown :-1 s=BANNER_CONNECTING pgs=0 cs=0 l=1 rev1=0 crypto rx=0 tx=0 comp rx=0 tx=0)._handle_peer_banner_payload supported=3 required=0
2024-04-25T11:04:39.887 INFO:teuthology.orchestra.run.smithi043.stdout:/usr/bin/ceph: stderr
2024-04-25T11:04:38.691+0000 7f4e4659c700 1 --2- >> [v2:172.21.15.43:3300/0,v1:172.21.15.43:6789/0] conn(0x7f4e48108aa0 0x7f4e4819bc60 unknown :-1 s=HELLO_CONNECTING pgs=0 cs=0 l=1 rev1=1 crypto rx=0 tx=0 comp rx=0 tx=0).handle_hello peer v2:172.21.15.43:3300/0 says I am v2:172.21.15.43:52344/0 (socket says 172.21.15.43:52344)
2024-04-25T11:04:39.887 INFO:teuthology.orchestra.run.smithi043.stdout:/usr/bin/ceph: stderr
2024-04-25T11:04:38.691+0000 7f4e4659c700 1 -- 172.21.15.43:0/485916972 learned_addr learned my addr 172.21.15.43:0/485916972 (peer_addr_for_me v2:172.21.15.43:0/0)
2024-04-25T11:04:39.888 INFO:teuthology.orchestra.run.smithi043.stdout:/usr/bin/ceph: stderr
2024-04-25T11:04:38.692+0000 7f4e4659c700 1 -- 172.21.15.43:0/485916972 --> [v2:172.21.15.43:3300/0,v1:172.21.15.43:6789/0] -- mon_subscribe({config=0+,monmap=0+}) -- 0x7f4e4819c1a0 con 0x7f4e48108aa0
2024-04-25T11:04:39.888 INFO:teuthology.orchestra.run.smithi043.stdout:/usr/bin/ceph: stderr
2024-04-25T11:04:38.692+0000 7f4e4659c700 1 --2- 172.21.15.43:0/485916972 >> [v2:172.21.15.43:3300/0,v1:172.21.15.43:6789/0] conn(0x7f4e48108aa0 0x7f4e4819bc60 secure :-1 s=READY pgs=48 cs=0 l=1 rev1=1 crypto rx=0x7f4e4000bca0 tx=0x7f4e4000bd80 comp rx=0 tx=0).ready entity=mon.0 client_cookie=0 server_cookie=0 in_seq=0 out_seq=0
2024-04-25T11:04:39.888 INFO:teuthology.orchestra.run.smithi043.stdout:/usr/bin/ceph: stderr
2024-04-25T11:04:38.692+0000 7f4e3f7fe700 1 -- 172.21.15.43:0/485916972 <== mon.0 v2:172.21.15.43:3300/0 1 ==== mon_map magic: 0 ==== 205+0+0 (secure 0 0 0) 0x7f4e40020020 con 0x7f4e48108aa0
2024-04-25T11:04:39.888 INFO:teuthology.orchestra.run.smithi043.stdout:/usr/bin/ceph: stderr
2024-04-25T11:04:38.692+0000 7f4e3f7fe700 1 -- 172.21.15.43:0/485916972 <== mon.0 v2:172.21.15.43:3300/0 2 ==== config(26 keys) ==== 1070+0+0 (secure 0 0 0) 0x7f4e40012430 con 0x7f4e48108aa0
2024-04-25T11:04:39.888 INFO:teuthology.orchestra.run.smithi043.stdout:/usr/bin/ceph: stderr
2024-04-25T11:04:38.692+0000 7f4e4c93a700 1 -- 172.21.15.43:0/485916972 --> [v2:172.21.15.43:3300/0,v1:172.21.15.43:6789/0] -- mon_subscribe({mgrmap=0+}) -- 0x7f4e4819c430 con 0x7f4e48108aa0
2024-04-25T11:04:39.888 INFO:teuthology.orchestra.run.smithi043.stdout:/usr/bin/ceph: stderr
2024-04-25T11:04:38.692+0000 7f4e3f7fe700 1 -- 172.21.15.43:0/485916972 <== mon.0 v2:172.21.15.43:3300/0 3 ==== mon_map magic: 0 ==== 205+0+0 (secure 0 0 0) 0x7f4e40017040 con 0x7f4e48108aa0
2024-04-25T11:04:39.888 INFO:teuthology.orchestra.run.smithi043.stdout:/usr/bin/ceph: stderr
2024-04-25T11:04:38.692+0000 7f4e4c93a700 1 -- 172.21.15.43:0/485916972 --> [v2:172.21.15.43:3300/0,v1:172.21.15.43:6789/0] -- mon_subscribe({osdmap=0}) -- 0x7f4e4819f040 con 0x7f4e48108aa0
2024-04-25T11:04:39.888 INFO:teuthology.orchestra.run.smithi043.stdout:/usr/bin/ceph: stderr
2024-04-25T11:04:38.693+0000 7f4e4c93a700 1 -- 172.21.15.43:0/485916972 --> [v2:172.21.15.43:3300/0,v1:172.21.15.43:6789/0] -- mon_command({"prefix": "get_command_descriptions"} v 0) -- 0x7f4e48064cf0 con 0x7f4e48108aa0
2024-04-25T11:04:39.888 INFO:teuthology.orchestra.run.smithi043.stdout:/usr/bin/ceph: stderr
2024-04-25T11:04:38.693+0000 7f4e3f7fe700 1 -- 172.21.15.43:0/485916972 <== mon.0 v2:172.21.15.43:3300/0 4 ==== mgrmap(e 8) ==== 49516+0+0 (secure 0 0 0) 0x7f4e40023020 con 0x7f4e48108aa0
2024-04-25T11:04:39.888 INFO:teuthology.orchestra.run.smithi043.stdout:/usr/bin/ceph: stderr
2024-04-25T11:04:38.693+0000 7f4e3f7fe700 1 --2- 172.21.15.43:0/485916972 >> [v2:172.21.15.43:6800/184850334,v1:172.21.15.43:6801/184850334] conn(0x7f4e3403f890 0x7f4e34041da0 unknown :-1 s=NONE pgs=0 cs=0 l=1 rev1=0 crypto rx=0 tx=0 comp rx=0 tx=0).connect
2024-04-25T11:04:39.888 INFO:teuthology.orchestra.run.smithi043.stdout:/usr/bin/ceph: stderr
2024-04-25T11:04:38.693+0000 7f4e3f7fe700 1 -- 172.21.15.43:0/485916972 <== mon.0 v2:172.21.15.43:3300/0 5 ==== osd_map(2..2 src has 1..2) ==== 940+0+0 (secure 0 0 0) 0x7f4e4000f050 con 0x7f4e48108aa0
2024-04-25T11:04:39.888 INFO:teuthology.orchestra.run.smithi043.stdout:/usr/bin/ceph: stderr
2024-04-25T11:04:38.693+0000 7f4e45d9b700 1 --2- 172.21.15.43:0/485916972 >> [v2:172.21.15.43:6800/184850334,v1:172.21.15.43:6801/184850334] conn(0x7f4e3403f890 0x7f4e34041da0 unknown :-1 s=BANNER_CONNECTING pgs=0 cs=0 l=1 rev1=0 crypto rx=0 tx=0 comp rx=0 tx=0)._handle_peer_banner_payload supported=3 required=0
2024-04-25T11:04:39.888 INFO:teuthology.orchestra.run.smithi043.stdout:/usr/bin/ceph: stderr
2024-04-25T11:04:38.694+0000 7f4e45d9b700 1 --2- 172.21.15.43:0/485916972 >> [v2:172.21.15.43:6800/184850334,v1:172.21.15.43:6801/184850334] conn(0x7f4e3403f890 0x7f4e34041da0 secure :-1 s=READY pgs=12 cs=0 l=1 rev1=1 crypto rx=0x7f4e30006fd0 tx=0x7f4e30006e40 comp rx=0 tx=0).ready entity=mgr.14120 client_cookie=0 server_cookie=0 in_seq=0 out_seq=0
2024-04-25T11:04:39.888 INFO:teuthology.orchestra.run.smithi043.stdout:/usr/bin/ceph: stderr
2024-04-25T11:04:38.699+0000 7f4e3f7fe700 1 -- 172.21.15.43:0/485916972 <== mon.0 v2:172.21.15.43:3300/0 6 ==== mon_command_ack([{"prefix": "get_command_descriptions"}]=0 v0) ==== 72+0+188370 (secure 0 0 0) 0x7f4e4002a020 con 0x7f4e48108aa0
2024-04-25T11:04:39.889 INFO:teuthology.orchestra.run.smithi043.stdout:/usr/bin/ceph: stderr
2024-04-25T11:04:38.944+0000 7f4e4c93a700 1 -- 172.21.15.43:0/485916972 --> [v2:172.21.15.43:6800/184850334,v1:172.21.15.43:6801/184850334] -- mgr_command(tid 0: {"prefix": "orch apply", "service_type": "mon", "unmanaged": true, "target": ["mon-mgr", ""]}) -- 0x7f4e48063ad0 con 0x7f4e3403f890
2024-04-25T11:04:39.889 INFO:teuthology.orchestra.run.smithi043.stdout:/usr/bin/ceph: stderr
2024-04-25T11:04:38.950+0000 7f4e3f7fe700 1 -- 172.21.15.43:0/485916972 <== mgr.14120 v2:172.21.15.43:6800/184850334 1 ==== mgr_command_reply(tid 0: 0 ) ==== 8+0+24 (secure 0 0 0) 0x7f4e48063ad0 con 0x7f4e3403f890
2024-04-25T11:04:39.889 INFO:teuthology.orchestra.run.smithi043.stdout:/usr/bin/ceph: stderr
2024-04-25T11:04:38.952+0000 7f4e4c93a700 1 -- 172.21.15.43:0/485916972 >> [v2:172.21.15.43:6800/184850334,v1:172.21.15.43:6801/184850334] conn(0x7f4e3403f890 msgr2=0x7f4e34041da0 secure :-1 s=STATE_CONNECTION_ESTABLISHED l=1).mark_down
2024-04-25T11:04:39.889 INFO:teuthology.orchestra.run.smithi043.stdout:/usr/bin/ceph: stderr
2024-04-25T11:04:38.952+0000 7f4e4c93a700 1 --2- 172.21.15.43:0/485916972 >> [v2:172.21.15.43:6800/184850334,v1:172.21.15.43:6801/184850334] conn(0x7f4e3403f890 0x7f4e34041da0 secure :-1 s=READY pgs=12 cs=0 l=1 rev1=1 crypto rx=0x7f4e30006fd0 tx=0x7f4e30006e40 comp rx=0 tx=0).stop
2024-04-25T11:04:39.889 INFO:teuthology.orchestra.run.smithi043.stdout:/usr/bin/ceph: stderr
2024-04-25T11:04:38.952+0000 7f4e4c93a700 1 -- 172.21.15.43:0/485916972 >> [v2:172.21.15.43:3300/0,v1:172.21.15.43:6789/0] conn(0x7f4e48108aa0 msgr2=0x7f4e4819bc60 secure :-1 s=STATE_CONNECTION_ESTABLISHED l=1).mark_down
2024-04-25T11:04:39.889 INFO:teuthology.orchestra.run.smithi043.stdout:/usr/bin/ceph: stderr
2024-04-25T11:04:38.952+0000 7f4e4c93a700 1 --2- 172.21.15.43:0/485916972 >> [v2:172.21.15.43:3300/0,v1:172.21.15.43:6789/0] conn(0x7f4e48108aa0 0x7f4e4819bc60 secure :-1 s=READY pgs=48 cs=0 l=1 rev1=1 crypto rx=0x7f4e4000bca0 tx=0x7f4e4000bd80 comp rx=0 tx=0).stop
2024-04-25T11:04:39.889 INFO:teuthology.orchestra.run.smithi043.stdout:/usr/bin/ceph: stderr
2024-04-25T11:04:38.952+0000 7f4e4c93a700 1 -- 172.21.15.43:0/485916972 shutdown_connections
2024-04-25T11:04:39.889 INFO:teuthology.orchestra.run.smithi043.stdout:/usr/bin/ceph: stderr
2024-04-25T11:04:38.952+0000 7f4e4c93a700 1 --2- 172.21.15.43:0/485916972 >> [v2:172.21.15.43:6800/184850334,v1:172.21.15.43:6801/184850334] conn(0x7f4e3403f890 0x7f4e34041da0 unknown :-1 s=CLOSED pgs=12 cs=0 l=1 rev1=1 crypto rx=0 tx=0 comp rx=0 tx=0).stop
2024-04-25T11:04:39.889 INFO:teuthology.orchestra.run.smithi043.stdout:/usr/bin/ceph: stderr
2024-04-25T11:04:38.952+0000 7f4e4c93a700 1 --2- 172.21.15.43:0/485916972 >> [v2:172.21.15.43:3300/0,v1:172.21.15.43:6789/0] conn(0x7f4e48108aa0 0x7f4e4819bc60 unknown :-1 s=CLOSED pgs=48 cs=0 l=1 rev1=1 crypto rx=0 tx=0 comp rx=0 tx=0).stop
2024-04-25T11:04:39.889 INFO:teuthology.orchestra.run.smithi043.stdout:/usr/bin/ceph: stderr
2024-04-25T11:04:38.952+0000 7f4e4c93a700 1 -- 172.21.15.43:0/485916972 >> 172.21.15.43:0/485916972 conn(0x7f4e48104080 msgr2=0x7f4e48191f30 unknown :-1 s=STATE_NONE l=0).mark_down
2024-04-25T11:04:39.889 INFO:teuthology.orchestra.run.smithi043.stdout:/usr/bin/ceph: stderr
2024-04-25T11:04:38.952+0000 7f4e4c93a700 1 -- 172.21.15.43:0/485916972 shutdown_connections
2024-04-25T11:04:39.889 INFO:teuthology.orchestra.run.smithi043.stdout:/usr/bin/ceph: stderr
2024-04-25T11:04:38.952+0000 7f4e4c93a700 1 -- 172.21.15.43:0/485916972 wait complete.
2024-04-25T11:04:39.889 INFO:teuthology.orchestra.run.smithi043.stdout:Deploying unmanaged mgr service...
2024-04-25T11:04:40.203 INFO:journalctl@ceph.mon.a.smithi043.stdout:Apr 25 11:04:39 smithi043 ceph-mon[29205]: from='client.14142 -' entity='client.admin' cmd=[{"prefix": "orch apply", "service_type": "mon", "unmanaged": true, "target": ["mon-mgr", ""]}]: dispatch
2024-04-25T11:04:40.203 INFO:journalctl@ceph.mon.a.smithi043.stdout:Apr 25 11:04:39 smithi043 ceph-mon[29205]: Saving service mon spec with placement count:5
2024-04-25T11:04:40.203 INFO:journalctl@ceph.mon.a.smithi043.stdout:Apr 25 11:04:39 smithi043 ceph-mon[29205]: from='mgr.14120 172.21.15.43:0/77500832' entity='mgr.x'
2024-04-25T11:04:41.485 INFO:teuthology.orchestra.run.smithi043.stdout:/usr/bin/ceph: stdout Scheduled mgr update...
2024-04-25T11:04:41.485 INFO:teuthology.orchestra.run.smithi043.stdout:/usr/bin/ceph: stderr
2024-04-25T11:04:40.324+0000 7f183e561700 1 Processor -- start
2024-04-25T11:04:41.485 INFO:teuthology.orchestra.run.smithi043.stdout:/usr/bin/ceph: stderr
2024-04-25T11:04:40.324+0000 7f183e561700 1 -- start start
2024-04-25T11:04:41.485 INFO:teuthology.orchestra.run.smithi043.stdout:/usr/bin/ceph: stderr
2024-04-25T11:04:40.325+0000 7f183e561700 1 --2- >> [v2:172.21.15.43:3300/0,v1:172.21.15.43:6789/0] conn(0x7f1838109a60 0x7f1838109e70 unknown :-1 s=NONE pgs=0 cs=0 l=0 rev1=0 crypto rx=0 tx=0 comp rx=0 tx=0).connect
2024-04-25T11:04:41.485 INFO:teuthology.orchestra.run.smithi043.stdout:/usr/bin/ceph: stderr
2024-04-25T11:04:40.325+0000 7f183e561700 1 -- --> [v2:172.21.15.43:3300/0,v1:172.21.15.43:6789/0] -- mon_getmap magic: 0 -- 0x7f183810a460 con 0x7f1838109a60
2024-04-25T11:04:41.486 INFO:teuthology.orchestra.run.smithi043.stdout:/usr/bin/ceph: stderr
2024-04-25T11:04:40.325+0000 7f1837fff700 1 --2- >> [v2:172.21.15.43:3300/0,v1:172.21.15.43:6789/0] conn(0x7f1838109a60 0x7f1838109e70 unknown :-1 s=BANNER_CONNECTING pgs=0 cs=0 l=0 rev1=0 crypto rx=0 tx=0 comp rx=0 tx=0)._handle_peer_banner_payload supported=3 required=0
2024-04-25T11:04:41.486 INFO:teuthology.orchestra.run.smithi043.stdout:/usr/bin/ceph: stderr
2024-04-25T11:04:40.325+0000 7f1837fff700 1 --2- >> [v2:172.21.15.43:3300/0,v1:172.21.15.43:6789/0] conn(0x7f1838109a60 0x7f1838109e70 unknown :-1 s=HELLO_CONNECTING pgs=0 cs=0 l=0 rev1=1 crypto rx=0 tx=0 comp rx=0 tx=0).handle_hello peer v2:172.21.15.43:3300/0 says I am v2:172.21.15.43:52358/0 (socket says 172.21.15.43:52358)
2024-04-25T11:04:41.486 INFO:teuthology.orchestra.run.smithi043.stdout:/usr/bin/ceph: stderr
2024-04-25T11:04:40.325+0000 7f1837fff700 1 -- 172.21.15.43:0/301074294 learned_addr learned my addr 172.21.15.43:0/301074294 (peer_addr_for_me v2:172.21.15.43:0/0)
2024-04-25T11:04:41.486 INFO:teuthology.orchestra.run.smithi043.stdout:/usr/bin/ceph: stderr
2024-04-25T11:04:40.325+0000 7f1837fff700 1 -- 172.21.15.43:0/301074294 --> [v2:172.21.15.43:3300/0,v1:172.21.15.43:6789/0] -- mon_subscribe({config=0+,monmap=0+}) -- 0x7f183810ac30 con 0x7f1838109a60
2024-04-25T11:04:41.486 INFO:teuthology.orchestra.run.smithi043.stdout:/usr/bin/ceph: stderr
2024-04-25T11:04:40.325+0000 7f1837fff700 1 --2- 172.21.15.43:0/301074294 >> [v2:172.21.15.43:3300/0,v1:172.21.15.43:6789/0] conn(0x7f1838109a60 0x7f1838109e70 secure :-1 s=READY pgs=49 cs=0 l=1 rev1=1 crypto rx=0x7f18280098a0 tx=0x7f1828009bb0 comp rx=0 tx=0).ready entity=mon.0 client_cookie=272651346ca20222 server_cookie=0 in_seq=0 out_seq=0
2024-04-25T11:04:41.486 INFO:teuthology.orchestra.run.smithi043.stdout:/usr/bin/ceph: stderr
2024-04-25T11:04:40.325+0000 7f1836ffd700 1 -- 172.21.15.43:0/301074294 <== mon.0 v2:172.21.15.43:3300/0 1 ==== mon_map magic: 0 ==== 205+0+0 (secure 0 0 0) 0x7f1828004160 con 0x7f1838109a60
2024-04-25T11:04:41.486 INFO:teuthology.orchestra.run.smithi043.stdout:/usr/bin/ceph: stderr
2024-04-25T11:04:40.325+0000 7f1836ffd700 1 -- 172.21.15.43:0/301074294 <== mon.0 v2:172.21.15.43:3300/0 2 ==== config(26 keys) ==== 1070+0+0 (secure 0 0 0) 0x7f1828004300 con 0x7f1838109a60
2024-04-25T11:04:41.486 INFO:teuthology.orchestra.run.smithi043.stdout:/usr/bin/ceph: stderr
2024-04-25T11:04:40.325+0000 7f1836ffd700 1 -- 172.21.15.43:0/301074294 <== mon.0 v2:172.21.15.43:3300/0 3 ==== mon_map magic: 0 ==== 205+0+0 (secure 0 0 0) 0x7f1828011af0 con 0x7f1838109a60
2024-04-25T11:04:41.486 INFO:teuthology.orchestra.run.smithi043.stdout:/usr/bin/ceph: stderr
2024-04-25T11:04:40.326+0000 7f183e561700 1 -- 172.21.15.43:0/301074294 >> [v2:172.21.15.43:3300/0,v1:172.21.15.43:6789/0] conn(0x7f1838109a60 msgr2=0x7f1838109e70 secure :-1 s=STATE_CONNECTION_ESTABLISHED l=1).mark_down
2024-04-25T11:04:41.487 INFO:teuthology.orchestra.run.smithi043.stdout:/usr/bin/ceph: stderr
2024-04-25T11:04:40.326+0000 7f183e561700 1 --2- 172.21.15.43:0/301074294 >> [v2:172.21.15.43:3300/0,v1:172.21.15.43:6789/0] conn(0x7f1838109a60 0x7f1838109e70 secure :-1 s=READY pgs=49 cs=0 l=1 rev1=1 crypto rx=0x7f18280098a0 tx=0x7f1828009bb0 comp rx=0 tx=0).stop
2024-04-25T11:04:41.487 INFO:teuthology.orchestra.run.smithi043.stdout:/usr/bin/ceph: stderr
2024-04-25T11:04:40.326+0000 7f183e561700 1 -- 172.21.15.43:0/301074294 shutdown_connections
2024-04-25T11:04:41.487 INFO:teuthology.orchestra.run.smithi043.stdout:/usr/bin/ceph: stderr
2024-04-25T11:04:40.326+0000 7f183e561700 1 --2- 172.21.15.43:0/301074294 >> [v2:172.21.15.43:3300/0,v1:172.21.15.43:6789/0] conn(0x7f1838109a60 0x7f1838109e70 unknown :-1 s=CLOSED pgs=49 cs=0 l=1 rev1=1 crypto rx=0 tx=0 comp rx=0 tx=0).stop
2024-04-25T11:04:41.487 INFO:teuthology.orchestra.run.smithi043.stdout:/usr/bin/ceph: stderr
2024-04-25T11:04:40.326+0000 7f183e561700 1 -- 172.21.15.43:0/301074294 >> 172.21.15.43:0/301074294 conn(0x7f1838105080 msgr2=0x7f1838107550 unknown :-1 s=STATE_NONE l=0).mark_down
2024-04-25T11:04:41.487 INFO:teuthology.orchestra.run.smithi043.stdout:/usr/bin/ceph: stderr
2024-04-25T11:04:40.326+0000 7f183e561700 1 -- 172.21.15.43:0/301074294 shutdown_connections
2024-04-25T11:04:41.487 INFO:teuthology.orchestra.run.smithi043.stdout:/usr/bin/ceph: stderr
2024-04-25T11:04:40.326+0000 7f183e561700 1 -- 172.21.15.43:0/301074294 wait complete.
2024-04-25T11:04:41.487 INFO:teuthology.orchestra.run.smithi043.stdout:/usr/bin/ceph: stderr
2024-04-25T11:04:40.327+0000 7f183e561700 1 Processor -- start
2024-04-25T11:04:41.487 INFO:teuthology.orchestra.run.smithi043.stdout:/usr/bin/ceph: stderr
2024-04-25T11:04:40.327+0000 7f183e561700 1 -- start start
2024-04-25T11:04:41.488 INFO:teuthology.orchestra.run.smithi043.stdout:/usr/bin/ceph: stderr
2024-04-25T11:04:40.328+0000 7f183e561700 1 --2- >> [v2:172.21.15.43:3300/0,v1:172.21.15.43:6789/0] conn(0x7f1838109a60 0x7f183819de40 unknown :-1 s=NONE pgs=0 cs=0 l=1 rev1=0 crypto rx=0 tx=0 comp rx=0 tx=0).connect
2024-04-25T11:04:41.488 INFO:teuthology.orchestra.run.smithi043.stdout:/usr/bin/ceph: stderr
2024-04-25T11:04:40.328+0000 7f183e561700 1 -- --> [v2:172.21.15.43:3300/0,v1:172.21.15.43:6789/0] -- mon_getmap magic: 0 -- 0x7f183810dfe0 con 0x7f1838109a60
2024-04-25T11:04:41.488 INFO:teuthology.orchestra.run.smithi043.stdout:/usr/bin/ceph: stderr
2024-04-25T11:04:40.328+0000 7f1837fff700 1 --2- >> [v2:172.21.15.43:3300/0,v1:172.21.15.43:6789/0] conn(0x7f1838109a60 0x7f183819de40 unknown :-1 s=BANNER_CONNECTING pgs=0 cs=0 l=1 rev1=0 crypto rx=0 tx=0 comp rx=0 tx=0)._handle_peer_banner_payload supported=3 required=0
2024-04-25T11:04:41.488 INFO:teuthology.orchestra.run.smithi043.stdout:/usr/bin/ceph: stderr
2024-04-25T11:04:40.328+0000 7f1837fff700 1 --2- >> [v2:172.21.15.43:3300/0,v1:172.21.15.43:6789/0] conn(0x7f1838109a60 0x7f183819de40 unknown :-1 s=HELLO_CONNECTING pgs=0 cs=0 l=1 rev1=1 crypto rx=0 tx=0 comp rx=0 tx=0).handle_hello peer v2:172.21.15.43:3300/0 says I am v2:172.21.15.43:52368/0 (socket says 172.21.15.43:52368)
2024-04-25T11:04:41.488 INFO:teuthology.orchestra.run.smithi043.stdout:/usr/bin/ceph: stderr
2024-04-25T11:04:40.328+0000 7f1837fff700 1 -- 172.21.15.43:0/443161273 learned_addr learned my addr 172.21.15.43:0/443161273 (peer_addr_for_me v2:172.21.15.43:0/0)
2024-04-25T11:04:41.488 INFO:teuthology.orchestra.run.smithi043.stdout:/usr/bin/ceph: stderr
2024-04-25T11:04:40.328+0000 7f1837fff700 1 -- 172.21.15.43:0/443161273 --> [v2:172.21.15.43:3300/0,v1:172.21.15.43:6789/0] -- mon_subscribe({config=0+,monmap=0+}) -- 0x7f183819e380 con 0x7f1838109a60
2024-04-25T11:04:41.488 INFO:teuthology.orchestra.run.smithi043.stdout:/usr/bin/ceph: stderr
2024-04-25T11:04:40.328+0000 7f1837fff700 1 --2- 172.21.15.43:0/443161273 >> [v2:172.21.15.43:3300/0,v1:172.21.15.43:6789/0] conn(0x7f1838109a60 0x7f183819de40 secure :-1 s=READY pgs=50 cs=0 l=1 rev1=1 crypto rx=0x7f1828011890 tx=0x7f1828011970 comp rx=0 tx=0).ready entity=mon.0 client_cookie=0 server_cookie=0 in_seq=0 out_seq=0
2024-04-25T11:04:41.488 INFO:teuthology.orchestra.run.smithi043.stdout:/usr/bin/ceph: stderr
2024-04-25T11:04:40.328+0000 7f18357fa700 1 -- 172.21.15.43:0/443161273 <== mon.0 v2:172.21.15.43:3300/0 1 ==== mon_map magic: 0 ==== 205+0+0 (secure 0 0 0) 0x7f18280039e0 con 0x7f1838109a60
2024-04-25T11:04:41.488 INFO:teuthology.orchestra.run.smithi043.stdout:/usr/bin/ceph: stderr
2024-04-25T11:04:40.328+0000 7f18357fa700 1 -- 172.21.15.43:0/443161273 <== mon.0 v2:172.21.15.43:3300/0 2 ==== config(26 keys) ==== 1070+0+0 (secure 0 0 0) 0x7f1828003b80 con 0x7f1838109a60
2024-04-25T11:04:41.488 INFO:teuthology.orchestra.run.smithi043.stdout:/usr/bin/ceph: stderr
2024-04-25T11:04:40.328+0000 7f183e561700 1 -- 172.21.15.43:0/443161273 --> [v2:172.21.15.43:3300/0,v1:172.21.15.43:6789/0] -- mon_subscribe({mgrmap=0+}) -- 0x7f183819e610 con 0x7f1838109a60
2024-04-25T11:04:41.488 INFO:teuthology.orchestra.run.smithi043.stdout:/usr/bin/ceph: stderr
2024-04-25T11:04:40.328+0000 7f18357fa700 1 -- 172.21.15.43:0/443161273 <== mon.0 v2:172.21.15.43:3300/0 3 ==== mon_map magic: 0 ==== 205+0+0 (secure 0 0 0) 0x7f18280246e0 con 0x7f1838109a60
2024-04-25T11:04:41.489 INFO:teuthology.orchestra.run.smithi043.stdout:/usr/bin/ceph: stderr
2024-04-25T11:04:40.328+0000 7f183e561700 1 -- 172.21.15.43:0/443161273 --> [v2:172.21.15.43:3300/0,v1:172.21.15.43:6789/0] -- mon_subscribe({osdmap=0}) -- 0x7f18381a1220 con 0x7f1838109a60
2024-04-25T11:04:41.489 INFO:teuthology.orchestra.run.smithi043.stdout:/usr/bin/ceph: stderr
2024-04-25T11:04:40.329+0000 7f18357fa700 1 -- 172.21.15.43:0/443161273 <== mon.0 v2:172.21.15.43:3300/0 4 ==== mgrmap(e 8) ==== 49516+0+0 (secure 0 0 0) 0x7f1828022020 con 0x7f1838109a60
2024-04-25T11:04:41.489 INFO:teuthology.orchestra.run.smithi043.stdout:/usr/bin/ceph: stderr
2024-04-25T11:04:40.330+0000 7f18357fa700 1 --2- 172.21.15.43:0/443161273 >> [v2:172.21.15.43:6800/184850334,v1:172.21.15.43:6801/184850334] conn(0x7f182003d630 0x7f182003fb40 unknown :-1 s=NONE pgs=0 cs=0 l=1 rev1=0 crypto rx=0 tx=0 comp rx=0 tx=0).connect
2024-04-25T11:04:41.489 INFO:teuthology.orchestra.run.smithi043.stdout:/usr/bin/ceph: stderr
2024-04-25T11:04:40.330+0000 7f18357fa700 1 -- 172.21.15.43:0/443161273 <== mon.0 v2:172.21.15.43:3300/0 5 ==== osd_map(2..2 src has 1..2) ==== 940+0+0 (secure 0 0 0) 0x7f18280534b0 con 0x7f1838109a60
2024-04-25T11:04:41.489 INFO:teuthology.orchestra.run.smithi043.stdout:/usr/bin/ceph: stderr
2024-04-25T11:04:40.330+0000 7f183e561700 1 -- 172.21.15.43:0/443161273 --> [v2:172.21.15.43:3300/0,v1:172.21.15.43:6789/0] -- mon_command({"prefix": "get_command_descriptions"} v 0) -- 0x7f1838064cf0 con 0x7f1838109a60
2024-04-25T11:04:41.489 INFO:teuthology.orchestra.run.smithi043.stdout:/usr/bin/ceph: stderr
2024-04-25T11:04:40.330+0000 7f18377fe700 1 --2- 172.21.15.43:0/443161273 >> [v2:172.21.15.43:6800/184850334,v1:172.21.15.43:6801/184850334] conn(0x7f182003d630 0x7f182003fb40 unknown :-1 s=BANNER_CONNECTING pgs=0 cs=0 l=1 rev1=0 crypto rx=0 tx=0 comp rx=0 tx=0)._handle_peer_banner_payload supported=3 required=0
2024-04-25T11:04:41.489 INFO:teuthology.orchestra.run.smithi043.stdout:/usr/bin/ceph: stderr
2024-04-25T11:04:40.330+0000 7f18377fe700 1 --2- 172.21.15.43:0/443161273 >> [v2:172.21.15.43:6800/184850334,v1:172.21.15.43:6801/184850334] conn(0x7f182003d630 0x7f182003fb40 secure :-1 s=READY pgs=13 cs=0 l=1 rev1=1 crypto rx=0x7f182c006fd0 tx=0x7f182c006e40 comp rx=0 tx=0).ready entity=mgr.14120 client_cookie=0 server_cookie=0 in_seq=0 out_seq=0
2024-04-25T11:04:41.489 INFO:teuthology.orchestra.run.smithi043.stdout:/usr/bin/ceph: stderr
2024-04-25T11:04:40.335+0000 7f18357fa700 1 -- 172.21.15.43:0/443161273 <== mon.0 v2:172.21.15.43:3300/0 6 ==== mon_command_ack([{"prefix": "get_command_descriptions"}]=0 v0) ==== 72+0+188370 (secure 0 0 0) 0x7f18280172b0 con 0x7f1838109a60
2024-04-25T11:04:41.489 INFO:teuthology.orchestra.run.smithi043.stdout:/usr/bin/ceph: stderr
2024-04-25T11:04:40.556+0000 7f183e561700 1 -- 172.21.15.43:0/443161273 --> [v2:172.21.15.43:6800/184850334,v1:172.21.15.43:6801/184850334] -- mgr_command(tid 0: {"prefix": "orch apply", "service_type": "mgr", "unmanaged": true, "target": ["mon-mgr", ""]}) -- 0x7f18381a14b0 con 0x7f182003d630
2024-04-25T11:04:41.489 INFO:teuthology.orchestra.run.smithi043.stdout:/usr/bin/ceph: stderr
2024-04-25T11:04:40.562+0000 7f18357fa700 1 -- 172.21.15.43:0/443161273 <== mgr.14120 v2:172.21.15.43:6800/184850334 1 ==== mgr_command_reply(tid 0: 0 ) ==== 8+0+24 (secure 0 0 0) 0x7f18381a14b0 con 0x7f182003d630
2024-04-25T11:04:41.490 INFO:teuthology.orchestra.run.smithi043.stdout:/usr/bin/ceph: stderr
2024-04-25T11:04:40.564+0000 7f183e561700 1 -- 172.21.15.43:0/443161273 >> [v2:172.21.15.43:6800/184850334,v1:172.21.15.43:6801/184850334] conn(0x7f182003d630 msgr2=0x7f182003fb40 secure :-1 s=STATE_CONNECTION_ESTABLISHED l=1).mark_down
2024-04-25T11:04:41.490 INFO:teuthology.orchestra.run.smithi043.stdout:/usr/bin/ceph: stderr
2024-04-25T11:04:40.564+0000 7f183e561700 1 --2- 172.21.15.43:0/443161273 >> [v2:172.21.15.43:6800/184850334,v1:172.21.15.43:6801/184850334] conn(0x7f182003d630 0x7f182003fb40 secure :-1 s=READY pgs=13 cs=0 l=1 rev1=1 crypto rx=0x7f182c006fd0 tx=0x7f182c006e40 comp rx=0 tx=0).stop
2024-04-25T11:04:41.490 INFO:teuthology.orchestra.run.smithi043.stdout:/usr/bin/ceph: stderr
2024-04-25T11:04:40.564+0000 7f183e561700 1 -- 172.21.15.43:0/443161273 >> [v2:172.21.15.43:3300/0,v1:172.21.15.43:6789/0] conn(0x7f1838109a60 msgr2=0x7f183819de40 secure :-1 s=STATE_CONNECTION_ESTABLISHED l=1).mark_down
2024-04-25T11:04:41.490 INFO:teuthology.orchestra.run.smithi043.stdout:/usr/bin/ceph: stderr
2024-04-25T11:04:40.564+0000 7f183e561700 1 --2- 172.21.15.43:0/443161273 >> [v2:172.21.15.43:3300/0,v1:172.21.15.43:6789/0] conn(0x7f1838109a60 0x7f183819de40 secure :-1 s=READY pgs=50 cs=0 l=1 rev1=1 crypto rx=0x7f1828011890 tx=0x7f1828011970 comp rx=0 tx=0).stop
2024-04-25T11:04:41.490 INFO:teuthology.orchestra.run.smithi043.stdout:/usr/bin/ceph: stderr
2024-04-25T11:04:40.564+0000 7f183e561700 1 -- 172.21.15.43:0/443161273 shutdown_connections
2024-04-25T11:04:41.490 INFO:teuthology.orchestra.run.smithi043.stdout:/usr/bin/ceph: stderr
2024-04-25T11:04:40.564+0000 7f183e561700 1 --2- 172.21.15.43:0/443161273 >> [v2:172.21.15.43:6800/184850334,v1:172.21.15.43:6801/184850334] conn(0x7f182003d630 0x7f182003fb40 unknown :-1 s=CLOSED pgs=13 cs=0 l=1 rev1=1 crypto rx=0 tx=0 comp rx=0 tx=0).stop
2024-04-25T11:04:41.490 INFO:teuthology.orchestra.run.smithi043.stdout:/usr/bin/ceph: stderr
2024-04-25T11:04:40.564+0000 7f183e561700 1 --2- 172.21.15.43:0/443161273 >> [v2:172.21.15.43:3300/0,v1:172.21.15.43:6789/0] conn(0x7f1838109a60 0x7f183819de40 unknown :-1 s=CLOSED pgs=50 cs=0 l=1 rev1=1 crypto rx=0 tx=0 comp rx=0 tx=0).stop
2024-04-25T11:04:41.491 INFO:teuthology.orchestra.run.smithi043.stdout:/usr/bin/ceph: stderr
2024-04-25T11:04:40.564+0000 7f183e561700 1 -- 172.21.15.43:0/443161273 >> 172.21.15.43:0/443161273 conn(0x7f1838105080 msgr2=0x7f18381058f0 unknown :-1 s=STATE_NONE l=0).mark_down
2024-04-25T11:04:41.491 INFO:teuthology.orchestra.run.smithi043.stdout:/usr/bin/ceph: stderr
2024-04-25T11:04:40.564+0000 7f183e561700 1 -- 172.21.15.43:0/443161273 shutdown_connections
2024-04-25T11:04:41.491 INFO:teuthology.orchestra.run.smithi043.stdout:/usr/bin/ceph: stderr
2024-04-25T11:04:40.565+0000 7f183e561700 1 -- 172.21.15.43:0/443161273 wait complete.
2024-04-25T11:04:41.747 INFO:journalctl@ceph.mon.a.smithi043.stdout:Apr 25 11:04:41 smithi043 ceph-mon[29205]: from='client.14144 -' entity='client.admin' cmd=[{"prefix": "orch apply", "service_type": "mgr", "unmanaged": true, "target": ["mon-mgr", ""]}]: dispatch
2024-04-25T11:04:41.748 INFO:journalctl@ceph.mon.a.smithi043.stdout:Apr 25 11:04:41 smithi043 ceph-mon[29205]: Saving service mgr spec with placement count:2
2024-04-25T11:04:41.748 INFO:journalctl@ceph.mon.a.smithi043.stdout:Apr 25 11:04:41 smithi043 ceph-mon[29205]: from='mgr.14120 172.21.15.43:0/77500832' entity='mgr.x'
2024-04-25T11:04:41.748 INFO:journalctl@ceph.mon.a.smithi043.stdout:Apr 25 11:04:41 smithi043 ceph-mon[29205]: from='mgr.14120 172.21.15.43:0/77500832' entity='mgr.x'
2024-04-25T11:04:42.833 INFO:journalctl@ceph.mon.a.smithi043.stdout:Apr 25 11:04:42 smithi043 ceph-mon[29205]: from='mgr.14120 172.21.15.43:0/77500832' entity='mgr.x'
2024-04-25T11:04:42.833 INFO:journalctl@ceph.mon.a.smithi043.stdout:Apr 25 11:04:42 smithi043 ceph-mon[29205]: from='client.? 172.21.15.43:0/1440629861' entity='client.admin'
2024-04-25T11:04:43.061 INFO:teuthology.orchestra.run.smithi043.stdout:/usr/bin/ceph: stderr
2024-04-25T11:04:41.964+0000 7f18ef266700 1 Processor -- start
2024-04-25T11:04:43.068 INFO:teuthology.orchestra.run.smithi043.stdout:/usr/bin/ceph: stderr
2024-04-25T11:04:41.964+0000 7f18ef266700 1 -- start start
2024-04-25T11:04:43.068 INFO:teuthology.orchestra.run.smithi043.stdout:/usr/bin/ceph: stderr
2024-04-25T11:04:41.964+0000 7f18ef266700 1 --2- >> [v2:172.21.15.43:3300/0,v1:172.21.15.43:6789/0] conn(0x7f18e810a660 0x7f18e810ca80 unknown :-1 s=NONE pgs=0 cs=0 l=0 rev1=0 crypto rx=0 tx=0 comp rx=0 tx=0).connect
2024-04-25T11:04:43.068 INFO:teuthology.orchestra.run.smithi043.stdout:/usr/bin/ceph: stderr
2024-04-25T11:04:41.964+0000 7f18ef266700 1 -- --> [v2:172.21.15.43:3300/0,v1:172.21.15.43:6789/0] -- mon_getmap magic: 0 -- 0x7f18e807d750 con 0x7f18e810a660
2024-04-25T11:04:43.068 INFO:teuthology.orchestra.run.smithi043.stdout:/usr/bin/ceph: stderr
2024-04-25T11:04:41.965+0000 7f18ed002700 1 --2- >> [v2:172.21.15.43:3300/0,v1:172.21.15.43:6789/0] conn(0x7f18e810a660 0x7f18e810ca80 unknown :-1 s=BANNER_CONNECTING pgs=0 cs=0 l=0 rev1=0 crypto rx=0 tx=0 comp rx=0 tx=0)._handle_peer_banner_payload supported=3 required=0
2024-04-25T11:04:43.068 INFO:teuthology.orchestra.run.smithi043.stdout:/usr/bin/ceph: stderr
2024-04-25T11:04:41.965+0000 7f18ed002700 1 --2- >> [v2:172.21.15.43:3300/0,v1:172.21.15.43:6789/0] conn(0x7f18e810a660 0x7f18e810ca80 unknown :-1 s=HELLO_CONNECTING pgs=0 cs=0 l=0 rev1=1 crypto rx=0 tx=0 comp rx=0 tx=0).handle_hello peer v2:172.21.15.43:3300/0 says I am v2:172.21.15.43:52382/0 (socket says 172.21.15.43:52382)
2024-04-25T11:04:43.068 INFO:teuthology.orchestra.run.smithi043.stdout:/usr/bin/ceph: stderr
2024-04-25T11:04:41.965+0000 7f18ed002700 1 -- 172.21.15.43:0/1254430778 learned_addr learned my addr 172.21.15.43:0/1254430778 (peer_addr_for_me v2:172.21.15.43:0/0)
2024-04-25T11:04:43.068 INFO:teuthology.orchestra.run.smithi043.stdout:/usr/bin/ceph: stderr
2024-04-25T11:04:41.965+0000 7f18ed002700 1 -- 172.21.15.43:0/1254430778 --> [v2:172.21.15.43:3300/0,v1:172.21.15.43:6789/0] -- mon_subscribe({config=0+,monmap=0+}) -- 0x7f18e810cfc0 con 0x7f18e810a660
2024-04-25T11:04:43.069 INFO:teuthology.orchestra.run.smithi043.stdout:/usr/bin/ceph: stderr
2024-04-25T11:04:41.965+0000 7f18ed002700 1 --2- 172.21.15.43:0/1254430778 >> [v2:172.21.15.43:3300/0,v1:172.21.15.43:6789/0] conn(0x7f18e810a660 0x7f18e810ca80 secure :-1 s=READY pgs=51 cs=0 l=1 rev1=1 crypto rx=0x7f18e40098a0 tx=0x7f18e4009bb0 comp rx=0 tx=0).ready entity=mon.0 client_cookie=e4ff11a037c3b547 server_cookie=0 in_seq=0 out_seq=0
2024-04-25T11:04:43.069 INFO:teuthology.orchestra.run.smithi043.stdout:/usr/bin/ceph: stderr
2024-04-25T11:04:41.966+0000 7f18dffff700 1 -- 172.21.15.43:0/1254430778 <== mon.0 v2:172.21.15.43:3300/0 1 ==== mon_map magic: 0 ==== 205+0+0 (secure 0 0 0) 0x7f18e4004160 con 0x7f18e810a660
2024-04-25T11:04:43.069 INFO:teuthology.orchestra.run.smithi043.stdout:/usr/bin/ceph: stderr
2024-04-25T11:04:41.966+0000 7f18dffff700 1 -- 172.21.15.43:0/1254430778 <== mon.0 v2:172.21.15.43:3300/0 2 ==== config(26 keys) ==== 1101+0+0 (secure 0 0 0) 0x7f18e4004300 con 0x7f18e810a660
2024-04-25T11:04:43.069 INFO:teuthology.orchestra.run.smithi043.stdout:/usr/bin/ceph: stderr
2024-04-25T11:04:41.966+0000 7f18dffff700 1 -- 172.21.15.43:0/1254430778 <== mon.0 v2:172.21.15.43:3300/0 3 ==== mon_map magic: 0 ==== 205+0+0 (secure 0 0 0) 0x7f18e4011a20 con 0x7f18e810a660
2024-04-25T11:04:43.069 INFO:teuthology.orchestra.run.smithi043.stdout:/usr/bin/ceph: stderr
2024-04-25T11:04:41.967+0000 7f18ef266700 1 -- 172.21.15.43:0/1254430778 >> [v2:172.21.15.43:3300/0,v1:172.21.15.43:6789/0] conn(0x7f18e810a660 msgr2=0x7f18e810ca80 secure :-1 s=STATE_CONNECTION_ESTABLISHED l=1).mark_down
2024-04-25T11:04:43.069 INFO:teuthology.orchestra.run.smithi043.stdout:/usr/bin/ceph: stderr
2024-04-25T11:04:41.967+0000 7f18ef266700 1 --2- 172.21.15.43:0/1254430778 >> [v2:172.21.15.43:3300/0,v1:172.21.15.43:6789/0] conn(0x7f18e810a660 0x7f18e810ca80 secure :-1 s=READY pgs=51 cs=0 l=1 rev1=1 crypto rx=0x7f18e40098a0 tx=0x7f18e4009bb0 comp rx=0 tx=0).stop
2024-04-25T11:04:43.069 INFO:teuthology.orchestra.run.smithi043.stdout:/usr/bin/ceph: stderr
2024-04-25T11:04:41.967+0000 7f18ef266700 1 -- 172.21.15.43:0/1254430778 shutdown_connections
2024-04-25T11:04:43.069 INFO:teuthology.orchestra.run.smithi043.stdout:/usr/bin/ceph: stderr
2024-04-25T11:04:41.967+0000 7f18ef266700 1 --2- 172.21.15.43:0/1254430778 >> [v2:172.21.15.43:3300/0,v1:172.21.15.43:6789/0] conn(0x7f18e810a660 0x7f18e810ca80 unknown :-1 s=CLOSED pgs=51 cs=0 l=1 rev1=1 crypto rx=0 tx=0 comp rx=0 tx=0).stop
2024-04-25T11:04:43.069 INFO:teuthology.orchestra.run.smithi043.stdout:/usr/bin/ceph: stderr
2024-04-25T11:04:41.967+0000 7f18ef266700 1 -- 172.21.15.43:0/1254430778 >> 172.21.15.43:0/1254430778 conn(0x7f18e8104080 msgr2=0x7f18e81064f0 unknown :-1 s=STATE_NONE l=0).mark_down
2024-04-25T11:04:43.069 INFO:teuthology.orchestra.run.smithi043.stdout:/usr/bin/ceph: stderr
2024-04-25T11:04:41.967+0000 7f18ef266700 1 -- 172.21.15.43:0/1254430778 shutdown_connections
2024-04-25T11:04:43.069 INFO:teuthology.orchestra.run.smithi043.stdout:/usr/bin/ceph: stderr
2024-04-25T11:04:41.967+0000 7f18ef266700 1 -- 172.21.15.43:0/1254430778 wait complete.
2024-04-25T11:04:43.069 INFO:teuthology.orchestra.run.smithi043.stdout:/usr/bin/ceph: stderr
2024-04-25T11:04:41.968+0000 7f18ef266700 1 Processor -- start
2024-04-25T11:04:43.070 INFO:teuthology.orchestra.run.smithi043.stdout:/usr/bin/ceph: stderr
2024-04-25T11:04:41.968+0000 7f18ef266700 1 -- start start
2024-04-25T11:04:43.070 INFO:teuthology.orchestra.run.smithi043.stdout:/usr/bin/ceph: stderr
2024-04-25T11:04:41.968+0000 7f18ef266700 1 --2- >> [v2:172.21.15.43:3300/0,v1:172.21.15.43:6789/0] conn(0x7f18e810a660 0x7f18e819de70 unknown :-1 s=NONE pgs=0 cs=0 l=1 rev1=0 crypto rx=0 tx=0 comp rx=0 tx=0).connect
2024-04-25T11:04:43.070 INFO:teuthology.orchestra.run.smithi043.stdout:/usr/bin/ceph: stderr
2024-04-25T11:04:41.968+0000 7f18ef266700 1 -- --> [v2:172.21.15.43:3300/0,v1:172.21.15.43:6789/0] -- mon_getmap magic: 0 -- 0x7f18e810dfc0 con 0x7f18e810a660
2024-04-25T11:04:43.070 INFO:teuthology.orchestra.run.smithi043.stdout:/usr/bin/ceph: stderr
2024-04-25T11:04:41.968+0000 7f18ed002700 1 --2- >> [v2:172.21.15.43:3300/0,v1:172.21.15.43:6789/0] conn(0x7f18e810a660 0x7f18e819de70 unknown :-1 s=BANNER_CONNECTING pgs=0 cs=0 l=1 rev1=0 crypto rx=0 tx=0 comp rx=0 tx=0)._handle_peer_banner_payload supported=3 required=0
2024-04-25T11:04:43.070 INFO:teuthology.orchestra.run.smithi043.stdout:/usr/bin/ceph: stderr
2024-04-25T11:04:41.968+0000 7f18ed002700 1 --2- >> [v2:172.21.15.43:3300/0,v1:172.21.15.43:6789/0] conn(0x7f18e810a660 0x7f18e819de70 unknown :-1 s=HELLO_CONNECTING pgs=0 cs=0 l=1 rev1=1 crypto rx=0 tx=0 comp rx=0 tx=0).handle_hello peer v2:172.21.15.43:3300/0 says I am v2:172.21.15.43:52396/0 (socket says 172.21.15.43:52396)
2024-04-25T11:04:43.070 INFO:teuthology.orchestra.run.smithi043.stdout:/usr/bin/ceph: stderr
2024-04-25T11:04:41.968+0000 7f18ed002700 1 -- 172.21.15.43:0/1440629861 learned_addr learned my addr 172.21.15.43:0/1440629861 (peer_addr_for_me v2:172.21.15.43:0/0)
2024-04-25T11:04:43.070 INFO:teuthology.orchestra.run.smithi043.stdout:/usr/bin/ceph: stderr
2024-04-25T11:04:41.969+0000 7f18ed002700 1 -- 172.21.15.43:0/1440629861 --> [v2:172.21.15.43:3300/0,v1:172.21.15.43:6789/0] -- mon_subscribe({config=0+,monmap=0+}) -- 0x7f18e819e3b0 con 0x7f18e810a660
2024-04-25T11:04:43.070 INFO:teuthology.orchestra.run.smithi043.stdout:/usr/bin/ceph: stderr
2024-04-25T11:04:41.969+0000 7f18ed002700 1 --2- 172.21.15.43:0/1440629861 >> [v2:172.21.15.43:3300/0,v1:172.21.15.43:6789/0] conn(0x7f18e810a660 0x7f18e819de70 secure :-1 s=READY pgs=52 cs=0 l=1 rev1=1 crypto rx=0x7f18e40119f0 tx=0x7f18e4011ad0 comp rx=0 tx=0).ready entity=mon.0 client_cookie=0 server_cookie=0 in_seq=0 out_seq=0
2024-04-25T11:04:43.070 INFO:teuthology.orchestra.run.smithi043.stdout:/usr/bin/ceph: stderr
2024-04-25T11:04:41.969+0000 7f18de7fc700 1 -- 172.21.15.43:0/1440629861 <== mon.0 v2:172.21.15.43:3300/0 1 ==== mon_map magic: 0 ==== 205+0+0 (secure 0 0 0) 0x7f18e40039e0 con 0x7f18e810a660
2024-04-25T11:04:43.070 INFO:teuthology.orchestra.run.smithi043.stdout:/usr/bin/ceph: stderr
2024-04-25T11:04:41.969+0000 7f18de7fc700 1 -- 172.21.15.43:0/1440629861 <== mon.0 v2:172.21.15.43:3300/0 2 ==== config(26 keys) ==== 1101+0+0 (secure 0 0 0) 0x7f18e401b8f0 con 0x7f18e810a660
2024-04-25T11:04:43.071 INFO:teuthology.orchestra.run.smithi043.stdout:/usr/bin/ceph: stderr
2024-04-25T11:04:41.969+0000 7f18ef266700 1 -- 172.21.15.43:0/1440629861 --> [v2:172.21.15.43:3300/0,v1:172.21.15.43:6789/0] -- mon_subscribe({mgrmap=0+}) -- 0x7f18e819e640 con 0x7f18e810a660
2024-04-25T11:04:43.071 INFO:teuthology.orchestra.run.smithi043.stdout:/usr/bin/ceph: stderr
2024-04-25T11:04:41.969+0000 7f18de7fc700 1 -- 172.21.15.43:0/1440629861 <== mon.0 v2:172.21.15.43:3300/0 3 ==== mon_map magic: 0 ==== 205+0+0 (secure 0 0 0) 0x7f18e40237a0 con 0x7f18e810a660
2024-04-25T11:04:43.071 INFO:teuthology.orchestra.run.smithi043.stdout:/usr/bin/ceph: stderr
2024-04-25T11:04:41.969+0000 7f18ef266700 1 -- 172.21.15.43:0/1440629861 --> [v2:172.21.15.43:3300/0,v1:172.21.15.43:6789/0] -- mon_subscribe({osdmap=0}) -- 0x7f18e81a1250 con 0x7f18e810a660
2024-04-25T11:04:43.071 INFO:teuthology.orchestra.run.smithi043.stdout:/usr/bin/ceph: stderr
2024-04-25T11:04:41.970+0000 7f18de7fc700 1 -- 172.21.15.43:0/1440629861 <== mon.0 v2:172.21.15.43:3300/0 4 ==== mgrmap(e 8) ==== 49516+0+0 (secure 0 0 0) 0x7f18e402c3f0 con 0x7f18e810a660
2024-04-25T11:04:43.071 INFO:teuthology.orchestra.run.smithi043.stdout:/usr/bin/ceph: stderr
2024-04-25T11:04:41.970+0000 7f18de7fc700 1 --2- 172.21.15.43:0/1440629861 >> [v2:172.21.15.43:6800/184850334,v1:172.21.15.43:6801/184850334] conn(0x7f18d403d5e0 0x7f18d403faf0 unknown :-1 s=NONE pgs=0 cs=0 l=1 rev1=0 crypto rx=0 tx=0 comp rx=0 tx=0).connect
2024-04-25T11:04:43.071 INFO:teuthology.orchestra.run.smithi043.stdout:/usr/bin/ceph: stderr
2024-04-25T11:04:41.970+0000 7f18de7fc700 1 -- 172.21.15.43:0/1440629861 <== mon.0 v2:172.21.15.43:3300/0 5 ==== osd_map(2..2 src has 1..2) ==== 940+0+0 (secure 0 0 0) 0x7f18e4052cc0 con 0x7f18e810a660
2024-04-25T11:04:43.071 INFO:teuthology.orchestra.run.smithi043.stdout:/usr/bin/ceph: stderr
2024-04-25T11:04:41.970+0000 7f18ef266700 1 -- 172.21.15.43:0/1440629861 --> [v2:172.21.15.43:3300/0,v1:172.21.15.43:6789/0] -- mon_command({"prefix": "get_command_descriptions"} v 0) -- 0x7f18e8064cf0 con 0x7f18e810a660
2024-04-25T11:04:43.071 INFO:teuthology.orchestra.run.smithi043.stdout:/usr/bin/ceph: stderr
2024-04-25T11:04:41.971+0000 7f18ec801700 1 --2- 172.21.15.43:0/1440629861 >> [v2:172.21.15.43:6800/184850334,v1:172.21.15.43:6801/184850334] conn(0x7f18d403d5e0 0x7f18d403faf0 unknown :-1 s=BANNER_CONNECTING pgs=0 cs=0 l=1 rev1=0 crypto rx=0 tx=0 comp rx=0 tx=0)._handle_peer_banner_payload supported=3 required=0
2024-04-25T11:04:43.071 INFO:teuthology.orchestra.run.smithi043.stdout:/usr/bin/ceph: stderr
2024-04-25T11:04:41.971+0000 7f18ec801700 1 --2- 172.21.15.43:0/1440629861 >> [v2:172.21.15.43:6800/184850334,v1:172.21.15.43:6801/184850334] conn(0x7f18d403d5e0 0x7f18d403faf0 secure :-1 s=READY pgs=14 cs=0 l=1 rev1=1 crypto rx=0x7f18d8006fd0 tx=0x7f18d8006e40 comp rx=0 tx=0).ready entity=mgr.14120 client_cookie=0 server_cookie=0 in_seq=0 out_seq=0
2024-04-25T11:04:43.071 INFO:teuthology.orchestra.run.smithi043.stdout:/usr/bin/ceph: stderr
2024-04-25T11:04:41.976+0000 7f18de7fc700 1 -- 172.21.15.43:0/1440629861 <== mon.0 v2:172.21.15.43:3300/0 6 ==== mon_command_ack([{"prefix": "get_command_descriptions"}]=0 v0) ==== 72+0+188370 (secure 0 0 0) 0x7f18e401f030 con 0x7f18e810a660
2024-04-25T11:04:43.071 INFO:teuthology.orchestra.run.smithi043.stdout:/usr/bin/ceph: stderr
2024-04-25T11:04:42.241+0000 7f18ef266700 1 -- 172.21.15.43:0/1440629861 --> [v2:172.21.15.43:3300/0,v1:172.21.15.43:6789/0] -- mon_command([{prefix=config set, name=mgr/cephadm/container_init}] v 0) -- 0x7f18e81a1420 con 0x7f18e810a660
2024-04-25T11:04:43.072 INFO:teuthology.orchestra.run.smithi043.stdout:/usr/bin/ceph: stderr
2024-04-25T11:04:42.245+0000 7f18de7fc700 1 -- 172.21.15.43:0/1440629861 <== mon.0 v2:172.21.15.43:3300/0 7 ==== mon_command_ack([{prefix=config set, name=mgr/cephadm/container_init}]=0 v7)=0 v7) ==== 142+0+0 (secure 0 0 0) 0x7f18e4018e30 con 0x7f18e810a660
2024-04-25T11:04:43.072 INFO:teuthology.orchestra.run.smithi043.stdout:/usr/bin/ceph: stderr
2024-04-25T11:04:42.248+0000 7f18ef266700 1 -- 172.21.15.43:0/1440629861 >> [v2:172.21.15.43:6800/184850334,v1:172.21.15.43:6801/184850334] conn(0x7f18d403d5e0 msgr2=0x7f18d403faf0 secure :-1 s=STATE_CONNECTION_ESTABLISHED l=1).mark_down
2024-04-25T11:04:43.072 INFO:teuthology.orchestra.run.smithi043.stdout:/usr/bin/ceph: stderr
2024-04-25T11:04:42.248+0000 7f18ef266700 1 --2- 172.21.15.43:0/1440629861 >> [v2:172.21.15.43:6800/184850334,v1:172.21.15.43:6801/184850334] conn(0x7f18d403d5e0 0x7f18d403faf0 secure :-1 s=READY pgs=14 cs=0 l=1 rev1=1 crypto rx=0x7f18d8006fd0 tx=0x7f18d8006e40 comp rx=0 tx=0).stop
2024-04-25T11:04:43.072 INFO:teuthology.orchestra.run.smithi043.stdout:/usr/bin/ceph: stderr
2024-04-25T11:04:42.248+0000 7f18ef266700 1 -- 172.21.15.43:0/1440629861 >> [v2:172.21.15.43:3300/0,v1:172.21.15.43:6789/0] conn(0x7f18e810a660 msgr2=0x7f18e819de70 secure :-1 s=STATE_CONNECTION_ESTABLISHED l=1).mark_down
2024-04-25T11:04:43.072 INFO:teuthology.orchestra.run.smithi043.stdout:/usr/bin/ceph: stderr
2024-04-25T11:04:42.248+0000 7f18ef266700 1 --2- 172.21.15.43:0/1440629861 >> [v2:172.21.15.43:3300/0,v1:172.21.15.43:6789/0] conn(0x7f18e810a660 0x7f18e819de70 secure :-1 s=READY pgs=52 cs=0 l=1 rev1=1 crypto rx=0x7f18e40119f0 tx=0x7f18e4011ad0 comp rx=0 tx=0).stop
2024-04-25T11:04:43.072 INFO:teuthology.orchestra.run.smithi043.stdout:/usr/bin/ceph: stderr
2024-04-25T11:04:42.248+0000 7f18ef266700 1 -- 172.21.15.43:0/1440629861 shutdown_connections
2024-04-25T11:04:43.072 INFO:teuthology.orchestra.run.smithi043.stdout:/usr/bin/ceph: stderr
2024-04-25T11:04:42.248+0000 7f18ef266700 1 --2- 172.21.15.43:0/1440629861 >> [v2:172.21.15.43:6800/184850334,v1:172.21.15.43:6801/184850334] conn(0x7f18d403d5e0 0x7f18d403faf0 unknown :-1 s=CLOSED pgs=14 cs=0 l=1 rev1=1 crypto rx=0 tx=0 comp rx=0 tx=0).stop
2024-04-25T11:04:43.072 INFO:teuthology.orchestra.run.smithi043.stdout:/usr/bin/ceph: stderr
2024-04-25T11:04:42.248+0000 7f18ef266700 1 --2- 172.21.15.43:0/1440629861 >> [v2:172.21.15.43:3300/0,v1:172.21.15.43:6789/0] conn(0x7f18e810a660 0x7f18e819de70 unknown :-1 s=CLOSED pgs=52 cs=0 l=1 rev1=1 crypto rx=0 tx=0 comp rx=0 tx=0).stop
2024-04-25T11:04:43.072 INFO:teuthology.orchestra.run.smithi043.stdout:/usr/bin/ceph: stderr
2024-04-25T11:04:42.248+0000 7f18ef266700 1 -- 172.21.15.43:0/1440629861 >> 172.21.15.43:0/1440629861 conn(0x7f18e8104080 msgr2=0x7f18e8104880 unknown :-1 s=STATE_NONE l=0).mark_down
2024-04-25T11:04:43.073 INFO:teuthology.orchestra.run.smithi043.stdout:/usr/bin/ceph: stderr
2024-04-25T11:04:42.248+0000 7f18ef266700 1 -- 172.21.15.43:0/1440629861 shutdown_connections
2024-04-25T11:04:43.073 INFO:teuthology.orchestra.run.smithi043.stdout:/usr/bin/ceph: stderr
2024-04-25T11:04:42.248+0000 7f18ef266700 1 -- 172.21.15.43:0/1440629861 wait complete.
2024-04-25T11:04:44.666 INFO:journalctl@ceph.mon.a.smithi043.stdout:Apr 25 11:04:44 smithi043 ceph-mon[29205]: from='mgr.14120 172.21.15.43:0/77500832' entity='mgr.x'
2024-04-25T11:04:44.666 INFO:journalctl@ceph.mon.a.smithi043.stdout:Apr 25 11:04:44 smithi043 ceph-mon[29205]: from='client.? 172.21.15.43:0/2339167880' entity='client.admin'
2024-04-25T11:04:44.673 INFO:teuthology.orchestra.run.smithi043.stdout:/usr/bin/ceph: stderr
2024-04-25T11:04:43.855+0000 7f9b905e7700 1 Processor -- start
2024-04-25T11:04:44.673 INFO:teuthology.orchestra.run.smithi043.stdout:/usr/bin/ceph: stderr
2024-04-25T11:04:43.855+0000 7f9b905e7700 1 -- start start
2024-04-25T11:04:44.673 INFO:teuthology.orchestra.run.smithi043.stdout:/usr/bin/ceph: stderr
2024-04-25T11:04:43.856+0000 7f9b905e7700 1 --2- >> [v2:172.21.15.43:3300/0,v1:172.21.15.43:6789/0] conn(0x7f9b88109ad0 0x7f9b88109ee0 unknown :-1 s=NONE pgs=0 cs=0 l=0 rev1=0 crypto rx=0 tx=0 comp rx=0 tx=0).connect
2024-04-25T11:04:44.674 INFO:teuthology.orchestra.run.smithi043.stdout:/usr/bin/ceph: stderr
2024-04-25T11:04:43.856+0000 7f9b905e7700 1 -- --> [v2:172.21.15.43:3300/0,v1:172.21.15.43:6789/0] -- mon_getmap magic: 0 -- 0x7f9b8810a4d0 con 0x7f9b88109ad0
2024-04-25T11:04:44.674 INFO:teuthology.orchestra.run.smithi043.stdout:/usr/bin/ceph: stderr
