2024-04-25T11:06:16.582+0000 7fbdf5d9b700 1 --2- 172.21.15.40:0/878961193 >> [v2:172.21.15.40:6800/3438779248,v1:172.21.15.40:6801/3438779248] conn(0x7fbde403d630 0x7fbde403fb40 unknown :-1 s=BANNER_CONNECTING pgs=0 cs=0 l=1 rev1=0 crypto rx=0 tx=0 comp rx=0 tx=0)._handle_peer_banner_payload supported=3 required=0
2024-04-25T11:06:18.157 INFO:teuthology.orchestra.run.smithi040.stdout:/usr/bin/ceph: stderr
2024-04-25T11:06:16.582+0000 7fbdfcbdb700 1 -- 172.21.15.40:0/878961193 --> [v2:172.21.15.40:3300/0,v1:172.21.15.40:6789/0] -- mon_command({"prefix": "get_command_descriptions"} v 0) -- 0x7fbdf8064cf0 con 0x7fbdf8109b00
2024-04-25T11:06:18.157 INFO:teuthology.orchestra.run.smithi040.stdout:/usr/bin/ceph: stderr
2024-04-25T11:06:16.582+0000 7fbdf5d9b700 1 --2- 172.21.15.40:0/878961193 >> [v2:172.21.15.40:6800/3438779248,v1:172.21.15.40:6801/3438779248] conn(0x7fbde403d630 0x7fbde403fb40 secure :-1 s=READY pgs=12 cs=0 l=1 rev1=1 crypto rx=0x7fbde0006fd0 tx=0x7fbde0006e40 comp rx=0 tx=0).ready entity=mgr.14118 client_cookie=0 server_cookie=0 in_seq=0 out_seq=0
2024-04-25T11:06:18.157 INFO:teuthology.orchestra.run.smithi040.stdout:/usr/bin/ceph: stderr
2024-04-25T11:06:16.588+0000 7fbdef7fe700 1 -- 172.21.15.40:0/878961193 <== mon.0 v2:172.21.15.40:3300/0 6 ==== mon_command_ack([{"prefix": "get_command_descriptions"}]=0 v0) ==== 72+0+188370 (secure 0 0 0) 0x7fbdf002b020 con 0x7fbdf8109b00
2024-04-25T11:06:18.157 INFO:teuthology.orchestra.run.smithi040.stdout:/usr/bin/ceph: stderr
2024-04-25T11:06:16.818+0000 7fbdfcbdb700 1 -- 172.21.15.40:0/878961193 --> [v2:172.21.15.40:6800/3438779248,v1:172.21.15.40:6801/3438779248] -- mgr_command(tid 0: {"prefix": "orch apply", "service_type": "mon", "unmanaged": true, "target": ["mon-mgr", ""]}) -- 0x7fbdf81060c0 con 0x7fbde403d630
2024-04-25T11:06:18.157 INFO:teuthology.orchestra.run.smithi040.stdout:/usr/bin/ceph: stderr
2024-04-25T11:06:16.826+0000 7fbdef7fe700 1 -- 172.21.15.40:0/878961193 <== mgr.14118 v2:172.21.15.40:6800/3438779248 1 ==== mgr_command_reply(tid 0: 0 ) ==== 8+0+24 (secure 0 0 0) 0x7fbdf81060c0 con 0x7fbde403d630
2024-04-25T11:06:18.157 INFO:teuthology.orchestra.run.smithi040.stdout:/usr/bin/ceph: stderr
2024-04-25T11:06:16.828+0000 7fbdfcbdb700 1 -- 172.21.15.40:0/878961193 >> [v2:172.21.15.40:6800/3438779248,v1:172.21.15.40:6801/3438779248] conn(0x7fbde403d630 msgr2=0x7fbde403fb40 secure :-1 s=STATE_CONNECTION_ESTABLISHED l=1).mark_down
2024-04-25T11:06:18.158 INFO:teuthology.orchestra.run.smithi040.stdout:/usr/bin/ceph: stderr
2024-04-25T11:06:16.828+0000 7fbdfcbdb700 1 --2- 172.21.15.40:0/878961193 >> [v2:172.21.15.40:6800/3438779248,v1:172.21.15.40:6801/3438779248] conn(0x7fbde403d630 0x7fbde403fb40 secure :-1 s=READY pgs=12 cs=0 l=1 rev1=1 crypto rx=0x7fbde0006fd0 tx=0x7fbde0006e40 comp rx=0 tx=0).stop
2024-04-25T11:06:18.158 INFO:teuthology.orchestra.run.smithi040.stdout:/usr/bin/ceph: stderr
2024-04-25T11:06:16.828+0000 7fbdfcbdb700 1 -- 172.21.15.40:0/878961193 >> [v2:172.21.15.40:3300/0,v1:172.21.15.40:6789/0] conn(0x7fbdf8109b00 msgr2=0x7fbdf819dd60 secure :-1 s=STATE_CONNECTION_ESTABLISHED l=1).mark_down
2024-04-25T11:06:18.158 INFO:teuthology.orchestra.run.smithi040.stdout:/usr/bin/ceph: stderr
2024-04-25T11:06:16.828+0000 7fbdfcbdb700 1 --2- 172.21.15.40:0/878961193 >> [v2:172.21.15.40:3300/0,v1:172.21.15.40:6789/0] conn(0x7fbdf8109b00 0x7fbdf819dd60 secure :-1 s=READY pgs=46 cs=0 l=1 rev1=1 crypto rx=0x7fbdf0009e50 tx=0x7fbdf000be90 comp rx=0 tx=0).stop
2024-04-25T11:06:18.158 INFO:teuthology.orchestra.run.smithi040.stdout:/usr/bin/ceph: stderr
2024-04-25T11:06:16.828+0000 7fbdfcbdb700 1 -- 172.21.15.40:0/878961193 shutdown_connections
2024-04-25T11:06:18.158 INFO:teuthology.orchestra.run.smithi040.stdout:/usr/bin/ceph: stderr
2024-04-25T11:06:16.828+0000 7fbdfcbdb700 1 --2- 172.21.15.40:0/878961193 >> [v2:172.21.15.40:6800/3438779248,v1:172.21.15.40:6801/3438779248] conn(0x7fbde403d630 0x7fbde403fb40 unknown :-1 s=CLOSED pgs=12 cs=0 l=1 rev1=1 crypto rx=0 tx=0 comp rx=0 tx=0).stop
2024-04-25T11:06:18.158 INFO:teuthology.orchestra.run.smithi040.stdout:/usr/bin/ceph: stderr
2024-04-25T11:06:16.828+0000 7fbdfcbdb700 1 --2- 172.21.15.40:0/878961193 >> [v2:172.21.15.40:3300/0,v1:172.21.15.40:6789/0] conn(0x7fbdf8109b00 0x7fbdf819dd60 unknown :-1 s=CLOSED pgs=46 cs=0 l=1 rev1=1 crypto rx=0 tx=0 comp rx=0 tx=0).stop
2024-04-25T11:06:18.158 INFO:teuthology.orchestra.run.smithi040.stdout:/usr/bin/ceph: stderr
2024-04-25T11:06:16.828+0000 7fbdfcbdb700 1 -- 172.21.15.40:0/878961193 >> 172.21.15.40:0/878961193 conn(0x7fbdf8105160 msgr2=0x7fbdf81059b0 unknown :-1 s=STATE_NONE l=0).mark_down
2024-04-25T11:06:18.158 INFO:teuthology.orchestra.run.smithi040.stdout:/usr/bin/ceph: stderr
2024-04-25T11:06:16.828+0000 7fbdfcbdb700 1 -- 172.21.15.40:0/878961193 shutdown_connections
2024-04-25T11:06:18.158 INFO:teuthology.orchestra.run.smithi040.stdout:/usr/bin/ceph: stderr
2024-04-25T11:06:16.829+0000 7fbdfcbdb700 1 -- 172.21.15.40:0/878961193 wait complete.
2024-04-25T11:06:18.158 INFO:teuthology.orchestra.run.smithi040.stdout:Deploying unmanaged mgr service...
2024-04-25T11:06:19.463 INFO:teuthology.orchestra.run.smithi040.stdout:/usr/bin/ceph: stdout Scheduled mgr update...
2024-04-25T11:06:19.464 INFO:teuthology.orchestra.run.smithi040.stdout:/usr/bin/ceph: stderr
2024-04-25T11:06:18.571+0000 7f4c95db5700 1 Processor -- start
2024-04-25T11:06:19.464 INFO:teuthology.orchestra.run.smithi040.stdout:/usr/bin/ceph: stderr
2024-04-25T11:06:18.571+0000 7f4c95db5700 1 -- start start
2024-04-25T11:06:19.464 INFO:teuthology.orchestra.run.smithi040.stdout:/usr/bin/ceph: stderr
2024-04-25T11:06:18.571+0000 7f4c95db5700 1 --2- >> [v2:172.21.15.40:3300/0,v1:172.21.15.40:6789/0] conn(0x7f4c90109b10 0x7f4c90109f20 unknown :-1 s=NONE pgs=0 cs=0 l=0 rev1=0 crypto rx=0 tx=0 comp rx=0 tx=0).connect
2024-04-25T11:06:19.464 INFO:teuthology.orchestra.run.smithi040.stdout:/usr/bin/ceph: stderr
2024-04-25T11:06:18.571+0000 7f4c95db5700 1 -- --> [v2:172.21.15.40:3300/0,v1:172.21.15.40:6789/0] -- mon_getmap magic: 0 -- 0x7f4c9010a510 con 0x7f4c90109b10
2024-04-25T11:06:19.464 INFO:teuthology.orchestra.run.smithi040.stdout:/usr/bin/ceph: stderr
2024-04-25T11:06:18.571+0000 7f4c8f7fe700 1 --2- >> [v2:172.21.15.40:3300/0,v1:172.21.15.40:6789/0] conn(0x7f4c90109b10 0x7f4c90109f20 unknown :-1 s=BANNER_CONNECTING pgs=0 cs=0 l=0 rev1=0 crypto rx=0 tx=0 comp rx=0 tx=0)._handle_peer_banner_payload supported=3 required=0
2024-04-25T11:06:19.464 INFO:teuthology.orchestra.run.smithi040.stdout:/usr/bin/ceph: stderr
2024-04-25T11:06:18.571+0000 7f4c8f7fe700 1 --2- >> [v2:172.21.15.40:3300/0,v1:172.21.15.40:6789/0] conn(0x7f4c90109b10 0x7f4c90109f20 unknown :-1 s=HELLO_CONNECTING pgs=0 cs=0 l=0 rev1=1 crypto rx=0 tx=0 comp rx=0 tx=0).handle_hello peer v2:172.21.15.40:3300/0 says I am v2:172.21.15.40:39156/0 (socket says 172.21.15.40:39156)
2024-04-25T11:06:19.464 INFO:teuthology.orchestra.run.smithi040.stdout:/usr/bin/ceph: stderr
2024-04-25T11:06:18.571+0000 7f4c8f7fe700 1 -- 172.21.15.40:0/1793861200 learned_addr learned my addr 172.21.15.40:0/1793861200 (peer_addr_for_me v2:172.21.15.40:0/0)
2024-04-25T11:06:19.464 INFO:teuthology.orchestra.run.smithi040.stdout:/usr/bin/ceph: stderr
2024-04-25T11:06:18.572+0000 7f4c8f7fe700 1 -- 172.21.15.40:0/1793861200 --> [v2:172.21.15.40:3300/0,v1:172.21.15.40:6789/0] -- mon_subscribe({config=0+,monmap=0+}) -- 0x7f4c9010ac40 con 0x7f4c90109b10
2024-04-25T11:06:19.464 INFO:teuthology.orchestra.run.smithi040.stdout:/usr/bin/ceph: stderr
2024-04-25T11:06:18.572+0000 7f4c8f7fe700 1 --2- 172.21.15.40:0/1793861200 >> [v2:172.21.15.40:3300/0,v1:172.21.15.40:6789/0] conn(0x7f4c90109b10 0x7f4c90109f20 secure :-1 s=READY pgs=47 cs=0 l=1 rev1=1 crypto rx=0x7f4c800098a0 tx=0x7f4c80009bb0 comp rx=0 tx=0).ready entity=mon.0 client_cookie=fd6bcdaceb6cd117 server_cookie=0 in_seq=0 out_seq=0
2024-04-25T11:06:19.464 INFO:teuthology.orchestra.run.smithi040.stdout:/usr/bin/ceph: stderr
2024-04-25T11:06:18.572+0000 7f4c8e7fc700 1 -- 172.21.15.40:0/1793861200 <== mon.0 v2:172.21.15.40:3300/0 1 ==== mon_map magic: 0 ==== 205+0+0 (secure 0 0 0) 0x7f4c80004160 con 0x7f4c90109b10
2024-04-25T11:06:19.464 INFO:teuthology.orchestra.run.smithi040.stdout:/usr/bin/ceph: stderr
2024-04-25T11:06:18.572+0000 7f4c8e7fc700 1 -- 172.21.15.40:0/1793861200 <== mon.0 v2:172.21.15.40:3300/0 2 ==== config(26 keys) ==== 1097+0+0 (secure 0 0 0) 0x7f4c80004300 con 0x7f4c90109b10
2024-04-25T11:06:19.464 INFO:teuthology.orchestra.run.smithi040.stdout:/usr/bin/ceph: stderr
2024-04-25T11:06:18.572+0000 7f4c8e7fc700 1 -- 172.21.15.40:0/1793861200 <== mon.0 v2:172.21.15.40:3300/0 3 ==== mon_map magic: 0 ==== 205+0+0 (secure 0 0 0) 0x7f4c80011a20 con 0x7f4c90109b10
2024-04-25T11:06:19.464 INFO:teuthology.orchestra.run.smithi040.stdout:/usr/bin/ceph: stderr
2024-04-25T11:06:18.573+0000 7f4c95db5700 1 -- 172.21.15.40:0/1793861200 >> [v2:172.21.15.40:3300/0,v1:172.21.15.40:6789/0] conn(0x7f4c90109b10 msgr2=0x7f4c90109f20 secure :-1 s=STATE_CONNECTION_ESTABLISHED l=1).mark_down
2024-04-25T11:06:19.465 INFO:teuthology.orchestra.run.smithi040.stdout:/usr/bin/ceph: stderr
2024-04-25T11:06:18.573+0000 7f4c95db5700 1 --2- 172.21.15.40:0/1793861200 >> [v2:172.21.15.40:3300/0,v1:172.21.15.40:6789/0] conn(0x7f4c90109b10 0x7f4c90109f20 secure :-1 s=READY pgs=47 cs=0 l=1 rev1=1 crypto rx=0x7f4c800098a0 tx=0x7f4c80009bb0 comp rx=0 tx=0).stop
2024-04-25T11:06:19.465 INFO:teuthology.orchestra.run.smithi040.stdout:/usr/bin/ceph: stderr
2024-04-25T11:06:18.573+0000 7f4c95db5700 1 -- 172.21.15.40:0/1793861200 shutdown_connections
2024-04-25T11:06:19.465 INFO:teuthology.orchestra.run.smithi040.stdout:/usr/bin/ceph: stderr
2024-04-25T11:06:18.573+0000 7f4c95db5700 1 --2- 172.21.15.40:0/1793861200 >> [v2:172.21.15.40:3300/0,v1:172.21.15.40:6789/0] conn(0x7f4c90109b10 0x7f4c90109f20 unknown :-1 s=CLOSED pgs=47 cs=0 l=1 rev1=1 crypto rx=0 tx=0 comp rx=0 tx=0).stop
2024-04-25T11:06:19.465 INFO:teuthology.orchestra.run.smithi040.stdout:/usr/bin/ceph: stderr
2024-04-25T11:06:18.573+0000 7f4c95db5700 1 -- 172.21.15.40:0/1793861200 >> 172.21.15.40:0/1793861200 conn(0x7f4c90105190 msgr2=0x7f4c90107600 unknown :-1 s=STATE_NONE l=0).mark_down
2024-04-25T11:06:19.465 INFO:teuthology.orchestra.run.smithi040.stdout:/usr/bin/ceph: stderr
2024-04-25T11:06:18.573+0000 7f4c95db5700 1 -- 172.21.15.40:0/1793861200 shutdown_connections
2024-04-25T11:06:19.465 INFO:teuthology.orchestra.run.smithi040.stdout:/usr/bin/ceph: stderr
2024-04-25T11:06:18.573+0000 7f4c95db5700 1 -- 172.21.15.40:0/1793861200 wait complete.
2024-04-25T11:06:19.465 INFO:teuthology.orchestra.run.smithi040.stdout:/usr/bin/ceph: stderr
2024-04-25T11:06:18.573+0000 7f4c95db5700 1 Processor -- start
2024-04-25T11:06:19.465 INFO:teuthology.orchestra.run.smithi040.stdout:/usr/bin/ceph: stderr
2024-04-25T11:06:18.574+0000 7f4c95db5700 1 -- start start
2024-04-25T11:06:19.465 INFO:teuthology.orchestra.run.smithi040.stdout:/usr/bin/ceph: stderr
2024-04-25T11:06:18.574+0000 7f4c95db5700 1 --2- >> [v2:172.21.15.40:3300/0,v1:172.21.15.40:6789/0] conn(0x7f4c90109b10 0x7f4c9007f320 unknown :-1 s=NONE pgs=0 cs=0 l=1 rev1=0 crypto rx=0 tx=0 comp rx=0 tx=0).connect
2024-04-25T11:06:19.465 INFO:teuthology.orchestra.run.smithi040.stdout:/usr/bin/ceph: stderr
2024-04-25T11:06:18.574+0000 7f4c95db5700 1 -- --> [v2:172.21.15.40:3300/0,v1:172.21.15.40:6789/0] -- mon_getmap magic: 0 -- 0x7f4c9010dff0 con 0x7f4c90109b10
2024-04-25T11:06:19.465 INFO:teuthology.orchestra.run.smithi040.stdout:/usr/bin/ceph: stderr
2024-04-25T11:06:18.574+0000 7f4c8f7fe700 1 --2- >> [v2:172.21.15.40:3300/0,v1:172.21.15.40:6789/0] conn(0x7f4c90109b10 0x7f4c9007f320 unknown :-1 s=BANNER_CONNECTING pgs=0 cs=0 l=1 rev1=0 crypto rx=0 tx=0 comp rx=0 tx=0)._handle_peer_banner_payload supported=3 required=0
2024-04-25T11:06:19.465 INFO:teuthology.orchestra.run.smithi040.stdout:/usr/bin/ceph: stderr
2024-04-25T11:06:18.574+0000 7f4c8f7fe700 1 --2- >> [v2:172.21.15.40:3300/0,v1:172.21.15.40:6789/0] conn(0x7f4c90109b10 0x7f4c9007f320 unknown :-1 s=HELLO_CONNECTING pgs=0 cs=0 l=1 rev1=1 crypto rx=0 tx=0 comp rx=0 tx=0).handle_hello peer v2:172.21.15.40:3300/0 says I am v2:172.21.15.40:39160/0 (socket says 172.21.15.40:39160)
2024-04-25T11:06:19.465 INFO:teuthology.orchestra.run.smithi040.stdout:/usr/bin/ceph: stderr
2024-04-25T11:06:18.574+0000 7f4c8f7fe700 1 -- 172.21.15.40:0/3215226263 learned_addr learned my addr 172.21.15.40:0/3215226263 (peer_addr_for_me v2:172.21.15.40:0/0)
2024-04-25T11:06:19.465 INFO:teuthology.orchestra.run.smithi040.stdout:/usr/bin/ceph: stderr
2024-04-25T11:06:18.574+0000 7f4c8f7fe700 1 -- 172.21.15.40:0/3215226263 --> [v2:172.21.15.40:3300/0,v1:172.21.15.40:6789/0] -- mon_subscribe({config=0+,monmap=0+}) -- 0x7f4c9007f860 con 0x7f4c90109b10
2024-04-25T11:06:19.466 INFO:teuthology.orchestra.run.smithi040.stdout:/usr/bin/ceph: stderr
2024-04-25T11:06:18.574+0000 7f4c8f7fe700 1 --2- 172.21.15.40:0/3215226263 >> [v2:172.21.15.40:3300/0,v1:172.21.15.40:6789/0] conn(0x7f4c90109b10 0x7f4c9007f320 secure :-1 s=READY pgs=48 cs=0 l=1 rev1=1 crypto rx=0x7f4c80003ee0 tx=0x7f4c80011aa0 comp rx=0 tx=0).ready entity=mon.0 client_cookie=0 server_cookie=0 in_seq=0 out_seq=0
2024-04-25T11:06:19.466 INFO:teuthology.orchestra.run.smithi040.stdout:/usr/bin/ceph: stderr
2024-04-25T11:06:18.575+0000 7f4c8cff9700 1 -- 172.21.15.40:0/3215226263 <== mon.0 v2:172.21.15.40:3300/0 1 ==== mon_map magic: 0 ==== 205+0+0 (secure 0 0 0) 0x7f4c80003af0 con 0x7f4c90109b10
2024-04-25T11:06:19.466 INFO:teuthology.orchestra.run.smithi040.stdout:/usr/bin/ceph: stderr
2024-04-25T11:06:18.575+0000 7f4c95db5700 1 -- 172.21.15.40:0/3215226263 --> [v2:172.21.15.40:3300/0,v1:172.21.15.40:6789/0] -- mon_subscribe({mgrmap=0+}) -- 0x7f4c9007dab0 con 0x7f4c90109b10
2024-04-25T11:06:19.466 INFO:teuthology.orchestra.run.smithi040.stdout:/usr/bin/ceph: stderr
2024-04-25T11:06:18.575+0000 7f4c8cff9700 1 -- 172.21.15.40:0/3215226263 <== mon.0 v2:172.21.15.40:3300/0 2 ==== config(26 keys) ==== 1097+0+0 (secure 0 0 0) 0x7f4c8001a8e0 con 0x7f4c90109b10
2024-04-25T11:06:19.466 INFO:teuthology.orchestra.run.smithi040.stdout:/usr/bin/ceph: stderr
2024-04-25T11:06:18.575+0000 7f4c8cff9700 1 -- 172.21.15.40:0/3215226263 <== mon.0 v2:172.21.15.40:3300/0 3 ==== mon_map magic: 0 ==== 205+0+0 (secure 0 0 0) 0x7f4c800247e0 con 0x7f4c90109b10
2024-04-25T11:06:19.466 INFO:teuthology.orchestra.run.smithi040.stdout:/usr/bin/ceph: stderr
2024-04-25T11:06:18.575+0000 7f4c95db5700 1 -- 172.21.15.40:0/3215226263 --> [v2:172.21.15.40:3300/0,v1:172.21.15.40:6789/0] -- mon_subscribe({osdmap=0}) -- 0x7f4c9007df90 con 0x7f4c90109b10
2024-04-25T11:06:19.466 INFO:teuthology.orchestra.run.smithi040.stdout:/usr/bin/ceph: stderr
2024-04-25T11:06:18.576+0000 7f4c8cff9700 1 -- 172.21.15.40:0/3215226263 <== mon.0 v2:172.21.15.40:3300/0 4 ==== mgrmap(e 8) ==== 49516+0+0 (secure 0 0 0) 0x7f4c80022020 con 0x7f4c90109b10
2024-04-25T11:06:19.466 INFO:teuthology.orchestra.run.smithi040.stdout:/usr/bin/ceph: stderr
2024-04-25T11:06:18.576+0000 7f4c8cff9700 1 --2- 172.21.15.40:0/3215226263 >> [v2:172.21.15.40:6800/3438779248,v1:172.21.15.40:6801/3438779248] conn(0x7f4c7803d5e0 0x7f4c7803faf0 unknown :-1 s=NONE pgs=0 cs=0 l=1 rev1=0 crypto rx=0 tx=0 comp rx=0 tx=0).connect
2024-04-25T11:06:19.466 INFO:teuthology.orchestra.run.smithi040.stdout:/usr/bin/ceph: stderr
2024-04-25T11:06:18.576+0000 7f4c8cff9700 1 -- 172.21.15.40:0/3215226263 <== mon.0 v2:172.21.15.40:3300/0 5 ==== osd_map(2..2 src has 1..2) ==== 940+0+0 (secure 0 0 0) 0x7f4c80053570 con 0x7f4c90109b10
2024-04-25T11:06:19.466 INFO:teuthology.orchestra.run.smithi040.stdout:/usr/bin/ceph: stderr
2024-04-25T11:06:18.576+0000 7f4c95db5700 1 -- 172.21.15.40:0/3215226263 --> [v2:172.21.15.40:3300/0,v1:172.21.15.40:6789/0] -- mon_command({"prefix": "get_command_descriptions"} v 0) -- 0x7f4c90064cf0 con 0x7f4c90109b10
2024-04-25T11:06:19.466 INFO:teuthology.orchestra.run.smithi040.stdout:/usr/bin/ceph: stderr
2024-04-25T11:06:18.576+0000 7f4c8effd700 1 --2- 172.21.15.40:0/3215226263 >> [v2:172.21.15.40:6800/3438779248,v1:172.21.15.40:6801/3438779248] conn(0x7f4c7803d5e0 0x7f4c7803faf0 unknown :-1 s=BANNER_CONNECTING pgs=0 cs=0 l=1 rev1=0 crypto rx=0 tx=0 comp rx=0 tx=0)._handle_peer_banner_payload supported=3 required=0
2024-04-25T11:06:19.466 INFO:teuthology.orchestra.run.smithi040.stdout:/usr/bin/ceph: stderr
2024-04-25T11:06:18.576+0000 7f4c8effd700 1 --2- 172.21.15.40:0/3215226263 >> [v2:172.21.15.40:6800/3438779248,v1:172.21.15.40:6801/3438779248] conn(0x7f4c7803d5e0 0x7f4c7803faf0 secure :-1 s=READY pgs=13 cs=0 l=1 rev1=1 crypto rx=0x7f4c84006fd0 tx=0x7f4c84006e40 comp rx=0 tx=0).ready entity=mgr.14118 client_cookie=0 server_cookie=0 in_seq=0 out_seq=0
2024-04-25T11:06:19.466 INFO:teuthology.orchestra.run.smithi040.stdout:/usr/bin/ceph: stderr
2024-04-25T11:06:18.581+0000 7f4c8cff9700 1 -- 172.21.15.40:0/3215226263 <== mon.0 v2:172.21.15.40:3300/0 6 ==== mon_command_ack([{"prefix": "get_command_descriptions"}]=0 v0) ==== 72+0+188370 (secure 0 0 0) 0x7f4c8000e260 con 0x7f4c90109b10
2024-04-25T11:06:19.466 INFO:teuthology.orchestra.run.smithi040.stdout:/usr/bin/ceph: stderr
2024-04-25T11:06:18.820+0000 7f4c95db5700 1 -- 172.21.15.40:0/3215226263 --> [v2:172.21.15.40:6800/3438779248,v1:172.21.15.40:6801/3438779248] -- mgr_command(tid 0: {"prefix": "orch apply", "service_type": "mgr", "unmanaged": true, "target": ["mon-mgr", ""]}) -- 0x7f4c9007e6a0 con 0x7f4c7803d5e0
2024-04-25T11:06:19.466 INFO:teuthology.orchestra.run.smithi040.stdout:/usr/bin/ceph: stderr
2024-04-25T11:06:18.828+0000 7f4c8cff9700 1 -- 172.21.15.40:0/3215226263 <== mgr.14118 v2:172.21.15.40:6800/3438779248 1 ==== mgr_command_reply(tid 0: 0 ) ==== 8+0+24 (secure 0 0 0) 0x7f4c9007e6a0 con 0x7f4c7803d5e0
2024-04-25T11:06:19.467 INFO:teuthology.orchestra.run.smithi040.stdout:/usr/bin/ceph: stderr
2024-04-25T11:06:18.830+0000 7f4c95db5700 1 -- 172.21.15.40:0/3215226263 >> [v2:172.21.15.40:6800/3438779248,v1:172.21.15.40:6801/3438779248] conn(0x7f4c7803d5e0 msgr2=0x7f4c7803faf0 secure :-1 s=STATE_CONNECTION_ESTABLISHED l=1).mark_down
2024-04-25T11:06:19.467 INFO:teuthology.orchestra.run.smithi040.stdout:/usr/bin/ceph: stderr
2024-04-25T11:06:18.830+0000 7f4c95db5700 1 --2- 172.21.15.40:0/3215226263 >> [v2:172.21.15.40:6800/3438779248,v1:172.21.15.40:6801/3438779248] conn(0x7f4c7803d5e0 0x7f4c7803faf0 secure :-1 s=READY pgs=13 cs=0 l=1 rev1=1 crypto rx=0x7f4c84006fd0 tx=0x7f4c84006e40 comp rx=0 tx=0).stop
2024-04-25T11:06:19.467 INFO:teuthology.orchestra.run.smithi040.stdout:/usr/bin/ceph: stderr
2024-04-25T11:06:18.830+0000 7f4c95db5700 1 -- 172.21.15.40:0/3215226263 >> [v2:172.21.15.40:3300/0,v1:172.21.15.40:6789/0] conn(0x7f4c90109b10 msgr2=0x7f4c9007f320 secure :-1 s=STATE_CONNECTION_ESTABLISHED l=1).mark_down
2024-04-25T11:06:19.467 INFO:teuthology.orchestra.run.smithi040.stdout:/usr/bin/ceph: stderr
2024-04-25T11:06:18.830+0000 7f4c95db5700 1 --2- 172.21.15.40:0/3215226263 >> [v2:172.21.15.40:3300/0,v1:172.21.15.40:6789/0] conn(0x7f4c90109b10 0x7f4c9007f320 secure :-1 s=READY pgs=48 cs=0 l=1 rev1=1 crypto rx=0x7f4c80003ee0 tx=0x7f4c80011aa0 comp rx=0 tx=0).stop
2024-04-25T11:06:19.467 INFO:teuthology.orchestra.run.smithi040.stdout:/usr/bin/ceph: stderr
2024-04-25T11:06:18.830+0000 7f4c95db5700 1 -- 172.21.15.40:0/3215226263 shutdown_connections
2024-04-25T11:06:19.467 INFO:teuthology.orchestra.run.smithi040.stdout:/usr/bin/ceph: stderr
2024-04-25T11:06:18.830+0000 7f4c95db5700 1 --2- 172.21.15.40:0/3215226263 >> [v2:172.21.15.40:6800/3438779248,v1:172.21.15.40:6801/3438779248] conn(0x7f4c7803d5e0 0x7f4c7803faf0 unknown :-1 s=CLOSED pgs=13 cs=0 l=1 rev1=1 crypto rx=0 tx=0 comp rx=0 tx=0).stop
2024-04-25T11:06:19.467 INFO:teuthology.orchestra.run.smithi040.stdout:/usr/bin/ceph: stderr
2024-04-25T11:06:18.830+0000 7f4c95db5700 1 --2- 172.21.15.40:0/3215226263 >> [v2:172.21.15.40:3300/0,v1:172.21.15.40:6789/0] conn(0x7f4c90109b10 0x7f4c9007f320 unknown :-1 s=CLOSED pgs=48 cs=0 l=1 rev1=1 crypto rx=0 tx=0 comp rx=0 tx=0).stop
2024-04-25T11:06:19.467 INFO:teuthology.orchestra.run.smithi040.stdout:/usr/bin/ceph: stderr
2024-04-25T11:06:18.830+0000 7f4c95db5700 1 -- 172.21.15.40:0/3215226263 >> 172.21.15.40:0/3215226263 conn(0x7f4c90105190 msgr2=0x7f4c90105920 unknown :-1 s=STATE_NONE l=0).mark_down
2024-04-25T11:06:19.467 INFO:teuthology.orchestra.run.smithi040.stdout:/usr/bin/ceph: stderr
2024-04-25T11:06:18.830+0000 7f4c95db5700 1 -- 172.21.15.40:0/3215226263 shutdown_connections
2024-04-25T11:06:19.467 INFO:teuthology.orchestra.run.smithi040.stdout:/usr/bin/ceph: stderr
2024-04-25T11:06:18.830+0000 7f4c95db5700 1 -- 172.21.15.40:0/3215226263 wait complete.
2024-04-25T11:06:19.706 INFO:journalctl@ceph.mon.a.smithi040.stdout:Apr 25 11:06:19 smithi040 ceph-mon[29237]: from='mgr.14118 172.21.15.40:0/711352969' entity='mgr.x'
2024-04-25T11:06:19.706 INFO:journalctl@ceph.mon.a.smithi040.stdout:Apr 25 11:06:19 smithi040 ceph-mon[29237]: from='client.14142 -' entity='client.admin' cmd=[{"prefix": "orch apply", "service_type": "mgr", "unmanaged": true, "target": ["mon-mgr", ""]}]: dispatch
2024-04-25T11:06:19.706 INFO:journalctl@ceph.mon.a.smithi040.stdout:Apr 25 11:06:19 smithi040 ceph-mon[29237]: Saving service mgr spec with placement count:2
2024-04-25T11:06:19.706 INFO:journalctl@ceph.mon.a.smithi040.stdout:Apr 25 11:06:19 smithi040 ceph-mon[29237]: from='mgr.14118 172.21.15.40:0/711352969' entity='mgr.x'
2024-04-25T11:06:21.196 INFO:teuthology.orchestra.run.smithi040.stdout:/usr/bin/ceph: stderr
2024-04-25T11:06:19.827+0000 7f10ac085700 1 Processor -- start
2024-04-25T11:06:21.197 INFO:teuthology.orchestra.run.smithi040.stdout:/usr/bin/ceph: stderr
2024-04-25T11:06:19.828+0000 7f10ac085700 1 -- start start
2024-04-25T11:06:21.197 INFO:teuthology.orchestra.run.smithi040.stdout:/usr/bin/ceph: stderr
2024-04-25T11:06:19.828+0000 7f10ac085700 1 --2- >> [v2:172.21.15.40:3300/0,v1:172.21.15.40:6789/0] conn(0x7f10a4109fe0 0x7f10a410a3f0 unknown :-1 s=NONE pgs=0 cs=0 l=0 rev1=0 crypto rx=0 tx=0 comp rx=0 tx=0).connect
2024-04-25T11:06:21.197 INFO:teuthology.orchestra.run.smithi040.stdout:/usr/bin/ceph: stderr
2024-04-25T11:06:19.828+0000 7f10ac085700 1 -- --> [v2:172.21.15.40:3300/0,v1:172.21.15.40:6789/0] -- mon_getmap magic: 0 -- 0x7f10a410a9c0 con 0x7f10a4109fe0
2024-04-25T11:06:21.197 INFO:teuthology.orchestra.run.smithi040.stdout:/usr/bin/ceph: stderr
2024-04-25T11:06:19.828+0000 7f10a9e21700 1 --2- >> [v2:172.21.15.40:3300/0,v1:172.21.15.40:6789/0] conn(0x7f10a4109fe0 0x7f10a410a3f0 unknown :-1 s=BANNER_CONNECTING pgs=0 cs=0 l=0 rev1=0 crypto rx=0 tx=0 comp rx=0 tx=0)._handle_peer_banner_payload supported=3 required=0
2024-04-25T11:06:21.197 INFO:teuthology.orchestra.run.smithi040.stdout:/usr/bin/ceph: stderr
2024-04-25T11:06:19.828+0000 7f10a9e21700 1 --2- >> [v2:172.21.15.40:3300/0,v1:172.21.15.40:6789/0] conn(0x7f10a4109fe0 0x7f10a410a3f0 unknown :-1 s=HELLO_CONNECTING pgs=0 cs=0 l=0 rev1=1 crypto rx=0 tx=0 comp rx=0 tx=0).handle_hello peer v2:172.21.15.40:3300/0 says I am v2:172.21.15.40:39174/0 (socket says 172.21.15.40:39174)
2024-04-25T11:06:21.197 INFO:teuthology.orchestra.run.smithi040.stdout:/usr/bin/ceph: stderr
2024-04-25T11:06:19.828+0000 7f10a9e21700 1 -- 172.21.15.40:0/3997356543 learned_addr learned my addr 172.21.15.40:0/3997356543 (peer_addr_for_me v2:172.21.15.40:0/0)
2024-04-25T11:06:21.197 INFO:teuthology.orchestra.run.smithi040.stdout:/usr/bin/ceph: stderr
2024-04-25T11:06:19.828+0000 7f10a9e21700 1 -- 172.21.15.40:0/3997356543 --> [v2:172.21.15.40:3300/0,v1:172.21.15.40:6789/0] -- mon_subscribe({config=0+,monmap=0+}) -- 0x7f10a410ab40 con 0x7f10a4109fe0
2024-04-25T11:06:21.197 INFO:teuthology.orchestra.run.smithi040.stdout:/usr/bin/ceph: stderr
2024-04-25T11:06:19.828+0000 7f10a9e21700 1 --2- 172.21.15.40:0/3997356543 >> [v2:172.21.15.40:3300/0,v1:172.21.15.40:6789/0] conn(0x7f10a4109fe0 0x7f10a410a3f0 secure :-1 s=READY pgs=49 cs=0 l=1 rev1=1 crypto rx=0x7f10a00098a0 tx=0x7f10a0009bb0 comp rx=0 tx=0).ready entity=mon.0 client_cookie=7e2874bdab70c293 server_cookie=0 in_seq=0 out_seq=0
2024-04-25T11:06:21.197 INFO:teuthology.orchestra.run.smithi040.stdout:/usr/bin/ceph: stderr
2024-04-25T11:06:19.829+0000 7f10a8e1f700 1 -- 172.21.15.40:0/3997356543 <== mon.0 v2:172.21.15.40:3300/0 1 ==== mon_map magic: 0 ==== 205+0+0 (secure 0 0 0) 0x7f10a0004160 con 0x7f10a4109fe0
2024-04-25T11:06:21.197 INFO:teuthology.orchestra.run.smithi040.stdout:/usr/bin/ceph: stderr
2024-04-25T11:06:19.829+0000 7f10a8e1f700 1 -- 172.21.15.40:0/3997356543 <== mon.0 v2:172.21.15.40:3300/0 2 ==== config(26 keys) ==== 1097+0+0 (secure 0 0 0) 0x7f10a0004300 con 0x7f10a4109fe0
2024-04-25T11:06:21.197 INFO:teuthology.orchestra.run.smithi040.stdout:/usr/bin/ceph: stderr
2024-04-25T11:06:19.829+0000 7f10a8e1f700 1 -- 172.21.15.40:0/3997356543 <== mon.0 v2:172.21.15.40:3300/0 3 ==== mon_map magic: 0 ==== 205+0+0 (secure 0 0 0) 0x7f10a0011a20 con 0x7f10a4109fe0
2024-04-25T11:06:21.197 INFO:teuthology.orchestra.run.smithi040.stdout:/usr/bin/ceph: stderr
2024-04-25T11:06:19.830+0000 7f10ac085700 1 -- 172.21.15.40:0/3997356543 >> [v2:172.21.15.40:3300/0,v1:172.21.15.40:6789/0] conn(0x7f10a4109fe0 msgr2=0x7f10a410a3f0 secure :-1 s=STATE_CONNECTION_ESTABLISHED l=1).mark_down
2024-04-25T11:06:21.198 INFO:teuthology.orchestra.run.smithi040.stdout:/usr/bin/ceph: stderr
2024-04-25T11:06:19.830+0000 7f10ac085700 1 --2- 172.21.15.40:0/3997356543 >> [v2:172.21.15.40:3300/0,v1:172.21.15.40:6789/0] conn(0x7f10a4109fe0 0x7f10a410a3f0 secure :-1 s=READY pgs=49 cs=0 l=1 rev1=1 crypto rx=0x7f10a00098a0 tx=0x7f10a0009bb0 comp rx=0 tx=0).stop
2024-04-25T11:06:21.198 INFO:teuthology.orchestra.run.smithi040.stdout:/usr/bin/ceph: stderr
2024-04-25T11:06:19.830+0000 7f10ac085700 1 -- 172.21.15.40:0/3997356543 shutdown_connections
2024-04-25T11:06:21.198 INFO:teuthology.orchestra.run.smithi040.stdout:/usr/bin/ceph: stderr
2024-04-25T11:06:19.830+0000 7f10ac085700 1 --2- 172.21.15.40:0/3997356543 >> [v2:172.21.15.40:3300/0,v1:172.21.15.40:6789/0] conn(0x7f10a4109fe0 0x7f10a410a3f0 unknown :-1 s=CLOSED pgs=49 cs=0 l=1 rev1=1 crypto rx=0 tx=0 comp rx=0 tx=0).stop
2024-04-25T11:06:21.198 INFO:teuthology.orchestra.run.smithi040.stdout:/usr/bin/ceph: stderr
2024-04-25T11:06:19.830+0000 7f10ac085700 1 -- 172.21.15.40:0/3997356543 >> 172.21.15.40:0/3997356543 conn(0x7f10a41037d0 msgr2=0x7f10a4105c80 unknown :-1 s=STATE_NONE l=0).mark_down
2024-04-25T11:06:21.198 INFO:teuthology.orchestra.run.smithi040.stdout:/usr/bin/ceph: stderr
2024-04-25T11:06:19.830+0000 7f10ac085700 1 -- 172.21.15.40:0/3997356543 shutdown_connections
2024-04-25T11:06:21.198 INFO:teuthology.orchestra.run.smithi040.stdout:/usr/bin/ceph: stderr
2024-04-25T11:06:19.830+0000 7f10ac085700 1 -- 172.21.15.40:0/3997356543 wait complete.
2024-04-25T11:06:21.198 INFO:teuthology.orchestra.run.smithi040.stdout:/usr/bin/ceph: stderr
2024-04-25T11:06:19.830+0000 7f10ac085700 1 Processor -- start
2024-04-25T11:06:21.198 INFO:teuthology.orchestra.run.smithi040.stdout:/usr/bin/ceph: stderr
2024-04-25T11:06:19.831+0000 7f10ac085700 1 -- start start
2024-04-25T11:06:21.198 INFO:teuthology.orchestra.run.smithi040.stdout:/usr/bin/ceph: stderr
2024-04-25T11:06:19.831+0000 7f10ac085700 1 --2- >> [v2:172.21.15.40:3300/0,v1:172.21.15.40:6789/0] conn(0x7f10a4109fe0 0x7f10a419ff70 unknown :-1 s=NONE pgs=0 cs=0 l=1 rev1=0 crypto rx=0 tx=0 comp rx=0 tx=0).connect
2024-04-25T11:06:21.198 INFO:teuthology.orchestra.run.smithi040.stdout:/usr/bin/ceph: stderr
2024-04-25T11:06:19.831+0000 7f10ac085700 1 -- --> [v2:172.21.15.40:3300/0,v1:172.21.15.40:6789/0] -- mon_getmap magic: 0 -- 0x7f10a41100d0 con 0x7f10a4109fe0
2024-04-25T11:06:21.198 INFO:teuthology.orchestra.run.smithi040.stdout:/usr/bin/ceph: stderr
2024-04-25T11:06:19.831+0000 7f10a9e21700 1 --2- >> [v2:172.21.15.40:3300/0,v1:172.21.15.40:6789/0] conn(0x7f10a4109fe0 0x7f10a419ff70 unknown :-1 s=BANNER_CONNECTING pgs=0 cs=0 l=1 rev1=0 crypto rx=0 tx=0 comp rx=0 tx=0)._handle_peer_banner_payload supported=3 required=0
2024-04-25T11:06:21.198 INFO:teuthology.orchestra.run.smithi040.stdout:/usr/bin/ceph: stderr
2024-04-25T11:06:19.831+0000 7f10a9e21700 1 --2- >> [v2:172.21.15.40:3300/0,v1:172.21.15.40:6789/0] conn(0x7f10a4109fe0 0x7f10a419ff70 unknown :-1 s=HELLO_CONNECTING pgs=0 cs=0 l=1 rev1=1 crypto rx=0 tx=0 comp rx=0 tx=0).handle_hello peer v2:172.21.15.40:3300/0 says I am v2:172.21.15.40:39180/0 (socket says 172.21.15.40:39180)
2024-04-25T11:06:21.198 INFO:teuthology.orchestra.run.smithi040.stdout:/usr/bin/ceph: stderr
2024-04-25T11:06:19.831+0000 7f10a9e21700 1 -- 172.21.15.40:0/1647694005 learned_addr learned my addr 172.21.15.40:0/1647694005 (peer_addr_for_me v2:172.21.15.40:0/0)
2024-04-25T11:06:21.199 INFO:teuthology.orchestra.run.smithi040.stdout:/usr/bin/ceph: stderr
2024-04-25T11:06:19.831+0000 7f10a9e21700 1 -- 172.21.15.40:0/1647694005 --> [v2:172.21.15.40:3300/0,v1:172.21.15.40:6789/0] -- mon_subscribe({config=0+,monmap=0+}) -- 0x7f10a41a04b0 con 0x7f10a4109fe0
2024-04-25T11:06:21.199 INFO:teuthology.orchestra.run.smithi040.stdout:/usr/bin/ceph: stderr
2024-04-25T11:06:19.831+0000 7f10a9e21700 1 --2- 172.21.15.40:0/1647694005 >> [v2:172.21.15.40:3300/0,v1:172.21.15.40:6789/0] conn(0x7f10a4109fe0 0x7f10a419ff70 secure :-1 s=READY pgs=50 cs=0 l=1 rev1=1 crypto rx=0x7f10a0009130 tx=0x7f10a0011aa0 comp rx=0 tx=0).ready entity=mon.0 client_cookie=0 server_cookie=0 in_seq=0 out_seq=0
2024-04-25T11:06:21.199 INFO:teuthology.orchestra.run.smithi040.stdout:/usr/bin/ceph: stderr
2024-04-25T11:06:19.832+0000 7f109affd700 1 -- 172.21.15.40:0/1647694005 <== mon.0 v2:172.21.15.40:3300/0 1 ==== mon_map magic: 0 ==== 205+0+0 (secure 0 0 0) 0x7f10a0003af0 con 0x7f10a4109fe0
2024-04-25T11:06:21.199 INFO:teuthology.orchestra.run.smithi040.stdout:/usr/bin/ceph: stderr
2024-04-25T11:06:19.832+0000 7f109affd700 1 -- 172.21.15.40:0/1647694005 <== mon.0 v2:172.21.15.40:3300/0 2 ==== config(26 keys) ==== 1097+0+0 (secure 0 0 0) 0x7f10a0020070 con 0x7f10a4109fe0
2024-04-25T11:06:21.199 INFO:teuthology.orchestra.run.smithi040.stdout:/usr/bin/ceph: stderr
2024-04-25T11:06:19.832+0000 7f109affd700 1 -- 172.21.15.40:0/1647694005 <== mon.0 v2:172.21.15.40:3300/0 3 ==== mon_map magic: 0 ==== 205+0+0 (secure 0 0 0) 0x7f10a00196c0 con 0x7f10a4109fe0
2024-04-25T11:06:21.199 INFO:teuthology.orchestra.run.smithi040.stdout:/usr/bin/ceph: stderr
2024-04-25T11:06:19.832+0000 7f10ac085700 1 -- 172.21.15.40:0/1647694005 --> [v2:172.21.15.40:3300/0,v1:172.21.15.40:6789/0] -- mon_subscribe({mgrmap=0+}) -- 0x7f10a41a0740 con 0x7f10a4109fe0
2024-04-25T11:06:21.199 INFO:teuthology.orchestra.run.smithi040.stdout:/usr/bin/ceph: stderr
2024-04-25T11:06:19.832+0000 7f10ac085700 1 -- 172.21.15.40:0/1647694005 --> [v2:172.21.15.40:3300/0,v1:172.21.15.40:6789/0] -- mon_subscribe({osdmap=0}) -- 0x7f10a41a3350 con 0x7f10a4109fe0
2024-04-25T11:06:21.199 INFO:teuthology.orchestra.run.smithi040.stdout:/usr/bin/ceph: stderr
2024-04-25T11:06:19.833+0000 7f109affd700 1 -- 172.21.15.40:0/1647694005 <== mon.0 v2:172.21.15.40:3300/0 4 ==== mgrmap(e 8) ==== 49516+0+0 (secure 0 0 0) 0x7f10a0019970 con 0x7f10a4109fe0
2024-04-25T11:06:21.199 INFO:teuthology.orchestra.run.smithi040.stdout:/usr/bin/ceph: stderr
2024-04-25T11:06:19.833+0000 7f10ac085700 1 -- 172.21.15.40:0/1647694005 --> [v2:172.21.15.40:3300/0,v1:172.21.15.40:6789/0] -- mon_command({"prefix": "get_command_descriptions"} v 0) -- 0x7f10a4064cf0 con 0x7f10a4109fe0
2024-04-25T11:06:21.199 INFO:teuthology.orchestra.run.smithi040.stdout:/usr/bin/ceph: stderr
2024-04-25T11:06:19.833+0000 7f109affd700 1 --2- 172.21.15.40:0/1647694005 >> [v2:172.21.15.40:6800/3438779248,v1:172.21.15.40:6801/3438779248] conn(0x7f109003d680 0x7f109003fb90 unknown :-1 s=NONE pgs=0 cs=0 l=1 rev1=0 crypto rx=0 tx=0 comp rx=0 tx=0).connect
2024-04-25T11:06:21.199 INFO:teuthology.orchestra.run.smithi040.stdout:/usr/bin/ceph: stderr
2024-04-25T11:06:19.833+0000 7f109affd700 1 -- 172.21.15.40:0/1647694005 <== mon.0 v2:172.21.15.40:3300/0 5 ==== osd_map(2..2 src has 1..2) ==== 940+0+0 (secure 0 0 0) 0x7f10a0052990 con 0x7f10a4109fe0
2024-04-25T11:06:21.199 INFO:teuthology.orchestra.run.smithi040.stdout:/usr/bin/ceph: stderr
2024-04-25T11:06:19.833+0000 7f10a9620700 1 --2- 172.21.15.40:0/1647694005 >> [v2:172.21.15.40:6800/3438779248,v1:172.21.15.40:6801/3438779248] conn(0x7f109003d680 0x7f109003fb90 unknown :-1 s=BANNER_CONNECTING pgs=0 cs=0 l=1 rev1=0 crypto rx=0 tx=0 comp rx=0 tx=0)._handle_peer_banner_payload supported=3 required=0
2024-04-25T11:06:21.199 INFO:teuthology.orchestra.run.smithi040.stdout:/usr/bin/ceph: stderr
2024-04-25T11:06:19.834+0000 7f10a9620700 1 --2- 172.21.15.40:0/1647694005 >> [v2:172.21.15.40:6800/3438779248,v1:172.21.15.40:6801/3438779248] conn(0x7f109003d680 0x7f109003fb90 secure :-1 s=READY pgs=14 cs=0 l=1 rev1=1 crypto rx=0x7f1094006fd0 tx=0x7f1094006e40 comp rx=0 tx=0).ready entity=mgr.14118 client_cookie=0 server_cookie=0 in_seq=0 out_seq=0
2024-04-25T11:06:21.199 INFO:teuthology.orchestra.run.smithi040.stdout:/usr/bin/ceph: stderr
2024-04-25T11:06:19.839+0000 7f109affd700 1 -- 172.21.15.40:0/1647694005 <== mon.0 v2:172.21.15.40:3300/0 6 ==== mon_command_ack([{"prefix": "get_command_descriptions"}]=0 v0) ==== 72+0+188370 (secure 0 0 0) 0x7f10a000e260 con 0x7f10a4109fe0
2024-04-25T11:06:21.200 INFO:teuthology.orchestra.run.smithi040.stdout:/usr/bin/ceph: stderr
2024-04-25T11:06:20.065+0000 7f10ac085700 1 -- 172.21.15.40:0/1647694005 --> [v2:172.21.15.40:3300/0,v1:172.21.15.40:6789/0] -- mon_command([{prefix=config set, name=mgr/cephadm/container_init}] v 0) -- 0x7f10a41a3950 con 0x7f10a4109fe0
2024-04-25T11:06:21.200 INFO:teuthology.orchestra.run.smithi040.stdout:/usr/bin/ceph: stderr
2024-04-25T11:06:20.070+0000 7f109affd700 1 -- 172.21.15.40:0/1647694005 <== mon.0 v2:172.21.15.40:3300/0 7 ==== mon_command_ack([{prefix=config set, name=mgr/cephadm/container_init}]=0 v7)=0 v7) ==== 142+0+0 (secure 0 0 0) 0x7f10a0019c60 con 0x7f10a4109fe0
2024-04-25T11:06:21.200 INFO:teuthology.orchestra.run.smithi040.stdout:/usr/bin/ceph: stderr
2024-04-25T11:06:20.072+0000 7f10ac085700 1 -- 172.21.15.40:0/1647694005 >> [v2:172.21.15.40:6800/3438779248,v1:172.21.15.40:6801/3438779248] conn(0x7f109003d680 msgr2=0x7f109003fb90 secure :-1 s=STATE_CONNECTION_ESTABLISHED l=1).mark_down
2024-04-25T11:06:21.200 INFO:teuthology.orchestra.run.smithi040.stdout:/usr/bin/ceph: stderr
2024-04-25T11:06:20.072+0000 7f10ac085700 1 --2- 172.21.15.40:0/1647694005 >> [v2:172.21.15.40:6800/3438779248,v1:172.21.15.40:6801/3438779248] conn(0x7f109003d680 0x7f109003fb90 secure :-1 s=READY pgs=14 cs=0 l=1 rev1=1 crypto rx=0x7f1094006fd0 tx=0x7f1094006e40 comp rx=0 tx=0).stop
2024-04-25T11:06:21.200 INFO:teuthology.orchestra.run.smithi040.stdout:/usr/bin/ceph: stderr
2024-04-25T11:06:20.072+0000 7f10ac085700 1 -- 172.21.15.40:0/1647694005 >> [v2:172.21.15.40:3300/0,v1:172.21.15.40:6789/0] conn(0x7f10a4109fe0 msgr2=0x7f10a419ff70 secure :-1 s=STATE_CONNECTION_ESTABLISHED l=1).mark_down
2024-04-25T11:06:21.200 INFO:teuthology.orchestra.run.smithi040.stdout:/usr/bin/ceph: stderr
2024-04-25T11:06:20.072+0000 7f10ac085700 1 --2- 172.21.15.40:0/1647694005 >> [v2:172.21.15.40:3300/0,v1:172.21.15.40:6789/0] conn(0x7f10a4109fe0 0x7f10a419ff70 secure :-1 s=READY pgs=50 cs=0 l=1 rev1=1 crypto rx=0x7f10a0009130 tx=0x7f10a0011aa0 comp rx=0 tx=0).stop
2024-04-25T11:06:21.200 INFO:teuthology.orchestra.run.smithi040.stdout:/usr/bin/ceph: stderr
2024-04-25T11:06:20.072+0000 7f10ac085700 1 -- 172.21.15.40:0/1647694005 shutdown_connections
2024-04-25T11:06:21.200 INFO:teuthology.orchestra.run.smithi040.stdout:/usr/bin/ceph: stderr
2024-04-25T11:06:20.072+0000 7f10ac085700 1 --2- 172.21.15.40:0/1647694005 >> [v2:172.21.15.40:6800/3438779248,v1:172.21.15.40:6801/3438779248] conn(0x7f109003d680 0x7f109003fb90 unknown :-1 s=CLOSED pgs=14 cs=0 l=1 rev1=1 crypto rx=0 tx=0 comp rx=0 tx=0).stop
2024-04-25T11:06:21.200 INFO:teuthology.orchestra.run.smithi040.stdout:/usr/bin/ceph: stderr
2024-04-25T11:06:20.072+0000 7f10ac085700 1 --2- 172.21.15.40:0/1647694005 >> [v2:172.21.15.40:3300/0,v1:172.21.15.40:6789/0] conn(0x7f10a4109fe0 0x7f10a419ff70 unknown :-1 s=CLOSED pgs=50 cs=0 l=1 rev1=1 crypto rx=0 tx=0 comp rx=0 tx=0).stop
2024-04-25T11:06:21.200 INFO:teuthology.orchestra.run.smithi040.stdout:/usr/bin/ceph: stderr
2024-04-25T11:06:20.072+0000 7f10ac085700 1 -- 172.21.15.40:0/1647694005 >> 172.21.15.40:0/1647694005 conn(0x7f10a41037d0 msgr2=0x7f10a4104100 unknown :-1 s=STATE_NONE l=0).mark_down
2024-04-25T11:06:21.200 INFO:teuthology.orchestra.run.smithi040.stdout:/usr/bin/ceph: stderr
2024-04-25T11:06:20.072+0000 7f10ac085700 1 -- 172.21.15.40:0/1647694005 shutdown_connections
2024-04-25T11:06:21.200 INFO:teuthology.orchestra.run.smithi040.stdout:/usr/bin/ceph: stderr
2024-04-25T11:06:20.072+0000 7f10ac085700 1 -- 172.21.15.40:0/1647694005 wait complete.
2024-04-25T11:06:21.249 INFO:journalctl@ceph.mon.a.smithi040.stdout:Apr 25 11:06:21 smithi040 ceph-mon[29237]: from='client.? 172.21.15.40:0/1647694005' entity='client.admin'
2024-04-25T11:06:21.250 INFO:journalctl@ceph.mon.a.smithi040.stdout:Apr 25 11:06:21 smithi040 ceph-mon[29237]: from='mgr.14118 172.21.15.40:0/711352969' entity='mgr.x'
2024-04-25T11:06:22.528 INFO:teuthology.orchestra.run.smithi040.stdout:/usr/bin/ceph: stderr
2024-04-25T11:06:21.678+0000 7f9245350700 1 Processor -- start
2024-04-25T11:06:22.528 INFO:teuthology.orchestra.run.smithi040.stdout:/usr/bin/ceph: stderr
2024-04-25T11:06:21.678+0000 7f9245350700 1 -- start start
2024-04-25T11:06:22.528 INFO:teuthology.orchestra.run.smithi040.stdout:/usr/bin/ceph: stderr
2024-04-25T11:06:21.678+0000 7f9245350700 1 --2- >> [v2:172.21.15.40:3300/0,v1:172.21.15.40:6789/0] conn(0x7f9240109f20 0x7f924010a330 unknown :-1 s=NONE pgs=0 cs=0 l=0 rev1=0 crypto rx=0 tx=0 comp rx=0 tx=0).connect
2024-04-25T11:06:22.528 INFO:teuthology.orchestra.run.smithi040.stdout:/usr/bin/ceph: stderr
2024-04-25T11:06:21.678+0000 7f9245350700 1 -- --> [v2:172.21.15.40:3300/0,v1:172.21.15.40:6789/0] -- mon_getmap magic: 0 -- 0x7f924010a920 con 0x7f9240109f20
2024-04-25T11:06:22.528 INFO:teuthology.orchestra.run.smithi040.stdout:/usr/bin/ceph: stderr
2024-04-25T11:06:21.678+0000 7f923effd700 1 --2- >> [v2:172.21.15.40:3300/0,v1:172.21.15.40:6789/0] conn(0x7f9240109f20 0x7f924010a330 unknown :-1 s=BANNER_CONNECTING pgs=0 cs=0 l=0 rev1=0 crypto rx=0 tx=0 comp rx=0 tx=0)._handle_peer_banner_payload supported=3 required=0
2024-04-25T11:06:22.528 INFO:teuthology.orchestra.run.smithi040.stdout:/usr/bin/ceph: stderr
2024-04-25T11:06:21.678+0000 7f923effd700 1 --2- >> [v2:172.21.15.40:3300/0,v1:172.21.15.40:6789/0] conn(0x7f9240109f20 0x7f924010a330 unknown :-1 s=HELLO_CONNECTING pgs=0 cs=0 l=0 rev1=1 crypto rx=0 tx=0 comp rx=0 tx=0).handle_hello peer v2:172.21.15.40:3300/0 says I am v2:172.21.15.40:39186/0 (socket says 172.21.15.40:39186)
2024-04-25T11:06:22.528 INFO:teuthology.orchestra.run.smithi040.stdout:/usr/bin/ceph: stderr
2024-04-25T11:06:21.678+0000 7f923effd700 1 -- 172.21.15.40:0/890531284 learned_addr learned my addr 172.21.15.40:0/890531284 (peer_addr_for_me v2:172.21.15.40:0/0)
2024-04-25T11:06:22.528 INFO:teuthology.orchestra.run.smithi040.stdout:/usr/bin/ceph: stderr
2024-04-25T11:06:21.679+0000 7f923effd700 1 -- 172.21.15.40:0/890531284 --> [v2:172.21.15.40:3300/0,v1:172.21.15.40:6789/0] -- mon_subscribe({config=0+,monmap=0+}) -- 0x7f9240108c40 con 0x7f9240109f20
2024-04-25T11:06:22.529 INFO:teuthology.orchestra.run.smithi040.stdout:/usr/bin/ceph: stderr
2024-04-25T11:06:21.679+0000 7f923effd700 1 --2- 172.21.15.40:0/890531284 >> [v2:172.21.15.40:3300/0,v1:172.21.15.40:6789/0] conn(0x7f9240109f20 0x7f924010a330 secure :-1 s=READY pgs=51 cs=0 l=1 rev1=1 crypto rx=0x7f92300098a0 tx=0x7f9230009bb0 comp rx=0 tx=0).ready entity=mon.0 client_cookie=879c552c32c8795d server_cookie=0 in_seq=0 out_seq=0
2024-04-25T11:06:22.529 INFO:teuthology.orchestra.run.smithi040.stdout:/usr/bin/ceph: stderr
2024-04-25T11:06:21.679+0000 7f923dffb700 1 -- 172.21.15.40:0/890531284 <== mon.0 v2:172.21.15.40:3300/0 1 ==== mon_map magic: 0 ==== 205+0+0 (secure 0 0 0) 0x7f9230004160 con 0x7f9240109f20
2024-04-25T11:06:22.529 INFO:teuthology.orchestra.run.smithi040.stdout:/usr/bin/ceph: stderr
2024-04-25T11:06:21.679+0000 7f923dffb700 1 -- 172.21.15.40:0/890531284 <== mon.0 v2:172.21.15.40:3300/0 2 ==== config(26 keys) ==== 1097+0+0 (secure 0 0 0) 0x7f9230004300 con 0x7f9240109f20
2024-04-25T11:06:22.529 INFO:teuthology.orchestra.run.smithi040.stdout:/usr/bin/ceph: stderr
2024-04-25T11:06:21.679+0000 7f923dffb700 1 -- 172.21.15.40:0/890531284 <== mon.0 v2:172.21.15.40:3300/0 3 ==== mon_map magic: 0 ==== 205+0+0 (secure 0 0 0) 0x7f9230011a20 con 0x7f9240109f20
2024-04-25T11:06:22.529 INFO:teuthology.orchestra.run.smithi040.stdout:/usr/bin/ceph: stderr
2024-04-25T11:06:21.680+0000 7f9245350700 1 -- 172.21.15.40:0/890531284 >> [v2:172.21.15.40:3300/0,v1:172.21.15.40:6789/0] conn(0x7f9240109f20 msgr2=0x7f924010a330 secure :-1 s=STATE_CONNECTION_ESTABLISHED l=1).mark_down
2024-04-25T11:06:22.529 INFO:teuthology.orchestra.run.smithi040.stdout:/usr/bin/ceph: stderr
2024-04-25T11:06:21.680+0000 7f9245350700 1 --2- 172.21.15.40:0/890531284 >> [v2:172.21.15.40:3300/0,v1:172.21.15.40:6789/0] conn(0x7f9240109f20 0x7f924010a330 secure :-1 s=READY pgs=51 cs=0 l=1 rev1=1 crypto rx=0x7f92300098a0 tx=0x7f9230009bb0 comp rx=0 tx=0).stop
2024-04-25T11:06:22.529 INFO:teuthology.orchestra.run.smithi040.stdout:/usr/bin/ceph: stderr
2024-04-25T11:06:21.680+0000 7f9245350700 1 -- 172.21.15.40:0/890531284 shutdown_connections
2024-04-25T11:06:22.529 INFO:teuthology.orchestra.run.smithi040.stdout:/usr/bin/ceph: stderr
2024-04-25T11:06:21.680+0000 7f9245350700 1 --2- 172.21.15.40:0/890531284 >> [v2:172.21.15.40:3300/0,v1:172.21.15.40:6789/0] conn(0x7f9240109f20 0x7f924010a330 unknown :-1 s=CLOSED pgs=51 cs=0 l=1 rev1=1 crypto rx=0 tx=0 comp rx=0 tx=0).stop
2024-04-25T11:06:22.529 INFO:teuthology.orchestra.run.smithi040.stdout:/usr/bin/ceph: stderr
2024-04-25T11:06:21.680+0000 7f9245350700 1 -- 172.21.15.40:0/890531284 >> 172.21.15.40:0/890531284 conn(0x7f92401037c0 msgr2=0x7f9240105c50 unknown :-1 s=STATE_NONE l=0).mark_down
2024-04-25T11:06:22.529 INFO:teuthology.orchestra.run.smithi040.stdout:/usr/bin/ceph: stderr
2024-04-25T11:06:21.680+0000 7f9245350700 1 -- 172.21.15.40:0/890531284 shutdown_connections
2024-04-25T11:06:22.529 INFO:teuthology.orchestra.run.smithi040.stdout:/usr/bin/ceph: stderr
2024-04-25T11:06:21.680+0000 7f9245350700 1 -- 172.21.15.40:0/890531284 wait complete.
2024-04-25T11:06:22.529 INFO:teuthology.orchestra.run.smithi040.stdout:/usr/bin/ceph: stderr
2024-04-25T11:06:21.681+0000 7f9245350700 1 Processor -- start
2024-04-25T11:06:22.529 INFO:teuthology.orchestra.run.smithi040.stdout:/usr/bin/ceph: stderr
2024-04-25T11:06:21.681+0000 7f9245350700 1 -- start start
2024-04-25T11:06:22.529 INFO:teuthology.orchestra.run.smithi040.stdout:/usr/bin/ceph: stderr
2024-04-25T11:06:21.681+0000 7f9245350700 1 --2- >> [v2:172.21.15.40:3300/0,v1:172.21.15.40:6789/0] conn(0x7f9240109f20 0x7f924019dd10 unknown :-1 s=NONE pgs=0 cs=0 l=1 rev1=0 crypto rx=0 tx=0 comp rx=0 tx=0).connect
2024-04-25T11:06:22.530 INFO:teuthology.orchestra.run.smithi040.stdout:/usr/bin/ceph: stderr
2024-04-25T11:06:21.681+0000 7f9245350700 1 -- --> [v2:172.21.15.40:3300/0,v1:172.21.15.40:6789/0] -- mon_getmap magic: 0 -- 0x7f924010ce80 con 0x7f9240109f20
2024-04-25T11:06:22.530 INFO:teuthology.orchestra.run.smithi040.stdout:/usr/bin/ceph: stderr
2024-04-25T11:06:21.682+0000 7f923effd700 1 --2- >> [v2:172.21.15.40:3300/0,v1:172.21.15.40:6789/0] conn(0x7f9240109f20 0x7f924019dd10 unknown :-1 s=BANNER_CONNECTING pgs=0 cs=0 l=1 rev1=0 crypto rx=0 tx=0 comp rx=0 tx=0)._handle_peer_banner_payload supported=3 required=0
2024-04-25T11:06:22.530 INFO:teuthology.orchestra.run.smithi040.stdout:/usr/bin/ceph: stderr
2024-04-25T11:06:21.682+0000 7f923effd700 1 --2- >> [v2:172.21.15.40:3300/0,v1:172.21.15.40:6789/0] conn(0x7f9240109f20 0x7f924019dd10 unknown :-1 s=HELLO_CONNECTING pgs=0 cs=0 l=1 rev1=1 crypto rx=0 tx=0 comp rx=0 tx=0).handle_hello peer v2:172.21.15.40:3300/0 says I am v2:172.21.15.40:39188/0 (socket says 172.21.15.40:39188)
2024-04-25T11:06:22.530 INFO:teuthology.orchestra.run.smithi040.stdout:/usr/bin/ceph: stderr
2024-04-25T11:06:21.682+0000 7f923effd700 1 -- 172.21.15.40:0/452875872 learned_addr learned my addr 172.21.15.40:0/452875872 (peer_addr_for_me v2:172.21.15.40:0/0)
2024-04-25T11:06:22.530 INFO:teuthology.orchestra.run.smithi040.stdout:/usr/bin/ceph: stderr
2024-04-25T11:06:21.682+0000 7f923effd700 1 -- 172.21.15.40:0/452875872 --> [v2:172.21.15.40:3300/0,v1:172.21.15.40:6789/0] -- mon_subscribe({config=0+,monmap=0+}) -- 0x7f924019e250 con 0x7f9240109f20
2024-04-25T11:06:22.530 INFO:teuthology.orchestra.run.smithi040.stdout:/usr/bin/ceph: stderr
2024-04-25T11:06:21.682+0000 7f923effd700 1 --2- 172.21.15.40:0/452875872 >> [v2:172.21.15.40:3300/0,v1:172.21.15.40:6789/0] conn(0x7f9240109f20 0x7f924019dd10 secure :-1 s=READY pgs=52 cs=0 l=1 rev1=1 crypto rx=0x7f9230009130 tx=0x7f9230011aa0 comp rx=0 tx=0).ready entity=mon.0 client_cookie=0 server_cookie=0 in_seq=0 out_seq=0
2024-04-25T11:06:22.530 INFO:teuthology.orchestra.run.smithi040.stdout:/usr/bin/ceph: stderr
2024-04-25T11:06:21.682+0000 7f9227fff700 1 -- 172.21.15.40:0/452875872 <== mon.0 v2:172.21.15.40:3300/0 1 ==== mon_map magic: 0 ==== 205+0+0 (secure 0 0 0) 0x7f9230003af0 con 0x7f9240109f20
2024-04-25T11:06:22.530 INFO:teuthology.orchestra.run.smithi040.stdout:/usr/bin/ceph: stderr
2024-04-25T11:06:21.682+0000 7f9245350700 1 -- 172.21.15.40:0/452875872 --> [v2:172.21.15.40:3300/0,v1:172.21.15.40:6789/0] -- mon_subscribe({mgrmap=0+}) -- 0x7f924019e4e0 con 0x7f9240109f20
2024-04-25T11:06:22.530 INFO:teuthology.orchestra.run.smithi040.stdout:/usr/bin/ceph: stderr
2024-04-25T11:06:21.682+0000 7f9227fff700 1 -- 172.21.15.40:0/452875872 <== mon.0 v2:172.21.15.40:3300/0 2 ==== config(26 keys) ==== 1097+0+0 (secure 0 0 0) 0x7f9230020070 con 0x7f9240109f20
2024-04-25T11:06:22.530 INFO:teuthology.orchestra.run.smithi040.stdout:/usr/bin/ceph: stderr
2024-04-25T11:06:21.682+0000 7f9227fff700 1 -- 172.21.15.40:0/452875872 <== mon.0 v2:172.21.15.40:3300/0 3 ==== mon_map magic: 0 ==== 205+0+0 (secure 0 0 0) 0x7f92300196c0 con 0x7f9240109f20
2024-04-25T11:06:22.530 INFO:teuthology.orchestra.run.smithi040.stdout:/usr/bin/ceph: stderr
2024-04-25T11:06:21.682+0000 7f9245350700 1 -- 172.21.15.40:0/452875872 --> [v2:172.21.15.40:3300/0,v1:172.21.15.40:6789/0] -- mon_subscribe({osdmap=0}) -- 0x7f92401a10e0 con 0x7f9240109f20
2024-04-25T11:06:22.530 INFO:teuthology.orchestra.run.smithi040.stdout:/usr/bin/ceph: stderr
2024-04-25T11:06:21.683+0000 7f9245350700 1 -- 172.21.15.40:0/452875872 --> [v2:172.21.15.40:3300/0,v1:172.21.15.40:6789/0] -- mon_command({"prefix": "get_command_descriptions"} v 0) -- 0x7f9240064cf0 con 0x7f9240109f20
2024-04-25T11:06:22.530 INFO:teuthology.orchestra.run.smithi040.stdout:/usr/bin/ceph: stderr
2024-04-25T11:06:21.684+0000 7f9227fff700 1 -- 172.21.15.40:0/452875872 <== mon.0 v2:172.21.15.40:3300/0 4 ==== mgrmap(e 8) ==== 49516+0+0 (secure 0 0 0) 0x7f92300199c0 con 0x7f9240109f20
2024-04-25T11:06:22.530 INFO:teuthology.orchestra.run.smithi040.stdout:/usr/bin/ceph: stderr
2024-04-25T11:06:21.684+0000 7f9227fff700 1 --2- 172.21.15.40:0/452875872 >> [v2:172.21.15.40:6800/3438779248,v1:172.21.15.40:6801/3438779248] conn(0x7f922803d810 0x7f922803fd20 unknown :-1 s=NONE pgs=0 cs=0 l=1 rev1=0 crypto rx=0 tx=0 comp rx=0 tx=0).connect
2024-04-25T11:06:22.531 INFO:teuthology.orchestra.run.smithi040.stdout:/usr/bin/ceph: stderr
2024-04-25T11:06:21.684+0000 7f9227fff700 1 -- 172.21.15.40:0/452875872 <== mon.0 v2:172.21.15.40:3300/0 5 ==== osd_map(2..2 src has 1..2) ==== 940+0+0 (secure 0 0 0) 0x7f92300527d0 con 0x7f9240109f20
2024-04-25T11:06:22.531 INFO:teuthology.orchestra.run.smithi040.stdout:/usr/bin/ceph: stderr
2024-04-25T11:06:21.684+0000 7f923e7fc700 1 --2- 172.21.15.40:0/452875872 >> [v2:172.21.15.40:6800/3438779248,v1:172.21.15.40:6801/3438779248] conn(0x7f922803d810 0x7f922803fd20 unknown :-1 s=BANNER_CONNECTING pgs=0 cs=0 l=1 rev1=0 crypto rx=0 tx=0 comp rx=0 tx=0)._handle_peer_banner_payload supported=3 required=0
2024-04-25T11:06:22.531 INFO:teuthology.orchestra.run.smithi040.stdout:/usr/bin/ceph: stderr
2024-04-25T11:06:21.685+0000 7f923e7fc700 1 --2- 172.21.15.40:0/452875872 >> [v2:172.21.15.40:6800/3438779248,v1:172.21.15.40:6801/3438779248] conn(0x7f922803d810 0x7f922803fd20 secure :-1 s=READY pgs=15 cs=0 l=1 rev1=1 crypto rx=0x7f9234006fd0 tx=0x7f9234006e40 comp rx=0 tx=0).ready entity=mgr.14118 client_cookie=0 server_cookie=0 in_seq=0 out_seq=0
2024-04-25T11:06:22.531 INFO:teuthology.orchestra.run.smithi040.stdout:/usr/bin/ceph: stderr
2024-04-25T11:06:21.689+0000 7f9227fff700 1 -- 172.21.15.40:0/452875872 <== mon.0 v2:172.21.15.40:3300/0 6 ==== mon_command_ack([{"prefix": "get_command_descriptions"}]=0 v0) ==== 72+0+188370 (secure 0 0 0) 0x7f9230019cb0 con 0x7f9240109f20
2024-04-25T11:06:22.531 INFO:teuthology.orchestra.run.smithi040.stdout:/usr/bin/ceph: stderr
2024-04-25T11:06:21.897+0000 7f9245350700 1 -- 172.21.15.40:0/452875872 --> [v2:172.21.15.40:3300/0,v1:172.21.15.40:6789/0] -- mon_command([{prefix=config set, name=mgr/dashboard/ssl_server_port}] v 0) -- 0x7f92400642a0 con 0x7f9240109f20
2024-04-25T11:06:22.531 INFO:teuthology.orchestra.run.smithi040.stdout:/usr/bin/ceph: stderr
2024-04-25T11:06:21.901+0000 7f9227fff700 1 -- 172.21.15.40:0/452875872 <== mon.0 v2:172.21.15.40:3300/0 7 ==== mon_command_ack([{prefix=config set, name=mgr/dashboard/ssl_server_port}]=0 v8)=0 v8) ==== 130+0+0 (secure 0 0 0) 0x7f92300196c0 con 0x7f9240109f20
2024-04-25T11:06:22.531 INFO:teuthology.orchestra.run.smithi040.stdout:/usr/bin/ceph: stderr
