2024-04-25T11:06:35.157+0000 7faabf232700 1 -- 172.21.15.40:0/869379053 >> [v2:172.21.15.40:3300/0,v1:172.21.15.40:6789/0] conn(0x7faab807ccf0 msgr2=0x7faab819dcc0 secure :-1 s=STATE_CONNECTION_ESTABLISHED l=1).mark_down
2024-04-25T11:06:35.722 INFO:teuthology.orchestra.run.smithi040.stdout:/usr/bin/ceph: stderr
2024-04-25T11:06:35.157+0000 7faabf232700 1 --2- 172.21.15.40:0/869379053 >> [v2:172.21.15.40:3300/0,v1:172.21.15.40:6789/0] conn(0x7faab807ccf0 0x7faab819dcc0 secure :-1 s=READY pgs=71 cs=0 l=1 rev1=1 crypto rx=0x7faaac003f70 tx=0x7faaac011aa0 comp rx=0 tx=0).stop
2024-04-25T11:06:35.722 INFO:teuthology.orchestra.run.smithi040.stdout:/usr/bin/ceph: stderr
2024-04-25T11:06:35.157+0000 7faabf232700 1 -- 172.21.15.40:0/869379053 shutdown_connections
2024-04-25T11:06:35.722 INFO:teuthology.orchestra.run.smithi040.stdout:/usr/bin/ceph: stderr
2024-04-25T11:06:35.157+0000 7faabf232700 1 --2- 172.21.15.40:0/869379053 >> [v2:172.21.15.40:6800/1551894307,v1:172.21.15.40:6801/1551894307] conn(0x7faaa803d690 0x7faaa803fba0 unknown :-1 s=CLOSED pgs=8 cs=0 l=1 rev1=1 crypto rx=0 tx=0 comp rx=0 tx=0).stop
2024-04-25T11:06:35.722 INFO:teuthology.orchestra.run.smithi040.stdout:/usr/bin/ceph: stderr
2024-04-25T11:06:35.157+0000 7faabf232700 1 --2- 172.21.15.40:0/869379053 >> [v2:172.21.15.40:3300/0,v1:172.21.15.40:6789/0] conn(0x7faab807ccf0 0x7faab819dcc0 unknown :-1 s=CLOSED pgs=71 cs=0 l=1 rev1=1 crypto rx=0 tx=0 comp rx=0 tx=0).stop
2024-04-25T11:06:35.723 INFO:teuthology.orchestra.run.smithi040.stdout:/usr/bin/ceph: stderr
2024-04-25T11:06:35.157+0000 7faabf232700 1 -- 172.21.15.40:0/869379053 >> 172.21.15.40:0/869379053 conn(0x7faab8104010 msgr2=0x7faab8104880 unknown :-1 s=STATE_NONE l=0).mark_down
2024-04-25T11:06:35.723 INFO:teuthology.orchestra.run.smithi040.stdout:/usr/bin/ceph: stderr
2024-04-25T11:06:35.157+0000 7faabf232700 1 -- 172.21.15.40:0/869379053 shutdown_connections
2024-04-25T11:06:35.723 INFO:teuthology.orchestra.run.smithi040.stdout:/usr/bin/ceph: stderr
2024-04-25T11:06:35.157+0000 7faabf232700 1 -- 172.21.15.40:0/869379053 wait complete.
2024-04-25T11:06:35.723 INFO:teuthology.orchestra.run.smithi040.stdout:Fetching dashboard port number...
2024-04-25T11:06:35.999 INFO:journalctl@ceph.mon.a.smithi040.stdout:Apr 25 11:06:35 smithi040 ceph-mon[29237]: from='mgr.14150 172.21.15.40:0/3737460568' entity='mgr.x'
2024-04-25T11:06:35.999 INFO:journalctl@ceph.mon.a.smithi040.stdout:Apr 25 11:06:35 smithi040 ceph-mon[29237]: from='client.14164 -' entity='client.admin' cmd=[{"prefix": "dashboard ac-user-create", "username": "admin", "rolename": "administrator", "force_password": true, "pwd_update_required": true, "target": ["mon-mgr", ""]}]: dispatch
2024-04-25T11:06:36.000 INFO:journalctl@ceph.mon.a.smithi040.stdout:Apr 25 11:06:35 smithi040 ceph-mon[29237]: from='mgr.14150 172.21.15.40:0/3737460568' entity='mgr.x'
2024-04-25T11:06:37.212 INFO:journalctl@ceph.mon.a.smithi040.stdout:Apr 25 11:06:36 smithi040 ceph-mon[29237]: from='client.? 172.21.15.40:0/2836510048' entity='client.admin' cmd=[{"prefix": "config get", "who": "mgr", "key": "mgr/dashboard/ssl_server_port"}]: dispatch
2024-04-25T11:06:37.557 INFO:teuthology.orchestra.run.smithi040.stdout:/usr/bin/ceph: stdout 8443
2024-04-25T11:06:37.557 INFO:teuthology.orchestra.run.smithi040.stdout:/usr/bin/ceph: stderr
2024-04-25T11:06:36.137+0000 7f5844b36700 1 Processor -- start
2024-04-25T11:06:37.557 INFO:teuthology.orchestra.run.smithi040.stdout:/usr/bin/ceph: stderr
2024-04-25T11:06:36.137+0000 7f5844b36700 1 -- start start
2024-04-25T11:06:37.557 INFO:teuthology.orchestra.run.smithi040.stdout:/usr/bin/ceph: stderr
2024-04-25T11:06:36.137+0000 7f5844b36700 1 --2- >> [v2:172.21.15.40:3300/0,v1:172.21.15.40:6789/0] conn(0x7f58401089e0 0x7f5840108df0 unknown :-1 s=NONE pgs=0 cs=0 l=0 rev1=0 crypto rx=0 tx=0 comp rx=0 tx=0).connect
2024-04-25T11:06:37.557 INFO:teuthology.orchestra.run.smithi040.stdout:/usr/bin/ceph: stderr
2024-04-25T11:06:36.137+0000 7f5844b36700 1 -- --> [v2:172.21.15.40:3300/0,v1:172.21.15.40:6789/0] -- mon_getmap magic: 0 -- 0x7f58401093e0 con 0x7f58401089e0
2024-04-25T11:06:37.557 INFO:teuthology.orchestra.run.smithi040.stdout:/usr/bin/ceph: stderr
2024-04-25T11:06:36.138+0000 7f583e59c700 1 --2- >> [v2:172.21.15.40:3300/0,v1:172.21.15.40:6789/0] conn(0x7f58401089e0 0x7f5840108df0 unknown :-1 s=BANNER_CONNECTING pgs=0 cs=0 l=0 rev1=0 crypto rx=0 tx=0 comp rx=0 tx=0)._handle_peer_banner_payload supported=3 required=0
2024-04-25T11:06:37.558 INFO:teuthology.orchestra.run.smithi040.stdout:/usr/bin/ceph: stderr
2024-04-25T11:06:36.138+0000 7f583e59c700 1 --2- >> [v2:172.21.15.40:3300/0,v1:172.21.15.40:6789/0] conn(0x7f58401089e0 0x7f5840108df0 unknown :-1 s=HELLO_CONNECTING pgs=0 cs=0 l=0 rev1=1 crypto rx=0 tx=0 comp rx=0 tx=0).handle_hello peer v2:172.21.15.40:3300/0 says I am v2:172.21.15.40:55120/0 (socket says 172.21.15.40:55120)
2024-04-25T11:06:37.558 INFO:teuthology.orchestra.run.smithi040.stdout:/usr/bin/ceph: stderr
2024-04-25T11:06:36.138+0000 7f583e59c700 1 -- 172.21.15.40:0/1865775229 learned_addr learned my addr 172.21.15.40:0/1865775229 (peer_addr_for_me v2:172.21.15.40:0/0)
2024-04-25T11:06:37.558 INFO:teuthology.orchestra.run.smithi040.stdout:/usr/bin/ceph: stderr
2024-04-25T11:06:36.138+0000 7f583e59c700 1 -- 172.21.15.40:0/1865775229 --> [v2:172.21.15.40:3300/0,v1:172.21.15.40:6789/0] -- mon_subscribe({config=0+,monmap=0+}) -- 0x7f5840109b10 con 0x7f58401089e0
2024-04-25T11:06:37.558 INFO:teuthology.orchestra.run.smithi040.stdout:/usr/bin/ceph: stderr
2024-04-25T11:06:36.138+0000 7f583e59c700 1 --2- 172.21.15.40:0/1865775229 >> [v2:172.21.15.40:3300/0,v1:172.21.15.40:6789/0] conn(0x7f58401089e0 0x7f5840108df0 secure :-1 s=READY pgs=72 cs=0 l=1 rev1=1 crypto rx=0x7f58380098a0 tx=0x7f5838009bb0 comp rx=0 tx=0).ready entity=mon.0 client_cookie=c15a5ad8a09e62e7 server_cookie=0 in_seq=0 out_seq=0
2024-04-25T11:06:37.558 INFO:teuthology.orchestra.run.smithi040.stdout:/usr/bin/ceph: stderr
2024-04-25T11:06:36.138+0000 7f583d59a700 1 -- 172.21.15.40:0/1865775229 <== mon.0 v2:172.21.15.40:3300/0 1 ==== mon_map magic: 0 ==== 205+0+0 (secure 0 0 0) 0x7f5838004160 con 0x7f58401089e0
2024-04-25T11:06:37.558 INFO:teuthology.orchestra.run.smithi040.stdout:/usr/bin/ceph: stderr
2024-04-25T11:06:36.138+0000 7f583d59a700 1 -- 172.21.15.40:0/1865775229 <== mon.0 v2:172.21.15.40:3300/0 2 ==== config(26 keys) ==== 1097+0+0 (secure 0 0 0) 0x7f5838004300 con 0x7f58401089e0
2024-04-25T11:06:37.558 INFO:teuthology.orchestra.run.smithi040.stdout:/usr/bin/ceph: stderr
2024-04-25T11:06:36.138+0000 7f583d59a700 1 -- 172.21.15.40:0/1865775229 <== mon.0 v2:172.21.15.40:3300/0 3 ==== mon_map magic: 0 ==== 205+0+0 (secure 0 0 0) 0x7f5838011a20 con 0x7f58401089e0
2024-04-25T11:06:37.558 INFO:teuthology.orchestra.run.smithi040.stdout:/usr/bin/ceph: stderr
2024-04-25T11:06:36.139+0000 7f5844b36700 1 -- 172.21.15.40:0/1865775229 >> [v2:172.21.15.40:3300/0,v1:172.21.15.40:6789/0] conn(0x7f58401089e0 msgr2=0x7f5840108df0 secure :-1 s=STATE_CONNECTION_ESTABLISHED l=1).mark_down
2024-04-25T11:06:37.558 INFO:teuthology.orchestra.run.smithi040.stdout:/usr/bin/ceph: stderr
2024-04-25T11:06:36.139+0000 7f5844b36700 1 --2- 172.21.15.40:0/1865775229 >> [v2:172.21.15.40:3300/0,v1:172.21.15.40:6789/0] conn(0x7f58401089e0 0x7f5840108df0 secure :-1 s=READY pgs=72 cs=0 l=1 rev1=1 crypto rx=0x7f58380098a0 tx=0x7f5838009bb0 comp rx=0 tx=0).stop
2024-04-25T11:06:37.558 INFO:teuthology.orchestra.run.smithi040.stdout:/usr/bin/ceph: stderr
2024-04-25T11:06:36.139+0000 7f5844b36700 1 -- 172.21.15.40:0/1865775229 shutdown_connections
2024-04-25T11:06:37.558 INFO:teuthology.orchestra.run.smithi040.stdout:/usr/bin/ceph: stderr
2024-04-25T11:06:36.139+0000 7f5844b36700 1 --2- 172.21.15.40:0/1865775229 >> [v2:172.21.15.40:3300/0,v1:172.21.15.40:6789/0] conn(0x7f58401089e0 0x7f5840108df0 unknown :-1 s=CLOSED pgs=72 cs=0 l=1 rev1=1 crypto rx=0 tx=0 comp rx=0 tx=0).stop
2024-04-25T11:06:37.558 INFO:teuthology.orchestra.run.smithi040.stdout:/usr/bin/ceph: stderr
2024-04-25T11:06:36.139+0000 7f5844b36700 1 -- 172.21.15.40:0/1865775229 >> 172.21.15.40:0/1865775229 conn(0x7f5840104080 msgr2=0x7f58401064d0 unknown :-1 s=STATE_NONE l=0).mark_down
2024-04-25T11:06:37.558 INFO:teuthology.orchestra.run.smithi040.stdout:/usr/bin/ceph: stderr
2024-04-25T11:06:36.139+0000 7f5844b36700 1 -- 172.21.15.40:0/1865775229 shutdown_connections
2024-04-25T11:06:37.559 INFO:teuthology.orchestra.run.smithi040.stdout:/usr/bin/ceph: stderr
2024-04-25T11:06:36.139+0000 7f5844b36700 1 -- 172.21.15.40:0/1865775229 wait complete.
2024-04-25T11:06:37.559 INFO:teuthology.orchestra.run.smithi040.stdout:/usr/bin/ceph: stderr
2024-04-25T11:06:36.140+0000 7f5844b36700 1 Processor -- start
2024-04-25T11:06:37.559 INFO:teuthology.orchestra.run.smithi040.stdout:/usr/bin/ceph: stderr
2024-04-25T11:06:36.140+0000 7f5844b36700 1 -- start start
2024-04-25T11:06:37.559 INFO:teuthology.orchestra.run.smithi040.stdout:/usr/bin/ceph: stderr
2024-04-25T11:06:36.140+0000 7f5844b36700 1 --2- >> [v2:172.21.15.40:3300/0,v1:172.21.15.40:6789/0] conn(0x7f58401089e0 0x7f584019dd20 unknown :-1 s=NONE pgs=0 cs=0 l=1 rev1=0 crypto rx=0 tx=0 comp rx=0 tx=0).connect
2024-04-25T11:06:37.559 INFO:teuthology.orchestra.run.smithi040.stdout:/usr/bin/ceph: stderr
2024-04-25T11:06:36.140+0000 7f5844b36700 1 -- --> [v2:172.21.15.40:3300/0,v1:172.21.15.40:6789/0] -- mon_getmap magic: 0 -- 0x7f584010cec0 con 0x7f58401089e0
2024-04-25T11:06:37.559 INFO:teuthology.orchestra.run.smithi040.stdout:/usr/bin/ceph: stderr
2024-04-25T11:06:36.140+0000 7f583e59c700 1 --2- >> [v2:172.21.15.40:3300/0,v1:172.21.15.40:6789/0] conn(0x7f58401089e0 0x7f584019dd20 unknown :-1 s=BANNER_CONNECTING pgs=0 cs=0 l=1 rev1=0 crypto rx=0 tx=0 comp rx=0 tx=0)._handle_peer_banner_payload supported=3 required=0
2024-04-25T11:06:37.559 INFO:teuthology.orchestra.run.smithi040.stdout:/usr/bin/ceph: stderr
2024-04-25T11:06:36.140+0000 7f583e59c700 1 --2- >> [v2:172.21.15.40:3300/0,v1:172.21.15.40:6789/0] conn(0x7f58401089e0 0x7f584019dd20 unknown :-1 s=HELLO_CONNECTING pgs=0 cs=0 l=1 rev1=1 crypto rx=0 tx=0 comp rx=0 tx=0).handle_hello peer v2:172.21.15.40:3300/0 says I am v2:172.21.15.40:55128/0 (socket says 172.21.15.40:55128)
2024-04-25T11:06:37.559 INFO:teuthology.orchestra.run.smithi040.stdout:/usr/bin/ceph: stderr
2024-04-25T11:06:36.140+0000 7f583e59c700 1 -- 172.21.15.40:0/2836510048 learned_addr learned my addr 172.21.15.40:0/2836510048 (peer_addr_for_me v2:172.21.15.40:0/0)
2024-04-25T11:06:37.559 INFO:teuthology.orchestra.run.smithi040.stdout:/usr/bin/ceph: stderr
2024-04-25T11:06:36.141+0000 7f583e59c700 1 -- 172.21.15.40:0/2836510048 --> [v2:172.21.15.40:3300/0,v1:172.21.15.40:6789/0] -- mon_subscribe({config=0+,monmap=0+}) -- 0x7f584019e260 con 0x7f58401089e0
2024-04-25T11:06:37.559 INFO:teuthology.orchestra.run.smithi040.stdout:/usr/bin/ceph: stderr
2024-04-25T11:06:36.141+0000 7f583e59c700 1 --2- 172.21.15.40:0/2836510048 >> [v2:172.21.15.40:3300/0,v1:172.21.15.40:6789/0] conn(0x7f58401089e0 0x7f584019dd20 secure :-1 s=READY pgs=73 cs=0 l=1 rev1=1 crypto rx=0x7f5838003ee0 tx=0x7f5838011aa0 comp rx=0 tx=0).ready entity=mon.0 client_cookie=0 server_cookie=0 in_seq=0 out_seq=0
2024-04-25T11:06:37.559 INFO:teuthology.orchestra.run.smithi040.stdout:/usr/bin/ceph: stderr
2024-04-25T11:06:36.141+0000 7f582f7fe700 1 -- 172.21.15.40:0/2836510048 <== mon.0 v2:172.21.15.40:3300/0 1 ==== mon_map magic: 0 ==== 205+0+0 (secure 0 0 0) 0x7f5838003aa0 con 0x7f58401089e0
2024-04-25T11:06:37.559 INFO:teuthology.orchestra.run.smithi040.stdout:/usr/bin/ceph: stderr
2024-04-25T11:06:36.141+0000 7f582f7fe700 1 -- 172.21.15.40:0/2836510048 <== mon.0 v2:172.21.15.40:3300/0 2 ==== config(26 keys) ==== 1097+0+0 (secure 0 0 0) 0x7f583801a8e0 con 0x7f58401089e0
2024-04-25T11:06:37.559 INFO:teuthology.orchestra.run.smithi040.stdout:/usr/bin/ceph: stderr
2024-04-25T11:06:36.141+0000 7f5844b36700 1 -- 172.21.15.40:0/2836510048 --> [v2:172.21.15.40:3300/0,v1:172.21.15.40:6789/0] -- mon_subscribe({mgrmap=0+}) -- 0x7f584019e4f0 con 0x7f58401089e0
2024-04-25T11:06:37.559 INFO:teuthology.orchestra.run.smithi040.stdout:/usr/bin/ceph: stderr
2024-04-25T11:06:36.141+0000 7f582f7fe700 1 -- 172.21.15.40:0/2836510048 <== mon.0 v2:172.21.15.40:3300/0 3 ==== mon_map magic: 0 ==== 205+0+0 (secure 0 0 0) 0x7f5838024810 con 0x7f58401089e0
2024-04-25T11:06:37.559 INFO:teuthology.orchestra.run.smithi040.stdout:/usr/bin/ceph: stderr
2024-04-25T11:06:36.141+0000 7f5844b36700 1 -- 172.21.15.40:0/2836510048 --> [v2:172.21.15.40:3300/0,v1:172.21.15.40:6789/0] -- mon_subscribe({osdmap=0}) -- 0x7f58401a10f0 con 0x7f58401089e0
2024-04-25T11:06:37.560 INFO:teuthology.orchestra.run.smithi040.stdout:/usr/bin/ceph: stderr
2024-04-25T11:06:36.142+0000 7f5844b36700 1 -- 172.21.15.40:0/2836510048 --> [v2:172.21.15.40:3300/0,v1:172.21.15.40:6789/0] -- mon_command({"prefix": "get_command_descriptions"} v 0) -- 0x7f5840064cf0 con 0x7f58401089e0
2024-04-25T11:06:37.560 INFO:teuthology.orchestra.run.smithi040.stdout:/usr/bin/ceph: stderr
2024-04-25T11:06:36.142+0000 7f582f7fe700 1 -- 172.21.15.40:0/2836510048 <== mon.0 v2:172.21.15.40:3300/0 4 ==== mgrmap(e 12) ==== 49529+0+0 (secure 0 0 0) 0x7f5838022020 con 0x7f58401089e0
2024-04-25T11:06:37.560 INFO:teuthology.orchestra.run.smithi040.stdout:/usr/bin/ceph: stderr
2024-04-25T11:06:36.142+0000 7f582f7fe700 1 --2- 172.21.15.40:0/2836510048 >> [v2:172.21.15.40:6800/1551894307,v1:172.21.15.40:6801/1551894307] conn(0x7f582803d6e0 0x7f582803fbf0 unknown :-1 s=NONE pgs=0 cs=0 l=1 rev1=0 crypto rx=0 tx=0 comp rx=0 tx=0).connect
2024-04-25T11:06:37.560 INFO:teuthology.orchestra.run.smithi040.stdout:/usr/bin/ceph: stderr
2024-04-25T11:06:36.142+0000 7f582f7fe700 1 -- 172.21.15.40:0/2836510048 <== mon.0 v2:172.21.15.40:3300/0 5 ==== osd_map(3..3 src has 1..3) ==== 1155+0+0 (secure 0 0 0) 0x7f5838052740 con 0x7f58401089e0
2024-04-25T11:06:37.560 INFO:teuthology.orchestra.run.smithi040.stdout:/usr/bin/ceph: stderr
2024-04-25T11:06:36.142+0000 7f583dd9b700 1 --2- 172.21.15.40:0/2836510048 >> [v2:172.21.15.40:6800/1551894307,v1:172.21.15.40:6801/1551894307] conn(0x7f582803d6e0 0x7f582803fbf0 unknown :-1 s=BANNER_CONNECTING pgs=0 cs=0 l=1 rev1=0 crypto rx=0 tx=0 comp rx=0 tx=0)._handle_peer_banner_payload supported=3 required=0
2024-04-25T11:06:37.560 INFO:teuthology.orchestra.run.smithi040.stdout:/usr/bin/ceph: stderr
2024-04-25T11:06:36.143+0000 7f583dd9b700 1 --2- 172.21.15.40:0/2836510048 >> [v2:172.21.15.40:6800/1551894307,v1:172.21.15.40:6801/1551894307] conn(0x7f582803d6e0 0x7f582803fbf0 secure :-1 s=READY pgs=9 cs=0 l=1 rev1=1 crypto rx=0x7f5834006fd0 tx=0x7f5834006e40 comp rx=0 tx=0).ready entity=mgr.14150 client_cookie=0 server_cookie=0 in_seq=0 out_seq=0
2024-04-25T11:06:37.560 INFO:teuthology.orchestra.run.smithi040.stdout:/usr/bin/ceph: stderr
2024-04-25T11:06:36.147+0000 7f582f7fe700 1 -- 172.21.15.40:0/2836510048 <== mon.0 v2:172.21.15.40:3300/0 6 ==== mon_command_ack([{"prefix": "get_command_descriptions"}]=0 v0) ==== 72+0+188370 (secure 0 0 0) 0x7f5838029df0 con 0x7f58401089e0
2024-04-25T11:06:37.560 INFO:teuthology.orchestra.run.smithi040.stdout:/usr/bin/ceph: stderr
2024-04-25T11:06:36.357+0000 7f5844b36700 1 -- 172.21.15.40:0/2836510048 --> [v2:172.21.15.40:3300/0,v1:172.21.15.40:6789/0] -- mon_command({"prefix": "config get", "who": "mgr", "key": "mgr/dashboard/ssl_server_port"} v 0) -- 0x7f58401a1400 con 0x7f58401089e0
2024-04-25T11:06:37.560 INFO:teuthology.orchestra.run.smithi040.stdout:/usr/bin/ceph: stderr
2024-04-25T11:06:36.357+0000 7f582f7fe700 1 -- 172.21.15.40:0/2836510048 <== mon.0 v2:172.21.15.40:3300/0 7 ==== mon_command_ack([{"prefix": "config get", "who": "mgr", "key": "mgr/dashboard/ssl_server_port"}]=0 v8) ==== 112+0+5 (secure 0 0 0) 0x7f583801adb0 con 0x7f58401089e0
2024-04-25T11:06:37.560 INFO:teuthology.orchestra.run.smithi040.stdout:/usr/bin/ceph: stderr
2024-04-25T11:06:36.360+0000 7f5844b36700 1 -- 172.21.15.40:0/2836510048 >> [v2:172.21.15.40:6800/1551894307,v1:172.21.15.40:6801/1551894307] conn(0x7f582803d6e0 msgr2=0x7f582803fbf0 secure :-1 s=STATE_CONNECTION_ESTABLISHED l=1).mark_down
2024-04-25T11:06:37.560 INFO:teuthology.orchestra.run.smithi040.stdout:/usr/bin/ceph: stderr
2024-04-25T11:06:36.360+0000 7f5844b36700 1 --2- 172.21.15.40:0/2836510048 >> [v2:172.21.15.40:6800/1551894307,v1:172.21.15.40:6801/1551894307] conn(0x7f582803d6e0 0x7f582803fbf0 secure :-1 s=READY pgs=9 cs=0 l=1 rev1=1 crypto rx=0x7f5834006fd0 tx=0x7f5834006e40 comp rx=0 tx=0).stop
2024-04-25T11:06:37.560 INFO:teuthology.orchestra.run.smithi040.stdout:/usr/bin/ceph: stderr
2024-04-25T11:06:36.360+0000 7f5844b36700 1 -- 172.21.15.40:0/2836510048 >> [v2:172.21.15.40:3300/0,v1:172.21.15.40:6789/0] conn(0x7f58401089e0 msgr2=0x7f584019dd20 secure :-1 s=STATE_CONNECTION_ESTABLISHED l=1).mark_down
2024-04-25T11:06:37.560 INFO:teuthology.orchestra.run.smithi040.stdout:/usr/bin/ceph: stderr
2024-04-25T11:06:36.360+0000 7f5844b36700 1 --2- 172.21.15.40:0/2836510048 >> [v2:172.21.15.40:3300/0,v1:172.21.15.40:6789/0] conn(0x7f58401089e0 0x7f584019dd20 secure :-1 s=READY pgs=73 cs=0 l=1 rev1=1 crypto rx=0x7f5838003ee0 tx=0x7f5838011aa0 comp rx=0 tx=0).stop
2024-04-25T11:06:37.560 INFO:teuthology.orchestra.run.smithi040.stdout:/usr/bin/ceph: stderr
2024-04-25T11:06:36.360+0000 7f5844b36700 1 -- 172.21.15.40:0/2836510048 shutdown_connections
2024-04-25T11:06:37.561 INFO:teuthology.orchestra.run.smithi040.stdout:/usr/bin/ceph: stderr
2024-04-25T11:06:36.360+0000 7f5844b36700 1 --2- 172.21.15.40:0/2836510048 >> [v2:172.21.15.40:6800/1551894307,v1:172.21.15.40:6801/1551894307] conn(0x7f582803d6e0 0x7f582803fbf0 unknown :-1 s=CLOSED pgs=9 cs=0 l=1 rev1=1 crypto rx=0 tx=0 comp rx=0 tx=0).stop
2024-04-25T11:06:37.561 INFO:teuthology.orchestra.run.smithi040.stdout:/usr/bin/ceph: stderr
2024-04-25T11:06:36.361+0000 7f5844b36700 1 --2- 172.21.15.40:0/2836510048 >> [v2:172.21.15.40:3300/0,v1:172.21.15.40:6789/0] conn(0x7f58401089e0 0x7f584019dd20 unknown :-1 s=CLOSED pgs=73 cs=0 l=1 rev1=1 crypto rx=0 tx=0 comp rx=0 tx=0).stop
2024-04-25T11:06:37.561 INFO:teuthology.orchestra.run.smithi040.stdout:/usr/bin/ceph: stderr
2024-04-25T11:06:36.361+0000 7f5844b36700 1 -- 172.21.15.40:0/2836510048 >> 172.21.15.40:0/2836510048 conn(0x7f5840104080 msgr2=0x7f5840104830 unknown :-1 s=STATE_NONE l=0).mark_down
2024-04-25T11:06:37.561 INFO:teuthology.orchestra.run.smithi040.stdout:/usr/bin/ceph: stderr
2024-04-25T11:06:36.361+0000 7f5844b36700 1 -- 172.21.15.40:0/2836510048 shutdown_connections
2024-04-25T11:06:37.561 INFO:teuthology.orchestra.run.smithi040.stdout:/usr/bin/ceph: stderr
2024-04-25T11:06:36.361+0000 7f5844b36700 1 -- 172.21.15.40:0/2836510048 wait complete.
2024-04-25T11:06:37.567 INFO:teuthology.orchestra.run.smithi040.stdout:Non-zero exit code 1 from systemctl is-enabled firewalld.service
2024-04-25T11:06:37.567 INFO:teuthology.orchestra.run.smithi040.stdout:systemctl: stdout disabled
2024-04-25T11:06:37.575 INFO:teuthology.orchestra.run.smithi040.stdout:Non-zero exit code 3 from systemctl is-active firewalld.service
2024-04-25T11:06:37.575 INFO:teuthology.orchestra.run.smithi040.stdout:systemctl: stdout inactive
2024-04-25T11:06:37.576 INFO:teuthology.orchestra.run.smithi040.stdout:firewalld.service is not enabled
2024-04-25T11:06:37.576 INFO:teuthology.orchestra.run.smithi040.stdout:Not possible to open ports <[8443]>. firewalld.service is not available
2024-04-25T11:06:37.577 INFO:teuthology.orchestra.run.smithi040.stdout:Ceph Dashboard is now available at:
2024-04-25T11:06:37.577 INFO:teuthology.orchestra.run.smithi040.stdout:
2024-04-25T11:06:37.577 INFO:teuthology.orchestra.run.smithi040.stdout: URL: https://smithi040:8443/
2024-04-25T11:06:37.578 INFO:teuthology.orchestra.run.smithi040.stdout: User: admin
2024-04-25T11:06:37.578 INFO:teuthology.orchestra.run.smithi040.stdout: Password: 5dx594a9k7
2024-04-25T11:06:37.578 INFO:teuthology.orchestra.run.smithi040.stdout:
2024-04-25T11:06:37.578 INFO:teuthology.orchestra.run.smithi040.stdout:Saving cluster configuration to /var/lib/ceph/9d788bc2-02f3-11ef-bc93-c7b262605968/config directory
2024-04-25T11:06:37.578 INFO:teuthology.orchestra.run.smithi040.stdout:Enabling autotune for osd_memory_target
2024-04-25T11:06:38.779 INFO:teuthology.orchestra.run.smithi040.stdout:/usr/bin/ceph: stderr
2024-04-25T11:06:38.030+0000 7fc2a57d5700 1 Processor -- start
2024-04-25T11:06:38.779 INFO:teuthology.orchestra.run.smithi040.stdout:/usr/bin/ceph: stderr
2024-04-25T11:06:38.030+0000 7fc2a57d5700 1 -- start start
2024-04-25T11:06:38.779 INFO:teuthology.orchestra.run.smithi040.stdout:/usr/bin/ceph: stderr
2024-04-25T11:06:38.031+0000 7fc2a57d5700 1 --2- >> [v2:172.21.15.40:3300/0,v1:172.21.15.40:6789/0] conn(0x7fc2a0109b10 0x7fc2a0109f20 unknown :-1 s=NONE pgs=0 cs=0 l=0 rev1=0 crypto rx=0 tx=0 comp rx=0 tx=0).connect
2024-04-25T11:06:38.779 INFO:teuthology.orchestra.run.smithi040.stdout:/usr/bin/ceph: stderr
2024-04-25T11:06:38.031+0000 7fc2a57d5700 1 -- --> [v2:172.21.15.40:3300/0,v1:172.21.15.40:6789/0] -- mon_getmap magic: 0 -- 0x7fc2a010a510 con 0x7fc2a0109b10
2024-04-25T11:06:38.779 INFO:teuthology.orchestra.run.smithi040.stdout:/usr/bin/ceph: stderr
2024-04-25T11:06:38.031+0000 7fc29effd700 1 --2- >> [v2:172.21.15.40:3300/0,v1:172.21.15.40:6789/0] conn(0x7fc2a0109b10 0x7fc2a0109f20 unknown :-1 s=BANNER_CONNECTING pgs=0 cs=0 l=0 rev1=0 crypto rx=0 tx=0 comp rx=0 tx=0)._handle_peer_banner_payload supported=3 required=0
2024-04-25T11:06:38.779 INFO:teuthology.orchestra.run.smithi040.stdout:/usr/bin/ceph: stderr
2024-04-25T11:06:38.031+0000 7fc29effd700 1 --2- >> [v2:172.21.15.40:3300/0,v1:172.21.15.40:6789/0] conn(0x7fc2a0109b10 0x7fc2a0109f20 unknown :-1 s=HELLO_CONNECTING pgs=0 cs=0 l=0 rev1=1 crypto rx=0 tx=0 comp rx=0 tx=0).handle_hello peer v2:172.21.15.40:3300/0 says I am v2:172.21.15.40:37184/0 (socket says 172.21.15.40:37184)
2024-04-25T11:06:38.779 INFO:teuthology.orchestra.run.smithi040.stdout:/usr/bin/ceph: stderr
2024-04-25T11:06:38.031+0000 7fc29effd700 1 -- 172.21.15.40:0/1365728079 learned_addr learned my addr 172.21.15.40:0/1365728079 (peer_addr_for_me v2:172.21.15.40:0/0)
2024-04-25T11:06:38.780 INFO:teuthology.orchestra.run.smithi040.stdout:/usr/bin/ceph: stderr
2024-04-25T11:06:38.031+0000 7fc29effd700 1 -- 172.21.15.40:0/1365728079 --> [v2:172.21.15.40:3300/0,v1:172.21.15.40:6789/0] -- mon_subscribe({config=0+,monmap=0+}) -- 0x7fc2a010ac40 con 0x7fc2a0109b10
2024-04-25T11:06:38.780 INFO:teuthology.orchestra.run.smithi040.stdout:/usr/bin/ceph: stderr
2024-04-25T11:06:38.031+0000 7fc29effd700 1 --2- 172.21.15.40:0/1365728079 >> [v2:172.21.15.40:3300/0,v1:172.21.15.40:6789/0] conn(0x7fc2a0109b10 0x7fc2a0109f20 secure :-1 s=READY pgs=74 cs=0 l=1 rev1=1 crypto rx=0x7fc298009e80 tx=0x7fc29800b330 comp rx=0 tx=0).ready entity=mon.0 client_cookie=301a51d25f7b12fd server_cookie=0 in_seq=0 out_seq=0
2024-04-25T11:06:38.780 INFO:teuthology.orchestra.run.smithi040.stdout:/usr/bin/ceph: stderr
2024-04-25T11:06:38.031+0000 7fc29dffb700 1 -- 172.21.15.40:0/1365728079 <== mon.0 v2:172.21.15.40:3300/0 1 ==== mon_map magic: 0 ==== 205+0+0 (secure 0 0 0) 0x7fc298017070 con 0x7fc2a0109b10
2024-04-25T11:06:38.780 INFO:teuthology.orchestra.run.smithi040.stdout:/usr/bin/ceph: stderr
2024-04-25T11:06:38.031+0000 7fc29dffb700 1 -- 172.21.15.40:0/1365728079 <== mon.0 v2:172.21.15.40:3300/0 2 ==== config(26 keys) ==== 1097+0+0 (secure 0 0 0) 0x7fc29800b8c0 con 0x7fc2a0109b10
2024-04-25T11:06:38.780 INFO:teuthology.orchestra.run.smithi040.stdout:/usr/bin/ceph: stderr
2024-04-25T11:06:38.031+0000 7fc29dffb700 1 -- 172.21.15.40:0/1365728079 <== mon.0 v2:172.21.15.40:3300/0 3 ==== mon_map magic: 0 ==== 205+0+0 (secure 0 0 0) 0x7fc298004490 con 0x7fc2a0109b10
2024-04-25T11:06:38.780 INFO:teuthology.orchestra.run.smithi040.stdout:/usr/bin/ceph: stderr
2024-04-25T11:06:38.032+0000 7fc2a57d5700 1 -- 172.21.15.40:0/1365728079 >> [v2:172.21.15.40:3300/0,v1:172.21.15.40:6789/0] conn(0x7fc2a0109b10 msgr2=0x7fc2a0109f20 secure :-1 s=STATE_CONNECTION_ESTABLISHED l=1).mark_down
2024-04-25T11:06:38.780 INFO:teuthology.orchestra.run.smithi040.stdout:/usr/bin/ceph: stderr
2024-04-25T11:06:38.032+0000 7fc2a57d5700 1 --2- 172.21.15.40:0/1365728079 >> [v2:172.21.15.40:3300/0,v1:172.21.15.40:6789/0] conn(0x7fc2a0109b10 0x7fc2a0109f20 secure :-1 s=READY pgs=74 cs=0 l=1 rev1=1 crypto rx=0x7fc298009e80 tx=0x7fc29800b330 comp rx=0 tx=0).stop
2024-04-25T11:06:38.780 INFO:teuthology.orchestra.run.smithi040.stdout:/usr/bin/ceph: stderr
2024-04-25T11:06:38.032+0000 7fc2a57d5700 1 -- 172.21.15.40:0/1365728079 shutdown_connections
2024-04-25T11:06:38.780 INFO:teuthology.orchestra.run.smithi040.stdout:/usr/bin/ceph: stderr
2024-04-25T11:06:38.032+0000 7fc2a57d5700 1 --2- 172.21.15.40:0/1365728079 >> [v2:172.21.15.40:3300/0,v1:172.21.15.40:6789/0] conn(0x7fc2a0109b10 0x7fc2a0109f20 unknown :-1 s=CLOSED pgs=74 cs=0 l=1 rev1=1 crypto rx=0 tx=0 comp rx=0 tx=0).stop
2024-04-25T11:06:38.780 INFO:teuthology.orchestra.run.smithi040.stdout:/usr/bin/ceph: stderr
2024-04-25T11:06:38.032+0000 7fc2a57d5700 1 -- 172.21.15.40:0/1365728079 >> 172.21.15.40:0/1365728079 conn(0x7fc2a0105190 msgr2=0x7fc2a0107600 unknown :-1 s=STATE_NONE l=0).mark_down
2024-04-25T11:06:38.780 INFO:teuthology.orchestra.run.smithi040.stdout:/usr/bin/ceph: stderr
2024-04-25T11:06:38.032+0000 7fc2a57d5700 1 -- 172.21.15.40:0/1365728079 shutdown_connections
2024-04-25T11:06:38.780 INFO:teuthology.orchestra.run.smithi040.stdout:/usr/bin/ceph: stderr
2024-04-25T11:06:38.032+0000 7fc2a57d5700 1 -- 172.21.15.40:0/1365728079 wait complete.
2024-04-25T11:06:38.780 INFO:teuthology.orchestra.run.smithi040.stdout:/usr/bin/ceph: stderr
2024-04-25T11:06:38.033+0000 7fc2a57d5700 1 Processor -- start
2024-04-25T11:06:38.781 INFO:teuthology.orchestra.run.smithi040.stdout:/usr/bin/ceph: stderr
2024-04-25T11:06:38.033+0000 7fc2a57d5700 1 -- start start
2024-04-25T11:06:38.781 INFO:teuthology.orchestra.run.smithi040.stdout:/usr/bin/ceph: stderr
2024-04-25T11:06:38.033+0000 7fc2a57d5700 1 --2- >> [v2:172.21.15.40:3300/0,v1:172.21.15.40:6789/0] conn(0x7fc2a0109b10 0x7fc2a007f320 unknown :-1 s=NONE pgs=0 cs=0 l=1 rev1=0 crypto rx=0 tx=0 comp rx=0 tx=0).connect
2024-04-25T11:06:38.781 INFO:teuthology.orchestra.run.smithi040.stdout:/usr/bin/ceph: stderr
2024-04-25T11:06:38.033+0000 7fc2a57d5700 1 -- --> [v2:172.21.15.40:3300/0,v1:172.21.15.40:6789/0] -- mon_getmap magic: 0 -- 0x7fc2a010dff0 con 0x7fc2a0109b10
2024-04-25T11:06:38.781 INFO:teuthology.orchestra.run.smithi040.stdout:/usr/bin/ceph: stderr
2024-04-25T11:06:38.034+0000 7fc29effd700 1 --2- >> [v2:172.21.15.40:3300/0,v1:172.21.15.40:6789/0] conn(0x7fc2a0109b10 0x7fc2a007f320 unknown :-1 s=BANNER_CONNECTING pgs=0 cs=0 l=1 rev1=0 crypto rx=0 tx=0 comp rx=0 tx=0)._handle_peer_banner_payload supported=3 required=0
2024-04-25T11:06:38.781 INFO:teuthology.orchestra.run.smithi040.stdout:/usr/bin/ceph: stderr
2024-04-25T11:06:38.034+0000 7fc29effd700 1 --2- >> [v2:172.21.15.40:3300/0,v1:172.21.15.40:6789/0] conn(0x7fc2a0109b10 0x7fc2a007f320 unknown :-1 s=HELLO_CONNECTING pgs=0 cs=0 l=1 rev1=1 crypto rx=0 tx=0 comp rx=0 tx=0).handle_hello peer v2:172.21.15.40:3300/0 says I am v2:172.21.15.40:37194/0 (socket says 172.21.15.40:37194)
2024-04-25T11:06:38.781 INFO:teuthology.orchestra.run.smithi040.stdout:/usr/bin/ceph: stderr
2024-04-25T11:06:38.034+0000 7fc29effd700 1 -- 172.21.15.40:0/3404028486 learned_addr learned my addr 172.21.15.40:0/3404028486 (peer_addr_for_me v2:172.21.15.40:0/0)
2024-04-25T11:06:38.781 INFO:teuthology.orchestra.run.smithi040.stdout:/usr/bin/ceph: stderr
2024-04-25T11:06:38.034+0000 7fc29effd700 1 -- 172.21.15.40:0/3404028486 --> [v2:172.21.15.40:3300/0,v1:172.21.15.40:6789/0] -- mon_subscribe({config=0+,monmap=0+}) -- 0x7fc2a007f860 con 0x7fc2a0109b10
2024-04-25T11:06:38.781 INFO:teuthology.orchestra.run.smithi040.stdout:/usr/bin/ceph: stderr
2024-04-25T11:06:38.034+0000 7fc29effd700 1 --2- 172.21.15.40:0/3404028486 >> [v2:172.21.15.40:3300/0,v1:172.21.15.40:6789/0] conn(0x7fc2a0109b10 0x7fc2a007f320 secure :-1 s=READY pgs=75 cs=0 l=1 rev1=1 crypto rx=0x7fc298009e50 tx=0x7fc29800bd50 comp rx=0 tx=0).ready entity=mon.0 client_cookie=0 server_cookie=0 in_seq=0 out_seq=0
2024-04-25T11:06:38.781 INFO:teuthology.orchestra.run.smithi040.stdout:/usr/bin/ceph: stderr
2024-04-25T11:06:38.034+0000 7fc287fff700 1 -- 172.21.15.40:0/3404028486 <== mon.0 v2:172.21.15.40:3300/0 1 ==== mon_map magic: 0 ==== 205+0+0 (secure 0 0 0) 0x7fc298021020 con 0x7fc2a0109b10
2024-04-25T11:06:38.781 INFO:teuthology.orchestra.run.smithi040.stdout:/usr/bin/ceph: stderr
2024-04-25T11:06:38.034+0000 7fc287fff700 1 -- 172.21.15.40:0/3404028486 <== mon.0 v2:172.21.15.40:3300/0 2 ==== config(26 keys) ==== 1097+0+0 (secure 0 0 0) 0x7fc298003b50 con 0x7fc2a0109b10
2024-04-25T11:06:38.781 INFO:teuthology.orchestra.run.smithi040.stdout:/usr/bin/ceph: stderr
2024-04-25T11:06:38.034+0000 7fc2a57d5700 1 -- 172.21.15.40:0/3404028486 --> [v2:172.21.15.40:3300/0,v1:172.21.15.40:6789/0] -- mon_subscribe({mgrmap=0+}) -- 0x7fc2a007dab0 con 0x7fc2a0109b10
2024-04-25T11:06:38.781 INFO:teuthology.orchestra.run.smithi040.stdout:/usr/bin/ceph: stderr
2024-04-25T11:06:38.034+0000 7fc287fff700 1 -- 172.21.15.40:0/3404028486 <== mon.0 v2:172.21.15.40:3300/0 3 ==== mon_map magic: 0 ==== 205+0+0 (secure 0 0 0) 0x7fc298017040 con 0x7fc2a0109b10
2024-04-25T11:06:38.781 INFO:teuthology.orchestra.run.smithi040.stdout:/usr/bin/ceph: stderr
2024-04-25T11:06:38.034+0000 7fc2a57d5700 1 -- 172.21.15.40:0/3404028486 --> [v2:172.21.15.40:3300/0,v1:172.21.15.40:6789/0] -- mon_subscribe({osdmap=0}) -- 0x7fc2a007dff0 con 0x7fc2a0109b10
2024-04-25T11:06:38.781 INFO:teuthology.orchestra.run.smithi040.stdout:/usr/bin/ceph: stderr
2024-04-25T11:06:38.035+0000 7fc2a57d5700 1 -- 172.21.15.40:0/3404028486 --> [v2:172.21.15.40:3300/0,v1:172.21.15.40:6789/0] -- mon_command({"prefix": "get_command_descriptions"} v 0) -- 0x7fc2a0064cf0 con 0x7fc2a0109b10
2024-04-25T11:06:38.781 INFO:teuthology.orchestra.run.smithi040.stdout:/usr/bin/ceph: stderr
2024-04-25T11:06:38.035+0000 7fc287fff700 1 -- 172.21.15.40:0/3404028486 <== mon.0 v2:172.21.15.40:3300/0 4 ==== mgrmap(e 13) ==== 49572+0+0 (secure 0 0 0) 0x7fc298024020 con 0x7fc2a0109b10
2024-04-25T11:06:38.782 INFO:teuthology.orchestra.run.smithi040.stdout:/usr/bin/ceph: stderr
2024-04-25T11:06:38.036+0000 7fc287fff700 1 --2- 172.21.15.40:0/3404028486 >> [v2:172.21.15.40:6800/1551894307,v1:172.21.15.40:6801/1551894307] conn(0x7fc28803d6d0 0x7fc28803fbe0 unknown :-1 s=NONE pgs=0 cs=0 l=1 rev1=0 crypto rx=0 tx=0 comp rx=0 tx=0).connect
2024-04-25T11:06:38.782 INFO:teuthology.orchestra.run.smithi040.stdout:/usr/bin/ceph: stderr
2024-04-25T11:06:38.036+0000 7fc287fff700 1 -- 172.21.15.40:0/3404028486 <== mon.0 v2:172.21.15.40:3300/0 5 ==== osd_map(3..3 src has 1..3) ==== 1155+0+0 (secure 0 0 0) 0x7fc29800f050 con 0x7fc2a0109b10
2024-04-25T11:06:38.782 INFO:teuthology.orchestra.run.smithi040.stdout:/usr/bin/ceph: stderr
2024-04-25T11:06:38.036+0000 7fc29e7fc700 1 --2- 172.21.15.40:0/3404028486 >> [v2:172.21.15.40:6800/1551894307,v1:172.21.15.40:6801/1551894307] conn(0x7fc28803d6d0 0x7fc28803fbe0 unknown :-1 s=BANNER_CONNECTING pgs=0 cs=0 l=1 rev1=0 crypto rx=0 tx=0 comp rx=0 tx=0)._handle_peer_banner_payload supported=3 required=0
2024-04-25T11:06:38.782 INFO:teuthology.orchestra.run.smithi040.stdout:/usr/bin/ceph: stderr
2024-04-25T11:06:38.036+0000 7fc29e7fc700 1 --2- 172.21.15.40:0/3404028486 >> [v2:172.21.15.40:6800/1551894307,v1:172.21.15.40:6801/1551894307] conn(0x7fc28803d6d0 0x7fc28803fbe0 secure :-1 s=READY pgs=10 cs=0 l=1 rev1=1 crypto rx=0x7fc294006fd0 tx=0x7fc294006e40 comp rx=0 tx=0).ready entity=mgr.14150 client_cookie=0 server_cookie=0 in_seq=0 out_seq=0
2024-04-25T11:06:38.782 INFO:teuthology.orchestra.run.smithi040.stdout:/usr/bin/ceph: stderr
2024-04-25T11:06:38.041+0000 7fc287fff700 1 -- 172.21.15.40:0/3404028486 <== mon.0 v2:172.21.15.40:3300/0 6 ==== mon_command_ack([{"prefix": "get_command_descriptions"}]=0 v0) ==== 72+0+188370 (secure 0 0 0) 0x7fc29802b020 con 0x7fc2a0109b10
2024-04-25T11:06:38.782 INFO:teuthology.orchestra.run.smithi040.stdout:/usr/bin/ceph: stderr
2024-04-25T11:06:38.248+0000 7fc2a57d5700 1 -- 172.21.15.40:0/3404028486 --> [v2:172.21.15.40:3300/0,v1:172.21.15.40:6789/0] -- mon_command([{prefix=config set, name=osd_memory_target_autotune}] v 0) -- 0x7fc2a007e6f0 con 0x7fc2a0109b10
2024-04-25T11:06:38.782 INFO:teuthology.orchestra.run.smithi040.stdout:/usr/bin/ceph: stderr
2024-04-25T11:06:38.249+0000 7fc287fff700 1 -- 172.21.15.40:0/3404028486 <== mon.0 v2:172.21.15.40:3300/0 7 ==== mon_command_ack([{prefix=config set, name=osd_memory_target_autotune}]=0 v8)=0 v8) ==== 127+0+0 (secure 0 0 0) 0x7fc29802e580 con 0x7fc2a0109b10
2024-04-25T11:06:38.782 INFO:teuthology.orchestra.run.smithi040.stdout:/usr/bin/ceph: stderr
2024-04-25T11:06:38.251+0000 7fc2a57d5700 1 -- 172.21.15.40:0/3404028486 >> [v2:172.21.15.40:6800/1551894307,v1:172.21.15.40:6801/1551894307] conn(0x7fc28803d6d0 msgr2=0x7fc28803fbe0 secure :-1 s=STATE_CONNECTION_ESTABLISHED l=1).mark_down
2024-04-25T11:06:38.782 INFO:teuthology.orchestra.run.smithi040.stdout:/usr/bin/ceph: stderr
2024-04-25T11:06:38.251+0000 7fc2a57d5700 1 --2- 172.21.15.40:0/3404028486 >> [v2:172.21.15.40:6800/1551894307,v1:172.21.15.40:6801/1551894307] conn(0x7fc28803d6d0 0x7fc28803fbe0 secure :-1 s=READY pgs=10 cs=0 l=1 rev1=1 crypto rx=0x7fc294006fd0 tx=0x7fc294006e40 comp rx=0 tx=0).stop
2024-04-25T11:06:38.782 INFO:teuthology.orchestra.run.smithi040.stdout:/usr/bin/ceph: stderr
2024-04-25T11:06:38.251+0000 7fc2a57d5700 1 -- 172.21.15.40:0/3404028486 >> [v2:172.21.15.40:3300/0,v1:172.21.15.40:6789/0] conn(0x7fc2a0109b10 msgr2=0x7fc2a007f320 secure :-1 s=STATE_CONNECTION_ESTABLISHED l=1).mark_down
2024-04-25T11:06:38.782 INFO:teuthology.orchestra.run.smithi040.stdout:/usr/bin/ceph: stderr
2024-04-25T11:06:38.251+0000 7fc2a57d5700 1 --2- 172.21.15.40:0/3404028486 >> [v2:172.21.15.40:3300/0,v1:172.21.15.40:6789/0] conn(0x7fc2a0109b10 0x7fc2a007f320 secure :-1 s=READY pgs=75 cs=0 l=1 rev1=1 crypto rx=0x7fc298009e50 tx=0x7fc29800bd50 comp rx=0 tx=0).stop
2024-04-25T11:06:38.782 INFO:teuthology.orchestra.run.smithi040.stdout:/usr/bin/ceph: stderr
2024-04-25T11:06:38.251+0000 7fc2a57d5700 1 -- 172.21.15.40:0/3404028486 shutdown_connections
2024-04-25T11:06:38.782 INFO:teuthology.orchestra.run.smithi040.stdout:/usr/bin/ceph: stderr
2024-04-25T11:06:38.251+0000 7fc2a57d5700 1 --2- 172.21.15.40:0/3404028486 >> [v2:172.21.15.40:6800/1551894307,v1:172.21.15.40:6801/1551894307] conn(0x7fc28803d6d0 0x7fc28803fbe0 unknown :-1 s=CLOSED pgs=10 cs=0 l=1 rev1=1 crypto rx=0 tx=0 comp rx=0 tx=0).stop
2024-04-25T11:06:38.783 INFO:teuthology.orchestra.run.smithi040.stdout:/usr/bin/ceph: stderr
2024-04-25T11:06:38.251+0000 7fc2a57d5700 1 --2- 172.21.15.40:0/3404028486 >> [v2:172.21.15.40:3300/0,v1:172.21.15.40:6789/0] conn(0x7fc2a0109b10 0x7fc2a007f320 unknown :-1 s=CLOSED pgs=75 cs=0 l=1 rev1=1 crypto rx=0 tx=0 comp rx=0 tx=0).stop
2024-04-25T11:06:38.783 INFO:teuthology.orchestra.run.smithi040.stdout:/usr/bin/ceph: stderr
2024-04-25T11:06:38.251+0000 7fc2a57d5700 1 -- 172.21.15.40:0/3404028486 >> 172.21.15.40:0/3404028486 conn(0x7fc2a0105190 msgr2=0x7fc2a01059f0 unknown :-1 s=STATE_NONE l=0).mark_down
2024-04-25T11:06:38.783 INFO:teuthology.orchestra.run.smithi040.stdout:/usr/bin/ceph: stderr
2024-04-25T11:06:38.251+0000 7fc2a57d5700 1 -- 172.21.15.40:0/3404028486 shutdown_connections
2024-04-25T11:06:38.783 INFO:teuthology.orchestra.run.smithi040.stdout:/usr/bin/ceph: stderr
2024-04-25T11:06:38.251+0000 7fc2a57d5700 1 -- 172.21.15.40:0/3404028486 wait complete.
2024-04-25T11:06:39.191 INFO:journalctl@ceph.mon.a.smithi040.stdout:Apr 25 11:06:38 smithi040 ceph-mon[29237]: mgrmap e13: x(active, since 6s)
2024-04-25T11:06:40.136 INFO:teuthology.orchestra.run.smithi040.stdout:/usr/bin/ceph: stderr
2024-04-25T11:06:39.231+0000 7f8c13353700 1 Processor -- start
2024-04-25T11:06:40.136 INFO:teuthology.orchestra.run.smithi040.stdout:/usr/bin/ceph: stderr
2024-04-25T11:06:39.231+0000 7f8c13353700 1 -- start start
2024-04-25T11:06:40.136 INFO:teuthology.orchestra.run.smithi040.stdout:/usr/bin/ceph: stderr
2024-04-25T11:06:39.232+0000 7f8c13353700 1 --2- >> [v2:172.21.15.40:3300/0,v1:172.21.15.40:6789/0] conn(0x7f8c0c07ccb0 0x7f8c0c10ea40 unknown :-1 s=NONE pgs=0 cs=0 l=0 rev1=0 crypto rx=0 tx=0 comp rx=0 tx=0).connect
2024-04-25T11:06:40.136 INFO:teuthology.orchestra.run.smithi040.stdout:/usr/bin/ceph: stderr
2024-04-25T11:06:39.232+0000 7f8c13353700 1 -- --> [v2:172.21.15.40:3300/0,v1:172.21.15.40:6789/0] -- mon_getmap magic: 0 -- 0x7f8c0c10ef80 con 0x7f8c0c07ccb0
2024-04-25T11:06:40.136 INFO:teuthology.orchestra.run.smithi040.stdout:/usr/bin/ceph: stderr
2024-04-25T11:06:39.232+0000 7f8c110ef700 1 --2- >> [v2:172.21.15.40:3300/0,v1:172.21.15.40:6789/0] conn(0x7f8c0c07ccb0 0x7f8c0c10ea40 unknown :-1 s=BANNER_CONNECTING pgs=0 cs=0 l=0 rev1=0 crypto rx=0 tx=0 comp rx=0 tx=0)._handle_peer_banner_payload supported=3 required=0
2024-04-25T11:06:40.136 INFO:teuthology.orchestra.run.smithi040.stdout:/usr/bin/ceph: stderr
2024-04-25T11:06:39.232+0000 7f8c110ef700 1 --2- >> [v2:172.21.15.40:3300/0,v1:172.21.15.40:6789/0] conn(0x7f8c0c07ccb0 0x7f8c0c10ea40 unknown :-1 s=HELLO_CONNECTING pgs=0 cs=0 l=0 rev1=1 crypto rx=0 tx=0 comp rx=0 tx=0).handle_hello peer v2:172.21.15.40:3300/0 says I am v2:172.21.15.40:37206/0 (socket says 172.21.15.40:37206)
2024-04-25T11:06:40.136 INFO:teuthology.orchestra.run.smithi040.stdout:/usr/bin/ceph: stderr
2024-04-25T11:06:39.232+0000 7f8c110ef700 1 -- 172.21.15.40:0/37561526 learned_addr learned my addr 172.21.15.40:0/37561526 (peer_addr_for_me v2:172.21.15.40:0/0)
2024-04-25T11:06:40.136 INFO:teuthology.orchestra.run.smithi040.stdout:/usr/bin/ceph: stderr
2024-04-25T11:06:39.232+0000 7f8c110ef700 1 -- 172.21.15.40:0/37561526 --> [v2:172.21.15.40:3300/0,v1:172.21.15.40:6789/0] -- mon_subscribe({config=0+,monmap=0+}) -- 0x7f8c0c10f100 con 0x7f8c0c07ccb0
2024-04-25T11:06:40.136 INFO:teuthology.orchestra.run.smithi040.stdout:/usr/bin/ceph: stderr
2024-04-25T11:06:39.232+0000 7f8c110ef700 1 --2- 172.21.15.40:0/37561526 >> [v2:172.21.15.40:3300/0,v1:172.21.15.40:6789/0] conn(0x7f8c0c07ccb0 0x7f8c0c10ea40 secure :-1 s=READY pgs=76 cs=0 l=1 rev1=1 crypto rx=0x7f8c080098a0 tx=0x7f8c08009bb0 comp rx=0 tx=0).ready entity=mon.0 client_cookie=4e2fd72d94f1d273 server_cookie=0 in_seq=0 out_seq=0
2024-04-25T11:06:40.136 INFO:teuthology.orchestra.run.smithi040.stdout:/usr/bin/ceph: stderr
2024-04-25T11:06:39.232+0000 7f8c03fff700 1 -- 172.21.15.40:0/37561526 <== mon.0 v2:172.21.15.40:3300/0 1 ==== mon_map magic: 0 ==== 205+0+0 (secure 0 0 0) 0x7f8c08004160 con 0x7f8c0c07ccb0
2024-04-25T11:06:40.137 INFO:teuthology.orchestra.run.smithi040.stdout:/usr/bin/ceph: stderr
2024-04-25T11:06:39.233+0000 7f8c03fff700 1 -- 172.21.15.40:0/37561526 <== mon.0 v2:172.21.15.40:3300/0 2 ==== config(26 keys) ==== 1097+0+0 (secure 0 0 0) 0x7f8c08004300 con 0x7f8c0c07ccb0
2024-04-25T11:06:40.137 INFO:teuthology.orchestra.run.smithi040.stdout:/usr/bin/ceph: stderr
2024-04-25T11:06:39.233+0000 7f8c03fff700 1 -- 172.21.15.40:0/37561526 <== mon.0 v2:172.21.15.40:3300/0 3 ==== mon_map magic: 0 ==== 205+0+0 (secure 0 0 0) 0x7f8c08011a20 con 0x7f8c0c07ccb0
2024-04-25T11:06:40.137 INFO:teuthology.orchestra.run.smithi040.stdout:/usr/bin/ceph: stderr
2024-04-25T11:06:39.233+0000 7f8c13353700 1 -- 172.21.15.40:0/37561526 >> [v2:172.21.15.40:3300/0,v1:172.21.15.40:6789/0] conn(0x7f8c0c07ccb0 msgr2=0x7f8c0c10ea40 secure :-1 s=STATE_CONNECTION_ESTABLISHED l=1).mark_down
2024-04-25T11:06:40.137 INFO:teuthology.orchestra.run.smithi040.stdout:/usr/bin/ceph: stderr
2024-04-25T11:06:39.233+0000 7f8c13353700 1 --2- 172.21.15.40:0/37561526 >> [v2:172.21.15.40:3300/0,v1:172.21.15.40:6789/0] conn(0x7f8c0c07ccb0 0x7f8c0c10ea40 secure :-1 s=READY pgs=76 cs=0 l=1 rev1=1 crypto rx=0x7f8c080098a0 tx=0x7f8c08009bb0 comp rx=0 tx=0).stop
2024-04-25T11:06:40.137 INFO:teuthology.orchestra.run.smithi040.stdout:/usr/bin/ceph: stderr
2024-04-25T11:06:39.233+0000 7f8c13353700 1 -- 172.21.15.40:0/37561526 shutdown_connections
2024-04-25T11:06:40.137 INFO:teuthology.orchestra.run.smithi040.stdout:/usr/bin/ceph: stderr
2024-04-25T11:06:39.233+0000 7f8c13353700 1 --2- 172.21.15.40:0/37561526 >> [v2:172.21.15.40:3300/0,v1:172.21.15.40:6789/0] conn(0x7f8c0c07ccb0 0x7f8c0c10ea40 unknown :-1 s=CLOSED pgs=76 cs=0 l=1 rev1=1 crypto rx=0 tx=0 comp rx=0 tx=0).stop
2024-04-25T11:06:40.137 INFO:teuthology.orchestra.run.smithi040.stdout:/usr/bin/ceph: stderr
2024-04-25T11:06:39.233+0000 7f8c13353700 1 -- 172.21.15.40:0/37561526 >> 172.21.15.40:0/37561526 conn(0x7f8c0c104010 msgr2=0x7f8c0c1064c0 unknown :-1 s=STATE_NONE l=0).mark_down
2024-04-25T11:06:40.137 INFO:teuthology.orchestra.run.smithi040.stdout:/usr/bin/ceph: stderr
2024-04-25T11:06:39.233+0000 7f8c13353700 1 -- 172.21.15.40:0/37561526 shutdown_connections
2024-04-25T11:06:40.137 INFO:teuthology.orchestra.run.smithi040.stdout:/usr/bin/ceph: stderr
2024-04-25T11:06:39.233+0000 7f8c13353700 1 -- 172.21.15.40:0/37561526 wait complete.
2024-04-25T11:06:40.137 INFO:teuthology.orchestra.run.smithi040.stdout:/usr/bin/ceph: stderr
2024-04-25T11:06:39.234+0000 7f8c13353700 1 Processor -- start
2024-04-25T11:06:40.137 INFO:teuthology.orchestra.run.smithi040.stdout:/usr/bin/ceph: stderr
2024-04-25T11:06:39.234+0000 7f8c13353700 1 -- start start
2024-04-25T11:06:40.137 INFO:teuthology.orchestra.run.smithi040.stdout:/usr/bin/ceph: stderr
2024-04-25T11:06:39.234+0000 7f8c13353700 1 --2- >> [v2:172.21.15.40:3300/0,v1:172.21.15.40:6789/0] conn(0x7f8c0c07ccb0 0x7f8c0c19fe90 unknown :-1 s=NONE pgs=0 cs=0 l=1 rev1=0 crypto rx=0 tx=0 comp rx=0 tx=0).connect
2024-04-25T11:06:40.137 INFO:teuthology.orchestra.run.smithi040.stdout:/usr/bin/ceph: stderr
2024-04-25T11:06:39.234+0000 7f8c13353700 1 -- --> [v2:172.21.15.40:3300/0,v1:172.21.15.40:6789/0] -- mon_getmap magic: 0 -- 0x7f8c0c110050 con 0x7f8c0c07ccb0
2024-04-25T11:06:40.137 INFO:teuthology.orchestra.run.smithi040.stdout:/usr/bin/ceph: stderr
2024-04-25T11:06:39.234+0000 7f8c110ef700 1 --2- >> [v2:172.21.15.40:3300/0,v1:172.21.15.40:6789/0] conn(0x7f8c0c07ccb0 0x7f8c0c19fe90 unknown :-1 s=BANNER_CONNECTING pgs=0 cs=0 l=1 rev1=0 crypto rx=0 tx=0 comp rx=0 tx=0)._handle_peer_banner_payload supported=3 required=0
2024-04-25T11:06:40.138 INFO:teuthology.orchestra.run.smithi040.stdout:/usr/bin/ceph: stderr
2024-04-25T11:06:39.235+0000 7f8c110ef700 1 --2- >> [v2:172.21.15.40:3300/0,v1:172.21.15.40:6789/0] conn(0x7f8c0c07ccb0 0x7f8c0c19fe90 unknown :-1 s=HELLO_CONNECTING pgs=0 cs=0 l=1 rev1=1 crypto rx=0 tx=0 comp rx=0 tx=0).handle_hello peer v2:172.21.15.40:3300/0 says I am v2:172.21.15.40:37210/0 (socket says 172.21.15.40:37210)
2024-04-25T11:06:40.138 INFO:teuthology.orchestra.run.smithi040.stdout:/usr/bin/ceph: stderr
2024-04-25T11:06:39.235+0000 7f8c110ef700 1 -- 172.21.15.40:0/804170123 learned_addr learned my addr 172.21.15.40:0/804170123 (peer_addr_for_me v2:172.21.15.40:0/0)
2024-04-25T11:06:40.138 INFO:teuthology.orchestra.run.smithi040.stdout:/usr/bin/ceph: stderr
2024-04-25T11:06:39.235+0000 7f8c110ef700 1 -- 172.21.15.40:0/804170123 --> [v2:172.21.15.40:3300/0,v1:172.21.15.40:6789/0] -- mon_subscribe({config=0+,monmap=0+}) -- 0x7f8c0c1a03d0 con 0x7f8c0c07ccb0
2024-04-25T11:06:40.138 INFO:teuthology.orchestra.run.smithi040.stdout:/usr/bin/ceph: stderr
2024-04-25T11:06:39.235+0000 7f8c110ef700 1 --2- 172.21.15.40:0/804170123 >> [v2:172.21.15.40:3300/0,v1:172.21.15.40:6789/0] conn(0x7f8c0c07ccb0 0x7f8c0c19fe90 secure :-1 s=READY pgs=77 cs=0 l=1 rev1=1 crypto rx=0x7f8c080119f0 tx=0x7f8c08011ad0 comp rx=0 tx=0).ready entity=mon.0 client_cookie=0 server_cookie=0 in_seq=0 out_seq=0
2024-04-25T11:06:40.138 INFO:teuthology.orchestra.run.smithi040.stdout:/usr/bin/ceph: stderr
2024-04-25T11:06:39.235+0000 7f8c027fc700 1 -- 172.21.15.40:0/804170123 <== mon.0 v2:172.21.15.40:3300/0 1 ==== mon_map magic: 0 ==== 205+0+0 (secure 0 0 0) 0x7f8c08003a40 con 0x7f8c0c07ccb0
2024-04-25T11:06:40.138 INFO:teuthology.orchestra.run.smithi040.stdout:/usr/bin/ceph: stderr
2024-04-25T11:06:39.235+0000 7f8c027fc700 1 -- 172.21.15.40:0/804170123 <== mon.0 v2:172.21.15.40:3300/0 2 ==== config(26 keys) ==== 1097+0+0 (secure 0 0 0) 0x7f8c0801a8e0 con 0x7f8c0c07ccb0
2024-04-25T11:06:40.138 INFO:teuthology.orchestra.run.smithi040.stdout:/usr/bin/ceph: stderr
2024-04-25T11:06:39.235+0000 7f8c13353700 1 -- 172.21.15.40:0/804170123 --> [v2:172.21.15.40:3300/0,v1:172.21.15.40:6789/0] -- mon_subscribe({mgrmap=0+}) -- 0x7f8c0c1a0660 con 0x7f8c0c07ccb0
2024-04-25T11:06:40.138 INFO:teuthology.orchestra.run.smithi040.stdout:/usr/bin/ceph: stderr
2024-04-25T11:06:39.235+0000 7f8c027fc700 1 -- 172.21.15.40:0/804170123 <== mon.0 v2:172.21.15.40:3300/0 3 ==== mon_map magic: 0 ==== 205+0+0 (secure 0 0 0) 0x7f8c08019740 con 0x7f8c0c07ccb0
2024-04-25T11:06:40.138 INFO:teuthology.orchestra.run.smithi040.stdout:/usr/bin/ceph: stderr
2024-04-25T11:06:39.235+0000 7f8c13353700 1 -- 172.21.15.40:0/804170123 --> [v2:172.21.15.40:3300/0,v1:172.21.15.40:6789/0] -- mon_subscribe({osdmap=0}) -- 0x7f8c0c1a3270 con 0x7f8c0c07ccb0
2024-04-25T11:06:40.138 INFO:teuthology.orchestra.run.smithi040.stdout:/usr/bin/ceph: stderr
2024-04-25T11:06:39.236+0000 7f8c027fc700 1 -- 172.21.15.40:0/804170123 <== mon.0 v2:172.21.15.40:3300/0 4 ==== mgrmap(e 13) ==== 49572+0+0 (secure 0 0 0) 0x7f8c0801a430 con 0x7f8c0c07ccb0
2024-04-25T11:06:40.138 INFO:teuthology.orchestra.run.smithi040.stdout:/usr/bin/ceph: stderr
2024-04-25T11:06:39.236+0000 7f8c13353700 1 -- 172.21.15.40:0/804170123 --> [v2:172.21.15.40:3300/0,v1:172.21.15.40:6789/0] -- mon_command({"prefix": "get_command_descriptions"} v 0) -- 0x7f8c0c064cf0 con 0x7f8c0c07ccb0
2024-04-25T11:06:40.138 INFO:teuthology.orchestra.run.smithi040.stdout:/usr/bin/ceph: stderr
2024-04-25T11:06:39.236+0000 7f8c027fc700 1 --2- 172.21.15.40:0/804170123 >> [v2:172.21.15.40:6800/1551894307,v1:172.21.15.40:6801/1551894307] conn(0x7f8bf803d6d0 0x7f8bf803fbe0 unknown :-1 s=NONE pgs=0 cs=0 l=1 rev1=0 crypto rx=0 tx=0 comp rx=0 tx=0).connect
2024-04-25T11:06:40.138 INFO:teuthology.orchestra.run.smithi040.stdout:/usr/bin/ceph: stderr
2024-04-25T11:06:39.237+0000 7f8c027fc700 1 -- 172.21.15.40:0/804170123 <== mon.0 v2:172.21.15.40:3300/0 5 ==== osd_map(3..3 src has 1..3) ==== 1155+0+0 (secure 0 0 0) 0x7f8c08052d70 con 0x7f8c0c07ccb0
2024-04-25T11:06:40.138 INFO:teuthology.orchestra.run.smithi040.stdout:/usr/bin/ceph: stderr
2024-04-25T11:06:39.237+0000 7f8c108ee700 1 --2- 172.21.15.40:0/804170123 >> [v2:172.21.15.40:6800/1551894307,v1:172.21.15.40:6801/1551894307] conn(0x7f8bf803d6d0 0x7f8bf803fbe0 unknown :-1 s=BANNER_CONNECTING pgs=0 cs=0 l=1 rev1=0 crypto rx=0 tx=0 comp rx=0 tx=0)._handle_peer_banner_payload supported=3 required=0
2024-04-25T11:06:40.139 INFO:teuthology.orchestra.run.smithi040.stdout:/usr/bin/ceph: stderr
2024-04-25T11:06:39.237+0000 7f8c108ee700 1 --2- 172.21.15.40:0/804170123 >> [v2:172.21.15.40:6800/1551894307,v1:172.21.15.40:6801/1551894307] conn(0x7f8bf803d6d0 0x7f8bf803fbe0 secure :-1 s=READY pgs=11 cs=0 l=1 rev1=1 crypto rx=0x7f8bfc006fd0 tx=0x7f8bfc006e40 comp rx=0 tx=0).ready entity=mgr.14150 client_cookie=0 server_cookie=0 in_seq=0 out_seq=0
2024-04-25T11:06:40.139 INFO:teuthology.orchestra.run.smithi040.stdout:/usr/bin/ceph: stderr
2024-04-25T11:06:39.242+0000 7f8c027fc700 1 -- 172.21.15.40:0/804170123 <== mon.0 v2:172.21.15.40:3300/0 6 ==== mon_command_ack([{"prefix": "get_command_descriptions"}]=0 v0) ==== 72+0+188370 (secure 0 0 0) 0x7f8c0801aa90 con 0x7f8c0c07ccb0
2024-04-25T11:06:40.139 INFO:teuthology.orchestra.run.smithi040.stdout:/usr/bin/ceph: stderr
2024-04-25T11:06:39.567+0000 7f8c13353700 1 -- 172.21.15.40:0/804170123 --> [v2:172.21.15.40:3300/0,v1:172.21.15.40:6789/0] -- mon_command([{prefix=config-key set, key=mgr/dashboard/cluster/status}] v 0) -- 0x7f8c0c1a3580 con 0x7f8c0c07ccb0
2024-04-25T11:06:40.139 INFO:teuthology.orchestra.run.smithi040.stdout:/usr/bin/ceph: stderr
2024-04-25T11:06:39.569+0000 7f8c027fc700 1 -- 172.21.15.40:0/804170123 <== mon.0 v2:172.21.15.40:3300/0 7 ==== mon_command_ack([{prefix=config-key set, key=mgr/dashboard/cluster/status}]=0 set mgr/dashboard/cluster/status v28)=0 set mgr/dashboard/cluster/status v28) ==== 153+0+0 (secure 0 0 0) 0x7f8c08018a40 con 0x7f8c0c07ccb0
2024-04-25T11:06:40.139 INFO:teuthology.orchestra.run.smithi040.stdout:/usr/bin/ceph: stderr
2024-04-25T11:06:39.571+0000 7f8c13353700 1 -- 172.21.15.40:0/804170123 >> [v2:172.21.15.40:6800/1551894307,v1:172.21.15.40:6801/1551894307] conn(0x7f8bf803d6d0 msgr2=0x7f8bf803fbe0 secure :-1 s=STATE_CONNECTION_ESTABLISHED l=1).mark_down
2024-04-25T11:06:40.139 INFO:teuthology.orchestra.run.smithi040.stdout:/usr/bin/ceph: stderr
2024-04-25T11:06:39.571+0000 7f8c13353700 1 --2- 172.21.15.40:0/804170123 >> [v2:172.21.15.40:6800/1551894307,v1:172.21.15.40:6801/1551894307] conn(0x7f8bf803d6d0 0x7f8bf803fbe0 secure :-1 s=READY pgs=11 cs=0 l=1 rev1=1 crypto rx=0x7f8bfc006fd0 tx=0x7f8bfc006e40 comp rx=0 tx=0).stop
2024-04-25T11:06:40.139 INFO:teuthology.orchestra.run.smithi040.stdout:/usr/bin/ceph: stderr
2024-04-25T11:06:39.571+0000 7f8c13353700 1 -- 172.21.15.40:0/804170123 >> [v2:172.21.15.40:3300/0,v1:172.21.15.40:6789/0] conn(0x7f8c0c07ccb0 msgr2=0x7f8c0c19fe90 secure :-1 s=STATE_CONNECTION_ESTABLISHED l=1).mark_down
2024-04-25T11:06:40.139 INFO:teuthology.orchestra.run.smithi040.stdout:/usr/bin/ceph: stderr
2024-04-25T11:06:39.571+0000 7f8c13353700 1 --2- 172.21.15.40:0/804170123 >> [v2:172.21.15.40:3300/0,v1:172.21.15.40:6789/0] conn(0x7f8c0c07ccb0 0x7f8c0c19fe90 secure :-1 s=READY pgs=77 cs=0 l=1 rev1=1 crypto rx=0x7f8c080119f0 tx=0x7f8c08011ad0 comp rx=0 tx=0).stop
2024-04-25T11:06:40.139 INFO:teuthology.orchestra.run.smithi040.stdout:/usr/bin/ceph: stderr
2024-04-25T11:06:39.571+0000 7f8c13353700 1 -- 172.21.15.40:0/804170123 shutdown_connections
