2024-04-25T11:06:08.518+0000 7fd8af7fe700 1 -- 172.21.15.40:0/1892087532 <== mon.0 v2:172.21.15.40:3300/0 5 ==== osd_map(2..2 src has 1..2) ==== 940+0+0 (secure 0 0 0) 0x7fd8a8053940 con 0x7fd8b8109b10
2024-04-25T11:06:09.411 INFO:teuthology.orchestra.run.smithi040.stdout:/usr/bin/ceph: stderr
2024-04-25T11:06:08.518+0000 7fd8bcb3c700 1 -- 172.21.15.40:0/1892087532 --> [v2:172.21.15.40:3300/0,v1:172.21.15.40:6789/0] -- mon_command({"prefix": "get_command_descriptions"} v 0) -- 0x7fd8b8064cf0 con 0x7fd8b8109b10
2024-04-25T11:06:09.411 INFO:teuthology.orchestra.run.smithi040.stdout:/usr/bin/ceph: stderr
2024-04-25T11:06:08.518+0000 7fd8b5d9b700 1 --2- 172.21.15.40:0/1892087532 >> [v2:172.21.15.40:6800/3438779248,v1:172.21.15.40:6801/3438779248] conn(0x7fd8a403d5e0 0x7fd8a403faf0 unknown :-1 s=BANNER_CONNECTING pgs=0 cs=0 l=1 rev1=0 crypto rx=0 tx=0 comp rx=0 tx=0)._handle_peer_banner_payload supported=3 required=0
2024-04-25T11:06:09.411 INFO:teuthology.orchestra.run.smithi040.stdout:/usr/bin/ceph: stderr
2024-04-25T11:06:08.518+0000 7fd8b5d9b700 1 --2- 172.21.15.40:0/1892087532 >> [v2:172.21.15.40:6800/3438779248,v1:172.21.15.40:6801/3438779248] conn(0x7fd8a403d5e0 0x7fd8a403faf0 secure :-1 s=READY pgs=9 cs=0 l=1 rev1=1 crypto rx=0x7fd8a0006fd0 tx=0x7fd8a0006e40 comp rx=0 tx=0).ready entity=mgr.14118 client_cookie=0 server_cookie=0 in_seq=0 out_seq=0
2024-04-25T11:06:09.411 INFO:teuthology.orchestra.run.smithi040.stdout:/usr/bin/ceph: stderr
2024-04-25T11:06:08.523+0000 7fd8af7fe700 1 -- 172.21.15.40:0/1892087532 <== mon.0 v2:172.21.15.40:3300/0 6 ==== mon_command_ack([{"prefix": "get_command_descriptions"}]=0 v0) ==== 72+0+188370 (secure 0 0 0) 0x7fd8a8017e90 con 0x7fd8b8109b10
2024-04-25T11:06:09.412 INFO:teuthology.orchestra.run.smithi040.stdout:/usr/bin/ceph: stderr
2024-04-25T11:06:08.729+0000 7fd8bcb3c700 1 -- 172.21.15.40:0/1892087532 --> [v2:172.21.15.40:6800/3438779248,v1:172.21.15.40:6801/3438779248] -- mgr_command(tid 0: {"prefix": "cephadm generate-key", "target": ["mon-mgr", ""]}) -- 0x7fd8b8106050 con 0x7fd8a403d5e0
2024-04-25T11:06:09.412 INFO:teuthology.orchestra.run.smithi040.stdout:/usr/bin/ceph: stderr
2024-04-25T11:06:08.932+0000 7fd8af7fe700 1 -- 172.21.15.40:0/1892087532 <== mgr.14118 v2:172.21.15.40:6800/3438779248 1 ==== mgr_command_reply(tid 0: 0 ) ==== 8+0+0 (secure 0 0 0) 0x7fd8b8106050 con 0x7fd8a403d5e0
2024-04-25T11:06:09.412 INFO:teuthology.orchestra.run.smithi040.stdout:/usr/bin/ceph: stderr
2024-04-25T11:06:08.934+0000 7fd8bcb3c700 1 -- 172.21.15.40:0/1892087532 >> [v2:172.21.15.40:6800/3438779248,v1:172.21.15.40:6801/3438779248] conn(0x7fd8a403d5e0 msgr2=0x7fd8a403faf0 secure :-1 s=STATE_CONNECTION_ESTABLISHED l=1).mark_down
2024-04-25T11:06:09.412 INFO:teuthology.orchestra.run.smithi040.stdout:/usr/bin/ceph: stderr
2024-04-25T11:06:08.934+0000 7fd8bcb3c700 1 --2- 172.21.15.40:0/1892087532 >> [v2:172.21.15.40:6800/3438779248,v1:172.21.15.40:6801/3438779248] conn(0x7fd8a403d5e0 0x7fd8a403faf0 secure :-1 s=READY pgs=9 cs=0 l=1 rev1=1 crypto rx=0x7fd8a0006fd0 tx=0x7fd8a0006e40 comp rx=0 tx=0).stop
2024-04-25T11:06:09.412 INFO:teuthology.orchestra.run.smithi040.stdout:/usr/bin/ceph: stderr
2024-04-25T11:06:08.934+0000 7fd8bcb3c700 1 -- 172.21.15.40:0/1892087532 >> [v2:172.21.15.40:3300/0,v1:172.21.15.40:6789/0] conn(0x7fd8b8109b10 msgr2=0x7fd8b819dd30 secure :-1 s=STATE_CONNECTION_ESTABLISHED l=1).mark_down
2024-04-25T11:06:09.412 INFO:teuthology.orchestra.run.smithi040.stdout:/usr/bin/ceph: stderr
2024-04-25T11:06:08.934+0000 7fd8bcb3c700 1 --2- 172.21.15.40:0/1892087532 >> [v2:172.21.15.40:3300/0,v1:172.21.15.40:6789/0] conn(0x7fd8b8109b10 0x7fd8b819dd30 secure :-1 s=READY pgs=40 cs=0 l=1 rev1=1 crypto rx=0x7fd8a8011740 tx=0x7fd8a8011a50 comp rx=0 tx=0).stop
2024-04-25T11:06:09.412 INFO:teuthology.orchestra.run.smithi040.stdout:/usr/bin/ceph: stderr
2024-04-25T11:06:08.934+0000 7fd8bcb3c700 1 -- 172.21.15.40:0/1892087532 shutdown_connections
2024-04-25T11:06:09.412 INFO:teuthology.orchestra.run.smithi040.stdout:/usr/bin/ceph: stderr
2024-04-25T11:06:08.934+0000 7fd8bcb3c700 1 --2- 172.21.15.40:0/1892087532 >> [v2:172.21.15.40:6800/3438779248,v1:172.21.15.40:6801/3438779248] conn(0x7fd8a403d5e0 0x7fd8a403faf0 unknown :-1 s=CLOSED pgs=9 cs=0 l=1 rev1=1 crypto rx=0 tx=0 comp rx=0 tx=0).stop
2024-04-25T11:06:09.412 INFO:teuthology.orchestra.run.smithi040.stdout:/usr/bin/ceph: stderr
2024-04-25T11:06:08.934+0000 7fd8bcb3c700 1 --2- 172.21.15.40:0/1892087532 >> [v2:172.21.15.40:3300/0,v1:172.21.15.40:6789/0] conn(0x7fd8b8109b10 0x7fd8b819dd30 unknown :-1 s=CLOSED pgs=40 cs=0 l=1 rev1=1 crypto rx=0 tx=0 comp rx=0 tx=0).stop
2024-04-25T11:06:09.412 INFO:teuthology.orchestra.run.smithi040.stdout:/usr/bin/ceph: stderr
2024-04-25T11:06:08.934+0000 7fd8bcb3c700 1 -- 172.21.15.40:0/1892087532 >> 172.21.15.40:0/1892087532 conn(0x7fd8b8105190 msgr2=0x7fd8b8105940 unknown :-1 s=STATE_NONE l=0).mark_down
2024-04-25T11:06:09.412 INFO:teuthology.orchestra.run.smithi040.stdout:/usr/bin/ceph: stderr
2024-04-25T11:06:08.934+0000 7fd8bcb3c700 1 -- 172.21.15.40:0/1892087532 shutdown_connections
2024-04-25T11:06:09.412 INFO:teuthology.orchestra.run.smithi040.stdout:/usr/bin/ceph: stderr
2024-04-25T11:06:08.934+0000 7fd8bcb3c700 1 -- 172.21.15.40:0/1892087532 wait complete.
2024-04-25T11:06:10.641 INFO:teuthology.orchestra.run.smithi040.stdout:/usr/bin/ceph: stdout ssh-rsa AAAAB3NzaC1yc2EAAAADAQABAAABgQDUnwkw1lbpvG6h0IONy98owAQInl9m6wGLXhH22dP3RhsxwuPmhcNWugvoBuVZhmE5akpTktxzdxCef6BcwapvB5DhalPr7+AljUDHfGPT20fSgn8643eQYacXDi4G88hyXomg6B64SBnm7XqBsaJtIl5Fw5yQtyh2tP2nbYEPxrq55O5aDK5VnitL7x9oaPWaehvJC+5cEv3ShepwSKAKK78aT8lUk1ApdwfdYPOlyaGfY7m+kxzJBs9xI24vfTql7xKM8ePo8AjBYwZg5p+Qz6mgHmqzqrQz8474Pa0NAyv6HI1SVPf3ezh8VvawIUzijnF36kDFCUVz2B0N8wLwYRFj6bXHjtJxb/ITUHwskacs+Tqi9pJg1bcbrlQsZRCu0HXR00tWUeEzcLL2S3V7iHOwmUUfV/0fZk10BDgs2c9V17H8UjFLbB/aLSVC1oiDxvFZv25e5eiqphmp2dDfE7uVBbEO4OEA4hR/T82HUI9N4fRxxLhRMskdJbmBIXs= ceph-9d788bc2-02f3-11ef-bc93-c7b262605968
2024-04-25T11:06:10.641 INFO:teuthology.orchestra.run.smithi040.stdout:/usr/bin/ceph: stderr
2024-04-25T11:06:09.821+0000 7f9e6f487700 1 Processor -- start
2024-04-25T11:06:10.642 INFO:teuthology.orchestra.run.smithi040.stdout:/usr/bin/ceph: stderr
2024-04-25T11:06:09.821+0000 7f9e6f487700 1 -- start start
2024-04-25T11:06:10.642 INFO:teuthology.orchestra.run.smithi040.stdout:/usr/bin/ceph: stderr
2024-04-25T11:06:09.822+0000 7f9e6f487700 1 --2- >> [v2:172.21.15.40:3300/0,v1:172.21.15.40:6789/0] conn(0x7f9e6810a600 0x7f9e6810ca20 unknown :-1 s=NONE pgs=0 cs=0 l=0 rev1=0 crypto rx=0 tx=0 comp rx=0 tx=0).connect
2024-04-25T11:06:10.642 INFO:teuthology.orchestra.run.smithi040.stdout:/usr/bin/ceph: stderr
2024-04-25T11:06:09.822+0000 7f9e6f487700 1 -- --> [v2:172.21.15.40:3300/0,v1:172.21.15.40:6789/0] -- mon_getmap magic: 0 -- 0x7f9e6807d690 con 0x7f9e6810a600
2024-04-25T11:06:10.642 INFO:teuthology.orchestra.run.smithi040.stdout:/usr/bin/ceph: stderr
2024-04-25T11:06:09.822+0000 7f9e6d223700 1 --2- >> [v2:172.21.15.40:3300/0,v1:172.21.15.40:6789/0] conn(0x7f9e6810a600 0x7f9e6810ca20 unknown :-1 s=BANNER_CONNECTING pgs=0 cs=0 l=0 rev1=0 crypto rx=0 tx=0 comp rx=0 tx=0)._handle_peer_banner_payload supported=3 required=0
2024-04-25T11:06:10.642 INFO:teuthology.orchestra.run.smithi040.stdout:/usr/bin/ceph: stderr
2024-04-25T11:06:09.822+0000 7f9e6d223700 1 --2- >> [v2:172.21.15.40:3300/0,v1:172.21.15.40:6789/0] conn(0x7f9e6810a600 0x7f9e6810ca20 unknown :-1 s=HELLO_CONNECTING pgs=0 cs=0 l=0 rev1=1 crypto rx=0 tx=0 comp rx=0 tx=0).handle_hello peer v2:172.21.15.40:3300/0 says I am v2:172.21.15.40:48612/0 (socket says 172.21.15.40:48612)
2024-04-25T11:06:10.642 INFO:teuthology.orchestra.run.smithi040.stdout:/usr/bin/ceph: stderr
2024-04-25T11:06:09.822+0000 7f9e6d223700 1 -- 172.21.15.40:0/2729197821 learned_addr learned my addr 172.21.15.40:0/2729197821 (peer_addr_for_me v2:172.21.15.40:0/0)
2024-04-25T11:06:10.642 INFO:teuthology.orchestra.run.smithi040.stdout:/usr/bin/ceph: stderr
2024-04-25T11:06:09.822+0000 7f9e6d223700 1 -- 172.21.15.40:0/2729197821 --> [v2:172.21.15.40:3300/0,v1:172.21.15.40:6789/0] -- mon_subscribe({config=0+,monmap=0+}) -- 0x7f9e6810cf60 con 0x7f9e6810a600
2024-04-25T11:06:10.642 INFO:teuthology.orchestra.run.smithi040.stdout:/usr/bin/ceph: stderr
2024-04-25T11:06:09.822+0000 7f9e6d223700 1 --2- 172.21.15.40:0/2729197821 >> [v2:172.21.15.40:3300/0,v1:172.21.15.40:6789/0] conn(0x7f9e6810a600 0x7f9e6810ca20 secure :-1 s=READY pgs=41 cs=0 l=1 rev1=1 crypto rx=0x7f9e5c0098a0 tx=0x7f9e5c009bb0 comp rx=0 tx=0).ready entity=mon.0 client_cookie=e5e4e21e93e4c38 server_cookie=0 in_seq=0 out_seq=0
2024-04-25T11:06:10.642 INFO:teuthology.orchestra.run.smithi040.stdout:/usr/bin/ceph: stderr
2024-04-25T11:06:09.823+0000 7f9e5bfff700 1 -- 172.21.15.40:0/2729197821 <== mon.0 v2:172.21.15.40:3300/0 1 ==== mon_map magic: 0 ==== 205+0+0 (secure 0 0 0) 0x7f9e5c004160 con 0x7f9e6810a600
2024-04-25T11:06:10.642 INFO:teuthology.orchestra.run.smithi040.stdout:/usr/bin/ceph: stderr
2024-04-25T11:06:09.823+0000 7f9e5bfff700 1 -- 172.21.15.40:0/2729197821 <== mon.0 v2:172.21.15.40:3300/0 2 ==== config(26 keys) ==== 1066+0+0 (secure 0 0 0) 0x7f9e5c004300 con 0x7f9e6810a600
2024-04-25T11:06:10.642 INFO:teuthology.orchestra.run.smithi040.stdout:/usr/bin/ceph: stderr
2024-04-25T11:06:09.823+0000 7f9e5bfff700 1 -- 172.21.15.40:0/2729197821 <== mon.0 v2:172.21.15.40:3300/0 3 ==== mon_map magic: 0 ==== 205+0+0 (secure 0 0 0) 0x7f9e5c011a80 con 0x7f9e6810a600
2024-04-25T11:06:10.642 INFO:teuthology.orchestra.run.smithi040.stdout:/usr/bin/ceph: stderr
2024-04-25T11:06:09.823+0000 7f9e6f487700 1 -- 172.21.15.40:0/2729197821 >> [v2:172.21.15.40:3300/0,v1:172.21.15.40:6789/0] conn(0x7f9e6810a600 msgr2=0x7f9e6810ca20 secure :-1 s=STATE_CONNECTION_ESTABLISHED l=1).mark_down
2024-04-25T11:06:10.642 INFO:teuthology.orchestra.run.smithi040.stdout:/usr/bin/ceph: stderr
2024-04-25T11:06:09.823+0000 7f9e6f487700 1 --2- 172.21.15.40:0/2729197821 >> [v2:172.21.15.40:3300/0,v1:172.21.15.40:6789/0] conn(0x7f9e6810a600 0x7f9e6810ca20 secure :-1 s=READY pgs=41 cs=0 l=1 rev1=1 crypto rx=0x7f9e5c0098a0 tx=0x7f9e5c009bb0 comp rx=0 tx=0).stop
2024-04-25T11:06:10.643 INFO:teuthology.orchestra.run.smithi040.stdout:/usr/bin/ceph: stderr
2024-04-25T11:06:09.823+0000 7f9e6f487700 1 -- 172.21.15.40:0/2729197821 shutdown_connections
2024-04-25T11:06:10.643 INFO:teuthology.orchestra.run.smithi040.stdout:/usr/bin/ceph: stderr
2024-04-25T11:06:09.823+0000 7f9e6f487700 1 --2- 172.21.15.40:0/2729197821 >> [v2:172.21.15.40:3300/0,v1:172.21.15.40:6789/0] conn(0x7f9e6810a600 0x7f9e6810ca20 unknown :-1 s=CLOSED pgs=41 cs=0 l=1 rev1=1 crypto rx=0 tx=0 comp rx=0 tx=0).stop
2024-04-25T11:06:10.643 INFO:teuthology.orchestra.run.smithi040.stdout:/usr/bin/ceph: stderr
2024-04-25T11:06:09.823+0000 7f9e6f487700 1 -- 172.21.15.40:0/2729197821 >> 172.21.15.40:0/2729197821 conn(0x7f9e681040c0 msgr2=0x7f9e68106510 unknown :-1 s=STATE_NONE l=0).mark_down
2024-04-25T11:06:10.643 INFO:teuthology.orchestra.run.smithi040.stdout:/usr/bin/ceph: stderr
2024-04-25T11:06:09.824+0000 7f9e6f487700 1 -- 172.21.15.40:0/2729197821 shutdown_connections
2024-04-25T11:06:10.643 INFO:teuthology.orchestra.run.smithi040.stdout:/usr/bin/ceph: stderr
2024-04-25T11:06:09.824+0000 7f9e6f487700 1 -- 172.21.15.40:0/2729197821 wait complete.
2024-04-25T11:06:10.643 INFO:teuthology.orchestra.run.smithi040.stdout:/usr/bin/ceph: stderr
2024-04-25T11:06:09.824+0000 7f9e6f487700 1 Processor -- start
2024-04-25T11:06:10.643 INFO:teuthology.orchestra.run.smithi040.stdout:/usr/bin/ceph: stderr
2024-04-25T11:06:09.824+0000 7f9e6f487700 1 -- start start
2024-04-25T11:06:10.643 INFO:teuthology.orchestra.run.smithi040.stdout:/usr/bin/ceph: stderr
2024-04-25T11:06:09.824+0000 7f9e6f487700 1 --2- >> [v2:172.21.15.40:3300/0,v1:172.21.15.40:6789/0] conn(0x7f9e6810a600 0x7f9e6819dd40 unknown :-1 s=NONE pgs=0 cs=0 l=1 rev1=0 crypto rx=0 tx=0 comp rx=0 tx=0).connect
2024-04-25T11:06:10.643 INFO:teuthology.orchestra.run.smithi040.stdout:/usr/bin/ceph: stderr
2024-04-25T11:06:09.824+0000 7f9e6f487700 1 -- --> [v2:172.21.15.40:3300/0,v1:172.21.15.40:6789/0] -- mon_getmap magic: 0 -- 0x7f9e6810dd80 con 0x7f9e6810a600
2024-04-25T11:06:10.643 INFO:teuthology.orchestra.run.smithi040.stdout:/usr/bin/ceph: stderr
2024-04-25T11:06:09.825+0000 7f9e6d223700 1 --2- >> [v2:172.21.15.40:3300/0,v1:172.21.15.40:6789/0] conn(0x7f9e6810a600 0x7f9e6819dd40 unknown :-1 s=BANNER_CONNECTING pgs=0 cs=0 l=1 rev1=0 crypto rx=0 tx=0 comp rx=0 tx=0)._handle_peer_banner_payload supported=3 required=0
2024-04-25T11:06:10.644 INFO:teuthology.orchestra.run.smithi040.stdout:/usr/bin/ceph: stderr
2024-04-25T11:06:09.825+0000 7f9e6d223700 1 --2- >> [v2:172.21.15.40:3300/0,v1:172.21.15.40:6789/0] conn(0x7f9e6810a600 0x7f9e6819dd40 unknown :-1 s=HELLO_CONNECTING pgs=0 cs=0 l=1 rev1=1 crypto rx=0 tx=0 comp rx=0 tx=0).handle_hello peer v2:172.21.15.40:3300/0 says I am v2:172.21.15.40:48624/0 (socket says 172.21.15.40:48624)
2024-04-25T11:06:10.644 INFO:teuthology.orchestra.run.smithi040.stdout:/usr/bin/ceph: stderr
2024-04-25T11:06:09.825+0000 7f9e6d223700 1 -- 172.21.15.40:0/771970942 learned_addr learned my addr 172.21.15.40:0/771970942 (peer_addr_for_me v2:172.21.15.40:0/0)
2024-04-25T11:06:10.644 INFO:teuthology.orchestra.run.smithi040.stdout:/usr/bin/ceph: stderr
2024-04-25T11:06:09.825+0000 7f9e6d223700 1 -- 172.21.15.40:0/771970942 --> [v2:172.21.15.40:3300/0,v1:172.21.15.40:6789/0] -- mon_subscribe({config=0+,monmap=0+}) -- 0x7f9e6819e280 con 0x7f9e6810a600
2024-04-25T11:06:10.644 INFO:teuthology.orchestra.run.smithi040.stdout:/usr/bin/ceph: stderr
2024-04-25T11:06:09.825+0000 7f9e6d223700 1 --2- 172.21.15.40:0/771970942 >> [v2:172.21.15.40:3300/0,v1:172.21.15.40:6789/0] conn(0x7f9e6810a600 0x7f9e6819dd40 secure :-1 s=READY pgs=42 cs=0 l=1 rev1=1 crypto rx=0x7f9e5c011a50 tx=0x7f9e5c011b30 comp rx=0 tx=0).ready entity=mon.0 client_cookie=0 server_cookie=0 in_seq=0 out_seq=0
2024-04-25T11:06:10.644 INFO:teuthology.orchestra.run.smithi040.stdout:/usr/bin/ceph: stderr
2024-04-25T11:06:09.825+0000 7f9e5a7fc700 1 -- 172.21.15.40:0/771970942 <== mon.0 v2:172.21.15.40:3300/0 1 ==== mon_map magic: 0 ==== 205+0+0 (secure 0 0 0) 0x7f9e5c003af0 con 0x7f9e6810a600
2024-04-25T11:06:10.644 INFO:teuthology.orchestra.run.smithi040.stdout:/usr/bin/ceph: stderr
2024-04-25T11:06:09.825+0000 7f9e5a7fc700 1 -- 172.21.15.40:0/771970942 <== mon.0 v2:172.21.15.40:3300/0 2 ==== config(26 keys) ==== 1066+0+0 (secure 0 0 0) 0x7f9e5c003c90 con 0x7f9e6810a600
2024-04-25T11:06:10.644 INFO:teuthology.orchestra.run.smithi040.stdout:/usr/bin/ceph: stderr
2024-04-25T11:06:09.825+0000 7f9e5a7fc700 1 -- 172.21.15.40:0/771970942 <== mon.0 v2:172.21.15.40:3300/0 3 ==== mon_map magic: 0 ==== 205+0+0 (secure 0 0 0) 0x7f9e5c024730 con 0x7f9e6810a600
2024-04-25T11:06:10.644 INFO:teuthology.orchestra.run.smithi040.stdout:/usr/bin/ceph: stderr
2024-04-25T11:06:09.825+0000 7f9e6f487700 1 -- 172.21.15.40:0/771970942 --> [v2:172.21.15.40:3300/0,v1:172.21.15.40:6789/0] -- mon_subscribe({mgrmap=0+}) -- 0x7f9e6819e510 con 0x7f9e6810a600
2024-04-25T11:06:10.644 INFO:teuthology.orchestra.run.smithi040.stdout:/usr/bin/ceph: stderr
2024-04-25T11:06:09.825+0000 7f9e6f487700 1 -- 172.21.15.40:0/771970942 --> [v2:172.21.15.40:3300/0,v1:172.21.15.40:6789/0] -- mon_subscribe({osdmap=0}) -- 0x7f9e681a1110 con 0x7f9e6810a600
2024-04-25T11:06:10.644 INFO:teuthology.orchestra.run.smithi040.stdout:/usr/bin/ceph: stderr
2024-04-25T11:06:09.826+0000 7f9e5a7fc700 1 -- 172.21.15.40:0/771970942 <== mon.0 v2:172.21.15.40:3300/0 4 ==== mgrmap(e 8) ==== 49516+0+0 (secure 0 0 0) 0x7f9e5c022020 con 0x7f9e6810a600
2024-04-25T11:06:10.644 INFO:teuthology.orchestra.run.smithi040.stdout:/usr/bin/ceph: stderr
2024-04-25T11:06:09.826+0000 7f9e6f487700 1 -- 172.21.15.40:0/771970942 --> [v2:172.21.15.40:3300/0,v1:172.21.15.40:6789/0] -- mon_command({"prefix": "get_command_descriptions"} v 0) -- 0x7f9e68064cf0 con 0x7f9e6810a600
2024-04-25T11:06:10.644 INFO:teuthology.orchestra.run.smithi040.stdout:/usr/bin/ceph: stderr
2024-04-25T11:06:09.826+0000 7f9e5a7fc700 1 --2- 172.21.15.40:0/771970942 >> [v2:172.21.15.40:6800/3438779248,v1:172.21.15.40:6801/3438779248] conn(0x7f9e5403d680 0x7f9e5403fb90 unknown :-1 s=NONE pgs=0 cs=0 l=1 rev1=0 crypto rx=0 tx=0 comp rx=0 tx=0).connect
2024-04-25T11:06:10.644 INFO:teuthology.orchestra.run.smithi040.stdout:/usr/bin/ceph: stderr
2024-04-25T11:06:09.827+0000 7f9e5a7fc700 1 -- 172.21.15.40:0/771970942 <== mon.0 v2:172.21.15.40:3300/0 5 ==== osd_map(2..2 src has 1..2) ==== 940+0+0 (secure 0 0 0) 0x7f9e5c0526d0 con 0x7f9e6810a600
2024-04-25T11:06:10.645 INFO:teuthology.orchestra.run.smithi040.stdout:/usr/bin/ceph: stderr
2024-04-25T11:06:09.827+0000 7f9e6ca22700 1 --2- 172.21.15.40:0/771970942 >> [v2:172.21.15.40:6800/3438779248,v1:172.21.15.40:6801/3438779248] conn(0x7f9e5403d680 0x7f9e5403fb90 unknown :-1 s=BANNER_CONNECTING pgs=0 cs=0 l=1 rev1=0 crypto rx=0 tx=0 comp rx=0 tx=0)._handle_peer_banner_payload supported=3 required=0
2024-04-25T11:06:10.645 INFO:teuthology.orchestra.run.smithi040.stdout:/usr/bin/ceph: stderr
2024-04-25T11:06:09.827+0000 7f9e6ca22700 1 --2- 172.21.15.40:0/771970942 >> [v2:172.21.15.40:6800/3438779248,v1:172.21.15.40:6801/3438779248] conn(0x7f9e5403d680 0x7f9e5403fb90 secure :-1 s=READY pgs=10 cs=0 l=1 rev1=1 crypto rx=0x7f9e64006fd0 tx=0x7f9e64006e40 comp rx=0 tx=0).ready entity=mgr.14118 client_cookie=0 server_cookie=0 in_seq=0 out_seq=0
2024-04-25T11:06:10.645 INFO:teuthology.orchestra.run.smithi040.stdout:/usr/bin/ceph: stderr
2024-04-25T11:06:09.832+0000 7f9e5a7fc700 1 -- 172.21.15.40:0/771970942 <== mon.0 v2:172.21.15.40:3300/0 6 ==== mon_command_ack([{"prefix": "get_command_descriptions"}]=0 v0) ==== 72+0+188370 (secure 0 0 0) 0x7f9e5c01a930 con 0x7f9e6810a600
2024-04-25T11:06:10.645 INFO:teuthology.orchestra.run.smithi040.stdout:/usr/bin/ceph: stderr
2024-04-25T11:06:10.041+0000 7f9e6f487700 1 -- 172.21.15.40:0/771970942 --> [v2:172.21.15.40:6800/3438779248,v1:172.21.15.40:6801/3438779248] -- mgr_command(tid 0: {"prefix": "cephadm get-pub-key", "target": ["mon-mgr", ""]}) -- 0x7f9e68104f90 con 0x7f9e5403d680
2024-04-25T11:06:10.645 INFO:teuthology.orchestra.run.smithi040.stdout:/usr/bin/ceph: stderr
2024-04-25T11:06:10.042+0000 7f9e5a7fc700 1 -- 172.21.15.40:0/771970942 <== mgr.14118 v2:172.21.15.40:6800/3438779248 1 ==== mgr_command_reply(tid 0: 0 ) ==== 8+0+595 (secure 0 0 0) 0x7f9e68104f90 con 0x7f9e5403d680
2024-04-25T11:06:10.645 INFO:teuthology.orchestra.run.smithi040.stdout:/usr/bin/ceph: stderr
2024-04-25T11:06:10.044+0000 7f9e6f487700 1 -- 172.21.15.40:0/771970942 >> [v2:172.21.15.40:6800/3438779248,v1:172.21.15.40:6801/3438779248] conn(0x7f9e5403d680 msgr2=0x7f9e5403fb90 secure :-1 s=STATE_CONNECTION_ESTABLISHED l=1).mark_down
2024-04-25T11:06:10.645 INFO:teuthology.orchestra.run.smithi040.stdout:/usr/bin/ceph: stderr
2024-04-25T11:06:10.044+0000 7f9e6f487700 1 --2- 172.21.15.40:0/771970942 >> [v2:172.21.15.40:6800/3438779248,v1:172.21.15.40:6801/3438779248] conn(0x7f9e5403d680 0x7f9e5403fb90 secure :-1 s=READY pgs=10 cs=0 l=1 rev1=1 crypto rx=0x7f9e64006fd0 tx=0x7f9e64006e40 comp rx=0 tx=0).stop
2024-04-25T11:06:10.645 INFO:teuthology.orchestra.run.smithi040.stdout:/usr/bin/ceph: stderr
2024-04-25T11:06:10.044+0000 7f9e6f487700 1 -- 172.21.15.40:0/771970942 >> [v2:172.21.15.40:3300/0,v1:172.21.15.40:6789/0] conn(0x7f9e6810a600 msgr2=0x7f9e6819dd40 secure :-1 s=STATE_CONNECTION_ESTABLISHED l=1).mark_down
2024-04-25T11:06:10.645 INFO:teuthology.orchestra.run.smithi040.stdout:/usr/bin/ceph: stderr
2024-04-25T11:06:10.044+0000 7f9e6f487700 1 --2- 172.21.15.40:0/771970942 >> [v2:172.21.15.40:3300/0,v1:172.21.15.40:6789/0] conn(0x7f9e6810a600 0x7f9e6819dd40 secure :-1 s=READY pgs=42 cs=0 l=1 rev1=1 crypto rx=0x7f9e5c011a50 tx=0x7f9e5c011b30 comp rx=0 tx=0).stop
2024-04-25T11:06:10.645 INFO:teuthology.orchestra.run.smithi040.stdout:/usr/bin/ceph: stderr
2024-04-25T11:06:10.044+0000 7f9e6f487700 1 -- 172.21.15.40:0/771970942 shutdown_connections
2024-04-25T11:06:10.645 INFO:teuthology.orchestra.run.smithi040.stdout:/usr/bin/ceph: stderr
2024-04-25T11:06:10.044+0000 7f9e6f487700 1 --2- 172.21.15.40:0/771970942 >> [v2:172.21.15.40:6800/3438779248,v1:172.21.15.40:6801/3438779248] conn(0x7f9e5403d680 0x7f9e5403fb90 unknown :-1 s=CLOSED pgs=10 cs=0 l=1 rev1=1 crypto rx=0 tx=0 comp rx=0 tx=0).stop
2024-04-25T11:06:10.645 INFO:teuthology.orchestra.run.smithi040.stdout:/usr/bin/ceph: stderr
2024-04-25T11:06:10.044+0000 7f9e6f487700 1 --2- 172.21.15.40:0/771970942 >> [v2:172.21.15.40:3300/0,v1:172.21.15.40:6789/0] conn(0x7f9e6810a600 0x7f9e6819dd40 unknown :-1 s=CLOSED pgs=42 cs=0 l=1 rev1=1 crypto rx=0 tx=0 comp rx=0 tx=0).stop
2024-04-25T11:06:10.645 INFO:teuthology.orchestra.run.smithi040.stdout:/usr/bin/ceph: stderr
2024-04-25T11:06:10.044+0000 7f9e6f487700 1 -- 172.21.15.40:0/771970942 >> 172.21.15.40:0/771970942 conn(0x7f9e681040c0 msgr2=0x7f9e68104880 unknown :-1 s=STATE_NONE l=0).mark_down
2024-04-25T11:06:10.645 INFO:teuthology.orchestra.run.smithi040.stdout:/usr/bin/ceph: stderr
2024-04-25T11:06:10.044+0000 7f9e6f487700 1 -- 172.21.15.40:0/771970942 shutdown_connections
2024-04-25T11:06:10.646 INFO:teuthology.orchestra.run.smithi040.stdout:/usr/bin/ceph: stderr
2024-04-25T11:06:10.044+0000 7f9e6f487700 1 -- 172.21.15.40:0/771970942 wait complete.
2024-04-25T11:06:10.646 INFO:teuthology.orchestra.run.smithi040.stdout:Wrote public SSH key to /home/ubuntu/cephtest/ceph.pub
2024-04-25T11:06:10.646 INFO:teuthology.orchestra.run.smithi040.stdout:Adding key to root@localhost authorized_keys...
2024-04-25T11:06:10.646 INFO:teuthology.orchestra.run.smithi040.stdout:Adding host smithi040...
2024-04-25T11:06:11.027 INFO:journalctl@ceph.mon.a.smithi040.stdout:Apr 25 11:06:10 smithi040 ceph-mon[29237]: from='client.14136 -' entity='client.admin' cmd=[{"prefix": "cephadm get-pub-key", "target": ["mon-mgr", ""]}]: dispatch
2024-04-25T11:06:12.179 INFO:journalctl@ceph.mon.a.smithi040.stdout:Apr 25 11:06:11 smithi040 ceph-mon[29237]: from='client.14138 -' entity='client.admin' cmd=[{"prefix": "orch host add", "hostname": "smithi040", "addr": "172.21.15.40", "target": ["mon-mgr", ""]}]: dispatch
2024-04-25T11:06:13.249 INFO:journalctl@ceph.mon.a.smithi040.stdout:Apr 25 11:06:12 smithi040 ceph-mon[29237]: Deploying cephadm binary to smithi040
2024-04-25T11:06:16.056 INFO:teuthology.orchestra.run.smithi040.stdout:/usr/bin/ceph: stdout Added host 'smithi040' with addr '172.21.15.40'
2024-04-25T11:06:16.056 INFO:teuthology.orchestra.run.smithi040.stdout:/usr/bin/ceph: stderr
2024-04-25T11:06:11.070+0000 7f8149f28700 1 Processor -- start
2024-04-25T11:06:16.056 INFO:teuthology.orchestra.run.smithi040.stdout:/usr/bin/ceph: stderr
2024-04-25T11:06:11.070+0000 7f8149f28700 1 -- start start
2024-04-25T11:06:16.056 INFO:teuthology.orchestra.run.smithi040.stdout:/usr/bin/ceph: stderr
2024-04-25T11:06:11.070+0000 7f8149f28700 1 --2- >> [v2:172.21.15.40:3300/0,v1:172.21.15.40:6789/0] conn(0x7f8144109b20 0x7f8144109f30 unknown :-1 s=NONE pgs=0 cs=0 l=0 rev1=0 crypto rx=0 tx=0 comp rx=0 tx=0).connect
2024-04-25T11:06:16.056 INFO:teuthology.orchestra.run.smithi040.stdout:/usr/bin/ceph: stderr
2024-04-25T11:06:11.070+0000 7f8149f28700 1 -- --> [v2:172.21.15.40:3300/0,v1:172.21.15.40:6789/0] -- mon_getmap magic: 0 -- 0x7f814410a520 con 0x7f8144109b20
2024-04-25T11:06:16.056 INFO:teuthology.orchestra.run.smithi040.stdout:/usr/bin/ceph: stderr
2024-04-25T11:06:11.071+0000 7f81437fe700 1 --2- >> [v2:172.21.15.40:3300/0,v1:172.21.15.40:6789/0] conn(0x7f8144109b20 0x7f8144109f30 unknown :-1 s=BANNER_CONNECTING pgs=0 cs=0 l=0 rev1=0 crypto rx=0 tx=0 comp rx=0 tx=0)._handle_peer_banner_payload supported=3 required=0
2024-04-25T11:06:16.056 INFO:teuthology.orchestra.run.smithi040.stdout:/usr/bin/ceph: stderr
2024-04-25T11:06:11.071+0000 7f81437fe700 1 --2- >> [v2:172.21.15.40:3300/0,v1:172.21.15.40:6789/0] conn(0x7f8144109b20 0x7f8144109f30 unknown :-1 s=HELLO_CONNECTING pgs=0 cs=0 l=0 rev1=1 crypto rx=0 tx=0 comp rx=0 tx=0).handle_hello peer v2:172.21.15.40:3300/0 says I am v2:172.21.15.40:48626/0 (socket says 172.21.15.40:48626)
2024-04-25T11:06:16.057 INFO:teuthology.orchestra.run.smithi040.stdout:/usr/bin/ceph: stderr
2024-04-25T11:06:11.071+0000 7f81437fe700 1 -- 172.21.15.40:0/786027411 learned_addr learned my addr 172.21.15.40:0/786027411 (peer_addr_for_me v2:172.21.15.40:0/0)
2024-04-25T11:06:16.057 INFO:teuthology.orchestra.run.smithi040.stdout:/usr/bin/ceph: stderr
2024-04-25T11:06:11.071+0000 7f81437fe700 1 -- 172.21.15.40:0/786027411 --> [v2:172.21.15.40:3300/0,v1:172.21.15.40:6789/0] -- mon_subscribe({config=0+,monmap=0+}) -- 0x7f814410ac50 con 0x7f8144109b20
2024-04-25T11:06:16.057 INFO:teuthology.orchestra.run.smithi040.stdout:/usr/bin/ceph: stderr
2024-04-25T11:06:11.071+0000 7f81437fe700 1 --2- 172.21.15.40:0/786027411 >> [v2:172.21.15.40:3300/0,v1:172.21.15.40:6789/0] conn(0x7f8144109b20 0x7f8144109f30 secure :-1 s=READY pgs=43 cs=0 l=1 rev1=1 crypto rx=0x7f813c009e80 tx=0x7f813c00b330 comp rx=0 tx=0).ready entity=mon.0 client_cookie=2eb5fa749fca1a server_cookie=0 in_seq=0 out_seq=0
2024-04-25T11:06:16.057 INFO:teuthology.orchestra.run.smithi040.stdout:/usr/bin/ceph: stderr
2024-04-25T11:06:11.071+0000 7f81427fc700 1 -- 172.21.15.40:0/786027411 <== mon.0 v2:172.21.15.40:3300/0 1 ==== mon_map magic: 0 ==== 205+0+0 (secure 0 0 0) 0x7f813c017070 con 0x7f8144109b20
2024-04-25T11:06:16.057 INFO:teuthology.orchestra.run.smithi040.stdout:/usr/bin/ceph: stderr
2024-04-25T11:06:11.071+0000 7f81427fc700 1 -- 172.21.15.40:0/786027411 <== mon.0 v2:172.21.15.40:3300/0 2 ==== config(26 keys) ==== 1066+0+0 (secure 0 0 0) 0x7f813c00b8c0 con 0x7f8144109b20
2024-04-25T11:06:16.057 INFO:teuthology.orchestra.run.smithi040.stdout:/usr/bin/ceph: stderr
2024-04-25T11:06:11.071+0000 7f81427fc700 1 -- 172.21.15.40:0/786027411 <== mon.0 v2:172.21.15.40:3300/0 3 ==== mon_map magic: 0 ==== 205+0+0 (secure 0 0 0) 0x7f813c004490 con 0x7f8144109b20
2024-04-25T11:06:16.057 INFO:teuthology.orchestra.run.smithi040.stdout:/usr/bin/ceph: stderr
2024-04-25T11:06:11.072+0000 7f8149f28700 1 -- 172.21.15.40:0/786027411 >> [v2:172.21.15.40:3300/0,v1:172.21.15.40:6789/0] conn(0x7f8144109b20 msgr2=0x7f8144109f30 secure :-1 s=STATE_CONNECTION_ESTABLISHED l=1).mark_down
2024-04-25T11:06:16.057 INFO:teuthology.orchestra.run.smithi040.stdout:/usr/bin/ceph: stderr
2024-04-25T11:06:11.072+0000 7f8149f28700 1 --2- 172.21.15.40:0/786027411 >> [v2:172.21.15.40:3300/0,v1:172.21.15.40:6789/0] conn(0x7f8144109b20 0x7f8144109f30 secure :-1 s=READY pgs=43 cs=0 l=1 rev1=1 crypto rx=0x7f813c009e80 tx=0x7f813c00b330 comp rx=0 tx=0).stop
2024-04-25T11:06:16.057 INFO:teuthology.orchestra.run.smithi040.stdout:/usr/bin/ceph: stderr
2024-04-25T11:06:11.072+0000 7f8149f28700 1 -- 172.21.15.40:0/786027411 shutdown_connections
2024-04-25T11:06:16.057 INFO:teuthology.orchestra.run.smithi040.stdout:/usr/bin/ceph: stderr
2024-04-25T11:06:11.072+0000 7f8149f28700 1 --2- 172.21.15.40:0/786027411 >> [v2:172.21.15.40:3300/0,v1:172.21.15.40:6789/0] conn(0x7f8144109b20 0x7f8144109f30 unknown :-1 s=CLOSED pgs=43 cs=0 l=1 rev1=1 crypto rx=0 tx=0 comp rx=0 tx=0).stop
2024-04-25T11:06:16.057 INFO:teuthology.orchestra.run.smithi040.stdout:/usr/bin/ceph: stderr
2024-04-25T11:06:11.072+0000 7f8149f28700 1 -- 172.21.15.40:0/786027411 >> 172.21.15.40:0/786027411 conn(0x7f81441051c0 msgr2=0x7f8144107610 unknown :-1 s=STATE_NONE l=0).mark_down
2024-04-25T11:06:16.057 INFO:teuthology.orchestra.run.smithi040.stdout:/usr/bin/ceph: stderr
2024-04-25T11:06:11.072+0000 7f8149f28700 1 -- 172.21.15.40:0/786027411 shutdown_connections
2024-04-25T11:06:16.057 INFO:teuthology.orchestra.run.smithi040.stdout:/usr/bin/ceph: stderr
2024-04-25T11:06:11.072+0000 7f8149f28700 1 -- 172.21.15.40:0/786027411 wait complete.
2024-04-25T11:06:16.057 INFO:teuthology.orchestra.run.smithi040.stdout:/usr/bin/ceph: stderr
2024-04-25T11:06:11.073+0000 7f8149f28700 1 Processor -- start
2024-04-25T11:06:16.058 INFO:teuthology.orchestra.run.smithi040.stdout:/usr/bin/ceph: stderr
2024-04-25T11:06:11.073+0000 7f8149f28700 1 -- start start
2024-04-25T11:06:16.058 INFO:teuthology.orchestra.run.smithi040.stdout:/usr/bin/ceph: stderr
2024-04-25T11:06:11.073+0000 7f8149f28700 1 --2- >> [v2:172.21.15.40:3300/0,v1:172.21.15.40:6789/0] conn(0x7f8144109b20 0x7f814407f320 unknown :-1 s=NONE pgs=0 cs=0 l=1 rev1=0 crypto rx=0 tx=0 comp rx=0 tx=0).connect
2024-04-25T11:06:16.058 INFO:teuthology.orchestra.run.smithi040.stdout:/usr/bin/ceph: stderr
2024-04-25T11:06:11.073+0000 7f8149f28700 1 -- --> [v2:172.21.15.40:3300/0,v1:172.21.15.40:6789/0] -- mon_getmap magic: 0 -- 0x7f814410de80 con 0x7f8144109b20
2024-04-25T11:06:16.058 INFO:teuthology.orchestra.run.smithi040.stdout:/usr/bin/ceph: stderr
2024-04-25T11:06:11.073+0000 7f81437fe700 1 --2- >> [v2:172.21.15.40:3300/0,v1:172.21.15.40:6789/0] conn(0x7f8144109b20 0x7f814407f320 unknown :-1 s=BANNER_CONNECTING pgs=0 cs=0 l=1 rev1=0 crypto rx=0 tx=0 comp rx=0 tx=0)._handle_peer_banner_payload supported=3 required=0
2024-04-25T11:06:16.058 INFO:teuthology.orchestra.run.smithi040.stdout:/usr/bin/ceph: stderr
2024-04-25T11:06:11.073+0000 7f81437fe700 1 --2- >> [v2:172.21.15.40:3300/0,v1:172.21.15.40:6789/0] conn(0x7f8144109b20 0x7f814407f320 unknown :-1 s=HELLO_CONNECTING pgs=0 cs=0 l=1 rev1=1 crypto rx=0 tx=0 comp rx=0 tx=0).handle_hello peer v2:172.21.15.40:3300/0 says I am v2:172.21.15.40:48628/0 (socket says 172.21.15.40:48628)
2024-04-25T11:06:16.058 INFO:teuthology.orchestra.run.smithi040.stdout:/usr/bin/ceph: stderr
2024-04-25T11:06:11.073+0000 7f81437fe700 1 -- 172.21.15.40:0/1623374113 learned_addr learned my addr 172.21.15.40:0/1623374113 (peer_addr_for_me v2:172.21.15.40:0/0)
2024-04-25T11:06:16.058 INFO:teuthology.orchestra.run.smithi040.stdout:/usr/bin/ceph: stderr
2024-04-25T11:06:11.073+0000 7f81437fe700 1 -- 172.21.15.40:0/1623374113 --> [v2:172.21.15.40:3300/0,v1:172.21.15.40:6789/0] -- mon_subscribe({config=0+,monmap=0+}) -- 0x7f814407f860 con 0x7f8144109b20
2024-04-25T11:06:16.058 INFO:teuthology.orchestra.run.smithi040.stdout:/usr/bin/ceph: stderr
2024-04-25T11:06:11.074+0000 7f81437fe700 1 --2- 172.21.15.40:0/1623374113 >> [v2:172.21.15.40:3300/0,v1:172.21.15.40:6789/0] conn(0x7f8144109b20 0x7f814407f320 secure :-1 s=READY pgs=44 cs=0 l=1 rev1=1 crypto rx=0x7f813c009e50 tx=0x7f813c00be90 comp rx=0 tx=0).ready entity=mon.0 client_cookie=0 server_cookie=0 in_seq=0 out_seq=0
2024-04-25T11:06:16.058 INFO:teuthology.orchestra.run.smithi040.stdout:/usr/bin/ceph: stderr
2024-04-25T11:06:11.074+0000 7f8140ff9700 1 -- 172.21.15.40:0/1623374113 <== mon.0 v2:172.21.15.40:3300/0 1 ==== mon_map magic: 0 ==== 205+0+0 (secure 0 0 0) 0x7f813c021020 con 0x7f8144109b20
2024-04-25T11:06:16.058 INFO:teuthology.orchestra.run.smithi040.stdout:/usr/bin/ceph: stderr
2024-04-25T11:06:11.074+0000 7f8140ff9700 1 -- 172.21.15.40:0/1623374113 <== mon.0 v2:172.21.15.40:3300/0 2 ==== config(26 keys) ==== 1066+0+0 (secure 0 0 0) 0x7f813c01d470 con 0x7f8144109b20
2024-04-25T11:06:16.058 INFO:teuthology.orchestra.run.smithi040.stdout:/usr/bin/ceph: stderr
2024-04-25T11:06:11.074+0000 7f8149f28700 1 -- 172.21.15.40:0/1623374113 --> [v2:172.21.15.40:3300/0,v1:172.21.15.40:6789/0] -- mon_subscribe({mgrmap=0+}) -- 0x7f814407dab0 con 0x7f8144109b20
2024-04-25T11:06:16.058 INFO:teuthology.orchestra.run.smithi040.stdout:/usr/bin/ceph: stderr
2024-04-25T11:06:11.074+0000 7f8140ff9700 1 -- 172.21.15.40:0/1623374113 <== mon.0 v2:172.21.15.40:3300/0 3 ==== mon_map magic: 0 ==== 205+0+0 (secure 0 0 0) 0x7f813c017040 con 0x7f8144109b20
2024-04-25T11:06:16.059 INFO:teuthology.orchestra.run.smithi040.stdout:/usr/bin/ceph: stderr
2024-04-25T11:06:11.074+0000 7f8149f28700 1 -- 172.21.15.40:0/1623374113 --> [v2:172.21.15.40:3300/0,v1:172.21.15.40:6789/0] -- mon_subscribe({osdmap=0}) -- 0x7f814407dff0 con 0x7f8144109b20
2024-04-25T11:06:16.059 INFO:teuthology.orchestra.run.smithi040.stdout:/usr/bin/ceph: stderr
2024-04-25T11:06:11.075+0000 7f8140ff9700 1 -- 172.21.15.40:0/1623374113 <== mon.0 v2:172.21.15.40:3300/0 4 ==== mgrmap(e 8) ==== 49516+0+0 (secure 0 0 0) 0x7f813c024020 con 0x7f8144109b20
2024-04-25T11:06:16.059 INFO:teuthology.orchestra.run.smithi040.stdout:/usr/bin/ceph: stderr
2024-04-25T11:06:11.075+0000 7f8149f28700 1 -- 172.21.15.40:0/1623374113 --> [v2:172.21.15.40:3300/0,v1:172.21.15.40:6789/0] -- mon_command({"prefix": "get_command_descriptions"} v 0) -- 0x7f8144064cf0 con 0x7f8144109b20
2024-04-25T11:06:16.059 INFO:teuthology.orchestra.run.smithi040.stdout:/usr/bin/ceph: stderr
2024-04-25T11:06:11.075+0000 7f8140ff9700 1 --2- 172.21.15.40:0/1623374113 >> [v2:172.21.15.40:6800/3438779248,v1:172.21.15.40:6801/3438779248] conn(0x7f813003d630 0x7f813003fb40 unknown :-1 s=NONE pgs=0 cs=0 l=1 rev1=0 crypto rx=0 tx=0 comp rx=0 tx=0).connect
2024-04-25T11:06:16.059 INFO:teuthology.orchestra.run.smithi040.stdout:/usr/bin/ceph: stderr
2024-04-25T11:06:11.075+0000 7f8140ff9700 1 -- 172.21.15.40:0/1623374113 <== mon.0 v2:172.21.15.40:3300/0 5 ==== osd_map(2..2 src has 1..2) ==== 940+0+0 (secure 0 0 0) 0x7f813c00f050 con 0x7f8144109b20
2024-04-25T11:06:16.059 INFO:teuthology.orchestra.run.smithi040.stdout:/usr/bin/ceph: stderr
2024-04-25T11:06:11.075+0000 7f8142ffd700 1 --2- 172.21.15.40:0/1623374113 >> [v2:172.21.15.40:6800/3438779248,v1:172.21.15.40:6801/3438779248] conn(0x7f813003d630 0x7f813003fb40 unknown :-1 s=BANNER_CONNECTING pgs=0 cs=0 l=1 rev1=0 crypto rx=0 tx=0 comp rx=0 tx=0)._handle_peer_banner_payload supported=3 required=0
2024-04-25T11:06:16.059 INFO:teuthology.orchestra.run.smithi040.stdout:/usr/bin/ceph: stderr
2024-04-25T11:06:11.076+0000 7f8142ffd700 1 --2- 172.21.15.40:0/1623374113 >> [v2:172.21.15.40:6800/3438779248,v1:172.21.15.40:6801/3438779248] conn(0x7f813003d630 0x7f813003fb40 secure :-1 s=READY pgs=11 cs=0 l=1 rev1=1 crypto rx=0x7f812c006fd0 tx=0x7f812c006e40 comp rx=0 tx=0).ready entity=mgr.14118 client_cookie=0 server_cookie=0 in_seq=0 out_seq=0
2024-04-25T11:06:16.059 INFO:teuthology.orchestra.run.smithi040.stdout:/usr/bin/ceph: stderr
2024-04-25T11:06:11.080+0000 7f8140ff9700 1 -- 172.21.15.40:0/1623374113 <== mon.0 v2:172.21.15.40:3300/0 6 ==== mon_command_ack([{"prefix": "get_command_descriptions"}]=0 v0) ==== 72+0+188370 (secure 0 0 0) 0x7f813c02b020 con 0x7f8144109b20
2024-04-25T11:06:16.059 INFO:teuthology.orchestra.run.smithi040.stdout:/usr/bin/ceph: stderr
2024-04-25T11:06:11.295+0000 7f8149f28700 1 -- 172.21.15.40:0/1623374113 --> [v2:172.21.15.40:6800/3438779248,v1:172.21.15.40:6801/3438779248] -- mgr_command(tid 0: {"prefix": "orch host add", "hostname": "smithi040", "addr": "172.21.15.40", "target": ["mon-mgr", ""]}) -- 0x7f814407e750 con 0x7f813003d630
2024-04-25T11:06:16.059 INFO:teuthology.orchestra.run.smithi040.stdout:/usr/bin/ceph: stderr
2024-04-25T11:06:15.579+0000 7f8140ff9700 1 -- 172.21.15.40:0/1623374113 <== mgr.14118 v2:172.21.15.40:6800/3438779248 1 ==== mgr_command_reply(tid 0: 0 ) ==== 8+0+48 (secure 0 0 0) 0x7f814407e750 con 0x7f813003d630
2024-04-25T11:06:16.059 INFO:teuthology.orchestra.run.smithi040.stdout:/usr/bin/ceph: stderr
2024-04-25T11:06:15.582+0000 7f8149f28700 1 -- 172.21.15.40:0/1623374113 >> [v2:172.21.15.40:6800/3438779248,v1:172.21.15.40:6801/3438779248] conn(0x7f813003d630 msgr2=0x7f813003fb40 secure :-1 s=STATE_CONNECTION_ESTABLISHED l=1).mark_down
2024-04-25T11:06:16.059 INFO:teuthology.orchestra.run.smithi040.stdout:/usr/bin/ceph: stderr
2024-04-25T11:06:15.582+0000 7f8149f28700 1 --2- 172.21.15.40:0/1623374113 >> [v2:172.21.15.40:6800/3438779248,v1:172.21.15.40:6801/3438779248] conn(0x7f813003d630 0x7f813003fb40 secure :-1 s=READY pgs=11 cs=0 l=1 rev1=1 crypto rx=0x7f812c006fd0 tx=0x7f812c006e40 comp rx=0 tx=0).stop
2024-04-25T11:06:16.059 INFO:teuthology.orchestra.run.smithi040.stdout:/usr/bin/ceph: stderr
2024-04-25T11:06:15.582+0000 7f8149f28700 1 -- 172.21.15.40:0/1623374113 >> [v2:172.21.15.40:3300/0,v1:172.21.15.40:6789/0] conn(0x7f8144109b20 msgr2=0x7f814407f320 secure :-1 s=STATE_CONNECTION_ESTABLISHED l=1).mark_down
2024-04-25T11:06:16.060 INFO:teuthology.orchestra.run.smithi040.stdout:/usr/bin/ceph: stderr
2024-04-25T11:06:15.582+0000 7f8149f28700 1 --2- 172.21.15.40:0/1623374113 >> [v2:172.21.15.40:3300/0,v1:172.21.15.40:6789/0] conn(0x7f8144109b20 0x7f814407f320 secure :-1 s=READY pgs=44 cs=0 l=1 rev1=1 crypto rx=0x7f813c009e50 tx=0x7f813c00be90 comp rx=0 tx=0).stop
2024-04-25T11:06:16.060 INFO:teuthology.orchestra.run.smithi040.stdout:/usr/bin/ceph: stderr
2024-04-25T11:06:15.582+0000 7f8149f28700 1 -- 172.21.15.40:0/1623374113 shutdown_connections
2024-04-25T11:06:16.060 INFO:teuthology.orchestra.run.smithi040.stdout:/usr/bin/ceph: stderr
2024-04-25T11:06:15.582+0000 7f8149f28700 1 --2- 172.21.15.40:0/1623374113 >> [v2:172.21.15.40:6800/3438779248,v1:172.21.15.40:6801/3438779248] conn(0x7f813003d630 0x7f813003fb40 unknown :-1 s=CLOSED pgs=11 cs=0 l=1 rev1=1 crypto rx=0 tx=0 comp rx=0 tx=0).stop
2024-04-25T11:06:16.060 INFO:teuthology.orchestra.run.smithi040.stdout:/usr/bin/ceph: stderr
2024-04-25T11:06:15.582+0000 7f8149f28700 1 --2- 172.21.15.40:0/1623374113 >> [v2:172.21.15.40:3300/0,v1:172.21.15.40:6789/0] conn(0x7f8144109b20 0x7f814407f320 unknown :-1 s=CLOSED pgs=44 cs=0 l=1 rev1=1 crypto rx=0 tx=0 comp rx=0 tx=0).stop
2024-04-25T11:06:16.060 INFO:teuthology.orchestra.run.smithi040.stdout:/usr/bin/ceph: stderr
2024-04-25T11:06:15.582+0000 7f8149f28700 1 -- 172.21.15.40:0/1623374113 >> 172.21.15.40:0/1623374113 conn(0x7f81441051c0 msgr2=0x7f81441058d0 unknown :-1 s=STATE_NONE l=0).mark_down
2024-04-25T11:06:16.060 INFO:teuthology.orchestra.run.smithi040.stdout:/usr/bin/ceph: stderr
2024-04-25T11:06:15.582+0000 7f8149f28700 1 -- 172.21.15.40:0/1623374113 shutdown_connections
2024-04-25T11:06:16.060 INFO:teuthology.orchestra.run.smithi040.stdout:/usr/bin/ceph: stderr
2024-04-25T11:06:15.582+0000 7f8149f28700 1 -- 172.21.15.40:0/1623374113 wait complete.
2024-04-25T11:06:16.060 INFO:teuthology.orchestra.run.smithi040.stdout:Deploying unmanaged mon service...
2024-04-25T11:06:16.749 INFO:journalctl@ceph.mon.a.smithi040.stdout:Apr 25 11:06:16 smithi040 ceph-mon[29237]: from='mgr.14118 172.21.15.40:0/711352969' entity='mgr.x'
2024-04-25T11:06:16.750 INFO:journalctl@ceph.mon.a.smithi040.stdout:Apr 25 11:06:16 smithi040 ceph-mon[29237]: Added host smithi040
2024-04-25T11:06:16.750 INFO:journalctl@ceph.mon.a.smithi040.stdout:Apr 25 11:06:16 smithi040 ceph-mon[29237]: from='mgr.14118 172.21.15.40:0/711352969' entity='mgr.x' cmd=[{"prefix": "config dump", "format": "json"}]: dispatch
2024-04-25T11:06:18.147 INFO:journalctl@ceph.mon.a.smithi040.stdout:Apr 25 11:06:17 smithi040 ceph-mon[29237]: from='client.14140 -' entity='client.admin' cmd=[{"prefix": "orch apply", "service_type": "mon", "unmanaged": true, "target": ["mon-mgr", ""]}]: dispatch
2024-04-25T11:06:18.147 INFO:journalctl@ceph.mon.a.smithi040.stdout:Apr 25 11:06:17 smithi040 ceph-mon[29237]: Saving service mon spec with placement count:5
2024-04-25T11:06:18.147 INFO:journalctl@ceph.mon.a.smithi040.stdout:Apr 25 11:06:17 smithi040 ceph-mon[29237]: from='mgr.14118 172.21.15.40:0/711352969' entity='mgr.x'
2024-04-25T11:06:18.147 INFO:journalctl@ceph.mon.a.smithi040.stdout:Apr 25 11:06:17 smithi040 ceph-mon[29237]: from='mgr.14118 172.21.15.40:0/711352969' entity='mgr.x'
2024-04-25T11:06:18.154 INFO:teuthology.orchestra.run.smithi040.stdout:/usr/bin/ceph: stdout Scheduled mon update...
2024-04-25T11:06:18.155 INFO:teuthology.orchestra.run.smithi040.stdout:/usr/bin/ceph: stderr
2024-04-25T11:06:16.575+0000 7fbdfcbdb700 1 Processor -- start
2024-04-25T11:06:18.155 INFO:teuthology.orchestra.run.smithi040.stdout:/usr/bin/ceph: stderr
2024-04-25T11:06:16.575+0000 7fbdfcbdb700 1 -- start start
2024-04-25T11:06:18.155 INFO:teuthology.orchestra.run.smithi040.stdout:/usr/bin/ceph: stderr
2024-04-25T11:06:16.575+0000 7fbdfcbdb700 1 --2- >> [v2:172.21.15.40:3300/0,v1:172.21.15.40:6789/0] conn(0x7fbdf8109b00 0x7fbdf8109f10 unknown :-1 s=NONE pgs=0 cs=0 l=0 rev1=0 crypto rx=0 tx=0 comp rx=0 tx=0).connect
2024-04-25T11:06:18.155 INFO:teuthology.orchestra.run.smithi040.stdout:/usr/bin/ceph: stderr
2024-04-25T11:06:16.575+0000 7fbdfcbdb700 1 -- --> [v2:172.21.15.40:3300/0,v1:172.21.15.40:6789/0] -- mon_getmap magic: 0 -- 0x7fbdf810a500 con 0x7fbdf8109b00
2024-04-25T11:06:18.155 INFO:teuthology.orchestra.run.smithi040.stdout:/usr/bin/ceph: stderr
2024-04-25T11:06:16.576+0000 7fbdf659c700 1 --2- >> [v2:172.21.15.40:3300/0,v1:172.21.15.40:6789/0] conn(0x7fbdf8109b00 0x7fbdf8109f10 unknown :-1 s=BANNER_CONNECTING pgs=0 cs=0 l=0 rev1=0 crypto rx=0 tx=0 comp rx=0 tx=0)._handle_peer_banner_payload supported=3 required=0
2024-04-25T11:06:18.155 INFO:teuthology.orchestra.run.smithi040.stdout:/usr/bin/ceph: stderr
2024-04-25T11:06:16.576+0000 7fbdf659c700 1 --2- >> [v2:172.21.15.40:3300/0,v1:172.21.15.40:6789/0] conn(0x7fbdf8109b00 0x7fbdf8109f10 unknown :-1 s=HELLO_CONNECTING pgs=0 cs=0 l=0 rev1=1 crypto rx=0 tx=0 comp rx=0 tx=0).handle_hello peer v2:172.21.15.40:3300/0 says I am v2:172.21.15.40:48632/0 (socket says 172.21.15.40:48632)
2024-04-25T11:06:18.155 INFO:teuthology.orchestra.run.smithi040.stdout:/usr/bin/ceph: stderr
2024-04-25T11:06:16.576+0000 7fbdf659c700 1 -- 172.21.15.40:0/2906825185 learned_addr learned my addr 172.21.15.40:0/2906825185 (peer_addr_for_me v2:172.21.15.40:0/0)
2024-04-25T11:06:18.155 INFO:teuthology.orchestra.run.smithi040.stdout:/usr/bin/ceph: stderr
2024-04-25T11:06:16.576+0000 7fbdf659c700 1 -- 172.21.15.40:0/2906825185 --> [v2:172.21.15.40:3300/0,v1:172.21.15.40:6789/0] -- mon_subscribe({config=0+,monmap=0+}) -- 0x7fbdf810ac30 con 0x7fbdf8109b00
2024-04-25T11:06:18.155 INFO:teuthology.orchestra.run.smithi040.stdout:/usr/bin/ceph: stderr
2024-04-25T11:06:16.576+0000 7fbdf659c700 1 --2- 172.21.15.40:0/2906825185 >> [v2:172.21.15.40:3300/0,v1:172.21.15.40:6789/0] conn(0x7fbdf8109b00 0x7fbdf8109f10 secure :-1 s=READY pgs=45 cs=0 l=1 rev1=1 crypto rx=0x7fbdf0009e80 tx=0x7fbdf000b330 comp rx=0 tx=0).ready entity=mon.0 client_cookie=cb2ea8889bbdf1dc server_cookie=0 in_seq=0 out_seq=0
2024-04-25T11:06:18.155 INFO:teuthology.orchestra.run.smithi040.stdout:/usr/bin/ceph: stderr
2024-04-25T11:06:16.576+0000 7fbdf559a700 1 -- 172.21.15.40:0/2906825185 <== mon.0 v2:172.21.15.40:3300/0 1 ==== mon_map magic: 0 ==== 205+0+0 (secure 0 0 0) 0x7fbdf0017070 con 0x7fbdf8109b00
2024-04-25T11:06:18.155 INFO:teuthology.orchestra.run.smithi040.stdout:/usr/bin/ceph: stderr
2024-04-25T11:06:16.576+0000 7fbdf559a700 1 -- 172.21.15.40:0/2906825185 <== mon.0 v2:172.21.15.40:3300/0 2 ==== config(26 keys) ==== 1066+0+0 (secure 0 0 0) 0x7fbdf000b8c0 con 0x7fbdf8109b00
2024-04-25T11:06:18.155 INFO:teuthology.orchestra.run.smithi040.stdout:/usr/bin/ceph: stderr
2024-04-25T11:06:16.576+0000 7fbdf559a700 1 -- 172.21.15.40:0/2906825185 <== mon.0 v2:172.21.15.40:3300/0 3 ==== mon_map magic: 0 ==== 205+0+0 (secure 0 0 0) 0x7fbdf0004490 con 0x7fbdf8109b00
2024-04-25T11:06:18.155 INFO:teuthology.orchestra.run.smithi040.stdout:/usr/bin/ceph: stderr
2024-04-25T11:06:16.577+0000 7fbdfcbdb700 1 -- 172.21.15.40:0/2906825185 >> [v2:172.21.15.40:3300/0,v1:172.21.15.40:6789/0] conn(0x7fbdf8109b00 msgr2=0x7fbdf8109f10 secure :-1 s=STATE_CONNECTION_ESTABLISHED l=1).mark_down
2024-04-25T11:06:18.155 INFO:teuthology.orchestra.run.smithi040.stdout:/usr/bin/ceph: stderr
2024-04-25T11:06:16.577+0000 7fbdfcbdb700 1 --2- 172.21.15.40:0/2906825185 >> [v2:172.21.15.40:3300/0,v1:172.21.15.40:6789/0] conn(0x7fbdf8109b00 0x7fbdf8109f10 secure :-1 s=READY pgs=45 cs=0 l=1 rev1=1 crypto rx=0x7fbdf0009e80 tx=0x7fbdf000b330 comp rx=0 tx=0).stop
2024-04-25T11:06:18.156 INFO:teuthology.orchestra.run.smithi040.stdout:/usr/bin/ceph: stderr
2024-04-25T11:06:16.577+0000 7fbdfcbdb700 1 -- 172.21.15.40:0/2906825185 shutdown_connections
2024-04-25T11:06:18.156 INFO:teuthology.orchestra.run.smithi040.stdout:/usr/bin/ceph: stderr
2024-04-25T11:06:16.577+0000 7fbdfcbdb700 1 --2- 172.21.15.40:0/2906825185 >> [v2:172.21.15.40:3300/0,v1:172.21.15.40:6789/0] conn(0x7fbdf8109b00 0x7fbdf8109f10 unknown :-1 s=CLOSED pgs=45 cs=0 l=1 rev1=1 crypto rx=0 tx=0 comp rx=0 tx=0).stop
2024-04-25T11:06:18.156 INFO:teuthology.orchestra.run.smithi040.stdout:/usr/bin/ceph: stderr
2024-04-25T11:06:16.577+0000 7fbdfcbdb700 1 -- 172.21.15.40:0/2906825185 >> 172.21.15.40:0/2906825185 conn(0x7fbdf8105160 msgr2=0x7fbdf81075f0 unknown :-1 s=STATE_NONE l=0).mark_down
2024-04-25T11:06:18.156 INFO:teuthology.orchestra.run.smithi040.stdout:/usr/bin/ceph: stderr
2024-04-25T11:06:16.577+0000 7fbdfcbdb700 1 -- 172.21.15.40:0/2906825185 shutdown_connections
2024-04-25T11:06:18.156 INFO:teuthology.orchestra.run.smithi040.stdout:/usr/bin/ceph: stderr
2024-04-25T11:06:16.577+0000 7fbdfcbdb700 1 -- 172.21.15.40:0/2906825185 wait complete.
2024-04-25T11:06:18.156 INFO:teuthology.orchestra.run.smithi040.stdout:/usr/bin/ceph: stderr
2024-04-25T11:06:16.578+0000 7fbdfcbdb700 1 Processor -- start
2024-04-25T11:06:18.156 INFO:teuthology.orchestra.run.smithi040.stdout:/usr/bin/ceph: stderr
2024-04-25T11:06:16.578+0000 7fbdfcbdb700 1 -- start start
2024-04-25T11:06:18.156 INFO:teuthology.orchestra.run.smithi040.stdout:/usr/bin/ceph: stderr
2024-04-25T11:06:16.578+0000 7fbdfcbdb700 1 --2- >> [v2:172.21.15.40:3300/0,v1:172.21.15.40:6789/0] conn(0x7fbdf8109b00 0x7fbdf819dd60 unknown :-1 s=NONE pgs=0 cs=0 l=1 rev1=0 crypto rx=0 tx=0 comp rx=0 tx=0).connect
2024-04-25T11:06:18.156 INFO:teuthology.orchestra.run.smithi040.stdout:/usr/bin/ceph: stderr
2024-04-25T11:06:16.578+0000 7fbdfcbdb700 1 -- --> [v2:172.21.15.40:3300/0,v1:172.21.15.40:6789/0] -- mon_getmap magic: 0 -- 0x7fbdf810de60 con 0x7fbdf8109b00
2024-04-25T11:06:18.156 INFO:teuthology.orchestra.run.smithi040.stdout:/usr/bin/ceph: stderr
2024-04-25T11:06:16.578+0000 7fbdf659c700 1 --2- >> [v2:172.21.15.40:3300/0,v1:172.21.15.40:6789/0] conn(0x7fbdf8109b00 0x7fbdf819dd60 unknown :-1 s=BANNER_CONNECTING pgs=0 cs=0 l=1 rev1=0 crypto rx=0 tx=0 comp rx=0 tx=0)._handle_peer_banner_payload supported=3 required=0
2024-04-25T11:06:18.156 INFO:teuthology.orchestra.run.smithi040.stdout:/usr/bin/ceph: stderr
2024-04-25T11:06:16.578+0000 7fbdf659c700 1 --2- >> [v2:172.21.15.40:3300/0,v1:172.21.15.40:6789/0] conn(0x7fbdf8109b00 0x7fbdf819dd60 unknown :-1 s=HELLO_CONNECTING pgs=0 cs=0 l=1 rev1=1 crypto rx=0 tx=0 comp rx=0 tx=0).handle_hello peer v2:172.21.15.40:3300/0 says I am v2:172.21.15.40:48642/0 (socket says 172.21.15.40:48642)
2024-04-25T11:06:18.156 INFO:teuthology.orchestra.run.smithi040.stdout:/usr/bin/ceph: stderr
2024-04-25T11:06:16.579+0000 7fbdf659c700 1 -- 172.21.15.40:0/878961193 learned_addr learned my addr 172.21.15.40:0/878961193 (peer_addr_for_me v2:172.21.15.40:0/0)
2024-04-25T11:06:18.156 INFO:teuthology.orchestra.run.smithi040.stdout:/usr/bin/ceph: stderr
2024-04-25T11:06:16.579+0000 7fbdf659c700 1 -- 172.21.15.40:0/878961193 --> [v2:172.21.15.40:3300/0,v1:172.21.15.40:6789/0] -- mon_subscribe({config=0+,monmap=0+}) -- 0x7fbdf819e2a0 con 0x7fbdf8109b00
2024-04-25T11:06:18.156 INFO:teuthology.orchestra.run.smithi040.stdout:/usr/bin/ceph: stderr
2024-04-25T11:06:16.579+0000 7fbdf659c700 1 --2- 172.21.15.40:0/878961193 >> [v2:172.21.15.40:3300/0,v1:172.21.15.40:6789/0] conn(0x7fbdf8109b00 0x7fbdf819dd60 secure :-1 s=READY pgs=46 cs=0 l=1 rev1=1 crypto rx=0x7fbdf0009e50 tx=0x7fbdf000be90 comp rx=0 tx=0).ready entity=mon.0 client_cookie=0 server_cookie=0 in_seq=0 out_seq=0
2024-04-25T11:06:18.156 INFO:teuthology.orchestra.run.smithi040.stdout:/usr/bin/ceph: stderr
2024-04-25T11:06:16.580+0000 7fbdef7fe700 1 -- 172.21.15.40:0/878961193 <== mon.0 v2:172.21.15.40:3300/0 1 ==== mon_map magic: 0 ==== 205+0+0 (secure 0 0 0) 0x7fbdf0021020 con 0x7fbdf8109b00
2024-04-25T11:06:18.156 INFO:teuthology.orchestra.run.smithi040.stdout:/usr/bin/ceph: stderr
2024-04-25T11:06:16.580+0000 7fbdef7fe700 1 -- 172.21.15.40:0/878961193 <== mon.0 v2:172.21.15.40:3300/0 2 ==== config(26 keys) ==== 1066+0+0 (secure 0 0 0) 0x7fbdf001d470 con 0x7fbdf8109b00
2024-04-25T11:06:18.157 INFO:teuthology.orchestra.run.smithi040.stdout:/usr/bin/ceph: stderr
2024-04-25T11:06:16.581+0000 7fbdfcbdb700 1 -- 172.21.15.40:0/878961193 --> [v2:172.21.15.40:3300/0,v1:172.21.15.40:6789/0] -- mon_subscribe({mgrmap=0+}) -- 0x7fbdf819e530 con 0x7fbdf8109b00
2024-04-25T11:06:18.157 INFO:teuthology.orchestra.run.smithi040.stdout:/usr/bin/ceph: stderr
2024-04-25T11:06:16.581+0000 7fbdef7fe700 1 -- 172.21.15.40:0/878961193 <== mon.0 v2:172.21.15.40:3300/0 3 ==== mon_map magic: 0 ==== 205+0+0 (secure 0 0 0) 0x7fbdf0017040 con 0x7fbdf8109b00
2024-04-25T11:06:18.157 INFO:teuthology.orchestra.run.smithi040.stdout:/usr/bin/ceph: stderr
2024-04-25T11:06:16.581+0000 7fbdfcbdb700 1 -- 172.21.15.40:0/878961193 --> [v2:172.21.15.40:3300/0,v1:172.21.15.40:6789/0] -- mon_subscribe({osdmap=0}) -- 0x7fbdf81a1130 con 0x7fbdf8109b00
2024-04-25T11:06:18.157 INFO:teuthology.orchestra.run.smithi040.stdout:/usr/bin/ceph: stderr
2024-04-25T11:06:16.581+0000 7fbdef7fe700 1 -- 172.21.15.40:0/878961193 <== mon.0 v2:172.21.15.40:3300/0 4 ==== mgrmap(e 8) ==== 49516+0+0 (secure 0 0 0) 0x7fbdf0024020 con 0x7fbdf8109b00
2024-04-25T11:06:18.157 INFO:teuthology.orchestra.run.smithi040.stdout:/usr/bin/ceph: stderr
2024-04-25T11:06:16.582+0000 7fbdef7fe700 1 --2- 172.21.15.40:0/878961193 >> [v2:172.21.15.40:6800/3438779248,v1:172.21.15.40:6801/3438779248] conn(0x7fbde403d630 0x7fbde403fb40 unknown :-1 s=NONE pgs=0 cs=0 l=1 rev1=0 crypto rx=0 tx=0 comp rx=0 tx=0).connect
2024-04-25T11:06:18.157 INFO:teuthology.orchestra.run.smithi040.stdout:/usr/bin/ceph: stderr
2024-04-25T11:06:16.582+0000 7fbdef7fe700 1 -- 172.21.15.40:0/878961193 <== mon.0 v2:172.21.15.40:3300/0 5 ==== osd_map(2..2 src has 1..2) ==== 940+0+0 (secure 0 0 0) 0x7fbdf000f050 con 0x7fbdf8109b00
2024-04-25T11:06:18.157 INFO:teuthology.orchestra.run.smithi040.stdout:/usr/bin/ceph: stderr
