2024-04-25T11:17:22.235+0000 7f2355400700 1 --2- >> [v2:172.21.15.98:3300/0,v1:172.21.15.98:6789/0] conn(0x7f235010a3a0 0x7f235010c7c0 unknown :-1 s=NONE pgs=0 cs=0 l=0 rev1=0 crypto rx=0 tx=0 comp rx=0 tx=0).connect
2024-04-25T11:17:23.586 INFO:teuthology.orchestra.run.smithi098.stdout:/usr/bin/ceph: stderr
2024-04-25T11:17:22.235+0000 7f2355400700 1 -- --> [v2:172.21.15.98:3300/0,v1:172.21.15.98:6789/0] -- mon_getmap magic: 0 -- 0x7f235007cea0 con 0x7f235010a3a0
2024-04-25T11:17:23.586 INFO:teuthology.orchestra.run.smithi098.stdout:/usr/bin/ceph: stderr
2024-04-25T11:17:22.236+0000 7f234e800700 1 --2- >> [v2:172.21.15.98:3300/0,v1:172.21.15.98:6789/0] conn(0x7f235010a3a0 0x7f235010c7c0 unknown :-1 s=BANNER_CONNECTING pgs=0 cs=0 l=0 rev1=0 crypto rx=0 tx=0 comp rx=0 tx=0)._handle_peer_banner_payload supported=3 required=0
2024-04-25T11:17:23.586 INFO:teuthology.orchestra.run.smithi098.stdout:/usr/bin/ceph: stderr
2024-04-25T11:17:22.236+0000 7f234e800700 1 --2- >> [v2:172.21.15.98:3300/0,v1:172.21.15.98:6789/0] conn(0x7f235010a3a0 0x7f235010c7c0 unknown :-1 s=HELLO_CONNECTING pgs=0 cs=0 l=0 rev1=1 crypto rx=0 tx=0 comp rx=0 tx=0).handle_hello peer v2:172.21.15.98:3300/0 says I am v2:172.21.15.98:47608/0 (socket says 172.21.15.98:47608)
2024-04-25T11:17:23.586 INFO:teuthology.orchestra.run.smithi098.stdout:/usr/bin/ceph: stderr
2024-04-25T11:17:22.236+0000 7f234e800700 1 -- 172.21.15.98:0/2430851250 learned_addr learned my addr 172.21.15.98:0/2430851250 (peer_addr_for_me v2:172.21.15.98:0/0)
2024-04-25T11:17:23.586 INFO:teuthology.orchestra.run.smithi098.stdout:/usr/bin/ceph: stderr
2024-04-25T11:17:22.236+0000 7f234e800700 1 -- 172.21.15.98:0/2430851250 --> [v2:172.21.15.98:3300/0,v1:172.21.15.98:6789/0] -- mon_subscribe({config=0+,monmap=0+}) -- 0x7f235010cd00 con 0x7f235010a3a0
2024-04-25T11:17:23.587 INFO:teuthology.orchestra.run.smithi098.stdout:/usr/bin/ceph: stderr
2024-04-25T11:17:22.237+0000 7f234e800700 1 --2- 172.21.15.98:0/2430851250 >> [v2:172.21.15.98:3300/0,v1:172.21.15.98:6789/0] conn(0x7f235010a3a0 0x7f235010c7c0 secure :-1 s=READY pgs=55 cs=0 l=1 rev1=1 crypto rx=0x7f23400098a0 tx=0x7f2340009bb0 comp rx=0 tx=0).ready entity=mon.0 client_cookie=a4a943ce36a2b9a3 server_cookie=0 in_seq=0 out_seq=0
2024-04-25T11:17:23.588 INFO:teuthology.orchestra.run.smithi098.stdout:/usr/bin/ceph: stderr
2024-04-25T11:17:22.237+0000 7f234d400700 1 -- 172.21.15.98:0/2430851250 <== mon.0 v2:172.21.15.98:3300/0 1 ==== mon_map magic: 0 ==== 205+0+0 (secure 0 0 0) 0x7f2340004160 con 0x7f235010a3a0
2024-04-25T11:17:23.588 INFO:teuthology.orchestra.run.smithi098.stdout:/usr/bin/ceph: stderr
2024-04-25T11:17:22.237+0000 7f234d400700 1 -- 172.21.15.98:0/2430851250 <== mon.0 v2:172.21.15.98:3300/0 2 ==== config(26 keys) ==== 1101+0+0 (secure 0 0 0) 0x7f2340004300 con 0x7f235010a3a0
2024-04-25T11:17:23.588 INFO:teuthology.orchestra.run.smithi098.stdout:/usr/bin/ceph: stderr
2024-04-25T11:17:22.237+0000 7f234d400700 1 -- 172.21.15.98:0/2430851250 <== mon.0 v2:172.21.15.98:3300/0 3 ==== mon_map magic: 0 ==== 205+0+0 (secure 0 0 0) 0x7f2340011a20 con 0x7f235010a3a0
2024-04-25T11:17:23.588 INFO:teuthology.orchestra.run.smithi098.stdout:/usr/bin/ceph: stderr
2024-04-25T11:17:22.238+0000 7f2355400700 1 -- 172.21.15.98:0/2430851250 >> [v2:172.21.15.98:3300/0,v1:172.21.15.98:6789/0] conn(0x7f235010a3a0 msgr2=0x7f235010c7c0 secure :-1 s=STATE_CONNECTION_ESTABLISHED l=1).mark_down
2024-04-25T11:17:23.588 INFO:teuthology.orchestra.run.smithi098.stdout:/usr/bin/ceph: stderr
2024-04-25T11:17:22.238+0000 7f2355400700 1 --2- 172.21.15.98:0/2430851250 >> [v2:172.21.15.98:3300/0,v1:172.21.15.98:6789/0] conn(0x7f235010a3a0 0x7f235010c7c0 secure :-1 s=READY pgs=55 cs=0 l=1 rev1=1 crypto rx=0x7f23400098a0 tx=0x7f2340009bb0 comp rx=0 tx=0).stop
2024-04-25T11:17:23.588 INFO:teuthology.orchestra.run.smithi098.stdout:/usr/bin/ceph: stderr
2024-04-25T11:17:22.238+0000 7f2355400700 1 -- 172.21.15.98:0/2430851250 shutdown_connections
2024-04-25T11:17:23.588 INFO:teuthology.orchestra.run.smithi098.stdout:/usr/bin/ceph: stderr
2024-04-25T11:17:22.238+0000 7f2355400700 1 --2- 172.21.15.98:0/2430851250 >> [v2:172.21.15.98:3300/0,v1:172.21.15.98:6789/0] conn(0x7f235010a3a0 0x7f235010c7c0 unknown :-1 s=CLOSED pgs=55 cs=0 l=1 rev1=1 crypto rx=0 tx=0 comp rx=0 tx=0).stop
2024-04-25T11:17:23.590 INFO:teuthology.orchestra.run.smithi098.stdout:/usr/bin/ceph: stderr
2024-04-25T11:17:22.238+0000 7f2355400700 1 -- 172.21.15.98:0/2430851250 >> 172.21.15.98:0/2430851250 conn(0x7f2350103e00 msgr2=0x7f23501062b0 unknown :-1 s=STATE_NONE l=0).mark_down
2024-04-25T11:17:23.590 INFO:teuthology.orchestra.run.smithi098.stdout:/usr/bin/ceph: stderr
2024-04-25T11:17:22.238+0000 7f2355400700 1 -- 172.21.15.98:0/2430851250 shutdown_connections
2024-04-25T11:17:23.590 INFO:teuthology.orchestra.run.smithi098.stdout:/usr/bin/ceph: stderr
2024-04-25T11:17:22.238+0000 7f2355400700 1 -- 172.21.15.98:0/2430851250 wait complete.
2024-04-25T11:17:23.590 INFO:teuthology.orchestra.run.smithi098.stdout:/usr/bin/ceph: stderr
2024-04-25T11:17:22.239+0000 7f2355400700 1 Processor -- start
2024-04-25T11:17:23.590 INFO:teuthology.orchestra.run.smithi098.stdout:/usr/bin/ceph: stderr
2024-04-25T11:17:22.239+0000 7f2355400700 1 -- start start
2024-04-25T11:17:23.590 INFO:teuthology.orchestra.run.smithi098.stdout:/usr/bin/ceph: stderr
2024-04-25T11:17:22.240+0000 7f2355400700 1 --2- >> [v2:172.21.15.98:3300/0,v1:172.21.15.98:6789/0] conn(0x7f235010a3a0 0x7f235019dc80 unknown :-1 s=NONE pgs=0 cs=0 l=1 rev1=0 crypto rx=0 tx=0 comp rx=0 tx=0).connect
2024-04-25T11:17:23.591 INFO:teuthology.orchestra.run.smithi098.stdout:/usr/bin/ceph: stderr
2024-04-25T11:17:22.240+0000 7f2355400700 1 -- --> [v2:172.21.15.98:3300/0,v1:172.21.15.98:6789/0] -- mon_getmap magic: 0 -- 0x7f235010dd00 con 0x7f235010a3a0
2024-04-25T11:17:23.591 INFO:teuthology.orchestra.run.smithi098.stdout:/usr/bin/ceph: stderr
2024-04-25T11:17:22.240+0000 7f234e800700 1 --2- >> [v2:172.21.15.98:3300/0,v1:172.21.15.98:6789/0] conn(0x7f235010a3a0 0x7f235019dc80 unknown :-1 s=BANNER_CONNECTING pgs=0 cs=0 l=1 rev1=0 crypto rx=0 tx=0 comp rx=0 tx=0)._handle_peer_banner_payload supported=3 required=0
2024-04-25T11:17:23.591 INFO:teuthology.orchestra.run.smithi098.stdout:/usr/bin/ceph: stderr
2024-04-25T11:17:22.240+0000 7f234e800700 1 --2- >> [v2:172.21.15.98:3300/0,v1:172.21.15.98:6789/0] conn(0x7f235010a3a0 0x7f235019dc80 unknown :-1 s=HELLO_CONNECTING pgs=0 cs=0 l=1 rev1=1 crypto rx=0 tx=0 comp rx=0 tx=0).handle_hello peer v2:172.21.15.98:3300/0 says I am v2:172.21.15.98:47612/0 (socket says 172.21.15.98:47612)
2024-04-25T11:17:23.591 INFO:teuthology.orchestra.run.smithi098.stdout:/usr/bin/ceph: stderr
2024-04-25T11:17:22.240+0000 7f234e800700 1 -- 172.21.15.98:0/3363428565 learned_addr learned my addr 172.21.15.98:0/3363428565 (peer_addr_for_me v2:172.21.15.98:0/0)
2024-04-25T11:17:23.591 INFO:teuthology.orchestra.run.smithi098.stdout:/usr/bin/ceph: stderr
2024-04-25T11:17:22.240+0000 7f234e800700 1 -- 172.21.15.98:0/3363428565 --> [v2:172.21.15.98:3300/0,v1:172.21.15.98:6789/0] -- mon_subscribe({config=0+,monmap=0+}) -- 0x7f235019e1c0 con 0x7f235010a3a0
2024-04-25T11:17:23.591 INFO:teuthology.orchestra.run.smithi098.stdout:/usr/bin/ceph: stderr
2024-04-25T11:17:22.241+0000 7f234e800700 1 --2- 172.21.15.98:0/3363428565 >> [v2:172.21.15.98:3300/0,v1:172.21.15.98:6789/0] conn(0x7f235010a3a0 0x7f235019dc80 secure :-1 s=READY pgs=56 cs=0 l=1 rev1=1 crypto rx=0x7f2340000c00 tx=0x7f2340011aa0 comp rx=0 tx=0).ready entity=mon.0 client_cookie=0 server_cookie=0 in_seq=0 out_seq=0
2024-04-25T11:17:23.591 INFO:teuthology.orchestra.run.smithi098.stdout:/usr/bin/ceph: stderr
2024-04-25T11:17:22.241+0000 7f2347400700 1 -- 172.21.15.98:0/3363428565 <== mon.0 v2:172.21.15.98:3300/0 1 ==== mon_map magic: 0 ==== 205+0+0 (secure 0 0 0) 0x7f2340003aa0 con 0x7f235010a3a0
2024-04-25T11:17:23.591 INFO:teuthology.orchestra.run.smithi098.stdout:/usr/bin/ceph: stderr
2024-04-25T11:17:22.241+0000 7f2347400700 1 -- 172.21.15.98:0/3363428565 <== mon.0 v2:172.21.15.98:3300/0 2 ==== config(26 keys) ==== 1101+0+0 (secure 0 0 0) 0x7f234001b8f0 con 0x7f235010a3a0
2024-04-25T11:17:23.591 INFO:teuthology.orchestra.run.smithi098.stdout:/usr/bin/ceph: stderr
2024-04-25T11:17:22.241+0000 7f2355400700 1 -- 172.21.15.98:0/3363428565 --> [v2:172.21.15.98:3300/0,v1:172.21.15.98:6789/0] -- mon_subscribe({mgrmap=0+}) -- 0x7f235019e450 con 0x7f235010a3a0
2024-04-25T11:17:23.591 INFO:teuthology.orchestra.run.smithi098.stdout:/usr/bin/ceph: stderr
2024-04-25T11:17:22.241+0000 7f2347400700 1 -- 172.21.15.98:0/3363428565 <== mon.0 v2:172.21.15.98:3300/0 3 ==== mon_map magic: 0 ==== 205+0+0 (secure 0 0 0) 0x7f2340023890 con 0x7f235010a3a0
2024-04-25T11:17:23.591 INFO:teuthology.orchestra.run.smithi098.stdout:/usr/bin/ceph: stderr
2024-04-25T11:17:22.241+0000 7f2355400700 1 -- 172.21.15.98:0/3363428565 --> [v2:172.21.15.98:3300/0,v1:172.21.15.98:6789/0] -- mon_subscribe({osdmap=0}) -- 0x7f23501a1060 con 0x7f235010a3a0
2024-04-25T11:17:23.591 INFO:teuthology.orchestra.run.smithi098.stdout:/usr/bin/ceph: stderr
2024-04-25T11:17:22.242+0000 7f2355400700 1 -- 172.21.15.98:0/3363428565 --> [v2:172.21.15.98:3300/0,v1:172.21.15.98:6789/0] -- mon_command({"prefix": "get_command_descriptions"} v 0) -- 0x7f2350064cf0 con 0x7f235010a3a0
2024-04-25T11:17:23.591 INFO:teuthology.orchestra.run.smithi098.stdout:/usr/bin/ceph: stderr
2024-04-25T11:17:22.243+0000 7f2347400700 1 -- 172.21.15.98:0/3363428565 <== mon.0 v2:172.21.15.98:3300/0 4 ==== mgrmap(e 8) ==== 49516+0+0 (secure 0 0 0) 0x7f234001b440 con 0x7f235010a3a0
2024-04-25T11:17:23.593 INFO:teuthology.orchestra.run.smithi098.stdout:/usr/bin/ceph: stderr
2024-04-25T11:17:22.243+0000 7f2347400700 1 --2- 172.21.15.98:0/3363428565 >> [v2:172.21.15.98:6800/3478166645,v1:172.21.15.98:6801/3478166645] conn(0x7f233403d5c0 0x7f233403fad0 unknown :-1 s=NONE pgs=0 cs=0 l=1 rev1=0 crypto rx=0 tx=0 comp rx=0 tx=0).connect
2024-04-25T11:17:23.594 INFO:teuthology.orchestra.run.smithi098.stdout:/usr/bin/ceph: stderr
2024-04-25T11:17:22.243+0000 7f2347400700 1 -- 172.21.15.98:0/3363428565 <== mon.0 v2:172.21.15.98:3300/0 5 ==== osd_map(2..2 src has 1..2) ==== 940+0+0 (secure 0 0 0) 0x7f2340052bb0 con 0x7f235010a3a0
2024-04-25T11:17:23.594 INFO:teuthology.orchestra.run.smithi098.stdout:/usr/bin/ceph: stderr
2024-04-25T11:17:22.243+0000 7f234de00700 1 --2- 172.21.15.98:0/3363428565 >> [v2:172.21.15.98:6800/3478166645,v1:172.21.15.98:6801/3478166645] conn(0x7f233403d5c0 0x7f233403fad0 unknown :-1 s=BANNER_CONNECTING pgs=0 cs=0 l=1 rev1=0 crypto rx=0 tx=0 comp rx=0 tx=0)._handle_peer_banner_payload supported=3 required=0
2024-04-25T11:17:23.594 INFO:teuthology.orchestra.run.smithi098.stdout:/usr/bin/ceph: stderr
2024-04-25T11:17:22.244+0000 7f234de00700 1 --2- 172.21.15.98:0/3363428565 >> [v2:172.21.15.98:6800/3478166645,v1:172.21.15.98:6801/3478166645] conn(0x7f233403d5c0 0x7f233403fad0 secure :-1 s=READY pgs=16 cs=0 l=1 rev1=1 crypto rx=0x7f233c006fd0 tx=0x7f233c006e40 comp rx=0 tx=0).ready entity=mgr.14120 client_cookie=0 server_cookie=0 in_seq=0 out_seq=0
2024-04-25T11:17:23.594 INFO:teuthology.orchestra.run.smithi098.stdout:/usr/bin/ceph: stderr
2024-04-25T11:17:22.250+0000 7f2347400700 1 -- 172.21.15.98:0/3363428565 <== mon.0 v2:172.21.15.98:3300/0 6 ==== mon_command_ack([{"prefix": "get_command_descriptions"}]=0 v0) ==== 72+0+188370 (secure 0 0 0) 0x7f234001f030 con 0x7f235010a3a0
2024-04-25T11:17:23.594 INFO:teuthology.orchestra.run.smithi098.stdout:/usr/bin/ceph: stderr
2024-04-25T11:17:22.543+0000 7f2355400700 1 -- 172.21.15.98:0/3363428565 --> [v2:172.21.15.98:3300/0,v1:172.21.15.98:6789/0] -- mon_command({"prefix": "mgr module enable", "module": "dashboard"} v 0) -- 0x7f23501a1230 con 0x7f235010a3a0
2024-04-25T11:17:23.594 INFO:teuthology.orchestra.run.smithi098.stdout:/usr/bin/ceph: stderr
2024-04-25T11:17:22.854+0000 7f2347400700 1 -- 172.21.15.98:0/3363428565 <== mon.0 v2:172.21.15.98:3300/0 7 ==== mon_command_ack([{"prefix": "mgr module enable", "module": "dashboard"}]=0 v9) ==== 88+0+0 (secure 0 0 0) 0x7f2340018db0 con 0x7f235010a3a0
2024-04-25T11:17:23.594 INFO:teuthology.orchestra.run.smithi098.stdout:/usr/bin/ceph: stderr
2024-04-25T11:17:22.859+0000 7f2347400700 1 -- 172.21.15.98:0/3363428565 <== mon.0 v2:172.21.15.98:3300/0 8 ==== mgrmap(e 9) ==== 49529+0+0 (secure 0 0 0) 0x7f234001acb0 con 0x7f235010a3a0
2024-04-25T11:17:23.594 INFO:teuthology.orchestra.run.smithi098.stdout:/usr/bin/ceph: stderr
2024-04-25T11:17:22.859+0000 7f2355400700 1 -- 172.21.15.98:0/3363428565 >> [v2:172.21.15.98:6800/3478166645,v1:172.21.15.98:6801/3478166645] conn(0x7f233403d5c0 msgr2=0x7f233403fad0 secure :-1 s=STATE_CONNECTION_ESTABLISHED l=1).mark_down
2024-04-25T11:17:23.594 INFO:teuthology.orchestra.run.smithi098.stdout:/usr/bin/ceph: stderr
2024-04-25T11:17:22.859+0000 7f2355400700 1 --2- 172.21.15.98:0/3363428565 >> [v2:172.21.15.98:6800/3478166645,v1:172.21.15.98:6801/3478166645] conn(0x7f233403d5c0 0x7f233403fad0 secure :-1 s=READY pgs=16 cs=0 l=1 rev1=1 crypto rx=0x7f233c006fd0 tx=0x7f233c006e40 comp rx=0 tx=0).stop
2024-04-25T11:17:23.594 INFO:teuthology.orchestra.run.smithi098.stdout:/usr/bin/ceph: stderr
2024-04-25T11:17:22.859+0000 7f2355400700 1 -- 172.21.15.98:0/3363428565 >> [v2:172.21.15.98:3300/0,v1:172.21.15.98:6789/0] conn(0x7f235010a3a0 msgr2=0x7f235019dc80 secure :-1 s=STATE_CONNECTION_ESTABLISHED l=1).mark_down
2024-04-25T11:17:23.594 INFO:teuthology.orchestra.run.smithi098.stdout:/usr/bin/ceph: stderr
2024-04-25T11:17:22.859+0000 7f2355400700 1 --2- 172.21.15.98:0/3363428565 >> [v2:172.21.15.98:3300/0,v1:172.21.15.98:6789/0] conn(0x7f235010a3a0 0x7f235019dc80 secure :-1 s=READY pgs=56 cs=0 l=1 rev1=1 crypto rx=0x7f2340000c00 tx=0x7f2340011aa0 comp rx=0 tx=0).stop
2024-04-25T11:17:23.594 INFO:teuthology.orchestra.run.smithi098.stdout:/usr/bin/ceph: stderr
2024-04-25T11:17:22.859+0000 7f2355400700 1 -- 172.21.15.98:0/3363428565 shutdown_connections
2024-04-25T11:17:23.594 INFO:teuthology.orchestra.run.smithi098.stdout:/usr/bin/ceph: stderr
2024-04-25T11:17:22.859+0000 7f2355400700 1 --2- 172.21.15.98:0/3363428565 >> [v2:172.21.15.98:6800/3478166645,v1:172.21.15.98:6801/3478166645] conn(0x7f233403d5c0 0x7f233403fad0 unknown :-1 s=CLOSED pgs=16 cs=0 l=1 rev1=1 crypto rx=0 tx=0 comp rx=0 tx=0).stop
2024-04-25T11:17:23.594 INFO:teuthology.orchestra.run.smithi098.stdout:/usr/bin/ceph: stderr
2024-04-25T11:17:22.859+0000 7f2355400700 1 --2- 172.21.15.98:0/3363428565 >> [v2:172.21.15.98:3300/0,v1:172.21.15.98:6789/0] conn(0x7f235010a3a0 0x7f235019dc80 unknown :-1 s=CLOSED pgs=56 cs=0 l=1 rev1=1 crypto rx=0 tx=0 comp rx=0 tx=0).stop
2024-04-25T11:17:23.595 INFO:teuthology.orchestra.run.smithi098.stdout:/usr/bin/ceph: stderr
2024-04-25T11:17:22.859+0000 7f2355400700 1 -- 172.21.15.98:0/3363428565 >> 172.21.15.98:0/3363428565 conn(0x7f2350103e00 msgr2=0x7f2350104710 unknown :-1 s=STATE_NONE l=0).mark_down
2024-04-25T11:17:23.595 INFO:teuthology.orchestra.run.smithi098.stdout:/usr/bin/ceph: stderr
2024-04-25T11:17:22.860+0000 7f2355400700 1 -- 172.21.15.98:0/3363428565 shutdown_connections
2024-04-25T11:17:23.595 INFO:teuthology.orchestra.run.smithi098.stdout:/usr/bin/ceph: stderr
2024-04-25T11:17:22.861+0000 7f2355400700 1 -- 172.21.15.98:0/3363428565 wait complete.
2024-04-25T11:17:23.855 INFO:journalctl@ceph.mgr.x.smithi098.stdout:Apr 25 11:17:23 smithi098 ceph-156bbe1e-02f5-11ef-bc93-c7b262605968-mgr-x[27983]:
2024-04-25T11:17:23.625+0000 7f1eb9e66200 -1 mgr[py] Module snap_schedule has missing NOTIFY_TYPES member
2024-04-25T11:17:24.158 INFO:journalctl@ceph.mon.a.smithi098.stdout:Apr 25 11:17:23 smithi098 ceph-mon[27752]: from='client.? 172.21.15.98:0/3363428565' entity='client.admin' cmd='[{"prefix": "mgr module enable", "module": "dashboard"}]': finished
2024-04-25T11:17:24.158 INFO:journalctl@ceph.mon.a.smithi098.stdout:Apr 25 11:17:23 smithi098 ceph-mon[27752]: mgrmap e9: x(active, since 25s)
2024-04-25T11:17:24.158 INFO:journalctl@ceph.mgr.x.smithi098.stdout:Apr 25 11:17:24 smithi098 ceph-156bbe1e-02f5-11ef-bc93-c7b262605968-mgr-x[27983]:
2024-04-25T11:17:24.038+0000 7f1eb9e66200 -1 mgr[py] Module progress has missing NOTIFY_TYPES member
2024-04-25T11:17:24.440 INFO:journalctl@ceph.mgr.x.smithi098.stdout:Apr 25 11:17:24 smithi098 ceph-156bbe1e-02f5-11ef-bc93-c7b262605968-mgr-x[27983]:
2024-04-25T11:17:24.156+0000 7f1eb9e66200 -1 mgr[py] Module influx has missing NOTIFY_TYPES member
2024-04-25T11:17:25.190 INFO:journalctl@ceph.mon.a.smithi098.stdout:Apr 25 11:17:24 smithi098 ceph-mon[27752]: from='client.? 172.21.15.98:0/4128150106' entity='client.admin' cmd=[{"prefix": "mgr stat"}]: dispatch
2024-04-25T11:17:25.241 INFO:teuthology.orchestra.run.smithi098.stdout:/usr/bin/ceph: stdout {
2024-04-25T11:17:25.241 INFO:teuthology.orchestra.run.smithi098.stdout:/usr/bin/ceph: stdout "epoch": 9,
2024-04-25T11:17:25.241 INFO:teuthology.orchestra.run.smithi098.stdout:/usr/bin/ceph: stdout "available": true,
2024-04-25T11:17:25.241 INFO:teuthology.orchestra.run.smithi098.stdout:/usr/bin/ceph: stdout "active_name": "x",
2024-04-25T11:17:25.241 INFO:teuthology.orchestra.run.smithi098.stdout:/usr/bin/ceph: stdout "num_standby": 0
2024-04-25T11:17:25.241 INFO:teuthology.orchestra.run.smithi098.stdout:/usr/bin/ceph: stdout }
2024-04-25T11:17:25.241 INFO:teuthology.orchestra.run.smithi098.stdout:/usr/bin/ceph: stderr
2024-04-25T11:17:24.267+0000 7f72cd200700 1 Processor -- start
2024-04-25T11:17:25.241 INFO:teuthology.orchestra.run.smithi098.stdout:/usr/bin/ceph: stderr
2024-04-25T11:17:24.267+0000 7f72cd200700 1 -- start start
2024-04-25T11:17:25.242 INFO:teuthology.orchestra.run.smithi098.stdout:/usr/bin/ceph: stderr
2024-04-25T11:17:24.268+0000 7f72cd200700 1 --2- >> [v2:172.21.15.98:3300/0,v1:172.21.15.98:6789/0] conn(0x7f72c807ee50 0x7f72c807d280 unknown :-1 s=NONE pgs=0 cs=0 l=0 rev1=0 crypto rx=0 tx=0 comp rx=0 tx=0).connect
2024-04-25T11:17:25.242 INFO:teuthology.orchestra.run.smithi098.stdout:/usr/bin/ceph: stderr
2024-04-25T11:17:24.268+0000 7f72cd200700 1 -- --> [v2:172.21.15.98:3300/0,v1:172.21.15.98:6789/0] -- mon_getmap magic: 0 -- 0x7f72c807d850 con 0x7f72c807ee50
2024-04-25T11:17:25.242 INFO:teuthology.orchestra.run.smithi098.stdout:/usr/bin/ceph: stderr
2024-04-25T11:17:24.268+0000 7f72c5e00700 1 --2- >> [v2:172.21.15.98:3300/0,v1:172.21.15.98:6789/0] conn(0x7f72c807ee50 0x7f72c807d280 unknown :-1 s=BANNER_CONNECTING pgs=0 cs=0 l=0 rev1=0 crypto rx=0 tx=0 comp rx=0 tx=0)._handle_peer_banner_payload supported=3 required=0
2024-04-25T11:17:25.242 INFO:teuthology.orchestra.run.smithi098.stdout:/usr/bin/ceph: stderr
2024-04-25T11:17:24.268+0000 7f72c5e00700 1 --2- >> [v2:172.21.15.98:3300/0,v1:172.21.15.98:6789/0] conn(0x7f72c807ee50 0x7f72c807d280 unknown :-1 s=HELLO_CONNECTING pgs=0 cs=0 l=0 rev1=1 crypto rx=0 tx=0 comp rx=0 tx=0).handle_hello peer v2:172.21.15.98:3300/0 says I am v2:172.21.15.98:56392/0 (socket says 172.21.15.98:56392)
2024-04-25T11:17:25.242 INFO:teuthology.orchestra.run.smithi098.stdout:/usr/bin/ceph: stderr
2024-04-25T11:17:24.268+0000 7f72c5e00700 1 -- 172.21.15.98:0/2511866760 learned_addr learned my addr 172.21.15.98:0/2511866760 (peer_addr_for_me v2:172.21.15.98:0/0)
2024-04-25T11:17:25.242 INFO:teuthology.orchestra.run.smithi098.stdout:/usr/bin/ceph: stderr
2024-04-25T11:17:24.269+0000 7f72c5e00700 1 -- 172.21.15.98:0/2511866760 --> [v2:172.21.15.98:3300/0,v1:172.21.15.98:6789/0] -- mon_subscribe({config=0+,monmap=0+}) -- 0x7f72c807d9d0 con 0x7f72c807ee50
2024-04-25T11:17:25.242 INFO:teuthology.orchestra.run.smithi098.stdout:/usr/bin/ceph: stderr
2024-04-25T11:17:24.269+0000 7f72c5e00700 1 --2- 172.21.15.98:0/2511866760 >> [v2:172.21.15.98:3300/0,v1:172.21.15.98:6789/0] conn(0x7f72c807ee50 0x7f72c807d280 secure :-1 s=READY pgs=59 cs=0 l=1 rev1=1 crypto rx=0x7f72b80098a0 tx=0x7f72b8009bb0 comp rx=0 tx=0).ready entity=mon.0 client_cookie=c377d693d374da20 server_cookie=0 in_seq=0 out_seq=0
2024-04-25T11:17:25.242 INFO:teuthology.orchestra.run.smithi098.stdout:/usr/bin/ceph: stderr
2024-04-25T11:17:24.269+0000 7f72c4a00700 1 -- 172.21.15.98:0/2511866760 <== mon.0 v2:172.21.15.98:3300/0 1 ==== mon_map magic: 0 ==== 205+0+0 (secure 0 0 0) 0x7f72b8004160 con 0x7f72c807ee50
2024-04-25T11:17:25.242 INFO:teuthology.orchestra.run.smithi098.stdout:/usr/bin/ceph: stderr
2024-04-25T11:17:24.269+0000 7f72c4a00700 1 -- 172.21.15.98:0/2511866760 <== mon.0 v2:172.21.15.98:3300/0 2 ==== config(26 keys) ==== 1101+0+0 (secure 0 0 0) 0x7f72b8004300 con 0x7f72c807ee50
2024-04-25T11:17:25.242 INFO:teuthology.orchestra.run.smithi098.stdout:/usr/bin/ceph: stderr
2024-04-25T11:17:24.269+0000 7f72c4a00700 1 -- 172.21.15.98:0/2511866760 <== mon.0 v2:172.21.15.98:3300/0 3 ==== mon_map magic: 0 ==== 205+0+0 (secure 0 0 0) 0x7f72b8011a20 con 0x7f72c807ee50
2024-04-25T11:17:25.242 INFO:teuthology.orchestra.run.smithi098.stdout:/usr/bin/ceph: stderr
2024-04-25T11:17:24.270+0000 7f72cd200700 1 -- 172.21.15.98:0/2511866760 >> [v2:172.21.15.98:3300/0,v1:172.21.15.98:6789/0] conn(0x7f72c807ee50 msgr2=0x7f72c807d280 secure :-1 s=STATE_CONNECTION_ESTABLISHED l=1).mark_down
2024-04-25T11:17:25.242 INFO:teuthology.orchestra.run.smithi098.stdout:/usr/bin/ceph: stderr
2024-04-25T11:17:24.270+0000 7f72cd200700 1 --2- 172.21.15.98:0/2511866760 >> [v2:172.21.15.98:3300/0,v1:172.21.15.98:6789/0] conn(0x7f72c807ee50 0x7f72c807d280 secure :-1 s=READY pgs=59 cs=0 l=1 rev1=1 crypto rx=0x7f72b80098a0 tx=0x7f72b8009bb0 comp rx=0 tx=0).stop
2024-04-25T11:17:25.242 INFO:teuthology.orchestra.run.smithi098.stdout:/usr/bin/ceph: stderr
2024-04-25T11:17:24.270+0000 7f72cd200700 1 -- 172.21.15.98:0/2511866760 shutdown_connections
2024-04-25T11:17:25.243 INFO:teuthology.orchestra.run.smithi098.stdout:/usr/bin/ceph: stderr
2024-04-25T11:17:24.270+0000 7f72cd200700 1 --2- 172.21.15.98:0/2511866760 >> [v2:172.21.15.98:3300/0,v1:172.21.15.98:6789/0] conn(0x7f72c807ee50 0x7f72c807d280 unknown :-1 s=CLOSED pgs=59 cs=0 l=1 rev1=1 crypto rx=0 tx=0 comp rx=0 tx=0).stop
2024-04-25T11:17:25.243 INFO:teuthology.orchestra.run.smithi098.stdout:/usr/bin/ceph: stderr
2024-04-25T11:17:24.270+0000 7f72cd200700 1 -- 172.21.15.98:0/2511866760 >> 172.21.15.98:0/2511866760 conn(0x7f72c8104f50 msgr2=0x7f72c81073e0 unknown :-1 s=STATE_NONE l=0).mark_down
2024-04-25T11:17:25.243 INFO:teuthology.orchestra.run.smithi098.stdout:/usr/bin/ceph: stderr
2024-04-25T11:17:24.270+0000 7f72cd200700 1 -- 172.21.15.98:0/2511866760 shutdown_connections
2024-04-25T11:17:25.243 INFO:teuthology.orchestra.run.smithi098.stdout:/usr/bin/ceph: stderr
2024-04-25T11:17:24.270+0000 7f72cd200700 1 -- 172.21.15.98:0/2511866760 wait complete.
2024-04-25T11:17:25.243 INFO:teuthology.orchestra.run.smithi098.stdout:/usr/bin/ceph: stderr
2024-04-25T11:17:24.272+0000 7f72cd200700 1 Processor -- start
2024-04-25T11:17:25.243 INFO:teuthology.orchestra.run.smithi098.stdout:/usr/bin/ceph: stderr
2024-04-25T11:17:24.272+0000 7f72cd200700 1 -- start start
2024-04-25T11:17:25.243 INFO:teuthology.orchestra.run.smithi098.stdout:/usr/bin/ceph: stderr
2024-04-25T11:17:24.272+0000 7f72cd200700 1 --2- >> [v2:172.21.15.98:3300/0,v1:172.21.15.98:6789/0] conn(0x7f72c807ee50 0x7f72c819ff20 unknown :-1 s=NONE pgs=0 cs=0 l=1 rev1=0 crypto rx=0 tx=0 comp rx=0 tx=0).connect
2024-04-25T11:17:25.243 INFO:teuthology.orchestra.run.smithi098.stdout:/usr/bin/ceph: stderr
2024-04-25T11:17:24.272+0000 7f72cd200700 1 -- --> [v2:172.21.15.98:3300/0,v1:172.21.15.98:6789/0] -- mon_getmap magic: 0 -- 0x7f72c810ff50 con 0x7f72c807ee50
2024-04-25T11:17:25.243 INFO:teuthology.orchestra.run.smithi098.stdout:/usr/bin/ceph: stderr
2024-04-25T11:17:24.273+0000 7f72c5e00700 1 --2- >> [v2:172.21.15.98:3300/0,v1:172.21.15.98:6789/0] conn(0x7f72c807ee50 0x7f72c819ff20 unknown :-1 s=BANNER_CONNECTING pgs=0 cs=0 l=1 rev1=0 crypto rx=0 tx=0 comp rx=0 tx=0)._handle_peer_banner_payload supported=3 required=0
2024-04-25T11:17:25.243 INFO:teuthology.orchestra.run.smithi098.stdout:/usr/bin/ceph: stderr
2024-04-25T11:17:24.273+0000 7f72c5e00700 1 --2- >> [v2:172.21.15.98:3300/0,v1:172.21.15.98:6789/0] conn(0x7f72c807ee50 0x7f72c819ff20 unknown :-1 s=HELLO_CONNECTING pgs=0 cs=0 l=1 rev1=1 crypto rx=0 tx=0 comp rx=0 tx=0).handle_hello peer v2:172.21.15.98:3300/0 says I am v2:172.21.15.98:56404/0 (socket says 172.21.15.98:56404)
2024-04-25T11:17:25.243 INFO:teuthology.orchestra.run.smithi098.stdout:/usr/bin/ceph: stderr
2024-04-25T11:17:24.273+0000 7f72c5e00700 1 -- 172.21.15.98:0/4128150106 learned_addr learned my addr 172.21.15.98:0/4128150106 (peer_addr_for_me v2:172.21.15.98:0/0)
2024-04-25T11:17:25.243 INFO:teuthology.orchestra.run.smithi098.stdout:/usr/bin/ceph: stderr
2024-04-25T11:17:24.273+0000 7f72c5e00700 1 -- 172.21.15.98:0/4128150106 --> [v2:172.21.15.98:3300/0,v1:172.21.15.98:6789/0] -- mon_subscribe({config=0+,monmap=0+}) -- 0x7f72c81a0460 con 0x7f72c807ee50
2024-04-25T11:17:25.243 INFO:teuthology.orchestra.run.smithi098.stdout:/usr/bin/ceph: stderr
2024-04-25T11:17:24.273+0000 7f72c5e00700 1 --2- 172.21.15.98:0/4128150106 >> [v2:172.21.15.98:3300/0,v1:172.21.15.98:6789/0] conn(0x7f72c807ee50 0x7f72c819ff20 secure :-1 s=READY pgs=60 cs=0 l=1 rev1=1 crypto rx=0x7f72b8009520 tx=0x7f72b8011aa0 comp rx=0 tx=0).ready entity=mon.0 client_cookie=0 server_cookie=0 in_seq=0 out_seq=0
2024-04-25T11:17:25.243 INFO:teuthology.orchestra.run.smithi098.stdout:/usr/bin/ceph: stderr
2024-04-25T11:17:24.274+0000 7f72bea00700 1 -- 172.21.15.98:0/4128150106 <== mon.0 v2:172.21.15.98:3300/0 1 ==== mon_map magic: 0 ==== 205+0+0 (secure 0 0 0) 0x7f72b80039e0 con 0x7f72c807ee50
2024-04-25T11:17:25.243 INFO:teuthology.orchestra.run.smithi098.stdout:/usr/bin/ceph: stderr
2024-04-25T11:17:24.274+0000 7f72bea00700 1 -- 172.21.15.98:0/4128150106 <== mon.0 v2:172.21.15.98:3300/0 2 ==== config(26 keys) ==== 1101+0+0 (secure 0 0 0) 0x7f72b801b8f0 con 0x7f72c807ee50
2024-04-25T11:17:25.244 INFO:teuthology.orchestra.run.smithi098.stdout:/usr/bin/ceph: stderr
2024-04-25T11:17:24.274+0000 7f72cd200700 1 -- 172.21.15.98:0/4128150106 --> [v2:172.21.15.98:3300/0,v1:172.21.15.98:6789/0] -- mon_subscribe({mgrmap=0+}) -- 0x7f72c81a06f0 con 0x7f72c807ee50
2024-04-25T11:17:25.244 INFO:teuthology.orchestra.run.smithi098.stdout:/usr/bin/ceph: stderr
2024-04-25T11:17:24.274+0000 7f72bea00700 1 -- 172.21.15.98:0/4128150106 <== mon.0 v2:172.21.15.98:3300/0 3 ==== mon_map magic: 0 ==== 205+0+0 (secure 0 0 0) 0x7f72b80197d0 con 0x7f72c807ee50
2024-04-25T11:17:25.244 INFO:teuthology.orchestra.run.smithi098.stdout:/usr/bin/ceph: stderr
2024-04-25T11:17:24.274+0000 7f72cd200700 1 -- 172.21.15.98:0/4128150106 --> [v2:172.21.15.98:3300/0,v1:172.21.15.98:6789/0] -- mon_subscribe({osdmap=0}) -- 0x7f72c81a3300 con 0x7f72c807ee50
2024-04-25T11:17:25.244 INFO:teuthology.orchestra.run.smithi098.stdout:/usr/bin/ceph: stderr
2024-04-25T11:17:24.275+0000 7f72cd200700 1 -- 172.21.15.98:0/4128150106 --> [v2:172.21.15.98:3300/0,v1:172.21.15.98:6789/0] -- mon_command({"prefix": "get_command_descriptions"} v 0) -- 0x7f72c8064cf0 con 0x7f72c807ee50
2024-04-25T11:17:25.244 INFO:teuthology.orchestra.run.smithi098.stdout:/usr/bin/ceph: stderr
2024-04-25T11:17:24.275+0000 7f72bea00700 1 -- 172.21.15.98:0/4128150106 <== mon.0 v2:172.21.15.98:3300/0 4 ==== mgrmap(e 9) ==== 49529+0+0 (secure 0 0 0) 0x7f72b8019ac0 con 0x7f72c807ee50
2024-04-25T11:17:25.244 INFO:teuthology.orchestra.run.smithi098.stdout:/usr/bin/ceph: stderr
2024-04-25T11:17:24.276+0000 7f72bea00700 1 --2- 172.21.15.98:0/4128150106 >> [v2:172.21.15.98:6800/3478166645,v1:172.21.15.98:6801/3478166645] conn(0x7f72ac03d670 0x7f72ac03fb80 unknown :-1 s=NONE pgs=0 cs=0 l=1 rev1=0 crypto rx=0 tx=0 comp rx=0 tx=0).connect
2024-04-25T11:17:25.244 INFO:teuthology.orchestra.run.smithi098.stdout:/usr/bin/ceph: stderr
2024-04-25T11:17:24.276+0000 7f72bea00700 1 -- 172.21.15.98:0/4128150106 <== mon.0 v2:172.21.15.98:3300/0 5 ==== osd_map(2..2 src has 1..2) ==== 940+0+0 (secure 0 0 0) 0x7f72b8053e40 con 0x7f72c807ee50
2024-04-25T11:17:25.244 INFO:teuthology.orchestra.run.smithi098.stdout:/usr/bin/ceph: stderr
2024-04-25T11:17:24.276+0000 7f72c5400700 1 -- 172.21.15.98:0/4128150106 >> [v2:172.21.15.98:6800/3478166645,v1:172.21.15.98:6801/3478166645] conn(0x7f72ac03d670 msgr2=0x7f72ac03fb80 unknown :-1 s=STATE_CONNECTING_RE l=1).process reconnect failed to v2:172.21.15.98:6800/3478166645
2024-04-25T11:17:25.244 INFO:teuthology.orchestra.run.smithi098.stdout:/usr/bin/ceph: stderr
2024-04-25T11:17:24.276+0000 7f72c5400700 1 --2- 172.21.15.98:0/4128150106 >> [v2:172.21.15.98:6800/3478166645,v1:172.21.15.98:6801/3478166645] conn(0x7f72ac03d670 0x7f72ac03fb80 unknown :-1 s=START_CONNECT pgs=0 cs=0 l=1 rev1=0 crypto rx=0 tx=0 comp rx=0 tx=0)._fault waiting 0.200000
2024-04-25T11:17:25.244 INFO:teuthology.orchestra.run.smithi098.stdout:/usr/bin/ceph: stderr
2024-04-25T11:17:24.281+0000 7f72bea00700 1 -- 172.21.15.98:0/4128150106 <== mon.0 v2:172.21.15.98:3300/0 6 ==== mon_command_ack([{"prefix": "get_command_descriptions"}]=0 v0) ==== 72+0+188370 (secure 0 0 0) 0x7f72b801f030 con 0x7f72c807ee50
2024-04-25T11:17:25.244 INFO:teuthology.orchestra.run.smithi098.stdout:/usr/bin/ceph: stderr
2024-04-25T11:17:24.477+0000 7f72c5400700 1 -- 172.21.15.98:0/4128150106 >> [v2:172.21.15.98:6800/3478166645,v1:172.21.15.98:6801/3478166645] conn(0x7f72ac03d670 msgr2=0x7f72ac03fb80 unknown :-1 s=STATE_CONNECTING_RE l=1).process reconnect failed to v2:172.21.15.98:6800/3478166645
2024-04-25T11:17:25.244 INFO:teuthology.orchestra.run.smithi098.stdout:/usr/bin/ceph: stderr
2024-04-25T11:17:24.477+0000 7f72c5400700 1 --2- 172.21.15.98:0/4128150106 >> [v2:172.21.15.98:6800/3478166645,v1:172.21.15.98:6801/3478166645] conn(0x7f72ac03d670 0x7f72ac03fb80 unknown :-1 s=START_CONNECT pgs=0 cs=0 l=1 rev1=0 crypto rx=0 tx=0 comp rx=0 tx=0)._fault waiting 0.400000
2024-04-25T11:17:25.244 INFO:teuthology.orchestra.run.smithi098.stdout:/usr/bin/ceph: stderr
2024-04-25T11:17:24.566+0000 7f72cd200700 1 -- 172.21.15.98:0/4128150106 --> [v2:172.21.15.98:3300/0,v1:172.21.15.98:6789/0] -- mon_command({"prefix": "mgr stat"} v 0) -- 0x7f72c81a34d0 con 0x7f72c807ee50
2024-04-25T11:17:25.244 INFO:teuthology.orchestra.run.smithi098.stdout:/usr/bin/ceph: stderr
2024-04-25T11:17:24.567+0000 7f72bea00700 1 -- 172.21.15.98:0/4128150106 <== mon.0 v2:172.21.15.98:3300/0 7 ==== mon_command_ack([{"prefix": "mgr stat"}]=0 v9) ==== 56+0+88 (secure 0 0 0) 0x7f72b802be20 con 0x7f72c807ee50
2024-04-25T11:17:25.244 INFO:teuthology.orchestra.run.smithi098.stdout:/usr/bin/ceph: stderr
2024-04-25T11:17:24.569+0000 7f72cd200700 1 -- 172.21.15.98:0/4128150106 >> [v2:172.21.15.98:6800/3478166645,v1:172.21.15.98:6801/3478166645] conn(0x7f72ac03d670 msgr2=0x7f72ac03fb80 unknown :-1 s=STATE_CONNECTING l=1).mark_down
2024-04-25T11:17:25.245 INFO:teuthology.orchestra.run.smithi098.stdout:/usr/bin/ceph: stderr
2024-04-25T11:17:24.569+0000 7f72cd200700 1 --2- 172.21.15.98:0/4128150106 >> [v2:172.21.15.98:6800/3478166645,v1:172.21.15.98:6801/3478166645] conn(0x7f72ac03d670 0x7f72ac03fb80 unknown :-1 s=START_CONNECT pgs=0 cs=0 l=1 rev1=0 crypto rx=0 tx=0 comp rx=0 tx=0).stop
2024-04-25T11:17:25.245 INFO:teuthology.orchestra.run.smithi098.stdout:/usr/bin/ceph: stderr
2024-04-25T11:17:24.569+0000 7f72cd200700 1 -- 172.21.15.98:0/4128150106 >> [v2:172.21.15.98:3300/0,v1:172.21.15.98:6789/0] conn(0x7f72c807ee50 msgr2=0x7f72c819ff20 secure :-1 s=STATE_CONNECTION_ESTABLISHED l=1).mark_down
2024-04-25T11:17:25.245 INFO:teuthology.orchestra.run.smithi098.stdout:/usr/bin/ceph: stderr
2024-04-25T11:17:24.569+0000 7f72cd200700 1 --2- 172.21.15.98:0/4128150106 >> [v2:172.21.15.98:3300/0,v1:172.21.15.98:6789/0] conn(0x7f72c807ee50 0x7f72c819ff20 secure :-1 s=READY pgs=60 cs=0 l=1 rev1=1 crypto rx=0x7f72b8009520 tx=0x7f72b8011aa0 comp rx=0 tx=0).stop
2024-04-25T11:17:25.245 INFO:teuthology.orchestra.run.smithi098.stdout:/usr/bin/ceph: stderr
2024-04-25T11:17:24.570+0000 7f72cd200700 1 -- 172.21.15.98:0/4128150106 shutdown_connections
2024-04-25T11:17:25.245 INFO:teuthology.orchestra.run.smithi098.stdout:/usr/bin/ceph: stderr
2024-04-25T11:17:24.570+0000 7f72cd200700 1 --2- 172.21.15.98:0/4128150106 >> [v2:172.21.15.98:6800/3478166645,v1:172.21.15.98:6801/3478166645] conn(0x7f72ac03d670 0x7f72ac03fb80 unknown :-1 s=CLOSED pgs=0 cs=0 l=1 rev1=0 crypto rx=0 tx=0 comp rx=0 tx=0).stop
2024-04-25T11:17:25.245 INFO:teuthology.orchestra.run.smithi098.stdout:/usr/bin/ceph: stderr
2024-04-25T11:17:24.570+0000 7f72cd200700 1 --2- 172.21.15.98:0/4128150106 >> [v2:172.21.15.98:3300/0,v1:172.21.15.98:6789/0] conn(0x7f72c807ee50 0x7f72c819ff20 unknown :-1 s=CLOSED pgs=60 cs=0 l=1 rev1=1 crypto rx=0 tx=0 comp rx=0 tx=0).stop
2024-04-25T11:17:25.245 INFO:teuthology.orchestra.run.smithi098.stdout:/usr/bin/ceph: stderr
2024-04-25T11:17:24.570+0000 7f72cd200700 1 -- 172.21.15.98:0/4128150106 >> 172.21.15.98:0/4128150106 conn(0x7f72c8104f50 msgr2=0x7f72c8105890 unknown :-1 s=STATE_NONE l=0).mark_down
2024-04-25T11:17:25.245 INFO:teuthology.orchestra.run.smithi098.stdout:/usr/bin/ceph: stderr
2024-04-25T11:17:24.570+0000 7f72cd200700 1 -- 172.21.15.98:0/4128150106 shutdown_connections
2024-04-25T11:17:25.245 INFO:teuthology.orchestra.run.smithi098.stdout:/usr/bin/ceph: stderr
2024-04-25T11:17:24.570+0000 7f72cd200700 1 -- 172.21.15.98:0/4128150106 wait complete.
2024-04-25T11:17:25.245 INFO:teuthology.orchestra.run.smithi098.stdout:Waiting for the mgr to restart...
2024-04-25T11:17:25.245 INFO:teuthology.orchestra.run.smithi098.stdout:Waiting for mgr epoch 9...
2024-04-25T11:17:25.867 INFO:journalctl@ceph.mgr.x.smithi098.stdout:Apr 25 11:17:25 smithi098 ceph-156bbe1e-02f5-11ef-bc93-c7b262605968-mgr-x[27983]:
2024-04-25T11:17:25.735+0000 7f1eb9e66200 -1 mgr[py] Module telegraf has missing NOTIFY_TYPES member
2024-04-25T11:17:26.188 INFO:journalctl@ceph.mgr.x.smithi098.stdout:Apr 25 11:17:25 smithi098 ceph-156bbe1e-02f5-11ef-bc93-c7b262605968-mgr-x[27983]:
2024-04-25T11:17:25.973+0000 7f1eb9e66200 -1 mgr[py] Module osd_support has missing NOTIFY_TYPES member
2024-04-25T11:17:26.188 INFO:journalctl@ceph.mgr.x.smithi098.stdout:Apr 25 11:17:26 smithi098 ceph-156bbe1e-02f5-11ef-bc93-c7b262605968-mgr-x[27983]:
2024-04-25T11:17:26.186+0000 7f1eb9e66200 -1 mgr[py] Module iostat has missing NOTIFY_TYPES member
2024-04-25T11:17:26.871 INFO:journalctl@ceph.mgr.x.smithi098.stdout:Apr 25 11:17:26 smithi098 ceph-156bbe1e-02f5-11ef-bc93-c7b262605968-mgr-x[27983]:
2024-04-25T11:17:26.585+0000 7f1eb9e66200 -1 mgr[py] Module alerts has missing NOTIFY_TYPES member
2024-04-25T11:17:26.871 INFO:journalctl@ceph.mgr.x.smithi098.stdout:Apr 25 11:17:26 smithi098 ceph-156bbe1e-02f5-11ef-bc93-c7b262605968-mgr-x[27983]:
2024-04-25T11:17:26.712+0000 7f1eb9e66200 -1 mgr[py] Module selftest has missing NOTIFY_TYPES member
2024-04-25T11:17:27.190 INFO:journalctl@ceph.mgr.x.smithi098.stdout:Apr 25 11:17:26 smithi098 ceph-156bbe1e-02f5-11ef-bc93-c7b262605968-mgr-x[27983]:
2024-04-25T11:17:26.977+0000 7f1eb9e66200 -1 mgr[py] Module pg_autoscaler has missing NOTIFY_TYPES member
2024-04-25T11:17:27.690 INFO:journalctl@ceph.mgr.x.smithi098.stdout:Apr 25 11:17:27 smithi098 ceph-156bbe1e-02f5-11ef-bc93-c7b262605968-mgr-x[27983]:
2024-04-25T11:17:27.236+0000 7f1eb9e66200 -1 mgr[py] Module test_orchestrator has missing NOTIFY_TYPES member
2024-04-25T11:17:28.440 INFO:journalctl@ceph.mgr.x.smithi098.stdout:Apr 25 11:17:28 smithi098 ceph-156bbe1e-02f5-11ef-bc93-c7b262605968-mgr-x[27983]:
2024-04-25T11:17:28.029+0000 7f1eb9e66200 -1 mgr[py] Module rook has missing NOTIFY_TYPES member
2024-04-25T11:17:28.880 INFO:journalctl@ceph.mgr.x.smithi098.stdout:Apr 25 11:17:28 smithi098 ceph-156bbe1e-02f5-11ef-bc93-c7b262605968-mgr-x[27983]:
2024-04-25T11:17:28.581+0000 7f1eb9e66200 -1 mgr[py] Module volumes has missing NOTIFY_TYPES member
2024-04-25T11:17:28.881 INFO:journalctl@ceph.mgr.x.smithi098.stdout:Apr 25 11:17:28 smithi098 ceph-156bbe1e-02f5-11ef-bc93-c7b262605968-mgr-x[27983]:
2024-04-25T11:17:28.706+0000 7f1eb9e66200 -1 mgr[py] Module crash has missing NOTIFY_TYPES member
2024-04-25T11:17:29.190 INFO:journalctl@ceph.mgr.x.smithi098.stdout:Apr 25 11:17:28 smithi098 ceph-156bbe1e-02f5-11ef-bc93-c7b262605968-mgr-x[27983]:
2024-04-25T11:17:28.971+0000 7f1eb9e66200 -1 mgr[py] Module rgw has missing NOTIFY_TYPES member
2024-04-25T11:17:29.940 INFO:journalctl@ceph.mgr.x.smithi098.stdout:Apr 25 11:17:29 smithi098 ceph-156bbe1e-02f5-11ef-bc93-c7b262605968-mgr-x[27983]:
2024-04-25T11:17:29.609+0000 7f1eb9e66200 -1 mgr[py] Module prometheus has missing NOTIFY_TYPES member
2024-04-25T11:17:29.940 INFO:journalctl@ceph.mgr.x.smithi098.stdout:Apr 25 11:17:29 smithi098 ceph-156bbe1e-02f5-11ef-bc93-c7b262605968-mgr-x[27983]:
2024-04-25T11:17:29.733+0000 7f1eb9e66200 -1 mgr[py] Module devicehealth has missing NOTIFY_TYPES member
2024-04-25T11:17:30.363 INFO:journalctl@ceph.mgr.x.smithi098.stdout:Apr 25 11:17:30 smithi098 ceph-156bbe1e-02f5-11ef-bc93-c7b262605968-mgr-x[27983]:
2024-04-25T11:17:30.055+0000 7f1eb9e66200 -1 mgr[py] Module telemetry has missing NOTIFY_TYPES member
2024-04-25T11:17:30.364 INFO:journalctl@ceph.mgr.x.smithi098.stdout:Apr 25 11:17:30 smithi098 ceph-156bbe1e-02f5-11ef-bc93-c7b262605968-mgr-x[27983]:
2024-04-25T11:17:30.234+0000 7f1eb9e66200 -1 mgr[py] Module diskprediction_local has missing NOTIFY_TYPES member
2024-04-25T11:17:30.690 INFO:journalctl@ceph.mgr.x.smithi098.stdout:Apr 25 11:17:30 smithi098 ceph-156bbe1e-02f5-11ef-bc93-c7b262605968-mgr-x[27983]:
2024-04-25T11:17:30.363+0000 7f1eb9e66200 -1 mgr[py] Module osd_perf_query has missing NOTIFY_TYPES member
2024-04-25T11:17:30.690 INFO:journalctl@ceph.mgr.x.smithi098.stdout:Apr 25 11:17:30 smithi098 ceph-156bbe1e-02f5-11ef-bc93-c7b262605968-mgr-x[27983]:
2024-04-25T11:17:30.514+0000 7f1eb9e66200 -1 mgr[py] Module rbd_support has missing NOTIFY_TYPES member
2024-04-25T11:17:31.190 INFO:journalctl@ceph.mgr.x.smithi098.stdout:Apr 25 11:17:30 smithi098 ceph-156bbe1e-02f5-11ef-bc93-c7b262605968-mgr-x[27983]:
2024-04-25T11:17:30.907+0000 7f1eb9e66200 -1 mgr[py] Module zabbix has missing NOTIFY_TYPES member
2024-04-25T11:17:31.940 INFO:journalctl@ceph.mgr.x.smithi098.stdout:Apr 25 11:17:31 smithi098 ceph-156bbe1e-02f5-11ef-bc93-c7b262605968-mgr-x[27983]:
2024-04-25T11:17:31.658+0000 7f1eb9e66200 -1 mgr[py] Module status has missing NOTIFY_TYPES member
2024-04-25T11:17:32.440 INFO:journalctl@ceph.mgr.x.smithi098.stdout:Apr 25 11:17:31 smithi098 ceph-156bbe1e-02f5-11ef-bc93-c7b262605968-mgr-x[27983]:
2024-04-25T11:17:31.943+0000 7f1eb9e66200 -1 mgr[py] Module nfs has missing NOTIFY_TYPES member
2024-04-25T11:17:32.441 INFO:journalctl@ceph.mon.a.smithi098.stdout:Apr 25 11:17:32 smithi098 ceph-mon[27752]: Active manager daemon x restarted
2024-04-25T11:17:32.441 INFO:journalctl@ceph.mon.a.smithi098.stdout:Apr 25 11:17:32 smithi098 ceph-mon[27752]: Activating manager daemon x
2024-04-25T11:17:32.441 INFO:journalctl@ceph.mon.a.smithi098.stdout:Apr 25 11:17:32 smithi098 ceph-mon[27752]: osdmap e3: 0 total, 0 up, 0 in
2024-04-25T11:17:32.441 INFO:journalctl@ceph.mon.a.smithi098.stdout:Apr 25 11:17:32 smithi098 ceph-mon[27752]: mgrmap e10: x(active, starting, since 0.0143545s)
2024-04-25T11:17:32.441 INFO:journalctl@ceph.mon.a.smithi098.stdout:Apr 25 11:17:32 smithi098 ceph-mon[27752]: from='mgr.14152 172.21.15.98:0/549417589' entity='mgr.x' cmd=[{"prefix": "mon metadata", "id": "a"}]: dispatch
2024-04-25T11:17:32.441 INFO:journalctl@ceph.mon.a.smithi098.stdout:Apr 25 11:17:32 smithi098 ceph-mon[27752]: from='mgr.14152 172.21.15.98:0/549417589' entity='mgr.x' cmd=[{"prefix": "mgr metadata", "who": "x", "id": "x"}]: dispatch
2024-04-25T11:17:32.442 INFO:journalctl@ceph.mon.a.smithi098.stdout:Apr 25 11:17:32 smithi098 ceph-mon[27752]: from='mgr.14152 172.21.15.98:0/549417589' entity='mgr.x' cmd=[{"prefix": "mds metadata"}]: dispatch
2024-04-25T11:17:32.442 INFO:journalctl@ceph.mon.a.smithi098.stdout:Apr 25 11:17:32 smithi098 ceph-mon[27752]: from='mgr.14152 172.21.15.98:0/549417589' entity='mgr.x' cmd=[{"prefix": "osd metadata"}]: dispatch
2024-04-25T11:17:32.442 INFO:journalctl@ceph.mon.a.smithi098.stdout:Apr 25 11:17:32 smithi098 ceph-mon[27752]: from='mgr.14152 172.21.15.98:0/549417589' entity='mgr.x' cmd=[{"prefix": "mon metadata"}]: dispatch
2024-04-25T11:17:32.442 INFO:journalctl@ceph.mon.a.smithi098.stdout:Apr 25 11:17:32 smithi098 ceph-mon[27752]: Manager daemon x is now available
2024-04-25T11:17:33.351 INFO:journalctl@ceph.mon.a.smithi098.stdout:Apr 25 11:17:33 smithi098 ceph-mon[27752]: from='mgr.14152 172.21.15.98:0/549417589' entity='mgr.x' cmd=[{"prefix": "config dump", "format": "json"}]: dispatch
2024-04-25T11:17:33.351 INFO:journalctl@ceph.mon.a.smithi098.stdout:Apr 25 11:17:33 smithi098 ceph-mon[27752]: from='mgr.14152 172.21.15.98:0/549417589' entity='mgr.x' cmd=[{"prefix":"config rm","who":"mgr","name":"mgr/rbd_support/x/mirror_snapshot_schedule"}]: dispatch
2024-04-25T11:17:33.351 INFO:journalctl@ceph.mon.a.smithi098.stdout:Apr 25 11:17:33 smithi098 ceph-mon[27752]: from='mgr.14152 172.21.15.98:0/549417589' entity='mgr.x' cmd=[{"prefix":"config rm","who":"mgr","name":"mgr/rbd_support/x/trash_purge_schedule"}]: dispatch
2024-04-25T11:17:33.351 INFO:journalctl@ceph.mon.a.smithi098.stdout:Apr 25 11:17:33 smithi098 ceph-mon[27752]: mgrmap e11: x(active, since 1.01256s)
2024-04-25T11:17:33.691 INFO:teuthology.orchestra.run.smithi098.stdout:/usr/bin/ceph: stdout {
2024-04-25T11:17:33.691 INFO:teuthology.orchestra.run.smithi098.stdout:/usr/bin/ceph: stdout "mgrmap_epoch": 11,
2024-04-25T11:17:33.691 INFO:teuthology.orchestra.run.smithi098.stdout:/usr/bin/ceph: stdout "initialized": true
2024-04-25T11:17:33.692 INFO:teuthology.orchestra.run.smithi098.stdout:/usr/bin/ceph: stdout }
2024-04-25T11:17:33.692 INFO:teuthology.orchestra.run.smithi098.stdout:/usr/bin/ceph: stderr
2024-04-25T11:17:25.866+0000 7fcec5e00700 1 Processor -- start
2024-04-25T11:17:33.692 INFO:teuthology.orchestra.run.smithi098.stdout:/usr/bin/ceph: stderr
2024-04-25T11:17:25.866+0000 7fcec5e00700 1 -- start start
2024-04-25T11:17:33.692 INFO:teuthology.orchestra.run.smithi098.stdout:/usr/bin/ceph: stderr
2024-04-25T11:17:25.866+0000 7fcec5e00700 1 --2- >> [v2:172.21.15.98:3300/0,v1:172.21.15.98:6789/0] conn(0x7fcec007ee30 0x7fcec007d260 unknown :-1 s=NONE pgs=0 cs=0 l=0 rev1=0 crypto rx=0 tx=0 comp rx=0 tx=0).connect
2024-04-25T11:17:33.692 INFO:teuthology.orchestra.run.smithi098.stdout:/usr/bin/ceph: stderr
2024-04-25T11:17:25.866+0000 7fcec5e00700 1 -- --> [v2:172.21.15.98:3300/0,v1:172.21.15.98:6789/0] -- mon_getmap magic: 0 -- 0x7fcec007d7a0 con 0x7fcec007ee30
2024-04-25T11:17:33.699 INFO:teuthology.orchestra.run.smithi098.stdout:/usr/bin/ceph: stderr
2024-04-25T11:17:25.867+0000 7fcebea00700 1 --2- >> [v2:172.21.15.98:3300/0,v1:172.21.15.98:6789/0] conn(0x7fcec007ee30 0x7fcec007d260 unknown :-1 s=BANNER_CONNECTING pgs=0 cs=0 l=0 rev1=0 crypto rx=0 tx=0 comp rx=0 tx=0)._handle_peer_banner_payload supported=3 required=0
2024-04-25T11:17:33.699 INFO:teuthology.orchestra.run.smithi098.stdout:/usr/bin/ceph: stderr
2024-04-25T11:17:25.867+0000 7fcebea00700 1 --2- >> [v2:172.21.15.98:3300/0,v1:172.21.15.98:6789/0] conn(0x7fcec007ee30 0x7fcec007d260 unknown :-1 s=HELLO_CONNECTING pgs=0 cs=0 l=0 rev1=1 crypto rx=0 tx=0 comp rx=0 tx=0).handle_hello peer v2:172.21.15.98:3300/0 says I am v2:172.21.15.98:56408/0 (socket says 172.21.15.98:56408)
2024-04-25T11:17:33.699 INFO:teuthology.orchestra.run.smithi098.stdout:/usr/bin/ceph: stderr
2024-04-25T11:17:25.867+0000 7fcebea00700 1 -- 172.21.15.98:0/3280647788 learned_addr learned my addr 172.21.15.98:0/3280647788 (peer_addr_for_me v2:172.21.15.98:0/0)
2024-04-25T11:17:33.699 INFO:teuthology.orchestra.run.smithi098.stdout:/usr/bin/ceph: stderr
2024-04-25T11:17:25.867+0000 7fcebea00700 1 -- 172.21.15.98:0/3280647788 --> [v2:172.21.15.98:3300/0,v1:172.21.15.98:6789/0] -- mon_subscribe({config=0+,monmap=0+}) -- 0x7fcec007d920 con 0x7fcec007ee30
2024-04-25T11:17:33.699 INFO:teuthology.orchestra.run.smithi098.stdout:/usr/bin/ceph: stderr
2024-04-25T11:17:25.868+0000 7fcebea00700 1 --2- 172.21.15.98:0/3280647788 >> [v2:172.21.15.98:3300/0,v1:172.21.15.98:6789/0] conn(0x7fcec007ee30 0x7fcec007d260 secure :-1 s=READY pgs=61 cs=0 l=1 rev1=1 crypto rx=0x7fceb00098a0 tx=0x7fceb0009bb0 comp rx=0 tx=0).ready entity=mon.0 client_cookie=263ba2939170ef4 server_cookie=0 in_seq=0 out_seq=0
2024-04-25T11:17:33.699 INFO:teuthology.orchestra.run.smithi098.stdout:/usr/bin/ceph: stderr
2024-04-25T11:17:25.868+0000 7fcebd600700 1 -- 172.21.15.98:0/3280647788 <== mon.0 v2:172.21.15.98:3300/0 1 ==== mon_map magic: 0 ==== 205+0+0 (secure 0 0 0) 0x7fceb0004160 con 0x7fcec007ee30
2024-04-25T11:17:33.699 INFO:teuthology.orchestra.run.smithi098.stdout:/usr/bin/ceph: stderr
2024-04-25T11:17:25.868+0000 7fcebd600700 1 -- 172.21.15.98:0/3280647788 <== mon.0 v2:172.21.15.98:3300/0 2 ==== config(26 keys) ==== 1101+0+0 (secure 0 0 0) 0x7fceb0004300 con 0x7fcec007ee30
2024-04-25T11:17:33.699 INFO:teuthology.orchestra.run.smithi098.stdout:/usr/bin/ceph: stderr
2024-04-25T11:17:25.868+0000 7fcebd600700 1 -- 172.21.15.98:0/3280647788 <== mon.0 v2:172.21.15.98:3300/0 3 ==== mon_map magic: 0 ==== 205+0+0 (secure 0 0 0) 0x7fceb0011a20 con 0x7fcec007ee30
2024-04-25T11:17:33.699 INFO:teuthology.orchestra.run.smithi098.stdout:/usr/bin/ceph: stderr
2024-04-25T11:17:25.869+0000 7fcec5e00700 1 -- 172.21.15.98:0/3280647788 >> [v2:172.21.15.98:3300/0,v1:172.21.15.98:6789/0] conn(0x7fcec007ee30 msgr2=0x7fcec007d260 secure :-1 s=STATE_CONNECTION_ESTABLISHED l=1).mark_down
2024-04-25T11:17:33.699 INFO:teuthology.orchestra.run.smithi098.stdout:/usr/bin/ceph: stderr
2024-04-25T11:17:25.869+0000 7fcec5e00700 1 --2- 172.21.15.98:0/3280647788 >> [v2:172.21.15.98:3300/0,v1:172.21.15.98:6789/0] conn(0x7fcec007ee30 0x7fcec007d260 secure :-1 s=READY pgs=61 cs=0 l=1 rev1=1 crypto rx=0x7fceb00098a0 tx=0x7fceb0009bb0 comp rx=0 tx=0).stop
2024-04-25T11:17:33.699 INFO:teuthology.orchestra.run.smithi098.stdout:/usr/bin/ceph: stderr
2024-04-25T11:17:25.869+0000 7fcec5e00700 1 -- 172.21.15.98:0/3280647788 shutdown_connections
2024-04-25T11:17:33.699 INFO:teuthology.orchestra.run.smithi098.stdout:/usr/bin/ceph: stderr
2024-04-25T11:17:25.869+0000 7fcec5e00700 1 --2- 172.21.15.98:0/3280647788 >> [v2:172.21.15.98:3300/0,v1:172.21.15.98:6789/0] conn(0x7fcec007ee30 0x7fcec007d260 unknown :-1 s=CLOSED pgs=61 cs=0 l=1 rev1=1 crypto rx=0 tx=0 comp rx=0 tx=0).stop
2024-04-25T11:17:33.700 INFO:teuthology.orchestra.run.smithi098.stdout:/usr/bin/ceph: stderr
2024-04-25T11:17:25.869+0000 7fcec5e00700 1 -- 172.21.15.98:0/3280647788 >> 172.21.15.98:0/3280647788 conn(0x7fcec0104f20 msgr2=0x7fcec01073b0 unknown :-1 s=STATE_NONE l=0).mark_down
2024-04-25T11:17:33.700 INFO:teuthology.orchestra.run.smithi098.stdout:/usr/bin/ceph: stderr
2024-04-25T11:17:25.869+0000 7fcec5e00700 1 -- 172.21.15.98:0/3280647788 shutdown_connections
2024-04-25T11:17:33.700 INFO:teuthology.orchestra.run.smithi098.stdout:/usr/bin/ceph: stderr
2024-04-25T11:17:25.869+0000 7fcec5e00700 1 -- 172.21.15.98:0/3280647788 wait complete.
2024-04-25T11:17:33.700 INFO:teuthology.orchestra.run.smithi098.stdout:/usr/bin/ceph: stderr
2024-04-25T11:17:25.870+0000 7fcec5e00700 1 Processor -- start
2024-04-25T11:17:33.700 INFO:teuthology.orchestra.run.smithi098.stdout:/usr/bin/ceph: stderr
2024-04-25T11:17:25.871+0000 7fcec5e00700 1 -- start start
2024-04-25T11:17:33.700 INFO:teuthology.orchestra.run.smithi098.stdout:/usr/bin/ceph: stderr
2024-04-25T11:17:25.871+0000 7fcec5e00700 1 --2- >> [v2:172.21.15.98:3300/0,v1:172.21.15.98:6789/0] conn(0x7fcec007ee30 0x7fcec019fee0 unknown :-1 s=NONE pgs=0 cs=0 l=1 rev1=0 crypto rx=0 tx=0 comp rx=0 tx=0).connect
2024-04-25T11:17:33.700 INFO:teuthology.orchestra.run.smithi098.stdout:/usr/bin/ceph: stderr
2024-04-25T11:17:25.871+0000 7fcec5e00700 1 -- --> [v2:172.21.15.98:3300/0,v1:172.21.15.98:6789/0] -- mon_getmap magic: 0 -- 0x7fcec010fee0 con 0x7fcec007ee30
2024-04-25T11:17:33.700 INFO:teuthology.orchestra.run.smithi098.stdout:/usr/bin/ceph: stderr
2024-04-25T11:17:25.871+0000 7fcebea00700 1 --2- >> [v2:172.21.15.98:3300/0,v1:172.21.15.98:6789/0] conn(0x7fcec007ee30 0x7fcec019fee0 unknown :-1 s=BANNER_CONNECTING pgs=0 cs=0 l=1 rev1=0 crypto rx=0 tx=0 comp rx=0 tx=0)._handle_peer_banner_payload supported=3 required=0
2024-04-25T11:17:33.700 INFO:teuthology.orchestra.run.smithi098.stdout:/usr/bin/ceph: stderr
2024-04-25T11:17:25.871+0000 7fcebea00700 1 --2- >> [v2:172.21.15.98:3300/0,v1:172.21.15.98:6789/0] conn(0x7fcec007ee30 0x7fcec019fee0 unknown :-1 s=HELLO_CONNECTING pgs=0 cs=0 l=1 rev1=1 crypto rx=0 tx=0 comp rx=0 tx=0).handle_hello peer v2:172.21.15.98:3300/0 says I am v2:172.21.15.98:56414/0 (socket says 172.21.15.98:56414)
2024-04-25T11:17:33.700 INFO:teuthology.orchestra.run.smithi098.stdout:/usr/bin/ceph: stderr
2024-04-25T11:17:25.871+0000 7fcebea00700 1 -- 172.21.15.98:0/1654588707 learned_addr learned my addr 172.21.15.98:0/1654588707 (peer_addr_for_me v2:172.21.15.98:0/0)
2024-04-25T11:17:33.700 INFO:teuthology.orchestra.run.smithi098.stdout:/usr/bin/ceph: stderr
2024-04-25T11:17:25.872+0000 7fcebea00700 1 -- 172.21.15.98:0/1654588707 --> [v2:172.21.15.98:3300/0,v1:172.21.15.98:6789/0] -- mon_subscribe({config=0+,monmap=0+}) -- 0x7fcec01a0420 con 0x7fcec007ee30
2024-04-25T11:17:33.700 INFO:teuthology.orchestra.run.smithi098.stdout:/usr/bin/ceph: stderr
2024-04-25T11:17:25.872+0000 7fcebea00700 1 --2- 172.21.15.98:0/1654588707 >> [v2:172.21.15.98:3300/0,v1:172.21.15.98:6789/0] conn(0x7fcec007ee30 0x7fcec019fee0 secure :-1 s=READY pgs=62 cs=0 l=1 rev1=1 crypto rx=0x7fceb0009520 tx=0x7fceb0011aa0 comp rx=0 tx=0).ready entity=mon.0 client_cookie=0 server_cookie=0 in_seq=0 out_seq=0
2024-04-25T11:17:33.700 INFO:teuthology.orchestra.run.smithi098.stdout:/usr/bin/ceph: stderr
2024-04-25T11:17:25.872+0000 7fcec4a00700 1 -- 172.21.15.98:0/1654588707 <== mon.0 v2:172.21.15.98:3300/0 1 ==== mon_map magic: 0 ==== 205+0+0 (secure 0 0 0) 0x7fceb00039e0 con 0x7fcec007ee30
