2024-04-25T11:14:25.064+0000 7f653943a700 1 -- 172.21.15.80:0/3116012571 >> [v2:172.21.15.80:6800/1021361872,v1:172.21.15.80:6801/1021361872] conn(0x7f652003d520 msgr2=0x7f652003fa30 unknown :-1 s=STATE_CONNECTING_RE l=1).process reconnect failed to v2:172.21.15.80:6800/1021361872
2024-04-25T11:14:29.868 INFO:teuthology.orchestra.run.smithi080.stdout:/usr/bin/ceph: stderr
2024-04-25T11:14:25.064+0000 7f653943a700 1 --2- 172.21.15.80:0/3116012571 >> [v2:172.21.15.80:6800/1021361872,v1:172.21.15.80:6801/1021361872] conn(0x7f652003d520 0x7f652003fa30 unknown :-1 s=START_CONNECT pgs=0 cs=0 l=1 rev1=0 crypto rx=0 tx=0 comp rx=0 tx=0)._fault waiting 1.600000
2024-04-25T11:14:29.868 INFO:teuthology.orchestra.run.smithi080.stdout:/usr/bin/ceph: stderr
2024-04-25T11:14:26.665+0000 7f653943a700 1 -- 172.21.15.80:0/3116012571 >> [v2:172.21.15.80:6800/1021361872,v1:172.21.15.80:6801/1021361872] conn(0x7f652003d520 msgr2=0x7f652003fa30 unknown :-1 s=STATE_CONNECTING_RE l=1).process reconnect failed to v2:172.21.15.80:6800/1021361872
2024-04-25T11:14:29.868 INFO:teuthology.orchestra.run.smithi080.stdout:/usr/bin/ceph: stderr
2024-04-25T11:14:26.665+0000 7f653943a700 1 --2- 172.21.15.80:0/3116012571 >> [v2:172.21.15.80:6800/1021361872,v1:172.21.15.80:6801/1021361872] conn(0x7f652003d520 0x7f652003fa30 unknown :-1 s=START_CONNECT pgs=0 cs=0 l=1 rev1=0 crypto rx=0 tx=0 comp rx=0 tx=0)._fault waiting 3.200000
2024-04-25T11:14:29.869 INFO:teuthology.orchestra.run.smithi080.stdout:/usr/bin/ceph: stderr
2024-04-25T11:14:28.255+0000 7f652affd700 1 -- 172.21.15.80:0/3116012571 <== mon.0 v2:172.21.15.80:3300/0 6 ==== mgrmap(e 6) ==== 49283+0+0 (secure 0 0 0) 0x7f65240245f0 con 0x7f653410afe0
2024-04-25T11:14:29.869 INFO:teuthology.orchestra.run.smithi080.stdout:/usr/bin/ceph: stderr
2024-04-25T11:14:28.255+0000 7f652affd700 1 -- 172.21.15.80:0/3116012571 >> [v2:172.21.15.80:6800/1021361872,v1:172.21.15.80:6801/1021361872] conn(0x7f652003d520 msgr2=0x7f652003fa30 unknown :-1 s=STATE_CONNECTING l=1).mark_down
2024-04-25T11:14:29.869 INFO:teuthology.orchestra.run.smithi080.stdout:/usr/bin/ceph: stderr
2024-04-25T11:14:28.255+0000 7f652affd700 1 --2- 172.21.15.80:0/3116012571 >> [v2:172.21.15.80:6800/1021361872,v1:172.21.15.80:6801/1021361872] conn(0x7f652003d520 0x7f652003fa30 unknown :-1 s=START_CONNECT pgs=0 cs=0 l=1 rev1=0 crypto rx=0 tx=0 comp rx=0 tx=0).stop
2024-04-25T11:14:29.869 INFO:teuthology.orchestra.run.smithi080.stdout:/usr/bin/ceph: stderr
2024-04-25T11:14:29.256+0000 7f652affd700 1 -- 172.21.15.80:0/3116012571 <== mon.0 v2:172.21.15.80:3300/0 7 ==== mgrmap(e 7) ==== 49410+0+0 (secure 0 0 0) 0x7f6524019ca0 con 0x7f653410afe0
2024-04-25T11:14:29.869 INFO:teuthology.orchestra.run.smithi080.stdout:/usr/bin/ceph: stderr
2024-04-25T11:14:29.256+0000 7f652affd700 1 --2- 172.21.15.80:0/3116012571 >> [v2:172.21.15.80:6800/2554689632,v1:172.21.15.80:6801/2554689632] conn(0x7f6520040e60 0x7f6520043280 unknown :-1 s=NONE pgs=0 cs=0 l=1 rev1=0 crypto rx=0 tx=0 comp rx=0 tx=0).connect
2024-04-25T11:14:29.869 INFO:teuthology.orchestra.run.smithi080.stdout:/usr/bin/ceph: stderr
2024-04-25T11:14:29.256+0000 7f652affd700 1 -- 172.21.15.80:0/3116012571 --> [v2:172.21.15.80:6800/2554689632,v1:172.21.15.80:6801/2554689632] -- command(tid 0: {"prefix": "get_command_descriptions"}) -- 0x7f652401eec0 con 0x7f6520040e60
2024-04-25T11:14:29.869 INFO:teuthology.orchestra.run.smithi080.stdout:/usr/bin/ceph: stderr
2024-04-25T11:14:29.257+0000 7f653943a700 1 --2- 172.21.15.80:0/3116012571 >> [v2:172.21.15.80:6800/2554689632,v1:172.21.15.80:6801/2554689632] conn(0x7f6520040e60 0x7f6520043280 unknown :-1 s=BANNER_CONNECTING pgs=0 cs=0 l=1 rev1=0 crypto rx=0 tx=0 comp rx=0 tx=0)._handle_peer_banner_payload supported=3 required=0
2024-04-25T11:14:29.869 INFO:teuthology.orchestra.run.smithi080.stdout:/usr/bin/ceph: stderr
2024-04-25T11:14:29.257+0000 7f653943a700 1 --2- 172.21.15.80:0/3116012571 >> [v2:172.21.15.80:6800/2554689632,v1:172.21.15.80:6801/2554689632] conn(0x7f6520040e60 0x7f6520043280 secure :-1 s=READY pgs=1 cs=0 l=1 rev1=1 crypto rx=0x7f6530003a10 tx=0x7f6530009290 comp rx=0 tx=0).ready entity=mgr.14120 client_cookie=0 server_cookie=0 in_seq=0 out_seq=0
2024-04-25T11:14:29.869 INFO:teuthology.orchestra.run.smithi080.stdout:/usr/bin/ceph: stderr
2024-04-25T11:14:29.258+0000 7f652affd700 1 -- 172.21.15.80:0/3116012571 <== mgr.14120 v2:172.21.15.80:6800/2554689632 1 ==== command_reply(tid 0: 0 ) ==== 8+0+9564 (secure 0 0 0) 0x7f652401eec0 con 0x7f6520040e60
2024-04-25T11:14:29.869 INFO:teuthology.orchestra.run.smithi080.stdout:/usr/bin/ceph: stderr
2024-04-25T11:14:29.266+0000 7f653be9f700 1 -- 172.21.15.80:0/3116012571 --> [v2:172.21.15.80:6800/2554689632,v1:172.21.15.80:6801/2554689632] -- command(tid 1: {"prefix": "mgr_status"}) -- 0x7f6534064cf0 con 0x7f6520040e60
2024-04-25T11:14:29.869 INFO:teuthology.orchestra.run.smithi080.stdout:/usr/bin/ceph: stderr
2024-04-25T11:14:29.267+0000 7f652affd700 1 -- 172.21.15.80:0/3116012571 <== mgr.14120 v2:172.21.15.80:6800/2554689632 2 ==== command_reply(tid 1: 0 ) ==== 8+0+51 (secure 0 0 0) 0x7f6534064cf0 con 0x7f6520040e60
2024-04-25T11:14:29.869 INFO:teuthology.orchestra.run.smithi080.stdout:/usr/bin/ceph: stderr
2024-04-25T11:14:29.267+0000 7f653be9f700 1 -- 172.21.15.80:0/3116012571 >> [v2:172.21.15.80:6800/2554689632,v1:172.21.15.80:6801/2554689632] conn(0x7f6520040e60 msgr2=0x7f6520043280 secure :-1 s=STATE_CONNECTION_ESTABLISHED l=1).mark_down
2024-04-25T11:14:29.869 INFO:teuthology.orchestra.run.smithi080.stdout:/usr/bin/ceph: stderr
2024-04-25T11:14:29.267+0000 7f653be9f700 1 --2- 172.21.15.80:0/3116012571 >> [v2:172.21.15.80:6800/2554689632,v1:172.21.15.80:6801/2554689632] conn(0x7f6520040e60 0x7f6520043280 secure :-1 s=READY pgs=1 cs=0 l=1 rev1=1 crypto rx=0x7f6530003a10 tx=0x7f6530009290 comp rx=0 tx=0).stop
2024-04-25T11:14:29.869 INFO:teuthology.orchestra.run.smithi080.stdout:/usr/bin/ceph: stderr
2024-04-25T11:14:29.267+0000 7f653be9f700 1 -- 172.21.15.80:0/3116012571 >> [v2:172.21.15.80:3300/0,v1:172.21.15.80:6789/0] conn(0x7f653410afe0 msgr2=0x7f653419df50 secure :-1 s=STATE_CONNECTION_ESTABLISHED l=1).mark_down
2024-04-25T11:14:29.870 INFO:teuthology.orchestra.run.smithi080.stdout:/usr/bin/ceph: stderr
2024-04-25T11:14:29.267+0000 7f653be9f700 1 --2- 172.21.15.80:0/3116012571 >> [v2:172.21.15.80:3300/0,v1:172.21.15.80:6789/0] conn(0x7f653410afe0 0x7f653419df50 secure :-1 s=READY pgs=29 cs=0 l=1 rev1=1 crypto rx=0x7f6524009fb0 tx=0x7f6524011890 comp rx=0 tx=0).stop
2024-04-25T11:14:29.870 INFO:teuthology.orchestra.run.smithi080.stdout:/usr/bin/ceph: stderr
2024-04-25T11:14:29.267+0000 7f653be9f700 1 -- 172.21.15.80:0/3116012571 shutdown_connections
2024-04-25T11:14:29.870 INFO:teuthology.orchestra.run.smithi080.stdout:/usr/bin/ceph: stderr
2024-04-25T11:14:29.267+0000 7f653be9f700 1 --2- 172.21.15.80:0/3116012571 >> [v2:172.21.15.80:6800/2554689632,v1:172.21.15.80:6801/2554689632] conn(0x7f6520040e60 0x7f6520043280 unknown :-1 s=CLOSED pgs=1 cs=0 l=1 rev1=1 crypto rx=0 tx=0 comp rx=0 tx=0).stop
2024-04-25T11:14:29.870 INFO:teuthology.orchestra.run.smithi080.stdout:/usr/bin/ceph: stderr
2024-04-25T11:14:29.267+0000 7f653be9f700 1 --2- 172.21.15.80:0/3116012571 >> [v2:172.21.15.80:3300/0,v1:172.21.15.80:6789/0] conn(0x7f653410afe0 0x7f653419df50 unknown :-1 s=CLOSED pgs=29 cs=0 l=1 rev1=1 crypto rx=0 tx=0 comp rx=0 tx=0).stop
2024-04-25T11:14:29.870 INFO:teuthology.orchestra.run.smithi080.stdout:/usr/bin/ceph: stderr
2024-04-25T11:14:29.267+0000 7f653be9f700 1 --2- 172.21.15.80:0/3116012571 >> [v2:172.21.15.80:6800/1021361872,v1:172.21.15.80:6801/1021361872] conn(0x7f652003d520 0x7f652003fa30 unknown :-1 s=CLOSED pgs=0 cs=0 l=1 rev1=0 crypto rx=0 tx=0 comp rx=0 tx=0).stop
2024-04-25T11:14:29.870 INFO:teuthology.orchestra.run.smithi080.stdout:/usr/bin/ceph: stderr
2024-04-25T11:14:29.267+0000 7f653be9f700 1 -- 172.21.15.80:0/3116012571 >> 172.21.15.80:0/3116012571 conn(0x7f6534103740 msgr2=0x7f6534104310 unknown :-1 s=STATE_NONE l=0).mark_down
2024-04-25T11:14:29.870 INFO:teuthology.orchestra.run.smithi080.stdout:/usr/bin/ceph: stderr
2024-04-25T11:14:29.267+0000 7f653be9f700 1 -- 172.21.15.80:0/3116012571 shutdown_connections
2024-04-25T11:14:29.870 INFO:teuthology.orchestra.run.smithi080.stdout:/usr/bin/ceph: stderr
2024-04-25T11:14:29.267+0000 7f653be9f700 1 -- 172.21.15.80:0/3116012571 wait complete.
2024-04-25T11:14:29.870 INFO:teuthology.orchestra.run.smithi080.stdout:mgr epoch 5 is available
2024-04-25T11:14:29.870 INFO:teuthology.orchestra.run.smithi080.stdout:Setting orchestrator backend to cephadm...
2024-04-25T11:14:30.531 INFO:journalctl@ceph.mon.a.smithi080.stdout:Apr 25 11:14:30 smithi080 ceph-mon[29126]: [25/Apr/2024:11:14:28] ENGINE Bus STARTING
2024-04-25T11:14:30.531 INFO:journalctl@ceph.mon.a.smithi080.stdout:Apr 25 11:14:30 smithi080 ceph-mon[29126]: [25/Apr/2024:11:14:28] ENGINE Serving on http://172.21.15.80:8765
2024-04-25T11:14:30.531 INFO:journalctl@ceph.mon.a.smithi080.stdout:Apr 25 11:14:30 smithi080 ceph-mon[29126]: [25/Apr/2024:11:14:29] ENGINE Serving on https://172.21.15.80:7150
2024-04-25T11:14:30.531 INFO:journalctl@ceph.mon.a.smithi080.stdout:Apr 25 11:14:30 smithi080 ceph-mon[29126]: [25/Apr/2024:11:14:29] ENGINE Bus STARTED
2024-04-25T11:14:30.531 INFO:journalctl@ceph.mon.a.smithi080.stdout:Apr 25 11:14:30 smithi080 ceph-mon[29126]: from='client.14124 -' entity='client.admin' cmd=[{"prefix": "get_command_descriptions"}]: dispatch
2024-04-25T11:14:30.532 INFO:journalctl@ceph.mon.a.smithi080.stdout:Apr 25 11:14:30 smithi080 ceph-mon[29126]: from='client.14124 -' entity='client.admin' cmd=[{"prefix": "mgr_status"}]: dispatch
2024-04-25T11:14:31.119 INFO:teuthology.orchestra.run.smithi080.stdout:/usr/bin/ceph: stderr
2024-04-25T11:14:30.302+0000 7fbea0c8f700 1 Processor -- start
2024-04-25T11:14:31.119 INFO:teuthology.orchestra.run.smithi080.stdout:/usr/bin/ceph: stderr
2024-04-25T11:14:30.302+0000 7fbea0c8f700 1 -- start start
2024-04-25T11:14:31.119 INFO:teuthology.orchestra.run.smithi080.stdout:/usr/bin/ceph: stderr
2024-04-25T11:14:30.302+0000 7fbea0c8f700 1 --2- >> [v2:172.21.15.80:3300/0,v1:172.21.15.80:6789/0] conn(0x7fbe9c109f00 0x7fbe9c10a310 unknown :-1 s=NONE pgs=0 cs=0 l=0 rev1=0 crypto rx=0 tx=0 comp rx=0 tx=0).connect
2024-04-25T11:14:31.119 INFO:teuthology.orchestra.run.smithi080.stdout:/usr/bin/ceph: stderr
2024-04-25T11:14:30.302+0000 7fbea0c8f700 1 -- --> [v2:172.21.15.80:3300/0,v1:172.21.15.80:6789/0] -- mon_getmap magic: 0 -- 0x7fbe9c10a900 con 0x7fbe9c109f00
2024-04-25T11:14:31.119 INFO:teuthology.orchestra.run.smithi080.stdout:/usr/bin/ceph: stderr
2024-04-25T11:14:30.303+0000 7fbe9a59c700 1 --2- >> [v2:172.21.15.80:3300/0,v1:172.21.15.80:6789/0] conn(0x7fbe9c109f00 0x7fbe9c10a310 unknown :-1 s=BANNER_CONNECTING pgs=0 cs=0 l=0 rev1=0 crypto rx=0 tx=0 comp rx=0 tx=0)._handle_peer_banner_payload supported=3 required=0
2024-04-25T11:14:31.120 INFO:teuthology.orchestra.run.smithi080.stdout:/usr/bin/ceph: stderr
2024-04-25T11:14:30.303+0000 7fbe9a59c700 1 --2- >> [v2:172.21.15.80:3300/0,v1:172.21.15.80:6789/0] conn(0x7fbe9c109f00 0x7fbe9c10a310 unknown :-1 s=HELLO_CONNECTING pgs=0 cs=0 l=0 rev1=1 crypto rx=0 tx=0 comp rx=0 tx=0).handle_hello peer v2:172.21.15.80:3300/0 says I am v2:172.21.15.80:43700/0 (socket says 172.21.15.80:43700)
2024-04-25T11:14:31.120 INFO:teuthology.orchestra.run.smithi080.stdout:/usr/bin/ceph: stderr
2024-04-25T11:14:30.303+0000 7fbe9a59c700 1 -- 172.21.15.80:0/2144139613 learned_addr learned my addr 172.21.15.80:0/2144139613 (peer_addr_for_me v2:172.21.15.80:0/0)
2024-04-25T11:14:31.120 INFO:teuthology.orchestra.run.smithi080.stdout:/usr/bin/ceph: stderr
2024-04-25T11:14:30.303+0000 7fbe9a59c700 1 -- 172.21.15.80:0/2144139613 --> [v2:172.21.15.80:3300/0,v1:172.21.15.80:6789/0] -- mon_subscribe({config=0+,monmap=0+}) -- 0x7fbe9c108c20 con 0x7fbe9c109f00
2024-04-25T11:14:31.120 INFO:teuthology.orchestra.run.smithi080.stdout:/usr/bin/ceph: stderr
2024-04-25T11:14:30.303+0000 7fbe9a59c700 1 --2- 172.21.15.80:0/2144139613 >> [v2:172.21.15.80:3300/0,v1:172.21.15.80:6789/0] conn(0x7fbe9c109f00 0x7fbe9c10a310 secure :-1 s=READY pgs=37 cs=0 l=1 rev1=1 crypto rx=0x7fbe8c0098a0 tx=0x7fbe8c009bb0 comp rx=0 tx=0).ready entity=mon.0 client_cookie=9899bf33494b0776 server_cookie=0 in_seq=0 out_seq=0
2024-04-25T11:14:31.120 INFO:teuthology.orchestra.run.smithi080.stdout:/usr/bin/ceph: stderr
2024-04-25T11:14:30.303+0000 7fbe9959a700 1 -- 172.21.15.80:0/2144139613 <== mon.0 v2:172.21.15.80:3300/0 1 ==== mon_map magic: 0 ==== 205+0+0 (secure 0 0 0) 0x7fbe8c004160 con 0x7fbe9c109f00
2024-04-25T11:14:31.120 INFO:teuthology.orchestra.run.smithi080.stdout:/usr/bin/ceph: stderr
2024-04-25T11:14:30.303+0000 7fbe9959a700 1 -- 172.21.15.80:0/2144139613 <== mon.0 v2:172.21.15.80:3300/0 2 ==== config(26 keys) ==== 1070+0+0 (secure 0 0 0) 0x7fbe8c004300 con 0x7fbe9c109f00
2024-04-25T11:14:31.120 INFO:teuthology.orchestra.run.smithi080.stdout:/usr/bin/ceph: stderr
2024-04-25T11:14:30.303+0000 7fbe9959a700 1 -- 172.21.15.80:0/2144139613 <== mon.0 v2:172.21.15.80:3300/0 3 ==== mon_map magic: 0 ==== 205+0+0 (secure 0 0 0) 0x7fbe8c011af0 con 0x7fbe9c109f00
2024-04-25T11:14:31.120 INFO:teuthology.orchestra.run.smithi080.stdout:/usr/bin/ceph: stderr
2024-04-25T11:14:30.304+0000 7fbea0c8f700 1 -- 172.21.15.80:0/2144139613 >> [v2:172.21.15.80:3300/0,v1:172.21.15.80:6789/0] conn(0x7fbe9c109f00 msgr2=0x7fbe9c10a310 secure :-1 s=STATE_CONNECTION_ESTABLISHED l=1).mark_down
2024-04-25T11:14:31.120 INFO:teuthology.orchestra.run.smithi080.stdout:/usr/bin/ceph: stderr
2024-04-25T11:14:30.304+0000 7fbea0c8f700 1 --2- 172.21.15.80:0/2144139613 >> [v2:172.21.15.80:3300/0,v1:172.21.15.80:6789/0] conn(0x7fbe9c109f00 0x7fbe9c10a310 secure :-1 s=READY pgs=37 cs=0 l=1 rev1=1 crypto rx=0x7fbe8c0098a0 tx=0x7fbe8c009bb0 comp rx=0 tx=0).stop
2024-04-25T11:14:31.120 INFO:teuthology.orchestra.run.smithi080.stdout:/usr/bin/ceph: stderr
2024-04-25T11:14:30.304+0000 7fbea0c8f700 1 -- 172.21.15.80:0/2144139613 shutdown_connections
2024-04-25T11:14:31.120 INFO:teuthology.orchestra.run.smithi080.stdout:/usr/bin/ceph: stderr
2024-04-25T11:14:30.304+0000 7fbea0c8f700 1 --2- 172.21.15.80:0/2144139613 >> [v2:172.21.15.80:3300/0,v1:172.21.15.80:6789/0] conn(0x7fbe9c109f00 0x7fbe9c10a310 unknown :-1 s=CLOSED pgs=37 cs=0 l=1 rev1=1 crypto rx=0 tx=0 comp rx=0 tx=0).stop
2024-04-25T11:14:31.120 INFO:teuthology.orchestra.run.smithi080.stdout:/usr/bin/ceph: stderr
2024-04-25T11:14:30.304+0000 7fbea0c8f700 1 -- 172.21.15.80:0/2144139613 >> 172.21.15.80:0/2144139613 conn(0x7fbe9c103800 msgr2=0x7fbe9c105c50 unknown :-1 s=STATE_NONE l=0).mark_down
2024-04-25T11:14:31.120 INFO:teuthology.orchestra.run.smithi080.stdout:/usr/bin/ceph: stderr
2024-04-25T11:14:30.304+0000 7fbea0c8f700 1 -- 172.21.15.80:0/2144139613 shutdown_connections
2024-04-25T11:14:31.121 INFO:teuthology.orchestra.run.smithi080.stdout:/usr/bin/ceph: stderr
2024-04-25T11:14:30.304+0000 7fbea0c8f700 1 -- 172.21.15.80:0/2144139613 wait complete.
2024-04-25T11:14:31.121 INFO:teuthology.orchestra.run.smithi080.stdout:/usr/bin/ceph: stderr
2024-04-25T11:14:30.305+0000 7fbea0c8f700 1 Processor -- start
2024-04-25T11:14:31.121 INFO:teuthology.orchestra.run.smithi080.stdout:/usr/bin/ceph: stderr
2024-04-25T11:14:30.305+0000 7fbea0c8f700 1 -- start start
2024-04-25T11:14:31.121 INFO:teuthology.orchestra.run.smithi080.stdout:/usr/bin/ceph: stderr
2024-04-25T11:14:30.305+0000 7fbea0c8f700 1 --2- >> [v2:172.21.15.80:3300/0,v1:172.21.15.80:6789/0] conn(0x7fbe9c109f00 0x7fbe9c1084b0 unknown :-1 s=NONE pgs=0 cs=0 l=1 rev1=0 crypto rx=0 tx=0 comp rx=0 tx=0).connect
2024-04-25T11:14:31.121 INFO:teuthology.orchestra.run.smithi080.stdout:/usr/bin/ceph: stderr
2024-04-25T11:14:30.305+0000 7fbea0c8f700 1 -- --> [v2:172.21.15.80:3300/0,v1:172.21.15.80:6789/0] -- mon_getmap magic: 0 -- 0x7fbe9c10ce60 con 0x7fbe9c109f00
2024-04-25T11:14:31.121 INFO:teuthology.orchestra.run.smithi080.stdout:/usr/bin/ceph: stderr
2024-04-25T11:14:30.305+0000 7fbe9a59c700 1 --2- >> [v2:172.21.15.80:3300/0,v1:172.21.15.80:6789/0] conn(0x7fbe9c109f00 0x7fbe9c1084b0 unknown :-1 s=BANNER_CONNECTING pgs=0 cs=0 l=1 rev1=0 crypto rx=0 tx=0 comp rx=0 tx=0)._handle_peer_banner_payload supported=3 required=0
2024-04-25T11:14:31.121 INFO:teuthology.orchestra.run.smithi080.stdout:/usr/bin/ceph: stderr
2024-04-25T11:14:30.305+0000 7fbe9a59c700 1 --2- >> [v2:172.21.15.80:3300/0,v1:172.21.15.80:6789/0] conn(0x7fbe9c109f00 0x7fbe9c1084b0 unknown :-1 s=HELLO_CONNECTING pgs=0 cs=0 l=1 rev1=1 crypto rx=0 tx=0 comp rx=0 tx=0).handle_hello peer v2:172.21.15.80:3300/0 says I am v2:172.21.15.80:43706/0 (socket says 172.21.15.80:43706)
2024-04-25T11:14:31.121 INFO:teuthology.orchestra.run.smithi080.stdout:/usr/bin/ceph: stderr
2024-04-25T11:14:30.305+0000 7fbe9a59c700 1 -- 172.21.15.80:0/3437666513 learned_addr learned my addr 172.21.15.80:0/3437666513 (peer_addr_for_me v2:172.21.15.80:0/0)
2024-04-25T11:14:31.121 INFO:teuthology.orchestra.run.smithi080.stdout:/usr/bin/ceph: stderr
2024-04-25T11:14:30.306+0000 7fbe9a59c700 1 -- 172.21.15.80:0/3437666513 --> [v2:172.21.15.80:3300/0,v1:172.21.15.80:6789/0] -- mon_subscribe({config=0+,monmap=0+}) -- 0x7fbe9c1089f0 con 0x7fbe9c109f00
2024-04-25T11:14:31.121 INFO:teuthology.orchestra.run.smithi080.stdout:/usr/bin/ceph: stderr
2024-04-25T11:14:30.306+0000 7fbe9a59c700 1 --2- 172.21.15.80:0/3437666513 >> [v2:172.21.15.80:3300/0,v1:172.21.15.80:6789/0] conn(0x7fbe9c109f00 0x7fbe9c1084b0 secure :-1 s=READY pgs=38 cs=0 l=1 rev1=1 crypto rx=0x7fbe8c0090e0 tx=0x7fbe8c011940 comp rx=0 tx=0).ready entity=mon.0 client_cookie=0 server_cookie=0 in_seq=0 out_seq=0
2024-04-25T11:14:31.121 INFO:teuthology.orchestra.run.smithi080.stdout:/usr/bin/ceph: stderr
2024-04-25T11:14:30.308+0000 7fbe8b7fe700 1 -- 172.21.15.80:0/3437666513 <== mon.0 v2:172.21.15.80:3300/0 1 ==== mon_map magic: 0 ==== 205+0+0 (secure 0 0 0) 0x7fbe8c0039e0 con 0x7fbe9c109f00
2024-04-25T11:14:31.121 INFO:teuthology.orchestra.run.smithi080.stdout:/usr/bin/ceph: stderr
2024-04-25T11:14:30.308+0000 7fbe8b7fe700 1 -- 172.21.15.80:0/3437666513 <== mon.0 v2:172.21.15.80:3300/0 2 ==== config(26 keys) ==== 1070+0+0 (secure 0 0 0) 0x7fbe8c003b80 con 0x7fbe9c109f00
2024-04-25T11:14:31.122 INFO:teuthology.orchestra.run.smithi080.stdout:/usr/bin/ceph: stderr
2024-04-25T11:14:30.308+0000 7fbe8b7fe700 1 -- 172.21.15.80:0/3437666513 <== mon.0 v2:172.21.15.80:3300/0 3 ==== mon_map magic: 0 ==== 205+0+0 (secure 0 0 0) 0x7fbe8c0246e0 con 0x7fbe9c109f00
2024-04-25T11:14:31.122 INFO:teuthology.orchestra.run.smithi080.stdout:/usr/bin/ceph: stderr
2024-04-25T11:14:30.308+0000 7fbea0c8f700 1 -- 172.21.15.80:0/3437666513 --> [v2:172.21.15.80:3300/0,v1:172.21.15.80:6789/0] -- mon_subscribe({mgrmap=0+}) -- 0x7fbe9c1a0cc0 con 0x7fbe9c109f00
2024-04-25T11:14:31.122 INFO:teuthology.orchestra.run.smithi080.stdout:/usr/bin/ceph: stderr
2024-04-25T11:14:30.308+0000 7fbea0c8f700 1 -- 172.21.15.80:0/3437666513 --> [v2:172.21.15.80:3300/0,v1:172.21.15.80:6789/0] -- mon_subscribe({osdmap=0}) -- 0x7fbe9c1a1140 con 0x7fbe9c109f00
2024-04-25T11:14:31.122 INFO:teuthology.orchestra.run.smithi080.stdout:/usr/bin/ceph: stderr
2024-04-25T11:14:30.309+0000 7fbe8b7fe700 1 -- 172.21.15.80:0/3437666513 <== mon.0 v2:172.21.15.80:3300/0 4 ==== mgrmap(e 7) ==== 49410+0+0 (secure 0 0 0) 0x7fbe8c022020 con 0x7fbe9c109f00
2024-04-25T11:14:31.122 INFO:teuthology.orchestra.run.smithi080.stdout:/usr/bin/ceph: stderr
2024-04-25T11:14:30.309+0000 7fbea0c8f700 1 -- 172.21.15.80:0/3437666513 --> [v2:172.21.15.80:3300/0,v1:172.21.15.80:6789/0] -- mon_command({"prefix": "get_command_descriptions"} v 0) -- 0x7fbe9c064cf0 con 0x7fbe9c109f00
2024-04-25T11:14:31.122 INFO:teuthology.orchestra.run.smithi080.stdout:/usr/bin/ceph: stderr
2024-04-25T11:14:30.309+0000 7fbe8b7fe700 1 --2- 172.21.15.80:0/3437666513 >> [v2:172.21.15.80:6800/2554689632,v1:172.21.15.80:6801/2554689632] conn(0x7fbe8403d4a0 0x7fbe8403f9b0 unknown :-1 s=NONE pgs=0 cs=0 l=1 rev1=0 crypto rx=0 tx=0 comp rx=0 tx=0).connect
2024-04-25T11:14:31.122 INFO:teuthology.orchestra.run.smithi080.stdout:/usr/bin/ceph: stderr
2024-04-25T11:14:30.309+0000 7fbe8b7fe700 1 -- 172.21.15.80:0/3437666513 <== mon.0 v2:172.21.15.80:3300/0 5 ==== osd_map(2..2 src has 1..2) ==== 940+0+0 (secure 0 0 0) 0x7fbe8c01a840 con 0x7fbe9c109f00
2024-04-25T11:14:31.122 INFO:teuthology.orchestra.run.smithi080.stdout:/usr/bin/ceph: stderr
2024-04-25T11:14:30.309+0000 7fbe99d9b700 1 --2- 172.21.15.80:0/3437666513 >> [v2:172.21.15.80:6800/2554689632,v1:172.21.15.80:6801/2554689632] conn(0x7fbe8403d4a0 0x7fbe8403f9b0 unknown :-1 s=BANNER_CONNECTING pgs=0 cs=0 l=1 rev1=0 crypto rx=0 tx=0 comp rx=0 tx=0)._handle_peer_banner_payload supported=3 required=0
2024-04-25T11:14:31.122 INFO:teuthology.orchestra.run.smithi080.stdout:/usr/bin/ceph: stderr
2024-04-25T11:14:30.310+0000 7fbe99d9b700 1 --2- 172.21.15.80:0/3437666513 >> [v2:172.21.15.80:6800/2554689632,v1:172.21.15.80:6801/2554689632] conn(0x7fbe8403d4a0 0x7fbe8403f9b0 secure :-1 s=READY pgs=7 cs=0 l=1 rev1=1 crypto rx=0x7fbe90006fd0 tx=0x7fbe90006e40 comp rx=0 tx=0).ready entity=mgr.14120 client_cookie=0 server_cookie=0 in_seq=0 out_seq=0
2024-04-25T11:14:31.122 INFO:teuthology.orchestra.run.smithi080.stdout:/usr/bin/ceph: stderr
2024-04-25T11:14:30.310+0000 7fbe8b7fe700 1 -- 172.21.15.80:0/3437666513 <== mon.0 v2:172.21.15.80:3300/0 6 ==== mgrmap(e 8) ==== 49516+0+0 (secure 0 0 0) 0x7fbe8c01aae0 con 0x7fbe9c109f00
2024-04-25T11:14:31.122 INFO:teuthology.orchestra.run.smithi080.stdout:/usr/bin/ceph: stderr
2024-04-25T11:14:30.317+0000 7fbe8b7fe700 1 -- 172.21.15.80:0/3437666513 <== mon.0 v2:172.21.15.80:3300/0 7 ==== mon_command_ack([{"prefix": "get_command_descriptions"}]=0 v0) ==== 72+0+188370 (secure 0 0 0) 0x7fbe8c00b3e0 con 0x7fbe9c109f00
2024-04-25T11:14:31.122 INFO:teuthology.orchestra.run.smithi080.stdout:/usr/bin/ceph: stderr
2024-04-25T11:14:30.530+0000 7fbea0c8f700 1 -- 172.21.15.80:0/3437666513 --> [v2:172.21.15.80:6800/2554689632,v1:172.21.15.80:6801/2554689632] -- mgr_command(tid 0: {"prefix": "orch set backend", "module_name": "cephadm", "target": ["mon-mgr", ""]}) -- 0x7fbe9c1a1480 con 0x7fbe8403d4a0
2024-04-25T11:14:31.122 INFO:teuthology.orchestra.run.smithi080.stdout:/usr/bin/ceph: stderr
2024-04-25T11:14:30.536+0000 7fbe8b7fe700 1 -- 172.21.15.80:0/3437666513 <== mgr.14120 v2:172.21.15.80:6800/2554689632 1 ==== mgr_command_reply(tid 0: 0 ) ==== 8+0+0 (secure 0 0 0) 0x7fbe9c1a1480 con 0x7fbe8403d4a0
2024-04-25T11:14:31.123 INFO:teuthology.orchestra.run.smithi080.stdout:/usr/bin/ceph: stderr
2024-04-25T11:14:30.538+0000 7fbea0c8f700 1 -- 172.21.15.80:0/3437666513 >> [v2:172.21.15.80:6800/2554689632,v1:172.21.15.80:6801/2554689632] conn(0x7fbe8403d4a0 msgr2=0x7fbe8403f9b0 secure :-1 s=STATE_CONNECTION_ESTABLISHED l=1).mark_down
2024-04-25T11:14:31.123 INFO:teuthology.orchestra.run.smithi080.stdout:/usr/bin/ceph: stderr
2024-04-25T11:14:30.538+0000 7fbea0c8f700 1 --2- 172.21.15.80:0/3437666513 >> [v2:172.21.15.80:6800/2554689632,v1:172.21.15.80:6801/2554689632] conn(0x7fbe8403d4a0 0x7fbe8403f9b0 secure :-1 s=READY pgs=7 cs=0 l=1 rev1=1 crypto rx=0x7fbe90006fd0 tx=0x7fbe90006e40 comp rx=0 tx=0).stop
2024-04-25T11:14:31.123 INFO:teuthology.orchestra.run.smithi080.stdout:/usr/bin/ceph: stderr
2024-04-25T11:14:30.538+0000 7fbea0c8f700 1 -- 172.21.15.80:0/3437666513 >> [v2:172.21.15.80:3300/0,v1:172.21.15.80:6789/0] conn(0x7fbe9c109f00 msgr2=0x7fbe9c1084b0 secure :-1 s=STATE_CONNECTION_ESTABLISHED l=1).mark_down
2024-04-25T11:14:31.123 INFO:teuthology.orchestra.run.smithi080.stdout:/usr/bin/ceph: stderr
2024-04-25T11:14:30.538+0000 7fbea0c8f700 1 --2- 172.21.15.80:0/3437666513 >> [v2:172.21.15.80:3300/0,v1:172.21.15.80:6789/0] conn(0x7fbe9c109f00 0x7fbe9c1084b0 secure :-1 s=READY pgs=38 cs=0 l=1 rev1=1 crypto rx=0x7fbe8c0090e0 tx=0x7fbe8c011940 comp rx=0 tx=0).stop
2024-04-25T11:14:31.123 INFO:teuthology.orchestra.run.smithi080.stdout:/usr/bin/ceph: stderr
2024-04-25T11:14:30.538+0000 7fbea0c8f700 1 -- 172.21.15.80:0/3437666513 shutdown_connections
2024-04-25T11:14:31.123 INFO:teuthology.orchestra.run.smithi080.stdout:/usr/bin/ceph: stderr
2024-04-25T11:14:30.538+0000 7fbea0c8f700 1 --2- 172.21.15.80:0/3437666513 >> [v2:172.21.15.80:6800/2554689632,v1:172.21.15.80:6801/2554689632] conn(0x7fbe8403d4a0 0x7fbe8403f9b0 unknown :-1 s=CLOSED pgs=7 cs=0 l=1 rev1=1 crypto rx=0 tx=0 comp rx=0 tx=0).stop
2024-04-25T11:14:31.123 INFO:teuthology.orchestra.run.smithi080.stdout:/usr/bin/ceph: stderr
2024-04-25T11:14:30.538+0000 7fbea0c8f700 1 --2- 172.21.15.80:0/3437666513 >> [v2:172.21.15.80:3300/0,v1:172.21.15.80:6789/0] conn(0x7fbe9c109f00 0x7fbe9c1084b0 unknown :-1 s=CLOSED pgs=38 cs=0 l=1 rev1=1 crypto rx=0 tx=0 comp rx=0 tx=0).stop
2024-04-25T11:14:31.123 INFO:teuthology.orchestra.run.smithi080.stdout:/usr/bin/ceph: stderr
2024-04-25T11:14:30.538+0000 7fbea0c8f700 1 -- 172.21.15.80:0/3437666513 >> 172.21.15.80:0/3437666513 conn(0x7fbe9c103800 msgr2=0x7fbe9c105180 unknown :-1 s=STATE_NONE l=0).mark_down
2024-04-25T11:14:31.123 INFO:teuthology.orchestra.run.smithi080.stdout:/usr/bin/ceph: stderr
2024-04-25T11:14:30.539+0000 7fbea0c8f700 1 -- 172.21.15.80:0/3437666513 shutdown_connections
2024-04-25T11:14:31.123 INFO:teuthology.orchestra.run.smithi080.stdout:/usr/bin/ceph: stderr
2024-04-25T11:14:30.539+0000 7fbea0c8f700 1 -- 172.21.15.80:0/3437666513 wait complete.
2024-04-25T11:14:31.384 INFO:journalctl@ceph.mon.a.smithi080.stdout:Apr 25 11:14:31 smithi080 ceph-mon[29126]: mgrmap e8: x(active, since 2s)
2024-04-25T11:14:31.385 INFO:journalctl@ceph.mon.a.smithi080.stdout:Apr 25 11:14:31 smithi080 ceph-mon[29126]: from='mgr.14120 172.21.15.80:0/3195303374' entity='mgr.x'
2024-04-25T11:14:31.385 INFO:journalctl@ceph.mon.a.smithi080.stdout:Apr 25 11:14:31 smithi080 ceph-mon[29126]: from='mgr.14120 172.21.15.80:0/3195303374' entity='mgr.x' cmd=[{"prefix": "config dump", "format": "json"}]: dispatch
2024-04-25T11:14:32.358 INFO:journalctl@ceph.mon.a.smithi080.stdout:Apr 25 11:14:32 smithi080 ceph-mon[29126]: from='client.14132 -' entity='client.admin' cmd=[{"prefix": "orch set backend", "module_name": "cephadm", "target": ["mon-mgr", ""]}]: dispatch
2024-04-25T11:14:32.366 INFO:teuthology.orchestra.run.smithi080.stdout:/usr/bin/ceph: stdout value unchanged
2024-04-25T11:14:32.366 INFO:teuthology.orchestra.run.smithi080.stdout:/usr/bin/ceph: stderr
2024-04-25T11:14:31.544+0000 7f5a8d1fe700 1 Processor -- start
2024-04-25T11:14:32.366 INFO:teuthology.orchestra.run.smithi080.stdout:/usr/bin/ceph: stderr
2024-04-25T11:14:31.544+0000 7f5a8d1fe700 1 -- start start
2024-04-25T11:14:32.366 INFO:teuthology.orchestra.run.smithi080.stdout:/usr/bin/ceph: stderr
2024-04-25T11:14:31.544+0000 7f5a8d1fe700 1 --2- >> [v2:172.21.15.80:3300/0,v1:172.21.15.80:6789/0] conn(0x7f5a8807d540 0x7f5a8810ea20 unknown :-1 s=NONE pgs=0 cs=0 l=0 rev1=0 crypto rx=0 tx=0 comp rx=0 tx=0).connect
2024-04-25T11:14:32.366 INFO:teuthology.orchestra.run.smithi080.stdout:/usr/bin/ceph: stderr
2024-04-25T11:14:31.544+0000 7f5a8d1fe700 1 -- --> [v2:172.21.15.80:3300/0,v1:172.21.15.80:6789/0] -- mon_getmap magic: 0 -- 0x7f5a8810ef60 con 0x7f5a8807d540
2024-04-25T11:14:32.366 INFO:teuthology.orchestra.run.smithi080.stdout:/usr/bin/ceph: stderr
2024-04-25T11:14:31.544+0000 7f5a86d9d700 1 --2- >> [v2:172.21.15.80:3300/0,v1:172.21.15.80:6789/0] conn(0x7f5a8807d540 0x7f5a8810ea20 unknown :-1 s=BANNER_CONNECTING pgs=0 cs=0 l=0 rev1=0 crypto rx=0 tx=0 comp rx=0 tx=0)._handle_peer_banner_payload supported=3 required=0
2024-04-25T11:14:32.366 INFO:teuthology.orchestra.run.smithi080.stdout:/usr/bin/ceph: stderr
2024-04-25T11:14:31.544+0000 7f5a86d9d700 1 --2- >> [v2:172.21.15.80:3300/0,v1:172.21.15.80:6789/0] conn(0x7f5a8807d540 0x7f5a8810ea20 unknown :-1 s=HELLO_CONNECTING pgs=0 cs=0 l=0 rev1=1 crypto rx=0 tx=0 comp rx=0 tx=0).handle_hello peer v2:172.21.15.80:3300/0 says I am v2:172.21.15.80:43720/0 (socket says 172.21.15.80:43720)
2024-04-25T11:14:32.366 INFO:teuthology.orchestra.run.smithi080.stdout:/usr/bin/ceph: stderr
2024-04-25T11:14:31.544+0000 7f5a86d9d700 1 -- 172.21.15.80:0/2413781752 learned_addr learned my addr 172.21.15.80:0/2413781752 (peer_addr_for_me v2:172.21.15.80:0/0)
2024-04-25T11:14:32.366 INFO:teuthology.orchestra.run.smithi080.stdout:/usr/bin/ceph: stderr
2024-04-25T11:14:31.544+0000 7f5a86d9d700 1 -- 172.21.15.80:0/2413781752 --> [v2:172.21.15.80:3300/0,v1:172.21.15.80:6789/0] -- mon_subscribe({config=0+,monmap=0+}) -- 0x7f5a8810f0e0 con 0x7f5a8807d540
2024-04-25T11:14:32.367 INFO:teuthology.orchestra.run.smithi080.stdout:/usr/bin/ceph: stderr
2024-04-25T11:14:31.545+0000 7f5a86d9d700 1 --2- 172.21.15.80:0/2413781752 >> [v2:172.21.15.80:3300/0,v1:172.21.15.80:6789/0] conn(0x7f5a8807d540 0x7f5a8810ea20 secure :-1 s=READY pgs=39 cs=0 l=1 rev1=1 crypto rx=0x7f5a780098a0 tx=0x7f5a78009bb0 comp rx=0 tx=0).ready entity=mon.0 client_cookie=f21edb52472a67d7 server_cookie=0 in_seq=0 out_seq=0
2024-04-25T11:14:32.367 INFO:teuthology.orchestra.run.smithi080.stdout:/usr/bin/ceph: stderr
2024-04-25T11:14:31.545+0000 7f5a85d9b700 1 -- 172.21.15.80:0/2413781752 <== mon.0 v2:172.21.15.80:3300/0 1 ==== mon_map magic: 0 ==== 205+0+0 (secure 0 0 0) 0x7f5a78004160 con 0x7f5a8807d540
2024-04-25T11:14:32.367 INFO:teuthology.orchestra.run.smithi080.stdout:/usr/bin/ceph: stderr
2024-04-25T11:14:31.545+0000 7f5a85d9b700 1 -- 172.21.15.80:0/2413781752 <== mon.0 v2:172.21.15.80:3300/0 2 ==== config(26 keys) ==== 1070+0+0 (secure 0 0 0) 0x7f5a78004300 con 0x7f5a8807d540
2024-04-25T11:14:32.367 INFO:teuthology.orchestra.run.smithi080.stdout:/usr/bin/ceph: stderr
2024-04-25T11:14:31.545+0000 7f5a85d9b700 1 -- 172.21.15.80:0/2413781752 <== mon.0 v2:172.21.15.80:3300/0 3 ==== mon_map magic: 0 ==== 205+0+0 (secure 0 0 0) 0x7f5a78011af0 con 0x7f5a8807d540
2024-04-25T11:14:32.367 INFO:teuthology.orchestra.run.smithi080.stdout:/usr/bin/ceph: stderr
2024-04-25T11:14:31.546+0000 7f5a8d1fe700 1 -- 172.21.15.80:0/2413781752 >> [v2:172.21.15.80:3300/0,v1:172.21.15.80:6789/0] conn(0x7f5a8807d540 msgr2=0x7f5a8810ea20 secure :-1 s=STATE_CONNECTION_ESTABLISHED l=1).mark_down
2024-04-25T11:14:32.367 INFO:teuthology.orchestra.run.smithi080.stdout:/usr/bin/ceph: stderr
2024-04-25T11:14:31.546+0000 7f5a8d1fe700 1 --2- 172.21.15.80:0/2413781752 >> [v2:172.21.15.80:3300/0,v1:172.21.15.80:6789/0] conn(0x7f5a8807d540 0x7f5a8810ea20 secure :-1 s=READY pgs=39 cs=0 l=1 rev1=1 crypto rx=0x7f5a780098a0 tx=0x7f5a78009bb0 comp rx=0 tx=0).stop
2024-04-25T11:14:32.367 INFO:teuthology.orchestra.run.smithi080.stdout:/usr/bin/ceph: stderr
2024-04-25T11:14:31.546+0000 7f5a8d1fe700 1 -- 172.21.15.80:0/2413781752 shutdown_connections
2024-04-25T11:14:32.367 INFO:teuthology.orchestra.run.smithi080.stdout:/usr/bin/ceph: stderr
2024-04-25T11:14:31.546+0000 7f5a8d1fe700 1 --2- 172.21.15.80:0/2413781752 >> [v2:172.21.15.80:3300/0,v1:172.21.15.80:6789/0] conn(0x7f5a8807d540 0x7f5a8810ea20 unknown :-1 s=CLOSED pgs=39 cs=0 l=1 rev1=1 crypto rx=0 tx=0 comp rx=0 tx=0).stop
2024-04-25T11:14:32.367 INFO:teuthology.orchestra.run.smithi080.stdout:/usr/bin/ceph: stderr
2024-04-25T11:14:31.546+0000 7f5a8d1fe700 1 -- 172.21.15.80:0/2413781752 >> 172.21.15.80:0/2413781752 conn(0x7f5a88104030 msgr2=0x7f5a881064a0 unknown :-1 s=STATE_NONE l=0).mark_down
2024-04-25T11:14:32.367 INFO:teuthology.orchestra.run.smithi080.stdout:/usr/bin/ceph: stderr
2024-04-25T11:14:31.546+0000 7f5a8d1fe700 1 -- 172.21.15.80:0/2413781752 shutdown_connections
2024-04-25T11:14:32.367 INFO:teuthology.orchestra.run.smithi080.stdout:/usr/bin/ceph: stderr
2024-04-25T11:14:31.546+0000 7f5a8d1fe700 1 -- 172.21.15.80:0/2413781752 wait complete.
2024-04-25T11:14:32.367 INFO:teuthology.orchestra.run.smithi080.stdout:/usr/bin/ceph: stderr
2024-04-25T11:14:31.546+0000 7f5a8d1fe700 1 Processor -- start
2024-04-25T11:14:32.367 INFO:teuthology.orchestra.run.smithi080.stdout:/usr/bin/ceph: stderr
2024-04-25T11:14:31.547+0000 7f5a8d1fe700 1 -- start start
2024-04-25T11:14:32.367 INFO:teuthology.orchestra.run.smithi080.stdout:/usr/bin/ceph: stderr
2024-04-25T11:14:31.547+0000 7f5a8d1fe700 1 --2- >> [v2:172.21.15.80:3300/0,v1:172.21.15.80:6789/0] conn(0x7f5a8807d540 0x7f5a881a0060 unknown :-1 s=NONE pgs=0 cs=0 l=1 rev1=0 crypto rx=0 tx=0 comp rx=0 tx=0).connect
2024-04-25T11:14:32.368 INFO:teuthology.orchestra.run.smithi080.stdout:/usr/bin/ceph: stderr
2024-04-25T11:14:31.547+0000 7f5a8d1fe700 1 -- --> [v2:172.21.15.80:3300/0,v1:172.21.15.80:6789/0] -- mon_getmap magic: 0 -- 0x7f5a8810fff0 con 0x7f5a8807d540
2024-04-25T11:14:32.368 INFO:teuthology.orchestra.run.smithi080.stdout:/usr/bin/ceph: stderr
2024-04-25T11:14:31.547+0000 7f5a86d9d700 1 --2- >> [v2:172.21.15.80:3300/0,v1:172.21.15.80:6789/0] conn(0x7f5a8807d540 0x7f5a881a0060 unknown :-1 s=BANNER_CONNECTING pgs=0 cs=0 l=1 rev1=0 crypto rx=0 tx=0 comp rx=0 tx=0)._handle_peer_banner_payload supported=3 required=0
2024-04-25T11:14:32.368 INFO:teuthology.orchestra.run.smithi080.stdout:/usr/bin/ceph: stderr
2024-04-25T11:14:31.547+0000 7f5a86d9d700 1 --2- >> [v2:172.21.15.80:3300/0,v1:172.21.15.80:6789/0] conn(0x7f5a8807d540 0x7f5a881a0060 unknown :-1 s=HELLO_CONNECTING pgs=0 cs=0 l=1 rev1=1 crypto rx=0 tx=0 comp rx=0 tx=0).handle_hello peer v2:172.21.15.80:3300/0 says I am v2:172.21.15.80:43730/0 (socket says 172.21.15.80:43730)
2024-04-25T11:14:32.368 INFO:teuthology.orchestra.run.smithi080.stdout:/usr/bin/ceph: stderr
2024-04-25T11:14:31.547+0000 7f5a86d9d700 1 -- 172.21.15.80:0/250811585 learned_addr learned my addr 172.21.15.80:0/250811585 (peer_addr_for_me v2:172.21.15.80:0/0)
2024-04-25T11:14:32.368 INFO:teuthology.orchestra.run.smithi080.stdout:/usr/bin/ceph: stderr
2024-04-25T11:14:31.547+0000 7f5a86d9d700 1 -- 172.21.15.80:0/250811585 --> [v2:172.21.15.80:3300/0,v1:172.21.15.80:6789/0] -- mon_subscribe({config=0+,monmap=0+}) -- 0x7f5a881a05a0 con 0x7f5a8807d540
2024-04-25T11:14:32.368 INFO:teuthology.orchestra.run.smithi080.stdout:/usr/bin/ceph: stderr
2024-04-25T11:14:31.547+0000 7f5a86d9d700 1 --2- 172.21.15.80:0/250811585 >> [v2:172.21.15.80:3300/0,v1:172.21.15.80:6789/0] conn(0x7f5a8807d540 0x7f5a881a0060 secure :-1 s=READY pgs=40 cs=0 l=1 rev1=1 crypto rx=0x7f5a78009fb0 tx=0x7f5a78011940 comp rx=0 tx=0).ready entity=mon.0 client_cookie=0 server_cookie=0 in_seq=0 out_seq=0
2024-04-25T11:14:32.368 INFO:teuthology.orchestra.run.smithi080.stdout:/usr/bin/ceph: stderr
2024-04-25T11:14:31.548+0000 7f5a6ffff700 1 -- 172.21.15.80:0/250811585 <== mon.0 v2:172.21.15.80:3300/0 1 ==== mon_map magic: 0 ==== 205+0+0 (secure 0 0 0) 0x7f5a780036a0 con 0x7f5a8807d540
2024-04-25T11:14:32.368 INFO:teuthology.orchestra.run.smithi080.stdout:/usr/bin/ceph: stderr
2024-04-25T11:14:31.548+0000 7f5a8d1fe700 1 -- 172.21.15.80:0/250811585 --> [v2:172.21.15.80:3300/0,v1:172.21.15.80:6789/0] -- mon_subscribe({mgrmap=0+}) -- 0x7f5a881a0830 con 0x7f5a8807d540
2024-04-25T11:14:32.368 INFO:teuthology.orchestra.run.smithi080.stdout:/usr/bin/ceph: stderr
2024-04-25T11:14:31.548+0000 7f5a6ffff700 1 -- 172.21.15.80:0/250811585 <== mon.0 v2:172.21.15.80:3300/0 2 ==== config(26 keys) ==== 1070+0+0 (secure 0 0 0) 0x7f5a7801a430 con 0x7f5a8807d540
2024-04-25T11:14:32.368 INFO:teuthology.orchestra.run.smithi080.stdout:/usr/bin/ceph: stderr
2024-04-25T11:14:31.548+0000 7f5a6ffff700 1 -- 172.21.15.80:0/250811585 <== mon.0 v2:172.21.15.80:3300/0 3 ==== mon_map magic: 0 ==== 205+0+0 (secure 0 0 0) 0x7f5a78019550 con 0x7f5a8807d540
2024-04-25T11:14:32.368 INFO:teuthology.orchestra.run.smithi080.stdout:/usr/bin/ceph: stderr
2024-04-25T11:14:31.548+0000 7f5a8d1fe700 1 -- 172.21.15.80:0/250811585 --> [v2:172.21.15.80:3300/0,v1:172.21.15.80:6789/0] -- mon_subscribe({osdmap=0}) -- 0x7f5a881a3440 con 0x7f5a8807d540
2024-04-25T11:14:32.368 INFO:teuthology.orchestra.run.smithi080.stdout:/usr/bin/ceph: stderr
2024-04-25T11:14:31.549+0000 7f5a8d1fe700 1 -- 172.21.15.80:0/250811585 --> [v2:172.21.15.80:3300/0,v1:172.21.15.80:6789/0] -- mon_command({"prefix": "get_command_descriptions"} v 0) -- 0x7f5a88064cf0 con 0x7f5a8807d540
2024-04-25T11:14:32.368 INFO:teuthology.orchestra.run.smithi080.stdout:/usr/bin/ceph: stderr
2024-04-25T11:14:31.549+0000 7f5a6ffff700 1 -- 172.21.15.80:0/250811585 <== mon.0 v2:172.21.15.80:3300/0 4 ==== mgrmap(e 8) ==== 49516+0+0 (secure 0 0 0) 0x7f5a78019800 con 0x7f5a8807d540
2024-04-25T11:14:32.368 INFO:teuthology.orchestra.run.smithi080.stdout:/usr/bin/ceph: stderr
2024-04-25T11:14:31.549+0000 7f5a6ffff700 1 --2- 172.21.15.80:0/250811585 >> [v2:172.21.15.80:6800/2554689632,v1:172.21.15.80:6801/2554689632] conn(0x7f5a7003d570 0x7f5a7003fa80 unknown :-1 s=NONE pgs=0 cs=0 l=1 rev1=0 crypto rx=0 tx=0 comp rx=0 tx=0).connect
2024-04-25T11:14:32.368 INFO:teuthology.orchestra.run.smithi080.stdout:/usr/bin/ceph: stderr
2024-04-25T11:14:31.549+0000 7f5a6ffff700 1 -- 172.21.15.80:0/250811585 <== mon.0 v2:172.21.15.80:3300/0 5 ==== osd_map(2..2 src has 1..2) ==== 940+0+0 (secure 0 0 0) 0x7f5a78052690 con 0x7f5a8807d540
2024-04-25T11:14:32.369 INFO:teuthology.orchestra.run.smithi080.stdout:/usr/bin/ceph: stderr
2024-04-25T11:14:31.549+0000 7f5a8659c700 1 --2- 172.21.15.80:0/250811585 >> [v2:172.21.15.80:6800/2554689632,v1:172.21.15.80:6801/2554689632] conn(0x7f5a7003d570 0x7f5a7003fa80 unknown :-1 s=BANNER_CONNECTING pgs=0 cs=0 l=1 rev1=0 crypto rx=0 tx=0 comp rx=0 tx=0)._handle_peer_banner_payload supported=3 required=0
2024-04-25T11:14:32.369 INFO:teuthology.orchestra.run.smithi080.stdout:/usr/bin/ceph: stderr
2024-04-25T11:14:31.550+0000 7f5a8659c700 1 --2- 172.21.15.80:0/250811585 >> [v2:172.21.15.80:6800/2554689632,v1:172.21.15.80:6801/2554689632] conn(0x7f5a7003d570 0x7f5a7003fa80 secure :-1 s=READY pgs=8 cs=0 l=1 rev1=1 crypto rx=0x7f5a7c006fd0 tx=0x7f5a7c006e40 comp rx=0 tx=0).ready entity=mgr.14120 client_cookie=0 server_cookie=0 in_seq=0 out_seq=0
2024-04-25T11:14:32.369 INFO:teuthology.orchestra.run.smithi080.stdout:/usr/bin/ceph: stderr
2024-04-25T11:14:31.554+0000 7f5a6ffff700 1 -- 172.21.15.80:0/250811585 <== mon.0 v2:172.21.15.80:3300/0 6 ==== mon_command_ack([{"prefix": "get_command_descriptions"}]=0 v0) ==== 72+0+188370 (secure 0 0 0) 0x7f5a78017e90 con 0x7f5a8807d540
2024-04-25T11:14:32.369 INFO:teuthology.orchestra.run.smithi080.stdout:/usr/bin/ceph: stderr
2024-04-25T11:14:31.749+0000 7f5a8d1fe700 1 -- 172.21.15.80:0/250811585 --> [v2:172.21.15.80:6800/2554689632,v1:172.21.15.80:6801/2554689632] -- mgr_command(tid 0: {"prefix": "cephadm set-user", "user": "root", "target": ["mon-mgr", ""]}) -- 0x7f5a881050b0 con 0x7f5a7003d570
2024-04-25T11:14:32.369 INFO:teuthology.orchestra.run.smithi080.stdout:/usr/bin/ceph: stderr
2024-04-25T11:14:31.750+0000 7f5a6ffff700 1 -- 172.21.15.80:0/250811585 <== mgr.14120 v2:172.21.15.80:6800/2554689632 1 ==== mgr_command_reply(tid 0: 0 ) ==== 8+0+16 (secure 0 0 0) 0x7f5a881050b0 con 0x7f5a7003d570
2024-04-25T11:14:32.369 INFO:teuthology.orchestra.run.smithi080.stdout:/usr/bin/ceph: stderr
2024-04-25T11:14:31.753+0000 7f5a8d1fe700 1 -- 172.21.15.80:0/250811585 >> [v2:172.21.15.80:6800/2554689632,v1:172.21.15.80:6801/2554689632] conn(0x7f5a7003d570 msgr2=0x7f5a7003fa80 secure :-1 s=STATE_CONNECTION_ESTABLISHED l=1).mark_down
2024-04-25T11:14:32.369 INFO:teuthology.orchestra.run.smithi080.stdout:/usr/bin/ceph: stderr
2024-04-25T11:14:31.753+0000 7f5a8d1fe700 1 --2- 172.21.15.80:0/250811585 >> [v2:172.21.15.80:6800/2554689632,v1:172.21.15.80:6801/2554689632] conn(0x7f5a7003d570 0x7f5a7003fa80 secure :-1 s=READY pgs=8 cs=0 l=1 rev1=1 crypto rx=0x7f5a7c006fd0 tx=0x7f5a7c006e40 comp rx=0 tx=0).stop
2024-04-25T11:14:32.369 INFO:teuthology.orchestra.run.smithi080.stdout:/usr/bin/ceph: stderr
2024-04-25T11:14:31.753+0000 7f5a8d1fe700 1 -- 172.21.15.80:0/250811585 >> [v2:172.21.15.80:3300/0,v1:172.21.15.80:6789/0] conn(0x7f5a8807d540 msgr2=0x7f5a881a0060 secure :-1 s=STATE_CONNECTION_ESTABLISHED l=1).mark_down
2024-04-25T11:14:32.369 INFO:teuthology.orchestra.run.smithi080.stdout:/usr/bin/ceph: stderr
2024-04-25T11:14:31.753+0000 7f5a8d1fe700 1 --2- 172.21.15.80:0/250811585 >> [v2:172.21.15.80:3300/0,v1:172.21.15.80:6789/0] conn(0x7f5a8807d540 0x7f5a881a0060 secure :-1 s=READY pgs=40 cs=0 l=1 rev1=1 crypto rx=0x7f5a78009fb0 tx=0x7f5a78011940 comp rx=0 tx=0).stop
2024-04-25T11:14:32.369 INFO:teuthology.orchestra.run.smithi080.stdout:/usr/bin/ceph: stderr
2024-04-25T11:14:31.753+0000 7f5a8d1fe700 1 -- 172.21.15.80:0/250811585 shutdown_connections
2024-04-25T11:14:32.369 INFO:teuthology.orchestra.run.smithi080.stdout:/usr/bin/ceph: stderr
2024-04-25T11:14:31.753+0000 7f5a8d1fe700 1 --2- 172.21.15.80:0/250811585 >> [v2:172.21.15.80:6800/2554689632,v1:172.21.15.80:6801/2554689632] conn(0x7f5a7003d570 0x7f5a7003fa80 unknown :-1 s=CLOSED pgs=8 cs=0 l=1 rev1=1 crypto rx=0 tx=0 comp rx=0 tx=0).stop
2024-04-25T11:14:32.369 INFO:teuthology.orchestra.run.smithi080.stdout:/usr/bin/ceph: stderr
2024-04-25T11:14:31.753+0000 7f5a8d1fe700 1 --2- 172.21.15.80:0/250811585 >> [v2:172.21.15.80:3300/0,v1:172.21.15.80:6789/0] conn(0x7f5a8807d540 0x7f5a881a0060 unknown :-1 s=CLOSED pgs=40 cs=0 l=1 rev1=1 crypto rx=0 tx=0 comp rx=0 tx=0).stop
2024-04-25T11:14:32.369 INFO:teuthology.orchestra.run.smithi080.stdout:/usr/bin/ceph: stderr
2024-04-25T11:14:31.753+0000 7f5a8d1fe700 1 -- 172.21.15.80:0/250811585 >> 172.21.15.80:0/250811585 conn(0x7f5a88104030 msgr2=0x7f5a88104940 unknown :-1 s=STATE_NONE l=0).mark_down
2024-04-25T11:14:32.369 INFO:teuthology.orchestra.run.smithi080.stdout:/usr/bin/ceph: stderr
2024-04-25T11:14:31.753+0000 7f5a8d1fe700 1 -- 172.21.15.80:0/250811585 shutdown_connections
2024-04-25T11:14:32.369 INFO:teuthology.orchestra.run.smithi080.stdout:/usr/bin/ceph: stderr
2024-04-25T11:14:31.753+0000 7f5a8d1fe700 1 -- 172.21.15.80:0/250811585 wait complete.
2024-04-25T11:14:32.370 INFO:teuthology.orchestra.run.smithi080.stdout:Generating ssh key...
2024-04-25T11:14:33.522 INFO:journalctl@ceph.mon.a.smithi080.stdout:Apr 25 11:14:33 smithi080 ceph-mon[29126]: from='client.14134 -' entity='client.admin' cmd=[{"prefix": "cephadm set-user", "user": "root", "target": ["mon-mgr", ""]}]: dispatch
2024-04-25T11:14:33.523 INFO:journalctl@ceph.mon.a.smithi080.stdout:Apr 25 11:14:33 smithi080 ceph-mon[29126]: from='mgr.14120 172.21.15.80:0/3195303374' entity='mgr.x'
2024-04-25T11:14:33.523 INFO:journalctl@ceph.mon.a.smithi080.stdout:Apr 25 11:14:33 smithi080 ceph-mon[29126]: from='mgr.14120 172.21.15.80:0/3195303374' entity='mgr.x'
2024-04-25T11:14:33.523 INFO:journalctl@ceph.mgr.x.smithi080.stdout:Apr 25 11:14:33 smithi080 ceph-bba277ec-02f4-11ef-bc93-c7b262605968-mgr-x[29355]: Generating public/private rsa key pair.
2024-04-25T11:14:33.523 INFO:journalctl@ceph.mgr.x.smithi080.stdout:Apr 25 11:14:33 smithi080 ceph-bba277ec-02f4-11ef-bc93-c7b262605968-mgr-x[29355]: Your identification has been saved in /tmp/tmpf_8fc3ym/key.
2024-04-25T11:14:33.523 INFO:journalctl@ceph.mgr.x.smithi080.stdout:Apr 25 11:14:33 smithi080 ceph-bba277ec-02f4-11ef-bc93-c7b262605968-mgr-x[29355]: Your public key has been saved in /tmp/tmpf_8fc3ym/key.pub.
2024-04-25T11:14:33.523 INFO:journalctl@ceph.mgr.x.smithi080.stdout:Apr 25 11:14:33 smithi080 ceph-bba277ec-02f4-11ef-bc93-c7b262605968-mgr-x[29355]: The key fingerprint is:
2024-04-25T11:14:33.523 INFO:journalctl@ceph.mgr.x.smithi080.stdout:Apr 25 11:14:33 smithi080 ceph-bba277ec-02f4-11ef-bc93-c7b262605968-mgr-x[29355]: SHA256:/I+tHs+mxCXx4B0C7xRXX9sttppHGRfWZ/GyiQFlM1Y ceph-bba277ec-02f4-11ef-bc93-c7b262605968
2024-04-25T11:14:33.523 INFO:journalctl@ceph.mgr.x.smithi080.stdout:Apr 25 11:14:33 smithi080 ceph-bba277ec-02f4-11ef-bc93-c7b262605968-mgr-x[29355]: The key's randomart image is:
2024-04-25T11:14:33.523 INFO:journalctl@ceph.mgr.x.smithi080.stdout:Apr 25 11:14:33 smithi080 ceph-bba277ec-02f4-11ef-bc93-c7b262605968-mgr-x[29355]: +---[RSA 3072]----+
2024-04-25T11:14:33.524 INFO:journalctl@ceph.mgr.x.smithi080.stdout:Apr 25 11:14:33 smithi080 ceph-bba277ec-02f4-11ef-bc93-c7b262605968-mgr-x[29355]: | . o.BoE++|
2024-04-25T11:14:33.524 INFO:journalctl@ceph.mgr.x.smithi080.stdout:Apr 25 11:14:33 smithi080 ceph-bba277ec-02f4-11ef-bc93-c7b262605968-mgr-x[29355]: | o * o..@|
2024-04-25T11:14:33.524 INFO:journalctl@ceph.mgr.x.smithi080.stdout:Apr 25 11:14:33 smithi080 ceph-bba277ec-02f4-11ef-bc93-c7b262605968-mgr-x[29355]: | * o =oB|
2024-04-25T11:14:33.524 INFO:journalctl@ceph.mgr.x.smithi080.stdout:Apr 25 11:14:33 smithi080 ceph-bba277ec-02f4-11ef-bc93-c7b262605968-mgr-x[29355]: | . + * = X |
2024-04-25T11:14:33.524 INFO:journalctl@ceph.mgr.x.smithi080.stdout:Apr 25 11:14:33 smithi080 ceph-bba277ec-02f4-11ef-bc93-c7b262605968-mgr-x[29355]: | S + = * |
2024-04-25T11:14:33.524 INFO:journalctl@ceph.mgr.x.smithi080.stdout:Apr 25 11:14:33 smithi080 ceph-bba277ec-02f4-11ef-bc93-c7b262605968-mgr-x[29355]: | o o + |
2024-04-25T11:14:33.524 INFO:journalctl@ceph.mgr.x.smithi080.stdout:Apr 25 11:14:33 smithi080 ceph-bba277ec-02f4-11ef-bc93-c7b262605968-mgr-x[29355]: | = o . |
2024-04-25T11:14:33.524 INFO:journalctl@ceph.mgr.x.smithi080.stdout:Apr 25 11:14:33 smithi080 ceph-bba277ec-02f4-11ef-bc93-c7b262605968-mgr-x[29355]: | . B.. |
2024-04-25T11:14:33.524 INFO:journalctl@ceph.mgr.x.smithi080.stdout:Apr 25 11:14:33 smithi080 ceph-bba277ec-02f4-11ef-bc93-c7b262605968-mgr-x[29355]: | .=+= |
2024-04-25T11:14:33.524 INFO:journalctl@ceph.mgr.x.smithi080.stdout:Apr 25 11:14:33 smithi080 ceph-bba277ec-02f4-11ef-bc93-c7b262605968-mgr-x[29355]: +----[SHA256]-----+
2024-04-25T11:14:33.850 INFO:teuthology.orchestra.run.smithi080.stdout:/usr/bin/ceph: stderr
2024-04-25T11:14:32.744+0000 7f5ec608d700 1 Processor -- start
2024-04-25T11:14:33.850 INFO:teuthology.orchestra.run.smithi080.stdout:/usr/bin/ceph: stderr
2024-04-25T11:14:32.744+0000 7f5ec608d700 1 -- start start
2024-04-25T11:14:33.850 INFO:teuthology.orchestra.run.smithi080.stdout:/usr/bin/ceph: stderr
2024-04-25T11:14:32.744+0000 7f5ec608d700 1 --2- >> [v2:172.21.15.80:3300/0,v1:172.21.15.80:6789/0] conn(0x7f5ec01089b0 0x7f5ec0108dc0 unknown :-1 s=NONE pgs=0 cs=0 l=0 rev1=0 crypto rx=0 tx=0 comp rx=0 tx=0).connect
2024-04-25T11:14:33.851 INFO:teuthology.orchestra.run.smithi080.stdout:/usr/bin/ceph: stderr
2024-04-25T11:14:32.744+0000 7f5ec608d700 1 -- --> [v2:172.21.15.80:3300/0,v1:172.21.15.80:6789/0] -- mon_getmap magic: 0 -- 0x7f5ec01093b0 con 0x7f5ec01089b0
2024-04-25T11:14:33.851 INFO:teuthology.orchestra.run.smithi080.stdout:/usr/bin/ceph: stderr
2024-04-25T11:14:32.744+0000 7f5ebf7fe700 1 --2- >> [v2:172.21.15.80:3300/0,v1:172.21.15.80:6789/0] conn(0x7f5ec01089b0 0x7f5ec0108dc0 unknown :-1 s=BANNER_CONNECTING pgs=0 cs=0 l=0 rev1=0 crypto rx=0 tx=0 comp rx=0 tx=0)._handle_peer_banner_payload supported=3 required=0
2024-04-25T11:14:33.851 INFO:teuthology.orchestra.run.smithi080.stdout:/usr/bin/ceph: stderr
2024-04-25T11:14:32.745+0000 7f5ebf7fe700 1 --2- >> [v2:172.21.15.80:3300/0,v1:172.21.15.80:6789/0] conn(0x7f5ec01089b0 0x7f5ec0108dc0 unknown :-1 s=HELLO_CONNECTING pgs=0 cs=0 l=0 rev1=1 crypto rx=0 tx=0 comp rx=0 tx=0).handle_hello peer v2:172.21.15.80:3300/0 says I am v2:172.21.15.80:43738/0 (socket says 172.21.15.80:43738)
2024-04-25T11:14:33.851 INFO:teuthology.orchestra.run.smithi080.stdout:/usr/bin/ceph: stderr
2024-04-25T11:14:32.745+0000 7f5ebf7fe700 1 -- 172.21.15.80:0/3501968389 learned_addr learned my addr 172.21.15.80:0/3501968389 (peer_addr_for_me v2:172.21.15.80:0/0)
2024-04-25T11:14:33.851 INFO:teuthology.orchestra.run.smithi080.stdout:/usr/bin/ceph: stderr
2024-04-25T11:14:32.745+0000 7f5ebf7fe700 1 -- 172.21.15.80:0/3501968389 --> [v2:172.21.15.80:3300/0,v1:172.21.15.80:6789/0] -- mon_subscribe({config=0+,monmap=0+}) -- 0x7f5ec0109ae0 con 0x7f5ec01089b0
2024-04-25T11:14:33.851 INFO:teuthology.orchestra.run.smithi080.stdout:/usr/bin/ceph: stderr
2024-04-25T11:14:32.745+0000 7f5ebf7fe700 1 --2- 172.21.15.80:0/3501968389 >> [v2:172.21.15.80:3300/0,v1:172.21.15.80:6789/0] conn(0x7f5ec01089b0 0x7f5ec0108dc0 secure :-1 s=READY pgs=41 cs=0 l=1 rev1=1 crypto rx=0x7f5eb00098a0 tx=0x7f5eb0009bb0 comp rx=0 tx=0).ready entity=mon.0 client_cookie=d67e3a7098692ad server_cookie=0 in_seq=0 out_seq=0
2024-04-25T11:14:33.851 INFO:teuthology.orchestra.run.smithi080.stdout:/usr/bin/ceph: stderr
2024-04-25T11:14:32.745+0000 7f5ebeffd700 1 -- 172.21.15.80:0/3501968389 <== mon.0 v2:172.21.15.80:3300/0 1 ==== mon_map magic: 0 ==== 205+0+0 (secure 0 0 0) 0x7f5eb0004160 con 0x7f5ec01089b0
2024-04-25T11:14:33.851 INFO:teuthology.orchestra.run.smithi080.stdout:/usr/bin/ceph: stderr
2024-04-25T11:14:32.745+0000 7f5ebeffd700 1 -- 172.21.15.80:0/3501968389 <== mon.0 v2:172.21.15.80:3300/0 2 ==== config(26 keys) ==== 1070+0+0 (secure 0 0 0) 0x7f5eb0004300 con 0x7f5ec01089b0
2024-04-25T11:14:33.852 INFO:teuthology.orchestra.run.smithi080.stdout:/usr/bin/ceph: stderr
2024-04-25T11:14:32.745+0000 7f5ebeffd700 1 -- 172.21.15.80:0/3501968389 <== mon.0 v2:172.21.15.80:3300/0 3 ==== mon_map magic: 0 ==== 205+0+0 (secure 0 0 0) 0x7f5eb0011af0 con 0x7f5ec01089b0
2024-04-25T11:14:33.852 INFO:teuthology.orchestra.run.smithi080.stdout:/usr/bin/ceph: stderr
2024-04-25T11:14:32.746+0000 7f5ec608d700 1 -- 172.21.15.80:0/3501968389 >> [v2:172.21.15.80:3300/0,v1:172.21.15.80:6789/0] conn(0x7f5ec01089b0 msgr2=0x7f5ec0108dc0 secure :-1 s=STATE_CONNECTION_ESTABLISHED l=1).mark_down
2024-04-25T11:14:33.852 INFO:teuthology.orchestra.run.smithi080.stdout:/usr/bin/ceph: stderr
2024-04-25T11:14:32.746+0000 7f5ec608d700 1 --2- 172.21.15.80:0/3501968389 >> [v2:172.21.15.80:3300/0,v1:172.21.15.80:6789/0] conn(0x7f5ec01089b0 0x7f5ec0108dc0 secure :-1 s=READY pgs=41 cs=0 l=1 rev1=1 crypto rx=0x7f5eb00098a0 tx=0x7f5eb0009bb0 comp rx=0 tx=0).stop
2024-04-25T11:14:33.852 INFO:teuthology.orchestra.run.smithi080.stdout:/usr/bin/ceph: stderr
2024-04-25T11:14:32.746+0000 7f5ec608d700 1 -- 172.21.15.80:0/3501968389 shutdown_connections
2024-04-25T11:14:33.852 INFO:teuthology.orchestra.run.smithi080.stdout:/usr/bin/ceph: stderr
