2024-04-25T11:16:17.010 INFO:teuthology.orchestra.run.smithi069.stdout:/usr/bin/ceph: stderr
2024-04-25T11:16:12.088+0000 7f142b7fe700 1 -- 172.21.15.69:0/2222143913 --> [v2:172.21.15.69:3300/0,v1:172.21.15.69:6789/0] -- mon_subscribe({config=0+,monmap=0+}) -- 0x7f142c10cba0 con 0x7f142c07ccf0
2024-04-25T11:16:17.011 INFO:teuthology.orchestra.run.smithi069.stdout:/usr/bin/ceph: stderr
2024-04-25T11:16:12.088+0000 7f142b7fe700 1 --2- 172.21.15.69:0/2222143913 >> [v2:172.21.15.69:3300/0,v1:172.21.15.69:6789/0] conn(0x7f142c07ccf0 0x7f142c10c410 secure :-1 s=READY pgs=45 cs=0 l=1 rev1=1 crypto rx=0x7f141c0098a0 tx=0x7f141c009bb0 comp rx=0 tx=0).ready entity=mon.0 client_cookie=520d9d2caf5f542 server_cookie=0 in_seq=0 out_seq=0
2024-04-25T11:16:17.011 INFO:teuthology.orchestra.run.smithi069.stdout:/usr/bin/ceph: stderr
2024-04-25T11:16:12.088+0000 7f142affd700 1 -- 172.21.15.69:0/2222143913 <== mon.0 v2:172.21.15.69:3300/0 1 ==== mon_map magic: 0 ==== 205+0+0 (secure 0 0 0) 0x7f141c004160 con 0x7f142c07ccf0
2024-04-25T11:16:17.011 INFO:teuthology.orchestra.run.smithi069.stdout:/usr/bin/ceph: stderr
2024-04-25T11:16:12.088+0000 7f142affd700 1 -- 172.21.15.69:0/2222143913 <== mon.0 v2:172.21.15.69:3300/0 2 ==== config(25 keys) ==== 1032+0+0 (secure 0 0 0) 0x7f141c004300 con 0x7f142c07ccf0
2024-04-25T11:16:17.011 INFO:teuthology.orchestra.run.smithi069.stdout:/usr/bin/ceph: stderr
2024-04-25T11:16:12.088+0000 7f142affd700 1 -- 172.21.15.69:0/2222143913 <== mon.0 v2:172.21.15.69:3300/0 3 ==== mon_map magic: 0 ==== 205+0+0 (secure 0 0 0) 0x7f141c0119e0 con 0x7f142c07ccf0
2024-04-25T11:16:17.011 INFO:teuthology.orchestra.run.smithi069.stdout:/usr/bin/ceph: stderr
2024-04-25T11:16:12.089+0000 7f1432240700 1 -- 172.21.15.69:0/2222143913 >> [v2:172.21.15.69:3300/0,v1:172.21.15.69:6789/0] conn(0x7f142c07ccf0 msgr2=0x7f142c10c410 secure :-1 s=STATE_CONNECTION_ESTABLISHED l=1).mark_down
2024-04-25T11:16:17.011 INFO:teuthology.orchestra.run.smithi069.stdout:/usr/bin/ceph: stderr
2024-04-25T11:16:12.089+0000 7f1432240700 1 --2- 172.21.15.69:0/2222143913 >> [v2:172.21.15.69:3300/0,v1:172.21.15.69:6789/0] conn(0x7f142c07ccf0 0x7f142c10c410 secure :-1 s=READY pgs=45 cs=0 l=1 rev1=1 crypto rx=0x7f141c0098a0 tx=0x7f141c009bb0 comp rx=0 tx=0).stop
2024-04-25T11:16:17.011 INFO:teuthology.orchestra.run.smithi069.stdout:/usr/bin/ceph: stderr
2024-04-25T11:16:12.089+0000 7f1432240700 1 -- 172.21.15.69:0/2222143913 shutdown_connections
2024-04-25T11:16:17.011 INFO:teuthology.orchestra.run.smithi069.stdout:/usr/bin/ceph: stderr
2024-04-25T11:16:12.089+0000 7f1432240700 1 --2- 172.21.15.69:0/2222143913 >> [v2:172.21.15.69:3300/0,v1:172.21.15.69:6789/0] conn(0x7f142c07ccf0 0x7f142c10c410 unknown :-1 s=CLOSED pgs=45 cs=0 l=1 rev1=1 crypto rx=0 tx=0 comp rx=0 tx=0).stop
2024-04-25T11:16:17.011 INFO:teuthology.orchestra.run.smithi069.stdout:/usr/bin/ceph: stderr
2024-04-25T11:16:12.089+0000 7f1432240700 1 -- 172.21.15.69:0/2222143913 >> 172.21.15.69:0/2222143913 conn(0x7f142c103ee0 msgr2=0x7f142c106330 unknown :-1 s=STATE_NONE l=0).mark_down
2024-04-25T11:16:17.011 INFO:teuthology.orchestra.run.smithi069.stdout:/usr/bin/ceph: stderr
2024-04-25T11:16:12.089+0000 7f1432240700 1 -- 172.21.15.69:0/2222143913 shutdown_connections
2024-04-25T11:16:17.011 INFO:teuthology.orchestra.run.smithi069.stdout:/usr/bin/ceph: stderr
2024-04-25T11:16:12.089+0000 7f1432240700 1 -- 172.21.15.69:0/2222143913 wait complete.
2024-04-25T11:16:17.011 INFO:teuthology.orchestra.run.smithi069.stdout:/usr/bin/ceph: stderr
2024-04-25T11:16:12.090+0000 7f1432240700 1 Processor -- start
2024-04-25T11:16:17.011 INFO:teuthology.orchestra.run.smithi069.stdout:/usr/bin/ceph: stderr
2024-04-25T11:16:12.090+0000 7f1432240700 1 -- start start
2024-04-25T11:16:17.011 INFO:teuthology.orchestra.run.smithi069.stdout:/usr/bin/ceph: stderr
2024-04-25T11:16:12.090+0000 7f1432240700 1 --2- >> [v2:172.21.15.69:3300/0,v1:172.21.15.69:6789/0] conn(0x7f142c07ccf0 0x7f142c19daf0 unknown :-1 s=NONE pgs=0 cs=0 l=1 rev1=0 crypto rx=0 tx=0 comp rx=0 tx=0).connect
2024-04-25T11:16:17.011 INFO:teuthology.orchestra.run.smithi069.stdout:/usr/bin/ceph: stderr
2024-04-25T11:16:12.090+0000 7f1432240700 1 -- --> [v2:172.21.15.69:3300/0,v1:172.21.15.69:6789/0] -- mon_getmap magic: 0 -- 0x7f142c10db50 con 0x7f142c07ccf0
2024-04-25T11:16:17.012 INFO:teuthology.orchestra.run.smithi069.stdout:/usr/bin/ceph: stderr
2024-04-25T11:16:12.090+0000 7f142b7fe700 1 --2- >> [v2:172.21.15.69:3300/0,v1:172.21.15.69:6789/0] conn(0x7f142c07ccf0 0x7f142c19daf0 unknown :-1 s=BANNER_CONNECTING pgs=0 cs=0 l=1 rev1=0 crypto rx=0 tx=0 comp rx=0 tx=0)._handle_peer_banner_payload supported=3 required=0
2024-04-25T11:16:17.012 INFO:teuthology.orchestra.run.smithi069.stdout:/usr/bin/ceph: stderr
2024-04-25T11:16:12.090+0000 7f142b7fe700 1 --2- >> [v2:172.21.15.69:3300/0,v1:172.21.15.69:6789/0] conn(0x7f142c07ccf0 0x7f142c19daf0 unknown :-1 s=HELLO_CONNECTING pgs=0 cs=0 l=1 rev1=1 crypto rx=0 tx=0 comp rx=0 tx=0).handle_hello peer v2:172.21.15.69:3300/0 says I am v2:172.21.15.69:35480/0 (socket says 172.21.15.69:35480)
2024-04-25T11:16:17.012 INFO:teuthology.orchestra.run.smithi069.stdout:/usr/bin/ceph: stderr
2024-04-25T11:16:12.090+0000 7f142b7fe700 1 -- 172.21.15.69:0/1744755203 learned_addr learned my addr 172.21.15.69:0/1744755203 (peer_addr_for_me v2:172.21.15.69:0/0)
2024-04-25T11:16:17.012 INFO:teuthology.orchestra.run.smithi069.stdout:/usr/bin/ceph: stderr
2024-04-25T11:16:12.091+0000 7f142b7fe700 1 -- 172.21.15.69:0/1744755203 --> [v2:172.21.15.69:3300/0,v1:172.21.15.69:6789/0] -- mon_subscribe({config=0+,monmap=0+}) -- 0x7f142c19e030 con 0x7f142c07ccf0
2024-04-25T11:16:17.012 INFO:teuthology.orchestra.run.smithi069.stdout:/usr/bin/ceph: stderr
2024-04-25T11:16:12.091+0000 7f142b7fe700 1 --2- 172.21.15.69:0/1744755203 >> [v2:172.21.15.69:3300/0,v1:172.21.15.69:6789/0] conn(0x7f142c07ccf0 0x7f142c19daf0 secure :-1 s=READY pgs=46 cs=0 l=1 rev1=1 crypto rx=0x7f141c0116a0 tx=0x7f141c011a60 comp rx=0 tx=0).ready entity=mon.0 client_cookie=0 server_cookie=0 in_seq=0 out_seq=0
2024-04-25T11:16:17.012 INFO:teuthology.orchestra.run.smithi069.stdout:/usr/bin/ceph: stderr
2024-04-25T11:16:12.091+0000 7f14297fa700 1 -- 172.21.15.69:0/1744755203 <== mon.0 v2:172.21.15.69:3300/0 1 ==== mon_map magic: 0 ==== 205+0+0 (secure 0 0 0) 0x7f141c0039f0 con 0x7f142c07ccf0
2024-04-25T11:16:17.012 INFO:teuthology.orchestra.run.smithi069.stdout:/usr/bin/ceph: stderr
2024-04-25T11:16:12.091+0000 7f1432240700 1 -- 172.21.15.69:0/1744755203 --> [v2:172.21.15.69:3300/0,v1:172.21.15.69:6789/0] -- mon_subscribe({mgrmap=0+}) -- 0x7f142c19e2c0 con 0x7f142c07ccf0
2024-04-25T11:16:17.012 INFO:teuthology.orchestra.run.smithi069.stdout:/usr/bin/ceph: stderr
2024-04-25T11:16:12.091+0000 7f14297fa700 1 -- 172.21.15.69:0/1744755203 <== mon.0 v2:172.21.15.69:3300/0 2 ==== config(25 keys) ==== 1032+0+0 (secure 0 0 0) 0x7f141c003b90 con 0x7f142c07ccf0
2024-04-25T11:16:17.012 INFO:teuthology.orchestra.run.smithi069.stdout:/usr/bin/ceph: stderr
2024-04-25T11:16:12.091+0000 7f14297fa700 1 -- 172.21.15.69:0/1744755203 <== mon.0 v2:172.21.15.69:3300/0 3 ==== mon_map magic: 0 ==== 205+0+0 (secure 0 0 0) 0x7f141c01a600 con 0x7f142c07ccf0
2024-04-25T11:16:17.012 INFO:teuthology.orchestra.run.smithi069.stdout:/usr/bin/ceph: stderr
2024-04-25T11:16:12.091+0000 7f1432240700 1 -- 172.21.15.69:0/1744755203 --> [v2:172.21.15.69:3300/0,v1:172.21.15.69:6789/0] -- mon_subscribe({osdmap=0}) -- 0x7f142c1a0ed0 con 0x7f142c07ccf0
2024-04-25T11:16:17.012 INFO:teuthology.orchestra.run.smithi069.stdout:/usr/bin/ceph: stderr
2024-04-25T11:16:12.092+0000 7f1432240700 1 -- 172.21.15.69:0/1744755203 --> [v2:172.21.15.69:3300/0,v1:172.21.15.69:6789/0] -- mon_command({"prefix": "get_command_descriptions"} v 0) -- 0x7f142c064cf0 con 0x7f142c07ccf0
2024-04-25T11:16:17.012 INFO:teuthology.orchestra.run.smithi069.stdout:/usr/bin/ceph: stderr
2024-04-25T11:16:12.092+0000 7f14297fa700 1 -- 172.21.15.69:0/1744755203 <== mon.0 v2:172.21.15.69:3300/0 4 ==== mgrmap(e 8) ==== 49516+0+0 (secure 0 0 0) 0x7f141c01a900 con 0x7f142c07ccf0
2024-04-25T11:16:17.012 INFO:teuthology.orchestra.run.smithi069.stdout:/usr/bin/ceph: stderr
2024-04-25T11:16:12.092+0000 7f14297fa700 1 --2- 172.21.15.69:0/1744755203 >> [v2:172.21.15.69:6800/1097124842,v1:172.21.15.69:6801/1097124842] conn(0x7f141803d5e0 0x7f141803faf0 unknown :-1 s=NONE pgs=0 cs=0 l=1 rev1=0 crypto rx=0 tx=0 comp rx=0 tx=0).connect
2024-04-25T11:16:17.012 INFO:teuthology.orchestra.run.smithi069.stdout:/usr/bin/ceph: stderr
2024-04-25T11:16:12.092+0000 7f14297fa700 1 -- 172.21.15.69:0/1744755203 <== mon.0 v2:172.21.15.69:3300/0 5 ==== osd_map(2..2 src has 1..2) ==== 940+0+0 (secure 0 0 0) 0x7f141c052a60 con 0x7f142c07ccf0
2024-04-25T11:16:17.013 INFO:teuthology.orchestra.run.smithi069.stdout:/usr/bin/ceph: stderr
2024-04-25T11:16:12.092+0000 7f1422ffd700 1 --2- 172.21.15.69:0/1744755203 >> [v2:172.21.15.69:6800/1097124842,v1:172.21.15.69:6801/1097124842] conn(0x7f141803d5e0 0x7f141803faf0 unknown :-1 s=BANNER_CONNECTING pgs=0 cs=0 l=1 rev1=0 crypto rx=0 tx=0 comp rx=0 tx=0)._handle_peer_banner_payload supported=3 required=0
2024-04-25T11:16:17.013 INFO:teuthology.orchestra.run.smithi069.stdout:/usr/bin/ceph: stderr
2024-04-25T11:16:12.093+0000 7f1422ffd700 1 --2- 172.21.15.69:0/1744755203 >> [v2:172.21.15.69:6800/1097124842,v1:172.21.15.69:6801/1097124842] conn(0x7f141803d5e0 0x7f141803faf0 secure :-1 s=READY pgs=11 cs=0 l=1 rev1=1 crypto rx=0x7f1414006fd0 tx=0x7f1414006e40 comp rx=0 tx=0).ready entity=mgr.14120 client_cookie=0 server_cookie=0 in_seq=0 out_seq=0
2024-04-25T11:16:17.013 INFO:teuthology.orchestra.run.smithi069.stdout:/usr/bin/ceph: stderr
2024-04-25T11:16:12.097+0000 7f14297fa700 1 -- 172.21.15.69:0/1744755203 <== mon.0 v2:172.21.15.69:3300/0 6 ==== mon_command_ack([{"prefix": "get_command_descriptions"}]=0 v0) ==== 72+0+188370 (secure 0 0 0) 0x7f141c02c350 con 0x7f142c07ccf0
2024-04-25T11:16:17.013 INFO:teuthology.orchestra.run.smithi069.stdout:/usr/bin/ceph: stderr
2024-04-25T11:16:12.300+0000 7f1432240700 1 -- 172.21.15.69:0/1744755203 --> [v2:172.21.15.69:6800/1097124842,v1:172.21.15.69:6801/1097124842] -- mgr_command(tid 0: {"prefix": "orch host add", "hostname": "smithi069", "addr": "172.21.15.69", "target": ["mon-mgr", ""]}) -- 0x7f142c105f30 con 0x7f141803d5e0
2024-04-25T11:16:17.013 INFO:teuthology.orchestra.run.smithi069.stdout:/usr/bin/ceph: stderr
2024-04-25T11:16:16.381+0000 7f14297fa700 1 -- 172.21.15.69:0/1744755203 <== mgr.14120 v2:172.21.15.69:6800/1097124842 1 ==== mgr_command_reply(tid 0: 0 ) ==== 8+0+48 (secure 0 0 0) 0x7f142c105f30 con 0x7f141803d5e0
2024-04-25T11:16:17.013 INFO:teuthology.orchestra.run.smithi069.stdout:/usr/bin/ceph: stderr
2024-04-25T11:16:16.384+0000 7f1432240700 1 -- 172.21.15.69:0/1744755203 >> [v2:172.21.15.69:6800/1097124842,v1:172.21.15.69:6801/1097124842] conn(0x7f141803d5e0 msgr2=0x7f141803faf0 secure :-1 s=STATE_CONNECTION_ESTABLISHED l=1).mark_down
2024-04-25T11:16:17.013 INFO:teuthology.orchestra.run.smithi069.stdout:/usr/bin/ceph: stderr
2024-04-25T11:16:16.384+0000 7f1432240700 1 --2- 172.21.15.69:0/1744755203 >> [v2:172.21.15.69:6800/1097124842,v1:172.21.15.69:6801/1097124842] conn(0x7f141803d5e0 0x7f141803faf0 secure :-1 s=READY pgs=11 cs=0 l=1 rev1=1 crypto rx=0x7f1414006fd0 tx=0x7f1414006e40 comp rx=0 tx=0).stop
2024-04-25T11:16:17.013 INFO:teuthology.orchestra.run.smithi069.stdout:/usr/bin/ceph: stderr
2024-04-25T11:16:16.384+0000 7f1432240700 1 -- 172.21.15.69:0/1744755203 >> [v2:172.21.15.69:3300/0,v1:172.21.15.69:6789/0] conn(0x7f142c07ccf0 msgr2=0x7f142c19daf0 secure :-1 s=STATE_CONNECTION_ESTABLISHED l=1).mark_down
2024-04-25T11:16:17.013 INFO:teuthology.orchestra.run.smithi069.stdout:/usr/bin/ceph: stderr
2024-04-25T11:16:16.384+0000 7f1432240700 1 --2- 172.21.15.69:0/1744755203 >> [v2:172.21.15.69:3300/0,v1:172.21.15.69:6789/0] conn(0x7f142c07ccf0 0x7f142c19daf0 secure :-1 s=READY pgs=46 cs=0 l=1 rev1=1 crypto rx=0x7f141c0116a0 tx=0x7f141c011a60 comp rx=0 tx=0).stop
2024-04-25T11:16:17.013 INFO:teuthology.orchestra.run.smithi069.stdout:/usr/bin/ceph: stderr
2024-04-25T11:16:16.384+0000 7f1432240700 1 -- 172.21.15.69:0/1744755203 shutdown_connections
2024-04-25T11:16:17.013 INFO:teuthology.orchestra.run.smithi069.stdout:/usr/bin/ceph: stderr
2024-04-25T11:16:16.384+0000 7f1432240700 1 --2- 172.21.15.69:0/1744755203 >> [v2:172.21.15.69:6800/1097124842,v1:172.21.15.69:6801/1097124842] conn(0x7f141803d5e0 0x7f141803faf0 unknown :-1 s=CLOSED pgs=11 cs=0 l=1 rev1=1 crypto rx=0 tx=0 comp rx=0 tx=0).stop
2024-04-25T11:16:17.013 INFO:teuthology.orchestra.run.smithi069.stdout:/usr/bin/ceph: stderr
2024-04-25T11:16:16.384+0000 7f1432240700 1 --2- 172.21.15.69:0/1744755203 >> [v2:172.21.15.69:3300/0,v1:172.21.15.69:6789/0] conn(0x7f142c07ccf0 0x7f142c19daf0 unknown :-1 s=CLOSED pgs=46 cs=0 l=1 rev1=1 crypto rx=0 tx=0 comp rx=0 tx=0).stop
2024-04-25T11:16:17.013 INFO:teuthology.orchestra.run.smithi069.stdout:/usr/bin/ceph: stderr
2024-04-25T11:16:16.384+0000 7f1432240700 1 -- 172.21.15.69:0/1744755203 >> 172.21.15.69:0/1744755203 conn(0x7f142c103ee0 msgr2=0x7f142c105820 unknown :-1 s=STATE_NONE l=0).mark_down
2024-04-25T11:16:17.013 INFO:teuthology.orchestra.run.smithi069.stdout:/usr/bin/ceph: stderr
2024-04-25T11:16:16.384+0000 7f1432240700 1 -- 172.21.15.69:0/1744755203 shutdown_connections
2024-04-25T11:16:17.013 INFO:teuthology.orchestra.run.smithi069.stdout:/usr/bin/ceph: stderr
2024-04-25T11:16:16.384+0000 7f1432240700 1 -- 172.21.15.69:0/1744755203 wait complete.
2024-04-25T11:16:17.014 INFO:teuthology.orchestra.run.smithi069.stdout:Deploying unmanaged mon service...
2024-04-25T11:16:17.616 INFO:journalctl@ceph.mon.a.smithi069.stdout:Apr 25 11:16:17 smithi069 ceph-mon[29188]: from='mgr.14120 172.21.15.69:0/157690041' entity='mgr.x'
2024-04-25T11:16:17.616 INFO:journalctl@ceph.mon.a.smithi069.stdout:Apr 25 11:16:17 smithi069 ceph-mon[29188]: Added host smithi069
2024-04-25T11:16:17.616 INFO:journalctl@ceph.mon.a.smithi069.stdout:Apr 25 11:16:17 smithi069 ceph-mon[29188]: from='mgr.14120 172.21.15.69:0/157690041' entity='mgr.x' cmd=[{"prefix": "config dump", "format": "json"}]: dispatch
2024-04-25T11:16:18.949 INFO:journalctl@ceph.mon.a.smithi069.stdout:Apr 25 11:16:18 smithi069 ceph-mon[29188]: from='client.14142 -' entity='client.admin' cmd=[{"prefix": "orch apply", "service_type": "mon", "unmanaged": true, "target": ["mon-mgr", ""]}]: dispatch
2024-04-25T11:16:18.950 INFO:journalctl@ceph.mon.a.smithi069.stdout:Apr 25 11:16:18 smithi069 ceph-mon[29188]: Saving service mon spec with placement count:5
2024-04-25T11:16:18.950 INFO:journalctl@ceph.mon.a.smithi069.stdout:Apr 25 11:16:18 smithi069 ceph-mon[29188]: from='mgr.14120 172.21.15.69:0/157690041' entity='mgr.x'
2024-04-25T11:16:19.216 INFO:teuthology.orchestra.run.smithi069.stdout:/usr/bin/ceph: stdout Scheduled mon update...
2024-04-25T11:16:19.216 INFO:teuthology.orchestra.run.smithi069.stdout:/usr/bin/ceph: stderr
2024-04-25T11:16:17.475+0000 7f5ecab86700 1 Processor -- start
2024-04-25T11:16:19.216 INFO:teuthology.orchestra.run.smithi069.stdout:/usr/bin/ceph: stderr
2024-04-25T11:16:17.475+0000 7f5ecab86700 1 -- start start
2024-04-25T11:16:19.216 INFO:teuthology.orchestra.run.smithi069.stdout:/usr/bin/ceph: stderr
2024-04-25T11:16:17.475+0000 7f5ecab86700 1 --2- >> [v2:172.21.15.69:3300/0,v1:172.21.15.69:6789/0] conn(0x7f5ec407d6e0 0x7f5ec410e8b0 unknown :-1 s=NONE pgs=0 cs=0 l=0 rev1=0 crypto rx=0 tx=0 comp rx=0 tx=0).connect
2024-04-25T11:16:19.216 INFO:teuthology.orchestra.run.smithi069.stdout:/usr/bin/ceph: stderr
2024-04-25T11:16:17.475+0000 7f5ecab86700 1 -- --> [v2:172.21.15.69:3300/0,v1:172.21.15.69:6789/0] -- mon_getmap magic: 0 -- 0x7f5ec410edf0 con 0x7f5ec407d6e0
2024-04-25T11:16:19.216 INFO:teuthology.orchestra.run.smithi069.stdout:/usr/bin/ceph: stderr
2024-04-25T11:16:17.475+0000 7f5ec8922700 1 --2- >> [v2:172.21.15.69:3300/0,v1:172.21.15.69:6789/0] conn(0x7f5ec407d6e0 0x7f5ec410e8b0 unknown :-1 s=BANNER_CONNECTING pgs=0 cs=0 l=0 rev1=0 crypto rx=0 tx=0 comp rx=0 tx=0)._handle_peer_banner_payload supported=3 required=0
2024-04-25T11:16:19.216 INFO:teuthology.orchestra.run.smithi069.stdout:/usr/bin/ceph: stderr
2024-04-25T11:16:17.475+0000 7f5ec8922700 1 --2- >> [v2:172.21.15.69:3300/0,v1:172.21.15.69:6789/0] conn(0x7f5ec407d6e0 0x7f5ec410e8b0 unknown :-1 s=HELLO_CONNECTING pgs=0 cs=0 l=0 rev1=1 crypto rx=0 tx=0 comp rx=0 tx=0).handle_hello peer v2:172.21.15.69:3300/0 says I am v2:172.21.15.69:42566/0 (socket says 172.21.15.69:42566)
2024-04-25T11:16:19.217 INFO:teuthology.orchestra.run.smithi069.stdout:/usr/bin/ceph: stderr
2024-04-25T11:16:17.475+0000 7f5ec8922700 1 -- 172.21.15.69:0/2386630683 learned_addr learned my addr 172.21.15.69:0/2386630683 (peer_addr_for_me v2:172.21.15.69:0/0)
2024-04-25T11:16:19.217 INFO:teuthology.orchestra.run.smithi069.stdout:/usr/bin/ceph: stderr
2024-04-25T11:16:17.476+0000 7f5ec8922700 1 -- 172.21.15.69:0/2386630683 --> [v2:172.21.15.69:3300/0,v1:172.21.15.69:6789/0] -- mon_subscribe({config=0+,monmap=0+}) -- 0x7f5ec410ef70 con 0x7f5ec407d6e0
2024-04-25T11:16:19.217 INFO:teuthology.orchestra.run.smithi069.stdout:/usr/bin/ceph: stderr
2024-04-25T11:16:17.476+0000 7f5ec8922700 1 --2- 172.21.15.69:0/2386630683 >> [v2:172.21.15.69:3300/0,v1:172.21.15.69:6789/0] conn(0x7f5ec407d6e0 0x7f5ec410e8b0 secure :-1 s=READY pgs=47 cs=0 l=1 rev1=1 crypto rx=0x7f5eb80098a0 tx=0x7f5eb8009bb0 comp rx=0 tx=0).ready entity=mon.0 client_cookie=d25257afeeafd11a server_cookie=0 in_seq=0 out_seq=0
2024-04-25T11:16:19.217 INFO:teuthology.orchestra.run.smithi069.stdout:/usr/bin/ceph: stderr
2024-04-25T11:16:17.476+0000 7f5ec37fe700 1 -- 172.21.15.69:0/2386630683 <== mon.0 v2:172.21.15.69:3300/0 1 ==== mon_map magic: 0 ==== 205+0+0 (secure 0 0 0) 0x7f5eb8004160 con 0x7f5ec407d6e0
2024-04-25T11:16:19.217 INFO:teuthology.orchestra.run.smithi069.stdout:/usr/bin/ceph: stderr
2024-04-25T11:16:17.476+0000 7f5ec37fe700 1 -- 172.21.15.69:0/2386630683 <== mon.0 v2:172.21.15.69:3300/0 2 ==== config(25 keys) ==== 1032+0+0 (secure 0 0 0) 0x7f5eb8004300 con 0x7f5ec407d6e0
2024-04-25T11:16:19.217 INFO:teuthology.orchestra.run.smithi069.stdout:/usr/bin/ceph: stderr
2024-04-25T11:16:17.476+0000 7f5ec37fe700 1 -- 172.21.15.69:0/2386630683 <== mon.0 v2:172.21.15.69:3300/0 3 ==== mon_map magic: 0 ==== 205+0+0 (secure 0 0 0) 0x7f5eb80119e0 con 0x7f5ec407d6e0
2024-04-25T11:16:19.217 INFO:teuthology.orchestra.run.smithi069.stdout:/usr/bin/ceph: stderr
2024-04-25T11:16:17.476+0000 7f5ecab86700 1 -- 172.21.15.69:0/2386630683 >> [v2:172.21.15.69:3300/0,v1:172.21.15.69:6789/0] conn(0x7f5ec407d6e0 msgr2=0x7f5ec410e8b0 secure :-1 s=STATE_CONNECTION_ESTABLISHED l=1).mark_down
2024-04-25T11:16:19.217 INFO:teuthology.orchestra.run.smithi069.stdout:/usr/bin/ceph: stderr
2024-04-25T11:16:17.476+0000 7f5ecab86700 1 --2- 172.21.15.69:0/2386630683 >> [v2:172.21.15.69:3300/0,v1:172.21.15.69:6789/0] conn(0x7f5ec407d6e0 0x7f5ec410e8b0 secure :-1 s=READY pgs=47 cs=0 l=1 rev1=1 crypto rx=0x7f5eb80098a0 tx=0x7f5eb8009bb0 comp rx=0 tx=0).stop
2024-04-25T11:16:19.217 INFO:teuthology.orchestra.run.smithi069.stdout:/usr/bin/ceph: stderr
2024-04-25T11:16:17.477+0000 7f5ecab86700 1 -- 172.21.15.69:0/2386630683 shutdown_connections
2024-04-25T11:16:19.217 INFO:teuthology.orchestra.run.smithi069.stdout:/usr/bin/ceph: stderr
2024-04-25T11:16:17.477+0000 7f5ecab86700 1 --2- 172.21.15.69:0/2386630683 >> [v2:172.21.15.69:3300/0,v1:172.21.15.69:6789/0] conn(0x7f5ec407d6e0 0x7f5ec410e8b0 unknown :-1 s=CLOSED pgs=47 cs=0 l=1 rev1=1 crypto rx=0 tx=0 comp rx=0 tx=0).stop
2024-04-25T11:16:19.217 INFO:teuthology.orchestra.run.smithi069.stdout:/usr/bin/ceph: stderr
2024-04-25T11:16:17.477+0000 7f5ecab86700 1 -- 172.21.15.69:0/2386630683 >> 172.21.15.69:0/2386630683 conn(0x7f5ec4103ea0 msgr2=0x7f5ec4106330 unknown :-1 s=STATE_NONE l=0).mark_down
2024-04-25T11:16:19.217 INFO:teuthology.orchestra.run.smithi069.stdout:/usr/bin/ceph: stderr
2024-04-25T11:16:17.477+0000 7f5ecab86700 1 -- 172.21.15.69:0/2386630683 shutdown_connections
2024-04-25T11:16:19.217 INFO:teuthology.orchestra.run.smithi069.stdout:/usr/bin/ceph: stderr
2024-04-25T11:16:17.477+0000 7f5ecab86700 1 -- 172.21.15.69:0/2386630683 wait complete.
2024-04-25T11:16:19.218 INFO:teuthology.orchestra.run.smithi069.stdout:/usr/bin/ceph: stderr
2024-04-25T11:16:17.477+0000 7f5ecab86700 1 Processor -- start
2024-04-25T11:16:19.218 INFO:teuthology.orchestra.run.smithi069.stdout:/usr/bin/ceph: stderr
2024-04-25T11:16:17.477+0000 7f5ecab86700 1 -- start start
2024-04-25T11:16:19.218 INFO:teuthology.orchestra.run.smithi069.stdout:/usr/bin/ceph: stderr
2024-04-25T11:16:17.477+0000 7f5ecab86700 1 --2- >> [v2:172.21.15.69:3300/0,v1:172.21.15.69:6789/0] conn(0x7f5ec407d6e0 0x7f5ec419fce0 unknown :-1 s=NONE pgs=0 cs=0 l=1 rev1=0 crypto rx=0 tx=0 comp rx=0 tx=0).connect
2024-04-25T11:16:19.218 INFO:teuthology.orchestra.run.smithi069.stdout:/usr/bin/ceph: stderr
2024-04-25T11:16:17.477+0000 7f5ecab86700 1 -- --> [v2:172.21.15.69:3300/0,v1:172.21.15.69:6789/0] -- mon_getmap magic: 0 -- 0x7f5ec410fdb0 con 0x7f5ec407d6e0
2024-04-25T11:16:19.218 INFO:teuthology.orchestra.run.smithi069.stdout:/usr/bin/ceph: stderr
2024-04-25T11:16:17.478+0000 7f5ec8922700 1 --2- >> [v2:172.21.15.69:3300/0,v1:172.21.15.69:6789/0] conn(0x7f5ec407d6e0 0x7f5ec419fce0 unknown :-1 s=BANNER_CONNECTING pgs=0 cs=0 l=1 rev1=0 crypto rx=0 tx=0 comp rx=0 tx=0)._handle_peer_banner_payload supported=3 required=0
2024-04-25T11:16:19.218 INFO:teuthology.orchestra.run.smithi069.stdout:/usr/bin/ceph: stderr
2024-04-25T11:16:17.478+0000 7f5ec8922700 1 --2- >> [v2:172.21.15.69:3300/0,v1:172.21.15.69:6789/0] conn(0x7f5ec407d6e0 0x7f5ec419fce0 unknown :-1 s=HELLO_CONNECTING pgs=0 cs=0 l=1 rev1=1 crypto rx=0 tx=0 comp rx=0 tx=0).handle_hello peer v2:172.21.15.69:3300/0 says I am v2:172.21.15.69:42578/0 (socket says 172.21.15.69:42578)
2024-04-25T11:16:19.218 INFO:teuthology.orchestra.run.smithi069.stdout:/usr/bin/ceph: stderr
2024-04-25T11:16:17.478+0000 7f5ec8922700 1 -- 172.21.15.69:0/122418890 learned_addr learned my addr 172.21.15.69:0/122418890 (peer_addr_for_me v2:172.21.15.69:0/0)
2024-04-25T11:16:19.218 INFO:teuthology.orchestra.run.smithi069.stdout:/usr/bin/ceph: stderr
2024-04-25T11:16:17.478+0000 7f5ec8922700 1 -- 172.21.15.69:0/122418890 --> [v2:172.21.15.69:3300/0,v1:172.21.15.69:6789/0] -- mon_subscribe({config=0+,monmap=0+}) -- 0x7f5ec41a0220 con 0x7f5ec407d6e0
2024-04-25T11:16:19.218 INFO:teuthology.orchestra.run.smithi069.stdout:/usr/bin/ceph: stderr
2024-04-25T11:16:17.478+0000 7f5ec8922700 1 --2- 172.21.15.69:0/122418890 >> [v2:172.21.15.69:3300/0,v1:172.21.15.69:6789/0] conn(0x7f5ec407d6e0 0x7f5ec419fce0 secure :-1 s=READY pgs=48 cs=0 l=1 rev1=1 crypto rx=0x7f5eb8003f20 tx=0x7f5eb8011a60 comp rx=0 tx=0).ready entity=mon.0 client_cookie=0 server_cookie=0 in_seq=0 out_seq=0
2024-04-25T11:16:19.218 INFO:teuthology.orchestra.run.smithi069.stdout:/usr/bin/ceph: stderr
2024-04-25T11:16:17.478+0000 7f5ec1ffb700 1 -- 172.21.15.69:0/122418890 <== mon.0 v2:172.21.15.69:3300/0 1 ==== mon_map magic: 0 ==== 205+0+0 (secure 0 0 0) 0x7f5eb80038b0 con 0x7f5ec407d6e0
2024-04-25T11:16:19.218 INFO:teuthology.orchestra.run.smithi069.stdout:/usr/bin/ceph: stderr
2024-04-25T11:16:17.478+0000 7f5ecab86700 1 -- 172.21.15.69:0/122418890 --> [v2:172.21.15.69:3300/0,v1:172.21.15.69:6789/0] -- mon_subscribe({mgrmap=0+}) -- 0x7f5ec41a04b0 con 0x7f5ec407d6e0
2024-04-25T11:16:19.218 INFO:teuthology.orchestra.run.smithi069.stdout:/usr/bin/ceph: stderr
2024-04-25T11:16:17.478+0000 7f5ec1ffb700 1 -- 172.21.15.69:0/122418890 <== mon.0 v2:172.21.15.69:3300/0 2 ==== config(25 keys) ==== 1032+0+0 (secure 0 0 0) 0x7f5eb8003a50 con 0x7f5ec407d6e0
2024-04-25T11:16:19.218 INFO:teuthology.orchestra.run.smithi069.stdout:/usr/bin/ceph: stderr
2024-04-25T11:16:17.478+0000 7f5ec1ffb700 1 -- 172.21.15.69:0/122418890 <== mon.0 v2:172.21.15.69:3300/0 3 ==== mon_map magic: 0 ==== 205+0+0 (secure 0 0 0) 0x7f5eb80195a0 con 0x7f5ec407d6e0
2024-04-25T11:16:19.219 INFO:teuthology.orchestra.run.smithi069.stdout:/usr/bin/ceph: stderr
2024-04-25T11:16:17.478+0000 7f5ecab86700 1 -- 172.21.15.69:0/122418890 --> [v2:172.21.15.69:3300/0,v1:172.21.15.69:6789/0] -- mon_subscribe({osdmap=0}) -- 0x7f5ec41a30c0 con 0x7f5ec407d6e0
2024-04-25T11:16:19.219 INFO:teuthology.orchestra.run.smithi069.stdout:/usr/bin/ceph: stderr
2024-04-25T11:16:17.479+0000 7f5ec1ffb700 1 -- 172.21.15.69:0/122418890 <== mon.0 v2:172.21.15.69:3300/0 4 ==== mgrmap(e 8) ==== 49516+0+0 (secure 0 0 0) 0x7f5eb8019860 con 0x7f5ec407d6e0
2024-04-25T11:16:19.219 INFO:teuthology.orchestra.run.smithi069.stdout:/usr/bin/ceph: stderr
2024-04-25T11:16:17.479+0000 7f5ecab86700 1 -- 172.21.15.69:0/122418890 --> [v2:172.21.15.69:3300/0,v1:172.21.15.69:6789/0] -- mon_command({"prefix": "get_command_descriptions"} v 0) -- 0x7f5ec4064cf0 con 0x7f5ec407d6e0
2024-04-25T11:16:19.219 INFO:teuthology.orchestra.run.smithi069.stdout:/usr/bin/ceph: stderr
2024-04-25T11:16:17.480+0000 7f5ec1ffb700 1 --2- 172.21.15.69:0/122418890 >> [v2:172.21.15.69:6800/1097124842,v1:172.21.15.69:6801/1097124842] conn(0x7f5eb403d5e0 0x7f5eb403faf0 unknown :-1 s=NONE pgs=0 cs=0 l=1 rev1=0 crypto rx=0 tx=0 comp rx=0 tx=0).connect
2024-04-25T11:16:19.219 INFO:teuthology.orchestra.run.smithi069.stdout:/usr/bin/ceph: stderr
2024-04-25T11:16:17.480+0000 7f5ec1ffb700 1 -- 172.21.15.69:0/122418890 <== mon.0 v2:172.21.15.69:3300/0 5 ==== osd_map(2..2 src has 1..2) ==== 940+0+0 (secure 0 0 0) 0x7f5eb8052b50 con 0x7f5ec407d6e0
2024-04-25T11:16:19.219 INFO:teuthology.orchestra.run.smithi069.stdout:/usr/bin/ceph: stderr
2024-04-25T11:16:17.480+0000 7f5ec3fff700 1 --2- 172.21.15.69:0/122418890 >> [v2:172.21.15.69:6800/1097124842,v1:172.21.15.69:6801/1097124842] conn(0x7f5eb403d5e0 0x7f5eb403faf0 unknown :-1 s=BANNER_CONNECTING pgs=0 cs=0 l=1 rev1=0 crypto rx=0 tx=0 comp rx=0 tx=0)._handle_peer_banner_payload supported=3 required=0
2024-04-25T11:16:19.219 INFO:teuthology.orchestra.run.smithi069.stdout:/usr/bin/ceph: stderr
2024-04-25T11:16:17.480+0000 7f5ec3fff700 1 --2- 172.21.15.69:0/122418890 >> [v2:172.21.15.69:6800/1097124842,v1:172.21.15.69:6801/1097124842] conn(0x7f5eb403d5e0 0x7f5eb403faf0 secure :-1 s=READY pgs=12 cs=0 l=1 rev1=1 crypto rx=0x7f5eb0006fd0 tx=0x7f5eb0006e40 comp rx=0 tx=0).ready entity=mgr.14120 client_cookie=0 server_cookie=0 in_seq=0 out_seq=0
2024-04-25T11:16:19.219 INFO:teuthology.orchestra.run.smithi069.stdout:/usr/bin/ceph: stderr
2024-04-25T11:16:17.485+0000 7f5ec1ffb700 1 -- 172.21.15.69:0/122418890 <== mon.0 v2:172.21.15.69:3300/0 6 ==== mon_command_ack([{"prefix": "get_command_descriptions"}]=0 v0) ==== 72+0+188370 (secure 0 0 0) 0x7f5eb8018dc0 con 0x7f5ec407d6e0
2024-04-25T11:16:19.219 INFO:teuthology.orchestra.run.smithi069.stdout:/usr/bin/ceph: stderr
2024-04-25T11:16:17.702+0000 7f5ecab86700 1 -- 172.21.15.69:0/122418890 --> [v2:172.21.15.69:6800/1097124842,v1:172.21.15.69:6801/1097124842] -- mgr_command(tid 0: {"prefix": "orch apply", "service_type": "mon", "unmanaged": true, "target": ["mon-mgr", ""]}) -- 0x7f5ec4104e20 con 0x7f5eb403d5e0
2024-04-25T11:16:19.219 INFO:teuthology.orchestra.run.smithi069.stdout:/usr/bin/ceph: stderr
2024-04-25T11:16:17.709+0000 7f5ec1ffb700 1 -- 172.21.15.69:0/122418890 <== mgr.14120 v2:172.21.15.69:6800/1097124842 1 ==== mgr_command_reply(tid 0: 0 ) ==== 8+0+24 (secure 0 0 0) 0x7f5ec4104e20 con 0x7f5eb403d5e0
2024-04-25T11:16:19.219 INFO:teuthology.orchestra.run.smithi069.stdout:/usr/bin/ceph: stderr
2024-04-25T11:16:17.712+0000 7f5ecab86700 1 -- 172.21.15.69:0/122418890 >> [v2:172.21.15.69:6800/1097124842,v1:172.21.15.69:6801/1097124842] conn(0x7f5eb403d5e0 msgr2=0x7f5eb403faf0 secure :-1 s=STATE_CONNECTION_ESTABLISHED l=1).mark_down
2024-04-25T11:16:19.219 INFO:teuthology.orchestra.run.smithi069.stdout:/usr/bin/ceph: stderr
2024-04-25T11:16:17.712+0000 7f5ecab86700 1 --2- 172.21.15.69:0/122418890 >> [v2:172.21.15.69:6800/1097124842,v1:172.21.15.69:6801/1097124842] conn(0x7f5eb403d5e0 0x7f5eb403faf0 secure :-1 s=READY pgs=12 cs=0 l=1 rev1=1 crypto rx=0x7f5eb0006fd0 tx=0x7f5eb0006e40 comp rx=0 tx=0).stop
2024-04-25T11:16:19.219 INFO:teuthology.orchestra.run.smithi069.stdout:/usr/bin/ceph: stderr
2024-04-25T11:16:17.712+0000 7f5ecab86700 1 -- 172.21.15.69:0/122418890 >> [v2:172.21.15.69:3300/0,v1:172.21.15.69:6789/0] conn(0x7f5ec407d6e0 msgr2=0x7f5ec419fce0 secure :-1 s=STATE_CONNECTION_ESTABLISHED l=1).mark_down
2024-04-25T11:16:19.220 INFO:teuthology.orchestra.run.smithi069.stdout:/usr/bin/ceph: stderr
2024-04-25T11:16:17.712+0000 7f5ecab86700 1 --2- 172.21.15.69:0/122418890 >> [v2:172.21.15.69:3300/0,v1:172.21.15.69:6789/0] conn(0x7f5ec407d6e0 0x7f5ec419fce0 secure :-1 s=READY pgs=48 cs=0 l=1 rev1=1 crypto rx=0x7f5eb8003f20 tx=0x7f5eb8011a60 comp rx=0 tx=0).stop
2024-04-25T11:16:19.220 INFO:teuthology.orchestra.run.smithi069.stdout:/usr/bin/ceph: stderr
2024-04-25T11:16:17.712+0000 7f5ecab86700 1 -- 172.21.15.69:0/122418890 shutdown_connections
2024-04-25T11:16:19.220 INFO:teuthology.orchestra.run.smithi069.stdout:/usr/bin/ceph: stderr
2024-04-25T11:16:17.712+0000 7f5ecab86700 1 --2- 172.21.15.69:0/122418890 >> [v2:172.21.15.69:6800/1097124842,v1:172.21.15.69:6801/1097124842] conn(0x7f5eb403d5e0 0x7f5eb403faf0 unknown :-1 s=CLOSED pgs=12 cs=0 l=1 rev1=1 crypto rx=0 tx=0 comp rx=0 tx=0).stop
2024-04-25T11:16:19.220 INFO:teuthology.orchestra.run.smithi069.stdout:/usr/bin/ceph: stderr
2024-04-25T11:16:17.712+0000 7f5ecab86700 1 --2- 172.21.15.69:0/122418890 >> [v2:172.21.15.69:3300/0,v1:172.21.15.69:6789/0] conn(0x7f5ec407d6e0 0x7f5ec419fce0 unknown :-1 s=CLOSED pgs=48 cs=0 l=1 rev1=1 crypto rx=0 tx=0 comp rx=0 tx=0).stop
2024-04-25T11:16:19.220 INFO:teuthology.orchestra.run.smithi069.stdout:/usr/bin/ceph: stderr
2024-04-25T11:16:17.712+0000 7f5ecab86700 1 -- 172.21.15.69:0/122418890 >> 172.21.15.69:0/122418890 conn(0x7f5ec4103ea0 msgr2=0x7f5ec4104710 unknown :-1 s=STATE_NONE l=0).mark_down
2024-04-25T11:16:19.220 INFO:teuthology.orchestra.run.smithi069.stdout:/usr/bin/ceph: stderr
2024-04-25T11:16:17.712+0000 7f5ecab86700 1 -- 172.21.15.69:0/122418890 shutdown_connections
2024-04-25T11:16:19.220 INFO:teuthology.orchestra.run.smithi069.stdout:/usr/bin/ceph: stderr
2024-04-25T11:16:17.712+0000 7f5ecab86700 1 -- 172.21.15.69:0/122418890 wait complete.
2024-04-25T11:16:19.220 INFO:teuthology.orchestra.run.smithi069.stdout:Deploying unmanaged mgr service...
2024-04-25T11:16:19.908 INFO:journalctl@ceph.mon.a.smithi069.stdout:Apr 25 11:16:19 smithi069 ceph-mon[29188]: from='mgr.14120 172.21.15.69:0/157690041' entity='mgr.x'
2024-04-25T11:16:19.908 INFO:journalctl@ceph.mon.a.smithi069.stdout:Apr 25 11:16:19 smithi069 ceph-mon[29188]: from='mgr.14120 172.21.15.69:0/157690041' entity='mgr.x'
2024-04-25T11:16:20.505 INFO:teuthology.orchestra.run.smithi069.stdout:/usr/bin/ceph: stdout Scheduled mgr update...
2024-04-25T11:16:20.505 INFO:teuthology.orchestra.run.smithi069.stdout:/usr/bin/ceph: stderr
2024-04-25T11:16:19.667+0000 7f365f0e6700 1 Processor -- start
2024-04-25T11:16:20.505 INFO:teuthology.orchestra.run.smithi069.stdout:/usr/bin/ceph: stderr
2024-04-25T11:16:19.667+0000 7f365f0e6700 1 -- start start
2024-04-25T11:16:20.505 INFO:teuthology.orchestra.run.smithi069.stdout:/usr/bin/ceph: stderr
2024-04-25T11:16:19.667+0000 7f365f0e6700 1 --2- >> [v2:172.21.15.69:3300/0,v1:172.21.15.69:6789/0] conn(0x7f365807d720 0x7f365810c430 unknown :-1 s=NONE pgs=0 cs=0 l=0 rev1=0 crypto rx=0 tx=0 comp rx=0 tx=0).connect
2024-04-25T11:16:20.505 INFO:teuthology.orchestra.run.smithi069.stdout:/usr/bin/ceph: stderr
2024-04-25T11:16:19.667+0000 7f365f0e6700 1 -- --> [v2:172.21.15.69:3300/0,v1:172.21.15.69:6789/0] -- mon_getmap magic: 0 -- 0x7f365810ca40 con 0x7f365807d720
2024-04-25T11:16:20.506 INFO:teuthology.orchestra.run.smithi069.stdout:/usr/bin/ceph: stderr
2024-04-25T11:16:19.667+0000 7f365ce82700 1 --2- >> [v2:172.21.15.69:3300/0,v1:172.21.15.69:6789/0] conn(0x7f365807d720 0x7f365810c430 unknown :-1 s=BANNER_CONNECTING pgs=0 cs=0 l=0 rev1=0 crypto rx=0 tx=0 comp rx=0 tx=0)._handle_peer_banner_payload supported=3 required=0
2024-04-25T11:16:20.506 INFO:teuthology.orchestra.run.smithi069.stdout:/usr/bin/ceph: stderr
2024-04-25T11:16:19.667+0000 7f365ce82700 1 --2- >> [v2:172.21.15.69:3300/0,v1:172.21.15.69:6789/0] conn(0x7f365807d720 0x7f365810c430 unknown :-1 s=HELLO_CONNECTING pgs=0 cs=0 l=0 rev1=1 crypto rx=0 tx=0 comp rx=0 tx=0).handle_hello peer v2:172.21.15.69:3300/0 says I am v2:172.21.15.69:42580/0 (socket says 172.21.15.69:42580)
2024-04-25T11:16:20.506 INFO:teuthology.orchestra.run.smithi069.stdout:/usr/bin/ceph: stderr
2024-04-25T11:16:19.667+0000 7f365ce82700 1 -- 172.21.15.69:0/1424490622 learned_addr learned my addr 172.21.15.69:0/1424490622 (peer_addr_for_me v2:172.21.15.69:0/0)
2024-04-25T11:16:20.506 INFO:teuthology.orchestra.run.smithi069.stdout:/usr/bin/ceph: stderr
2024-04-25T11:16:19.668+0000 7f365ce82700 1 -- 172.21.15.69:0/1424490622 --> [v2:172.21.15.69:3300/0,v1:172.21.15.69:6789/0] -- mon_subscribe({config=0+,monmap=0+}) -- 0x7f365810cbc0 con 0x7f365807d720
2024-04-25T11:16:20.506 INFO:teuthology.orchestra.run.smithi069.stdout:/usr/bin/ceph: stderr
2024-04-25T11:16:19.668+0000 7f365ce82700 1 --2- 172.21.15.69:0/1424490622 >> [v2:172.21.15.69:3300/0,v1:172.21.15.69:6789/0] conn(0x7f365807d720 0x7f365810c430 secure :-1 s=READY pgs=49 cs=0 l=1 rev1=1 crypto rx=0x7f364c0098a0 tx=0x7f364c009bb0 comp rx=0 tx=0).ready entity=mon.0 client_cookie=cabe77e5126c37a6 server_cookie=0 in_seq=0 out_seq=0
2024-04-25T11:16:20.506 INFO:teuthology.orchestra.run.smithi069.stdout:/usr/bin/ceph: stderr
2024-04-25T11:16:19.668+0000 7f36577fe700 1 -- 172.21.15.69:0/1424490622 <== mon.0 v2:172.21.15.69:3300/0 1 ==== mon_map magic: 0 ==== 205+0+0 (secure 0 0 0) 0x7f364c004160 con 0x7f365807d720
2024-04-25T11:16:20.506 INFO:teuthology.orchestra.run.smithi069.stdout:/usr/bin/ceph: stderr
2024-04-25T11:16:19.668+0000 7f36577fe700 1 -- 172.21.15.69:0/1424490622 <== mon.0 v2:172.21.15.69:3300/0 2 ==== config(25 keys) ==== 1063+0+0 (secure 0 0 0) 0x7f364c004300 con 0x7f365807d720
2024-04-25T11:16:20.506 INFO:teuthology.orchestra.run.smithi069.stdout:/usr/bin/ceph: stderr
2024-04-25T11:16:19.668+0000 7f36577fe700 1 -- 172.21.15.69:0/1424490622 <== mon.0 v2:172.21.15.69:3300/0 3 ==== mon_map magic: 0 ==== 205+0+0 (secure 0 0 0) 0x7f364c011960 con 0x7f365807d720
2024-04-25T11:16:20.506 INFO:teuthology.orchestra.run.smithi069.stdout:/usr/bin/ceph: stderr
2024-04-25T11:16:19.669+0000 7f365f0e6700 1 -- 172.21.15.69:0/1424490622 >> [v2:172.21.15.69:3300/0,v1:172.21.15.69:6789/0] conn(0x7f365807d720 msgr2=0x7f365810c430 secure :-1 s=STATE_CONNECTION_ESTABLISHED l=1).mark_down
2024-04-25T11:16:20.506 INFO:teuthology.orchestra.run.smithi069.stdout:/usr/bin/ceph: stderr
2024-04-25T11:16:19.669+0000 7f365f0e6700 1 --2- 172.21.15.69:0/1424490622 >> [v2:172.21.15.69:3300/0,v1:172.21.15.69:6789/0] conn(0x7f365807d720 0x7f365810c430 secure :-1 s=READY pgs=49 cs=0 l=1 rev1=1 crypto rx=0x7f364c0098a0 tx=0x7f364c009bb0 comp rx=0 tx=0).stop
2024-04-25T11:16:20.506 INFO:teuthology.orchestra.run.smithi069.stdout:/usr/bin/ceph: stderr
2024-04-25T11:16:19.669+0000 7f365f0e6700 1 -- 172.21.15.69:0/1424490622 shutdown_connections
2024-04-25T11:16:20.506 INFO:teuthology.orchestra.run.smithi069.stdout:/usr/bin/ceph: stderr
2024-04-25T11:16:19.669+0000 7f365f0e6700 1 --2- 172.21.15.69:0/1424490622 >> [v2:172.21.15.69:3300/0,v1:172.21.15.69:6789/0] conn(0x7f365807d720 0x7f365810c430 unknown :-1 s=CLOSED pgs=49 cs=0 l=1 rev1=1 crypto rx=0 tx=0 comp rx=0 tx=0).stop
2024-04-25T11:16:20.507 INFO:teuthology.orchestra.run.smithi069.stdout:/usr/bin/ceph: stderr
2024-04-25T11:16:19.669+0000 7f365f0e6700 1 -- 172.21.15.69:0/1424490622 >> 172.21.15.69:0/1424490622 conn(0x7f3658103ea0 msgr2=0x7f36581062f0 unknown :-1 s=STATE_NONE l=0).mark_down
2024-04-25T11:16:20.507 INFO:teuthology.orchestra.run.smithi069.stdout:/usr/bin/ceph: stderr
2024-04-25T11:16:19.669+0000 7f365f0e6700 1 -- 172.21.15.69:0/1424490622 shutdown_connections
2024-04-25T11:16:20.507 INFO:teuthology.orchestra.run.smithi069.stdout:/usr/bin/ceph: stderr
2024-04-25T11:16:19.669+0000 7f365f0e6700 1 -- 172.21.15.69:0/1424490622 wait complete.
2024-04-25T11:16:20.507 INFO:teuthology.orchestra.run.smithi069.stdout:/usr/bin/ceph: stderr
2024-04-25T11:16:19.670+0000 7f365f0e6700 1 Processor -- start
2024-04-25T11:16:20.507 INFO:teuthology.orchestra.run.smithi069.stdout:/usr/bin/ceph: stderr
2024-04-25T11:16:19.670+0000 7f365f0e6700 1 -- start start
2024-04-25T11:16:20.507 INFO:teuthology.orchestra.run.smithi069.stdout:/usr/bin/ceph: stderr
2024-04-25T11:16:19.670+0000 7f365f0e6700 1 --2- >> [v2:172.21.15.69:3300/0,v1:172.21.15.69:6789/0] conn(0x7f365807d720 0x7f365819da80 unknown :-1 s=NONE pgs=0 cs=0 l=1 rev1=0 crypto rx=0 tx=0 comp rx=0 tx=0).connect
2024-04-25T11:16:20.507 INFO:teuthology.orchestra.run.smithi069.stdout:/usr/bin/ceph: stderr
2024-04-25T11:16:19.670+0000 7f365f0e6700 1 -- --> [v2:172.21.15.69:3300/0,v1:172.21.15.69:6789/0] -- mon_getmap magic: 0 -- 0x7f365810dc20 con 0x7f365807d720
2024-04-25T11:16:20.507 INFO:teuthology.orchestra.run.smithi069.stdout:/usr/bin/ceph: stderr
2024-04-25T11:16:19.670+0000 7f365ce82700 1 --2- >> [v2:172.21.15.69:3300/0,v1:172.21.15.69:6789/0] conn(0x7f365807d720 0x7f365819da80 unknown :-1 s=BANNER_CONNECTING pgs=0 cs=0 l=1 rev1=0 crypto rx=0 tx=0 comp rx=0 tx=0)._handle_peer_banner_payload supported=3 required=0
2024-04-25T11:16:20.507 INFO:teuthology.orchestra.run.smithi069.stdout:/usr/bin/ceph: stderr
2024-04-25T11:16:19.670+0000 7f365ce82700 1 --2- >> [v2:172.21.15.69:3300/0,v1:172.21.15.69:6789/0] conn(0x7f365807d720 0x7f365819da80 unknown :-1 s=HELLO_CONNECTING pgs=0 cs=0 l=1 rev1=1 crypto rx=0 tx=0 comp rx=0 tx=0).handle_hello peer v2:172.21.15.69:3300/0 says I am v2:172.21.15.69:42586/0 (socket says 172.21.15.69:42586)
2024-04-25T11:16:20.507 INFO:teuthology.orchestra.run.smithi069.stdout:/usr/bin/ceph: stderr
2024-04-25T11:16:19.670+0000 7f365ce82700 1 -- 172.21.15.69:0/1860754552 learned_addr learned my addr 172.21.15.69:0/1860754552 (peer_addr_for_me v2:172.21.15.69:0/0)
2024-04-25T11:16:20.507 INFO:teuthology.orchestra.run.smithi069.stdout:/usr/bin/ceph: stderr
2024-04-25T11:16:19.670+0000 7f365ce82700 1 -- 172.21.15.69:0/1860754552 --> [v2:172.21.15.69:3300/0,v1:172.21.15.69:6789/0] -- mon_subscribe({config=0+,monmap=0+}) -- 0x7f365819dfc0 con 0x7f365807d720
2024-04-25T11:16:20.507 INFO:teuthology.orchestra.run.smithi069.stdout:/usr/bin/ceph: stderr
2024-04-25T11:16:19.671+0000 7f365ce82700 1 --2- 172.21.15.69:0/1860754552 >> [v2:172.21.15.69:3300/0,v1:172.21.15.69:6789/0] conn(0x7f365807d720 0x7f365819da80 secure :-1 s=READY pgs=50 cs=0 l=1 rev1=1 crypto rx=0x7f364c011670 tx=0x7f364c011a30 comp rx=0 tx=0).ready entity=mon.0 client_cookie=0 server_cookie=0 in_seq=0 out_seq=0
2024-04-25T11:16:20.507 INFO:teuthology.orchestra.run.smithi069.stdout:/usr/bin/ceph: stderr
2024-04-25T11:16:19.671+0000 7f3655ffb700 1 -- 172.21.15.69:0/1860754552 <== mon.0 v2:172.21.15.69:3300/0 1 ==== mon_map magic: 0 ==== 205+0+0 (secure 0 0 0) 0x7f364c003aa0 con 0x7f365807d720
2024-04-25T11:16:20.507 INFO:teuthology.orchestra.run.smithi069.stdout:/usr/bin/ceph: stderr
2024-04-25T11:16:19.671+0000 7f3655ffb700 1 -- 172.21.15.69:0/1860754552 <== mon.0 v2:172.21.15.69:3300/0 2 ==== config(25 keys) ==== 1063+0+0 (secure 0 0 0) 0x7f364c01b8d0 con 0x7f365807d720
2024-04-25T11:16:20.508 INFO:teuthology.orchestra.run.smithi069.stdout:/usr/bin/ceph: stderr
2024-04-25T11:16:19.671+0000 7f365f0e6700 1 -- 172.21.15.69:0/1860754552 --> [v2:172.21.15.69:3300/0,v1:172.21.15.69:6789/0] -- mon_subscribe({mgrmap=0+}) -- 0x7f365819e250 con 0x7f365807d720
2024-04-25T11:16:20.508 INFO:teuthology.orchestra.run.smithi069.stdout:/usr/bin/ceph: stderr
2024-04-25T11:16:19.671+0000 7f3655ffb700 1 -- 172.21.15.69:0/1860754552 <== mon.0 v2:172.21.15.69:3300/0 3 ==== mon_map magic: 0 ==== 205+0+0 (secure 0 0 0) 0x7f364c0197f0 con 0x7f365807d720
2024-04-25T11:16:20.508 INFO:teuthology.orchestra.run.smithi069.stdout:/usr/bin/ceph: stderr
2024-04-25T11:16:19.671+0000 7f365f0e6700 1 -- 172.21.15.69:0/1860754552 --> [v2:172.21.15.69:3300/0,v1:172.21.15.69:6789/0] -- mon_subscribe({osdmap=0}) -- 0x7f36581a0e60 con 0x7f365807d720
2024-04-25T11:16:20.508 INFO:teuthology.orchestra.run.smithi069.stdout:/usr/bin/ceph: stderr
2024-04-25T11:16:19.672+0000 7f3655ffb700 1 -- 172.21.15.69:0/1860754552 <== mon.0 v2:172.21.15.69:3300/0 4 ==== mgrmap(e 8) ==== 49516+0+0 (secure 0 0 0) 0x7f364c019990 con 0x7f365807d720
2024-04-25T11:16:20.508 INFO:teuthology.orchestra.run.smithi069.stdout:/usr/bin/ceph: stderr
2024-04-25T11:16:19.672+0000 7f365f0e6700 1 -- 172.21.15.69:0/1860754552 --> [v2:172.21.15.69:3300/0,v1:172.21.15.69:6789/0] -- mon_command({"prefix": "get_command_descriptions"} v 0) -- 0x7f3658064cf0 con 0x7f365807d720
2024-04-25T11:16:20.508 INFO:teuthology.orchestra.run.smithi069.stdout:/usr/bin/ceph: stderr
2024-04-25T11:16:19.672+0000 7f3655ffb700 1 --2- 172.21.15.69:0/1860754552 >> [v2:172.21.15.69:6800/1097124842,v1:172.21.15.69:6801/1097124842] conn(0x7f364803d630 0x7f364803fb40 unknown :-1 s=NONE pgs=0 cs=0 l=1 rev1=0 crypto rx=0 tx=0 comp rx=0 tx=0).connect
2024-04-25T11:16:20.508 INFO:teuthology.orchestra.run.smithi069.stdout:/usr/bin/ceph: stderr
2024-04-25T11:16:19.673+0000 7f3655ffb700 1 -- 172.21.15.69:0/1860754552 <== mon.0 v2:172.21.15.69:3300/0 5 ==== osd_map(2..2 src has 1..2) ==== 940+0+0 (secure 0 0 0) 0x7f364c052d50 con 0x7f365807d720
2024-04-25T11:16:20.508 INFO:teuthology.orchestra.run.smithi069.stdout:/usr/bin/ceph: stderr
2024-04-25T11:16:19.673+0000 7f3657fff700 1 --2- 172.21.15.69:0/1860754552 >> [v2:172.21.15.69:6800/1097124842,v1:172.21.15.69:6801/1097124842] conn(0x7f364803d630 0x7f364803fb40 unknown :-1 s=BANNER_CONNECTING pgs=0 cs=0 l=1 rev1=0 crypto rx=0 tx=0 comp rx=0 tx=0)._handle_peer_banner_payload supported=3 required=0
2024-04-25T11:16:20.508 INFO:teuthology.orchestra.run.smithi069.stdout:/usr/bin/ceph: stderr
2024-04-25T11:16:19.673+0000 7f3657fff700 1 --2- 172.21.15.69:0/1860754552 >> [v2:172.21.15.69:6800/1097124842,v1:172.21.15.69:6801/1097124842] conn(0x7f364803d630 0x7f364803fb40 secure :-1 s=READY pgs=13 cs=0 l=1 rev1=1 crypto rx=0x7f3644006fd0 tx=0x7f3644006e40 comp rx=0 tx=0).ready entity=mgr.14120 client_cookie=0 server_cookie=0 in_seq=0 out_seq=0
2024-04-25T11:16:20.508 INFO:teuthology.orchestra.run.smithi069.stdout:/usr/bin/ceph: stderr
2024-04-25T11:16:19.678+0000 7f3655ffb700 1 -- 172.21.15.69:0/1860754552 <== mon.0 v2:172.21.15.69:3300/0 6 ==== mon_command_ack([{"prefix": "get_command_descriptions"}]=0 v0) ==== 72+0+188370 (secure 0 0 0) 0x7f364c01f030 con 0x7f365807d720
2024-04-25T11:16:20.508 INFO:teuthology.orchestra.run.smithi069.stdout:/usr/bin/ceph: stderr
2024-04-25T11:16:19.900+0000 7f365f0e6700 1 -- 172.21.15.69:0/1860754552 --> [v2:172.21.15.69:6800/1097124842,v1:172.21.15.69:6801/1097124842] -- mgr_command(tid 0: {"prefix": "orch apply", "service_type": "mgr", "unmanaged": true, "target": ["mon-mgr", ""]}) -- 0x7f3658104d70 con 0x7f364803d630
2024-04-25T11:16:20.508 INFO:teuthology.orchestra.run.smithi069.stdout:/usr/bin/ceph: stderr
2024-04-25T11:16:19.907+0000 7f3655ffb700 1 -- 172.21.15.69:0/1860754552 <== mgr.14120 v2:172.21.15.69:6800/1097124842 1 ==== mgr_command_reply(tid 0: 0 ) ==== 8+0+24 (secure 0 0 0) 0x7f3658104d70 con 0x7f364803d630
2024-04-25T11:16:20.508 INFO:teuthology.orchestra.run.smithi069.stdout:/usr/bin/ceph: stderr
2024-04-25T11:16:19.909+0000 7f365f0e6700 1 -- 172.21.15.69:0/1860754552 >> [v2:172.21.15.69:6800/1097124842,v1:172.21.15.69:6801/1097124842] conn(0x7f364803d630 msgr2=0x7f364803fb40 secure :-1 s=STATE_CONNECTION_ESTABLISHED l=1).mark_down
2024-04-25T11:16:20.508 INFO:teuthology.orchestra.run.smithi069.stdout:/usr/bin/ceph: stderr
2024-04-25T11:16:19.909+0000 7f365f0e6700 1 --2- 172.21.15.69:0/1860754552 >> [v2:172.21.15.69:6800/1097124842,v1:172.21.15.69:6801/1097124842] conn(0x7f364803d630 0x7f364803fb40 secure :-1 s=READY pgs=13 cs=0 l=1 rev1=1 crypto rx=0x7f3644006fd0 tx=0x7f3644006e40 comp rx=0 tx=0).stop
2024-04-25T11:16:20.509 INFO:teuthology.orchestra.run.smithi069.stdout:/usr/bin/ceph: stderr
2024-04-25T11:16:19.909+0000 7f365f0e6700 1 -- 172.21.15.69:0/1860754552 >> [v2:172.21.15.69:3300/0,v1:172.21.15.69:6789/0] conn(0x7f365807d720 msgr2=0x7f365819da80 secure :-1 s=STATE_CONNECTION_ESTABLISHED l=1).mark_down
2024-04-25T11:16:20.509 INFO:teuthology.orchestra.run.smithi069.stdout:/usr/bin/ceph: stderr
2024-04-25T11:16:19.909+0000 7f365f0e6700 1 --2- 172.21.15.69:0/1860754552 >> [v2:172.21.15.69:3300/0,v1:172.21.15.69:6789/0] conn(0x7f365807d720 0x7f365819da80 secure :-1 s=READY pgs=50 cs=0 l=1 rev1=1 crypto rx=0x7f364c011670 tx=0x7f364c011a30 comp rx=0 tx=0).stop
2024-04-25T11:16:20.509 INFO:teuthology.orchestra.run.smithi069.stdout:/usr/bin/ceph: stderr
2024-04-25T11:16:19.909+0000 7f365f0e6700 1 -- 172.21.15.69:0/1860754552 shutdown_connections
2024-04-25T11:16:20.509 INFO:teuthology.orchestra.run.smithi069.stdout:/usr/bin/ceph: stderr
2024-04-25T11:16:19.909+0000 7f365f0e6700 1 --2- 172.21.15.69:0/1860754552 >> [v2:172.21.15.69:6800/1097124842,v1:172.21.15.69:6801/1097124842] conn(0x7f364803d630 0x7f364803fb40 unknown :-1 s=CLOSED pgs=13 cs=0 l=1 rev1=1 crypto rx=0 tx=0 comp rx=0 tx=0).stop
2024-04-25T11:16:20.509 INFO:teuthology.orchestra.run.smithi069.stdout:/usr/bin/ceph: stderr
2024-04-25T11:16:19.909+0000 7f365f0e6700 1 --2- 172.21.15.69:0/1860754552 >> [v2:172.21.15.69:3300/0,v1:172.21.15.69:6789/0] conn(0x7f365807d720 0x7f365819da80 unknown :-1 s=CLOSED pgs=50 cs=0 l=1 rev1=1 crypto rx=0 tx=0 comp rx=0 tx=0).stop
2024-04-25T11:16:20.509 INFO:teuthology.orchestra.run.smithi069.stdout:/usr/bin/ceph: stderr
2024-04-25T11:16:19.909+0000 7f365f0e6700 1 -- 172.21.15.69:0/1860754552 >> 172.21.15.69:0/1860754552 conn(0x7f3658103ea0 msgr2=0x7f3658104660 unknown :-1 s=STATE_NONE l=0).mark_down
2024-04-25T11:16:20.509 INFO:teuthology.orchestra.run.smithi069.stdout:/usr/bin/ceph: stderr
2024-04-25T11:16:19.910+0000 7f365f0e6700 1 -- 172.21.15.69:0/1860754552 shutdown_connections
2024-04-25T11:16:20.509 INFO:teuthology.orchestra.run.smithi069.stdout:/usr/bin/ceph: stderr
2024-04-25T11:16:19.910+0000 7f365f0e6700 1 -- 172.21.15.69:0/1860754552 wait complete.
2024-04-25T11:16:21.164 INFO:journalctl@ceph.mon.a.smithi069.stdout:Apr 25 11:16:20 smithi069 ceph-mon[29188]: from='client.14144 -' entity='client.admin' cmd=[{"prefix": "orch apply", "service_type": "mgr", "unmanaged": true, "target": ["mon-mgr", ""]}]: dispatch
2024-04-25T11:16:21.164 INFO:journalctl@ceph.mon.a.smithi069.stdout:Apr 25 11:16:20 smithi069 ceph-mon[29188]: Saving service mgr spec with placement count:2
2024-04-25T11:16:21.165 INFO:journalctl@ceph.mon.a.smithi069.stdout:Apr 25 11:16:20 smithi069 ceph-mon[29188]: from='mgr.14120 172.21.15.69:0/157690041' entity='mgr.x'
2024-04-25T11:16:21.954 INFO:teuthology.orchestra.run.smithi069.stdout:/usr/bin/ceph: stderr
2024-04-25T11:16:20.930+0000 7ff068072700 1 Processor -- start
2024-04-25T11:16:21.954 INFO:teuthology.orchestra.run.smithi069.stdout:/usr/bin/ceph: stderr
2024-04-25T11:16:20.930+0000 7ff068072700 1 -- start start
2024-04-25T11:16:21.954 INFO:teuthology.orchestra.run.smithi069.stdout:/usr/bin/ceph: stderr
2024-04-25T11:16:20.930+0000 7ff068072700 1 --2- >> [v2:172.21.15.69:3300/0,v1:172.21.15.69:6789/0] conn(0x7ff060108820 0x7ff060108c30 unknown :-1 s=NONE pgs=0 cs=0 l=0 rev1=0 crypto rx=0 tx=0 comp rx=0 tx=0).connect
2024-04-25T11:16:21.955 INFO:teuthology.orchestra.run.smithi069.stdout:/usr/bin/ceph: stderr
2024-04-25T11:16:20.930+0000 7ff068072700 1 -- --> [v2:172.21.15.69:3300/0,v1:172.21.15.69:6789/0] -- mon_getmap magic: 0 -- 0x7ff060109220 con 0x7ff060108820
2024-04-25T11:16:21.955 INFO:teuthology.orchestra.run.smithi069.stdout:/usr/bin/ceph: stderr
2024-04-25T11:16:20.930+0000 7ff065e0e700 1 --2- >> [v2:172.21.15.69:3300/0,v1:172.21.15.69:6789/0] conn(0x7ff060108820 0x7ff060108c30 unknown :-1 s=BANNER_CONNECTING pgs=0 cs=0 l=0 rev1=0 crypto rx=0 tx=0 comp rx=0 tx=0)._handle_peer_banner_payload supported=3 required=0
2024-04-25T11:16:21.955 INFO:teuthology.orchestra.run.smithi069.stdout:/usr/bin/ceph: stderr
2024-04-25T11:16:20.930+0000 7ff065e0e700 1 --2- >> [v2:172.21.15.69:3300/0,v1:172.21.15.69:6789/0] conn(0x7ff060108820 0x7ff060108c30 unknown :-1 s=HELLO_CONNECTING pgs=0 cs=0 l=0 rev1=1 crypto rx=0 tx=0 comp rx=0 tx=0).handle_hello peer v2:172.21.15.69:3300/0 says I am v2:172.21.15.69:42596/0 (socket says 172.21.15.69:42596)
2024-04-25T11:16:21.955 INFO:teuthology.orchestra.run.smithi069.stdout:/usr/bin/ceph: stderr
2024-04-25T11:16:20.930+0000 7ff065e0e700 1 -- 172.21.15.69:0/2205448660 learned_addr learned my addr 172.21.15.69:0/2205448660 (peer_addr_for_me v2:172.21.15.69:0/0)
2024-04-25T11:16:21.955 INFO:teuthology.orchestra.run.smithi069.stdout:/usr/bin/ceph: stderr
2024-04-25T11:16:20.931+0000 7ff065e0e700 1 -- 172.21.15.69:0/2205448660 --> [v2:172.21.15.69:3300/0,v1:172.21.15.69:6789/0] -- mon_subscribe({config=0+,monmap=0+}) -- 0x7ff060109950 con 0x7ff060108820
2024-04-25T11:16:21.955 INFO:teuthology.orchestra.run.smithi069.stdout:/usr/bin/ceph: stderr
2024-04-25T11:16:20.931+0000 7ff065e0e700 1 --2- 172.21.15.69:0/2205448660 >> [v2:172.21.15.69:3300/0,v1:172.21.15.69:6789/0] conn(0x7ff060108820 0x7ff060108c30 secure :-1 s=READY pgs=51 cs=0 l=1 rev1=1 crypto rx=0x7ff05c0098a0 tx=0x7ff05c009bb0 comp rx=0 tx=0).ready entity=mon.0 client_cookie=28cd436a54d567ca server_cookie=0 in_seq=0 out_seq=0
2024-04-25T11:16:21.955 INFO:teuthology.orchestra.run.smithi069.stdout:/usr/bin/ceph: stderr
2024-04-25T11:16:20.931+0000 7ff064e0c700 1 -- 172.21.15.69:0/2205448660 <== mon.0 v2:172.21.15.69:3300/0 1 ==== mon_map magic: 0 ==== 205+0+0 (secure 0 0 0) 0x7ff05c004160 con 0x7ff060108820
2024-04-25T11:16:21.955 INFO:teuthology.orchestra.run.smithi069.stdout:/usr/bin/ceph: stderr
