2024-04-25T11:25:54.782+0000 7fa7a3fff700 1 -- 172.21.15.90:0/2813385564 <== mon.0 v2:172.21.15.90:3300/0 2 ==== config(26 keys) ==== 1070+0+0 (secure 0 0 0) 0x7fa7a8004300 con 0x7fa7ac108ab0
2024-04-25T11:25:55.904 INFO:teuthology.orchestra.run.smithi090.stdout:/usr/bin/ceph: stderr
2024-04-25T11:25:54.782+0000 7fa7a3fff700 1 -- 172.21.15.90:0/2813385564 <== mon.0 v2:172.21.15.90:3300/0 3 ==== mon_map magic: 0 ==== 205+0+0 (secure 0 0 0) 0x7fa7a8011af0 con 0x7fa7ac108ab0
2024-04-25T11:25:55.904 INFO:teuthology.orchestra.run.smithi090.stdout:/usr/bin/ceph: stderr
2024-04-25T11:25:54.783+0000 7fa7b347b700 1 -- 172.21.15.90:0/2813385564 >> [v2:172.21.15.90:3300/0,v1:172.21.15.90:6789/0] conn(0x7fa7ac108ab0 msgr2=0x7fa7ac108ec0 secure :-1 s=STATE_CONNECTION_ESTABLISHED l=1).mark_down
2024-04-25T11:25:55.904 INFO:teuthology.orchestra.run.smithi090.stdout:/usr/bin/ceph: stderr
2024-04-25T11:25:54.783+0000 7fa7b347b700 1 --2- 172.21.15.90:0/2813385564 >> [v2:172.21.15.90:3300/0,v1:172.21.15.90:6789/0] conn(0x7fa7ac108ab0 0x7fa7ac108ec0 secure :-1 s=READY pgs=41 cs=0 l=1 rev1=1 crypto rx=0x7fa7a80098a0 tx=0x7fa7a8009bb0 comp rx=0 tx=0).stop
2024-04-25T11:25:55.904 INFO:teuthology.orchestra.run.smithi090.stdout:/usr/bin/ceph: stderr
2024-04-25T11:25:54.783+0000 7fa7b347b700 1 -- 172.21.15.90:0/2813385564 shutdown_connections
2024-04-25T11:25:55.904 INFO:teuthology.orchestra.run.smithi090.stdout:/usr/bin/ceph: stderr
2024-04-25T11:25:54.783+0000 7fa7b347b700 1 --2- 172.21.15.90:0/2813385564 >> [v2:172.21.15.90:3300/0,v1:172.21.15.90:6789/0] conn(0x7fa7ac108ab0 0x7fa7ac108ec0 unknown :-1 s=CLOSED pgs=41 cs=0 l=1 rev1=1 crypto rx=0 tx=0 comp rx=0 tx=0).stop
2024-04-25T11:25:55.904 INFO:teuthology.orchestra.run.smithi090.stdout:/usr/bin/ceph: stderr
2024-04-25T11:25:54.783+0000 7fa7b347b700 1 -- 172.21.15.90:0/2813385564 >> 172.21.15.90:0/2813385564 conn(0x7fa7ac1040f0 msgr2=0x7fa7ac1065a0 unknown :-1 s=STATE_NONE l=0).mark_down
2024-04-25T11:25:55.904 INFO:teuthology.orchestra.run.smithi090.stdout:/usr/bin/ceph: stderr
2024-04-25T11:25:54.783+0000 7fa7b347b700 1 -- 172.21.15.90:0/2813385564 shutdown_connections
2024-04-25T11:25:55.904 INFO:teuthology.orchestra.run.smithi090.stdout:/usr/bin/ceph: stderr
2024-04-25T11:25:54.783+0000 7fa7b347b700 1 -- 172.21.15.90:0/2813385564 wait complete.
2024-04-25T11:25:55.904 INFO:teuthology.orchestra.run.smithi090.stdout:/usr/bin/ceph: stderr
2024-04-25T11:25:54.783+0000 7fa7b347b700 1 Processor -- start
2024-04-25T11:25:55.904 INFO:teuthology.orchestra.run.smithi090.stdout:/usr/bin/ceph: stderr
2024-04-25T11:25:54.783+0000 7fa7b347b700 1 -- start start
2024-04-25T11:25:55.905 INFO:teuthology.orchestra.run.smithi090.stdout:/usr/bin/ceph: stderr
2024-04-25T11:25:54.784+0000 7fa7b347b700 1 --2- >> [v2:172.21.15.90:3300/0,v1:172.21.15.90:6789/0] conn(0x7fa7ac108ab0 0x7fa7ac07d1d0 unknown :-1 s=NONE pgs=0 cs=0 l=1 rev1=0 crypto rx=0 tx=0 comp rx=0 tx=0).connect
2024-04-25T11:25:55.905 INFO:teuthology.orchestra.run.smithi090.stdout:/usr/bin/ceph: stderr
2024-04-25T11:25:54.784+0000 7fa7b347b700 1 -- --> [v2:172.21.15.90:3300/0,v1:172.21.15.90:6789/0] -- mon_getmap magic: 0 -- 0x7fa7ac10cf90 con 0x7fa7ac108ab0
2024-04-25T11:25:55.905 INFO:teuthology.orchestra.run.smithi090.stdout:/usr/bin/ceph: stderr
2024-04-25T11:25:54.784+0000 7fa7b1217700 1 --2- >> [v2:172.21.15.90:3300/0,v1:172.21.15.90:6789/0] conn(0x7fa7ac108ab0 0x7fa7ac07d1d0 unknown :-1 s=BANNER_CONNECTING pgs=0 cs=0 l=1 rev1=0 crypto rx=0 tx=0 comp rx=0 tx=0)._handle_peer_banner_payload supported=3 required=0
2024-04-25T11:25:55.905 INFO:teuthology.orchestra.run.smithi090.stdout:/usr/bin/ceph: stderr
2024-04-25T11:25:54.784+0000 7fa7b1217700 1 --2- >> [v2:172.21.15.90:3300/0,v1:172.21.15.90:6789/0] conn(0x7fa7ac108ab0 0x7fa7ac07d1d0 unknown :-1 s=HELLO_CONNECTING pgs=0 cs=0 l=1 rev1=1 crypto rx=0 tx=0 comp rx=0 tx=0).handle_hello peer v2:172.21.15.90:3300/0 says I am v2:172.21.15.90:60888/0 (socket says 172.21.15.90:60888)
2024-04-25T11:25:55.905 INFO:teuthology.orchestra.run.smithi090.stdout:/usr/bin/ceph: stderr
2024-04-25T11:25:54.784+0000 7fa7b1217700 1 -- 172.21.15.90:0/4223242990 learned_addr learned my addr 172.21.15.90:0/4223242990 (peer_addr_for_me v2:172.21.15.90:0/0)
2024-04-25T11:25:55.905 INFO:teuthology.orchestra.run.smithi090.stdout:/usr/bin/ceph: stderr
2024-04-25T11:25:54.784+0000 7fa7b1217700 1 -- 172.21.15.90:0/4223242990 --> [v2:172.21.15.90:3300/0,v1:172.21.15.90:6789/0] -- mon_subscribe({config=0+,monmap=0+}) -- 0x7fa7ac07d710 con 0x7fa7ac108ab0
2024-04-25T11:25:55.905 INFO:teuthology.orchestra.run.smithi090.stdout:/usr/bin/ceph: stderr
2024-04-25T11:25:54.784+0000 7fa7b1217700 1 --2- 172.21.15.90:0/4223242990 >> [v2:172.21.15.90:3300/0,v1:172.21.15.90:6789/0] conn(0x7fa7ac108ab0 0x7fa7ac07d1d0 secure :-1 s=READY pgs=42 cs=0 l=1 rev1=1 crypto rx=0x7fa7a80090e0 tx=0x7fa7a8011940 comp rx=0 tx=0).ready entity=mon.0 client_cookie=0 server_cookie=0 in_seq=0 out_seq=0
2024-04-25T11:25:55.905 INFO:teuthology.orchestra.run.smithi090.stdout:/usr/bin/ceph: stderr
2024-04-25T11:25:54.784+0000 7fa7a27fc700 1 -- 172.21.15.90:0/4223242990 <== mon.0 v2:172.21.15.90:3300/0 1 ==== mon_map magic: 0 ==== 205+0+0 (secure 0 0 0) 0x7fa7a80039e0 con 0x7fa7ac108ab0
2024-04-25T11:25:55.905 INFO:teuthology.orchestra.run.smithi090.stdout:/usr/bin/ceph: stderr
2024-04-25T11:25:54.784+0000 7fa7a27fc700 1 -- 172.21.15.90:0/4223242990 <== mon.0 v2:172.21.15.90:3300/0 2 ==== config(26 keys) ==== 1070+0+0 (secure 0 0 0) 0x7fa7a8003b80 con 0x7fa7ac108ab0
2024-04-25T11:25:55.905 INFO:teuthology.orchestra.run.smithi090.stdout:/usr/bin/ceph: stderr
2024-04-25T11:25:54.784+0000 7fa7b347b700 1 -- 172.21.15.90:0/4223242990 --> [v2:172.21.15.90:3300/0,v1:172.21.15.90:6789/0] -- mon_subscribe({mgrmap=0+}) -- 0x7fa7ac1a0d80 con 0x7fa7ac108ab0
2024-04-25T11:25:55.905 INFO:teuthology.orchestra.run.smithi090.stdout:/usr/bin/ceph: stderr
2024-04-25T11:25:54.784+0000 7fa7a27fc700 1 -- 172.21.15.90:0/4223242990 <== mon.0 v2:172.21.15.90:3300/0 3 ==== mon_map magic: 0 ==== 205+0+0 (secure 0 0 0) 0x7fa7a8024690 con 0x7fa7ac108ab0
2024-04-25T11:25:55.905 INFO:teuthology.orchestra.run.smithi090.stdout:/usr/bin/ceph: stderr
2024-04-25T11:25:54.784+0000 7fa7b347b700 1 -- 172.21.15.90:0/4223242990 --> [v2:172.21.15.90:3300/0,v1:172.21.15.90:6789/0] -- mon_subscribe({osdmap=0}) -- 0x7fa7ac1a1200 con 0x7fa7ac108ab0
2024-04-25T11:25:55.905 INFO:teuthology.orchestra.run.smithi090.stdout:/usr/bin/ceph: stderr
2024-04-25T11:25:54.785+0000 7fa7a27fc700 1 -- 172.21.15.90:0/4223242990 <== mon.0 v2:172.21.15.90:3300/0 4 ==== mgrmap(e 8) ==== 49516+0+0 (secure 0 0 0) 0x7fa7a8022020 con 0x7fa7ac108ab0
2024-04-25T11:25:55.905 INFO:teuthology.orchestra.run.smithi090.stdout:/usr/bin/ceph: stderr
2024-04-25T11:25:54.785+0000 7fa7b347b700 1 -- 172.21.15.90:0/4223242990 --> [v2:172.21.15.90:3300/0,v1:172.21.15.90:6789/0] -- mon_command({"prefix": "get_command_descriptions"} v 0) -- 0x7fa7ac064cf0 con 0x7fa7ac108ab0
2024-04-25T11:25:55.906 INFO:teuthology.orchestra.run.smithi090.stdout:/usr/bin/ceph: stderr
2024-04-25T11:25:54.786+0000 7fa7a27fc700 1 --2- 172.21.15.90:0/4223242990 >> [v2:172.21.15.90:6800/71478430,v1:172.21.15.90:6801/71478430] conn(0x7fa79803d5c0 0x7fa79803fad0 unknown :-1 s=NONE pgs=0 cs=0 l=1 rev1=0 crypto rx=0 tx=0 comp rx=0 tx=0).connect
2024-04-25T11:25:55.906 INFO:teuthology.orchestra.run.smithi090.stdout:/usr/bin/ceph: stderr
2024-04-25T11:25:54.786+0000 7fa7a27fc700 1 -- 172.21.15.90:0/4223242990 <== mon.0 v2:172.21.15.90:3300/0 5 ==== osd_map(2..2 src has 1..2) ==== 940+0+0 (secure 0 0 0) 0x7fa7a8052540 con 0x7fa7ac108ab0
2024-04-25T11:25:55.906 INFO:teuthology.orchestra.run.smithi090.stdout:/usr/bin/ceph: stderr
2024-04-25T11:25:54.786+0000 7fa7b0a16700 1 --2- 172.21.15.90:0/4223242990 >> [v2:172.21.15.90:6800/71478430,v1:172.21.15.90:6801/71478430] conn(0x7fa79803d5c0 0x7fa79803fad0 unknown :-1 s=BANNER_CONNECTING pgs=0 cs=0 l=1 rev1=0 crypto rx=0 tx=0 comp rx=0 tx=0)._handle_peer_banner_payload supported=3 required=0
2024-04-25T11:25:55.906 INFO:teuthology.orchestra.run.smithi090.stdout:/usr/bin/ceph: stderr
2024-04-25T11:25:54.786+0000 7fa7b0a16700 1 --2- 172.21.15.90:0/4223242990 >> [v2:172.21.15.90:6800/71478430,v1:172.21.15.90:6801/71478430] conn(0x7fa79803d5c0 0x7fa79803fad0 secure :-1 s=READY pgs=9 cs=0 l=1 rev1=1 crypto rx=0x7fa79c006fd0 tx=0x7fa79c006e40 comp rx=0 tx=0).ready entity=mgr.14120 client_cookie=0 server_cookie=0 in_seq=0 out_seq=0
2024-04-25T11:25:55.906 INFO:teuthology.orchestra.run.smithi090.stdout:/usr/bin/ceph: stderr
2024-04-25T11:25:54.791+0000 7fa7a27fc700 1 -- 172.21.15.90:0/4223242990 <== mon.0 v2:172.21.15.90:3300/0 6 ==== mon_command_ack([{"prefix": "get_command_descriptions"}]=0 v0) ==== 72+0+188370 (secure 0 0 0) 0x7fa7a80172b0 con 0x7fa7ac108ab0
2024-04-25T11:25:55.906 INFO:teuthology.orchestra.run.smithi090.stdout:/usr/bin/ceph: stderr
2024-04-25T11:25:54.987+0000 7fa7b347b700 1 -- 172.21.15.90:0/4223242990 --> [v2:172.21.15.90:6800/71478430,v1:172.21.15.90:6801/71478430] -- mgr_command(tid 0: {"prefix": "cephadm generate-key", "target": ["mon-mgr", ""]}) -- 0x7fa7ac105190 con 0x7fa79803d5c0
2024-04-25T11:25:55.906 INFO:teuthology.orchestra.run.smithi090.stdout:/usr/bin/ceph: stderr
2024-04-25T11:25:55.323+0000 7fa7a27fc700 1 -- 172.21.15.90:0/4223242990 <== mgr.14120 v2:172.21.15.90:6800/71478430 1 ==== mgr_command_reply(tid 0: 0 ) ==== 8+0+0 (secure 0 0 0) 0x7fa7ac105190 con 0x7fa79803d5c0
2024-04-25T11:25:55.906 INFO:teuthology.orchestra.run.smithi090.stdout:/usr/bin/ceph: stderr
2024-04-25T11:25:55.325+0000 7fa7b347b700 1 -- 172.21.15.90:0/4223242990 >> [v2:172.21.15.90:6800/71478430,v1:172.21.15.90:6801/71478430] conn(0x7fa79803d5c0 msgr2=0x7fa79803fad0 secure :-1 s=STATE_CONNECTION_ESTABLISHED l=1).mark_down
2024-04-25T11:25:55.906 INFO:teuthology.orchestra.run.smithi090.stdout:/usr/bin/ceph: stderr
2024-04-25T11:25:55.325+0000 7fa7b347b700 1 --2- 172.21.15.90:0/4223242990 >> [v2:172.21.15.90:6800/71478430,v1:172.21.15.90:6801/71478430] conn(0x7fa79803d5c0 0x7fa79803fad0 secure :-1 s=READY pgs=9 cs=0 l=1 rev1=1 crypto rx=0x7fa79c006fd0 tx=0x7fa79c006e40 comp rx=0 tx=0).stop
2024-04-25T11:25:55.906 INFO:teuthology.orchestra.run.smithi090.stdout:/usr/bin/ceph: stderr
2024-04-25T11:25:55.325+0000 7fa7b347b700 1 -- 172.21.15.90:0/4223242990 >> [v2:172.21.15.90:3300/0,v1:172.21.15.90:6789/0] conn(0x7fa7ac108ab0 msgr2=0x7fa7ac07d1d0 secure :-1 s=STATE_CONNECTION_ESTABLISHED l=1).mark_down
2024-04-25T11:25:55.906 INFO:teuthology.orchestra.run.smithi090.stdout:/usr/bin/ceph: stderr
2024-04-25T11:25:55.325+0000 7fa7b347b700 1 --2- 172.21.15.90:0/4223242990 >> [v2:172.21.15.90:3300/0,v1:172.21.15.90:6789/0] conn(0x7fa7ac108ab0 0x7fa7ac07d1d0 secure :-1 s=READY pgs=42 cs=0 l=1 rev1=1 crypto rx=0x7fa7a80090e0 tx=0x7fa7a8011940 comp rx=0 tx=0).stop
2024-04-25T11:25:55.906 INFO:teuthology.orchestra.run.smithi090.stdout:/usr/bin/ceph: stderr
2024-04-25T11:25:55.325+0000 7fa7b347b700 1 -- 172.21.15.90:0/4223242990 shutdown_connections
2024-04-25T11:25:55.906 INFO:teuthology.orchestra.run.smithi090.stdout:/usr/bin/ceph: stderr
2024-04-25T11:25:55.325+0000 7fa7b347b700 1 --2- 172.21.15.90:0/4223242990 >> [v2:172.21.15.90:6800/71478430,v1:172.21.15.90:6801/71478430] conn(0x7fa79803d5c0 0x7fa79803fad0 unknown :-1 s=CLOSED pgs=9 cs=0 l=1 rev1=1 crypto rx=0 tx=0 comp rx=0 tx=0).stop
2024-04-25T11:25:55.907 INFO:teuthology.orchestra.run.smithi090.stdout:/usr/bin/ceph: stderr
2024-04-25T11:25:55.325+0000 7fa7b347b700 1 --2- 172.21.15.90:0/4223242990 >> [v2:172.21.15.90:3300/0,v1:172.21.15.90:6789/0] conn(0x7fa7ac108ab0 0x7fa7ac07d1d0 unknown :-1 s=CLOSED pgs=42 cs=0 l=1 rev1=1 crypto rx=0 tx=0 comp rx=0 tx=0).stop
2024-04-25T11:25:55.907 INFO:teuthology.orchestra.run.smithi090.stdout:/usr/bin/ceph: stderr
2024-04-25T11:25:55.325+0000 7fa7b347b700 1 -- 172.21.15.90:0/4223242990 >> 172.21.15.90:0/4223242990 conn(0x7fa7ac1040f0 msgr2=0x7fa7ac104a20 unknown :-1 s=STATE_NONE l=0).mark_down
2024-04-25T11:25:55.907 INFO:teuthology.orchestra.run.smithi090.stdout:/usr/bin/ceph: stderr
2024-04-25T11:25:55.325+0000 7fa7b347b700 1 -- 172.21.15.90:0/4223242990 shutdown_connections
2024-04-25T11:25:55.907 INFO:teuthology.orchestra.run.smithi090.stdout:/usr/bin/ceph: stderr
2024-04-25T11:25:55.325+0000 7fa7b347b700 1 -- 172.21.15.90:0/4223242990 wait complete.
2024-04-25T11:25:56.479 INFO:journalctl@ceph.mon.a.smithi090.stdout:Apr 25 11:25:56 smithi090 ceph-mon[29575]: from='client.14136 -' entity='client.admin' cmd=[{"prefix": "cephadm generate-key", "target": ["mon-mgr", ""]}]: dispatch
2024-04-25T11:25:56.479 INFO:journalctl@ceph.mon.a.smithi090.stdout:Apr 25 11:25:56 smithi090 ceph-mon[29575]: Generating ssh key...
2024-04-25T11:25:57.138 INFO:teuthology.orchestra.run.smithi090.stdout:/usr/bin/ceph: stdout ssh-rsa AAAAB3NzaC1yc2EAAAADAQABAAABgQDYV47YYzGnTOax+/+SgGFXLHEkYg2jRFr7y3yEYyUuaCNtVbo/FOEE46qPqip6RQvVXFyfx0ELTPx7sx7l63drWF/qj9Jct6uSOou2aXWwv0nVU+f3k6cBGeAqj71yV7pZjdQdh/dQrB1yAKJJ2ON+liNidCIe8Eg5yu+FnUMbSs533rUHuVxSZfk4H9EVqWg9InUu0OZNWScK13phuWYJ9o6KZcvXQ3P0AlHSUC6dE6EStF4RaKfeuRgRgoIj1Le6wjeTw4v6EhvGE/JvIOUUgNlJiYMkejnv0M6h+fOQKxKZB6dokRlAYHm+Duqz4Q+STnMz6ab50DCSaqWq+6A43xrhET7xfgyge32uyjt7Q7jDm4qNI6WN3iANEQwRhXj8AhD7BO2s1dKy01DzCLqDbgdvuD3B/Do68KgnM9Xj2ygycGrbzljDzZ0rW3Lz3Vz29OwbQ+ETmkTxydlsz/gfUDzzLd52jRb8Ef7UOw+YOXPnpMP1ln2KZN0YKqDXS9k= ceph-58bd4e7a-02f6-11ef-bc93-c7b262605968
2024-04-25T11:25:57.138 INFO:teuthology.orchestra.run.smithi090.stdout:/usr/bin/ceph: stderr
2024-04-25T11:25:56.330+0000 7fc84c645700 1 Processor -- start
2024-04-25T11:25:57.138 INFO:teuthology.orchestra.run.smithi090.stdout:/usr/bin/ceph: stderr
2024-04-25T11:25:56.330+0000 7fc84c645700 1 -- start start
2024-04-25T11:25:57.138 INFO:teuthology.orchestra.run.smithi090.stdout:/usr/bin/ceph: stderr
2024-04-25T11:25:56.330+0000 7fc84c645700 1 --2- >> [v2:172.21.15.90:3300/0,v1:172.21.15.90:6789/0] conn(0x7fc844108ae0 0x7fc844108ef0 unknown :-1 s=NONE pgs=0 cs=0 l=0 rev1=0 crypto rx=0 tx=0 comp rx=0 tx=0).connect
2024-04-25T11:25:57.138 INFO:teuthology.orchestra.run.smithi090.stdout:/usr/bin/ceph: stderr
2024-04-25T11:25:56.330+0000 7fc84c645700 1 -- --> [v2:172.21.15.90:3300/0,v1:172.21.15.90:6789/0] -- mon_getmap magic: 0 -- 0x7fc8441094e0 con 0x7fc844108ae0
2024-04-25T11:25:57.138 INFO:teuthology.orchestra.run.smithi090.stdout:/usr/bin/ceph: stderr
2024-04-25T11:25:56.330+0000 7fc84a3e1700 1 --2- >> [v2:172.21.15.90:3300/0,v1:172.21.15.90:6789/0] conn(0x7fc844108ae0 0x7fc844108ef0 unknown :-1 s=BANNER_CONNECTING pgs=0 cs=0 l=0 rev1=0 crypto rx=0 tx=0 comp rx=0 tx=0)._handle_peer_banner_payload supported=3 required=0
2024-04-25T11:25:57.138 INFO:teuthology.orchestra.run.smithi090.stdout:/usr/bin/ceph: stderr
2024-04-25T11:25:56.330+0000 7fc84a3e1700 1 --2- >> [v2:172.21.15.90:3300/0,v1:172.21.15.90:6789/0] conn(0x7fc844108ae0 0x7fc844108ef0 unknown :-1 s=HELLO_CONNECTING pgs=0 cs=0 l=0 rev1=1 crypto rx=0 tx=0 comp rx=0 tx=0).handle_hello peer v2:172.21.15.90:3300/0 says I am v2:172.21.15.90:60892/0 (socket says 172.21.15.90:60892)
2024-04-25T11:25:57.138 INFO:teuthology.orchestra.run.smithi090.stdout:/usr/bin/ceph: stderr
2024-04-25T11:25:56.330+0000 7fc84a3e1700 1 -- 172.21.15.90:0/559947617 learned_addr learned my addr 172.21.15.90:0/559947617 (peer_addr_for_me v2:172.21.15.90:0/0)
2024-04-25T11:25:57.139 INFO:teuthology.orchestra.run.smithi090.stdout:/usr/bin/ceph: stderr
2024-04-25T11:25:56.330+0000 7fc84a3e1700 1 -- 172.21.15.90:0/559947617 --> [v2:172.21.15.90:3300/0,v1:172.21.15.90:6789/0] -- mon_subscribe({config=0+,monmap=0+}) -- 0x7fc844109c10 con 0x7fc844108ae0
2024-04-25T11:25:57.139 INFO:teuthology.orchestra.run.smithi090.stdout:/usr/bin/ceph: stderr
2024-04-25T11:25:56.331+0000 7fc84a3e1700 1 --2- 172.21.15.90:0/559947617 >> [v2:172.21.15.90:3300/0,v1:172.21.15.90:6789/0] conn(0x7fc844108ae0 0x7fc844108ef0 secure :-1 s=READY pgs=43 cs=0 l=1 rev1=1 crypto rx=0x7fc8400098a0 tx=0x7fc840009bb0 comp rx=0 tx=0).ready entity=mon.0 client_cookie=2adb6787a966f2ed server_cookie=0 in_seq=0 out_seq=0
2024-04-25T11:25:57.139 INFO:teuthology.orchestra.run.smithi090.stdout:/usr/bin/ceph: stderr
2024-04-25T11:25:56.331+0000 7fc8493df700 1 -- 172.21.15.90:0/559947617 <== mon.0 v2:172.21.15.90:3300/0 1 ==== mon_map magic: 0 ==== 205+0+0 (secure 0 0 0) 0x7fc840004160 con 0x7fc844108ae0
2024-04-25T11:25:57.139 INFO:teuthology.orchestra.run.smithi090.stdout:/usr/bin/ceph: stderr
2024-04-25T11:25:56.331+0000 7fc8493df700 1 -- 172.21.15.90:0/559947617 <== mon.0 v2:172.21.15.90:3300/0 2 ==== config(26 keys) ==== 1070+0+0 (secure 0 0 0) 0x7fc840004300 con 0x7fc844108ae0
2024-04-25T11:25:57.139 INFO:teuthology.orchestra.run.smithi090.stdout:/usr/bin/ceph: stderr
2024-04-25T11:25:56.331+0000 7fc8493df700 1 -- 172.21.15.90:0/559947617 <== mon.0 v2:172.21.15.90:3300/0 3 ==== mon_map magic: 0 ==== 205+0+0 (secure 0 0 0) 0x7fc840011af0 con 0x7fc844108ae0
2024-04-25T11:25:57.139 INFO:teuthology.orchestra.run.smithi090.stdout:/usr/bin/ceph: stderr
2024-04-25T11:25:56.332+0000 7fc84c645700 1 -- 172.21.15.90:0/559947617 >> [v2:172.21.15.90:3300/0,v1:172.21.15.90:6789/0] conn(0x7fc844108ae0 msgr2=0x7fc844108ef0 secure :-1 s=STATE_CONNECTION_ESTABLISHED l=1).mark_down
2024-04-25T11:25:57.139 INFO:teuthology.orchestra.run.smithi090.stdout:/usr/bin/ceph: stderr
2024-04-25T11:25:56.332+0000 7fc84c645700 1 --2- 172.21.15.90:0/559947617 >> [v2:172.21.15.90:3300/0,v1:172.21.15.90:6789/0] conn(0x7fc844108ae0 0x7fc844108ef0 secure :-1 s=READY pgs=43 cs=0 l=1 rev1=1 crypto rx=0x7fc8400098a0 tx=0x7fc840009bb0 comp rx=0 tx=0).stop
2024-04-25T11:25:57.139 INFO:teuthology.orchestra.run.smithi090.stdout:/usr/bin/ceph: stderr
2024-04-25T11:25:56.332+0000 7fc84c645700 1 -- 172.21.15.90:0/559947617 shutdown_connections
2024-04-25T11:25:57.139 INFO:teuthology.orchestra.run.smithi090.stdout:/usr/bin/ceph: stderr
2024-04-25T11:25:56.332+0000 7fc84c645700 1 --2- 172.21.15.90:0/559947617 >> [v2:172.21.15.90:3300/0,v1:172.21.15.90:6789/0] conn(0x7fc844108ae0 0x7fc844108ef0 unknown :-1 s=CLOSED pgs=43 cs=0 l=1 rev1=1 crypto rx=0 tx=0 comp rx=0 tx=0).stop
2024-04-25T11:25:57.139 INFO:teuthology.orchestra.run.smithi090.stdout:/usr/bin/ceph: stderr
2024-04-25T11:25:56.332+0000 7fc84c645700 1 -- 172.21.15.90:0/559947617 >> 172.21.15.90:0/559947617 conn(0x7fc844104140 msgr2=0x7fc8441065d0 unknown :-1 s=STATE_NONE l=0).mark_down
2024-04-25T11:25:57.139 INFO:teuthology.orchestra.run.smithi090.stdout:/usr/bin/ceph: stderr
2024-04-25T11:25:56.332+0000 7fc84c645700 1 -- 172.21.15.90:0/559947617 shutdown_connections
2024-04-25T11:25:57.139 INFO:teuthology.orchestra.run.smithi090.stdout:/usr/bin/ceph: stderr
2024-04-25T11:25:56.332+0000 7fc84c645700 1 -- 172.21.15.90:0/559947617 wait complete.
2024-04-25T11:25:57.139 INFO:teuthology.orchestra.run.smithi090.stdout:/usr/bin/ceph: stderr
2024-04-25T11:25:56.332+0000 7fc84c645700 1 Processor -- start
2024-04-25T11:25:57.140 INFO:teuthology.orchestra.run.smithi090.stdout:/usr/bin/ceph: stderr
2024-04-25T11:25:56.332+0000 7fc84c645700 1 -- start start
2024-04-25T11:25:57.140 INFO:teuthology.orchestra.run.smithi090.stdout:/usr/bin/ceph: stderr
2024-04-25T11:25:56.333+0000 7fc84c645700 1 --2- >> [v2:172.21.15.90:3300/0,v1:172.21.15.90:6789/0] conn(0x7fc844108ae0 0x7fc84419cf00 unknown :-1 s=NONE pgs=0 cs=0 l=1 rev1=0 crypto rx=0 tx=0 comp rx=0 tx=0).connect
2024-04-25T11:25:57.140 INFO:teuthology.orchestra.run.smithi090.stdout:/usr/bin/ceph: stderr
2024-04-25T11:25:56.333+0000 7fc84c645700 1 -- --> [v2:172.21.15.90:3300/0,v1:172.21.15.90:6789/0] -- mon_getmap magic: 0 -- 0x7fc84410cfc0 con 0x7fc844108ae0
2024-04-25T11:25:57.140 INFO:teuthology.orchestra.run.smithi090.stdout:/usr/bin/ceph: stderr
2024-04-25T11:25:56.333+0000 7fc84a3e1700 1 --2- >> [v2:172.21.15.90:3300/0,v1:172.21.15.90:6789/0] conn(0x7fc844108ae0 0x7fc84419cf00 unknown :-1 s=BANNER_CONNECTING pgs=0 cs=0 l=1 rev1=0 crypto rx=0 tx=0 comp rx=0 tx=0)._handle_peer_banner_payload supported=3 required=0
2024-04-25T11:25:57.140 INFO:teuthology.orchestra.run.smithi090.stdout:/usr/bin/ceph: stderr
2024-04-25T11:25:56.333+0000 7fc84a3e1700 1 --2- >> [v2:172.21.15.90:3300/0,v1:172.21.15.90:6789/0] conn(0x7fc844108ae0 0x7fc84419cf00 unknown :-1 s=HELLO_CONNECTING pgs=0 cs=0 l=1 rev1=1 crypto rx=0 tx=0 comp rx=0 tx=0).handle_hello peer v2:172.21.15.90:3300/0 says I am v2:172.21.15.90:60904/0 (socket says 172.21.15.90:60904)
2024-04-25T11:25:57.140 INFO:teuthology.orchestra.run.smithi090.stdout:/usr/bin/ceph: stderr
2024-04-25T11:25:56.333+0000 7fc84a3e1700 1 -- 172.21.15.90:0/2326490242 learned_addr learned my addr 172.21.15.90:0/2326490242 (peer_addr_for_me v2:172.21.15.90:0/0)
2024-04-25T11:25:57.140 INFO:teuthology.orchestra.run.smithi090.stdout:/usr/bin/ceph: stderr
2024-04-25T11:25:56.333+0000 7fc84a3e1700 1 -- 172.21.15.90:0/2326490242 --> [v2:172.21.15.90:3300/0,v1:172.21.15.90:6789/0] -- mon_subscribe({config=0+,monmap=0+}) -- 0x7fc84419d440 con 0x7fc844108ae0
2024-04-25T11:25:57.140 INFO:teuthology.orchestra.run.smithi090.stdout:/usr/bin/ceph: stderr
2024-04-25T11:25:56.333+0000 7fc84a3e1700 1 --2- 172.21.15.90:0/2326490242 >> [v2:172.21.15.90:3300/0,v1:172.21.15.90:6789/0] conn(0x7fc844108ae0 0x7fc84419cf00 secure :-1 s=READY pgs=44 cs=0 l=1 rev1=1 crypto rx=0x7fc840011670 tx=0x7fc840004280 comp rx=0 tx=0).ready entity=mon.0 client_cookie=0 server_cookie=0 in_seq=0 out_seq=0
2024-04-25T11:25:57.140 INFO:teuthology.orchestra.run.smithi090.stdout:/usr/bin/ceph: stderr
2024-04-25T11:25:56.333+0000 7fc83b7fe700 1 -- 172.21.15.90:0/2326490242 <== mon.0 v2:172.21.15.90:3300/0 1 ==== mon_map magic: 0 ==== 205+0+0 (secure 0 0 0) 0x7fc8400036a0 con 0x7fc844108ae0
2024-04-25T11:25:57.140 INFO:teuthology.orchestra.run.smithi090.stdout:/usr/bin/ceph: stderr
2024-04-25T11:25:56.333+0000 7fc83b7fe700 1 -- 172.21.15.90:0/2326490242 <== mon.0 v2:172.21.15.90:3300/0 2 ==== config(26 keys) ==== 1070+0+0 (secure 0 0 0) 0x7fc840003cd0 con 0x7fc844108ae0
2024-04-25T11:25:57.140 INFO:teuthology.orchestra.run.smithi090.stdout:/usr/bin/ceph: stderr
2024-04-25T11:25:56.333+0000 7fc84c645700 1 -- 172.21.15.90:0/2326490242 --> [v2:172.21.15.90:3300/0,v1:172.21.15.90:6789/0] -- mon_subscribe({mgrmap=0+}) -- 0x7fc84419d6d0 con 0x7fc844108ae0
2024-04-25T11:25:57.140 INFO:teuthology.orchestra.run.smithi090.stdout:/usr/bin/ceph: stderr
2024-04-25T11:25:56.333+0000 7fc83b7fe700 1 -- 172.21.15.90:0/2326490242 <== mon.0 v2:172.21.15.90:3300/0 3 ==== mon_map magic: 0 ==== 205+0+0 (secure 0 0 0) 0x7fc8400193c0 con 0x7fc844108ae0
2024-04-25T11:25:57.140 INFO:teuthology.orchestra.run.smithi090.stdout:/usr/bin/ceph: stderr
2024-04-25T11:25:56.333+0000 7fc84c645700 1 -- 172.21.15.90:0/2326490242 --> [v2:172.21.15.90:3300/0,v1:172.21.15.90:6789/0] -- mon_subscribe({osdmap=0}) -- 0x7fc8441a02e0 con 0x7fc844108ae0
2024-04-25T11:25:57.140 INFO:teuthology.orchestra.run.smithi090.stdout:/usr/bin/ceph: stderr
2024-04-25T11:25:56.334+0000 7fc83b7fe700 1 -- 172.21.15.90:0/2326490242 <== mon.0 v2:172.21.15.90:3300/0 4 ==== mgrmap(e 8) ==== 49516+0+0 (secure 0 0 0) 0x7fc840019680 con 0x7fc844108ae0
2024-04-25T11:25:57.141 INFO:teuthology.orchestra.run.smithi090.stdout:/usr/bin/ceph: stderr
2024-04-25T11:25:56.334+0000 7fc84c645700 1 -- 172.21.15.90:0/2326490242 --> [v2:172.21.15.90:3300/0,v1:172.21.15.90:6789/0] -- mon_command({"prefix": "get_command_descriptions"} v 0) -- 0x7fc844064cf0 con 0x7fc844108ae0
2024-04-25T11:25:57.141 INFO:teuthology.orchestra.run.smithi090.stdout:/usr/bin/ceph: stderr
2024-04-25T11:25:56.335+0000 7fc83b7fe700 1 --2- 172.21.15.90:0/2326490242 >> [v2:172.21.15.90:6800/71478430,v1:172.21.15.90:6801/71478430] conn(0x7fc83003d520 0x7fc83003fa30 unknown :-1 s=NONE pgs=0 cs=0 l=1 rev1=0 crypto rx=0 tx=0 comp rx=0 tx=0).connect
2024-04-25T11:25:57.141 INFO:teuthology.orchestra.run.smithi090.stdout:/usr/bin/ceph: stderr
2024-04-25T11:25:56.335+0000 7fc83b7fe700 1 -- 172.21.15.90:0/2326490242 <== mon.0 v2:172.21.15.90:3300/0 5 ==== osd_map(2..2 src has 1..2) ==== 940+0+0 (secure 0 0 0) 0x7fc8400524d0 con 0x7fc844108ae0
2024-04-25T11:25:57.141 INFO:teuthology.orchestra.run.smithi090.stdout:/usr/bin/ceph: stderr
2024-04-25T11:25:56.335+0000 7fc849be0700 1 --2- 172.21.15.90:0/2326490242 >> [v2:172.21.15.90:6800/71478430,v1:172.21.15.90:6801/71478430] conn(0x7fc83003d520 0x7fc83003fa30 unknown :-1 s=BANNER_CONNECTING pgs=0 cs=0 l=1 rev1=0 crypto rx=0 tx=0 comp rx=0 tx=0)._handle_peer_banner_payload supported=3 required=0
2024-04-25T11:25:57.141 INFO:teuthology.orchestra.run.smithi090.stdout:/usr/bin/ceph: stderr
2024-04-25T11:25:56.335+0000 7fc849be0700 1 --2- 172.21.15.90:0/2326490242 >> [v2:172.21.15.90:6800/71478430,v1:172.21.15.90:6801/71478430] conn(0x7fc83003d520 0x7fc83003fa30 secure :-1 s=READY pgs=10 cs=0 l=1 rev1=1 crypto rx=0x7fc834006fd0 tx=0x7fc834006e40 comp rx=0 tx=0).ready entity=mgr.14120 client_cookie=0 server_cookie=0 in_seq=0 out_seq=0
2024-04-25T11:25:57.141 INFO:teuthology.orchestra.run.smithi090.stdout:/usr/bin/ceph: stderr
2024-04-25T11:25:56.340+0000 7fc83b7fe700 1 -- 172.21.15.90:0/2326490242 <== mon.0 v2:172.21.15.90:3300/0 6 ==== mon_command_ack([{"prefix": "get_command_descriptions"}]=0 v0) ==== 72+0+188370 (secure 0 0 0) 0x7fc840017e90 con 0x7fc844108ae0
2024-04-25T11:25:57.141 INFO:teuthology.orchestra.run.smithi090.stdout:/usr/bin/ceph: stderr
2024-04-25T11:25:56.541+0000 7fc84c645700 1 -- 172.21.15.90:0/2326490242 --> [v2:172.21.15.90:6800/71478430,v1:172.21.15.90:6801/71478430] -- mgr_command(tid 0: {"prefix": "cephadm get-pub-key", "target": ["mon-mgr", ""]}) -- 0x7fc8441051c0 con 0x7fc83003d520
2024-04-25T11:25:57.141 INFO:teuthology.orchestra.run.smithi090.stdout:/usr/bin/ceph: stderr
2024-04-25T11:25:56.542+0000 7fc83b7fe700 1 -- 172.21.15.90:0/2326490242 <== mgr.14120 v2:172.21.15.90:6800/71478430 1 ==== mgr_command_reply(tid 0: 0 ) ==== 8+0+595 (secure 0 0 0) 0x7fc8441051c0 con 0x7fc83003d520
2024-04-25T11:25:57.141 INFO:teuthology.orchestra.run.smithi090.stdout:/usr/bin/ceph: stderr
2024-04-25T11:25:56.544+0000 7fc84c645700 1 -- 172.21.15.90:0/2326490242 >> [v2:172.21.15.90:6800/71478430,v1:172.21.15.90:6801/71478430] conn(0x7fc83003d520 msgr2=0x7fc83003fa30 secure :-1 s=STATE_CONNECTION_ESTABLISHED l=1).mark_down
2024-04-25T11:25:57.141 INFO:teuthology.orchestra.run.smithi090.stdout:/usr/bin/ceph: stderr
2024-04-25T11:25:56.544+0000 7fc84c645700 1 --2- 172.21.15.90:0/2326490242 >> [v2:172.21.15.90:6800/71478430,v1:172.21.15.90:6801/71478430] conn(0x7fc83003d520 0x7fc83003fa30 secure :-1 s=READY pgs=10 cs=0 l=1 rev1=1 crypto rx=0x7fc834006fd0 tx=0x7fc834006e40 comp rx=0 tx=0).stop
2024-04-25T11:25:57.141 INFO:teuthology.orchestra.run.smithi090.stdout:/usr/bin/ceph: stderr
2024-04-25T11:25:56.544+0000 7fc84c645700 1 -- 172.21.15.90:0/2326490242 >> [v2:172.21.15.90:3300/0,v1:172.21.15.90:6789/0] conn(0x7fc844108ae0 msgr2=0x7fc84419cf00 secure :-1 s=STATE_CONNECTION_ESTABLISHED l=1).mark_down
2024-04-25T11:25:57.141 INFO:teuthology.orchestra.run.smithi090.stdout:/usr/bin/ceph: stderr
2024-04-25T11:25:56.544+0000 7fc84c645700 1 --2- 172.21.15.90:0/2326490242 >> [v2:172.21.15.90:3300/0,v1:172.21.15.90:6789/0] conn(0x7fc844108ae0 0x7fc84419cf00 secure :-1 s=READY pgs=44 cs=0 l=1 rev1=1 crypto rx=0x7fc840011670 tx=0x7fc840004280 comp rx=0 tx=0).stop
2024-04-25T11:25:57.141 INFO:teuthology.orchestra.run.smithi090.stdout:/usr/bin/ceph: stderr
2024-04-25T11:25:56.544+0000 7fc84c645700 1 -- 172.21.15.90:0/2326490242 shutdown_connections
2024-04-25T11:25:57.141 INFO:teuthology.orchestra.run.smithi090.stdout:/usr/bin/ceph: stderr
2024-04-25T11:25:56.544+0000 7fc84c645700 1 --2- 172.21.15.90:0/2326490242 >> [v2:172.21.15.90:6800/71478430,v1:172.21.15.90:6801/71478430] conn(0x7fc83003d520 0x7fc83003fa30 unknown :-1 s=CLOSED pgs=10 cs=0 l=1 rev1=1 crypto rx=0 tx=0 comp rx=0 tx=0).stop
2024-04-25T11:25:57.142 INFO:teuthology.orchestra.run.smithi090.stdout:/usr/bin/ceph: stderr
2024-04-25T11:25:56.544+0000 7fc84c645700 1 --2- 172.21.15.90:0/2326490242 >> [v2:172.21.15.90:3300/0,v1:172.21.15.90:6789/0] conn(0x7fc844108ae0 0x7fc84419cf00 unknown :-1 s=CLOSED pgs=44 cs=0 l=1 rev1=1 crypto rx=0 tx=0 comp rx=0 tx=0).stop
2024-04-25T11:25:57.142 INFO:teuthology.orchestra.run.smithi090.stdout:/usr/bin/ceph: stderr
2024-04-25T11:25:56.544+0000 7fc84c645700 1 -- 172.21.15.90:0/2326490242 >> 172.21.15.90:0/2326490242 conn(0x7fc844104140 msgr2=0x7fc844104a50 unknown :-1 s=STATE_NONE l=0).mark_down
2024-04-25T11:25:57.142 INFO:teuthology.orchestra.run.smithi090.stdout:/usr/bin/ceph: stderr
2024-04-25T11:25:56.544+0000 7fc84c645700 1 -- 172.21.15.90:0/2326490242 shutdown_connections
2024-04-25T11:25:57.142 INFO:teuthology.orchestra.run.smithi090.stdout:/usr/bin/ceph: stderr
2024-04-25T11:25:56.544+0000 7fc84c645700 1 -- 172.21.15.90:0/2326490242 wait complete.
2024-04-25T11:25:57.142 INFO:teuthology.orchestra.run.smithi090.stdout:Wrote public SSH key to /home/ubuntu/cephtest/ceph.pub
2024-04-25T11:25:57.142 INFO:teuthology.orchestra.run.smithi090.stdout:Adding key to root@localhost authorized_keys...
2024-04-25T11:25:57.142 INFO:teuthology.orchestra.run.smithi090.stdout:Adding host smithi090...
2024-04-25T11:25:57.729 INFO:journalctl@ceph.mon.a.smithi090.stdout:Apr 25 11:25:57 smithi090 ceph-mon[29575]: from='client.14138 -' entity='client.admin' cmd=[{"prefix": "cephadm get-pub-key", "target": ["mon-mgr", ""]}]: dispatch
2024-04-25T11:25:58.630 INFO:journalctl@ceph.mon.a.smithi090.stdout:Apr 25 11:25:58 smithi090 ceph-mon[29575]: from='client.14140 -' entity='client.admin' cmd=[{"prefix": "orch host add", "hostname": "smithi090", "addr": "172.21.15.90", "target": ["mon-mgr", ""]}]: dispatch
2024-04-25T11:25:58.630 INFO:journalctl@ceph.mon.a.smithi090.stdout:Apr 25 11:25:58 smithi090 ceph-mon[29575]: Deploying cephadm binary to smithi090
2024-04-25T11:26:02.349 INFO:teuthology.orchestra.run.smithi090.stdout:/usr/bin/ceph: stdout Added host 'smithi090' with addr '172.21.15.90'
2024-04-25T11:26:02.349 INFO:teuthology.orchestra.run.smithi090.stdout:/usr/bin/ceph: stderr
2024-04-25T11:25:57.555+0000 7f1cef766700 1 Processor -- start
2024-04-25T11:26:02.349 INFO:teuthology.orchestra.run.smithi090.stdout:/usr/bin/ceph: stderr
2024-04-25T11:25:57.556+0000 7f1cef766700 1 -- start start
2024-04-25T11:26:02.349 INFO:teuthology.orchestra.run.smithi090.stdout:/usr/bin/ceph: stderr
2024-04-25T11:25:57.556+0000 7f1cef766700 1 --2- >> [v2:172.21.15.90:3300/0,v1:172.21.15.90:6789/0] conn(0x7f1ce8109bf0 0x7f1ce810a000 unknown :-1 s=NONE pgs=0 cs=0 l=0 rev1=0 crypto rx=0 tx=0 comp rx=0 tx=0).connect
2024-04-25T11:26:02.349 INFO:teuthology.orchestra.run.smithi090.stdout:/usr/bin/ceph: stderr
2024-04-25T11:25:57.556+0000 7f1cef766700 1 -- --> [v2:172.21.15.90:3300/0,v1:172.21.15.90:6789/0] -- mon_getmap magic: 0 -- 0x7f1ce810a5f0 con 0x7f1ce8109bf0
2024-04-25T11:26:02.349 INFO:teuthology.orchestra.run.smithi090.stdout:/usr/bin/ceph: stderr
2024-04-25T11:25:57.556+0000 7f1ced502700 1 --2- >> [v2:172.21.15.90:3300/0,v1:172.21.15.90:6789/0] conn(0x7f1ce8109bf0 0x7f1ce810a000 unknown :-1 s=BANNER_CONNECTING pgs=0 cs=0 l=0 rev1=0 crypto rx=0 tx=0 comp rx=0 tx=0)._handle_peer_banner_payload supported=3 required=0
2024-04-25T11:26:02.349 INFO:teuthology.orchestra.run.smithi090.stdout:/usr/bin/ceph: stderr
2024-04-25T11:25:57.556+0000 7f1ced502700 1 --2- >> [v2:172.21.15.90:3300/0,v1:172.21.15.90:6789/0] conn(0x7f1ce8109bf0 0x7f1ce810a000 unknown :-1 s=HELLO_CONNECTING pgs=0 cs=0 l=0 rev1=1 crypto rx=0 tx=0 comp rx=0 tx=0).handle_hello peer v2:172.21.15.90:3300/0 says I am v2:172.21.15.90:60908/0 (socket says 172.21.15.90:60908)
2024-04-25T11:26:02.349 INFO:teuthology.orchestra.run.smithi090.stdout:/usr/bin/ceph: stderr
2024-04-25T11:25:57.556+0000 7f1ced502700 1 -- 172.21.15.90:0/1855094148 learned_addr learned my addr 172.21.15.90:0/1855094148 (peer_addr_for_me v2:172.21.15.90:0/0)
2024-04-25T11:26:02.349 INFO:teuthology.orchestra.run.smithi090.stdout:/usr/bin/ceph: stderr
2024-04-25T11:25:57.556+0000 7f1ced502700 1 -- 172.21.15.90:0/1855094148 --> [v2:172.21.15.90:3300/0,v1:172.21.15.90:6789/0] -- mon_subscribe({config=0+,monmap=0+}) -- 0x7f1ce810ad20 con 0x7f1ce8109bf0
2024-04-25T11:26:02.350 INFO:teuthology.orchestra.run.smithi090.stdout:/usr/bin/ceph: stderr
2024-04-25T11:25:57.556+0000 7f1ced502700 1 --2- 172.21.15.90:0/1855094148 >> [v2:172.21.15.90:3300/0,v1:172.21.15.90:6789/0] conn(0x7f1ce8109bf0 0x7f1ce810a000 secure :-1 s=READY pgs=45 cs=0 l=1 rev1=1 crypto rx=0x7f1ce40098a0 tx=0x7f1ce4009bb0 comp rx=0 tx=0).ready entity=mon.0 client_cookie=3bbbb057cf7ec202 server_cookie=0 in_seq=0 out_seq=0
2024-04-25T11:26:02.350 INFO:teuthology.orchestra.run.smithi090.stdout:/usr/bin/ceph: stderr
2024-04-25T11:25:57.556+0000 7f1cdffff700 1 -- 172.21.15.90:0/1855094148 <== mon.0 v2:172.21.15.90:3300/0 1 ==== mon_map magic: 0 ==== 205+0+0 (secure 0 0 0) 0x7f1ce4004160 con 0x7f1ce8109bf0
2024-04-25T11:26:02.350 INFO:teuthology.orchestra.run.smithi090.stdout:/usr/bin/ceph: stderr
2024-04-25T11:25:57.557+0000 7f1cdffff700 1 -- 172.21.15.90:0/1855094148 <== mon.0 v2:172.21.15.90:3300/0 2 ==== config(26 keys) ==== 1070+0+0 (secure 0 0 0) 0x7f1ce4004300 con 0x7f1ce8109bf0
2024-04-25T11:26:02.350 INFO:teuthology.orchestra.run.smithi090.stdout:/usr/bin/ceph: stderr
2024-04-25T11:25:57.557+0000 7f1cdffff700 1 -- 172.21.15.90:0/1855094148 <== mon.0 v2:172.21.15.90:3300/0 3 ==== mon_map magic: 0 ==== 205+0+0 (secure 0 0 0) 0x7f1ce4011af0 con 0x7f1ce8109bf0
2024-04-25T11:26:02.350 INFO:teuthology.orchestra.run.smithi090.stdout:/usr/bin/ceph: stderr
2024-04-25T11:25:57.557+0000 7f1cef766700 1 -- 172.21.15.90:0/1855094148 >> [v2:172.21.15.90:3300/0,v1:172.21.15.90:6789/0] conn(0x7f1ce8109bf0 msgr2=0x7f1ce810a000 secure :-1 s=STATE_CONNECTION_ESTABLISHED l=1).mark_down
2024-04-25T11:26:02.350 INFO:teuthology.orchestra.run.smithi090.stdout:/usr/bin/ceph: stderr
2024-04-25T11:25:57.557+0000 7f1cef766700 1 --2- 172.21.15.90:0/1855094148 >> [v2:172.21.15.90:3300/0,v1:172.21.15.90:6789/0] conn(0x7f1ce8109bf0 0x7f1ce810a000 secure :-1 s=READY pgs=45 cs=0 l=1 rev1=1 crypto rx=0x7f1ce40098a0 tx=0x7f1ce4009bb0 comp rx=0 tx=0).stop
2024-04-25T11:26:02.350 INFO:teuthology.orchestra.run.smithi090.stdout:/usr/bin/ceph: stderr
2024-04-25T11:25:57.557+0000 7f1cef766700 1 -- 172.21.15.90:0/1855094148 shutdown_connections
2024-04-25T11:26:02.350 INFO:teuthology.orchestra.run.smithi090.stdout:/usr/bin/ceph: stderr
2024-04-25T11:25:57.557+0000 7f1cef766700 1 --2- 172.21.15.90:0/1855094148 >> [v2:172.21.15.90:3300/0,v1:172.21.15.90:6789/0] conn(0x7f1ce8109bf0 0x7f1ce810a000 unknown :-1 s=CLOSED pgs=45 cs=0 l=1 rev1=1 crypto rx=0 tx=0 comp rx=0 tx=0).stop
2024-04-25T11:26:02.350 INFO:teuthology.orchestra.run.smithi090.stdout:/usr/bin/ceph: stderr
2024-04-25T11:25:57.557+0000 7f1cef766700 1 -- 172.21.15.90:0/1855094148 >> 172.21.15.90:0/1855094148 conn(0x7f1ce8105250 msgr2=0x7f1ce81076e0 unknown :-1 s=STATE_NONE l=0).mark_down
2024-04-25T11:26:02.350 INFO:teuthology.orchestra.run.smithi090.stdout:/usr/bin/ceph: stderr
2024-04-25T11:25:57.557+0000 7f1cef766700 1 -- 172.21.15.90:0/1855094148 shutdown_connections
2024-04-25T11:26:02.350 INFO:teuthology.orchestra.run.smithi090.stdout:/usr/bin/ceph: stderr
2024-04-25T11:25:57.557+0000 7f1cef766700 1 -- 172.21.15.90:0/1855094148 wait complete.
2024-04-25T11:26:02.350 INFO:teuthology.orchestra.run.smithi090.stdout:/usr/bin/ceph: stderr
2024-04-25T11:25:57.558+0000 7f1cef766700 1 Processor -- start
2024-04-25T11:26:02.350 INFO:teuthology.orchestra.run.smithi090.stdout:/usr/bin/ceph: stderr
2024-04-25T11:25:57.558+0000 7f1cef766700 1 -- start start
2024-04-25T11:26:02.351 INFO:teuthology.orchestra.run.smithi090.stdout:/usr/bin/ceph: stderr
2024-04-25T11:25:57.558+0000 7f1cef766700 1 --2- >> [v2:172.21.15.90:3300/0,v1:172.21.15.90:6789/0] conn(0x7f1ce8109bf0 0x7f1ce807f2f0 unknown :-1 s=NONE pgs=0 cs=0 l=1 rev1=0 crypto rx=0 tx=0 comp rx=0 tx=0).connect
2024-04-25T11:26:02.351 INFO:teuthology.orchestra.run.smithi090.stdout:/usr/bin/ceph: stderr
2024-04-25T11:25:57.558+0000 7f1cef766700 1 -- --> [v2:172.21.15.90:3300/0,v1:172.21.15.90:6789/0] -- mon_getmap magic: 0 -- 0x7f1ce810e0d0 con 0x7f1ce8109bf0
2024-04-25T11:26:02.351 INFO:teuthology.orchestra.run.smithi090.stdout:/usr/bin/ceph: stderr
2024-04-25T11:25:57.558+0000 7f1ced502700 1 --2- >> [v2:172.21.15.90:3300/0,v1:172.21.15.90:6789/0] conn(0x7f1ce8109bf0 0x7f1ce807f2f0 unknown :-1 s=BANNER_CONNECTING pgs=0 cs=0 l=1 rev1=0 crypto rx=0 tx=0 comp rx=0 tx=0)._handle_peer_banner_payload supported=3 required=0
2024-04-25T11:26:02.351 INFO:teuthology.orchestra.run.smithi090.stdout:/usr/bin/ceph: stderr
2024-04-25T11:25:57.558+0000 7f1ced502700 1 --2- >> [v2:172.21.15.90:3300/0,v1:172.21.15.90:6789/0] conn(0x7f1ce8109bf0 0x7f1ce807f2f0 unknown :-1 s=HELLO_CONNECTING pgs=0 cs=0 l=1 rev1=1 crypto rx=0 tx=0 comp rx=0 tx=0).handle_hello peer v2:172.21.15.90:3300/0 says I am v2:172.21.15.90:60924/0 (socket says 172.21.15.90:60924)
2024-04-25T11:26:02.351 INFO:teuthology.orchestra.run.smithi090.stdout:/usr/bin/ceph: stderr
2024-04-25T11:25:57.558+0000 7f1ced502700 1 -- 172.21.15.90:0/2437060415 learned_addr learned my addr 172.21.15.90:0/2437060415 (peer_addr_for_me v2:172.21.15.90:0/0)
2024-04-25T11:26:02.351 INFO:teuthology.orchestra.run.smithi090.stdout:/usr/bin/ceph: stderr
2024-04-25T11:25:57.559+0000 7f1ced502700 1 -- 172.21.15.90:0/2437060415 --> [v2:172.21.15.90:3300/0,v1:172.21.15.90:6789/0] -- mon_subscribe({config=0+,monmap=0+}) -- 0x7f1ce807f830 con 0x7f1ce8109bf0
2024-04-25T11:26:02.351 INFO:teuthology.orchestra.run.smithi090.stdout:/usr/bin/ceph: stderr
2024-04-25T11:25:57.559+0000 7f1ced502700 1 --2- 172.21.15.90:0/2437060415 >> [v2:172.21.15.90:3300/0,v1:172.21.15.90:6789/0] conn(0x7f1ce8109bf0 0x7f1ce807f2f0 secure :-1 s=READY pgs=46 cs=0 l=1 rev1=1 crypto rx=0x7f1ce4011670 tx=0x7f1ce4004280 comp rx=0 tx=0).ready entity=mon.0 client_cookie=0 server_cookie=0 in_seq=0 out_seq=0
2024-04-25T11:26:02.351 INFO:teuthology.orchestra.run.smithi090.stdout:/usr/bin/ceph: stderr
2024-04-25T11:25:57.559+0000 7f1cde7fc700 1 -- 172.21.15.90:0/2437060415 <== mon.0 v2:172.21.15.90:3300/0 1 ==== mon_map magic: 0 ==== 205+0+0 (secure 0 0 0) 0x7f1ce40036a0 con 0x7f1ce8109bf0
2024-04-25T11:26:02.351 INFO:teuthology.orchestra.run.smithi090.stdout:/usr/bin/ceph: stderr
2024-04-25T11:25:57.559+0000 7f1cde7fc700 1 -- 172.21.15.90:0/2437060415 <== mon.0 v2:172.21.15.90:3300/0 2 ==== config(26 keys) ==== 1070+0+0 (secure 0 0 0) 0x7f1ce4003cd0 con 0x7f1ce8109bf0
2024-04-25T11:26:02.351 INFO:teuthology.orchestra.run.smithi090.stdout:/usr/bin/ceph: stderr
2024-04-25T11:25:57.559+0000 7f1cef766700 1 -- 172.21.15.90:0/2437060415 --> [v2:172.21.15.90:3300/0,v1:172.21.15.90:6789/0] -- mon_subscribe({mgrmap=0+}) -- 0x7f1ce807da80 con 0x7f1ce8109bf0
2024-04-25T11:26:02.351 INFO:teuthology.orchestra.run.smithi090.stdout:/usr/bin/ceph: stderr
2024-04-25T11:25:57.559+0000 7f1cde7fc700 1 -- 172.21.15.90:0/2437060415 <== mon.0 v2:172.21.15.90:3300/0 3 ==== mon_map magic: 0 ==== 205+0+0 (secure 0 0 0) 0x7f1ce40193c0 con 0x7f1ce8109bf0
2024-04-25T11:26:02.351 INFO:teuthology.orchestra.run.smithi090.stdout:/usr/bin/ceph: stderr
2024-04-25T11:25:57.559+0000 7f1cef766700 1 -- 172.21.15.90:0/2437060415 --> [v2:172.21.15.90:3300/0,v1:172.21.15.90:6789/0] -- mon_subscribe({osdmap=0}) -- 0x7f1ce807df60 con 0x7f1ce8109bf0
2024-04-25T11:26:02.351 INFO:teuthology.orchestra.run.smithi090.stdout:/usr/bin/ceph: stderr
2024-04-25T11:25:57.560+0000 7f1cef766700 1 -- 172.21.15.90:0/2437060415 --> [v2:172.21.15.90:3300/0,v1:172.21.15.90:6789/0] -- mon_command({"prefix": "get_command_descriptions"} v 0) -- 0x7f1ce8064cf0 con 0x7f1ce8109bf0
2024-04-25T11:26:02.352 INFO:teuthology.orchestra.run.smithi090.stdout:/usr/bin/ceph: stderr
2024-04-25T11:25:57.560+0000 7f1cde7fc700 1 -- 172.21.15.90:0/2437060415 <== mon.0 v2:172.21.15.90:3300/0 4 ==== mgrmap(e 8) ==== 49516+0+0 (secure 0 0 0) 0x7f1ce4019630 con 0x7f1ce8109bf0
2024-04-25T11:26:02.352 INFO:teuthology.orchestra.run.smithi090.stdout:/usr/bin/ceph: stderr
2024-04-25T11:25:57.560+0000 7f1cde7fc700 1 --2- 172.21.15.90:0/2437060415 >> [v2:172.21.15.90:6800/71478430,v1:172.21.15.90:6801/71478430] conn(0x7f1cd403d570 0x7f1cd403fa80 unknown :-1 s=NONE pgs=0 cs=0 l=1 rev1=0 crypto rx=0 tx=0 comp rx=0 tx=0).connect
2024-04-25T11:26:02.352 INFO:teuthology.orchestra.run.smithi090.stdout:/usr/bin/ceph: stderr
2024-04-25T11:25:57.560+0000 7f1cde7fc700 1 -- 172.21.15.90:0/2437060415 <== mon.0 v2:172.21.15.90:3300/0 5 ==== osd_map(2..2 src has 1..2) ==== 940+0+0 (secure 0 0 0) 0x7f1ce40524d0 con 0x7f1ce8109bf0
2024-04-25T11:26:02.352 INFO:teuthology.orchestra.run.smithi090.stdout:/usr/bin/ceph: stderr
2024-04-25T11:25:57.560+0000 7f1cecd01700 1 --2- 172.21.15.90:0/2437060415 >> [v2:172.21.15.90:6800/71478430,v1:172.21.15.90:6801/71478430] conn(0x7f1cd403d570 0x7f1cd403fa80 unknown :-1 s=BANNER_CONNECTING pgs=0 cs=0 l=1 rev1=0 crypto rx=0 tx=0 comp rx=0 tx=0)._handle_peer_banner_payload supported=3 required=0
2024-04-25T11:26:02.352 INFO:teuthology.orchestra.run.smithi090.stdout:/usr/bin/ceph: stderr
2024-04-25T11:25:57.561+0000 7f1cecd01700 1 --2- 172.21.15.90:0/2437060415 >> [v2:172.21.15.90:6800/71478430,v1:172.21.15.90:6801/71478430] conn(0x7f1cd403d570 0x7f1cd403fa80 secure :-1 s=READY pgs=11 cs=0 l=1 rev1=1 crypto rx=0x7f1cd8006fd0 tx=0x7f1cd8006e40 comp rx=0 tx=0).ready entity=mgr.14120 client_cookie=0 server_cookie=0 in_seq=0 out_seq=0
2024-04-25T11:26:02.352 INFO:teuthology.orchestra.run.smithi090.stdout:/usr/bin/ceph: stderr
2024-04-25T11:25:57.565+0000 7f1cde7fc700 1 -- 172.21.15.90:0/2437060415 <== mon.0 v2:172.21.15.90:3300/0 6 ==== mon_command_ack([{"prefix": "get_command_descriptions"}]=0 v0) ==== 72+0+188370 (secure 0 0 0) 0x7f1ce4017e90 con 0x7f1ce8109bf0
2024-04-25T11:26:02.352 INFO:teuthology.orchestra.run.smithi090.stdout:/usr/bin/ceph: stderr
2024-04-25T11:25:57.768+0000 7f1cef766700 1 -- 172.21.15.90:0/2437060415 --> [v2:172.21.15.90:6800/71478430,v1:172.21.15.90:6801/71478430] -- mgr_command(tid 0: {"prefix": "orch host add", "hostname": "smithi090", "addr": "172.21.15.90", "target": ["mon-mgr", ""]}) -- 0x7f1ce807e710 con 0x7f1cd403d570
2024-04-25T11:26:02.352 INFO:teuthology.orchestra.run.smithi090.stdout:/usr/bin/ceph: stderr
2024-04-25T11:26:01.811+0000 7f1cde7fc700 1 -- 172.21.15.90:0/2437060415 <== mgr.14120 v2:172.21.15.90:6800/71478430 1 ==== mgr_command_reply(tid 0: 0 ) ==== 8+0+48 (secure 0 0 0) 0x7f1ce807e710 con 0x7f1cd403d570
2024-04-25T11:26:02.352 INFO:teuthology.orchestra.run.smithi090.stdout:/usr/bin/ceph: stderr
2024-04-25T11:26:01.813+0000 7f1cef766700 1 -- 172.21.15.90:0/2437060415 >> [v2:172.21.15.90:6800/71478430,v1:172.21.15.90:6801/71478430] conn(0x7f1cd403d570 msgr2=0x7f1cd403fa80 secure :-1 s=STATE_CONNECTION_ESTABLISHED l=1).mark_down
2024-04-25T11:26:02.352 INFO:teuthology.orchestra.run.smithi090.stdout:/usr/bin/ceph: stderr
2024-04-25T11:26:01.813+0000 7f1cef766700 1 --2- 172.21.15.90:0/2437060415 >> [v2:172.21.15.90:6800/71478430,v1:172.21.15.90:6801/71478430] conn(0x7f1cd403d570 0x7f1cd403fa80 secure :-1 s=READY pgs=11 cs=0 l=1 rev1=1 crypto rx=0x7f1cd8006fd0 tx=0x7f1cd8006e40 comp rx=0 tx=0).stop
2024-04-25T11:26:02.352 INFO:teuthology.orchestra.run.smithi090.stdout:/usr/bin/ceph: stderr
2024-04-25T11:26:01.813+0000 7f1cef766700 1 -- 172.21.15.90:0/2437060415 >> [v2:172.21.15.90:3300/0,v1:172.21.15.90:6789/0] conn(0x7f1ce8109bf0 msgr2=0x7f1ce807f2f0 secure :-1 s=STATE_CONNECTION_ESTABLISHED l=1).mark_down
2024-04-25T11:26:02.352 INFO:teuthology.orchestra.run.smithi090.stdout:/usr/bin/ceph: stderr
2024-04-25T11:26:01.813+0000 7f1cef766700 1 --2- 172.21.15.90:0/2437060415 >> [v2:172.21.15.90:3300/0,v1:172.21.15.90:6789/0] conn(0x7f1ce8109bf0 0x7f1ce807f2f0 secure :-1 s=READY pgs=46 cs=0 l=1 rev1=1 crypto rx=0x7f1ce4011670 tx=0x7f1ce4004280 comp rx=0 tx=0).stop
2024-04-25T11:26:02.352 INFO:teuthology.orchestra.run.smithi090.stdout:/usr/bin/ceph: stderr
2024-04-25T11:26:01.814+0000 7f1cef766700 1 -- 172.21.15.90:0/2437060415 shutdown_connections
2024-04-25T11:26:02.352 INFO:teuthology.orchestra.run.smithi090.stdout:/usr/bin/ceph: stderr
2024-04-25T11:26:01.814+0000 7f1cef766700 1 --2- 172.21.15.90:0/2437060415 >> [v2:172.21.15.90:6800/71478430,v1:172.21.15.90:6801/71478430] conn(0x7f1cd403d570 0x7f1cd403fa80 unknown :-1 s=CLOSED pgs=11 cs=0 l=1 rev1=1 crypto rx=0 tx=0 comp rx=0 tx=0).stop
2024-04-25T11:26:02.353 INFO:teuthology.orchestra.run.smithi090.stdout:/usr/bin/ceph: stderr
2024-04-25T11:26:01.814+0000 7f1cef766700 1 --2- 172.21.15.90:0/2437060415 >> [v2:172.21.15.90:3300/0,v1:172.21.15.90:6789/0] conn(0x7f1ce8109bf0 0x7f1ce807f2f0 unknown :-1 s=CLOSED pgs=46 cs=0 l=1 rev1=1 crypto rx=0 tx=0 comp rx=0 tx=0).stop
2024-04-25T11:26:02.353 INFO:teuthology.orchestra.run.smithi090.stdout:/usr/bin/ceph: stderr
2024-04-25T11:26:01.814+0000 7f1cef766700 1 -- 172.21.15.90:0/2437060415 >> 172.21.15.90:0/2437060415 conn(0x7f1ce8105250 msgr2=0x7f1ce8105b60 unknown :-1 s=STATE_NONE l=0).mark_down
2024-04-25T11:26:02.353 INFO:teuthology.orchestra.run.smithi090.stdout:/usr/bin/ceph: stderr
2024-04-25T11:26:01.814+0000 7f1cef766700 1 -- 172.21.15.90:0/2437060415 shutdown_connections
2024-04-25T11:26:02.353 INFO:teuthology.orchestra.run.smithi090.stdout:/usr/bin/ceph: stderr
2024-04-25T11:26:01.814+0000 7f1cef766700 1 -- 172.21.15.90:0/2437060415 wait complete.
2024-04-25T11:26:02.353 INFO:teuthology.orchestra.run.smithi090.stdout:Deploying unmanaged mon service...
2024-04-25T11:26:02.975 INFO:journalctl@ceph.mon.a.smithi090.stdout:Apr 25 11:26:02 smithi090 ceph-mon[29575]: from='mgr.14120 172.21.15.90:0/3545268890' entity='mgr.x'
2024-04-25T11:26:02.975 INFO:journalctl@ceph.mon.a.smithi090.stdout:Apr 25 11:26:02 smithi090 ceph-mon[29575]: Added host smithi090
2024-04-25T11:26:02.975 INFO:journalctl@ceph.mon.a.smithi090.stdout:Apr 25 11:26:02 smithi090 ceph-mon[29575]: from='mgr.14120 172.21.15.90:0/3545268890' entity='mgr.x' cmd=[{"prefix": "config dump", "format": "json"}]: dispatch
2024-04-25T11:26:03.949 INFO:teuthology.orchestra.run.smithi090.stdout:/usr/bin/ceph: stdout Scheduled mon update...
2024-04-25T11:26:03.949 INFO:teuthology.orchestra.run.smithi090.stdout:/usr/bin/ceph: stderr
2024-04-25T11:26:02.865+0000 7f46d272e700 1 Processor -- start
2024-04-25T11:26:03.949 INFO:teuthology.orchestra.run.smithi090.stdout:/usr/bin/ceph: stderr
2024-04-25T11:26:02.865+0000 7f46d272e700 1 -- start start
2024-04-25T11:26:03.949 INFO:teuthology.orchestra.run.smithi090.stdout:/usr/bin/ceph: stderr
2024-04-25T11:26:02.865+0000 7f46d272e700 1 --2- >> [v2:172.21.15.90:3300/0,v1:172.21.15.90:6789/0] conn(0x7f46cc07d550 0x7f46cc10c6e0 unknown :-1 s=NONE pgs=0 cs=0 l=0 rev1=0 crypto rx=0 tx=0 comp rx=0 tx=0).connect
2024-04-25T11:26:03.949 INFO:teuthology.orchestra.run.smithi090.stdout:/usr/bin/ceph: stderr
2024-04-25T11:26:02.865+0000 7f46d272e700 1 -- --> [v2:172.21.15.90:3300/0,v1:172.21.15.90:6789/0] -- mon_getmap magic: 0 -- 0x7f46cc10ccf0 con 0x7f46cc07d550
2024-04-25T11:26:03.949 INFO:teuthology.orchestra.run.smithi090.stdout:/usr/bin/ceph: stderr
2024-04-25T11:26:02.865+0000 7f46cbfff700 1 --2- >> [v2:172.21.15.90:3300/0,v1:172.21.15.90:6789/0] conn(0x7f46cc07d550 0x7f46cc10c6e0 unknown :-1 s=BANNER_CONNECTING pgs=0 cs=0 l=0 rev1=0 crypto rx=0 tx=0 comp rx=0 tx=0)._handle_peer_banner_payload supported=3 required=0
2024-04-25T11:26:03.949 INFO:teuthology.orchestra.run.smithi090.stdout:/usr/bin/ceph: stderr
2024-04-25T11:26:02.865+0000 7f46cbfff700 1 --2- >> [v2:172.21.15.90:3300/0,v1:172.21.15.90:6789/0] conn(0x7f46cc07d550 0x7f46cc10c6e0 unknown :-1 s=HELLO_CONNECTING pgs=0 cs=0 l=0 rev1=1 crypto rx=0 tx=0 comp rx=0 tx=0).handle_hello peer v2:172.21.15.90:3300/0 says I am v2:172.21.15.90:46624/0 (socket says 172.21.15.90:46624)
2024-04-25T11:26:03.949 INFO:teuthology.orchestra.run.smithi090.stdout:/usr/bin/ceph: stderr
2024-04-25T11:26:02.865+0000 7f46cbfff700 1 -- 172.21.15.90:0/2266008640 learned_addr learned my addr 172.21.15.90:0/2266008640 (peer_addr_for_me v2:172.21.15.90:0/0)
2024-04-25T11:26:03.949 INFO:teuthology.orchestra.run.smithi090.stdout:/usr/bin/ceph: stderr
2024-04-25T11:26:02.866+0000 7f46cbfff700 1 -- 172.21.15.90:0/2266008640 --> [v2:172.21.15.90:3300/0,v1:172.21.15.90:6789/0] -- mon_subscribe({config=0+,monmap=0+}) -- 0x7f46cc10ce70 con 0x7f46cc07d550
2024-04-25T11:26:03.949 INFO:teuthology.orchestra.run.smithi090.stdout:/usr/bin/ceph: stderr
2024-04-25T11:26:02.866+0000 7f46cbfff700 1 --2- 172.21.15.90:0/2266008640 >> [v2:172.21.15.90:3300/0,v1:172.21.15.90:6789/0] conn(0x7f46cc07d550 0x7f46cc10c6e0 secure :-1 s=READY pgs=47 cs=0 l=1 rev1=1 crypto rx=0x7f46bc0098a0 tx=0x7f46bc009bb0 comp rx=0 tx=0).ready entity=mon.0 client_cookie=9f48d9725256e187 server_cookie=0 in_seq=0 out_seq=0
2024-04-25T11:26:03.949 INFO:teuthology.orchestra.run.smithi090.stdout:/usr/bin/ceph: stderr
2024-04-25T11:26:02.866+0000 7f46caffd700 1 -- 172.21.15.90:0/2266008640 <== mon.0 v2:172.21.15.90:3300/0 1 ==== mon_map magic: 0 ==== 205+0+0 (secure 0 0 0) 0x7f46bc004160 con 0x7f46cc07d550
2024-04-25T11:26:03.950 INFO:teuthology.orchestra.run.smithi090.stdout:/usr/bin/ceph: stderr
2024-04-25T11:26:02.866+0000 7f46caffd700 1 -- 172.21.15.90:0/2266008640 <== mon.0 v2:172.21.15.90:3300/0 2 ==== config(26 keys) ==== 1070+0+0 (secure 0 0 0) 0x7f46bc004300 con 0x7f46cc07d550
2024-04-25T11:26:03.950 INFO:teuthology.orchestra.run.smithi090.stdout:/usr/bin/ceph: stderr
2024-04-25T11:26:02.866+0000 7f46caffd700 1 -- 172.21.15.90:0/2266008640 <== mon.0 v2:172.21.15.90:3300/0 3 ==== mon_map magic: 0 ==== 205+0+0 (secure 0 0 0) 0x7f46bc011af0 con 0x7f46cc07d550
2024-04-25T11:26:03.950 INFO:teuthology.orchestra.run.smithi090.stdout:/usr/bin/ceph: stderr
2024-04-25T11:26:02.867+0000 7f46d272e700 1 -- 172.21.15.90:0/2266008640 >> [v2:172.21.15.90:3300/0,v1:172.21.15.90:6789/0] conn(0x7f46cc07d550 msgr2=0x7f46cc10c6e0 secure :-1 s=STATE_CONNECTION_ESTABLISHED l=1).mark_down
