2024-04-25T11:25:45.938+0000 7f4d713ed700 1 -- 172.21.15.90:0/1545711078 >> [v2:172.21.15.90:6800/3122821311,v1:172.21.15.90:6801/3122821311] conn(0x7f4d5803d5c0 msgr2=0x7f4d5803fad0 unknown :-1 s=STATE_CONNECTING_RE l=1).process reconnect failed to v2:172.21.15.90:6800/3122821311
2024-04-25T11:25:51.890 INFO:teuthology.orchestra.run.smithi090.stdout:/usr/bin/ceph: stderr
2024-04-25T11:25:45.938+0000 7f4d713ed700 1 --2- 172.21.15.90:0/1545711078 >> [v2:172.21.15.90:6800/3122821311,v1:172.21.15.90:6801/3122821311] conn(0x7f4d5803d5c0 0x7f4d5803fad0 unknown :-1 s=START_CONNECT pgs=0 cs=0 l=1 rev1=0 crypto rx=0 tx=0 comp rx=0 tx=0)._fault waiting 0.400000
2024-04-25T11:25:51.890 INFO:teuthology.orchestra.run.smithi090.stdout:/usr/bin/ceph: stderr
2024-04-25T11:25:46.339+0000 7f4d713ed700 1 -- 172.21.15.90:0/1545711078 >> [v2:172.21.15.90:6800/3122821311,v1:172.21.15.90:6801/3122821311] conn(0x7f4d5803d5c0 msgr2=0x7f4d5803fad0 unknown :-1 s=STATE_CONNECTING_RE l=1).process reconnect failed to v2:172.21.15.90:6800/3122821311
2024-04-25T11:25:51.890 INFO:teuthology.orchestra.run.smithi090.stdout:/usr/bin/ceph: stderr
2024-04-25T11:25:46.339+0000 7f4d713ed700 1 --2- 172.21.15.90:0/1545711078 >> [v2:172.21.15.90:6800/3122821311,v1:172.21.15.90:6801/3122821311] conn(0x7f4d5803d5c0 0x7f4d5803fad0 unknown :-1 s=START_CONNECT pgs=0 cs=0 l=1 rev1=0 crypto rx=0 tx=0 comp rx=0 tx=0)._fault waiting 0.800000
2024-04-25T11:25:51.890 INFO:teuthology.orchestra.run.smithi090.stdout:/usr/bin/ceph: stderr
2024-04-25T11:25:47.140+0000 7f4d713ed700 1 -- 172.21.15.90:0/1545711078 >> [v2:172.21.15.90:6800/3122821311,v1:172.21.15.90:6801/3122821311] conn(0x7f4d5803d5c0 msgr2=0x7f4d5803fad0 unknown :-1 s=STATE_CONNECTING_RE l=1).process reconnect failed to v2:172.21.15.90:6800/3122821311
2024-04-25T11:25:51.890 INFO:teuthology.orchestra.run.smithi090.stdout:/usr/bin/ceph: stderr
2024-04-25T11:25:47.140+0000 7f4d713ed700 1 --2- 172.21.15.90:0/1545711078 >> [v2:172.21.15.90:6800/3122821311,v1:172.21.15.90:6801/3122821311] conn(0x7f4d5803d5c0 0x7f4d5803fad0 unknown :-1 s=START_CONNECT pgs=0 cs=0 l=1 rev1=0 crypto rx=0 tx=0 comp rx=0 tx=0)._fault waiting 1.600000
2024-04-25T11:25:51.891 INFO:teuthology.orchestra.run.smithi090.stdout:/usr/bin/ceph: stderr
2024-04-25T11:25:48.741+0000 7f4d713ed700 1 -- 172.21.15.90:0/1545711078 >> [v2:172.21.15.90:6800/3122821311,v1:172.21.15.90:6801/3122821311] conn(0x7f4d5803d5c0 msgr2=0x7f4d5803fad0 unknown :-1 s=STATE_CONNECTING_RE l=1).process reconnect failed to v2:172.21.15.90:6800/3122821311
2024-04-25T11:25:51.891 INFO:teuthology.orchestra.run.smithi090.stdout:/usr/bin/ceph: stderr
2024-04-25T11:25:48.741+0000 7f4d713ed700 1 --2- 172.21.15.90:0/1545711078 >> [v2:172.21.15.90:6800/3122821311,v1:172.21.15.90:6801/3122821311] conn(0x7f4d5803d5c0 0x7f4d5803fad0 unknown :-1 s=START_CONNECT pgs=0 cs=0 l=1 rev1=0 crypto rx=0 tx=0 comp rx=0 tx=0)._fault waiting 3.200000
2024-04-25T11:25:51.891 INFO:teuthology.orchestra.run.smithi090.stdout:/usr/bin/ceph: stderr
2024-04-25T11:25:50.323+0000 7f4d62ffd700 1 -- 172.21.15.90:0/1545711078 <== mon.0 v2:172.21.15.90:3300/0 6 ==== mgrmap(e 6) ==== 49283+0+0 (secure 0 0 0) 0x7f4d680248d0 con 0x7f4d6c108ab0
2024-04-25T11:25:51.891 INFO:teuthology.orchestra.run.smithi090.stdout:/usr/bin/ceph: stderr
2024-04-25T11:25:50.323+0000 7f4d62ffd700 1 -- 172.21.15.90:0/1545711078 >> [v2:172.21.15.90:6800/3122821311,v1:172.21.15.90:6801/3122821311] conn(0x7f4d5803d5c0 msgr2=0x7f4d5803fad0 unknown :-1 s=STATE_CONNECTING l=1).mark_down
2024-04-25T11:25:51.891 INFO:teuthology.orchestra.run.smithi090.stdout:/usr/bin/ceph: stderr
2024-04-25T11:25:50.323+0000 7f4d62ffd700 1 --2- 172.21.15.90:0/1545711078 >> [v2:172.21.15.90:6800/3122821311,v1:172.21.15.90:6801/3122821311] conn(0x7f4d5803d5c0 0x7f4d5803fad0 unknown :-1 s=START_CONNECT pgs=0 cs=0 l=1 rev1=0 crypto rx=0 tx=0 comp rx=0 tx=0).stop
2024-04-25T11:25:51.891 INFO:teuthology.orchestra.run.smithi090.stdout:/usr/bin/ceph: stderr
2024-04-25T11:25:51.324+0000 7f4d62ffd700 1 -- 172.21.15.90:0/1545711078 <== mon.0 v2:172.21.15.90:3300/0 7 ==== mgrmap(e 7) ==== 49410+0+0 (secure 0 0 0) 0x7f4d680540a0 con 0x7f4d6c108ab0
2024-04-25T11:25:51.891 INFO:teuthology.orchestra.run.smithi090.stdout:/usr/bin/ceph: stderr
2024-04-25T11:25:51.325+0000 7f4d62ffd700 1 --2- 172.21.15.90:0/1545711078 >> [v2:172.21.15.90:6800/71478430,v1:172.21.15.90:6801/71478430] conn(0x7f4d58040f00 0x7f4d58043320 unknown :-1 s=NONE pgs=0 cs=0 l=1 rev1=0 crypto rx=0 tx=0 comp rx=0 tx=0).connect
2024-04-25T11:25:51.891 INFO:teuthology.orchestra.run.smithi090.stdout:/usr/bin/ceph: stderr
2024-04-25T11:25:51.325+0000 7f4d62ffd700 1 -- 172.21.15.90:0/1545711078 --> [v2:172.21.15.90:6800/71478430,v1:172.21.15.90:6801/71478430] -- command(tid 0: {"prefix": "get_command_descriptions"}) -- 0x7f4d68040130 con 0x7f4d58040f00
2024-04-25T11:25:51.891 INFO:teuthology.orchestra.run.smithi090.stdout:/usr/bin/ceph: stderr
2024-04-25T11:25:51.325+0000 7f4d713ed700 1 --2- 172.21.15.90:0/1545711078 >> [v2:172.21.15.90:6800/71478430,v1:172.21.15.90:6801/71478430] conn(0x7f4d58040f00 0x7f4d58043320 unknown :-1 s=BANNER_CONNECTING pgs=0 cs=0 l=1 rev1=0 crypto rx=0 tx=0 comp rx=0 tx=0)._handle_peer_banner_payload supported=3 required=0
2024-04-25T11:25:51.891 INFO:teuthology.orchestra.run.smithi090.stdout:/usr/bin/ceph: stderr
2024-04-25T11:25:51.326+0000 7f4d713ed700 1 --2- 172.21.15.90:0/1545711078 >> [v2:172.21.15.90:6800/71478430,v1:172.21.15.90:6801/71478430] conn(0x7f4d58040f00 0x7f4d58043320 secure :-1 s=READY pgs=3 cs=0 l=1 rev1=1 crypto rx=0x7f4d5c003a10 tx=0x7f4d5c0092b0 comp rx=0 tx=0).ready entity=mgr.14120 client_cookie=0 server_cookie=0 in_seq=0 out_seq=0
2024-04-25T11:25:51.891 INFO:teuthology.orchestra.run.smithi090.stdout:/usr/bin/ceph: stderr
2024-04-25T11:25:51.326+0000 7f4d62ffd700 1 -- 172.21.15.90:0/1545711078 <== mgr.14120 v2:172.21.15.90:6800/71478430 1 ==== command_reply(tid 0: 0 ) ==== 8+0+9564 (secure 0 0 0) 0x7f4d68040130 con 0x7f4d58040f00
2024-04-25T11:25:51.891 INFO:teuthology.orchestra.run.smithi090.stdout:/usr/bin/ceph: stderr
2024-04-25T11:25:51.334+0000 7f4d73e52700 1 -- 172.21.15.90:0/1545711078 --> [v2:172.21.15.90:6800/71478430,v1:172.21.15.90:6801/71478430] -- command(tid 1: {"prefix": "mgr_status"}) -- 0x7f4d6c064cf0 con 0x7f4d58040f00
2024-04-25T11:25:51.891 INFO:teuthology.orchestra.run.smithi090.stdout:/usr/bin/ceph: stderr
2024-04-25T11:25:51.335+0000 7f4d62ffd700 1 -- 172.21.15.90:0/1545711078 <== mgr.14120 v2:172.21.15.90:6800/71478430 2 ==== command_reply(tid 1: 0 ) ==== 8+0+51 (secure 0 0 0) 0x7f4d6c064cf0 con 0x7f4d58040f00
2024-04-25T11:25:51.892 INFO:teuthology.orchestra.run.smithi090.stdout:/usr/bin/ceph: stderr
2024-04-25T11:25:51.335+0000 7f4d73e52700 1 -- 172.21.15.90:0/1545711078 >> [v2:172.21.15.90:6800/71478430,v1:172.21.15.90:6801/71478430] conn(0x7f4d58040f00 msgr2=0x7f4d58043320 secure :-1 s=STATE_CONNECTION_ESTABLISHED l=1).mark_down
2024-04-25T11:25:51.892 INFO:teuthology.orchestra.run.smithi090.stdout:/usr/bin/ceph: stderr
2024-04-25T11:25:51.335+0000 7f4d73e52700 1 --2- 172.21.15.90:0/1545711078 >> [v2:172.21.15.90:6800/71478430,v1:172.21.15.90:6801/71478430] conn(0x7f4d58040f00 0x7f4d58043320 secure :-1 s=READY pgs=3 cs=0 l=1 rev1=1 crypto rx=0x7f4d5c003a10 tx=0x7f4d5c0092b0 comp rx=0 tx=0).stop
2024-04-25T11:25:51.892 INFO:teuthology.orchestra.run.smithi090.stdout:/usr/bin/ceph: stderr
2024-04-25T11:25:51.335+0000 7f4d73e52700 1 -- 172.21.15.90:0/1545711078 >> [v2:172.21.15.90:3300/0,v1:172.21.15.90:6789/0] conn(0x7f4d6c108ab0 msgr2=0x7f4d6c07c960 secure :-1 s=STATE_CONNECTION_ESTABLISHED l=1).mark_down
2024-04-25T11:25:51.892 INFO:teuthology.orchestra.run.smithi090.stdout:/usr/bin/ceph: stderr
2024-04-25T11:25:51.335+0000 7f4d73e52700 1 --2- 172.21.15.90:0/1545711078 >> [v2:172.21.15.90:3300/0,v1:172.21.15.90:6789/0] conn(0x7f4d6c108ab0 0x7f4d6c07c960 secure :-1 s=READY pgs=29 cs=0 l=1 rev1=1 crypto rx=0x7f4d680090e0 tx=0x7f4d68011940 comp rx=0 tx=0).stop
2024-04-25T11:25:51.892 INFO:teuthology.orchestra.run.smithi090.stdout:/usr/bin/ceph: stderr
2024-04-25T11:25:51.335+0000 7f4d73e52700 1 -- 172.21.15.90:0/1545711078 shutdown_connections
2024-04-25T11:25:51.892 INFO:teuthology.orchestra.run.smithi090.stdout:/usr/bin/ceph: stderr
2024-04-25T11:25:51.335+0000 7f4d73e52700 1 --2- 172.21.15.90:0/1545711078 >> [v2:172.21.15.90:6800/71478430,v1:172.21.15.90:6801/71478430] conn(0x7f4d58040f00 0x7f4d58043320 unknown :-1 s=CLOSED pgs=3 cs=0 l=1 rev1=1 crypto rx=0 tx=0 comp rx=0 tx=0).stop
2024-04-25T11:25:51.892 INFO:teuthology.orchestra.run.smithi090.stdout:/usr/bin/ceph: stderr
2024-04-25T11:25:51.335+0000 7f4d73e52700 1 --2- 172.21.15.90:0/1545711078 >> [v2:172.21.15.90:3300/0,v1:172.21.15.90:6789/0] conn(0x7f4d6c108ab0 0x7f4d6c07c960 unknown :-1 s=CLOSED pgs=29 cs=0 l=1 rev1=1 crypto rx=0 tx=0 comp rx=0 tx=0).stop
2024-04-25T11:25:51.892 INFO:teuthology.orchestra.run.smithi090.stdout:/usr/bin/ceph: stderr
2024-04-25T11:25:51.335+0000 7f4d73e52700 1 --2- 172.21.15.90:0/1545711078 >> [v2:172.21.15.90:6800/3122821311,v1:172.21.15.90:6801/3122821311] conn(0x7f4d5803d5c0 0x7f4d5803fad0 unknown :-1 s=CLOSED pgs=0 cs=0 l=1 rev1=0 crypto rx=0 tx=0 comp rx=0 tx=0).stop
2024-04-25T11:25:51.892 INFO:teuthology.orchestra.run.smithi090.stdout:/usr/bin/ceph: stderr
2024-04-25T11:25:51.335+0000 7f4d73e52700 1 -- 172.21.15.90:0/1545711078 >> 172.21.15.90:0/1545711078 conn(0x7f4d6c1040f0 msgr2=0x7f4d6c104a20 unknown :-1 s=STATE_NONE l=0).mark_down
2024-04-25T11:25:51.892 INFO:teuthology.orchestra.run.smithi090.stdout:/usr/bin/ceph: stderr
2024-04-25T11:25:51.335+0000 7f4d73e52700 1 -- 172.21.15.90:0/1545711078 shutdown_connections
2024-04-25T11:25:51.892 INFO:teuthology.orchestra.run.smithi090.stdout:/usr/bin/ceph: stderr
2024-04-25T11:25:51.335+0000 7f4d73e52700 1 -- 172.21.15.90:0/1545711078 wait complete.
2024-04-25T11:25:51.892 INFO:teuthology.orchestra.run.smithi090.stdout:mgr epoch 5 is available
2024-04-25T11:25:51.892 INFO:teuthology.orchestra.run.smithi090.stdout:Setting orchestrator backend to cephadm...
2024-04-25T11:25:52.479 INFO:journalctl@ceph.mon.a.smithi090.stdout:Apr 25 11:25:52 smithi090 ceph-mon[29575]: [25/Apr/2024:11:25:51] ENGINE Bus STARTING
2024-04-25T11:25:52.479 INFO:journalctl@ceph.mon.a.smithi090.stdout:Apr 25 11:25:52 smithi090 ceph-mon[29575]: [25/Apr/2024:11:25:51] ENGINE Serving on http://172.21.15.90:8765
2024-04-25T11:25:52.479 INFO:journalctl@ceph.mon.a.smithi090.stdout:Apr 25 11:25:52 smithi090 ceph-mon[29575]: [25/Apr/2024:11:25:51] ENGINE Serving on https://172.21.15.90:7150
2024-04-25T11:25:52.480 INFO:journalctl@ceph.mon.a.smithi090.stdout:Apr 25 11:25:52 smithi090 ceph-mon[29575]: [25/Apr/2024:11:25:51] ENGINE Bus STARTED
2024-04-25T11:25:52.480 INFO:journalctl@ceph.mon.a.smithi090.stdout:Apr 25 11:25:52 smithi090 ceph-mon[29575]: from='client.14124 -' entity='client.admin' cmd=[{"prefix": "get_command_descriptions"}]: dispatch
2024-04-25T11:25:52.480 INFO:journalctl@ceph.mon.a.smithi090.stdout:Apr 25 11:25:52 smithi090 ceph-mon[29575]: from='client.14124 -' entity='client.admin' cmd=[{"prefix": "mgr_status"}]: dispatch
2024-04-25T11:25:53.151 INFO:teuthology.orchestra.run.smithi090.stdout:/usr/bin/ceph: stderr
2024-04-25T11:25:52.343+0000 7f57c7dc1700 1 Processor -- start
2024-04-25T11:25:53.152 INFO:teuthology.orchestra.run.smithi090.stdout:/usr/bin/ceph: stderr
2024-04-25T11:25:52.343+0000 7f57c7dc1700 1 -- start start
2024-04-25T11:25:53.152 INFO:teuthology.orchestra.run.smithi090.stdout:/usr/bin/ceph: stderr
2024-04-25T11:25:52.343+0000 7f57c7dc1700 1 --2- >> [v2:172.21.15.90:3300/0,v1:172.21.15.90:6789/0] conn(0x7f57c007cca0 0x7f57c010c700 unknown :-1 s=NONE pgs=0 cs=0 l=0 rev1=0 crypto rx=0 tx=0 comp rx=0 tx=0).connect
2024-04-25T11:25:53.152 INFO:teuthology.orchestra.run.smithi090.stdout:/usr/bin/ceph: stderr
2024-04-25T11:25:52.343+0000 7f57c7dc1700 1 -- --> [v2:172.21.15.90:3300/0,v1:172.21.15.90:6789/0] -- mon_getmap magic: 0 -- 0x7f57c010ccf0 con 0x7f57c007cca0
2024-04-25T11:25:53.152 INFO:teuthology.orchestra.run.smithi090.stdout:/usr/bin/ceph: stderr
2024-04-25T11:25:52.343+0000 7f57c5b5d700 1 --2- >> [v2:172.21.15.90:3300/0,v1:172.21.15.90:6789/0] conn(0x7f57c007cca0 0x7f57c010c700 unknown :-1 s=BANNER_CONNECTING pgs=0 cs=0 l=0 rev1=0 crypto rx=0 tx=0 comp rx=0 tx=0)._handle_peer_banner_payload supported=3 required=0
2024-04-25T11:25:53.152 INFO:teuthology.orchestra.run.smithi090.stdout:/usr/bin/ceph: stderr
2024-04-25T11:25:52.343+0000 7f57c5b5d700 1 --2- >> [v2:172.21.15.90:3300/0,v1:172.21.15.90:6789/0] conn(0x7f57c007cca0 0x7f57c010c700 unknown :-1 s=HELLO_CONNECTING pgs=0 cs=0 l=0 rev1=1 crypto rx=0 tx=0 comp rx=0 tx=0).handle_hello peer v2:172.21.15.90:3300/0 says I am v2:172.21.15.90:60850/0 (socket says 172.21.15.90:60850)
2024-04-25T11:25:53.152 INFO:teuthology.orchestra.run.smithi090.stdout:/usr/bin/ceph: stderr
2024-04-25T11:25:52.343+0000 7f57c5b5d700 1 -- 172.21.15.90:0/1796592098 learned_addr learned my addr 172.21.15.90:0/1796592098 (peer_addr_for_me v2:172.21.15.90:0/0)
2024-04-25T11:25:53.152 INFO:teuthology.orchestra.run.smithi090.stdout:/usr/bin/ceph: stderr
2024-04-25T11:25:52.344+0000 7f57c5b5d700 1 -- 172.21.15.90:0/1796592098 --> [v2:172.21.15.90:3300/0,v1:172.21.15.90:6789/0] -- mon_subscribe({config=0+,monmap=0+}) -- 0x7f57c010ce70 con 0x7f57c007cca0
2024-04-25T11:25:53.152 INFO:teuthology.orchestra.run.smithi090.stdout:/usr/bin/ceph: stderr
2024-04-25T11:25:52.344+0000 7f57c5b5d700 1 --2- 172.21.15.90:0/1796592098 >> [v2:172.21.15.90:3300/0,v1:172.21.15.90:6789/0] conn(0x7f57c007cca0 0x7f57c010c700 secure :-1 s=READY pgs=37 cs=0 l=1 rev1=1 crypto rx=0x7f57bc0098a0 tx=0x7f57bc009bb0 comp rx=0 tx=0).ready entity=mon.0 client_cookie=a244fc8c352f581b server_cookie=0 in_seq=0 out_seq=0
2024-04-25T11:25:53.152 INFO:teuthology.orchestra.run.smithi090.stdout:/usr/bin/ceph: stderr
2024-04-25T11:25:52.344+0000 7f57c4b5b700 1 -- 172.21.15.90:0/1796592098 <== mon.0 v2:172.21.15.90:3300/0 1 ==== mon_map magic: 0 ==== 205+0+0 (secure 0 0 0) 0x7f57bc004160 con 0x7f57c007cca0
2024-04-25T11:25:53.152 INFO:teuthology.orchestra.run.smithi090.stdout:/usr/bin/ceph: stderr
2024-04-25T11:25:52.344+0000 7f57c4b5b700 1 -- 172.21.15.90:0/1796592098 <== mon.0 v2:172.21.15.90:3300/0 2 ==== config(26 keys) ==== 1070+0+0 (secure 0 0 0) 0x7f57bc004300 con 0x7f57c007cca0
2024-04-25T11:25:53.152 INFO:teuthology.orchestra.run.smithi090.stdout:/usr/bin/ceph: stderr
2024-04-25T11:25:52.344+0000 7f57c4b5b700 1 -- 172.21.15.90:0/1796592098 <== mon.0 v2:172.21.15.90:3300/0 3 ==== mon_map magic: 0 ==== 205+0+0 (secure 0 0 0) 0x7f57bc011af0 con 0x7f57c007cca0
2024-04-25T11:25:53.153 INFO:teuthology.orchestra.run.smithi090.stdout:/usr/bin/ceph: stderr
2024-04-25T11:25:52.345+0000 7f57c7dc1700 1 -- 172.21.15.90:0/1796592098 >> [v2:172.21.15.90:3300/0,v1:172.21.15.90:6789/0] conn(0x7f57c007cca0 msgr2=0x7f57c010c700 secure :-1 s=STATE_CONNECTION_ESTABLISHED l=1).mark_down
2024-04-25T11:25:53.153 INFO:teuthology.orchestra.run.smithi090.stdout:/usr/bin/ceph: stderr
2024-04-25T11:25:52.345+0000 7f57c7dc1700 1 --2- 172.21.15.90:0/1796592098 >> [v2:172.21.15.90:3300/0,v1:172.21.15.90:6789/0] conn(0x7f57c007cca0 0x7f57c010c700 secure :-1 s=READY pgs=37 cs=0 l=1 rev1=1 crypto rx=0x7f57bc0098a0 tx=0x7f57bc009bb0 comp rx=0 tx=0).stop
2024-04-25T11:25:53.153 INFO:teuthology.orchestra.run.smithi090.stdout:/usr/bin/ceph: stderr
2024-04-25T11:25:52.345+0000 7f57c7dc1700 1 -- 172.21.15.90:0/1796592098 shutdown_connections
2024-04-25T11:25:53.153 INFO:teuthology.orchestra.run.smithi090.stdout:/usr/bin/ceph: stderr
2024-04-25T11:25:52.345+0000 7f57c7dc1700 1 --2- 172.21.15.90:0/1796592098 >> [v2:172.21.15.90:3300/0,v1:172.21.15.90:6789/0] conn(0x7f57c007cca0 0x7f57c010c700 unknown :-1 s=CLOSED pgs=37 cs=0 l=1 rev1=1 crypto rx=0 tx=0 comp rx=0 tx=0).stop
2024-04-25T11:25:53.153 INFO:teuthology.orchestra.run.smithi090.stdout:/usr/bin/ceph: stderr
2024-04-25T11:25:52.345+0000 7f57c7dc1700 1 -- 172.21.15.90:0/1796592098 >> 172.21.15.90:0/1796592098 conn(0x7f57c01040f0 msgr2=0x7f57c01065a0 unknown :-1 s=STATE_NONE l=0).mark_down
2024-04-25T11:25:53.153 INFO:teuthology.orchestra.run.smithi090.stdout:/usr/bin/ceph: stderr
2024-04-25T11:25:52.345+0000 7f57c7dc1700 1 -- 172.21.15.90:0/1796592098 shutdown_connections
2024-04-25T11:25:53.153 INFO:teuthology.orchestra.run.smithi090.stdout:/usr/bin/ceph: stderr
2024-04-25T11:25:52.345+0000 7f57c7dc1700 1 -- 172.21.15.90:0/1796592098 wait complete.
2024-04-25T11:25:53.153 INFO:teuthology.orchestra.run.smithi090.stdout:/usr/bin/ceph: stderr
2024-04-25T11:25:52.346+0000 7f57c7dc1700 1 Processor -- start
2024-04-25T11:25:53.153 INFO:teuthology.orchestra.run.smithi090.stdout:/usr/bin/ceph: stderr
2024-04-25T11:25:52.346+0000 7f57c7dc1700 1 -- start start
2024-04-25T11:25:53.154 INFO:teuthology.orchestra.run.smithi090.stdout:/usr/bin/ceph: stderr
2024-04-25T11:25:52.346+0000 7f57c7dc1700 1 --2- >> [v2:172.21.15.90:3300/0,v1:172.21.15.90:6789/0] conn(0x7f57c007cca0 0x7f57c0109e70 unknown :-1 s=NONE pgs=0 cs=0 l=1 rev1=0 crypto rx=0 tx=0 comp rx=0 tx=0).connect
2024-04-25T11:25:53.154 INFO:teuthology.orchestra.run.smithi090.stdout:/usr/bin/ceph: stderr
2024-04-25T11:25:52.346+0000 7f57c7dc1700 1 -- --> [v2:172.21.15.90:3300/0,v1:172.21.15.90:6789/0] -- mon_getmap magic: 0 -- 0x7f57c010def0 con 0x7f57c007cca0
2024-04-25T11:25:53.154 INFO:teuthology.orchestra.run.smithi090.stdout:/usr/bin/ceph: stderr
2024-04-25T11:25:52.346+0000 7f57c5b5d700 1 --2- >> [v2:172.21.15.90:3300/0,v1:172.21.15.90:6789/0] conn(0x7f57c007cca0 0x7f57c0109e70 unknown :-1 s=BANNER_CONNECTING pgs=0 cs=0 l=1 rev1=0 crypto rx=0 tx=0 comp rx=0 tx=0)._handle_peer_banner_payload supported=3 required=0
2024-04-25T11:25:53.154 INFO:teuthology.orchestra.run.smithi090.stdout:/usr/bin/ceph: stderr
2024-04-25T11:25:52.346+0000 7f57c5b5d700 1 --2- >> [v2:172.21.15.90:3300/0,v1:172.21.15.90:6789/0] conn(0x7f57c007cca0 0x7f57c0109e70 unknown :-1 s=HELLO_CONNECTING pgs=0 cs=0 l=1 rev1=1 crypto rx=0 tx=0 comp rx=0 tx=0).handle_hello peer v2:172.21.15.90:3300/0 says I am v2:172.21.15.90:60860/0 (socket says 172.21.15.90:60860)
2024-04-25T11:25:53.154 INFO:teuthology.orchestra.run.smithi090.stdout:/usr/bin/ceph: stderr
2024-04-25T11:25:52.346+0000 7f57c5b5d700 1 -- 172.21.15.90:0/891369224 learned_addr learned my addr 172.21.15.90:0/891369224 (peer_addr_for_me v2:172.21.15.90:0/0)
2024-04-25T11:25:53.154 INFO:teuthology.orchestra.run.smithi090.stdout:/usr/bin/ceph: stderr
2024-04-25T11:25:52.346+0000 7f57c5b5d700 1 -- 172.21.15.90:0/891369224 --> [v2:172.21.15.90:3300/0,v1:172.21.15.90:6789/0] -- mon_subscribe({config=0+,monmap=0+}) -- 0x7f57c010a3b0 con 0x7f57c007cca0
2024-04-25T11:25:53.154 INFO:teuthology.orchestra.run.smithi090.stdout:/usr/bin/ceph: stderr
2024-04-25T11:25:52.346+0000 7f57c5b5d700 1 --2- 172.21.15.90:0/891369224 >> [v2:172.21.15.90:3300/0,v1:172.21.15.90:6789/0] conn(0x7f57c007cca0 0x7f57c0109e70 secure :-1 s=READY pgs=38 cs=0 l=1 rev1=1 crypto rx=0x7f57bc009fb0 tx=0x7f57bc011890 comp rx=0 tx=0).ready entity=mon.0 client_cookie=0 server_cookie=0 in_seq=0 out_seq=0
2024-04-25T11:25:53.154 INFO:teuthology.orchestra.run.smithi090.stdout:/usr/bin/ceph: stderr
2024-04-25T11:25:52.347+0000 7f57b6ffd700 1 -- 172.21.15.90:0/891369224 <== mon.0 v2:172.21.15.90:3300/0 1 ==== mon_map magic: 0 ==== 205+0+0 (secure 0 0 0) 0x7f57bc011bc0 con 0x7f57c007cca0
2024-04-25T11:25:53.154 INFO:teuthology.orchestra.run.smithi090.stdout:/usr/bin/ceph: stderr
2024-04-25T11:25:52.347+0000 7f57b6ffd700 1 -- 172.21.15.90:0/891369224 <== mon.0 v2:172.21.15.90:3300/0 2 ==== config(26 keys) ==== 1070+0+0 (secure 0 0 0) 0x7f57bc024440 con 0x7f57c007cca0
2024-04-25T11:25:53.154 INFO:teuthology.orchestra.run.smithi090.stdout:/usr/bin/ceph: stderr
2024-04-25T11:25:52.347+0000 7f57c7dc1700 1 -- 172.21.15.90:0/891369224 --> [v2:172.21.15.90:3300/0,v1:172.21.15.90:6789/0] -- mon_subscribe({mgrmap=0+}) -- 0x7f57c0108600 con 0x7f57c007cca0
2024-04-25T11:25:53.154 INFO:teuthology.orchestra.run.smithi090.stdout:/usr/bin/ceph: stderr
2024-04-25T11:25:52.347+0000 7f57b6ffd700 1 -- 172.21.15.90:0/891369224 <== mon.0 v2:172.21.15.90:3300/0 3 ==== mon_map magic: 0 ==== 205+0+0 (secure 0 0 0) 0x7f57bc01a5c0 con 0x7f57c007cca0
2024-04-25T11:25:53.154 INFO:teuthology.orchestra.run.smithi090.stdout:/usr/bin/ceph: stderr
2024-04-25T11:25:52.347+0000 7f57c7dc1700 1 -- 172.21.15.90:0/891369224 --> [v2:172.21.15.90:3300/0,v1:172.21.15.90:6789/0] -- mon_subscribe({osdmap=0}) -- 0x7f57c0108ae0 con 0x7f57c007cca0
2024-04-25T11:25:53.154 INFO:teuthology.orchestra.run.smithi090.stdout:/usr/bin/ceph: stderr
2024-04-25T11:25:52.348+0000 7f57c7dc1700 1 -- 172.21.15.90:0/891369224 --> [v2:172.21.15.90:3300/0,v1:172.21.15.90:6789/0] -- mon_command({"prefix": "get_command_descriptions"} v 0) -- 0x7f57c0064cf0 con 0x7f57c007cca0
2024-04-25T11:25:53.155 INFO:teuthology.orchestra.run.smithi090.stdout:/usr/bin/ceph: stderr
2024-04-25T11:25:52.348+0000 7f57b6ffd700 1 -- 172.21.15.90:0/891369224 <== mon.0 v2:172.21.15.90:3300/0 4 ==== mgrmap(e 7) ==== 49410+0+0 (secure 0 0 0) 0x7f57bc0245f0 con 0x7f57c007cca0
2024-04-25T11:25:53.155 INFO:teuthology.orchestra.run.smithi090.stdout:/usr/bin/ceph: stderr
2024-04-25T11:25:52.348+0000 7f57b6ffd700 1 --2- 172.21.15.90:0/891369224 >> [v2:172.21.15.90:6800/71478430,v1:172.21.15.90:6801/71478430] conn(0x7f57ac03d410 0x7f57ac03f920 unknown :-1 s=NONE pgs=0 cs=0 l=1 rev1=0 crypto rx=0 tx=0 comp rx=0 tx=0).connect
2024-04-25T11:25:53.155 INFO:teuthology.orchestra.run.smithi090.stdout:/usr/bin/ceph: stderr
2024-04-25T11:25:52.349+0000 7f57b6ffd700 1 -- 172.21.15.90:0/891369224 <== mon.0 v2:172.21.15.90:3300/0 5 ==== osd_map(2..2 src has 1..2) ==== 940+0+0 (secure 0 0 0) 0x7f57bc052470 con 0x7f57c007cca0
2024-04-25T11:25:53.155 INFO:teuthology.orchestra.run.smithi090.stdout:/usr/bin/ceph: stderr
2024-04-25T11:25:52.349+0000 7f57c535c700 1 --2- 172.21.15.90:0/891369224 >> [v2:172.21.15.90:6800/71478430,v1:172.21.15.90:6801/71478430] conn(0x7f57ac03d410 0x7f57ac03f920 unknown :-1 s=BANNER_CONNECTING pgs=0 cs=0 l=1 rev1=0 crypto rx=0 tx=0 comp rx=0 tx=0)._handle_peer_banner_payload supported=3 required=0
2024-04-25T11:25:53.155 INFO:teuthology.orchestra.run.smithi090.stdout:/usr/bin/ceph: stderr
2024-04-25T11:25:52.349+0000 7f57c535c700 1 --2- 172.21.15.90:0/891369224 >> [v2:172.21.15.90:6800/71478430,v1:172.21.15.90:6801/71478430] conn(0x7f57ac03d410 0x7f57ac03f920 secure :-1 s=READY pgs=7 cs=0 l=1 rev1=1 crypto rx=0x7f57b0006fd0 tx=0x7f57b0006e40 comp rx=0 tx=0).ready entity=mgr.14120 client_cookie=0 server_cookie=0 in_seq=0 out_seq=0
2024-04-25T11:25:53.155 INFO:teuthology.orchestra.run.smithi090.stdout:/usr/bin/ceph: stderr
2024-04-25T11:25:52.354+0000 7f57b6ffd700 1 -- 172.21.15.90:0/891369224 <== mon.0 v2:172.21.15.90:3300/0 6 ==== mon_command_ack([{"prefix": "get_command_descriptions"}]=0 v0) ==== 72+0+188370 (secure 0 0 0) 0x7f57bc0212a0 con 0x7f57c007cca0
2024-04-25T11:25:53.155 INFO:teuthology.orchestra.run.smithi090.stdout:/usr/bin/ceph: stderr
2024-04-25T11:25:52.380+0000 7f57b6ffd700 1 -- 172.21.15.90:0/891369224 <== mon.0 v2:172.21.15.90:3300/0 7 ==== mgrmap(e 8) ==== 49516+0+0 (secure 0 0 0) 0x7f57bc0038b0 con 0x7f57c007cca0
2024-04-25T11:25:53.155 INFO:teuthology.orchestra.run.smithi090.stdout:/usr/bin/ceph: stderr
2024-04-25T11:25:52.576+0000 7f57c7dc1700 1 -- 172.21.15.90:0/891369224 --> [v2:172.21.15.90:6800/71478430,v1:172.21.15.90:6801/71478430] -- mgr_command(tid 0: {"prefix": "orch set backend", "module_name": "cephadm", "target": ["mon-mgr", ""]}) -- 0x7f57c01092d0 con 0x7f57ac03d410
2024-04-25T11:25:53.155 INFO:teuthology.orchestra.run.smithi090.stdout:/usr/bin/ceph: stderr
2024-04-25T11:25:52.582+0000 7f57b6ffd700 1 -- 172.21.15.90:0/891369224 <== mgr.14120 v2:172.21.15.90:6800/71478430 1 ==== mgr_command_reply(tid 0: 0 ) ==== 8+0+0 (secure 0 0 0) 0x7f57c01092d0 con 0x7f57ac03d410
2024-04-25T11:25:53.155 INFO:teuthology.orchestra.run.smithi090.stdout:/usr/bin/ceph: stderr
2024-04-25T11:25:52.584+0000 7f57c7dc1700 1 -- 172.21.15.90:0/891369224 >> [v2:172.21.15.90:6800/71478430,v1:172.21.15.90:6801/71478430] conn(0x7f57ac03d410 msgr2=0x7f57ac03f920 secure :-1 s=STATE_CONNECTION_ESTABLISHED l=1).mark_down
2024-04-25T11:25:53.155 INFO:teuthology.orchestra.run.smithi090.stdout:/usr/bin/ceph: stderr
2024-04-25T11:25:52.584+0000 7f57c7dc1700 1 --2- 172.21.15.90:0/891369224 >> [v2:172.21.15.90:6800/71478430,v1:172.21.15.90:6801/71478430] conn(0x7f57ac03d410 0x7f57ac03f920 secure :-1 s=READY pgs=7 cs=0 l=1 rev1=1 crypto rx=0x7f57b0006fd0 tx=0x7f57b0006e40 comp rx=0 tx=0).stop
2024-04-25T11:25:53.155 INFO:teuthology.orchestra.run.smithi090.stdout:/usr/bin/ceph: stderr
2024-04-25T11:25:52.584+0000 7f57c7dc1700 1 -- 172.21.15.90:0/891369224 >> [v2:172.21.15.90:3300/0,v1:172.21.15.90:6789/0] conn(0x7f57c007cca0 msgr2=0x7f57c0109e70 secure :-1 s=STATE_CONNECTION_ESTABLISHED l=1).mark_down
2024-04-25T11:25:53.155 INFO:teuthology.orchestra.run.smithi090.stdout:/usr/bin/ceph: stderr
2024-04-25T11:25:52.584+0000 7f57c7dc1700 1 --2- 172.21.15.90:0/891369224 >> [v2:172.21.15.90:3300/0,v1:172.21.15.90:6789/0] conn(0x7f57c007cca0 0x7f57c0109e70 secure :-1 s=READY pgs=38 cs=0 l=1 rev1=1 crypto rx=0x7f57bc009fb0 tx=0x7f57bc011890 comp rx=0 tx=0).stop
2024-04-25T11:25:53.156 INFO:teuthology.orchestra.run.smithi090.stdout:/usr/bin/ceph: stderr
2024-04-25T11:25:52.584+0000 7f57c7dc1700 1 -- 172.21.15.90:0/891369224 shutdown_connections
2024-04-25T11:25:53.156 INFO:teuthology.orchestra.run.smithi090.stdout:/usr/bin/ceph: stderr
2024-04-25T11:25:52.584+0000 7f57c7dc1700 1 --2- 172.21.15.90:0/891369224 >> [v2:172.21.15.90:6800/71478430,v1:172.21.15.90:6801/71478430] conn(0x7f57ac03d410 0x7f57ac03f920 unknown :-1 s=CLOSED pgs=7 cs=0 l=1 rev1=1 crypto rx=0 tx=0 comp rx=0 tx=0).stop
2024-04-25T11:25:53.156 INFO:teuthology.orchestra.run.smithi090.stdout:/usr/bin/ceph: stderr
2024-04-25T11:25:52.584+0000 7f57c7dc1700 1 --2- 172.21.15.90:0/891369224 >> [v2:172.21.15.90:3300/0,v1:172.21.15.90:6789/0] conn(0x7f57c007cca0 0x7f57c0109e70 unknown :-1 s=CLOSED pgs=38 cs=0 l=1 rev1=1 crypto rx=0 tx=0 comp rx=0 tx=0).stop
2024-04-25T11:25:53.156 INFO:teuthology.orchestra.run.smithi090.stdout:/usr/bin/ceph: stderr
2024-04-25T11:25:52.584+0000 7f57c7dc1700 1 -- 172.21.15.90:0/891369224 >> 172.21.15.90:0/891369224 conn(0x7f57c01040f0 msgr2=0x7f57c0104b10 unknown :-1 s=STATE_NONE l=0).mark_down
2024-04-25T11:25:53.156 INFO:teuthology.orchestra.run.smithi090.stdout:/usr/bin/ceph: stderr
2024-04-25T11:25:52.584+0000 7f57c7dc1700 1 -- 172.21.15.90:0/891369224 shutdown_connections
2024-04-25T11:25:53.156 INFO:teuthology.orchestra.run.smithi090.stdout:/usr/bin/ceph: stderr
2024-04-25T11:25:52.584+0000 7f57c7dc1700 1 -- 172.21.15.90:0/891369224 wait complete.
2024-04-25T11:25:53.465 INFO:journalctl@ceph.mon.a.smithi090.stdout:Apr 25 11:25:53 smithi090 ceph-mon[29575]: mgrmap e8: x(active, since 2s)
2024-04-25T11:25:53.466 INFO:journalctl@ceph.mon.a.smithi090.stdout:Apr 25 11:25:53 smithi090 ceph-mon[29575]: from='mgr.14120 172.21.15.90:0/3545268890' entity='mgr.x'
2024-04-25T11:25:53.466 INFO:journalctl@ceph.mon.a.smithi090.stdout:Apr 25 11:25:53 smithi090 ceph-mon[29575]: from='mgr.14120 172.21.15.90:0/3545268890' entity='mgr.x' cmd=[{"prefix": "config dump", "format": "json"}]: dispatch
2024-04-25T11:25:54.344 INFO:teuthology.orchestra.run.smithi090.stdout:/usr/bin/ceph: stdout value unchanged
2024-04-25T11:25:54.345 INFO:teuthology.orchestra.run.smithi090.stdout:/usr/bin/ceph: stderr
2024-04-25T11:25:53.584+0000 7fa2b4f57700 1 Processor -- start
2024-04-25T11:25:54.345 INFO:teuthology.orchestra.run.smithi090.stdout:/usr/bin/ceph: stderr
2024-04-25T11:25:53.584+0000 7fa2b4f57700 1 -- start start
2024-04-25T11:25:54.345 INFO:teuthology.orchestra.run.smithi090.stdout:/usr/bin/ceph: stderr
2024-04-25T11:25:53.584+0000 7fa2b4f57700 1 --2- >> [v2:172.21.15.90:3300/0,v1:172.21.15.90:6789/0] conn(0x7fa2b0108ab0 0x7fa2b0108ec0 unknown :-1 s=NONE pgs=0 cs=0 l=0 rev1=0 crypto rx=0 tx=0 comp rx=0 tx=0).connect
2024-04-25T11:25:54.345 INFO:teuthology.orchestra.run.smithi090.stdout:/usr/bin/ceph: stderr
2024-04-25T11:25:53.584+0000 7fa2b4f57700 1 -- --> [v2:172.21.15.90:3300/0,v1:172.21.15.90:6789/0] -- mon_getmap magic: 0 -- 0x7fa2b01094b0 con 0x7fa2b0108ab0
2024-04-25T11:25:54.345 INFO:teuthology.orchestra.run.smithi090.stdout:/usr/bin/ceph: stderr
2024-04-25T11:25:53.584+0000 7fa2ae59c700 1 --2- >> [v2:172.21.15.90:3300/0,v1:172.21.15.90:6789/0] conn(0x7fa2b0108ab0 0x7fa2b0108ec0 unknown :-1 s=BANNER_CONNECTING pgs=0 cs=0 l=0 rev1=0 crypto rx=0 tx=0 comp rx=0 tx=0)._handle_peer_banner_payload supported=3 required=0
2024-04-25T11:25:54.345 INFO:teuthology.orchestra.run.smithi090.stdout:/usr/bin/ceph: stderr
2024-04-25T11:25:53.585+0000 7fa2ae59c700 1 --2- >> [v2:172.21.15.90:3300/0,v1:172.21.15.90:6789/0] conn(0x7fa2b0108ab0 0x7fa2b0108ec0 unknown :-1 s=HELLO_CONNECTING pgs=0 cs=0 l=0 rev1=1 crypto rx=0 tx=0 comp rx=0 tx=0).handle_hello peer v2:172.21.15.90:3300/0 says I am v2:172.21.15.90:60874/0 (socket says 172.21.15.90:60874)
2024-04-25T11:25:54.345 INFO:teuthology.orchestra.run.smithi090.stdout:/usr/bin/ceph: stderr
2024-04-25T11:25:53.585+0000 7fa2ae59c700 1 -- 172.21.15.90:0/3283266159 learned_addr learned my addr 172.21.15.90:0/3283266159 (peer_addr_for_me v2:172.21.15.90:0/0)
2024-04-25T11:25:54.345 INFO:teuthology.orchestra.run.smithi090.stdout:/usr/bin/ceph: stderr
2024-04-25T11:25:53.585+0000 7fa2ae59c700 1 -- 172.21.15.90:0/3283266159 --> [v2:172.21.15.90:3300/0,v1:172.21.15.90:6789/0] -- mon_subscribe({config=0+,monmap=0+}) -- 0x7fa2b0109be0 con 0x7fa2b0108ab0
2024-04-25T11:25:54.345 INFO:teuthology.orchestra.run.smithi090.stdout:/usr/bin/ceph: stderr
2024-04-25T11:25:53.585+0000 7fa2ae59c700 1 --2- 172.21.15.90:0/3283266159 >> [v2:172.21.15.90:3300/0,v1:172.21.15.90:6789/0] conn(0x7fa2b0108ab0 0x7fa2b0108ec0 secure :-1 s=READY pgs=39 cs=0 l=1 rev1=1 crypto rx=0x7fa2a00098a0 tx=0x7fa2a0009bb0 comp rx=0 tx=0).ready entity=mon.0 client_cookie=875eb29e16c8d212 server_cookie=0 in_seq=0 out_seq=0
2024-04-25T11:25:54.345 INFO:teuthology.orchestra.run.smithi090.stdout:/usr/bin/ceph: stderr
2024-04-25T11:25:53.585+0000 7fa2ad59a700 1 -- 172.21.15.90:0/3283266159 <== mon.0 v2:172.21.15.90:3300/0 1 ==== mon_map magic: 0 ==== 205+0+0 (secure 0 0 0) 0x7fa2a0004160 con 0x7fa2b0108ab0
2024-04-25T11:25:54.345 INFO:teuthology.orchestra.run.smithi090.stdout:/usr/bin/ceph: stderr
2024-04-25T11:25:53.585+0000 7fa2ad59a700 1 -- 172.21.15.90:0/3283266159 <== mon.0 v2:172.21.15.90:3300/0 2 ==== config(26 keys) ==== 1070+0+0 (secure 0 0 0) 0x7fa2a0004300 con 0x7fa2b0108ab0
2024-04-25T11:25:54.345 INFO:teuthology.orchestra.run.smithi090.stdout:/usr/bin/ceph: stderr
2024-04-25T11:25:53.585+0000 7fa2ad59a700 1 -- 172.21.15.90:0/3283266159 <== mon.0 v2:172.21.15.90:3300/0 3 ==== mon_map magic: 0 ==== 205+0+0 (secure 0 0 0) 0x7fa2a0011af0 con 0x7fa2b0108ab0
2024-04-25T11:25:54.345 INFO:teuthology.orchestra.run.smithi090.stdout:/usr/bin/ceph: stderr
2024-04-25T11:25:53.586+0000 7fa2b4f57700 1 -- 172.21.15.90:0/3283266159 >> [v2:172.21.15.90:3300/0,v1:172.21.15.90:6789/0] conn(0x7fa2b0108ab0 msgr2=0x7fa2b0108ec0 secure :-1 s=STATE_CONNECTION_ESTABLISHED l=1).mark_down
2024-04-25T11:25:54.346 INFO:teuthology.orchestra.run.smithi090.stdout:/usr/bin/ceph: stderr
2024-04-25T11:25:53.586+0000 7fa2b4f57700 1 --2- 172.21.15.90:0/3283266159 >> [v2:172.21.15.90:3300/0,v1:172.21.15.90:6789/0] conn(0x7fa2b0108ab0 0x7fa2b0108ec0 secure :-1 s=READY pgs=39 cs=0 l=1 rev1=1 crypto rx=0x7fa2a00098a0 tx=0x7fa2a0009bb0 comp rx=0 tx=0).stop
2024-04-25T11:25:54.346 INFO:teuthology.orchestra.run.smithi090.stdout:/usr/bin/ceph: stderr
2024-04-25T11:25:53.586+0000 7fa2b4f57700 1 -- 172.21.15.90:0/3283266159 shutdown_connections
2024-04-25T11:25:54.346 INFO:teuthology.orchestra.run.smithi090.stdout:/usr/bin/ceph: stderr
2024-04-25T11:25:53.586+0000 7fa2b4f57700 1 --2- 172.21.15.90:0/3283266159 >> [v2:172.21.15.90:3300/0,v1:172.21.15.90:6789/0] conn(0x7fa2b0108ab0 0x7fa2b0108ec0 unknown :-1 s=CLOSED pgs=39 cs=0 l=1 rev1=1 crypto rx=0 tx=0 comp rx=0 tx=0).stop
2024-04-25T11:25:54.346 INFO:teuthology.orchestra.run.smithi090.stdout:/usr/bin/ceph: stderr
2024-04-25T11:25:53.586+0000 7fa2b4f57700 1 -- 172.21.15.90:0/3283266159 >> 172.21.15.90:0/3283266159 conn(0x7fa2b01040f0 msgr2=0x7fa2b01065a0 unknown :-1 s=STATE_NONE l=0).mark_down
2024-04-25T11:25:54.346 INFO:teuthology.orchestra.run.smithi090.stdout:/usr/bin/ceph: stderr
2024-04-25T11:25:53.586+0000 7fa2b4f57700 1 -- 172.21.15.90:0/3283266159 shutdown_connections
2024-04-25T11:25:54.346 INFO:teuthology.orchestra.run.smithi090.stdout:/usr/bin/ceph: stderr
2024-04-25T11:25:53.586+0000 7fa2b4f57700 1 -- 172.21.15.90:0/3283266159 wait complete.
2024-04-25T11:25:54.346 INFO:teuthology.orchestra.run.smithi090.stdout:/usr/bin/ceph: stderr
2024-04-25T11:25:53.587+0000 7fa2b4f57700 1 Processor -- start
2024-04-25T11:25:54.346 INFO:teuthology.orchestra.run.smithi090.stdout:/usr/bin/ceph: stderr
2024-04-25T11:25:53.587+0000 7fa2b4f57700 1 -- start start
2024-04-25T11:25:54.346 INFO:teuthology.orchestra.run.smithi090.stdout:/usr/bin/ceph: stderr
2024-04-25T11:25:53.587+0000 7fa2b4f57700 1 --2- >> [v2:172.21.15.90:3300/0,v1:172.21.15.90:6789/0] conn(0x7fa2b0108ab0 0x7fa2b019ced0 unknown :-1 s=NONE pgs=0 cs=0 l=1 rev1=0 crypto rx=0 tx=0 comp rx=0 tx=0).connect
2024-04-25T11:25:54.346 INFO:teuthology.orchestra.run.smithi090.stdout:/usr/bin/ceph: stderr
2024-04-25T11:25:53.587+0000 7fa2b4f57700 1 -- --> [v2:172.21.15.90:3300/0,v1:172.21.15.90:6789/0] -- mon_getmap magic: 0 -- 0x7fa2b010cf90 con 0x7fa2b0108ab0
2024-04-25T11:25:54.346 INFO:teuthology.orchestra.run.smithi090.stdout:/usr/bin/ceph: stderr
2024-04-25T11:25:53.587+0000 7fa2ae59c700 1 --2- >> [v2:172.21.15.90:3300/0,v1:172.21.15.90:6789/0] conn(0x7fa2b0108ab0 0x7fa2b019ced0 unknown :-1 s=BANNER_CONNECTING pgs=0 cs=0 l=1 rev1=0 crypto rx=0 tx=0 comp rx=0 tx=0)._handle_peer_banner_payload supported=3 required=0
2024-04-25T11:25:54.346 INFO:teuthology.orchestra.run.smithi090.stdout:/usr/bin/ceph: stderr
2024-04-25T11:25:53.587+0000 7fa2ae59c700 1 --2- >> [v2:172.21.15.90:3300/0,v1:172.21.15.90:6789/0] conn(0x7fa2b0108ab0 0x7fa2b019ced0 unknown :-1 s=HELLO_CONNECTING pgs=0 cs=0 l=1 rev1=1 crypto rx=0 tx=0 comp rx=0 tx=0).handle_hello peer v2:172.21.15.90:3300/0 says I am v2:172.21.15.90:60884/0 (socket says 172.21.15.90:60884)
2024-04-25T11:25:54.346 INFO:teuthology.orchestra.run.smithi090.stdout:/usr/bin/ceph: stderr
2024-04-25T11:25:53.587+0000 7fa2ae59c700 1 -- 172.21.15.90:0/1838203756 learned_addr learned my addr 172.21.15.90:0/1838203756 (peer_addr_for_me v2:172.21.15.90:0/0)
2024-04-25T11:25:54.347 INFO:teuthology.orchestra.run.smithi090.stdout:/usr/bin/ceph: stderr
2024-04-25T11:25:53.587+0000 7fa2ae59c700 1 -- 172.21.15.90:0/1838203756 --> [v2:172.21.15.90:3300/0,v1:172.21.15.90:6789/0] -- mon_subscribe({config=0+,monmap=0+}) -- 0x7fa2b019d410 con 0x7fa2b0108ab0
2024-04-25T11:25:54.347 INFO:teuthology.orchestra.run.smithi090.stdout:/usr/bin/ceph: stderr
2024-04-25T11:25:53.588+0000 7fa2ae59c700 1 --2- 172.21.15.90:0/1838203756 >> [v2:172.21.15.90:3300/0,v1:172.21.15.90:6789/0] conn(0x7fa2b0108ab0 0x7fa2b019ced0 secure :-1 s=READY pgs=40 cs=0 l=1 rev1=1 crypto rx=0x7fa2a00090e0 tx=0x7fa2a0011940 comp rx=0 tx=0).ready entity=mon.0 client_cookie=0 server_cookie=0 in_seq=0 out_seq=0
2024-04-25T11:25:54.347 INFO:teuthology.orchestra.run.smithi090.stdout:/usr/bin/ceph: stderr
2024-04-25T11:25:53.588+0000 7fa2a77fe700 1 -- 172.21.15.90:0/1838203756 <== mon.0 v2:172.21.15.90:3300/0 1 ==== mon_map magic: 0 ==== 205+0+0 (secure 0 0 0) 0x7fa2a00039e0 con 0x7fa2b0108ab0
2024-04-25T11:25:54.347 INFO:teuthology.orchestra.run.smithi090.stdout:/usr/bin/ceph: stderr
2024-04-25T11:25:53.588+0000 7fa2a77fe700 1 -- 172.21.15.90:0/1838203756 <== mon.0 v2:172.21.15.90:3300/0 2 ==== config(26 keys) ==== 1070+0+0 (secure 0 0 0) 0x7fa2a0003b80 con 0x7fa2b0108ab0
2024-04-25T11:25:54.347 INFO:teuthology.orchestra.run.smithi090.stdout:/usr/bin/ceph: stderr
2024-04-25T11:25:53.588+0000 7fa2a77fe700 1 -- 172.21.15.90:0/1838203756 <== mon.0 v2:172.21.15.90:3300/0 3 ==== mon_map magic: 0 ==== 205+0+0 (secure 0 0 0) 0x7fa2a0024690 con 0x7fa2b0108ab0
2024-04-25T11:25:54.347 INFO:teuthology.orchestra.run.smithi090.stdout:/usr/bin/ceph: stderr
2024-04-25T11:25:53.588+0000 7fa2b4f57700 1 -- 172.21.15.90:0/1838203756 --> [v2:172.21.15.90:3300/0,v1:172.21.15.90:6789/0] -- mon_subscribe({mgrmap=0+}) -- 0x7fa2b019d6a0 con 0x7fa2b0108ab0
2024-04-25T11:25:54.347 INFO:teuthology.orchestra.run.smithi090.stdout:/usr/bin/ceph: stderr
2024-04-25T11:25:53.588+0000 7fa2b4f57700 1 -- 172.21.15.90:0/1838203756 --> [v2:172.21.15.90:3300/0,v1:172.21.15.90:6789/0] -- mon_subscribe({osdmap=0}) -- 0x7fa2b01a02b0 con 0x7fa2b0108ab0
2024-04-25T11:25:54.347 INFO:teuthology.orchestra.run.smithi090.stdout:/usr/bin/ceph: stderr
2024-04-25T11:25:53.589+0000 7fa2b4f57700 1 -- 172.21.15.90:0/1838203756 --> [v2:172.21.15.90:3300/0,v1:172.21.15.90:6789/0] -- mon_command({"prefix": "get_command_descriptions"} v 0) -- 0x7fa2b0064cf0 con 0x7fa2b0108ab0
2024-04-25T11:25:54.348 INFO:teuthology.orchestra.run.smithi090.stdout:/usr/bin/ceph: stderr
2024-04-25T11:25:53.589+0000 7fa2a77fe700 1 -- 172.21.15.90:0/1838203756 <== mon.0 v2:172.21.15.90:3300/0 4 ==== mgrmap(e 8) ==== 49516+0+0 (secure 0 0 0) 0x7fa2a0022020 con 0x7fa2b0108ab0
2024-04-25T11:25:54.348 INFO:teuthology.orchestra.run.smithi090.stdout:/usr/bin/ceph: stderr
2024-04-25T11:25:53.589+0000 7fa2a77fe700 1 --2- 172.21.15.90:0/1838203756 >> [v2:172.21.15.90:6800/71478430,v1:172.21.15.90:6801/71478430] conn(0x7fa29c03d5c0 0x7fa29c03fad0 unknown :-1 s=NONE pgs=0 cs=0 l=1 rev1=0 crypto rx=0 tx=0 comp rx=0 tx=0).connect
2024-04-25T11:25:54.348 INFO:teuthology.orchestra.run.smithi090.stdout:/usr/bin/ceph: stderr
2024-04-25T11:25:53.589+0000 7fa2a77fe700 1 -- 172.21.15.90:0/1838203756 <== mon.0 v2:172.21.15.90:3300/0 5 ==== osd_map(2..2 src has 1..2) ==== 940+0+0 (secure 0 0 0) 0x7fa2a0052540 con 0x7fa2b0108ab0
2024-04-25T11:25:54.348 INFO:teuthology.orchestra.run.smithi090.stdout:/usr/bin/ceph: stderr
2024-04-25T11:25:53.589+0000 7fa2add9b700 1 --2- 172.21.15.90:0/1838203756 >> [v2:172.21.15.90:6800/71478430,v1:172.21.15.90:6801/71478430] conn(0x7fa29c03d5c0 0x7fa29c03fad0 unknown :-1 s=BANNER_CONNECTING pgs=0 cs=0 l=1 rev1=0 crypto rx=0 tx=0 comp rx=0 tx=0)._handle_peer_banner_payload supported=3 required=0
2024-04-25T11:25:54.348 INFO:teuthology.orchestra.run.smithi090.stdout:/usr/bin/ceph: stderr
2024-04-25T11:25:53.590+0000 7fa2add9b700 1 --2- 172.21.15.90:0/1838203756 >> [v2:172.21.15.90:6800/71478430,v1:172.21.15.90:6801/71478430] conn(0x7fa29c03d5c0 0x7fa29c03fad0 secure :-1 s=READY pgs=8 cs=0 l=1 rev1=1 crypto rx=0x7fa298006fd0 tx=0x7fa298006e40 comp rx=0 tx=0).ready entity=mgr.14120 client_cookie=0 server_cookie=0 in_seq=0 out_seq=0
2024-04-25T11:25:54.348 INFO:teuthology.orchestra.run.smithi090.stdout:/usr/bin/ceph: stderr
2024-04-25T11:25:53.594+0000 7fa2a77fe700 1 -- 172.21.15.90:0/1838203756 <== mon.0 v2:172.21.15.90:3300/0 6 ==== mon_command_ack([{"prefix": "get_command_descriptions"}]=0 v0) ==== 72+0+188370 (secure 0 0 0) 0x7fa2a00172b0 con 0x7fa2b0108ab0
2024-04-25T11:25:54.348 INFO:teuthology.orchestra.run.smithi090.stdout:/usr/bin/ceph: stderr
2024-04-25T11:25:53.797+0000 7fa2b4f57700 1 -- 172.21.15.90:0/1838203756 --> [v2:172.21.15.90:6800/71478430,v1:172.21.15.90:6801/71478430] -- mgr_command(tid 0: {"prefix": "cephadm set-user", "user": "root", "target": ["mon-mgr", ""]}) -- 0x7fa2b0105190 con 0x7fa29c03d5c0
2024-04-25T11:25:54.348 INFO:teuthology.orchestra.run.smithi090.stdout:/usr/bin/ceph: stderr
2024-04-25T11:25:53.798+0000 7fa2a77fe700 1 -- 172.21.15.90:0/1838203756 <== mgr.14120 v2:172.21.15.90:6800/71478430 1 ==== mgr_command_reply(tid 0: 0 ) ==== 8+0+16 (secure 0 0 0) 0x7fa2b0105190 con 0x7fa29c03d5c0
2024-04-25T11:25:54.348 INFO:teuthology.orchestra.run.smithi090.stdout:/usr/bin/ceph: stderr
2024-04-25T11:25:53.799+0000 7fa2b4f57700 1 -- 172.21.15.90:0/1838203756 >> [v2:172.21.15.90:6800/71478430,v1:172.21.15.90:6801/71478430] conn(0x7fa29c03d5c0 msgr2=0x7fa29c03fad0 secure :-1 s=STATE_CONNECTION_ESTABLISHED l=1).mark_down
2024-04-25T11:25:54.348 INFO:teuthology.orchestra.run.smithi090.stdout:/usr/bin/ceph: stderr
2024-04-25T11:25:53.799+0000 7fa2b4f57700 1 --2- 172.21.15.90:0/1838203756 >> [v2:172.21.15.90:6800/71478430,v1:172.21.15.90:6801/71478430] conn(0x7fa29c03d5c0 0x7fa29c03fad0 secure :-1 s=READY pgs=8 cs=0 l=1 rev1=1 crypto rx=0x7fa298006fd0 tx=0x7fa298006e40 comp rx=0 tx=0).stop
2024-04-25T11:25:54.348 INFO:teuthology.orchestra.run.smithi090.stdout:/usr/bin/ceph: stderr
2024-04-25T11:25:53.800+0000 7fa2b4f57700 1 -- 172.21.15.90:0/1838203756 >> [v2:172.21.15.90:3300/0,v1:172.21.15.90:6789/0] conn(0x7fa2b0108ab0 msgr2=0x7fa2b019ced0 secure :-1 s=STATE_CONNECTION_ESTABLISHED l=1).mark_down
2024-04-25T11:25:54.348 INFO:teuthology.orchestra.run.smithi090.stdout:/usr/bin/ceph: stderr
2024-04-25T11:25:53.800+0000 7fa2b4f57700 1 --2- 172.21.15.90:0/1838203756 >> [v2:172.21.15.90:3300/0,v1:172.21.15.90:6789/0] conn(0x7fa2b0108ab0 0x7fa2b019ced0 secure :-1 s=READY pgs=40 cs=0 l=1 rev1=1 crypto rx=0x7fa2a00090e0 tx=0x7fa2a0011940 comp rx=0 tx=0).stop
2024-04-25T11:25:54.349 INFO:teuthology.orchestra.run.smithi090.stdout:/usr/bin/ceph: stderr
2024-04-25T11:25:53.800+0000 7fa2b4f57700 1 -- 172.21.15.90:0/1838203756 shutdown_connections
2024-04-25T11:25:54.349 INFO:teuthology.orchestra.run.smithi090.stdout:/usr/bin/ceph: stderr
2024-04-25T11:25:53.800+0000 7fa2b4f57700 1 --2- 172.21.15.90:0/1838203756 >> [v2:172.21.15.90:6800/71478430,v1:172.21.15.90:6801/71478430] conn(0x7fa29c03d5c0 0x7fa29c03fad0 unknown :-1 s=CLOSED pgs=8 cs=0 l=1 rev1=1 crypto rx=0 tx=0 comp rx=0 tx=0).stop
2024-04-25T11:25:54.349 INFO:teuthology.orchestra.run.smithi090.stdout:/usr/bin/ceph: stderr
2024-04-25T11:25:53.800+0000 7fa2b4f57700 1 --2- 172.21.15.90:0/1838203756 >> [v2:172.21.15.90:3300/0,v1:172.21.15.90:6789/0] conn(0x7fa2b0108ab0 0x7fa2b019ced0 unknown :-1 s=CLOSED pgs=40 cs=0 l=1 rev1=1 crypto rx=0 tx=0 comp rx=0 tx=0).stop
2024-04-25T11:25:54.349 INFO:teuthology.orchestra.run.smithi090.stdout:/usr/bin/ceph: stderr
2024-04-25T11:25:53.800+0000 7fa2b4f57700 1 -- 172.21.15.90:0/1838203756 >> 172.21.15.90:0/1838203756 conn(0x7fa2b01040f0 msgr2=0x7fa2b0104a20 unknown :-1 s=STATE_NONE l=0).mark_down
2024-04-25T11:25:54.349 INFO:teuthology.orchestra.run.smithi090.stdout:/usr/bin/ceph: stderr
2024-04-25T11:25:53.800+0000 7fa2b4f57700 1 -- 172.21.15.90:0/1838203756 shutdown_connections
2024-04-25T11:25:54.349 INFO:teuthology.orchestra.run.smithi090.stdout:/usr/bin/ceph: stderr
2024-04-25T11:25:53.800+0000 7fa2b4f57700 1 -- 172.21.15.90:0/1838203756 wait complete.
2024-04-25T11:25:54.349 INFO:teuthology.orchestra.run.smithi090.stdout:Generating ssh key...
2024-04-25T11:25:54.657 INFO:journalctl@ceph.mon.a.smithi090.stdout:Apr 25 11:25:54 smithi090 ceph-mon[29575]: from='client.14132 -' entity='client.admin' cmd=[{"prefix": "orch set backend", "module_name": "cephadm", "target": ["mon-mgr", ""]}]: dispatch
2024-04-25T11:25:55.611 INFO:journalctl@ceph.mon.a.smithi090.stdout:Apr 25 11:25:55 smithi090 ceph-mon[29575]: from='client.14134 -' entity='client.admin' cmd=[{"prefix": "cephadm set-user", "user": "root", "target": ["mon-mgr", ""]}]: dispatch
2024-04-25T11:25:55.611 INFO:journalctl@ceph.mon.a.smithi090.stdout:Apr 25 11:25:55 smithi090 ceph-mon[29575]: from='mgr.14120 172.21.15.90:0/3545268890' entity='mgr.x'
2024-04-25T11:25:55.611 INFO:journalctl@ceph.mon.a.smithi090.stdout:Apr 25 11:25:55 smithi090 ceph-mon[29575]: from='mgr.14120 172.21.15.90:0/3545268890' entity='mgr.x'
2024-04-25T11:25:55.611 INFO:journalctl@ceph.mgr.x.smithi090.stdout:Apr 25 11:25:55 smithi090 ceph-58bd4e7a-02f6-11ef-bc93-c7b262605968-mgr-x[29806]: Generating public/private rsa key pair.
2024-04-25T11:25:55.612 INFO:journalctl@ceph.mgr.x.smithi090.stdout:Apr 25 11:25:55 smithi090 ceph-58bd4e7a-02f6-11ef-bc93-c7b262605968-mgr-x[29806]: Your identification has been saved in /tmp/tmpgf9gi641/key.
2024-04-25T11:25:55.612 INFO:journalctl@ceph.mgr.x.smithi090.stdout:Apr 25 11:25:55 smithi090 ceph-58bd4e7a-02f6-11ef-bc93-c7b262605968-mgr-x[29806]: Your public key has been saved in /tmp/tmpgf9gi641/key.pub.
2024-04-25T11:25:55.612 INFO:journalctl@ceph.mgr.x.smithi090.stdout:Apr 25 11:25:55 smithi090 ceph-58bd4e7a-02f6-11ef-bc93-c7b262605968-mgr-x[29806]: The key fingerprint is:
2024-04-25T11:25:55.612 INFO:journalctl@ceph.mgr.x.smithi090.stdout:Apr 25 11:25:55 smithi090 ceph-58bd4e7a-02f6-11ef-bc93-c7b262605968-mgr-x[29806]: SHA256:BCOkbD0Tu2nYNRJVhnjM8i5KzteiRMBGgLpv6+i1CCs ceph-58bd4e7a-02f6-11ef-bc93-c7b262605968
2024-04-25T11:25:55.612 INFO:journalctl@ceph.mgr.x.smithi090.stdout:Apr 25 11:25:55 smithi090 ceph-58bd4e7a-02f6-11ef-bc93-c7b262605968-mgr-x[29806]: The key's randomart image is:
2024-04-25T11:25:55.612 INFO:journalctl@ceph.mgr.x.smithi090.stdout:Apr 25 11:25:55 smithi090 ceph-58bd4e7a-02f6-11ef-bc93-c7b262605968-mgr-x[29806]: +---[RSA 3072]----+
2024-04-25T11:25:55.612 INFO:journalctl@ceph.mgr.x.smithi090.stdout:Apr 25 11:25:55 smithi090 ceph-58bd4e7a-02f6-11ef-bc93-c7b262605968-mgr-x[29806]: |+. .==+oo |
2024-04-25T11:25:55.612 INFO:journalctl@ceph.mgr.x.smithi090.stdout:Apr 25 11:25:55 smithi090 ceph-58bd4e7a-02f6-11ef-bc93-c7b262605968-mgr-x[29806]: |+. oo==+ |
2024-04-25T11:25:55.612 INFO:journalctl@ceph.mgr.x.smithi090.stdout:Apr 25 11:25:55 smithi090 ceph-58bd4e7a-02f6-11ef-bc93-c7b262605968-mgr-x[29806]: |oo+ *+o . |
2024-04-25T11:25:55.612 INFO:journalctl@ceph.mgr.x.smithi090.stdout:Apr 25 11:25:55 smithi090 ceph-58bd4e7a-02f6-11ef-bc93-c7b262605968-mgr-x[29806]: |oo o B.o |
2024-04-25T11:25:55.612 INFO:journalctl@ceph.mgr.x.smithi090.stdout:Apr 25 11:25:55 smithi090 ceph-58bd4e7a-02f6-11ef-bc93-c7b262605968-mgr-x[29806]: | .o =. S |
2024-04-25T11:25:55.612 INFO:journalctl@ceph.mgr.x.smithi090.stdout:Apr 25 11:25:55 smithi090 ceph-58bd4e7a-02f6-11ef-bc93-c7b262605968-mgr-x[29806]: |..... . |
2024-04-25T11:25:55.612 INFO:journalctl@ceph.mgr.x.smithi090.stdout:Apr 25 11:25:55 smithi090 ceph-58bd4e7a-02f6-11ef-bc93-c7b262605968-mgr-x[29806]: |.=.o o |
2024-04-25T11:25:55.613 INFO:journalctl@ceph.mgr.x.smithi090.stdout:Apr 25 11:25:55 smithi090 ceph-58bd4e7a-02f6-11ef-bc93-c7b262605968-mgr-x[29806]: |E+O + . |
2024-04-25T11:25:55.613 INFO:journalctl@ceph.mgr.x.smithi090.stdout:Apr 25 11:25:55 smithi090 ceph-58bd4e7a-02f6-11ef-bc93-c7b262605968-mgr-x[29806]: |==+= . |
2024-04-25T11:25:55.613 INFO:journalctl@ceph.mgr.x.smithi090.stdout:Apr 25 11:25:55 smithi090 ceph-58bd4e7a-02f6-11ef-bc93-c7b262605968-mgr-x[29806]: +----[SHA256]-----+
2024-04-25T11:25:55.903 INFO:teuthology.orchestra.run.smithi090.stdout:/usr/bin/ceph: stderr
2024-04-25T11:25:54.780+0000 7fa7b347b700 1 Processor -- start
2024-04-25T11:25:55.903 INFO:teuthology.orchestra.run.smithi090.stdout:/usr/bin/ceph: stderr
2024-04-25T11:25:54.781+0000 7fa7b347b700 1 -- start start
2024-04-25T11:25:55.903 INFO:teuthology.orchestra.run.smithi090.stdout:/usr/bin/ceph: stderr
2024-04-25T11:25:54.781+0000 7fa7b347b700 1 --2- >> [v2:172.21.15.90:3300/0,v1:172.21.15.90:6789/0] conn(0x7fa7ac108ab0 0x7fa7ac108ec0 unknown :-1 s=NONE pgs=0 cs=0 l=0 rev1=0 crypto rx=0 tx=0 comp rx=0 tx=0).connect
2024-04-25T11:25:55.903 INFO:teuthology.orchestra.run.smithi090.stdout:/usr/bin/ceph: stderr
2024-04-25T11:25:54.781+0000 7fa7b347b700 1 -- --> [v2:172.21.15.90:3300/0,v1:172.21.15.90:6789/0] -- mon_getmap magic: 0 -- 0x7fa7ac1094b0 con 0x7fa7ac108ab0
2024-04-25T11:25:55.903 INFO:teuthology.orchestra.run.smithi090.stdout:/usr/bin/ceph: stderr
2024-04-25T11:25:54.781+0000 7fa7b1217700 1 --2- >> [v2:172.21.15.90:3300/0,v1:172.21.15.90:6789/0] conn(0x7fa7ac108ab0 0x7fa7ac108ec0 unknown :-1 s=BANNER_CONNECTING pgs=0 cs=0 l=0 rev1=0 crypto rx=0 tx=0 comp rx=0 tx=0)._handle_peer_banner_payload supported=3 required=0
2024-04-25T11:25:55.903 INFO:teuthology.orchestra.run.smithi090.stdout:/usr/bin/ceph: stderr
2024-04-25T11:25:54.781+0000 7fa7b1217700 1 --2- >> [v2:172.21.15.90:3300/0,v1:172.21.15.90:6789/0] conn(0x7fa7ac108ab0 0x7fa7ac108ec0 unknown :-1 s=HELLO_CONNECTING pgs=0 cs=0 l=0 rev1=1 crypto rx=0 tx=0 comp rx=0 tx=0).handle_hello peer v2:172.21.15.90:3300/0 says I am v2:172.21.15.90:60886/0 (socket says 172.21.15.90:60886)
2024-04-25T11:25:55.904 INFO:teuthology.orchestra.run.smithi090.stdout:/usr/bin/ceph: stderr
2024-04-25T11:25:54.781+0000 7fa7b1217700 1 -- 172.21.15.90:0/2813385564 learned_addr learned my addr 172.21.15.90:0/2813385564 (peer_addr_for_me v2:172.21.15.90:0/0)
2024-04-25T11:25:55.904 INFO:teuthology.orchestra.run.smithi090.stdout:/usr/bin/ceph: stderr
2024-04-25T11:25:54.782+0000 7fa7b1217700 1 -- 172.21.15.90:0/2813385564 --> [v2:172.21.15.90:3300/0,v1:172.21.15.90:6789/0] -- mon_subscribe({config=0+,monmap=0+}) -- 0x7fa7ac109be0 con 0x7fa7ac108ab0
2024-04-25T11:25:55.904 INFO:teuthology.orchestra.run.smithi090.stdout:/usr/bin/ceph: stderr
2024-04-25T11:25:54.782+0000 7fa7b1217700 1 --2- 172.21.15.90:0/2813385564 >> [v2:172.21.15.90:3300/0,v1:172.21.15.90:6789/0] conn(0x7fa7ac108ab0 0x7fa7ac108ec0 secure :-1 s=READY pgs=41 cs=0 l=1 rev1=1 crypto rx=0x7fa7a80098a0 tx=0x7fa7a8009bb0 comp rx=0 tx=0).ready entity=mon.0 client_cookie=6e8c5bec479e5181 server_cookie=0 in_seq=0 out_seq=0
2024-04-25T11:25:55.904 INFO:teuthology.orchestra.run.smithi090.stdout:/usr/bin/ceph: stderr
2024-04-25T11:25:54.782+0000 7fa7a3fff700 1 -- 172.21.15.90:0/2813385564 <== mon.0 v2:172.21.15.90:3300/0 1 ==== mon_map magic: 0 ==== 205+0+0 (secure 0 0 0) 0x7fa7a8004160 con 0x7fa7ac108ab0
2024-04-25T11:25:55.904 INFO:teuthology.orchestra.run.smithi090.stdout:/usr/bin/ceph: stderr
