2024-04-25T11:25:37.362+0000 7f77baffd700 1 -- 172.21.15.90:0/2002903666 <== mon.0 v2:172.21.15.90:3300/0 6 ==== mon_command_ack([{"prefix": "get_command_descriptions"}]=0 v0) ==== 72+0+73265 (secure 0 0 0) 0x7f77b4029df0 con 0x7f77c410b170
2024-04-25T11:25:38.077 INFO:teuthology.orchestra.run.smithi090.stdout:/usr/bin/ceph: stderr
2024-04-25T11:25:37.431+0000 7f77cba75700 1 -- 172.21.15.90:0/2002903666 --> [v2:172.21.15.90:3300/0,v1:172.21.15.90:6789/0] -- mon_command({"prefix": "status", "format": "json-pretty"} v 0) -- 0x7f77c41a19e0 con 0x7f77c410b170
2024-04-25T11:25:38.077 INFO:teuthology.orchestra.run.smithi090.stdout:/usr/bin/ceph: stderr
2024-04-25T11:25:37.432+0000 7f77baffd700 1 -- 172.21.15.90:0/2002903666 <== mon.0 v2:172.21.15.90:3300/0 7 ==== mon_command_ack([{"prefix": "status", "format": "json-pretty"}]=0 v0) ==== 79+0+1239 (secure 0 0 0) 0x7f77b4021d20 con 0x7f77c410b170
2024-04-25T11:25:38.077 INFO:teuthology.orchestra.run.smithi090.stdout:/usr/bin/ceph: stderr
2024-04-25T11:25:37.433+0000 7f77cba75700 1 -- 172.21.15.90:0/2002903666 >> [v2:172.21.15.90:3300/0,v1:172.21.15.90:6789/0] conn(0x7f77c410b170 msgr2=0x7f77c419e010 secure :-1 s=STATE_CONNECTION_ESTABLISHED l=1).mark_down
2024-04-25T11:25:38.077 INFO:teuthology.orchestra.run.smithi090.stdout:/usr/bin/ceph: stderr
2024-04-25T11:25:37.433+0000 7f77cba75700 1 --2- 172.21.15.90:0/2002903666 >> [v2:172.21.15.90:3300/0,v1:172.21.15.90:6789/0] conn(0x7f77c410b170 0x7f77c419e010 secure :-1 s=READY pgs=17 cs=0 l=1 rev1=1 crypto rx=0x7f77b4009fb0 tx=0x7f77b4011890 comp rx=0 tx=0).stop
2024-04-25T11:25:38.077 INFO:teuthology.orchestra.run.smithi090.stdout:/usr/bin/ceph: stderr
2024-04-25T11:25:37.433+0000 7f77cba75700 1 -- 172.21.15.90:0/2002903666 shutdown_connections
2024-04-25T11:25:38.077 INFO:teuthology.orchestra.run.smithi090.stdout:/usr/bin/ceph: stderr
2024-04-25T11:25:37.433+0000 7f77cba75700 1 --2- 172.21.15.90:0/2002903666 >> [v2:172.21.15.90:3300/0,v1:172.21.15.90:6789/0] conn(0x7f77c410b170 0x7f77c419e010 unknown :-1 s=CLOSED pgs=17 cs=0 l=1 rev1=1 crypto rx=0 tx=0 comp rx=0 tx=0).stop
2024-04-25T11:25:38.077 INFO:teuthology.orchestra.run.smithi090.stdout:/usr/bin/ceph: stderr
2024-04-25T11:25:37.433+0000 7f77cba75700 1 -- 172.21.15.90:0/2002903666 >> 172.21.15.90:0/2002903666 conn(0x7f77c41038d0 msgr2=0x7f77c41042a0 unknown :-1 s=STATE_NONE l=0).mark_down
2024-04-25T11:25:38.077 INFO:teuthology.orchestra.run.smithi090.stdout:/usr/bin/ceph: stderr
2024-04-25T11:25:37.433+0000 7f77cba75700 1 -- 172.21.15.90:0/2002903666 shutdown_connections
2024-04-25T11:25:38.077 INFO:teuthology.orchestra.run.smithi090.stdout:/usr/bin/ceph: stderr
2024-04-25T11:25:37.433+0000 7f77cba75700 1 -- 172.21.15.90:0/2002903666 wait complete.
2024-04-25T11:25:38.077 INFO:teuthology.orchestra.run.smithi090.stdout:mgr not available, waiting (3/15)...
2024-04-25T11:25:38.729 INFO:journalctl@ceph.mon.a.smithi090.stdout:Apr 25 11:25:38 smithi090 ceph-mon[29575]: from='client.? 172.21.15.90:0/2002903666' entity='client.admin' cmd=[{"prefix": "status", "format": "json-pretty"}]: dispatch
2024-04-25T11:25:38.730 INFO:journalctl@ceph.mon.a.smithi090.stdout:Apr 25 11:25:38 smithi090 ceph-mon[29575]: mgrmap e3: x(active, since 1.00788s)
2024-04-25T11:25:40.479 INFO:journalctl@ceph.mon.a.smithi090.stdout:Apr 25 11:25:40 smithi090 ceph-mon[29575]: mgrmap e4: x(active, since 2s)
2024-04-25T11:25:41.387 INFO:teuthology.orchestra.run.smithi090.stdout:/usr/bin/ceph: stdout
2024-04-25T11:25:41.387 INFO:teuthology.orchestra.run.smithi090.stdout:/usr/bin/ceph: stdout {
2024-04-25T11:25:41.387 INFO:teuthology.orchestra.run.smithi090.stdout:/usr/bin/ceph: stdout "fsid": "58bd4e7a-02f6-11ef-bc93-c7b262605968",
2024-04-25T11:25:41.387 INFO:teuthology.orchestra.run.smithi090.stdout:/usr/bin/ceph: stdout "health": {
2024-04-25T11:25:41.387 INFO:teuthology.orchestra.run.smithi090.stdout:/usr/bin/ceph: stdout "status": "HEALTH_OK",
2024-04-25T11:25:41.387 INFO:teuthology.orchestra.run.smithi090.stdout:/usr/bin/ceph: stdout "checks": {},
2024-04-25T11:25:41.387 INFO:teuthology.orchestra.run.smithi090.stdout:/usr/bin/ceph: stdout "mutes": []
2024-04-25T11:25:41.388 INFO:teuthology.orchestra.run.smithi090.stdout:/usr/bin/ceph: stdout },
2024-04-25T11:25:41.388 INFO:teuthology.orchestra.run.smithi090.stdout:/usr/bin/ceph: stdout "election_epoch": 5,
2024-04-25T11:25:41.388 INFO:teuthology.orchestra.run.smithi090.stdout:/usr/bin/ceph: stdout "quorum": [
2024-04-25T11:25:41.388 INFO:teuthology.orchestra.run.smithi090.stdout:/usr/bin/ceph: stdout 0
2024-04-25T11:25:41.388 INFO:teuthology.orchestra.run.smithi090.stdout:/usr/bin/ceph: stdout ],
2024-04-25T11:25:41.388 INFO:teuthology.orchestra.run.smithi090.stdout:/usr/bin/ceph: stdout "quorum_names": [
2024-04-25T11:25:41.388 INFO:teuthology.orchestra.run.smithi090.stdout:/usr/bin/ceph: stdout "a"
2024-04-25T11:25:41.388 INFO:teuthology.orchestra.run.smithi090.stdout:/usr/bin/ceph: stdout ],
2024-04-25T11:25:41.388 INFO:teuthology.orchestra.run.smithi090.stdout:/usr/bin/ceph: stdout "quorum_age": 12,
2024-04-25T11:25:41.388 INFO:teuthology.orchestra.run.smithi090.stdout:/usr/bin/ceph: stdout "monmap": {
2024-04-25T11:25:41.388 INFO:teuthology.orchestra.run.smithi090.stdout:/usr/bin/ceph: stdout "epoch": 1,
2024-04-25T11:25:41.388 INFO:teuthology.orchestra.run.smithi090.stdout:/usr/bin/ceph: stdout "min_mon_release_name": "squid",
2024-04-25T11:25:41.388 INFO:teuthology.orchestra.run.smithi090.stdout:/usr/bin/ceph: stdout "num_mons": 1
2024-04-25T11:25:41.388 INFO:teuthology.orchestra.run.smithi090.stdout:/usr/bin/ceph: stdout },
2024-04-25T11:25:41.388 INFO:teuthology.orchestra.run.smithi090.stdout:/usr/bin/ceph: stdout "osdmap": {
2024-04-25T11:25:41.389 INFO:teuthology.orchestra.run.smithi090.stdout:/usr/bin/ceph: stdout "epoch": 1,
2024-04-25T11:25:41.389 INFO:teuthology.orchestra.run.smithi090.stdout:/usr/bin/ceph: stdout "num_osds": 0,
2024-04-25T11:25:41.389 INFO:teuthology.orchestra.run.smithi090.stdout:/usr/bin/ceph: stdout "num_up_osds": 0,
2024-04-25T11:25:41.389 INFO:teuthology.orchestra.run.smithi090.stdout:/usr/bin/ceph: stdout "osd_up_since": 0,
2024-04-25T11:25:41.397 INFO:teuthology.orchestra.run.smithi090.stdout:/usr/bin/ceph: stdout "num_in_osds": 0,
2024-04-25T11:25:41.398 INFO:teuthology.orchestra.run.smithi090.stdout:/usr/bin/ceph: stdout "osd_in_since": 0,
2024-04-25T11:25:41.398 INFO:teuthology.orchestra.run.smithi090.stdout:/usr/bin/ceph: stdout "num_remapped_pgs": 0
2024-04-25T11:25:41.398 INFO:teuthology.orchestra.run.smithi090.stdout:/usr/bin/ceph: stdout },
2024-04-25T11:25:41.398 INFO:teuthology.orchestra.run.smithi090.stdout:/usr/bin/ceph: stdout "pgmap": {
2024-04-25T11:25:41.398 INFO:teuthology.orchestra.run.smithi090.stdout:/usr/bin/ceph: stdout "pgs_by_state": [],
2024-04-25T11:25:41.398 INFO:teuthology.orchestra.run.smithi090.stdout:/usr/bin/ceph: stdout "num_pgs": 0,
2024-04-25T11:25:41.398 INFO:teuthology.orchestra.run.smithi090.stdout:/usr/bin/ceph: stdout "num_pools": 0,
2024-04-25T11:25:41.398 INFO:teuthology.orchestra.run.smithi090.stdout:/usr/bin/ceph: stdout "num_objects": 0,
2024-04-25T11:25:41.398 INFO:teuthology.orchestra.run.smithi090.stdout:/usr/bin/ceph: stdout "data_bytes": 0,
2024-04-25T11:25:41.398 INFO:teuthology.orchestra.run.smithi090.stdout:/usr/bin/ceph: stdout "bytes_used": 0,
2024-04-25T11:25:41.398 INFO:teuthology.orchestra.run.smithi090.stdout:/usr/bin/ceph: stdout "bytes_avail": 0,
2024-04-25T11:25:41.398 INFO:teuthology.orchestra.run.smithi090.stdout:/usr/bin/ceph: stdout "bytes_total": 0
2024-04-25T11:25:41.398 INFO:teuthology.orchestra.run.smithi090.stdout:/usr/bin/ceph: stdout },
2024-04-25T11:25:41.399 INFO:teuthology.orchestra.run.smithi090.stdout:/usr/bin/ceph: stdout "fsmap": {
2024-04-25T11:25:41.399 INFO:teuthology.orchestra.run.smithi090.stdout:/usr/bin/ceph: stdout "epoch": 1,
2024-04-25T11:25:41.399 INFO:teuthology.orchestra.run.smithi090.stdout:/usr/bin/ceph: stdout "by_rank": [],
2024-04-25T11:25:41.399 INFO:teuthology.orchestra.run.smithi090.stdout:/usr/bin/ceph: stdout "up:standby": 0
2024-04-25T11:25:41.399 INFO:teuthology.orchestra.run.smithi090.stdout:/usr/bin/ceph: stdout },
2024-04-25T11:25:41.399 INFO:teuthology.orchestra.run.smithi090.stdout:/usr/bin/ceph: stdout "mgrmap": {
2024-04-25T11:25:41.399 INFO:teuthology.orchestra.run.smithi090.stdout:/usr/bin/ceph: stdout "available": true,
2024-04-25T11:25:41.399 INFO:teuthology.orchestra.run.smithi090.stdout:/usr/bin/ceph: stdout "num_standbys": 0,
2024-04-25T11:25:41.399 INFO:teuthology.orchestra.run.smithi090.stdout:/usr/bin/ceph: stdout "modules": [
2024-04-25T11:25:41.399 INFO:teuthology.orchestra.run.smithi090.stdout:/usr/bin/ceph: stdout "iostat",
2024-04-25T11:25:41.399 INFO:teuthology.orchestra.run.smithi090.stdout:/usr/bin/ceph: stdout "nfs",
2024-04-25T11:25:41.399 INFO:teuthology.orchestra.run.smithi090.stdout:/usr/bin/ceph: stdout "restful"
2024-04-25T11:25:41.399 INFO:teuthology.orchestra.run.smithi090.stdout:/usr/bin/ceph: stdout ],
2024-04-25T11:25:41.400 INFO:teuthology.orchestra.run.smithi090.stdout:/usr/bin/ceph: stdout "services": {}
2024-04-25T11:25:41.400 INFO:teuthology.orchestra.run.smithi090.stdout:/usr/bin/ceph: stdout },
2024-04-25T11:25:41.400 INFO:teuthology.orchestra.run.smithi090.stdout:/usr/bin/ceph: stdout "servicemap": {
2024-04-25T11:25:41.400 INFO:teuthology.orchestra.run.smithi090.stdout:/usr/bin/ceph: stdout "epoch": 1,
2024-04-25T11:25:41.400 INFO:teuthology.orchestra.run.smithi090.stdout:/usr/bin/ceph: stdout "modified": "2024-04-25T11:25:23.575127+0000",
2024-04-25T11:25:41.401 INFO:teuthology.orchestra.run.smithi090.stdout:/usr/bin/ceph: stdout "services": {}
2024-04-25T11:25:41.401 INFO:teuthology.orchestra.run.smithi090.stdout:/usr/bin/ceph: stdout },
2024-04-25T11:25:41.401 INFO:teuthology.orchestra.run.smithi090.stdout:/usr/bin/ceph: stdout "progress_events": {}
2024-04-25T11:25:41.401 INFO:teuthology.orchestra.run.smithi090.stdout:/usr/bin/ceph: stdout }
2024-04-25T11:25:41.401 INFO:teuthology.orchestra.run.smithi090.stdout:/usr/bin/ceph: stderr
2024-04-25T11:25:40.533+0000 7f833593d700 1 Processor -- start
2024-04-25T11:25:41.401 INFO:teuthology.orchestra.run.smithi090.stdout:/usr/bin/ceph: stderr
2024-04-25T11:25:40.533+0000 7f833593d700 1 -- start start
2024-04-25T11:25:41.401 INFO:teuthology.orchestra.run.smithi090.stdout:/usr/bin/ceph: stderr
2024-04-25T11:25:40.533+0000 7f833593d700 1 --2- >> [v2:172.21.15.90:3300/0,v1:172.21.15.90:6789/0] conn(0x7f8330109be0 0x7f8330109ff0 unknown :-1 s=NONE pgs=0 cs=0 l=0 rev1=0 crypto rx=0 tx=0 comp rx=0 tx=0).connect
2024-04-25T11:25:41.401 INFO:teuthology.orchestra.run.smithi090.stdout:/usr/bin/ceph: stderr
2024-04-25T11:25:40.533+0000 7f833593d700 1 -- --> [v2:172.21.15.90:3300/0,v1:172.21.15.90:6789/0] -- mon_getmap magic: 0 -- 0x7f833010a5e0 con 0x7f8330109be0
2024-04-25T11:25:41.401 INFO:teuthology.orchestra.run.smithi090.stdout:/usr/bin/ceph: stderr
2024-04-25T11:25:40.533+0000 7f832effd700 1 --2- >> [v2:172.21.15.90:3300/0,v1:172.21.15.90:6789/0] conn(0x7f8330109be0 0x7f8330109ff0 unknown :-1 s=BANNER_CONNECTING pgs=0 cs=0 l=0 rev1=0 crypto rx=0 tx=0 comp rx=0 tx=0)._handle_peer_banner_payload supported=3 required=0
2024-04-25T11:25:41.401 INFO:teuthology.orchestra.run.smithi090.stdout:/usr/bin/ceph: stderr
2024-04-25T11:25:40.533+0000 7f832effd700 1 --2- >> [v2:172.21.15.90:3300/0,v1:172.21.15.90:6789/0] conn(0x7f8330109be0 0x7f8330109ff0 unknown :-1 s=HELLO_CONNECTING pgs=0 cs=0 l=0 rev1=1 crypto rx=0 tx=0 comp rx=0 tx=0).handle_hello peer v2:172.21.15.90:3300/0 says I am v2:172.21.15.90:39340/0 (socket says 172.21.15.90:39340)
2024-04-25T11:25:41.401 INFO:teuthology.orchestra.run.smithi090.stdout:/usr/bin/ceph: stderr
2024-04-25T11:25:40.533+0000 7f832effd700 1 -- 172.21.15.90:0/3436528421 learned_addr learned my addr 172.21.15.90:0/3436528421 (peer_addr_for_me v2:172.21.15.90:0/0)
2024-04-25T11:25:41.402 INFO:teuthology.orchestra.run.smithi090.stdout:/usr/bin/ceph: stderr
2024-04-25T11:25:40.533+0000 7f832effd700 1 -- 172.21.15.90:0/3436528421 --> [v2:172.21.15.90:3300/0,v1:172.21.15.90:6789/0] -- mon_subscribe({config=0+,monmap=0+}) -- 0x7f833010ad10 con 0x7f8330109be0
2024-04-25T11:25:41.402 INFO:teuthology.orchestra.run.smithi090.stdout:/usr/bin/ceph: stderr
2024-04-25T11:25:40.534+0000 7f832effd700 1 --2- 172.21.15.90:0/3436528421 >> [v2:172.21.15.90:3300/0,v1:172.21.15.90:6789/0] conn(0x7f8330109be0 0x7f8330109ff0 secure :-1 s=READY pgs=18 cs=0 l=1 rev1=1 crypto rx=0x7f83200098a0 tx=0x7f8320009bb0 comp rx=0 tx=0).ready entity=mon.0 client_cookie=9c17b93bc2a7ab00 server_cookie=0 in_seq=0 out_seq=0
2024-04-25T11:25:41.402 INFO:teuthology.orchestra.run.smithi090.stdout:/usr/bin/ceph: stderr
2024-04-25T11:25:40.534+0000 7f832dffb700 1 -- 172.21.15.90:0/3436528421 <== mon.0 v2:172.21.15.90:3300/0 1 ==== mon_map magic: 0 ==== 205+0+0 (secure 0 0 0) 0x7f8320004160 con 0x7f8330109be0
2024-04-25T11:25:41.402 INFO:teuthology.orchestra.run.smithi090.stdout:/usr/bin/ceph: stderr
2024-04-25T11:25:40.534+0000 7f832dffb700 1 -- 172.21.15.90:0/3436528421 <== mon.0 v2:172.21.15.90:3300/0 2 ==== config(26 keys) ==== 1070+0+0 (secure 0 0 0) 0x7f8320004300 con 0x7f8330109be0
2024-04-25T11:25:41.402 INFO:teuthology.orchestra.run.smithi090.stdout:/usr/bin/ceph: stderr
2024-04-25T11:25:40.534+0000 7f832dffb700 1 -- 172.21.15.90:0/3436528421 <== mon.0 v2:172.21.15.90:3300/0 3 ==== mon_map magic: 0 ==== 205+0+0 (secure 0 0 0) 0x7f8320011af0 con 0x7f8330109be0
2024-04-25T11:25:41.402 INFO:teuthology.orchestra.run.smithi090.stdout:/usr/bin/ceph: stderr
2024-04-25T11:25:40.534+0000 7f833593d700 1 -- 172.21.15.90:0/3436528421 >> [v2:172.21.15.90:3300/0,v1:172.21.15.90:6789/0] conn(0x7f8330109be0 msgr2=0x7f8330109ff0 secure :-1 s=STATE_CONNECTION_ESTABLISHED l=1).mark_down
2024-04-25T11:25:41.402 INFO:teuthology.orchestra.run.smithi090.stdout:/usr/bin/ceph: stderr
2024-04-25T11:25:40.534+0000 7f833593d700 1 --2- 172.21.15.90:0/3436528421 >> [v2:172.21.15.90:3300/0,v1:172.21.15.90:6789/0] conn(0x7f8330109be0 0x7f8330109ff0 secure :-1 s=READY pgs=18 cs=0 l=1 rev1=1 crypto rx=0x7f83200098a0 tx=0x7f8320009bb0 comp rx=0 tx=0).stop
2024-04-25T11:25:41.402 INFO:teuthology.orchestra.run.smithi090.stdout:/usr/bin/ceph: stderr
2024-04-25T11:25:40.535+0000 7f833593d700 1 -- 172.21.15.90:0/3436528421 shutdown_connections
2024-04-25T11:25:41.402 INFO:teuthology.orchestra.run.smithi090.stdout:/usr/bin/ceph: stderr
2024-04-25T11:25:40.535+0000 7f833593d700 1 --2- 172.21.15.90:0/3436528421 >> [v2:172.21.15.90:3300/0,v1:172.21.15.90:6789/0] conn(0x7f8330109be0 0x7f8330109ff0 unknown :-1 s=CLOSED pgs=18 cs=0 l=1 rev1=1 crypto rx=0 tx=0 comp rx=0 tx=0).stop
2024-04-25T11:25:41.402 INFO:teuthology.orchestra.run.smithi090.stdout:/usr/bin/ceph: stderr
2024-04-25T11:25:40.535+0000 7f833593d700 1 -- 172.21.15.90:0/3436528421 >> 172.21.15.90:0/3436528421 conn(0x7f8330105220 msgr2=0x7f83301076d0 unknown :-1 s=STATE_NONE l=0).mark_down
2024-04-25T11:25:41.402 INFO:teuthology.orchestra.run.smithi090.stdout:/usr/bin/ceph: stderr
2024-04-25T11:25:40.535+0000 7f833593d700 1 -- 172.21.15.90:0/3436528421 shutdown_connections
2024-04-25T11:25:41.402 INFO:teuthology.orchestra.run.smithi090.stdout:/usr/bin/ceph: stderr
2024-04-25T11:25:40.535+0000 7f833593d700 1 -- 172.21.15.90:0/3436528421 wait complete.
2024-04-25T11:25:41.403 INFO:teuthology.orchestra.run.smithi090.stdout:/usr/bin/ceph: stderr
2024-04-25T11:25:40.535+0000 7f833593d700 1 Processor -- start
2024-04-25T11:25:41.403 INFO:teuthology.orchestra.run.smithi090.stdout:/usr/bin/ceph: stderr
2024-04-25T11:25:40.535+0000 7f833593d700 1 -- start start
2024-04-25T11:25:41.403 INFO:teuthology.orchestra.run.smithi090.stdout:/usr/bin/ceph: stderr
2024-04-25T11:25:40.536+0000 7f833593d700 1 --2- >> [v2:172.21.15.90:3300/0,v1:172.21.15.90:6789/0] conn(0x7f8330109be0 0x7f833019e000 unknown :-1 s=NONE pgs=0 cs=0 l=1 rev1=0 crypto rx=0 tx=0 comp rx=0 tx=0).connect
2024-04-25T11:25:41.403 INFO:teuthology.orchestra.run.smithi090.stdout:/usr/bin/ceph: stderr
2024-04-25T11:25:40.536+0000 7f833593d700 1 -- --> [v2:172.21.15.90:3300/0,v1:172.21.15.90:6789/0] -- mon_getmap magic: 0 -- 0x7f833010e0c0 con 0x7f8330109be0
2024-04-25T11:25:41.403 INFO:teuthology.orchestra.run.smithi090.stdout:/usr/bin/ceph: stderr
2024-04-25T11:25:40.536+0000 7f832effd700 1 --2- >> [v2:172.21.15.90:3300/0,v1:172.21.15.90:6789/0] conn(0x7f8330109be0 0x7f833019e000 unknown :-1 s=BANNER_CONNECTING pgs=0 cs=0 l=1 rev1=0 crypto rx=0 tx=0 comp rx=0 tx=0)._handle_peer_banner_payload supported=3 required=0
2024-04-25T11:25:41.403 INFO:teuthology.orchestra.run.smithi090.stdout:/usr/bin/ceph: stderr
2024-04-25T11:25:40.536+0000 7f832effd700 1 --2- >> [v2:172.21.15.90:3300/0,v1:172.21.15.90:6789/0] conn(0x7f8330109be0 0x7f833019e000 unknown :-1 s=HELLO_CONNECTING pgs=0 cs=0 l=1 rev1=1 crypto rx=0 tx=0 comp rx=0 tx=0).handle_hello peer v2:172.21.15.90:3300/0 says I am v2:172.21.15.90:39342/0 (socket says 172.21.15.90:39342)
2024-04-25T11:25:41.403 INFO:teuthology.orchestra.run.smithi090.stdout:/usr/bin/ceph: stderr
2024-04-25T11:25:40.536+0000 7f832effd700 1 -- 172.21.15.90:0/1631384277 learned_addr learned my addr 172.21.15.90:0/1631384277 (peer_addr_for_me v2:172.21.15.90:0/0)
2024-04-25T11:25:41.403 INFO:teuthology.orchestra.run.smithi090.stdout:/usr/bin/ceph: stderr
2024-04-25T11:25:40.536+0000 7f832effd700 1 -- 172.21.15.90:0/1631384277 --> [v2:172.21.15.90:3300/0,v1:172.21.15.90:6789/0] -- mon_subscribe({config=0+,monmap=0+}) -- 0x7f833019e540 con 0x7f8330109be0
2024-04-25T11:25:41.403 INFO:teuthology.orchestra.run.smithi090.stdout:/usr/bin/ceph: stderr
2024-04-25T11:25:40.536+0000 7f832effd700 1 --2- 172.21.15.90:0/1631384277 >> [v2:172.21.15.90:3300/0,v1:172.21.15.90:6789/0] conn(0x7f8330109be0 0x7f833019e000 secure :-1 s=READY pgs=19 cs=0 l=1 rev1=1 crypto rx=0x7f83200090e0 tx=0x7f8320011940 comp rx=0 tx=0).ready entity=mon.0 client_cookie=0 server_cookie=0 in_seq=0 out_seq=0
2024-04-25T11:25:41.403 INFO:teuthology.orchestra.run.smithi090.stdout:/usr/bin/ceph: stderr
2024-04-25T11:25:40.536+0000 7f833493b700 1 -- 172.21.15.90:0/1631384277 <== mon.0 v2:172.21.15.90:3300/0 1 ==== mon_map magic: 0 ==== 205+0+0 (secure 0 0 0) 0x7f83200039e0 con 0x7f8330109be0
2024-04-25T11:25:41.403 INFO:teuthology.orchestra.run.smithi090.stdout:/usr/bin/ceph: stderr
2024-04-25T11:25:40.536+0000 7f833593d700 1 -- 172.21.15.90:0/1631384277 --> [v2:172.21.15.90:3300/0,v1:172.21.15.90:6789/0] -- mon_subscribe({mgrmap=0+}) -- 0x7f833019e7d0 con 0x7f8330109be0
2024-04-25T11:25:41.403 INFO:teuthology.orchestra.run.smithi090.stdout:/usr/bin/ceph: stderr
2024-04-25T11:25:40.536+0000 7f833493b700 1 -- 172.21.15.90:0/1631384277 <== mon.0 v2:172.21.15.90:3300/0 2 ==== config(26 keys) ==== 1070+0+0 (secure 0 0 0) 0x7f8320003b80 con 0x7f8330109be0
2024-04-25T11:25:41.403 INFO:teuthology.orchestra.run.smithi090.stdout:/usr/bin/ceph: stderr
2024-04-25T11:25:40.536+0000 7f833493b700 1 -- 172.21.15.90:0/1631384277 <== mon.0 v2:172.21.15.90:3300/0 3 ==== mon_map magic: 0 ==== 205+0+0 (secure 0 0 0) 0x7f8320024690 con 0x7f8330109be0
2024-04-25T11:25:41.403 INFO:teuthology.orchestra.run.smithi090.stdout:/usr/bin/ceph: stderr
2024-04-25T11:25:40.536+0000 7f833593d700 1 -- 172.21.15.90:0/1631384277 --> [v2:172.21.15.90:3300/0,v1:172.21.15.90:6789/0] -- mon_subscribe({osdmap=0}) -- 0x7f83301a13e0 con 0x7f8330109be0
2024-04-25T11:25:41.404 INFO:teuthology.orchestra.run.smithi090.stdout:/usr/bin/ceph: stderr
2024-04-25T11:25:40.537+0000 7f833493b700 1 -- 172.21.15.90:0/1631384277 <== mon.0 v2:172.21.15.90:3300/0 4 ==== mgrmap(e 4) ==== 49505+0+0 (secure 0 0 0) 0x7f8320022020 con 0x7f8330109be0
2024-04-25T11:25:41.404 INFO:teuthology.orchestra.run.smithi090.stdout:/usr/bin/ceph: stderr
2024-04-25T11:25:40.537+0000 7f833593d700 1 -- 172.21.15.90:0/1631384277 --> [v2:172.21.15.90:3300/0,v1:172.21.15.90:6789/0] -- mon_command({"prefix": "get_command_descriptions"} v 0) -- 0x7f8330064cf0 con 0x7f8330109be0
2024-04-25T11:25:41.404 INFO:teuthology.orchestra.run.smithi090.stdout:/usr/bin/ceph: stderr
2024-04-25T11:25:40.537+0000 7f833493b700 1 --2- 172.21.15.90:0/1631384277 >> [v2:172.21.15.90:6800/3122821311,v1:172.21.15.90:6801/3122821311] conn(0x7f831803d520 0x7f831803fa30 unknown :-1 s=NONE pgs=0 cs=0 l=1 rev1=0 crypto rx=0 tx=0 comp rx=0 tx=0).connect
2024-04-25T11:25:41.404 INFO:teuthology.orchestra.run.smithi090.stdout:/usr/bin/ceph: stderr
2024-04-25T11:25:40.537+0000 7f833493b700 1 -- 172.21.15.90:0/1631384277 <== mon.0 v2:172.21.15.90:3300/0 5 ==== osd_map(1..1 src has 1..1) ==== 725+0+0 (secure 0 0 0) 0x7f83200521f0 con 0x7f8330109be0
2024-04-25T11:25:41.404 INFO:teuthology.orchestra.run.smithi090.stdout:/usr/bin/ceph: stderr
2024-04-25T11:25:40.538+0000 7f832e7fc700 1 --2- 172.21.15.90:0/1631384277 >> [v2:172.21.15.90:6800/3122821311,v1:172.21.15.90:6801/3122821311] conn(0x7f831803d520 0x7f831803fa30 unknown :-1 s=BANNER_CONNECTING pgs=0 cs=0 l=1 rev1=0 crypto rx=0 tx=0 comp rx=0 tx=0)._handle_peer_banner_payload supported=3 required=0
2024-04-25T11:25:41.404 INFO:teuthology.orchestra.run.smithi090.stdout:/usr/bin/ceph: stderr
2024-04-25T11:25:40.538+0000 7f832e7fc700 1 --2- 172.21.15.90:0/1631384277 >> [v2:172.21.15.90:6800/3122821311,v1:172.21.15.90:6801/3122821311] conn(0x7f831803d520 0x7f831803fa30 secure :-1 s=READY pgs=6 cs=0 l=1 rev1=1 crypto rx=0x7f8324006fd0 tx=0x7f8324006e40 comp rx=0 tx=0).ready entity=mgr.14100 client_cookie=0 server_cookie=0 in_seq=0 out_seq=0
2024-04-25T11:25:41.404 INFO:teuthology.orchestra.run.smithi090.stdout:/usr/bin/ceph: stderr
2024-04-25T11:25:40.543+0000 7f833493b700 1 -- 172.21.15.90:0/1631384277 <== mon.0 v2:172.21.15.90:3300/0 6 ==== mon_command_ack([{"prefix": "get_command_descriptions"}]=0 v0) ==== 72+0+188370 (secure 0 0 0) 0x7f8320024a40 con 0x7f8330109be0
2024-04-25T11:25:41.404 INFO:teuthology.orchestra.run.smithi090.stdout:/usr/bin/ceph: stderr
2024-04-25T11:25:40.819+0000 7f833593d700 1 -- 172.21.15.90:0/1631384277 --> [v2:172.21.15.90:3300/0,v1:172.21.15.90:6789/0] -- mon_command({"prefix": "status", "format": "json-pretty"} v 0) -- 0x7f83301a1a60 con 0x7f8330109be0
2024-04-25T11:25:41.404 INFO:teuthology.orchestra.run.smithi090.stdout:/usr/bin/ceph: stderr
2024-04-25T11:25:40.820+0000 7f833493b700 1 -- 172.21.15.90:0/1631384277 <== mon.0 v2:172.21.15.90:3300/0 7 ==== mon_command_ack([{"prefix": "status", "format": "json-pretty"}]=0 v0) ==== 79+0+1239 (secure 0 0 0) 0x7f83200172b0 con 0x7f8330109be0
2024-04-25T11:25:41.404 INFO:teuthology.orchestra.run.smithi090.stdout:/usr/bin/ceph: stderr
2024-04-25T11:25:40.823+0000 7f833593d700 1 -- 172.21.15.90:0/1631384277 >> [v2:172.21.15.90:6800/3122821311,v1:172.21.15.90:6801/3122821311] conn(0x7f831803d520 msgr2=0x7f831803fa30 secure :-1 s=STATE_CONNECTION_ESTABLISHED l=1).mark_down
2024-04-25T11:25:41.404 INFO:teuthology.orchestra.run.smithi090.stdout:/usr/bin/ceph: stderr
2024-04-25T11:25:40.823+0000 7f833593d700 1 --2- 172.21.15.90:0/1631384277 >> [v2:172.21.15.90:6800/3122821311,v1:172.21.15.90:6801/3122821311] conn(0x7f831803d520 0x7f831803fa30 secure :-1 s=READY pgs=6 cs=0 l=1 rev1=1 crypto rx=0x7f8324006fd0 tx=0x7f8324006e40 comp rx=0 tx=0).stop
2024-04-25T11:25:41.404 INFO:teuthology.orchestra.run.smithi090.stdout:/usr/bin/ceph: stderr
2024-04-25T11:25:40.823+0000 7f833593d700 1 -- 172.21.15.90:0/1631384277 >> [v2:172.21.15.90:3300/0,v1:172.21.15.90:6789/0] conn(0x7f8330109be0 msgr2=0x7f833019e000 secure :-1 s=STATE_CONNECTION_ESTABLISHED l=1).mark_down
2024-04-25T11:25:41.404 INFO:teuthology.orchestra.run.smithi090.stdout:/usr/bin/ceph: stderr
2024-04-25T11:25:40.823+0000 7f833593d700 1 --2- 172.21.15.90:0/1631384277 >> [v2:172.21.15.90:3300/0,v1:172.21.15.90:6789/0] conn(0x7f8330109be0 0x7f833019e000 secure :-1 s=READY pgs=19 cs=0 l=1 rev1=1 crypto rx=0x7f83200090e0 tx=0x7f8320011940 comp rx=0 tx=0).stop
2024-04-25T11:25:41.404 INFO:teuthology.orchestra.run.smithi090.stdout:/usr/bin/ceph: stderr
2024-04-25T11:25:40.823+0000 7f833593d700 1 -- 172.21.15.90:0/1631384277 shutdown_connections
2024-04-25T11:25:41.405 INFO:teuthology.orchestra.run.smithi090.stdout:/usr/bin/ceph: stderr
2024-04-25T11:25:40.823+0000 7f833593d700 1 --2- 172.21.15.90:0/1631384277 >> [v2:172.21.15.90:6800/3122821311,v1:172.21.15.90:6801/3122821311] conn(0x7f831803d520 0x7f831803fa30 unknown :-1 s=CLOSED pgs=6 cs=0 l=1 rev1=1 crypto rx=0 tx=0 comp rx=0 tx=0).stop
2024-04-25T11:25:41.405 INFO:teuthology.orchestra.run.smithi090.stdout:/usr/bin/ceph: stderr
2024-04-25T11:25:40.823+0000 7f833593d700 1 --2- 172.21.15.90:0/1631384277 >> [v2:172.21.15.90:3300/0,v1:172.21.15.90:6789/0] conn(0x7f8330109be0 0x7f833019e000 unknown :-1 s=CLOSED pgs=19 cs=0 l=1 rev1=1 crypto rx=0 tx=0 comp rx=0 tx=0).stop
2024-04-25T11:25:41.405 INFO:teuthology.orchestra.run.smithi090.stdout:/usr/bin/ceph: stderr
2024-04-25T11:25:40.823+0000 7f833593d700 1 -- 172.21.15.90:0/1631384277 >> 172.21.15.90:0/1631384277 conn(0x7f8330105220 msgr2=0x7f8330105b50 unknown :-1 s=STATE_NONE l=0).mark_down
2024-04-25T11:25:41.405 INFO:teuthology.orchestra.run.smithi090.stdout:/usr/bin/ceph: stderr
2024-04-25T11:25:40.823+0000 7f833593d700 1 -- 172.21.15.90:0/1631384277 shutdown_connections
2024-04-25T11:25:41.405 INFO:teuthology.orchestra.run.smithi090.stdout:/usr/bin/ceph: stderr
2024-04-25T11:25:40.823+0000 7f833593d700 1 -- 172.21.15.90:0/1631384277 wait complete.
2024-04-25T11:25:41.405 INFO:teuthology.orchestra.run.smithi090.stdout:mgr is available
2024-04-25T11:25:41.479 INFO:journalctl@ceph.mon.a.smithi090.stdout:Apr 25 11:25:41 smithi090 ceph-mon[29575]: from='client.? 172.21.15.90:0/1631384277' entity='client.admin' cmd=[{"prefix": "status", "format": "json-pretty"}]: dispatch
2024-04-25T11:25:42.649 INFO:journalctl@ceph.mon.a.smithi090.stdout:Apr 25 11:25:42 smithi090 ceph-mon[29575]: from='client.? 172.21.15.90:0/2075692679' entity='client.admin' cmd=[{"prefix": "config assimilate-conf"}]: dispatch
2024-04-25T11:25:42.659 INFO:teuthology.orchestra.run.smithi090.stdout:/usr/bin/ceph: stdout
2024-04-25T11:25:42.659 INFO:teuthology.orchestra.run.smithi090.stdout:/usr/bin/ceph: stdout [global]
2024-04-25T11:25:42.659 INFO:teuthology.orchestra.run.smithi090.stdout:/usr/bin/ceph: stdout fsid = 58bd4e7a-02f6-11ef-bc93-c7b262605968
2024-04-25T11:25:42.659 INFO:teuthology.orchestra.run.smithi090.stdout:/usr/bin/ceph: stdout mon_cluster_log_file_level = debug
2024-04-25T11:25:42.659 INFO:teuthology.orchestra.run.smithi090.stdout:/usr/bin/ceph: stdout mon_osd_allow_pg_remap = true
2024-04-25T11:25:42.660 INFO:teuthology.orchestra.run.smithi090.stdout:/usr/bin/ceph: stdout mon_osd_allow_primary_affinity = true
2024-04-25T11:25:42.660 INFO:teuthology.orchestra.run.smithi090.stdout:/usr/bin/ceph: stdout mon_warn_on_no_sortbitwise = false
2024-04-25T11:25:42.660 INFO:teuthology.orchestra.run.smithi090.stdout:/usr/bin/ceph: stdout osd_crush_chooseleaf_type = 0
2024-04-25T11:25:42.660 INFO:teuthology.orchestra.run.smithi090.stdout:/usr/bin/ceph: stdout
2024-04-25T11:25:42.660 INFO:teuthology.orchestra.run.smithi090.stdout:/usr/bin/ceph: stdout [mgr]
2024-04-25T11:25:42.660 INFO:teuthology.orchestra.run.smithi090.stdout:/usr/bin/ceph: stdout mgr/telemetry/nag = false
2024-04-25T11:25:42.660 INFO:teuthology.orchestra.run.smithi090.stdout:/usr/bin/ceph: stdout
2024-04-25T11:25:42.660 INFO:teuthology.orchestra.run.smithi090.stdout:/usr/bin/ceph: stdout [osd]
2024-04-25T11:25:42.660 INFO:teuthology.orchestra.run.smithi090.stdout:/usr/bin/ceph: stdout bdev_async_discard = True
2024-04-25T11:25:42.660 INFO:teuthology.orchestra.run.smithi090.stdout:/usr/bin/ceph: stdout mon_osd_backfillfull_ratio = 0.85
2024-04-25T11:25:42.660 INFO:teuthology.orchestra.run.smithi090.stdout:/usr/bin/ceph: stdout mon_osd_full_ratio = 0.9
2024-04-25T11:25:42.660 INFO:teuthology.orchestra.run.smithi090.stdout:/usr/bin/ceph: stdout mon_osd_nearfull_ratio = 0.8
2024-04-25T11:25:42.660 INFO:teuthology.orchestra.run.smithi090.stdout:/usr/bin/ceph: stdout osd_map_max_advance = 10
2024-04-25T11:25:42.660 INFO:teuthology.orchestra.run.smithi090.stdout:/usr/bin/ceph: stdout osd_sloppy_crc = true
2024-04-25T11:25:42.661 INFO:teuthology.orchestra.run.smithi090.stdout:/usr/bin/ceph: stderr
2024-04-25T11:25:41.824+0000 7f1b1f275700 1 Processor -- start
2024-04-25T11:25:42.661 INFO:teuthology.orchestra.run.smithi090.stdout:/usr/bin/ceph: stderr
2024-04-25T11:25:41.824+0000 7f1b1f275700 1 -- start start
2024-04-25T11:25:42.661 INFO:teuthology.orchestra.run.smithi090.stdout:/usr/bin/ceph: stderr
2024-04-25T11:25:41.824+0000 7f1b1f275700 1 --2- >> [v2:172.21.15.90:3300/0,v1:172.21.15.90:6789/0] conn(0x7f1b18109bb0 0x7f1b18109fc0 unknown :-1 s=NONE pgs=0 cs=0 l=0 rev1=0 crypto rx=0 tx=0 comp rx=0 tx=0).connect
2024-04-25T11:25:42.661 INFO:teuthology.orchestra.run.smithi090.stdout:/usr/bin/ceph: stderr
2024-04-25T11:25:41.824+0000 7f1b1f275700 1 -- --> [v2:172.21.15.90:3300/0,v1:172.21.15.90:6789/0] -- mon_getmap magic: 0 -- 0x7f1b1810a5b0 con 0x7f1b18109bb0
2024-04-25T11:25:42.661 INFO:teuthology.orchestra.run.smithi090.stdout:/usr/bin/ceph: stderr
2024-04-25T11:25:41.824+0000 7f1b1d011700 1 --2- >> [v2:172.21.15.90:3300/0,v1:172.21.15.90:6789/0] conn(0x7f1b18109bb0 0x7f1b18109fc0 unknown :-1 s=BANNER_CONNECTING pgs=0 cs=0 l=0 rev1=0 crypto rx=0 tx=0 comp rx=0 tx=0)._handle_peer_banner_payload supported=3 required=0
2024-04-25T11:25:42.661 INFO:teuthology.orchestra.run.smithi090.stdout:/usr/bin/ceph: stderr
2024-04-25T11:25:41.824+0000 7f1b1d011700 1 --2- >> [v2:172.21.15.90:3300/0,v1:172.21.15.90:6789/0] conn(0x7f1b18109bb0 0x7f1b18109fc0 unknown :-1 s=HELLO_CONNECTING pgs=0 cs=0 l=0 rev1=1 crypto rx=0 tx=0 comp rx=0 tx=0).handle_hello peer v2:172.21.15.90:3300/0 says I am v2:172.21.15.90:59476/0 (socket says 172.21.15.90:59476)
2024-04-25T11:25:42.661 INFO:teuthology.orchestra.run.smithi090.stdout:/usr/bin/ceph: stderr
2024-04-25T11:25:41.824+0000 7f1b1d011700 1 -- 172.21.15.90:0/1712249876 learned_addr learned my addr 172.21.15.90:0/1712249876 (peer_addr_for_me v2:172.21.15.90:0/0)
2024-04-25T11:25:42.661 INFO:teuthology.orchestra.run.smithi090.stdout:/usr/bin/ceph: stderr
2024-04-25T11:25:41.825+0000 7f1b1d011700 1 -- 172.21.15.90:0/1712249876 --> [v2:172.21.15.90:3300/0,v1:172.21.15.90:6789/0] -- mon_subscribe({config=0+,monmap=0+}) -- 0x7f1b1810ace0 con 0x7f1b18109bb0
2024-04-25T11:25:42.661 INFO:teuthology.orchestra.run.smithi090.stdout:/usr/bin/ceph: stderr
2024-04-25T11:25:41.825+0000 7f1b1d011700 1 --2- 172.21.15.90:0/1712249876 >> [v2:172.21.15.90:3300/0,v1:172.21.15.90:6789/0] conn(0x7f1b18109bb0 0x7f1b18109fc0 secure :-1 s=READY pgs=20 cs=0 l=1 rev1=1 crypto rx=0x7f1b140098a0 tx=0x7f1b14009bb0 comp rx=0 tx=0).ready entity=mon.0 client_cookie=686fb525d9fe40b5 server_cookie=0 in_seq=0 out_seq=0
2024-04-25T11:25:42.661 INFO:teuthology.orchestra.run.smithi090.stdout:/usr/bin/ceph: stderr
2024-04-25T11:25:41.825+0000 7f1b0ffff700 1 -- 172.21.15.90:0/1712249876 <== mon.0 v2:172.21.15.90:3300/0 1 ==== mon_map magic: 0 ==== 205+0+0 (secure 0 0 0) 0x7f1b14004160 con 0x7f1b18109bb0
2024-04-25T11:25:42.661 INFO:teuthology.orchestra.run.smithi090.stdout:/usr/bin/ceph: stderr
2024-04-25T11:25:41.825+0000 7f1b0ffff700 1 -- 172.21.15.90:0/1712249876 <== mon.0 v2:172.21.15.90:3300/0 2 ==== config(26 keys) ==== 1070+0+0 (secure 0 0 0) 0x7f1b14004300 con 0x7f1b18109bb0
2024-04-25T11:25:42.661 INFO:teuthology.orchestra.run.smithi090.stdout:/usr/bin/ceph: stderr
2024-04-25T11:25:41.825+0000 7f1b0ffff700 1 -- 172.21.15.90:0/1712249876 <== mon.0 v2:172.21.15.90:3300/0 3 ==== mon_map magic: 0 ==== 205+0+0 (secure 0 0 0) 0x7f1b14011af0 con 0x7f1b18109bb0
2024-04-25T11:25:42.661 INFO:teuthology.orchestra.run.smithi090.stdout:/usr/bin/ceph: stderr
2024-04-25T11:25:41.826+0000 7f1b1f275700 1 -- 172.21.15.90:0/1712249876 >> [v2:172.21.15.90:3300/0,v1:172.21.15.90:6789/0] conn(0x7f1b18109bb0 msgr2=0x7f1b18109fc0 secure :-1 s=STATE_CONNECTION_ESTABLISHED l=1).mark_down
2024-04-25T11:25:42.661 INFO:teuthology.orchestra.run.smithi090.stdout:/usr/bin/ceph: stderr
2024-04-25T11:25:41.826+0000 7f1b1f275700 1 --2- 172.21.15.90:0/1712249876 >> [v2:172.21.15.90:3300/0,v1:172.21.15.90:6789/0] conn(0x7f1b18109bb0 0x7f1b18109fc0 secure :-1 s=READY pgs=20 cs=0 l=1 rev1=1 crypto rx=0x7f1b140098a0 tx=0x7f1b14009bb0 comp rx=0 tx=0).stop
2024-04-25T11:25:42.662 INFO:teuthology.orchestra.run.smithi090.stdout:/usr/bin/ceph: stderr
2024-04-25T11:25:41.826+0000 7f1b1f275700 1 -- 172.21.15.90:0/1712249876 shutdown_connections
2024-04-25T11:25:42.662 INFO:teuthology.orchestra.run.smithi090.stdout:/usr/bin/ceph: stderr
2024-04-25T11:25:41.826+0000 7f1b1f275700 1 --2- 172.21.15.90:0/1712249876 >> [v2:172.21.15.90:3300/0,v1:172.21.15.90:6789/0] conn(0x7f1b18109bb0 0x7f1b18109fc0 unknown :-1 s=CLOSED pgs=20 cs=0 l=1 rev1=1 crypto rx=0 tx=0 comp rx=0 tx=0).stop
2024-04-25T11:25:42.662 INFO:teuthology.orchestra.run.smithi090.stdout:/usr/bin/ceph: stderr
2024-04-25T11:25:41.826+0000 7f1b1f275700 1 -- 172.21.15.90:0/1712249876 >> 172.21.15.90:0/1712249876 conn(0x7f1b181051f0 msgr2=0x7f1b181076a0 unknown :-1 s=STATE_NONE l=0).mark_down
2024-04-25T11:25:42.662 INFO:teuthology.orchestra.run.smithi090.stdout:/usr/bin/ceph: stderr
2024-04-25T11:25:41.826+0000 7f1b1f275700 1 -- 172.21.15.90:0/1712249876 shutdown_connections
2024-04-25T11:25:42.662 INFO:teuthology.orchestra.run.smithi090.stdout:/usr/bin/ceph: stderr
2024-04-25T11:25:41.826+0000 7f1b1f275700 1 -- 172.21.15.90:0/1712249876 wait complete.
2024-04-25T11:25:42.662 INFO:teuthology.orchestra.run.smithi090.stdout:/usr/bin/ceph: stderr
2024-04-25T11:25:41.826+0000 7f1b1f275700 1 Processor -- start
2024-04-25T11:25:42.662 INFO:teuthology.orchestra.run.smithi090.stdout:/usr/bin/ceph: stderr
2024-04-25T11:25:41.827+0000 7f1b1f275700 1 -- start start
2024-04-25T11:25:42.662 INFO:teuthology.orchestra.run.smithi090.stdout:/usr/bin/ceph: stderr
2024-04-25T11:25:41.827+0000 7f1b1f275700 1 --2- >> [v2:172.21.15.90:3300/0,v1:172.21.15.90:6789/0] conn(0x7f1b18109bb0 0x7f1b1819dfd0 unknown :-1 s=NONE pgs=0 cs=0 l=1 rev1=0 crypto rx=0 tx=0 comp rx=0 tx=0).connect
2024-04-25T11:25:42.662 INFO:teuthology.orchestra.run.smithi090.stdout:/usr/bin/ceph: stderr
2024-04-25T11:25:41.827+0000 7f1b1f275700 1 -- --> [v2:172.21.15.90:3300/0,v1:172.21.15.90:6789/0] -- mon_getmap magic: 0 -- 0x7f1b1810e090 con 0x7f1b18109bb0
2024-04-25T11:25:42.662 INFO:teuthology.orchestra.run.smithi090.stdout:/usr/bin/ceph: stderr
2024-04-25T11:25:41.827+0000 7f1b1d011700 1 --2- >> [v2:172.21.15.90:3300/0,v1:172.21.15.90:6789/0] conn(0x7f1b18109bb0 0x7f1b1819dfd0 unknown :-1 s=BANNER_CONNECTING pgs=0 cs=0 l=1 rev1=0 crypto rx=0 tx=0 comp rx=0 tx=0)._handle_peer_banner_payload supported=3 required=0
2024-04-25T11:25:42.662 INFO:teuthology.orchestra.run.smithi090.stdout:/usr/bin/ceph: stderr
2024-04-25T11:25:41.827+0000 7f1b1d011700 1 --2- >> [v2:172.21.15.90:3300/0,v1:172.21.15.90:6789/0] conn(0x7f1b18109bb0 0x7f1b1819dfd0 unknown :-1 s=HELLO_CONNECTING pgs=0 cs=0 l=1 rev1=1 crypto rx=0 tx=0 comp rx=0 tx=0).handle_hello peer v2:172.21.15.90:3300/0 says I am v2:172.21.15.90:59484/0 (socket says 172.21.15.90:59484)
2024-04-25T11:25:42.662 INFO:teuthology.orchestra.run.smithi090.stdout:/usr/bin/ceph: stderr
2024-04-25T11:25:41.827+0000 7f1b1d011700 1 -- 172.21.15.90:0/2075692679 learned_addr learned my addr 172.21.15.90:0/2075692679 (peer_addr_for_me v2:172.21.15.90:0/0)
2024-04-25T11:25:42.662 INFO:teuthology.orchestra.run.smithi090.stdout:/usr/bin/ceph: stderr
2024-04-25T11:25:41.827+0000 7f1b1d011700 1 -- 172.21.15.90:0/2075692679 --> [v2:172.21.15.90:3300/0,v1:172.21.15.90:6789/0] -- mon_subscribe({config=0+,monmap=0+}) -- 0x7f1b1819e510 con 0x7f1b18109bb0
2024-04-25T11:25:42.663 INFO:teuthology.orchestra.run.smithi090.stdout:/usr/bin/ceph: stderr
2024-04-25T11:25:41.827+0000 7f1b1d011700 1 --2- 172.21.15.90:0/2075692679 >> [v2:172.21.15.90:3300/0,v1:172.21.15.90:6789/0] conn(0x7f1b18109bb0 0x7f1b1819dfd0 secure :-1 s=READY pgs=21 cs=0 l=1 rev1=1 crypto rx=0x7f1b14011670 tx=0x7f1b14004280 comp rx=0 tx=0).ready entity=mon.0 client_cookie=0 server_cookie=0 in_seq=0 out_seq=0
2024-04-25T11:25:42.663 INFO:teuthology.orchestra.run.smithi090.stdout:/usr/bin/ceph: stderr
2024-04-25T11:25:41.827+0000 7f1b0e7fc700 1 -- 172.21.15.90:0/2075692679 <== mon.0 v2:172.21.15.90:3300/0 1 ==== mon_map magic: 0 ==== 205+0+0 (secure 0 0 0) 0x7f1b140036a0 con 0x7f1b18109bb0
2024-04-25T11:25:42.663 INFO:teuthology.orchestra.run.smithi090.stdout:/usr/bin/ceph: stderr
2024-04-25T11:25:41.827+0000 7f1b0e7fc700 1 -- 172.21.15.90:0/2075692679 <== mon.0 v2:172.21.15.90:3300/0 2 ==== config(26 keys) ==== 1070+0+0 (secure 0 0 0) 0x7f1b14003cd0 con 0x7f1b18109bb0
2024-04-25T11:25:42.663 INFO:teuthology.orchestra.run.smithi090.stdout:/usr/bin/ceph: stderr
2024-04-25T11:25:41.827+0000 7f1b1f275700 1 -- 172.21.15.90:0/2075692679 --> [v2:172.21.15.90:3300/0,v1:172.21.15.90:6789/0] -- mon_subscribe({mgrmap=0+}) -- 0x7f1b1819e7a0 con 0x7f1b18109bb0
2024-04-25T11:25:42.663 INFO:teuthology.orchestra.run.smithi090.stdout:/usr/bin/ceph: stderr
2024-04-25T11:25:41.827+0000 7f1b0e7fc700 1 -- 172.21.15.90:0/2075692679 <== mon.0 v2:172.21.15.90:3300/0 3 ==== mon_map magic: 0 ==== 205+0+0 (secure 0 0 0) 0x7f1b140193c0 con 0x7f1b18109bb0
2024-04-25T11:25:42.663 INFO:teuthology.orchestra.run.smithi090.stdout:/usr/bin/ceph: stderr
2024-04-25T11:25:41.827+0000 7f1b1f275700 1 -- 172.21.15.90:0/2075692679 --> [v2:172.21.15.90:3300/0,v1:172.21.15.90:6789/0] -- mon_subscribe({osdmap=0}) -- 0x7f1b181a13b0 con 0x7f1b18109bb0
2024-04-25T11:25:42.663 INFO:teuthology.orchestra.run.smithi090.stdout:/usr/bin/ceph: stderr
2024-04-25T11:25:41.828+0000 7f1b0e7fc700 1 -- 172.21.15.90:0/2075692679 <== mon.0 v2:172.21.15.90:3300/0 4 ==== mgrmap(e 4) ==== 49505+0+0 (secure 0 0 0) 0x7f1b14019680 con 0x7f1b18109bb0
2024-04-25T11:25:42.663 INFO:teuthology.orchestra.run.smithi090.stdout:/usr/bin/ceph: stderr
2024-04-25T11:25:41.828+0000 7f1b0e7fc700 1 --2- 172.21.15.90:0/2075692679 >> [v2:172.21.15.90:6800/3122821311,v1:172.21.15.90:6801/3122821311] conn(0x7f1b0403d4d0 0x7f1b0403f9e0 unknown :-1 s=NONE pgs=0 cs=0 l=1 rev1=0 crypto rx=0 tx=0 comp rx=0 tx=0).connect
2024-04-25T11:25:42.663 INFO:teuthology.orchestra.run.smithi090.stdout:/usr/bin/ceph: stderr
2024-04-25T11:25:41.829+0000 7f1b0e7fc700 1 -- 172.21.15.90:0/2075692679 <== mon.0 v2:172.21.15.90:3300/0 5 ==== osd_map(1..1 src has 1..1) ==== 725+0+0 (secure 0 0 0) 0x7f1b14053490 con 0x7f1b18109bb0
2024-04-25T11:25:42.663 INFO:teuthology.orchestra.run.smithi090.stdout:/usr/bin/ceph: stderr
2024-04-25T11:25:41.829+0000 7f1b1c810700 1 --2- 172.21.15.90:0/2075692679 >> [v2:172.21.15.90:6800/3122821311,v1:172.21.15.90:6801/3122821311] conn(0x7f1b0403d4d0 0x7f1b0403f9e0 unknown :-1 s=BANNER_CONNECTING pgs=0 cs=0 l=1 rev1=0 crypto rx=0 tx=0 comp rx=0 tx=0)._handle_peer_banner_payload supported=3 required=0
2024-04-25T11:25:42.663 INFO:teuthology.orchestra.run.smithi090.stdout:/usr/bin/ceph: stderr
2024-04-25T11:25:41.829+0000 7f1b1f275700 1 -- 172.21.15.90:0/2075692679 --> [v2:172.21.15.90:3300/0,v1:172.21.15.90:6789/0] -- mon_command({"prefix": "get_command_descriptions"} v 0) -- 0x7f1b18064cf0 con 0x7f1b18109bb0
2024-04-25T11:25:42.663 INFO:teuthology.orchestra.run.smithi090.stdout:/usr/bin/ceph: stderr
2024-04-25T11:25:41.829+0000 7f1b1c810700 1 --2- 172.21.15.90:0/2075692679 >> [v2:172.21.15.90:6800/3122821311,v1:172.21.15.90:6801/3122821311] conn(0x7f1b0403d4d0 0x7f1b0403f9e0 secure :-1 s=READY pgs=7 cs=0 l=1 rev1=1 crypto rx=0x7f1b08006fd0 tx=0x7f1b08006e40 comp rx=0 tx=0).ready entity=mgr.14100 client_cookie=0 server_cookie=0 in_seq=0 out_seq=0
2024-04-25T11:25:42.663 INFO:teuthology.orchestra.run.smithi090.stdout:/usr/bin/ceph: stderr
2024-04-25T11:25:41.834+0000 7f1b0e7fc700 1 -- 172.21.15.90:0/2075692679 <== mon.0 v2:172.21.15.90:3300/0 6 ==== mon_command_ack([{"prefix": "get_command_descriptions"}]=0 v0) ==== 72+0+188370 (secure 0 0 0) 0x7f1b14017e90 con 0x7f1b18109bb0
2024-04-25T11:25:42.663 INFO:teuthology.orchestra.run.smithi090.stdout:/usr/bin/ceph: stderr
2024-04-25T11:25:42.028+0000 7f1b1f275700 1 -- 172.21.15.90:0/2075692679 --> [v2:172.21.15.90:3300/0,v1:172.21.15.90:6789/0] -- mon_command({"prefix": "config assimilate-conf"} v 0) -- 0x7f1b181a1580 con 0x7f1b18109bb0
2024-04-25T11:25:42.664 INFO:teuthology.orchestra.run.smithi090.stdout:/usr/bin/ceph: stderr
2024-04-25T11:25:42.030+0000 7f1b0e7fc700 1 -- 172.21.15.90:0/2075692679 <== mon.0 v2:172.21.15.90:3300/0 7 ==== mon_command_ack([{"prefix": "config assimilate-conf"}]=0 v3) ==== 70+0+436 (secure 0 0 0) 0x7f1b14052eb0 con 0x7f1b18109bb0
2024-04-25T11:25:42.664 INFO:teuthology.orchestra.run.smithi090.stdout:/usr/bin/ceph: stderr
2024-04-25T11:25:42.032+0000 7f1b1f275700 1 -- 172.21.15.90:0/2075692679 >> [v2:172.21.15.90:6800/3122821311,v1:172.21.15.90:6801/3122821311] conn(0x7f1b0403d4d0 msgr2=0x7f1b0403f9e0 secure :-1 s=STATE_CONNECTION_ESTABLISHED l=1).mark_down
2024-04-25T11:25:42.664 INFO:teuthology.orchestra.run.smithi090.stdout:/usr/bin/ceph: stderr
2024-04-25T11:25:42.032+0000 7f1b1f275700 1 --2- 172.21.15.90:0/2075692679 >> [v2:172.21.15.90:6800/3122821311,v1:172.21.15.90:6801/3122821311] conn(0x7f1b0403d4d0 0x7f1b0403f9e0 secure :-1 s=READY pgs=7 cs=0 l=1 rev1=1 crypto rx=0x7f1b08006fd0 tx=0x7f1b08006e40 comp rx=0 tx=0).stop
2024-04-25T11:25:42.664 INFO:teuthology.orchestra.run.smithi090.stdout:/usr/bin/ceph: stderr
2024-04-25T11:25:42.032+0000 7f1b1f275700 1 -- 172.21.15.90:0/2075692679 >> [v2:172.21.15.90:3300/0,v1:172.21.15.90:6789/0] conn(0x7f1b18109bb0 msgr2=0x7f1b1819dfd0 secure :-1 s=STATE_CONNECTION_ESTABLISHED l=1).mark_down
2024-04-25T11:25:42.664 INFO:teuthology.orchestra.run.smithi090.stdout:/usr/bin/ceph: stderr
2024-04-25T11:25:42.032+0000 7f1b1f275700 1 --2- 172.21.15.90:0/2075692679 >> [v2:172.21.15.90:3300/0,v1:172.21.15.90:6789/0] conn(0x7f1b18109bb0 0x7f1b1819dfd0 secure :-1 s=READY pgs=21 cs=0 l=1 rev1=1 crypto rx=0x7f1b14011670 tx=0x7f1b14004280 comp rx=0 tx=0).stop
2024-04-25T11:25:42.664 INFO:teuthology.orchestra.run.smithi090.stdout:/usr/bin/ceph: stderr
2024-04-25T11:25:42.032+0000 7f1b1f275700 1 -- 172.21.15.90:0/2075692679 shutdown_connections
2024-04-25T11:25:42.664 INFO:teuthology.orchestra.run.smithi090.stdout:/usr/bin/ceph: stderr
2024-04-25T11:25:42.032+0000 7f1b1f275700 1 --2- 172.21.15.90:0/2075692679 >> [v2:172.21.15.90:6800/3122821311,v1:172.21.15.90:6801/3122821311] conn(0x7f1b0403d4d0 0x7f1b0403f9e0 unknown :-1 s=CLOSED pgs=7 cs=0 l=1 rev1=1 crypto rx=0 tx=0 comp rx=0 tx=0).stop
2024-04-25T11:25:42.664 INFO:teuthology.orchestra.run.smithi090.stdout:/usr/bin/ceph: stderr
2024-04-25T11:25:42.032+0000 7f1b1f275700 1 --2- 172.21.15.90:0/2075692679 >> [v2:172.21.15.90:3300/0,v1:172.21.15.90:6789/0] conn(0x7f1b18109bb0 0x7f1b1819dfd0 unknown :-1 s=CLOSED pgs=21 cs=0 l=1 rev1=1 crypto rx=0 tx=0 comp rx=0 tx=0).stop
2024-04-25T11:25:42.664 INFO:teuthology.orchestra.run.smithi090.stdout:/usr/bin/ceph: stderr
2024-04-25T11:25:42.032+0000 7f1b1f275700 1 -- 172.21.15.90:0/2075692679 >> 172.21.15.90:0/2075692679 conn(0x7f1b181051f0 msgr2=0x7f1b18105b20 unknown :-1 s=STATE_NONE l=0).mark_down
2024-04-25T11:25:42.664 INFO:teuthology.orchestra.run.smithi090.stdout:/usr/bin/ceph: stderr
2024-04-25T11:25:42.032+0000 7f1b1f275700 1 -- 172.21.15.90:0/2075692679 shutdown_connections
2024-04-25T11:25:42.664 INFO:teuthology.orchestra.run.smithi090.stdout:/usr/bin/ceph: stderr
2024-04-25T11:25:42.032+0000 7f1b1f275700 1 -- 172.21.15.90:0/2075692679 wait complete.
2024-04-25T11:25:42.664 INFO:teuthology.orchestra.run.smithi090.stdout:Enabling cephadm module...
2024-04-25T11:25:43.708 INFO:journalctl@ceph.mon.a.smithi090.stdout:Apr 25 11:25:43 smithi090 ceph-mon[29575]: from='client.? 172.21.15.90:0/1539306625' entity='client.admin' cmd=[{"prefix": "mgr module enable", "module": "cephadm"}]: dispatch
2024-04-25T11:25:43.708 INFO:journalctl@ceph.mgr.x.smithi090.stdout:Apr 25 11:25:43 smithi090 ceph-58bd4e7a-02f6-11ef-bc93-c7b262605968-mgr-x[29806]: ignoring --setuser ceph since I am not root
2024-04-25T11:25:43.708 INFO:journalctl@ceph.mgr.x.smithi090.stdout:Apr 25 11:25:43 smithi090 ceph-58bd4e7a-02f6-11ef-bc93-c7b262605968-mgr-x[29806]: ignoring --setgroup ceph since I am not root
2024-04-25T11:25:43.708 INFO:journalctl@ceph.mgr.x.smithi090.stdout:Apr 25 11:25:43 smithi090 ceph-58bd4e7a-02f6-11ef-bc93-c7b262605968-mgr-x[29806]:
2024-04-25T11:25:43.589+0000 7f4dcf581200 -1 mgr[py] Module balancer has missing NOTIFY_TYPES member
2024-04-25T11:25:43.967 INFO:journalctl@ceph.mgr.x.smithi090.stdout:Apr 25 11:25:43 smithi090 ceph-58bd4e7a-02f6-11ef-bc93-c7b262605968-mgr-x[29806]:
2024-04-25T11:25:43.776+0000 7f4dcf581200 -1 mgr[py] Module orchestrator has missing NOTIFY_TYPES member
2024-04-25T11:25:43.967 INFO:journalctl@ceph.mgr.x.smithi090.stdout:Apr 25 11:25:43 smithi090 ceph-58bd4e7a-02f6-11ef-bc93-c7b262605968-mgr-x[29806]:
2024-04-25T11:25:43.878+0000 7f4dcf581200 -1 mgr[py] Module snap_schedule has missing NOTIFY_TYPES member
2024-04-25T11:25:43.974 INFO:teuthology.orchestra.run.smithi090.stdout:/usr/bin/ceph: stderr
2024-04-25T11:25:43.077+0000 7faa90479700 1 Processor -- start
2024-04-25T11:25:43.974 INFO:teuthology.orchestra.run.smithi090.stdout:/usr/bin/ceph: stderr
2024-04-25T11:25:43.077+0000 7faa90479700 1 -- start start
2024-04-25T11:25:43.974 INFO:teuthology.orchestra.run.smithi090.stdout:/usr/bin/ceph: stderr
2024-04-25T11:25:43.077+0000 7faa90479700 1 --2- >> [v2:172.21.15.90:3300/0,v1:172.21.15.90:6789/0] conn(0x7faa88108ae0 0x7faa88108ef0 unknown :-1 s=NONE pgs=0 cs=0 l=0 rev1=0 crypto rx=0 tx=0 comp rx=0 tx=0).connect
2024-04-25T11:25:43.974 INFO:teuthology.orchestra.run.smithi090.stdout:/usr/bin/ceph: stderr
2024-04-25T11:25:43.077+0000 7faa90479700 1 -- --> [v2:172.21.15.90:3300/0,v1:172.21.15.90:6789/0] -- mon_getmap magic: 0 -- 0x7faa881094e0 con 0x7faa88108ae0
2024-04-25T11:25:43.974 INFO:teuthology.orchestra.run.smithi090.stdout:/usr/bin/ceph: stderr
2024-04-25T11:25:43.077+0000 7faa8e215700 1 --2- >> [v2:172.21.15.90:3300/0,v1:172.21.15.90:6789/0] conn(0x7faa88108ae0 0x7faa88108ef0 unknown :-1 s=BANNER_CONNECTING pgs=0 cs=0 l=0 rev1=0 crypto rx=0 tx=0 comp rx=0 tx=0)._handle_peer_banner_payload supported=3 required=0
2024-04-25T11:25:43.974 INFO:teuthology.orchestra.run.smithi090.stdout:/usr/bin/ceph: stderr
2024-04-25T11:25:43.077+0000 7faa8e215700 1 --2- >> [v2:172.21.15.90:3300/0,v1:172.21.15.90:6789/0] conn(0x7faa88108ae0 0x7faa88108ef0 unknown :-1 s=HELLO_CONNECTING pgs=0 cs=0 l=0 rev1=1 crypto rx=0 tx=0 comp rx=0 tx=0).handle_hello peer v2:172.21.15.90:3300/0 says I am v2:172.21.15.90:59490/0 (socket says 172.21.15.90:59490)
2024-04-25T11:25:43.975 INFO:teuthology.orchestra.run.smithi090.stdout:/usr/bin/ceph: stderr
2024-04-25T11:25:43.077+0000 7faa8e215700 1 -- 172.21.15.90:0/3461475114 learned_addr learned my addr 172.21.15.90:0/3461475114 (peer_addr_for_me v2:172.21.15.90:0/0)
2024-04-25T11:25:43.975 INFO:teuthology.orchestra.run.smithi090.stdout:/usr/bin/ceph: stderr
2024-04-25T11:25:43.078+0000 7faa8e215700 1 -- 172.21.15.90:0/3461475114 --> [v2:172.21.15.90:3300/0,v1:172.21.15.90:6789/0] -- mon_subscribe({config=0+,monmap=0+}) -- 0x7faa88109c10 con 0x7faa88108ae0
2024-04-25T11:25:43.975 INFO:teuthology.orchestra.run.smithi090.stdout:/usr/bin/ceph: stderr
2024-04-25T11:25:43.078+0000 7faa8e215700 1 --2- 172.21.15.90:0/3461475114 >> [v2:172.21.15.90:3300/0,v1:172.21.15.90:6789/0] conn(0x7faa88108ae0 0x7faa88108ef0 secure :-1 s=READY pgs=22 cs=0 l=1 rev1=1 crypto rx=0x7faa840098a0 tx=0x7faa84009bb0 comp rx=0 tx=0).ready entity=mon.0 client_cookie=7f5fbf27d0808476 server_cookie=0 in_seq=0 out_seq=0
2024-04-25T11:25:43.975 INFO:teuthology.orchestra.run.smithi090.stdout:/usr/bin/ceph: stderr
2024-04-25T11:25:43.078+0000 7faa8d213700 1 -- 172.21.15.90:0/3461475114 <== mon.0 v2:172.21.15.90:3300/0 1 ==== mon_map magic: 0 ==== 205+0+0 (secure 0 0 0) 0x7faa84004160 con 0x7faa88108ae0
2024-04-25T11:25:43.975 INFO:teuthology.orchestra.run.smithi090.stdout:/usr/bin/ceph: stderr
2024-04-25T11:25:43.078+0000 7faa8d213700 1 -- 172.21.15.90:0/3461475114 <== mon.0 v2:172.21.15.90:3300/0 2 ==== config(26 keys) ==== 1070+0+0 (secure 0 0 0) 0x7faa84004300 con 0x7faa88108ae0
2024-04-25T11:25:43.975 INFO:teuthology.orchestra.run.smithi090.stdout:/usr/bin/ceph: stderr
2024-04-25T11:25:43.078+0000 7faa8d213700 1 -- 172.21.15.90:0/3461475114 <== mon.0 v2:172.21.15.90:3300/0 3 ==== mon_map magic: 0 ==== 205+0+0 (secure 0 0 0) 0x7faa84011af0 con 0x7faa88108ae0
2024-04-25T11:25:43.975 INFO:teuthology.orchestra.run.smithi090.stdout:/usr/bin/ceph: stderr
2024-04-25T11:25:43.079+0000 7faa90479700 1 -- 172.21.15.90:0/3461475114 >> [v2:172.21.15.90:3300/0,v1:172.21.15.90:6789/0] conn(0x7faa88108ae0 msgr2=0x7faa88108ef0 secure :-1 s=STATE_CONNECTION_ESTABLISHED l=1).mark_down
2024-04-25T11:25:43.975 INFO:teuthology.orchestra.run.smithi090.stdout:/usr/bin/ceph: stderr
2024-04-25T11:25:43.079+0000 7faa90479700 1 --2- 172.21.15.90:0/3461475114 >> [v2:172.21.15.90:3300/0,v1:172.21.15.90:6789/0] conn(0x7faa88108ae0 0x7faa88108ef0 secure :-1 s=READY pgs=22 cs=0 l=1 rev1=1 crypto rx=0x7faa840098a0 tx=0x7faa84009bb0 comp rx=0 tx=0).stop
2024-04-25T11:25:43.975 INFO:teuthology.orchestra.run.smithi090.stdout:/usr/bin/ceph: stderr
2024-04-25T11:25:43.079+0000 7faa90479700 1 -- 172.21.15.90:0/3461475114 shutdown_connections
2024-04-25T11:25:43.975 INFO:teuthology.orchestra.run.smithi090.stdout:/usr/bin/ceph: stderr
2024-04-25T11:25:43.079+0000 7faa90479700 1 --2- 172.21.15.90:0/3461475114 >> [v2:172.21.15.90:3300/0,v1:172.21.15.90:6789/0] conn(0x7faa88108ae0 0x7faa88108ef0 unknown :-1 s=CLOSED pgs=22 cs=0 l=1 rev1=1 crypto rx=0 tx=0 comp rx=0 tx=0).stop
2024-04-25T11:25:43.975 INFO:teuthology.orchestra.run.smithi090.stdout:/usr/bin/ceph: stderr
