2024-04-25T13:30:50.203+0000 7f5de8e7a700 1 --2- >> [v2:172.21.15.27:3300/0,v1:172.21.15.27:6789/0] conn(0x7f5de407cc00 0x7f5de419fed0 unknown :-1 s=HELLO_CONNECTING pgs=0 cs=0 l=1 rev1=1 crypto rx=0 tx=0 comp rx=0 tx=0).handle_hello peer v2:172.21.15.27:3300/0 says I am v2:172.21.15.27:54716/0 (socket says 172.21.15.27:54716)
2024-04-25T13:30:50.860 INFO:teuthology.orchestra.run.smithi027.stdout:/usr/bin/ceph: stderr
2024-04-25T13:30:50.203+0000 7f5de8e7a700 1 -- 172.21.15.27:0/2477603790 learned_addr learned my addr 172.21.15.27:0/2477603790 (peer_addr_for_me v2:172.21.15.27:0/0)
2024-04-25T13:30:50.860 INFO:teuthology.orchestra.run.smithi027.stdout:/usr/bin/ceph: stderr
2024-04-25T13:30:50.204+0000 7f5de8e7a700 1 -- 172.21.15.27:0/2477603790 --> [v2:172.21.15.27:3300/0,v1:172.21.15.27:6789/0] -- mon_subscribe({config=0+,monmap=0+}) -- 0x7f5de41a0410 con 0x7f5de407cc00
2024-04-25T13:30:50.860 INFO:teuthology.orchestra.run.smithi027.stdout:/usr/bin/ceph: stderr
2024-04-25T13:30:50.204+0000 7f5de8e7a700 1 --2- 172.21.15.27:0/2477603790 >> [v2:172.21.15.27:3300/0,v1:172.21.15.27:6789/0] conn(0x7f5de407cc00 0x7f5de419fed0 secure :-1 s=READY pgs=17 cs=0 l=1 rev1=1 crypto rx=0x7f5ddc00b7b0 tx=0x7f5ddc00bd50 comp rx=0 tx=0).ready entity=mon.0 client_cookie=0 server_cookie=0 in_seq=0 out_seq=0
2024-04-25T13:30:50.860 INFO:teuthology.orchestra.run.smithi027.stdout:/usr/bin/ceph: stderr
2024-04-25T13:30:50.204+0000 7f5de1ffb700 1 -- 172.21.15.27:0/2477603790 <== mon.0 v2:172.21.15.27:3300/0 1 ==== mon_map magic: 0 ==== 205+0+0 (secure 0 0 0) 0x7f5ddc020020 con 0x7f5de407cc00
2024-04-25T13:30:50.860 INFO:teuthology.orchestra.run.smithi027.stdout:/usr/bin/ceph: stderr
2024-04-25T13:30:50.204+0000 7f5deb0de700 1 -- 172.21.15.27:0/2477603790 --> [v2:172.21.15.27:3300/0,v1:172.21.15.27:6789/0] -- mon_subscribe({mgrmap=0+}) -- 0x7f5de41a06a0 con 0x7f5de407cc00
2024-04-25T13:30:50.860 INFO:teuthology.orchestra.run.smithi027.stdout:/usr/bin/ceph: stderr
2024-04-25T13:30:50.204+0000 7f5de1ffb700 1 -- 172.21.15.27:0/2477603790 <== mon.0 v2:172.21.15.27:3300/0 2 ==== config(26 keys) ==== 1070+0+0 (secure 0 0 0) 0x7f5ddc012430 con 0x7f5de407cc00
2024-04-25T13:30:50.860 INFO:teuthology.orchestra.run.smithi027.stdout:/usr/bin/ceph: stderr
2024-04-25T13:30:50.204+0000 7f5de1ffb700 1 -- 172.21.15.27:0/2477603790 <== mon.0 v2:172.21.15.27:3300/0 3 ==== mon_map magic: 0 ==== 205+0+0 (secure 0 0 0) 0x7f5ddc017040 con 0x7f5de407cc00
2024-04-25T13:30:50.860 INFO:teuthology.orchestra.run.smithi027.stdout:/usr/bin/ceph: stderr
2024-04-25T13:30:50.204+0000 7f5deb0de700 1 -- 172.21.15.27:0/2477603790 --> [v2:172.21.15.27:3300/0,v1:172.21.15.27:6789/0] -- mon_subscribe({osdmap=0}) -- 0x7f5de41a32b0 con 0x7f5de407cc00
2024-04-25T13:30:50.861 INFO:teuthology.orchestra.run.smithi027.stdout:/usr/bin/ceph: stderr
2024-04-25T13:30:50.205+0000 7f5de1ffb700 1 -- 172.21.15.27:0/2477603790 <== mon.0 v2:172.21.15.27:3300/0 4 ==== mgrmap(e 2) ==== 49272+0+0 (secure 0 0 0) 0x7f5ddc023020 con 0x7f5de407cc00
2024-04-25T13:30:50.861 INFO:teuthology.orchestra.run.smithi027.stdout:/usr/bin/ceph: stderr
2024-04-25T13:30:50.205+0000 7f5deb0de700 1 -- 172.21.15.27:0/2477603790 --> [v2:172.21.15.27:3300/0,v1:172.21.15.27:6789/0] -- mon_command({"prefix": "get_command_descriptions"} v 0) -- 0x7f5de4064cf0 con 0x7f5de407cc00
2024-04-25T13:30:50.861 INFO:teuthology.orchestra.run.smithi027.stdout:/usr/bin/ceph: stderr
2024-04-25T13:30:50.205+0000 7f5de1ffb700 1 -- 172.21.15.27:0/2477603790 <== mon.0 v2:172.21.15.27:3300/0 5 ==== osd_map(1..1 src has 1..1) ==== 725+0+0 (secure 0 0 0) 0x7f5ddc00f050 con 0x7f5de407cc00
2024-04-25T13:30:50.861 INFO:teuthology.orchestra.run.smithi027.stdout:/usr/bin/ceph: stderr
2024-04-25T13:30:50.208+0000 7f5de1ffb700 1 -- 172.21.15.27:0/2477603790 <== mon.0 v2:172.21.15.27:3300/0 6 ==== mon_command_ack([{"prefix": "get_command_descriptions"}]=0 v0) ==== 72+0+73265 (secure 0 0 0) 0x7f5ddc02a020 con 0x7f5de407cc00
2024-04-25T13:30:50.861 INFO:teuthology.orchestra.run.smithi027.stdout:/usr/bin/ceph: stderr
2024-04-25T13:30:50.280+0000 7f5deb0de700 1 -- 172.21.15.27:0/2477603790 --> [v2:172.21.15.27:3300/0,v1:172.21.15.27:6789/0] -- mon_command({"prefix": "status", "format": "json-pretty"} v 0) -- 0x7f5de41a3930 con 0x7f5de407cc00
2024-04-25T13:30:50.861 INFO:teuthology.orchestra.run.smithi027.stdout:/usr/bin/ceph: stderr
2024-04-25T13:30:50.281+0000 7f5de1ffb700 1 -- 172.21.15.27:0/2477603790 <== mon.0 v2:172.21.15.27:3300/0 7 ==== mon_command_ack([{"prefix": "status", "format": "json-pretty"}]=0 v0) ==== 79+0+1239 (secure 0 0 0) 0x7f5ddc02dd60 con 0x7f5de407cc00
2024-04-25T13:30:50.861 INFO:teuthology.orchestra.run.smithi027.stdout:/usr/bin/ceph: stderr
2024-04-25T13:30:50.282+0000 7f5deb0de700 1 -- 172.21.15.27:0/2477603790 >> [v2:172.21.15.27:3300/0,v1:172.21.15.27:6789/0] conn(0x7f5de407cc00 msgr2=0x7f5de419fed0 secure :-1 s=STATE_CONNECTION_ESTABLISHED l=1).mark_down
2024-04-25T13:30:50.861 INFO:teuthology.orchestra.run.smithi027.stdout:/usr/bin/ceph: stderr
2024-04-25T13:30:50.282+0000 7f5deb0de700 1 --2- 172.21.15.27:0/2477603790 >> [v2:172.21.15.27:3300/0,v1:172.21.15.27:6789/0] conn(0x7f5de407cc00 0x7f5de419fed0 secure :-1 s=READY pgs=17 cs=0 l=1 rev1=1 crypto rx=0x7f5ddc00b7b0 tx=0x7f5ddc00bd50 comp rx=0 tx=0).stop
2024-04-25T13:30:50.861 INFO:teuthology.orchestra.run.smithi027.stdout:/usr/bin/ceph: stderr
2024-04-25T13:30:50.282+0000 7f5deb0de700 1 -- 172.21.15.27:0/2477603790 shutdown_connections
2024-04-25T13:30:50.861 INFO:teuthology.orchestra.run.smithi027.stdout:/usr/bin/ceph: stderr
2024-04-25T13:30:50.282+0000 7f5deb0de700 1 --2- 172.21.15.27:0/2477603790 >> [v2:172.21.15.27:3300/0,v1:172.21.15.27:6789/0] conn(0x7f5de407cc00 0x7f5de419fed0 unknown :-1 s=CLOSED pgs=17 cs=0 l=1 rev1=1 crypto rx=0 tx=0 comp rx=0 tx=0).stop
2024-04-25T13:30:50.861 INFO:teuthology.orchestra.run.smithi027.stdout:/usr/bin/ceph: stderr
2024-04-25T13:30:50.282+0000 7f5deb0de700 1 -- 172.21.15.27:0/2477603790 >> 172.21.15.27:0/2477603790 conn(0x7f5de4103fb0 msgr2=0x7f5de41058a0 unknown :-1 s=STATE_NONE l=0).mark_down
2024-04-25T13:30:50.861 INFO:teuthology.orchestra.run.smithi027.stdout:/usr/bin/ceph: stderr
2024-04-25T13:30:50.282+0000 7f5deb0de700 1 -- 172.21.15.27:0/2477603790 shutdown_connections
2024-04-25T13:30:50.861 INFO:teuthology.orchestra.run.smithi027.stdout:/usr/bin/ceph: stderr
2024-04-25T13:30:50.282+0000 7f5deb0de700 1 -- 172.21.15.27:0/2477603790 wait complete.
2024-04-25T13:30:50.861 INFO:teuthology.orchestra.run.smithi027.stdout:mgr not available, waiting (3/15)...
2024-04-25T13:30:51.151 INFO:journalctl@ceph.mon.a.smithi027.stdout:Apr 25 13:30:50 smithi027 ceph-mon[29140]: from='client.? 172.21.15.27:0/2477603790' entity='client.admin' cmd=[{"prefix": "status", "format": "json-pretty"}]: dispatch
2024-04-25T13:30:51.151 INFO:journalctl@ceph.mon.a.smithi027.stdout:Apr 25 13:30:50 smithi027 ceph-mon[29140]: mgrmap e3: x(active, since 1.00768s)
2024-04-25T13:30:53.231 INFO:journalctl@ceph.mon.a.smithi027.stdout:Apr 25 13:30:52 smithi027 ceph-mon[29140]: mgrmap e4: x(active, since 2s)
2024-04-25T13:30:54.151 INFO:journalctl@ceph.mon.a.smithi027.stdout:Apr 25 13:30:53 smithi027 ceph-mon[29140]: from='client.? 172.21.15.27:0/2304530384' entity='client.admin' cmd=[{"prefix": "status", "format": "json-pretty"}]: dispatch
2024-04-25T13:30:54.164 INFO:teuthology.orchestra.run.smithi027.stdout:/usr/bin/ceph: stdout
2024-04-25T13:30:54.164 INFO:teuthology.orchestra.run.smithi027.stdout:/usr/bin/ceph: stdout {
2024-04-25T13:30:54.164 INFO:teuthology.orchestra.run.smithi027.stdout:/usr/bin/ceph: stdout "fsid": "db01fc44-0307-11ef-bc93-c7b262605968",
2024-04-25T13:30:54.164 INFO:teuthology.orchestra.run.smithi027.stdout:/usr/bin/ceph: stdout "health": {
2024-04-25T13:30:54.165 INFO:teuthology.orchestra.run.smithi027.stdout:/usr/bin/ceph: stdout "status": "HEALTH_OK",
2024-04-25T13:30:54.165 INFO:teuthology.orchestra.run.smithi027.stdout:/usr/bin/ceph: stdout "checks": {},
2024-04-25T13:30:54.165 INFO:teuthology.orchestra.run.smithi027.stdout:/usr/bin/ceph: stdout "mutes": []
2024-04-25T13:30:54.165 INFO:teuthology.orchestra.run.smithi027.stdout:/usr/bin/ceph: stdout },
2024-04-25T13:30:54.165 INFO:teuthology.orchestra.run.smithi027.stdout:/usr/bin/ceph: stdout "election_epoch": 5,
2024-04-25T13:30:54.165 INFO:teuthology.orchestra.run.smithi027.stdout:/usr/bin/ceph: stdout "quorum": [
2024-04-25T13:30:54.165 INFO:teuthology.orchestra.run.smithi027.stdout:/usr/bin/ceph: stdout 0
2024-04-25T13:30:54.165 INFO:teuthology.orchestra.run.smithi027.stdout:/usr/bin/ceph: stdout ],
2024-04-25T13:30:54.165 INFO:teuthology.orchestra.run.smithi027.stdout:/usr/bin/ceph: stdout "quorum_names": [
2024-04-25T13:30:54.165 INFO:teuthology.orchestra.run.smithi027.stdout:/usr/bin/ceph: stdout "a"
2024-04-25T13:30:54.165 INFO:teuthology.orchestra.run.smithi027.stdout:/usr/bin/ceph: stdout ],
2024-04-25T13:30:54.165 INFO:teuthology.orchestra.run.smithi027.stdout:/usr/bin/ceph: stdout "quorum_age": 12,
2024-04-25T13:30:54.165 INFO:teuthology.orchestra.run.smithi027.stdout:/usr/bin/ceph: stdout "monmap": {
2024-04-25T13:30:54.165 INFO:teuthology.orchestra.run.smithi027.stdout:/usr/bin/ceph: stdout "epoch": 1,
2024-04-25T13:30:54.166 INFO:teuthology.orchestra.run.smithi027.stdout:/usr/bin/ceph: stdout "min_mon_release_name": "squid",
2024-04-25T13:30:54.166 INFO:teuthology.orchestra.run.smithi027.stdout:/usr/bin/ceph: stdout "num_mons": 1
2024-04-25T13:30:54.166 INFO:teuthology.orchestra.run.smithi027.stdout:/usr/bin/ceph: stdout },
2024-04-25T13:30:54.166 INFO:teuthology.orchestra.run.smithi027.stdout:/usr/bin/ceph: stdout "osdmap": {
2024-04-25T13:30:54.166 INFO:teuthology.orchestra.run.smithi027.stdout:/usr/bin/ceph: stdout "epoch": 1,
2024-04-25T13:30:54.166 INFO:teuthology.orchestra.run.smithi027.stdout:/usr/bin/ceph: stdout "num_osds": 0,
2024-04-25T13:30:54.166 INFO:teuthology.orchestra.run.smithi027.stdout:/usr/bin/ceph: stdout "num_up_osds": 0,
2024-04-25T13:30:54.175 INFO:teuthology.orchestra.run.smithi027.stdout:/usr/bin/ceph: stdout "osd_up_since": 0,
2024-04-25T13:30:54.175 INFO:teuthology.orchestra.run.smithi027.stdout:/usr/bin/ceph: stdout "num_in_osds": 0,
2024-04-25T13:30:54.175 INFO:teuthology.orchestra.run.smithi027.stdout:/usr/bin/ceph: stdout "osd_in_since": 0,
2024-04-25T13:30:54.175 INFO:teuthology.orchestra.run.smithi027.stdout:/usr/bin/ceph: stdout "num_remapped_pgs": 0
2024-04-25T13:30:54.175 INFO:teuthology.orchestra.run.smithi027.stdout:/usr/bin/ceph: stdout },
2024-04-25T13:30:54.175 INFO:teuthology.orchestra.run.smithi027.stdout:/usr/bin/ceph: stdout "pgmap": {
2024-04-25T13:30:54.175 INFO:teuthology.orchestra.run.smithi027.stdout:/usr/bin/ceph: stdout "pgs_by_state": [],
2024-04-25T13:30:54.175 INFO:teuthology.orchestra.run.smithi027.stdout:/usr/bin/ceph: stdout "num_pgs": 0,
2024-04-25T13:30:54.175 INFO:teuthology.orchestra.run.smithi027.stdout:/usr/bin/ceph: stdout "num_pools": 0,
2024-04-25T13:30:54.175 INFO:teuthology.orchestra.run.smithi027.stdout:/usr/bin/ceph: stdout "num_objects": 0,
2024-04-25T13:30:54.175 INFO:teuthology.orchestra.run.smithi027.stdout:/usr/bin/ceph: stdout "data_bytes": 0,
2024-04-25T13:30:54.175 INFO:teuthology.orchestra.run.smithi027.stdout:/usr/bin/ceph: stdout "bytes_used": 0,
2024-04-25T13:30:54.176 INFO:teuthology.orchestra.run.smithi027.stdout:/usr/bin/ceph: stdout "bytes_avail": 0,
2024-04-25T13:30:54.176 INFO:teuthology.orchestra.run.smithi027.stdout:/usr/bin/ceph: stdout "bytes_total": 0
2024-04-25T13:30:54.176 INFO:teuthology.orchestra.run.smithi027.stdout:/usr/bin/ceph: stdout },
2024-04-25T13:30:54.176 INFO:teuthology.orchestra.run.smithi027.stdout:/usr/bin/ceph: stdout "fsmap": {
2024-04-25T13:30:54.176 INFO:teuthology.orchestra.run.smithi027.stdout:/usr/bin/ceph: stdout "epoch": 1,
2024-04-25T13:30:54.176 INFO:teuthology.orchestra.run.smithi027.stdout:/usr/bin/ceph: stdout "by_rank": [],
2024-04-25T13:30:54.176 INFO:teuthology.orchestra.run.smithi027.stdout:/usr/bin/ceph: stdout "up:standby": 0
2024-04-25T13:30:54.176 INFO:teuthology.orchestra.run.smithi027.stdout:/usr/bin/ceph: stdout },
2024-04-25T13:30:54.176 INFO:teuthology.orchestra.run.smithi027.stdout:/usr/bin/ceph: stdout "mgrmap": {
2024-04-25T13:30:54.176 INFO:teuthology.orchestra.run.smithi027.stdout:/usr/bin/ceph: stdout "available": true,
2024-04-25T13:30:54.176 INFO:teuthology.orchestra.run.smithi027.stdout:/usr/bin/ceph: stdout "num_standbys": 0,
2024-04-25T13:30:54.176 INFO:teuthology.orchestra.run.smithi027.stdout:/usr/bin/ceph: stdout "modules": [
2024-04-25T13:30:54.176 INFO:teuthology.orchestra.run.smithi027.stdout:/usr/bin/ceph: stdout "iostat",
2024-04-25T13:30:54.176 INFO:teuthology.orchestra.run.smithi027.stdout:/usr/bin/ceph: stdout "nfs",
2024-04-25T13:30:54.176 INFO:teuthology.orchestra.run.smithi027.stdout:/usr/bin/ceph: stdout "restful"
2024-04-25T13:30:54.177 INFO:teuthology.orchestra.run.smithi027.stdout:/usr/bin/ceph: stdout ],
2024-04-25T13:30:54.177 INFO:teuthology.orchestra.run.smithi027.stdout:/usr/bin/ceph: stdout "services": {}
2024-04-25T13:30:54.177 INFO:teuthology.orchestra.run.smithi027.stdout:/usr/bin/ceph: stdout },
2024-04-25T13:30:54.177 INFO:teuthology.orchestra.run.smithi027.stdout:/usr/bin/ceph: stdout "servicemap": {
2024-04-25T13:30:54.177 INFO:teuthology.orchestra.run.smithi027.stdout:/usr/bin/ceph: stdout "epoch": 1,
2024-04-25T13:30:54.177 INFO:teuthology.orchestra.run.smithi027.stdout:/usr/bin/ceph: stdout "modified": "2024-04-25T13:30:33.621260+0000",
2024-04-25T13:30:54.177 INFO:teuthology.orchestra.run.smithi027.stdout:/usr/bin/ceph: stdout "services": {}
2024-04-25T13:30:54.177 INFO:teuthology.orchestra.run.smithi027.stdout:/usr/bin/ceph: stdout },
2024-04-25T13:30:54.177 INFO:teuthology.orchestra.run.smithi027.stdout:/usr/bin/ceph: stdout "progress_events": {}
2024-04-25T13:30:54.177 INFO:teuthology.orchestra.run.smithi027.stdout:/usr/bin/ceph: stdout }
2024-04-25T13:30:54.177 INFO:teuthology.orchestra.run.smithi027.stdout:/usr/bin/ceph: stderr
2024-04-25T13:30:53.271+0000 7fc2016f2700 1 Processor -- start
2024-04-25T13:30:54.177 INFO:teuthology.orchestra.run.smithi027.stdout:/usr/bin/ceph: stderr
2024-04-25T13:30:53.271+0000 7fc2016f2700 1 -- start start
2024-04-25T13:30:54.177 INFO:teuthology.orchestra.run.smithi027.stdout:/usr/bin/ceph: stderr
2024-04-25T13:30:53.271+0000 7fc2016f2700 1 --2- >> [v2:172.21.15.27:3300/0,v1:172.21.15.27:6789/0] conn(0x7fc1fc1099f0 0x7fc1fc109e00 unknown :-1 s=NONE pgs=0 cs=0 l=0 rev1=0 crypto rx=0 tx=0 comp rx=0 tx=0).connect
2024-04-25T13:30:54.178 INFO:teuthology.orchestra.run.smithi027.stdout:/usr/bin/ceph: stderr
2024-04-25T13:30:53.271+0000 7fc2016f2700 1 -- --> [v2:172.21.15.27:3300/0,v1:172.21.15.27:6789/0] -- mon_getmap magic: 0 -- 0x7fc1fc10a3f0 con 0x7fc1fc1099f0
2024-04-25T13:30:54.178 INFO:teuthology.orchestra.run.smithi027.stdout:/usr/bin/ceph: stderr
2024-04-25T13:30:53.271+0000 7fc1faffd700 1 --2- >> [v2:172.21.15.27:3300/0,v1:172.21.15.27:6789/0] conn(0x7fc1fc1099f0 0x7fc1fc109e00 unknown :-1 s=BANNER_CONNECTING pgs=0 cs=0 l=0 rev1=0 crypto rx=0 tx=0 comp rx=0 tx=0)._handle_peer_banner_payload supported=3 required=0
2024-04-25T13:30:54.178 INFO:teuthology.orchestra.run.smithi027.stdout:/usr/bin/ceph: stderr
2024-04-25T13:30:53.271+0000 7fc1faffd700 1 --2- >> [v2:172.21.15.27:3300/0,v1:172.21.15.27:6789/0] conn(0x7fc1fc1099f0 0x7fc1fc109e00 unknown :-1 s=HELLO_CONNECTING pgs=0 cs=0 l=0 rev1=1 crypto rx=0 tx=0 comp rx=0 tx=0).handle_hello peer v2:172.21.15.27:3300/0 says I am v2:172.21.15.27:54730/0 (socket says 172.21.15.27:54730)
2024-04-25T13:30:54.178 INFO:teuthology.orchestra.run.smithi027.stdout:/usr/bin/ceph: stderr
2024-04-25T13:30:53.271+0000 7fc1faffd700 1 -- 172.21.15.27:0/347085810 learned_addr learned my addr 172.21.15.27:0/347085810 (peer_addr_for_me v2:172.21.15.27:0/0)
2024-04-25T13:30:54.178 INFO:teuthology.orchestra.run.smithi027.stdout:/usr/bin/ceph: stderr
2024-04-25T13:30:53.272+0000 7fc1faffd700 1 -- 172.21.15.27:0/347085810 --> [v2:172.21.15.27:3300/0,v1:172.21.15.27:6789/0] -- mon_subscribe({config=0+,monmap=0+}) -- 0x7fc1fc10aad0 con 0x7fc1fc1099f0
2024-04-25T13:30:54.178 INFO:teuthology.orchestra.run.smithi027.stdout:/usr/bin/ceph: stderr
2024-04-25T13:30:53.272+0000 7fc1faffd700 1 --2- 172.21.15.27:0/347085810 >> [v2:172.21.15.27:3300/0,v1:172.21.15.27:6789/0] conn(0x7fc1fc1099f0 0x7fc1fc109e00 secure :-1 s=READY pgs=18 cs=0 l=1 rev1=1 crypto rx=0x7fc1ec0098a0 tx=0x7fc1ec009bb0 comp rx=0 tx=0).ready entity=mon.0 client_cookie=fad47a76bc1a1ed3 server_cookie=0 in_seq=0 out_seq=0
2024-04-25T13:30:54.178 INFO:teuthology.orchestra.run.smithi027.stdout:/usr/bin/ceph: stderr
2024-04-25T13:30:53.272+0000 7fc1f9ffb700 1 -- 172.21.15.27:0/347085810 <== mon.0 v2:172.21.15.27:3300/0 1 ==== mon_map magic: 0 ==== 205+0+0 (secure 0 0 0) 0x7fc1ec004160 con 0x7fc1fc1099f0
2024-04-25T13:30:54.178 INFO:teuthology.orchestra.run.smithi027.stdout:/usr/bin/ceph: stderr
2024-04-25T13:30:53.272+0000 7fc1f9ffb700 1 -- 172.21.15.27:0/347085810 <== mon.0 v2:172.21.15.27:3300/0 2 ==== config(26 keys) ==== 1070+0+0 (secure 0 0 0) 0x7fc1ec004300 con 0x7fc1fc1099f0
2024-04-25T13:30:54.178 INFO:teuthology.orchestra.run.smithi027.stdout:/usr/bin/ceph: stderr
2024-04-25T13:30:53.272+0000 7fc1f9ffb700 1 -- 172.21.15.27:0/347085810 <== mon.0 v2:172.21.15.27:3300/0 3 ==== mon_map magic: 0 ==== 205+0+0 (secure 0 0 0) 0x7fc1ec011af0 con 0x7fc1fc1099f0
2024-04-25T13:30:54.178 INFO:teuthology.orchestra.run.smithi027.stdout:/usr/bin/ceph: stderr
2024-04-25T13:30:53.273+0000 7fc2016f2700 1 -- 172.21.15.27:0/347085810 >> [v2:172.21.15.27:3300/0,v1:172.21.15.27:6789/0] conn(0x7fc1fc1099f0 msgr2=0x7fc1fc109e00 secure :-1 s=STATE_CONNECTION_ESTABLISHED l=1).mark_down
2024-04-25T13:30:54.178 INFO:teuthology.orchestra.run.smithi027.stdout:/usr/bin/ceph: stderr
2024-04-25T13:30:53.273+0000 7fc2016f2700 1 --2- 172.21.15.27:0/347085810 >> [v2:172.21.15.27:3300/0,v1:172.21.15.27:6789/0] conn(0x7fc1fc1099f0 0x7fc1fc109e00 secure :-1 s=READY pgs=18 cs=0 l=1 rev1=1 crypto rx=0x7fc1ec0098a0 tx=0x7fc1ec009bb0 comp rx=0 tx=0).stop
2024-04-25T13:30:54.178 INFO:teuthology.orchestra.run.smithi027.stdout:/usr/bin/ceph: stderr
2024-04-25T13:30:53.273+0000 7fc2016f2700 1 -- 172.21.15.27:0/347085810 shutdown_connections
2024-04-25T13:30:54.178 INFO:teuthology.orchestra.run.smithi027.stdout:/usr/bin/ceph: stderr
2024-04-25T13:30:53.273+0000 7fc2016f2700 1 --2- 172.21.15.27:0/347085810 >> [v2:172.21.15.27:3300/0,v1:172.21.15.27:6789/0] conn(0x7fc1fc1099f0 0x7fc1fc109e00 unknown :-1 s=CLOSED pgs=18 cs=0 l=1 rev1=1 crypto rx=0 tx=0 comp rx=0 tx=0).stop
2024-04-25T13:30:54.179 INFO:teuthology.orchestra.run.smithi027.stdout:/usr/bin/ceph: stderr
2024-04-25T13:30:53.273+0000 7fc2016f2700 1 -- 172.21.15.27:0/347085810 >> 172.21.15.27:0/347085810 conn(0x7fc1fc105070 msgr2=0x7fc1fc1074e0 unknown :-1 s=STATE_NONE l=0).mark_down
2024-04-25T13:30:54.179 INFO:teuthology.orchestra.run.smithi027.stdout:/usr/bin/ceph: stderr
2024-04-25T13:30:53.273+0000 7fc2016f2700 1 -- 172.21.15.27:0/347085810 shutdown_connections
2024-04-25T13:30:54.179 INFO:teuthology.orchestra.run.smithi027.stdout:/usr/bin/ceph: stderr
2024-04-25T13:30:53.273+0000 7fc2016f2700 1 -- 172.21.15.27:0/347085810 wait complete.
2024-04-25T13:30:54.179 INFO:teuthology.orchestra.run.smithi027.stdout:/usr/bin/ceph: stderr
2024-04-25T13:30:53.273+0000 7fc2016f2700 1 Processor -- start
2024-04-25T13:30:54.179 INFO:teuthology.orchestra.run.smithi027.stdout:/usr/bin/ceph: stderr
2024-04-25T13:30:53.274+0000 7fc2016f2700 1 -- start start
2024-04-25T13:30:54.179 INFO:teuthology.orchestra.run.smithi027.stdout:/usr/bin/ceph: stderr
2024-04-25T13:30:53.274+0000 7fc2016f2700 1 --2- >> [v2:172.21.15.27:3300/0,v1:172.21.15.27:6789/0] conn(0x7fc1fc1099f0 0x7fc1fc19dd80 unknown :-1 s=NONE pgs=0 cs=0 l=1 rev1=0 crypto rx=0 tx=0 comp rx=0 tx=0).connect
2024-04-25T13:30:54.179 INFO:teuthology.orchestra.run.smithi027.stdout:/usr/bin/ceph: stderr
2024-04-25T13:30:53.274+0000 7fc2016f2700 1 -- --> [v2:172.21.15.27:3300/0,v1:172.21.15.27:6789/0] -- mon_getmap magic: 0 -- 0x7fc1fc10de80 con 0x7fc1fc1099f0
2024-04-25T13:30:54.179 INFO:teuthology.orchestra.run.smithi027.stdout:/usr/bin/ceph: stderr
2024-04-25T13:30:53.274+0000 7fc1faffd700 1 --2- >> [v2:172.21.15.27:3300/0,v1:172.21.15.27:6789/0] conn(0x7fc1fc1099f0 0x7fc1fc19dd80 unknown :-1 s=BANNER_CONNECTING pgs=0 cs=0 l=1 rev1=0 crypto rx=0 tx=0 comp rx=0 tx=0)._handle_peer_banner_payload supported=3 required=0
2024-04-25T13:30:54.179 INFO:teuthology.orchestra.run.smithi027.stdout:/usr/bin/ceph: stderr
2024-04-25T13:30:53.274+0000 7fc1faffd700 1 --2- >> [v2:172.21.15.27:3300/0,v1:172.21.15.27:6789/0] conn(0x7fc1fc1099f0 0x7fc1fc19dd80 unknown :-1 s=HELLO_CONNECTING pgs=0 cs=0 l=1 rev1=1 crypto rx=0 tx=0 comp rx=0 tx=0).handle_hello peer v2:172.21.15.27:3300/0 says I am v2:172.21.15.27:54744/0 (socket says 172.21.15.27:54744)
2024-04-25T13:30:54.179 INFO:teuthology.orchestra.run.smithi027.stdout:/usr/bin/ceph: stderr
2024-04-25T13:30:53.274+0000 7fc1faffd700 1 -- 172.21.15.27:0/2304530384 learned_addr learned my addr 172.21.15.27:0/2304530384 (peer_addr_for_me v2:172.21.15.27:0/0)
2024-04-25T13:30:54.179 INFO:teuthology.orchestra.run.smithi027.stdout:/usr/bin/ceph: stderr
2024-04-25T13:30:53.274+0000 7fc1faffd700 1 -- 172.21.15.27:0/2304530384 --> [v2:172.21.15.27:3300/0,v1:172.21.15.27:6789/0] -- mon_subscribe({config=0+,monmap=0+}) -- 0x7fc1fc19e2c0 con 0x7fc1fc1099f0
2024-04-25T13:30:54.179 INFO:teuthology.orchestra.run.smithi027.stdout:/usr/bin/ceph: stderr
2024-04-25T13:30:53.274+0000 7fc1faffd700 1 --2- 172.21.15.27:0/2304530384 >> [v2:172.21.15.27:3300/0,v1:172.21.15.27:6789/0] conn(0x7fc1fc1099f0 0x7fc1fc19dd80 secure :-1 s=READY pgs=19 cs=0 l=1 rev1=1 crypto rx=0x7fc1ec011890 tx=0x7fc1ec011970 comp rx=0 tx=0).ready entity=mon.0 client_cookie=0 server_cookie=0 in_seq=0 out_seq=0
2024-04-25T13:30:54.179 INFO:teuthology.orchestra.run.smithi027.stdout:/usr/bin/ceph: stderr
2024-04-25T13:30:53.275+0000 7fc1e3fff700 1 -- 172.21.15.27:0/2304530384 <== mon.0 v2:172.21.15.27:3300/0 1 ==== mon_map magic: 0 ==== 205+0+0 (secure 0 0 0) 0x7fc1ec0039e0 con 0x7fc1fc1099f0
2024-04-25T13:30:54.179 INFO:teuthology.orchestra.run.smithi027.stdout:/usr/bin/ceph: stderr
2024-04-25T13:30:53.275+0000 7fc1e3fff700 1 -- 172.21.15.27:0/2304530384 <== mon.0 v2:172.21.15.27:3300/0 2 ==== config(26 keys) ==== 1070+0+0 (secure 0 0 0) 0x7fc1ec003b80 con 0x7fc1fc1099f0
2024-04-25T13:30:54.179 INFO:teuthology.orchestra.run.smithi027.stdout:/usr/bin/ceph: stderr
2024-04-25T13:30:53.275+0000 7fc2016f2700 1 -- 172.21.15.27:0/2304530384 --> [v2:172.21.15.27:3300/0,v1:172.21.15.27:6789/0] -- mon_subscribe({mgrmap=0+}) -- 0x7fc1fc19e550 con 0x7fc1fc1099f0
2024-04-25T13:30:54.180 INFO:teuthology.orchestra.run.smithi027.stdout:/usr/bin/ceph: stderr
2024-04-25T13:30:53.275+0000 7fc1e3fff700 1 -- 172.21.15.27:0/2304530384 <== mon.0 v2:172.21.15.27:3300/0 3 ==== mon_map magic: 0 ==== 205+0+0 (secure 0 0 0) 0x7fc1ec0246e0 con 0x7fc1fc1099f0
2024-04-25T13:30:54.180 INFO:teuthology.orchestra.run.smithi027.stdout:/usr/bin/ceph: stderr
2024-04-25T13:30:53.275+0000 7fc2016f2700 1 -- 172.21.15.27:0/2304530384 --> [v2:172.21.15.27:3300/0,v1:172.21.15.27:6789/0] -- mon_subscribe({osdmap=0}) -- 0x7fc1fc1a1160 con 0x7fc1fc1099f0
2024-04-25T13:30:54.180 INFO:teuthology.orchestra.run.smithi027.stdout:/usr/bin/ceph: stderr
2024-04-25T13:30:53.276+0000 7fc1e3fff700 1 -- 172.21.15.27:0/2304530384 <== mon.0 v2:172.21.15.27:3300/0 4 ==== mgrmap(e 4) ==== 49505+0+0 (secure 0 0 0) 0x7fc1ec022020 con 0x7fc1fc1099f0
2024-04-25T13:30:54.180 INFO:teuthology.orchestra.run.smithi027.stdout:/usr/bin/ceph: stderr
2024-04-25T13:30:53.276+0000 7fc1e3fff700 1 --2- 172.21.15.27:0/2304530384 >> [v2:172.21.15.27:6800/4149968369,v1:172.21.15.27:6801/4149968369] conn(0x7fc1e403d570 0x7fc1e403fa80 unknown :-1 s=NONE pgs=0 cs=0 l=1 rev1=0 crypto rx=0 tx=0 comp rx=0 tx=0).connect
2024-04-25T13:30:54.180 INFO:teuthology.orchestra.run.smithi027.stdout:/usr/bin/ceph: stderr
2024-04-25T13:30:53.276+0000 7fc1e3fff700 1 -- 172.21.15.27:0/2304530384 <== mon.0 v2:172.21.15.27:3300/0 5 ==== osd_map(1..1 src has 1..1) ==== 725+0+0 (secure 0 0 0) 0x7fc1ec0530d0 con 0x7fc1fc1099f0
2024-04-25T13:30:54.180 INFO:teuthology.orchestra.run.smithi027.stdout:/usr/bin/ceph: stderr
2024-04-25T13:30:53.276+0000 7fc1fa7fc700 1 --2- 172.21.15.27:0/2304530384 >> [v2:172.21.15.27:6800/4149968369,v1:172.21.15.27:6801/4149968369] conn(0x7fc1e403d570 0x7fc1e403fa80 unknown :-1 s=BANNER_CONNECTING pgs=0 cs=0 l=1 rev1=0 crypto rx=0 tx=0 comp rx=0 tx=0)._handle_peer_banner_payload supported=3 required=0
2024-04-25T13:30:54.180 INFO:teuthology.orchestra.run.smithi027.stdout:/usr/bin/ceph: stderr
2024-04-25T13:30:53.276+0000 7fc2016f2700 1 -- 172.21.15.27:0/2304530384 --> [v2:172.21.15.27:3300/0,v1:172.21.15.27:6789/0] -- mon_command({"prefix": "get_command_descriptions"} v 0) -- 0x7fc1fc064cf0 con 0x7fc1fc1099f0
2024-04-25T13:30:54.180 INFO:teuthology.orchestra.run.smithi027.stdout:/usr/bin/ceph: stderr
2024-04-25T13:30:53.276+0000 7fc1fa7fc700 1 --2- 172.21.15.27:0/2304530384 >> [v2:172.21.15.27:6800/4149968369,v1:172.21.15.27:6801/4149968369] conn(0x7fc1e403d570 0x7fc1e403fa80 secure :-1 s=READY pgs=6 cs=0 l=1 rev1=1 crypto rx=0x7fc1f0006fd0 tx=0x7fc1f0006e40 comp rx=0 tx=0).ready entity=mgr.14100 client_cookie=0 server_cookie=0 in_seq=0 out_seq=0
2024-04-25T13:30:54.180 INFO:teuthology.orchestra.run.smithi027.stdout:/usr/bin/ceph: stderr
2024-04-25T13:30:53.282+0000 7fc1e3fff700 1 -- 172.21.15.27:0/2304530384 <== mon.0 v2:172.21.15.27:3300/0 6 ==== mon_command_ack([{"prefix": "get_command_descriptions"}]=0 v0) ==== 72+0+188370 (secure 0 0 0) 0x7fc1ec0172b0 con 0x7fc1fc1099f0
2024-04-25T13:30:54.180 INFO:teuthology.orchestra.run.smithi027.stdout:/usr/bin/ceph: stderr
2024-04-25T13:30:53.577+0000 7fc2016f2700 1 -- 172.21.15.27:0/2304530384 --> [v2:172.21.15.27:3300/0,v1:172.21.15.27:6789/0] -- mon_command({"prefix": "status", "format": "json-pretty"} v 0) -- 0x7fc1fc1a1680 con 0x7fc1fc1099f0
2024-04-25T13:30:54.180 INFO:teuthology.orchestra.run.smithi027.stdout:/usr/bin/ceph: stderr
2024-04-25T13:30:53.578+0000 7fc1e3fff700 1 -- 172.21.15.27:0/2304530384 <== mon.0 v2:172.21.15.27:3300/0 7 ==== mon_command_ack([{"prefix": "status", "format": "json-pretty"}]=0 v0) ==== 79+0+1239 (secure 0 0 0) 0x7fc1ec00fdd0 con 0x7fc1fc1099f0
2024-04-25T13:30:54.180 INFO:teuthology.orchestra.run.smithi027.stdout:/usr/bin/ceph: stderr
2024-04-25T13:30:53.580+0000 7fc2016f2700 1 -- 172.21.15.27:0/2304530384 >> [v2:172.21.15.27:6800/4149968369,v1:172.21.15.27:6801/4149968369] conn(0x7fc1e403d570 msgr2=0x7fc1e403fa80 secure :-1 s=STATE_CONNECTION_ESTABLISHED l=1).mark_down
2024-04-25T13:30:54.180 INFO:teuthology.orchestra.run.smithi027.stdout:/usr/bin/ceph: stderr
2024-04-25T13:30:53.580+0000 7fc2016f2700 1 --2- 172.21.15.27:0/2304530384 >> [v2:172.21.15.27:6800/4149968369,v1:172.21.15.27:6801/4149968369] conn(0x7fc1e403d570 0x7fc1e403fa80 secure :-1 s=READY pgs=6 cs=0 l=1 rev1=1 crypto rx=0x7fc1f0006fd0 tx=0x7fc1f0006e40 comp rx=0 tx=0).stop
2024-04-25T13:30:54.181 INFO:teuthology.orchestra.run.smithi027.stdout:/usr/bin/ceph: stderr
2024-04-25T13:30:53.580+0000 7fc2016f2700 1 -- 172.21.15.27:0/2304530384 >> [v2:172.21.15.27:3300/0,v1:172.21.15.27:6789/0] conn(0x7fc1fc1099f0 msgr2=0x7fc1fc19dd80 secure :-1 s=STATE_CONNECTION_ESTABLISHED l=1).mark_down
2024-04-25T13:30:54.181 INFO:teuthology.orchestra.run.smithi027.stdout:/usr/bin/ceph: stderr
2024-04-25T13:30:53.580+0000 7fc2016f2700 1 --2- 172.21.15.27:0/2304530384 >> [v2:172.21.15.27:3300/0,v1:172.21.15.27:6789/0] conn(0x7fc1fc1099f0 0x7fc1fc19dd80 secure :-1 s=READY pgs=19 cs=0 l=1 rev1=1 crypto rx=0x7fc1ec011890 tx=0x7fc1ec011970 comp rx=0 tx=0).stop
2024-04-25T13:30:54.181 INFO:teuthology.orchestra.run.smithi027.stdout:/usr/bin/ceph: stderr
2024-04-25T13:30:53.580+0000 7fc2016f2700 1 -- 172.21.15.27:0/2304530384 shutdown_connections
2024-04-25T13:30:54.181 INFO:teuthology.orchestra.run.smithi027.stdout:/usr/bin/ceph: stderr
2024-04-25T13:30:53.580+0000 7fc2016f2700 1 --2- 172.21.15.27:0/2304530384 >> [v2:172.21.15.27:6800/4149968369,v1:172.21.15.27:6801/4149968369] conn(0x7fc1e403d570 0x7fc1e403fa80 unknown :-1 s=CLOSED pgs=6 cs=0 l=1 rev1=1 crypto rx=0 tx=0 comp rx=0 tx=0).stop
2024-04-25T13:30:54.181 INFO:teuthology.orchestra.run.smithi027.stdout:/usr/bin/ceph: stderr
2024-04-25T13:30:53.580+0000 7fc2016f2700 1 --2- 172.21.15.27:0/2304530384 >> [v2:172.21.15.27:3300/0,v1:172.21.15.27:6789/0] conn(0x7fc1fc1099f0 0x7fc1fc19dd80 unknown :-1 s=CLOSED pgs=19 cs=0 l=1 rev1=1 crypto rx=0 tx=0 comp rx=0 tx=0).stop
2024-04-25T13:30:54.181 INFO:teuthology.orchestra.run.smithi027.stdout:/usr/bin/ceph: stderr
2024-04-25T13:30:53.580+0000 7fc2016f2700 1 -- 172.21.15.27:0/2304530384 >> 172.21.15.27:0/2304530384 conn(0x7fc1fc105070 msgr2=0x7fc1fc105910 unknown :-1 s=STATE_NONE l=0).mark_down
2024-04-25T13:30:54.181 INFO:teuthology.orchestra.run.smithi027.stdout:/usr/bin/ceph: stderr
2024-04-25T13:30:53.580+0000 7fc2016f2700 1 -- 172.21.15.27:0/2304530384 shutdown_connections
2024-04-25T13:30:54.181 INFO:teuthology.orchestra.run.smithi027.stdout:/usr/bin/ceph: stderr
2024-04-25T13:30:53.580+0000 7fc2016f2700 1 -- 172.21.15.27:0/2304530384 wait complete.
2024-04-25T13:30:54.181 INFO:teuthology.orchestra.run.smithi027.stdout:mgr is available
2024-04-25T13:30:55.151 INFO:journalctl@ceph.mon.a.smithi027.stdout:Apr 25 13:30:54 smithi027 ceph-mon[29140]: from='client.? 172.21.15.27:0/1382170228' entity='client.admin' cmd=[{"prefix": "config assimilate-conf"}]: dispatch
2024-04-25T13:30:55.399 INFO:teuthology.orchestra.run.smithi027.stdout:/usr/bin/ceph: stdout
2024-04-25T13:30:55.400 INFO:teuthology.orchestra.run.smithi027.stdout:/usr/bin/ceph: stdout [global]
2024-04-25T13:30:55.400 INFO:teuthology.orchestra.run.smithi027.stdout:/usr/bin/ceph: stdout fsid = db01fc44-0307-11ef-bc93-c7b262605968
2024-04-25T13:30:55.400 INFO:teuthology.orchestra.run.smithi027.stdout:/usr/bin/ceph: stdout mon_cluster_log_file_level = debug
2024-04-25T13:30:55.400 INFO:teuthology.orchestra.run.smithi027.stdout:/usr/bin/ceph: stdout mon_osd_allow_pg_remap = true
2024-04-25T13:30:55.400 INFO:teuthology.orchestra.run.smithi027.stdout:/usr/bin/ceph: stdout mon_osd_allow_primary_affinity = true
2024-04-25T13:30:55.400 INFO:teuthology.orchestra.run.smithi027.stdout:/usr/bin/ceph: stdout mon_warn_on_no_sortbitwise = false
2024-04-25T13:30:55.400 INFO:teuthology.orchestra.run.smithi027.stdout:/usr/bin/ceph: stdout osd_crush_chooseleaf_type = 0
2024-04-25T13:30:55.400 INFO:teuthology.orchestra.run.smithi027.stdout:/usr/bin/ceph: stdout
2024-04-25T13:30:55.400 INFO:teuthology.orchestra.run.smithi027.stdout:/usr/bin/ceph: stdout [mgr]
2024-04-25T13:30:55.400 INFO:teuthology.orchestra.run.smithi027.stdout:/usr/bin/ceph: stdout mgr/telemetry/nag = false
2024-04-25T13:30:55.400 INFO:teuthology.orchestra.run.smithi027.stdout:/usr/bin/ceph: stdout
2024-04-25T13:30:55.401 INFO:teuthology.orchestra.run.smithi027.stdout:/usr/bin/ceph: stdout [osd]
2024-04-25T13:30:55.401 INFO:teuthology.orchestra.run.smithi027.stdout:/usr/bin/ceph: stdout mon_osd_backfillfull_ratio = 0.85
2024-04-25T13:30:55.401 INFO:teuthology.orchestra.run.smithi027.stdout:/usr/bin/ceph: stdout mon_osd_full_ratio = 0.9
2024-04-25T13:30:55.401 INFO:teuthology.orchestra.run.smithi027.stdout:/usr/bin/ceph: stdout mon_osd_nearfull_ratio = 0.8
2024-04-25T13:30:55.401 INFO:teuthology.orchestra.run.smithi027.stdout:/usr/bin/ceph: stdout osd_map_max_advance = 10
2024-04-25T13:30:55.401 INFO:teuthology.orchestra.run.smithi027.stdout:/usr/bin/ceph: stdout osd_sloppy_crc = true
2024-04-25T13:30:55.401 INFO:teuthology.orchestra.run.smithi027.stdout:/usr/bin/ceph: stderr
2024-04-25T13:30:54.617+0000 7f31d909a700 1 Processor -- start
2024-04-25T13:30:55.401 INFO:teuthology.orchestra.run.smithi027.stdout:/usr/bin/ceph: stderr
2024-04-25T13:30:54.617+0000 7f31d909a700 1 -- start start
2024-04-25T13:30:55.401 INFO:teuthology.orchestra.run.smithi027.stdout:/usr/bin/ceph: stderr
2024-04-25T13:30:54.617+0000 7f31d909a700 1 --2- >> [v2:172.21.15.27:3300/0,v1:172.21.15.27:6789/0] conn(0x7f31d407cc00 0x7f31d410c560 unknown :-1 s=NONE pgs=0 cs=0 l=0 rev1=0 crypto rx=0 tx=0 comp rx=0 tx=0).connect
2024-04-25T13:30:55.401 INFO:teuthology.orchestra.run.smithi027.stdout:/usr/bin/ceph: stderr
2024-04-25T13:30:54.617+0000 7f31d909a700 1 -- --> [v2:172.21.15.27:3300/0,v1:172.21.15.27:6789/0] -- mon_getmap magic: 0 -- 0x7f31d410cb30 con 0x7f31d407cc00
2024-04-25T13:30:55.401 INFO:teuthology.orchestra.run.smithi027.stdout:/usr/bin/ceph: stderr
2024-04-25T13:30:54.617+0000 7f31d2d9d700 1 --2- >> [v2:172.21.15.27:3300/0,v1:172.21.15.27:6789/0] conn(0x7f31d407cc00 0x7f31d410c560 unknown :-1 s=BANNER_CONNECTING pgs=0 cs=0 l=0 rev1=0 crypto rx=0 tx=0 comp rx=0 tx=0)._handle_peer_banner_payload supported=3 required=0
2024-04-25T13:30:55.401 INFO:teuthology.orchestra.run.smithi027.stdout:/usr/bin/ceph: stderr
2024-04-25T13:30:54.617+0000 7f31d2d9d700 1 --2- >> [v2:172.21.15.27:3300/0,v1:172.21.15.27:6789/0] conn(0x7f31d407cc00 0x7f31d410c560 unknown :-1 s=HELLO_CONNECTING pgs=0 cs=0 l=0 rev1=1 crypto rx=0 tx=0 comp rx=0 tx=0).handle_hello peer v2:172.21.15.27:3300/0 says I am v2:172.21.15.27:58614/0 (socket says 172.21.15.27:58614)
2024-04-25T13:30:55.401 INFO:teuthology.orchestra.run.smithi027.stdout:/usr/bin/ceph: stderr
2024-04-25T13:30:54.617+0000 7f31d2d9d700 1 -- 172.21.15.27:0/567086264 learned_addr learned my addr 172.21.15.27:0/567086264 (peer_addr_for_me v2:172.21.15.27:0/0)
2024-04-25T13:30:55.401 INFO:teuthology.orchestra.run.smithi027.stdout:/usr/bin/ceph: stderr
2024-04-25T13:30:54.618+0000 7f31d2d9d700 1 -- 172.21.15.27:0/567086264 --> [v2:172.21.15.27:3300/0,v1:172.21.15.27:6789/0] -- mon_subscribe({config=0+,monmap=0+}) -- 0x7f31d410ccb0 con 0x7f31d407cc00
2024-04-25T13:30:55.402 INFO:teuthology.orchestra.run.smithi027.stdout:/usr/bin/ceph: stderr
2024-04-25T13:30:54.618+0000 7f31d2d9d700 1 --2- 172.21.15.27:0/567086264 >> [v2:172.21.15.27:3300/0,v1:172.21.15.27:6789/0] conn(0x7f31d407cc00 0x7f31d410c560 secure :-1 s=READY pgs=20 cs=0 l=1 rev1=1 crypto rx=0x7f31cc0098a0 tx=0x7f31cc009bb0 comp rx=0 tx=0).ready entity=mon.0 client_cookie=d13fa5190de4eb5a server_cookie=0 in_seq=0 out_seq=0
2024-04-25T13:30:55.402 INFO:teuthology.orchestra.run.smithi027.stdout:/usr/bin/ceph: stderr
2024-04-25T13:30:54.618+0000 7f31d1d9b700 1 -- 172.21.15.27:0/567086264 <== mon.0 v2:172.21.15.27:3300/0 1 ==== mon_map magic: 0 ==== 205+0+0 (secure 0 0 0) 0x7f31cc004160 con 0x7f31d407cc00
2024-04-25T13:30:55.402 INFO:teuthology.orchestra.run.smithi027.stdout:/usr/bin/ceph: stderr
2024-04-25T13:30:54.618+0000 7f31d1d9b700 1 -- 172.21.15.27:0/567086264 <== mon.0 v2:172.21.15.27:3300/0 2 ==== config(26 keys) ==== 1070+0+0 (secure 0 0 0) 0x7f31cc004300 con 0x7f31d407cc00
2024-04-25T13:30:55.402 INFO:teuthology.orchestra.run.smithi027.stdout:/usr/bin/ceph: stderr
2024-04-25T13:30:54.618+0000 7f31d1d9b700 1 -- 172.21.15.27:0/567086264 <== mon.0 v2:172.21.15.27:3300/0 3 ==== mon_map magic: 0 ==== 205+0+0 (secure 0 0 0) 0x7f31cc011af0 con 0x7f31d407cc00
2024-04-25T13:30:55.402 INFO:teuthology.orchestra.run.smithi027.stdout:/usr/bin/ceph: stderr
2024-04-25T13:30:54.619+0000 7f31d909a700 1 -- 172.21.15.27:0/567086264 >> [v2:172.21.15.27:3300/0,v1:172.21.15.27:6789/0] conn(0x7f31d407cc00 msgr2=0x7f31d410c560 secure :-1 s=STATE_CONNECTION_ESTABLISHED l=1).mark_down
2024-04-25T13:30:55.402 INFO:teuthology.orchestra.run.smithi027.stdout:/usr/bin/ceph: stderr
2024-04-25T13:30:54.619+0000 7f31d909a700 1 --2- 172.21.15.27:0/567086264 >> [v2:172.21.15.27:3300/0,v1:172.21.15.27:6789/0] conn(0x7f31d407cc00 0x7f31d410c560 secure :-1 s=READY pgs=20 cs=0 l=1 rev1=1 crypto rx=0x7f31cc0098a0 tx=0x7f31cc009bb0 comp rx=0 tx=0).stop
2024-04-25T13:30:55.402 INFO:teuthology.orchestra.run.smithi027.stdout:/usr/bin/ceph: stderr
2024-04-25T13:30:54.619+0000 7f31d909a700 1 -- 172.21.15.27:0/567086264 shutdown_connections
2024-04-25T13:30:55.402 INFO:teuthology.orchestra.run.smithi027.stdout:/usr/bin/ceph: stderr
2024-04-25T13:30:54.619+0000 7f31d909a700 1 --2- 172.21.15.27:0/567086264 >> [v2:172.21.15.27:3300/0,v1:172.21.15.27:6789/0] conn(0x7f31d407cc00 0x7f31d410c560 unknown :-1 s=CLOSED pgs=20 cs=0 l=1 rev1=1 crypto rx=0 tx=0 comp rx=0 tx=0).stop
2024-04-25T13:30:55.402 INFO:teuthology.orchestra.run.smithi027.stdout:/usr/bin/ceph: stderr
2024-04-25T13:30:54.619+0000 7f31d909a700 1 -- 172.21.15.27:0/567086264 >> 172.21.15.27:0/567086264 conn(0x7f31d4103fb0 msgr2=0x7f31d4106400 unknown :-1 s=STATE_NONE l=0).mark_down
2024-04-25T13:30:55.402 INFO:teuthology.orchestra.run.smithi027.stdout:/usr/bin/ceph: stderr
2024-04-25T13:30:54.619+0000 7f31d909a700 1 -- 172.21.15.27:0/567086264 shutdown_connections
2024-04-25T13:30:55.402 INFO:teuthology.orchestra.run.smithi027.stdout:/usr/bin/ceph: stderr
2024-04-25T13:30:54.619+0000 7f31d909a700 1 -- 172.21.15.27:0/567086264 wait complete.
2024-04-25T13:30:55.402 INFO:teuthology.orchestra.run.smithi027.stdout:/usr/bin/ceph: stderr
2024-04-25T13:30:54.620+0000 7f31d909a700 1 Processor -- start
2024-04-25T13:30:55.402 INFO:teuthology.orchestra.run.smithi027.stdout:/usr/bin/ceph: stderr
2024-04-25T13:30:54.620+0000 7f31d909a700 1 -- start start
2024-04-25T13:30:55.403 INFO:teuthology.orchestra.run.smithi027.stdout:/usr/bin/ceph: stderr
2024-04-25T13:30:54.620+0000 7f31d909a700 1 --2- >> [v2:172.21.15.27:3300/0,v1:172.21.15.27:6789/0] conn(0x7f31d407cc00 0x7f31d419dd10 unknown :-1 s=NONE pgs=0 cs=0 l=1 rev1=0 crypto rx=0 tx=0 comp rx=0 tx=0).connect
2024-04-25T13:30:55.403 INFO:teuthology.orchestra.run.smithi027.stdout:/usr/bin/ceph: stderr
2024-04-25T13:30:54.620+0000 7f31d909a700 1 -- --> [v2:172.21.15.27:3300/0,v1:172.21.15.27:6789/0] -- mon_getmap magic: 0 -- 0x7f31d410dd30 con 0x7f31d407cc00
2024-04-25T13:30:55.403 INFO:teuthology.orchestra.run.smithi027.stdout:/usr/bin/ceph: stderr
2024-04-25T13:30:54.620+0000 7f31d2d9d700 1 --2- >> [v2:172.21.15.27:3300/0,v1:172.21.15.27:6789/0] conn(0x7f31d407cc00 0x7f31d419dd10 unknown :-1 s=BANNER_CONNECTING pgs=0 cs=0 l=1 rev1=0 crypto rx=0 tx=0 comp rx=0 tx=0)._handle_peer_banner_payload supported=3 required=0
2024-04-25T13:30:55.403 INFO:teuthology.orchestra.run.smithi027.stdout:/usr/bin/ceph: stderr
2024-04-25T13:30:54.620+0000 7f31d2d9d700 1 --2- >> [v2:172.21.15.27:3300/0,v1:172.21.15.27:6789/0] conn(0x7f31d407cc00 0x7f31d419dd10 unknown :-1 s=HELLO_CONNECTING pgs=0 cs=0 l=1 rev1=1 crypto rx=0 tx=0 comp rx=0 tx=0).handle_hello peer v2:172.21.15.27:3300/0 says I am v2:172.21.15.27:58616/0 (socket says 172.21.15.27:58616)
2024-04-25T13:30:55.403 INFO:teuthology.orchestra.run.smithi027.stdout:/usr/bin/ceph: stderr
2024-04-25T13:30:54.620+0000 7f31d2d9d700 1 -- 172.21.15.27:0/1382170228 learned_addr learned my addr 172.21.15.27:0/1382170228 (peer_addr_for_me v2:172.21.15.27:0/0)
2024-04-25T13:30:55.403 INFO:teuthology.orchestra.run.smithi027.stdout:/usr/bin/ceph: stderr
2024-04-25T13:30:54.621+0000 7f31d2d9d700 1 -- 172.21.15.27:0/1382170228 --> [v2:172.21.15.27:3300/0,v1:172.21.15.27:6789/0] -- mon_subscribe({config=0+,monmap=0+}) -- 0x7f31d419e250 con 0x7f31d407cc00
2024-04-25T13:30:55.403 INFO:teuthology.orchestra.run.smithi027.stdout:/usr/bin/ceph: stderr
2024-04-25T13:30:54.621+0000 7f31d2d9d700 1 --2- 172.21.15.27:0/1382170228 >> [v2:172.21.15.27:3300/0,v1:172.21.15.27:6789/0] conn(0x7f31d407cc00 0x7f31d419dd10 secure :-1 s=READY pgs=21 cs=0 l=1 rev1=1 crypto rx=0x7f31cc0117b0 tx=0x7f31cc011b70 comp rx=0 tx=0).ready entity=mon.0 client_cookie=0 server_cookie=0 in_seq=0 out_seq=0
2024-04-25T13:30:55.403 INFO:teuthology.orchestra.run.smithi027.stdout:/usr/bin/ceph: stderr
2024-04-25T13:30:54.621+0000 7f31cbfff700 1 -- 172.21.15.27:0/1382170228 <== mon.0 v2:172.21.15.27:3300/0 1 ==== mon_map magic: 0 ==== 205+0+0 (secure 0 0 0) 0x7f31cc003af0 con 0x7f31d407cc00
2024-04-25T13:30:55.403 INFO:teuthology.orchestra.run.smithi027.stdout:/usr/bin/ceph: stderr
2024-04-25T13:30:54.621+0000 7f31cbfff700 1 -- 172.21.15.27:0/1382170228 <== mon.0 v2:172.21.15.27:3300/0 2 ==== config(26 keys) ==== 1070+0+0 (secure 0 0 0) 0x7f31cc020070 con 0x7f31d407cc00
2024-04-25T13:30:55.403 INFO:teuthology.orchestra.run.smithi027.stdout:/usr/bin/ceph: stderr
2024-04-25T13:30:54.621+0000 7f31d909a700 1 -- 172.21.15.27:0/1382170228 --> [v2:172.21.15.27:3300/0,v1:172.21.15.27:6789/0] -- mon_subscribe({mgrmap=0+}) -- 0x7f31d419e4e0 con 0x7f31d407cc00
2024-04-25T13:30:55.403 INFO:teuthology.orchestra.run.smithi027.stdout:/usr/bin/ceph: stderr
2024-04-25T13:30:54.621+0000 7f31cbfff700 1 -- 172.21.15.27:0/1382170228 <== mon.0 v2:172.21.15.27:3300/0 3 ==== mon_map magic: 0 ==== 205+0+0 (secure 0 0 0) 0x7f31cc019630 con 0x7f31d407cc00
2024-04-25T13:30:55.403 INFO:teuthology.orchestra.run.smithi027.stdout:/usr/bin/ceph: stderr
2024-04-25T13:30:54.621+0000 7f31d909a700 1 -- 172.21.15.27:0/1382170228 --> [v2:172.21.15.27:3300/0,v1:172.21.15.27:6789/0] -- mon_subscribe({osdmap=0}) -- 0x7f31d41a10e0 con 0x7f31d407cc00
2024-04-25T13:30:55.403 INFO:teuthology.orchestra.run.smithi027.stdout:/usr/bin/ceph: stderr
2024-04-25T13:30:54.622+0000 7f31cbfff700 1 -- 172.21.15.27:0/1382170228 <== mon.0 v2:172.21.15.27:3300/0 4 ==== mgrmap(e 4) ==== 49505+0+0 (secure 0 0 0) 0x7f31cc0198a0 con 0x7f31d407cc00
2024-04-25T13:30:55.404 INFO:teuthology.orchestra.run.smithi027.stdout:/usr/bin/ceph: stderr
2024-04-25T13:30:54.622+0000 7f31d909a700 1 -- 172.21.15.27:0/1382170228 --> [v2:172.21.15.27:3300/0,v1:172.21.15.27:6789/0] -- mon_command({"prefix": "get_command_descriptions"} v 0) -- 0x7f31d4064cf0 con 0x7f31d407cc00
2024-04-25T13:30:55.404 INFO:teuthology.orchestra.run.smithi027.stdout:/usr/bin/ceph: stderr
2024-04-25T13:30:54.623+0000 7f31cbfff700 1 --2- 172.21.15.27:0/1382170228 >> [v2:172.21.15.27:6800/4149968369,v1:172.21.15.27:6801/4149968369] conn(0x7f31c003d570 0x7f31c003fa80 unknown :-1 s=NONE pgs=0 cs=0 l=1 rev1=0 crypto rx=0 tx=0 comp rx=0 tx=0).connect
2024-04-25T13:30:55.404 INFO:teuthology.orchestra.run.smithi027.stdout:/usr/bin/ceph: stderr
2024-04-25T13:30:54.623+0000 7f31cbfff700 1 -- 172.21.15.27:0/1382170228 <== mon.0 v2:172.21.15.27:3300/0 5 ==== osd_map(1..1 src has 1..1) ==== 725+0+0 (secure 0 0 0) 0x7f31cc0528e0 con 0x7f31d407cc00
2024-04-25T13:30:55.404 INFO:teuthology.orchestra.run.smithi027.stdout:/usr/bin/ceph: stderr
2024-04-25T13:30:54.623+0000 7f31d259c700 1 --2- 172.21.15.27:0/1382170228 >> [v2:172.21.15.27:6800/4149968369,v1:172.21.15.27:6801/4149968369] conn(0x7f31c003d570 0x7f31c003fa80 unknown :-1 s=BANNER_CONNECTING pgs=0 cs=0 l=1 rev1=0 crypto rx=0 tx=0 comp rx=0 tx=0)._handle_peer_banner_payload supported=3 required=0
2024-04-25T13:30:55.404 INFO:teuthology.orchestra.run.smithi027.stdout:/usr/bin/ceph: stderr
2024-04-25T13:30:54.623+0000 7f31d259c700 1 --2- 172.21.15.27:0/1382170228 >> [v2:172.21.15.27:6800/4149968369,v1:172.21.15.27:6801/4149968369] conn(0x7f31c003d570 0x7f31c003fa80 secure :-1 s=READY pgs=7 cs=0 l=1 rev1=1 crypto rx=0x7f31bc006fd0 tx=0x7f31bc006e40 comp rx=0 tx=0).ready entity=mgr.14100 client_cookie=0 server_cookie=0 in_seq=0 out_seq=0
2024-04-25T13:30:55.404 INFO:teuthology.orchestra.run.smithi027.stdout:/usr/bin/ceph: stderr
2024-04-25T13:30:54.628+0000 7f31cbfff700 1 -- 172.21.15.27:0/1382170228 <== mon.0 v2:172.21.15.27:3300/0 6 ==== mon_command_ack([{"prefix": "get_command_descriptions"}]=0 v0) ==== 72+0+188370 (secure 0 0 0) 0x7f31cc02bde0 con 0x7f31d407cc00
2024-04-25T13:30:55.404 INFO:teuthology.orchestra.run.smithi027.stdout:/usr/bin/ceph: stderr
2024-04-25T13:30:54.835+0000 7f31d909a700 1 -- 172.21.15.27:0/1382170228 --> [v2:172.21.15.27:3300/0,v1:172.21.15.27:6789/0] -- mon_command({"prefix": "config assimilate-conf"} v 0) -- 0x7f31d41a28e0 con 0x7f31d407cc00
2024-04-25T13:30:55.404 INFO:teuthology.orchestra.run.smithi027.stdout:/usr/bin/ceph: stderr
2024-04-25T13:30:54.837+0000 7f31cbfff700 1 -- 172.21.15.27:0/1382170228 <== mon.0 v2:172.21.15.27:3300/0 7 ==== mon_command_ack([{"prefix": "config assimilate-conf"}]=0 v3) ==== 70+0+409 (secure 0 0 0) 0x7f31cc02ade0 con 0x7f31d407cc00
2024-04-25T13:30:55.404 INFO:teuthology.orchestra.run.smithi027.stdout:/usr/bin/ceph: stderr
2024-04-25T13:30:54.840+0000 7f31d909a700 1 -- 172.21.15.27:0/1382170228 >> [v2:172.21.15.27:6800/4149968369,v1:172.21.15.27:6801/4149968369] conn(0x7f31c003d570 msgr2=0x7f31c003fa80 secure :-1 s=STATE_CONNECTION_ESTABLISHED l=1).mark_down
2024-04-25T13:30:55.404 INFO:teuthology.orchestra.run.smithi027.stdout:/usr/bin/ceph: stderr
2024-04-25T13:30:54.840+0000 7f31d909a700 1 --2- 172.21.15.27:0/1382170228 >> [v2:172.21.15.27:6800/4149968369,v1:172.21.15.27:6801/4149968369] conn(0x7f31c003d570 0x7f31c003fa80 secure :-1 s=READY pgs=7 cs=0 l=1 rev1=1 crypto rx=0x7f31bc006fd0 tx=0x7f31bc006e40 comp rx=0 tx=0).stop
2024-04-25T13:30:55.404 INFO:teuthology.orchestra.run.smithi027.stdout:/usr/bin/ceph: stderr
2024-04-25T13:30:54.840+0000 7f31d909a700 1 -- 172.21.15.27:0/1382170228 >> [v2:172.21.15.27:3300/0,v1:172.21.15.27:6789/0] conn(0x7f31d407cc00 msgr2=0x7f31d419dd10 secure :-1 s=STATE_CONNECTION_ESTABLISHED l=1).mark_down
2024-04-25T13:30:55.404 INFO:teuthology.orchestra.run.smithi027.stdout:/usr/bin/ceph: stderr
2024-04-25T13:30:54.840+0000 7f31d909a700 1 --2- 172.21.15.27:0/1382170228 >> [v2:172.21.15.27:3300/0,v1:172.21.15.27:6789/0] conn(0x7f31d407cc00 0x7f31d419dd10 secure :-1 s=READY pgs=21 cs=0 l=1 rev1=1 crypto rx=0x7f31cc0117b0 tx=0x7f31cc011b70 comp rx=0 tx=0).stop
2024-04-25T13:30:55.404 INFO:teuthology.orchestra.run.smithi027.stdout:/usr/bin/ceph: stderr
2024-04-25T13:30:54.840+0000 7f31d909a700 1 -- 172.21.15.27:0/1382170228 shutdown_connections
2024-04-25T13:30:55.404 INFO:teuthology.orchestra.run.smithi027.stdout:/usr/bin/ceph: stderr
2024-04-25T13:30:54.840+0000 7f31d909a700 1 --2- 172.21.15.27:0/1382170228 >> [v2:172.21.15.27:6800/4149968369,v1:172.21.15.27:6801/4149968369] conn(0x7f31c003d570 0x7f31c003fa80 unknown :-1 s=CLOSED pgs=7 cs=0 l=1 rev1=1 crypto rx=0 tx=0 comp rx=0 tx=0).stop
2024-04-25T13:30:55.405 INFO:teuthology.orchestra.run.smithi027.stdout:/usr/bin/ceph: stderr
2024-04-25T13:30:54.840+0000 7f31d909a700 1 --2- 172.21.15.27:0/1382170228 >> [v2:172.21.15.27:3300/0,v1:172.21.15.27:6789/0] conn(0x7f31d407cc00 0x7f31d419dd10 unknown :-1 s=CLOSED pgs=21 cs=0 l=1 rev1=1 crypto rx=0 tx=0 comp rx=0 tx=0).stop
2024-04-25T13:30:55.405 INFO:teuthology.orchestra.run.smithi027.stdout:/usr/bin/ceph: stderr
2024-04-25T13:30:54.840+0000 7f31d909a700 1 -- 172.21.15.27:0/1382170228 >> 172.21.15.27:0/1382170228 conn(0x7f31d4103fb0 msgr2=0x7f31d4105920 unknown :-1 s=STATE_NONE l=0).mark_down
2024-04-25T13:30:55.405 INFO:teuthology.orchestra.run.smithi027.stdout:/usr/bin/ceph: stderr
2024-04-25T13:30:54.840+0000 7f31d909a700 1 -- 172.21.15.27:0/1382170228 shutdown_connections
2024-04-25T13:30:55.405 INFO:teuthology.orchestra.run.smithi027.stdout:/usr/bin/ceph: stderr
2024-04-25T13:30:54.840+0000 7f31d909a700 1 -- 172.21.15.27:0/1382170228 wait complete.
2024-04-25T13:30:55.405 INFO:teuthology.orchestra.run.smithi027.stdout:Enabling cephadm module...
2024-04-25T13:30:56.364 INFO:journalctl@ceph.mon.a.smithi027.stdout:Apr 25 13:30:56 smithi027 ceph-mon[29140]: from='client.? 172.21.15.27:0/3053737910' entity='client.admin' cmd=[{"prefix": "mgr module enable", "module": "cephadm"}]: dispatch
2024-04-25T13:30:56.364 INFO:journalctl@ceph.mgr.x.smithi027.stdout:Apr 25 13:30:56 smithi027 ceph-db01fc44-0307-11ef-bc93-c7b262605968-mgr-x[29380]: ignoring --setuser ceph since I am not root
2024-04-25T13:30:56.364 INFO:journalctl@ceph.mgr.x.smithi027.stdout:Apr 25 13:30:56 smithi027 ceph-db01fc44-0307-11ef-bc93-c7b262605968-mgr-x[29380]: ignoring --setgroup ceph since I am not root
2024-04-25T13:30:56.364 INFO:journalctl@ceph.mgr.x.smithi027.stdout:Apr 25 13:30:56 smithi027 ceph-db01fc44-0307-11ef-bc93-c7b262605968-mgr-x[29380]:
2024-04-25T13:30:56.363+0000 7fb077313200 -1 mgr[py] Module balancer has missing NOTIFY_TYPES member
2024-04-25T13:30:56.651 INFO:journalctl@ceph.mgr.x.smithi027.stdout:Apr 25 13:30:56 smithi027 ceph-db01fc44-0307-11ef-bc93-c7b262605968-mgr-x[29380]:
2024-04-25T13:30:56.558+0000 7fb077313200 -1 mgr[py] Module orchestrator has missing NOTIFY_TYPES member
2024-04-25T13:30:56.755 INFO:teuthology.orchestra.run.smithi027.stdout:/usr/bin/ceph: stderr
2024-04-25T13:30:55.831+0000 7fc4e3d5b700 1 Processor -- start
2024-04-25T13:30:56.755 INFO:teuthology.orchestra.run.smithi027.stdout:/usr/bin/ceph: stderr
2024-04-25T13:30:55.831+0000 7fc4e3d5b700 1 -- start start
2024-04-25T13:30:56.755 INFO:teuthology.orchestra.run.smithi027.stdout:/usr/bin/ceph: stderr
2024-04-25T13:30:55.832+0000 7fc4e3d5b700 1 --2- >> [v2:172.21.15.27:3300/0,v1:172.21.15.27:6789/0] conn(0x7fc4dc109de0 0x7fc4dc10a1f0 unknown :-1 s=NONE pgs=0 cs=0 l=0 rev1=0 crypto rx=0 tx=0 comp rx=0 tx=0).connect
2024-04-25T13:30:56.755 INFO:teuthology.orchestra.run.smithi027.stdout:/usr/bin/ceph: stderr
2024-04-25T13:30:55.832+0000 7fc4e3d5b700 1 -- --> [v2:172.21.15.27:3300/0,v1:172.21.15.27:6789/0] -- mon_getmap magic: 0 -- 0x7fc4dc10a7e0 con 0x7fc4dc109de0
2024-04-25T13:30:56.755 INFO:teuthology.orchestra.run.smithi027.stdout:/usr/bin/ceph: stderr
2024-04-25T13:30:55.832+0000 7fc4e1af7700 1 --2- >> [v2:172.21.15.27:3300/0,v1:172.21.15.27:6789/0] conn(0x7fc4dc109de0 0x7fc4dc10a1f0 unknown :-1 s=BANNER_CONNECTING pgs=0 cs=0 l=0 rev1=0 crypto rx=0 tx=0 comp rx=0 tx=0)._handle_peer_banner_payload supported=3 required=0
2024-04-25T13:30:56.755 INFO:teuthology.orchestra.run.smithi027.stdout:/usr/bin/ceph: stderr
2024-04-25T13:30:55.832+0000 7fc4e1af7700 1 --2- >> [v2:172.21.15.27:3300/0,v1:172.21.15.27:6789/0] conn(0x7fc4dc109de0 0x7fc4dc10a1f0 unknown :-1 s=HELLO_CONNECTING pgs=0 cs=0 l=0 rev1=1 crypto rx=0 tx=0 comp rx=0 tx=0).handle_hello peer v2:172.21.15.27:3300/0 says I am v2:172.21.15.27:58618/0 (socket says 172.21.15.27:58618)
