2024-04-25T13:31:20.685+0000 7f4b66ffd700 1 --2- 172.21.15.27:0/2607551523 >> [v2:172.21.15.27:3300/0,v1:172.21.15.27:6789/0] conn(0x7f4b6807ecb0 0x7f4b6807d1d0 secure :-1 s=READY pgs=53 cs=0 l=1 rev1=1 crypto rx=0x7f4b580098a0 tx=0x7f4b58009bb0 comp rx=0 tx=0).ready entity=mon.0 client_cookie=6f0e90b38e43688c server_cookie=0 in_seq=0 out_seq=0
2024-04-25T13:31:21.545 INFO:teuthology.orchestra.run.smithi027.stdout:/usr/bin/ceph: stderr
2024-04-25T13:31:20.685+0000 7f4b667fc700 1 -- 172.21.15.27:0/2607551523 <== mon.0 v2:172.21.15.27:3300/0 1 ==== mon_map magic: 0 ==== 205+0+0 (secure 0 0 0) 0x7f4b58004160 con 0x7f4b6807ecb0
2024-04-25T13:31:21.545 INFO:teuthology.orchestra.run.smithi027.stdout:/usr/bin/ceph: stderr
2024-04-25T13:31:20.686+0000 7f4b667fc700 1 -- 172.21.15.27:0/2607551523 <== mon.0 v2:172.21.15.27:3300/0 2 ==== config(26 keys) ==== 1101+0+0 (secure 0 0 0) 0x7f4b58004300 con 0x7f4b6807ecb0
2024-04-25T13:31:21.545 INFO:teuthology.orchestra.run.smithi027.stdout:/usr/bin/ceph: stderr
2024-04-25T13:31:20.686+0000 7f4b667fc700 1 -- 172.21.15.27:0/2607551523 <== mon.0 v2:172.21.15.27:3300/0 3 ==== mon_map magic: 0 ==== 205+0+0 (secure 0 0 0) 0x7f4b58011a20 con 0x7f4b6807ecb0
2024-04-25T13:31:21.545 INFO:teuthology.orchestra.run.smithi027.stdout:/usr/bin/ceph: stderr
2024-04-25T13:31:20.686+0000 7f4b6d7f2700 1 -- 172.21.15.27:0/2607551523 >> [v2:172.21.15.27:3300/0,v1:172.21.15.27:6789/0] conn(0x7f4b6807ecb0 msgr2=0x7f4b6807d1d0 secure :-1 s=STATE_CONNECTION_ESTABLISHED l=1).mark_down
2024-04-25T13:31:21.545 INFO:teuthology.orchestra.run.smithi027.stdout:/usr/bin/ceph: stderr
2024-04-25T13:31:20.686+0000 7f4b6d7f2700 1 --2- 172.21.15.27:0/2607551523 >> [v2:172.21.15.27:3300/0,v1:172.21.15.27:6789/0] conn(0x7f4b6807ecb0 0x7f4b6807d1d0 secure :-1 s=READY pgs=53 cs=0 l=1 rev1=1 crypto rx=0x7f4b580098a0 tx=0x7f4b58009bb0 comp rx=0 tx=0).stop
2024-04-25T13:31:21.545 INFO:teuthology.orchestra.run.smithi027.stdout:/usr/bin/ceph: stderr
2024-04-25T13:31:20.686+0000 7f4b6d7f2700 1 -- 172.21.15.27:0/2607551523 shutdown_connections
2024-04-25T13:31:21.545 INFO:teuthology.orchestra.run.smithi027.stdout:/usr/bin/ceph: stderr
2024-04-25T13:31:20.686+0000 7f4b6d7f2700 1 --2- 172.21.15.27:0/2607551523 >> [v2:172.21.15.27:3300/0,v1:172.21.15.27:6789/0] conn(0x7f4b6807ecb0 0x7f4b6807d1d0 unknown :-1 s=CLOSED pgs=53 cs=0 l=1 rev1=1 crypto rx=0 tx=0 comp rx=0 tx=0).stop
2024-04-25T13:31:21.545 INFO:teuthology.orchestra.run.smithi027.stdout:/usr/bin/ceph: stderr
2024-04-25T13:31:20.686+0000 7f4b6d7f2700 1 -- 172.21.15.27:0/2607551523 >> 172.21.15.27:0/2607551523 conn(0x7f4b681050b0 msgr2=0x7f4b68107540 unknown :-1 s=STATE_NONE l=0).mark_down
2024-04-25T13:31:21.546 INFO:teuthology.orchestra.run.smithi027.stdout:/usr/bin/ceph: stderr
2024-04-25T13:31:20.686+0000 7f4b6d7f2700 1 -- 172.21.15.27:0/2607551523 shutdown_connections
2024-04-25T13:31:21.546 INFO:teuthology.orchestra.run.smithi027.stdout:/usr/bin/ceph: stderr
2024-04-25T13:31:20.686+0000 7f4b6d7f2700 1 -- 172.21.15.27:0/2607551523 wait complete.
2024-04-25T13:31:21.546 INFO:teuthology.orchestra.run.smithi027.stdout:/usr/bin/ceph: stderr
2024-04-25T13:31:20.687+0000 7f4b6d7f2700 1 Processor -- start
2024-04-25T13:31:21.546 INFO:teuthology.orchestra.run.smithi027.stdout:/usr/bin/ceph: stderr
2024-04-25T13:31:20.687+0000 7f4b6d7f2700 1 -- start start
2024-04-25T13:31:21.546 INFO:teuthology.orchestra.run.smithi027.stdout:/usr/bin/ceph: stderr
2024-04-25T13:31:20.687+0000 7f4b6d7f2700 1 --2- >> [v2:172.21.15.27:3300/0,v1:172.21.15.27:6789/0] conn(0x7f4b6807ecb0 0x7f4b6819ff00 unknown :-1 s=NONE pgs=0 cs=0 l=1 rev1=0 crypto rx=0 tx=0 comp rx=0 tx=0).connect
2024-04-25T13:31:21.546 INFO:teuthology.orchestra.run.smithi027.stdout:/usr/bin/ceph: stderr
2024-04-25T13:31:20.687+0000 7f4b6d7f2700 1 -- --> [v2:172.21.15.27:3300/0,v1:172.21.15.27:6789/0] -- mon_getmap magic: 0 -- 0x7f4b6810ffb0 con 0x7f4b6807ecb0
2024-04-25T13:31:21.546 INFO:teuthology.orchestra.run.smithi027.stdout:/usr/bin/ceph: stderr
2024-04-25T13:31:20.687+0000 7f4b66ffd700 1 --2- >> [v2:172.21.15.27:3300/0,v1:172.21.15.27:6789/0] conn(0x7f4b6807ecb0 0x7f4b6819ff00 unknown :-1 s=BANNER_CONNECTING pgs=0 cs=0 l=1 rev1=0 crypto rx=0 tx=0 comp rx=0 tx=0)._handle_peer_banner_payload supported=3 required=0
2024-04-25T13:31:21.546 INFO:teuthology.orchestra.run.smithi027.stdout:/usr/bin/ceph: stderr
2024-04-25T13:31:20.687+0000 7f4b66ffd700 1 --2- >> [v2:172.21.15.27:3300/0,v1:172.21.15.27:6789/0] conn(0x7f4b6807ecb0 0x7f4b6819ff00 unknown :-1 s=HELLO_CONNECTING pgs=0 cs=0 l=1 rev1=1 crypto rx=0 tx=0 comp rx=0 tx=0).handle_hello peer v2:172.21.15.27:3300/0 says I am v2:172.21.15.27:57476/0 (socket says 172.21.15.27:57476)
2024-04-25T13:31:21.546 INFO:teuthology.orchestra.run.smithi027.stdout:/usr/bin/ceph: stderr
2024-04-25T13:31:20.687+0000 7f4b66ffd700 1 -- 172.21.15.27:0/2754527589 learned_addr learned my addr 172.21.15.27:0/2754527589 (peer_addr_for_me v2:172.21.15.27:0/0)
2024-04-25T13:31:21.546 INFO:teuthology.orchestra.run.smithi027.stdout:/usr/bin/ceph: stderr
2024-04-25T13:31:20.688+0000 7f4b66ffd700 1 -- 172.21.15.27:0/2754527589 --> [v2:172.21.15.27:3300/0,v1:172.21.15.27:6789/0] -- mon_subscribe({config=0+,monmap=0+}) -- 0x7f4b681a0440 con 0x7f4b6807ecb0
2024-04-25T13:31:21.546 INFO:teuthology.orchestra.run.smithi027.stdout:/usr/bin/ceph: stderr
2024-04-25T13:31:20.688+0000 7f4b66ffd700 1 --2- 172.21.15.27:0/2754527589 >> [v2:172.21.15.27:3300/0,v1:172.21.15.27:6789/0] conn(0x7f4b6807ecb0 0x7f4b6819ff00 secure :-1 s=READY pgs=54 cs=0 l=1 rev1=1 crypto rx=0x7f4b58000c00 tx=0x7f4b58011aa0 comp rx=0 tx=0).ready entity=mon.0 client_cookie=0 server_cookie=0 in_seq=0 out_seq=0
2024-04-25T13:31:21.546 INFO:teuthology.orchestra.run.smithi027.stdout:/usr/bin/ceph: stderr
2024-04-25T13:31:20.688+0000 7f4b64ff9700 1 -- 172.21.15.27:0/2754527589 <== mon.0 v2:172.21.15.27:3300/0 1 ==== mon_map magic: 0 ==== 205+0+0 (secure 0 0 0) 0x7f4b58003aa0 con 0x7f4b6807ecb0
2024-04-25T13:31:21.546 INFO:teuthology.orchestra.run.smithi027.stdout:/usr/bin/ceph: stderr
2024-04-25T13:31:20.688+0000 7f4b64ff9700 1 -- 172.21.15.27:0/2754527589 <== mon.0 v2:172.21.15.27:3300/0 2 ==== config(26 keys) ==== 1101+0+0 (secure 0 0 0) 0x7f4b5801b8f0 con 0x7f4b6807ecb0
2024-04-25T13:31:21.547 INFO:teuthology.orchestra.run.smithi027.stdout:/usr/bin/ceph: stderr
2024-04-25T13:31:20.688+0000 7f4b64ff9700 1 -- 172.21.15.27:0/2754527589 <== mon.0 v2:172.21.15.27:3300/0 3 ==== mon_map magic: 0 ==== 205+0+0 (secure 0 0 0) 0x7f4b58023890 con 0x7f4b6807ecb0
2024-04-25T13:31:21.547 INFO:teuthology.orchestra.run.smithi027.stdout:/usr/bin/ceph: stderr
2024-04-25T13:31:20.688+0000 7f4b6d7f2700 1 -- 172.21.15.27:0/2754527589 --> [v2:172.21.15.27:3300/0,v1:172.21.15.27:6789/0] -- mon_subscribe({mgrmap=0+}) -- 0x7f4b681a06d0 con 0x7f4b6807ecb0
2024-04-25T13:31:21.547 INFO:teuthology.orchestra.run.smithi027.stdout:/usr/bin/ceph: stderr
2024-04-25T13:31:20.688+0000 7f4b6d7f2700 1 -- 172.21.15.27:0/2754527589 --> [v2:172.21.15.27:3300/0,v1:172.21.15.27:6789/0] -- mon_subscribe({osdmap=0}) -- 0x7f4b681a0af0 con 0x7f4b6807ecb0
2024-04-25T13:31:21.547 INFO:teuthology.orchestra.run.smithi027.stdout:/usr/bin/ceph: stderr
2024-04-25T13:31:20.689+0000 7f4b64ff9700 1 -- 172.21.15.27:0/2754527589 <== mon.0 v2:172.21.15.27:3300/0 4 ==== mgrmap(e 8) ==== 49516+0+0 (secure 0 0 0) 0x7f4b5802c3f0 con 0x7f4b6807ecb0
2024-04-25T13:31:21.547 INFO:teuthology.orchestra.run.smithi027.stdout:/usr/bin/ceph: stderr
2024-04-25T13:31:20.689+0000 7f4b6d7f2700 1 -- 172.21.15.27:0/2754527589 --> [v2:172.21.15.27:3300/0,v1:172.21.15.27:6789/0] -- mon_command({"prefix": "get_command_descriptions"} v 0) -- 0x7f4b68064cf0 con 0x7f4b6807ecb0
2024-04-25T13:31:21.547 INFO:teuthology.orchestra.run.smithi027.stdout:/usr/bin/ceph: stderr
2024-04-25T13:31:20.690+0000 7f4b64ff9700 1 --2- 172.21.15.27:0/2754527589 >> [v2:172.21.15.27:6800/1748672481,v1:172.21.15.27:6801/1748672481] conn(0x7f4b5403d5c0 0x7f4b5403fad0 unknown :-1 s=NONE pgs=0 cs=0 l=1 rev1=0 crypto rx=0 tx=0 comp rx=0 tx=0).connect
2024-04-25T13:31:21.547 INFO:teuthology.orchestra.run.smithi027.stdout:/usr/bin/ceph: stderr
2024-04-25T13:31:20.690+0000 7f4b64ff9700 1 -- 172.21.15.27:0/2754527589 <== mon.0 v2:172.21.15.27:3300/0 5 ==== osd_map(2..2 src has 1..2) ==== 940+0+0 (secure 0 0 0) 0x7f4b58052d70 con 0x7f4b6807ecb0
2024-04-25T13:31:21.547 INFO:teuthology.orchestra.run.smithi027.stdout:/usr/bin/ceph: stderr
2024-04-25T13:31:20.690+0000 7f4b5ffff700 1 --2- 172.21.15.27:0/2754527589 >> [v2:172.21.15.27:6800/1748672481,v1:172.21.15.27:6801/1748672481] conn(0x7f4b5403d5c0 0x7f4b5403fad0 unknown :-1 s=BANNER_CONNECTING pgs=0 cs=0 l=1 rev1=0 crypto rx=0 tx=0 comp rx=0 tx=0)._handle_peer_banner_payload supported=3 required=0
2024-04-25T13:31:21.547 INFO:teuthology.orchestra.run.smithi027.stdout:/usr/bin/ceph: stderr
2024-04-25T13:31:20.690+0000 7f4b5ffff700 1 --2- 172.21.15.27:0/2754527589 >> [v2:172.21.15.27:6800/1748672481,v1:172.21.15.27:6801/1748672481] conn(0x7f4b5403d5c0 0x7f4b5403fad0 secure :-1 s=READY pgs=15 cs=0 l=1 rev1=1 crypto rx=0x7f4b50006fd0 tx=0x7f4b50006e40 comp rx=0 tx=0).ready entity=mgr.14120 client_cookie=0 server_cookie=0 in_seq=0 out_seq=0
2024-04-25T13:31:21.547 INFO:teuthology.orchestra.run.smithi027.stdout:/usr/bin/ceph: stderr
2024-04-25T13:31:20.695+0000 7f4b64ff9700 1 -- 172.21.15.27:0/2754527589 <== mon.0 v2:172.21.15.27:3300/0 6 ==== mon_command_ack([{"prefix": "get_command_descriptions"}]=0 v0) ==== 72+0+188370 (secure 0 0 0) 0x7f4b58057070 con 0x7f4b6807ecb0
2024-04-25T13:31:21.547 INFO:teuthology.orchestra.run.smithi027.stdout:/usr/bin/ceph: stderr
2024-04-25T13:31:20.903+0000 7f4b6d7f2700 1 -- 172.21.15.27:0/2754527589 --> [v2:172.21.15.27:3300/0,v1:172.21.15.27:6789/0] -- mon_command([{prefix=config set, name=mgr/dashboard/ssl_server_port}] v 0) -- 0x7f4b681a34c0 con 0x7f4b6807ecb0
2024-04-25T13:31:21.547 INFO:teuthology.orchestra.run.smithi027.stdout:/usr/bin/ceph: stderr
2024-04-25T13:31:20.906+0000 7f4b64ff9700 1 -- 172.21.15.27:0/2754527589 <== mon.0 v2:172.21.15.27:3300/0 7 ==== mon_command_ack([{prefix=config set, name=mgr/dashboard/ssl_server_port}]=0 v8)=0 v8) ==== 130+0+0 (secure 0 0 0) 0x7f4b5801f030 con 0x7f4b6807ecb0
2024-04-25T13:31:21.547 INFO:teuthology.orchestra.run.smithi027.stdout:/usr/bin/ceph: stderr
2024-04-25T13:31:20.909+0000 7f4b6d7f2700 1 -- 172.21.15.27:0/2754527589 >> [v2:172.21.15.27:6800/1748672481,v1:172.21.15.27:6801/1748672481] conn(0x7f4b5403d5c0 msgr2=0x7f4b5403fad0 secure :-1 s=STATE_CONNECTION_ESTABLISHED l=1).mark_down
2024-04-25T13:31:21.548 INFO:teuthology.orchestra.run.smithi027.stdout:/usr/bin/ceph: stderr
2024-04-25T13:31:20.909+0000 7f4b6d7f2700 1 --2- 172.21.15.27:0/2754527589 >> [v2:172.21.15.27:6800/1748672481,v1:172.21.15.27:6801/1748672481] conn(0x7f4b5403d5c0 0x7f4b5403fad0 secure :-1 s=READY pgs=15 cs=0 l=1 rev1=1 crypto rx=0x7f4b50006fd0 tx=0x7f4b50006e40 comp rx=0 tx=0).stop
2024-04-25T13:31:21.548 INFO:teuthology.orchestra.run.smithi027.stdout:/usr/bin/ceph: stderr
2024-04-25T13:31:20.909+0000 7f4b6d7f2700 1 -- 172.21.15.27:0/2754527589 >> [v2:172.21.15.27:3300/0,v1:172.21.15.27:6789/0] conn(0x7f4b6807ecb0 msgr2=0x7f4b6819ff00 secure :-1 s=STATE_CONNECTION_ESTABLISHED l=1).mark_down
2024-04-25T13:31:21.548 INFO:teuthology.orchestra.run.smithi027.stdout:/usr/bin/ceph: stderr
2024-04-25T13:31:20.909+0000 7f4b6d7f2700 1 --2- 172.21.15.27:0/2754527589 >> [v2:172.21.15.27:3300/0,v1:172.21.15.27:6789/0] conn(0x7f4b6807ecb0 0x7f4b6819ff00 secure :-1 s=READY pgs=54 cs=0 l=1 rev1=1 crypto rx=0x7f4b58000c00 tx=0x7f4b58011aa0 comp rx=0 tx=0).stop
2024-04-25T13:31:21.548 INFO:teuthology.orchestra.run.smithi027.stdout:/usr/bin/ceph: stderr
2024-04-25T13:31:20.909+0000 7f4b6d7f2700 1 -- 172.21.15.27:0/2754527589 shutdown_connections
2024-04-25T13:31:21.548 INFO:teuthology.orchestra.run.smithi027.stdout:/usr/bin/ceph: stderr
2024-04-25T13:31:20.909+0000 7f4b6d7f2700 1 --2- 172.21.15.27:0/2754527589 >> [v2:172.21.15.27:6800/1748672481,v1:172.21.15.27:6801/1748672481] conn(0x7f4b5403d5c0 0x7f4b5403fad0 unknown :-1 s=CLOSED pgs=15 cs=0 l=1 rev1=1 crypto rx=0 tx=0 comp rx=0 tx=0).stop
2024-04-25T13:31:21.548 INFO:teuthology.orchestra.run.smithi027.stdout:/usr/bin/ceph: stderr
2024-04-25T13:31:20.909+0000 7f4b6d7f2700 1 --2- 172.21.15.27:0/2754527589 >> [v2:172.21.15.27:3300/0,v1:172.21.15.27:6789/0] conn(0x7f4b6807ecb0 0x7f4b6819ff00 unknown :-1 s=CLOSED pgs=54 cs=0 l=1 rev1=1 crypto rx=0 tx=0 comp rx=0 tx=0).stop
2024-04-25T13:31:21.548 INFO:teuthology.orchestra.run.smithi027.stdout:/usr/bin/ceph: stderr
2024-04-25T13:31:20.909+0000 7f4b6d7f2700 1 -- 172.21.15.27:0/2754527589 >> 172.21.15.27:0/2754527589 conn(0x7f4b681050b0 msgr2=0x7f4b68105910 unknown :-1 s=STATE_NONE l=0).mark_down
2024-04-25T13:31:21.548 INFO:teuthology.orchestra.run.smithi027.stdout:/usr/bin/ceph: stderr
2024-04-25T13:31:20.909+0000 7f4b6d7f2700 1 -- 172.21.15.27:0/2754527589 shutdown_connections
2024-04-25T13:31:21.548 INFO:teuthology.orchestra.run.smithi027.stdout:/usr/bin/ceph: stderr
2024-04-25T13:31:20.909+0000 7f4b6d7f2700 1 -- 172.21.15.27:0/2754527589 wait complete.
2024-04-25T13:31:21.548 INFO:teuthology.orchestra.run.smithi027.stdout:Enabling the dashboard module...
2024-04-25T13:31:22.130 INFO:journalctl@ceph.mon.a.smithi027.stdout:Apr 25 13:31:21 smithi027 ceph-mon[29140]: from='client.? 172.21.15.27:0/2754527589' entity='client.admin'
2024-04-25T13:31:23.151 INFO:journalctl@ceph.mon.a.smithi027.stdout:Apr 25 13:31:22 smithi027 ceph-mon[29140]: from='mgr.14120 172.21.15.27:0/3096706268' entity='mgr.x'
2024-04-25T13:31:23.151 INFO:journalctl@ceph.mon.a.smithi027.stdout:Apr 25 13:31:22 smithi027 ceph-mon[29140]: from='client.? 172.21.15.27:0/251021789' entity='client.admin' cmd=[{"prefix": "mgr module enable", "module": "dashboard"}]: dispatch
2024-04-25T13:31:23.151 INFO:journalctl@ceph.mgr.x.smithi027.stdout:Apr 25 13:31:23 smithi027 ceph-db01fc44-0307-11ef-bc93-c7b262605968-mgr-x[29380]: ignoring --setuser ceph since I am not root
2024-04-25T13:31:23.152 INFO:journalctl@ceph.mgr.x.smithi027.stdout:Apr 25 13:31:23 smithi027 ceph-db01fc44-0307-11ef-bc93-c7b262605968-mgr-x[29380]: ignoring --setgroup ceph since I am not root
2024-04-25T13:31:23.489 INFO:journalctl@ceph.mgr.x.smithi027.stdout:Apr 25 13:31:23 smithi027 ceph-db01fc44-0307-11ef-bc93-c7b262605968-mgr-x[29380]:
2024-04-25T13:31:23.181+0000 7f1089b1b200 -1 mgr[py] Module balancer has missing NOTIFY_TYPES member
2024-04-25T13:31:23.489 INFO:journalctl@ceph.mgr.x.smithi027.stdout:Apr 25 13:31:23 smithi027 ceph-db01fc44-0307-11ef-bc93-c7b262605968-mgr-x[29380]:
2024-04-25T13:31:23.379+0000 7f1089b1b200 -1 mgr[py] Module orchestrator has missing NOTIFY_TYPES member
2024-04-25T13:31:23.489 INFO:journalctl@ceph.mgr.x.smithi027.stdout:Apr 25 13:31:23 smithi027 ceph-db01fc44-0307-11ef-bc93-c7b262605968-mgr-x[29380]:
2024-04-25T13:31:23.488+0000 7f1089b1b200 -1 mgr[py] Module snap_schedule has missing NOTIFY_TYPES member
2024-04-25T13:31:23.595 INFO:teuthology.orchestra.run.smithi027.stdout:/usr/bin/ceph: stderr
2024-04-25T13:31:22.505+0000 7fc613bd4700 1 Processor -- start
2024-04-25T13:31:23.595 INFO:teuthology.orchestra.run.smithi027.stdout:/usr/bin/ceph: stderr
2024-04-25T13:31:22.506+0000 7fc613bd4700 1 -- start start
2024-04-25T13:31:23.595 INFO:teuthology.orchestra.run.smithi027.stdout:/usr/bin/ceph: stderr
2024-04-25T13:31:22.506+0000 7fc613bd4700 1 --2- >> [v2:172.21.15.27:3300/0,v1:172.21.15.27:6789/0] conn(0x7fc60c1088d0 0x7fc60c108ce0 unknown :-1 s=NONE pgs=0 cs=0 l=0 rev1=0 crypto rx=0 tx=0 comp rx=0 tx=0).connect
2024-04-25T13:31:23.595 INFO:teuthology.orchestra.run.smithi027.stdout:/usr/bin/ceph: stderr
2024-04-25T13:31:22.506+0000 7fc613bd4700 1 -- --> [v2:172.21.15.27:3300/0,v1:172.21.15.27:6789/0] -- mon_getmap magic: 0 -- 0x7fc60c1092d0 con 0x7fc60c1088d0
2024-04-25T13:31:23.595 INFO:teuthology.orchestra.run.smithi027.stdout:/usr/bin/ceph: stderr
2024-04-25T13:31:22.506+0000 7fc611970700 1 --2- >> [v2:172.21.15.27:3300/0,v1:172.21.15.27:6789/0] conn(0x7fc60c1088d0 0x7fc60c108ce0 unknown :-1 s=BANNER_CONNECTING pgs=0 cs=0 l=0 rev1=0 crypto rx=0 tx=0 comp rx=0 tx=0)._handle_peer_banner_payload supported=3 required=0
2024-04-25T13:31:23.595 INFO:teuthology.orchestra.run.smithi027.stdout:/usr/bin/ceph: stderr
2024-04-25T13:31:22.506+0000 7fc611970700 1 --2- >> [v2:172.21.15.27:3300/0,v1:172.21.15.27:6789/0] conn(0x7fc60c1088d0 0x7fc60c108ce0 unknown :-1 s=HELLO_CONNECTING pgs=0 cs=0 l=0 rev1=1 crypto rx=0 tx=0 comp rx=0 tx=0).handle_hello peer v2:172.21.15.27:3300/0 says I am v2:172.21.15.27:57492/0 (socket says 172.21.15.27:57492)
2024-04-25T13:31:23.595 INFO:teuthology.orchestra.run.smithi027.stdout:/usr/bin/ceph: stderr
2024-04-25T13:31:22.506+0000 7fc611970700 1 -- 172.21.15.27:0/1667067965 learned_addr learned my addr 172.21.15.27:0/1667067965 (peer_addr_for_me v2:172.21.15.27:0/0)
2024-04-25T13:31:23.595 INFO:teuthology.orchestra.run.smithi027.stdout:/usr/bin/ceph: stderr
2024-04-25T13:31:22.506+0000 7fc611970700 1 -- 172.21.15.27:0/1667067965 --> [v2:172.21.15.27:3300/0,v1:172.21.15.27:6789/0] -- mon_subscribe({config=0+,monmap=0+}) -- 0x7fc60c109a00 con 0x7fc60c1088d0
2024-04-25T13:31:23.595 INFO:teuthology.orchestra.run.smithi027.stdout:/usr/bin/ceph: stderr
2024-04-25T13:31:22.506+0000 7fc611970700 1 --2- 172.21.15.27:0/1667067965 >> [v2:172.21.15.27:3300/0,v1:172.21.15.27:6789/0] conn(0x7fc60c1088d0 0x7fc60c108ce0 secure :-1 s=READY pgs=55 cs=0 l=1 rev1=1 crypto rx=0x7fc6080098a0 tx=0x7fc608009bb0 comp rx=0 tx=0).ready entity=mon.0 client_cookie=cfe1fd06bbd0dd1a server_cookie=0 in_seq=0 out_seq=0
2024-04-25T13:31:23.596 INFO:teuthology.orchestra.run.smithi027.stdout:/usr/bin/ceph: stderr
2024-04-25T13:31:22.507+0000 7fc61096e700 1 -- 172.21.15.27:0/1667067965 <== mon.0 v2:172.21.15.27:3300/0 1 ==== mon_map magic: 0 ==== 205+0+0 (secure 0 0 0) 0x7fc608004160 con 0x7fc60c1088d0
2024-04-25T13:31:23.596 INFO:teuthology.orchestra.run.smithi027.stdout:/usr/bin/ceph: stderr
2024-04-25T13:31:22.507+0000 7fc61096e700 1 -- 172.21.15.27:0/1667067965 <== mon.0 v2:172.21.15.27:3300/0 2 ==== config(26 keys) ==== 1101+0+0 (secure 0 0 0) 0x7fc608004300 con 0x7fc60c1088d0
2024-04-25T13:31:23.596 INFO:teuthology.orchestra.run.smithi027.stdout:/usr/bin/ceph: stderr
2024-04-25T13:31:22.507+0000 7fc61096e700 1 -- 172.21.15.27:0/1667067965 <== mon.0 v2:172.21.15.27:3300/0 3 ==== mon_map magic: 0 ==== 205+0+0 (secure 0 0 0) 0x7fc608011a20 con 0x7fc60c1088d0
2024-04-25T13:31:23.596 INFO:teuthology.orchestra.run.smithi027.stdout:/usr/bin/ceph: stderr
2024-04-25T13:31:22.507+0000 7fc613bd4700 1 -- 172.21.15.27:0/1667067965 >> [v2:172.21.15.27:3300/0,v1:172.21.15.27:6789/0] conn(0x7fc60c1088d0 msgr2=0x7fc60c108ce0 secure :-1 s=STATE_CONNECTION_ESTABLISHED l=1).mark_down
2024-04-25T13:31:23.596 INFO:teuthology.orchestra.run.smithi027.stdout:/usr/bin/ceph: stderr
2024-04-25T13:31:22.507+0000 7fc613bd4700 1 --2- 172.21.15.27:0/1667067965 >> [v2:172.21.15.27:3300/0,v1:172.21.15.27:6789/0] conn(0x7fc60c1088d0 0x7fc60c108ce0 secure :-1 s=READY pgs=55 cs=0 l=1 rev1=1 crypto rx=0x7fc6080098a0 tx=0x7fc608009bb0 comp rx=0 tx=0).stop
2024-04-25T13:31:23.596 INFO:teuthology.orchestra.run.smithi027.stdout:/usr/bin/ceph: stderr
2024-04-25T13:31:22.507+0000 7fc613bd4700 1 -- 172.21.15.27:0/1667067965 shutdown_connections
2024-04-25T13:31:23.596 INFO:teuthology.orchestra.run.smithi027.stdout:/usr/bin/ceph: stderr
2024-04-25T13:31:22.507+0000 7fc613bd4700 1 --2- 172.21.15.27:0/1667067965 >> [v2:172.21.15.27:3300/0,v1:172.21.15.27:6789/0] conn(0x7fc60c1088d0 0x7fc60c108ce0 unknown :-1 s=CLOSED pgs=55 cs=0 l=1 rev1=1 crypto rx=0 tx=0 comp rx=0 tx=0).stop
2024-04-25T13:31:23.596 INFO:teuthology.orchestra.run.smithi027.stdout:/usr/bin/ceph: stderr
2024-04-25T13:31:22.508+0000 7fc613bd4700 1 -- 172.21.15.27:0/1667067965 >> 172.21.15.27:0/1667067965 conn(0x7fc60c103f10 msgr2=0x7fc60c1063c0 unknown :-1 s=STATE_NONE l=0).mark_down
2024-04-25T13:31:23.596 INFO:teuthology.orchestra.run.smithi027.stdout:/usr/bin/ceph: stderr
2024-04-25T13:31:22.508+0000 7fc613bd4700 1 -- 172.21.15.27:0/1667067965 shutdown_connections
2024-04-25T13:31:23.596 INFO:teuthology.orchestra.run.smithi027.stdout:/usr/bin/ceph: stderr
2024-04-25T13:31:22.508+0000 7fc613bd4700 1 -- 172.21.15.27:0/1667067965 wait complete.
2024-04-25T13:31:23.597 INFO:teuthology.orchestra.run.smithi027.stdout:/usr/bin/ceph: stderr
2024-04-25T13:31:22.508+0000 7fc613bd4700 1 Processor -- start
2024-04-25T13:31:23.597 INFO:teuthology.orchestra.run.smithi027.stdout:/usr/bin/ceph: stderr
2024-04-25T13:31:22.508+0000 7fc613bd4700 1 -- start start
2024-04-25T13:31:23.597 INFO:teuthology.orchestra.run.smithi027.stdout:/usr/bin/ceph: stderr
2024-04-25T13:31:22.509+0000 7fc613bd4700 1 --2- >> [v2:172.21.15.27:3300/0,v1:172.21.15.27:6789/0] conn(0x7fc60c1088d0 0x7fc60c19dd30 unknown :-1 s=NONE pgs=0 cs=0 l=1 rev1=0 crypto rx=0 tx=0 comp rx=0 tx=0).connect
2024-04-25T13:31:23.597 INFO:teuthology.orchestra.run.smithi027.stdout:/usr/bin/ceph: stderr
2024-04-25T13:31:22.509+0000 7fc613bd4700 1 -- --> [v2:172.21.15.27:3300/0,v1:172.21.15.27:6789/0] -- mon_getmap magic: 0 -- 0x7fc60c10cdb0 con 0x7fc60c1088d0
2024-04-25T13:31:23.597 INFO:teuthology.orchestra.run.smithi027.stdout:/usr/bin/ceph: stderr
2024-04-25T13:31:22.509+0000 7fc611970700 1 --2- >> [v2:172.21.15.27:3300/0,v1:172.21.15.27:6789/0] conn(0x7fc60c1088d0 0x7fc60c19dd30 unknown :-1 s=BANNER_CONNECTING pgs=0 cs=0 l=1 rev1=0 crypto rx=0 tx=0 comp rx=0 tx=0)._handle_peer_banner_payload supported=3 required=0
2024-04-25T13:31:23.597 INFO:teuthology.orchestra.run.smithi027.stdout:/usr/bin/ceph: stderr
2024-04-25T13:31:22.509+0000 7fc611970700 1 --2- >> [v2:172.21.15.27:3300/0,v1:172.21.15.27:6789/0] conn(0x7fc60c1088d0 0x7fc60c19dd30 unknown :-1 s=HELLO_CONNECTING pgs=0 cs=0 l=1 rev1=1 crypto rx=0 tx=0 comp rx=0 tx=0).handle_hello peer v2:172.21.15.27:3300/0 says I am v2:172.21.15.27:57498/0 (socket says 172.21.15.27:57498)
2024-04-25T13:31:23.597 INFO:teuthology.orchestra.run.smithi027.stdout:/usr/bin/ceph: stderr
2024-04-25T13:31:22.509+0000 7fc611970700 1 -- 172.21.15.27:0/251021789 learned_addr learned my addr 172.21.15.27:0/251021789 (peer_addr_for_me v2:172.21.15.27:0/0)
2024-04-25T13:31:23.597 INFO:teuthology.orchestra.run.smithi027.stdout:/usr/bin/ceph: stderr
2024-04-25T13:31:22.509+0000 7fc611970700 1 -- 172.21.15.27:0/251021789 --> [v2:172.21.15.27:3300/0,v1:172.21.15.27:6789/0] -- mon_subscribe({config=0+,monmap=0+}) -- 0x7fc60c19e270 con 0x7fc60c1088d0
2024-04-25T13:31:23.597 INFO:teuthology.orchestra.run.smithi027.stdout:/usr/bin/ceph: stderr
2024-04-25T13:31:22.509+0000 7fc611970700 1 --2- 172.21.15.27:0/251021789 >> [v2:172.21.15.27:3300/0,v1:172.21.15.27:6789/0] conn(0x7fc60c1088d0 0x7fc60c19dd30 secure :-1 s=READY pgs=56 cs=0 l=1 rev1=1 crypto rx=0x7fc608003e70 tx=0x7fc608011aa0 comp rx=0 tx=0).ready entity=mon.0 client_cookie=0 server_cookie=0 in_seq=0 out_seq=0
2024-04-25T13:31:23.597 INFO:teuthology.orchestra.run.smithi027.stdout:/usr/bin/ceph: stderr
2024-04-25T13:31:22.509+0000 7fc602ffd700 1 -- 172.21.15.27:0/251021789 <== mon.0 v2:172.21.15.27:3300/0 1 ==== mon_map magic: 0 ==== 205+0+0 (secure 0 0 0) 0x7fc608003af0 con 0x7fc60c1088d0
2024-04-25T13:31:23.597 INFO:teuthology.orchestra.run.smithi027.stdout:/usr/bin/ceph: stderr
2024-04-25T13:31:22.509+0000 7fc613bd4700 1 -- 172.21.15.27:0/251021789 --> [v2:172.21.15.27:3300/0,v1:172.21.15.27:6789/0] -- mon_subscribe({mgrmap=0+}) -- 0x7fc60c19e500 con 0x7fc60c1088d0
2024-04-25T13:31:23.597 INFO:teuthology.orchestra.run.smithi027.stdout:/usr/bin/ceph: stderr
2024-04-25T13:31:22.509+0000 7fc602ffd700 1 -- 172.21.15.27:0/251021789 <== mon.0 v2:172.21.15.27:3300/0 2 ==== config(26 keys) ==== 1101+0+0 (secure 0 0 0) 0x7fc60801a8e0 con 0x7fc60c1088d0
2024-04-25T13:31:23.598 INFO:teuthology.orchestra.run.smithi027.stdout:/usr/bin/ceph: stderr
2024-04-25T13:31:22.509+0000 7fc602ffd700 1 -- 172.21.15.27:0/251021789 <== mon.0 v2:172.21.15.27:3300/0 3 ==== mon_map magic: 0 ==== 205+0+0 (secure 0 0 0) 0x7fc608024870 con 0x7fc60c1088d0
2024-04-25T13:31:23.598 INFO:teuthology.orchestra.run.smithi027.stdout:/usr/bin/ceph: stderr
2024-04-25T13:31:22.509+0000 7fc613bd4700 1 -- 172.21.15.27:0/251021789 --> [v2:172.21.15.27:3300/0,v1:172.21.15.27:6789/0] -- mon_subscribe({osdmap=0}) -- 0x7fc60c1a1100 con 0x7fc60c1088d0
2024-04-25T13:31:23.598 INFO:teuthology.orchestra.run.smithi027.stdout:/usr/bin/ceph: stderr
2024-04-25T13:31:22.510+0000 7fc613bd4700 1 -- 172.21.15.27:0/251021789 --> [v2:172.21.15.27:3300/0,v1:172.21.15.27:6789/0] -- mon_command({"prefix": "get_command_descriptions"} v 0) -- 0x7fc60c064cf0 con 0x7fc60c1088d0
2024-04-25T13:31:23.598 INFO:teuthology.orchestra.run.smithi027.stdout:/usr/bin/ceph: stderr
2024-04-25T13:31:22.510+0000 7fc602ffd700 1 -- 172.21.15.27:0/251021789 <== mon.0 v2:172.21.15.27:3300/0 4 ==== mgrmap(e 8) ==== 49516+0+0 (secure 0 0 0) 0x7fc608022020 con 0x7fc60c1088d0
2024-04-25T13:31:23.598 INFO:teuthology.orchestra.run.smithi027.stdout:/usr/bin/ceph: stderr
2024-04-25T13:31:22.511+0000 7fc602ffd700 1 --2- 172.21.15.27:0/251021789 >> [v2:172.21.15.27:6800/1748672481,v1:172.21.15.27:6801/1748672481] conn(0x7fc5f803d520 0x7fc5f803fa30 unknown :-1 s=NONE pgs=0 cs=0 l=1 rev1=0 crypto rx=0 tx=0 comp rx=0 tx=0).connect
2024-04-25T13:31:23.598 INFO:teuthology.orchestra.run.smithi027.stdout:/usr/bin/ceph: stderr
2024-04-25T13:31:22.511+0000 7fc602ffd700 1 -- 172.21.15.27:0/251021789 <== mon.0 v2:172.21.15.27:3300/0 5 ==== osd_map(2..2 src has 1..2) ==== 940+0+0 (secure 0 0 0) 0x7fc6080527b0 con 0x7fc60c1088d0
2024-04-25T13:31:23.598 INFO:teuthology.orchestra.run.smithi027.stdout:/usr/bin/ceph: stderr
2024-04-25T13:31:22.511+0000 7fc61116f700 1 --2- 172.21.15.27:0/251021789 >> [v2:172.21.15.27:6800/1748672481,v1:172.21.15.27:6801/1748672481] conn(0x7fc5f803d520 0x7fc5f803fa30 unknown :-1 s=BANNER_CONNECTING pgs=0 cs=0 l=1 rev1=0 crypto rx=0 tx=0 comp rx=0 tx=0)._handle_peer_banner_payload supported=3 required=0
2024-04-25T13:31:23.598 INFO:teuthology.orchestra.run.smithi027.stdout:/usr/bin/ceph: stderr
2024-04-25T13:31:22.511+0000 7fc61116f700 1 --2- 172.21.15.27:0/251021789 >> [v2:172.21.15.27:6800/1748672481,v1:172.21.15.27:6801/1748672481] conn(0x7fc5f803d520 0x7fc5f803fa30 secure :-1 s=READY pgs=16 cs=0 l=1 rev1=1 crypto rx=0x7fc5fc006fd0 tx=0x7fc5fc006e40 comp rx=0 tx=0).ready entity=mgr.14120 client_cookie=0 server_cookie=0 in_seq=0 out_seq=0
2024-04-25T13:31:23.598 INFO:teuthology.orchestra.run.smithi027.stdout:/usr/bin/ceph: stderr
2024-04-25T13:31:22.516+0000 7fc602ffd700 1 -- 172.21.15.27:0/251021789 <== mon.0 v2:172.21.15.27:3300/0 6 ==== mon_command_ack([{"prefix": "get_command_descriptions"}]=0 v0) ==== 72+0+188370 (secure 0 0 0) 0x7fc60800e260 con 0x7fc60c1088d0
2024-04-25T13:31:23.598 INFO:teuthology.orchestra.run.smithi027.stdout:/usr/bin/ceph: stderr
2024-04-25T13:31:22.802+0000 7fc613bd4700 1 -- 172.21.15.27:0/251021789 --> [v2:172.21.15.27:3300/0,v1:172.21.15.27:6789/0] -- mon_command({"prefix": "mgr module enable", "module": "dashboard"} v 0) -- 0x7fc60c1a12d0 con 0x7fc60c1088d0
2024-04-25T13:31:23.598 INFO:teuthology.orchestra.run.smithi027.stdout:/usr/bin/ceph: stderr
2024-04-25T13:31:22.939+0000 7fc602ffd700 1 -- 172.21.15.27:0/251021789 <== mon.0 v2:172.21.15.27:3300/0 7 ==== mon_command_ack([{"prefix": "mgr module enable", "module": "dashboard"}]=0 v9) ==== 88+0+0 (secure 0 0 0) 0x7fc608052140 con 0x7fc60c1088d0
2024-04-25T13:31:23.599 INFO:teuthology.orchestra.run.smithi027.stdout:/usr/bin/ceph: stderr
2024-04-25T13:31:22.941+0000 7fc602ffd700 1 -- 172.21.15.27:0/251021789 <== mon.0 v2:172.21.15.27:3300/0 8 ==== mgrmap(e 9) ==== 49529+0+0 (secure 0 0 0) 0x7fc60802dc90 con 0x7fc60c1088d0
2024-04-25T13:31:23.599 INFO:teuthology.orchestra.run.smithi027.stdout:/usr/bin/ceph: stderr
2024-04-25T13:31:22.942+0000 7fc613bd4700 1 -- 172.21.15.27:0/251021789 >> [v2:172.21.15.27:6800/1748672481,v1:172.21.15.27:6801/1748672481] conn(0x7fc5f803d520 msgr2=0x7fc5f803fa30 secure :-1 s=STATE_CONNECTION_ESTABLISHED l=1).mark_down
2024-04-25T13:31:23.599 INFO:teuthology.orchestra.run.smithi027.stdout:/usr/bin/ceph: stderr
2024-04-25T13:31:22.942+0000 7fc613bd4700 1 --2- 172.21.15.27:0/251021789 >> [v2:172.21.15.27:6800/1748672481,v1:172.21.15.27:6801/1748672481] conn(0x7fc5f803d520 0x7fc5f803fa30 secure :-1 s=READY pgs=16 cs=0 l=1 rev1=1 crypto rx=0x7fc5fc006fd0 tx=0x7fc5fc006e40 comp rx=0 tx=0).stop
2024-04-25T13:31:23.599 INFO:teuthology.orchestra.run.smithi027.stdout:/usr/bin/ceph: stderr
2024-04-25T13:31:22.942+0000 7fc613bd4700 1 -- 172.21.15.27:0/251021789 >> [v2:172.21.15.27:3300/0,v1:172.21.15.27:6789/0] conn(0x7fc60c1088d0 msgr2=0x7fc60c19dd30 secure :-1 s=STATE_CONNECTION_ESTABLISHED l=1).mark_down
2024-04-25T13:31:23.599 INFO:teuthology.orchestra.run.smithi027.stdout:/usr/bin/ceph: stderr
2024-04-25T13:31:22.942+0000 7fc613bd4700 1 --2- 172.21.15.27:0/251021789 >> [v2:172.21.15.27:3300/0,v1:172.21.15.27:6789/0] conn(0x7fc60c1088d0 0x7fc60c19dd30 secure :-1 s=READY pgs=56 cs=0 l=1 rev1=1 crypto rx=0x7fc608003e70 tx=0x7fc608011aa0 comp rx=0 tx=0).stop
2024-04-25T13:31:23.599 INFO:teuthology.orchestra.run.smithi027.stdout:/usr/bin/ceph: stderr
2024-04-25T13:31:22.942+0000 7fc613bd4700 1 -- 172.21.15.27:0/251021789 shutdown_connections
2024-04-25T13:31:23.599 INFO:teuthology.orchestra.run.smithi027.stdout:/usr/bin/ceph: stderr
2024-04-25T13:31:22.942+0000 7fc613bd4700 1 --2- 172.21.15.27:0/251021789 >> [v2:172.21.15.27:6800/1748672481,v1:172.21.15.27:6801/1748672481] conn(0x7fc5f803d520 0x7fc5f803fa30 unknown :-1 s=CLOSED pgs=16 cs=0 l=1 rev1=1 crypto rx=0 tx=0 comp rx=0 tx=0).stop
2024-04-25T13:31:23.599 INFO:teuthology.orchestra.run.smithi027.stdout:/usr/bin/ceph: stderr
2024-04-25T13:31:22.942+0000 7fc613bd4700 1 --2- 172.21.15.27:0/251021789 >> [v2:172.21.15.27:3300/0,v1:172.21.15.27:6789/0] conn(0x7fc60c1088d0 0x7fc60c19dd30 unknown :-1 s=CLOSED pgs=56 cs=0 l=1 rev1=1 crypto rx=0 tx=0 comp rx=0 tx=0).stop
2024-04-25T13:31:23.599 INFO:teuthology.orchestra.run.smithi027.stdout:/usr/bin/ceph: stderr
2024-04-25T13:31:22.942+0000 7fc613bd4700 1 -- 172.21.15.27:0/251021789 >> 172.21.15.27:0/251021789 conn(0x7fc60c103f10 msgr2=0x7fc60c104830 unknown :-1 s=STATE_NONE l=0).mark_down
2024-04-25T13:31:23.599 INFO:teuthology.orchestra.run.smithi027.stdout:/usr/bin/ceph: stderr
2024-04-25T13:31:22.942+0000 7fc613bd4700 1 -- 172.21.15.27:0/251021789 shutdown_connections
2024-04-25T13:31:23.599 INFO:teuthology.orchestra.run.smithi027.stdout:/usr/bin/ceph: stderr
2024-04-25T13:31:22.942+0000 7fc613bd4700 1 -- 172.21.15.27:0/251021789 wait complete.
2024-04-25T13:31:24.151 INFO:journalctl@ceph.mon.a.smithi027.stdout:Apr 25 13:31:23 smithi027 ceph-mon[29140]: from='client.? 172.21.15.27:0/251021789' entity='client.admin' cmd='[{"prefix": "mgr module enable", "module": "dashboard"}]': finished
2024-04-25T13:31:24.151 INFO:journalctl@ceph.mon.a.smithi027.stdout:Apr 25 13:31:23 smithi027 ceph-mon[29140]: mgrmap e9: x(active, since 19s)
2024-04-25T13:31:24.151 INFO:journalctl@ceph.mgr.x.smithi027.stdout:Apr 25 13:31:23 smithi027 ceph-db01fc44-0307-11ef-bc93-c7b262605968-mgr-x[29380]:
2024-04-25T13:31:23.817+0000 7f1089b1b200 -1 mgr[py] Module progress has missing NOTIFY_TYPES member
2024-04-25T13:31:24.152 INFO:journalctl@ceph.mgr.x.smithi027.stdout:Apr 25 13:31:23 smithi027 ceph-db01fc44-0307-11ef-bc93-c7b262605968-mgr-x[29380]:
2024-04-25T13:31:23.911+0000 7f1089b1b200 -1 mgr[py] Module influx has missing NOTIFY_TYPES member
2024-04-25T13:31:24.927 INFO:teuthology.orchestra.run.smithi027.stdout:/usr/bin/ceph: stdout {
2024-04-25T13:31:24.927 INFO:teuthology.orchestra.run.smithi027.stdout:/usr/bin/ceph: stdout "epoch": 9,
2024-04-25T13:31:24.927 INFO:teuthology.orchestra.run.smithi027.stdout:/usr/bin/ceph: stdout "available": true,
2024-04-25T13:31:24.927 INFO:teuthology.orchestra.run.smithi027.stdout:/usr/bin/ceph: stdout "active_name": "x",
2024-04-25T13:31:24.927 INFO:teuthology.orchestra.run.smithi027.stdout:/usr/bin/ceph: stdout "num_standby": 0
2024-04-25T13:31:24.927 INFO:teuthology.orchestra.run.smithi027.stdout:/usr/bin/ceph: stdout }
2024-04-25T13:31:24.927 INFO:teuthology.orchestra.run.smithi027.stdout:/usr/bin/ceph: stderr
2024-04-25T13:31:24.035+0000 7fb94049b700 1 Processor -- start
2024-04-25T13:31:24.927 INFO:teuthology.orchestra.run.smithi027.stdout:/usr/bin/ceph: stderr
2024-04-25T13:31:24.036+0000 7fb94049b700 1 -- start start
2024-04-25T13:31:24.927 INFO:teuthology.orchestra.run.smithi027.stdout:/usr/bin/ceph: stderr
2024-04-25T13:31:24.036+0000 7fb94049b700 1 --2- >> [v2:172.21.15.27:3300/0,v1:172.21.15.27:6789/0] conn(0x7fb93807cc40 0x7fb93810c4f0 unknown :-1 s=NONE pgs=0 cs=0 l=0 rev1=0 crypto rx=0 tx=0 comp rx=0 tx=0).connect
2024-04-25T13:31:24.927 INFO:teuthology.orchestra.run.smithi027.stdout:/usr/bin/ceph: stderr
2024-04-25T13:31:24.036+0000 7fb94049b700 1 -- --> [v2:172.21.15.27:3300/0,v1:172.21.15.27:6789/0] -- mon_getmap magic: 0 -- 0x7fb93810cae0 con 0x7fb93807cc40
2024-04-25T13:31:24.928 INFO:teuthology.orchestra.run.smithi027.stdout:/usr/bin/ceph: stderr
2024-04-25T13:31:24.036+0000 7fb93e237700 1 --2- >> [v2:172.21.15.27:3300/0,v1:172.21.15.27:6789/0] conn(0x7fb93807cc40 0x7fb93810c4f0 unknown :-1 s=BANNER_CONNECTING pgs=0 cs=0 l=0 rev1=0 crypto rx=0 tx=0 comp rx=0 tx=0)._handle_peer_banner_payload supported=3 required=0
2024-04-25T13:31:24.928 INFO:teuthology.orchestra.run.smithi027.stdout:/usr/bin/ceph: stderr
2024-04-25T13:31:24.036+0000 7fb93e237700 1 --2- >> [v2:172.21.15.27:3300/0,v1:172.21.15.27:6789/0] conn(0x7fb93807cc40 0x7fb93810c4f0 unknown :-1 s=HELLO_CONNECTING pgs=0 cs=0 l=0 rev1=1 crypto rx=0 tx=0 comp rx=0 tx=0).handle_hello peer v2:172.21.15.27:3300/0 says I am v2:172.21.15.27:42232/0 (socket says 172.21.15.27:42232)
2024-04-25T13:31:24.928 INFO:teuthology.orchestra.run.smithi027.stdout:/usr/bin/ceph: stderr
2024-04-25T13:31:24.036+0000 7fb93e237700 1 -- 172.21.15.27:0/264496115 learned_addr learned my addr 172.21.15.27:0/264496115 (peer_addr_for_me v2:172.21.15.27:0/0)
2024-04-25T13:31:24.928 INFO:teuthology.orchestra.run.smithi027.stdout:/usr/bin/ceph: stderr
2024-04-25T13:31:24.037+0000 7fb93e237700 1 -- 172.21.15.27:0/264496115 --> [v2:172.21.15.27:3300/0,v1:172.21.15.27:6789/0] -- mon_subscribe({config=0+,monmap=0+}) -- 0x7fb93810cc60 con 0x7fb93807cc40
2024-04-25T13:31:24.928 INFO:teuthology.orchestra.run.smithi027.stdout:/usr/bin/ceph: stderr
2024-04-25T13:31:24.037+0000 7fb93e237700 1 --2- 172.21.15.27:0/264496115 >> [v2:172.21.15.27:3300/0,v1:172.21.15.27:6789/0] conn(0x7fb93807cc40 0x7fb93810c4f0 secure :-1 s=READY pgs=59 cs=0 l=1 rev1=1 crypto rx=0x7fb9340098a0 tx=0x7fb934009bb0 comp rx=0 tx=0).ready entity=mon.0 client_cookie=3266a7f1199d95a9 server_cookie=0 in_seq=0 out_seq=0
2024-04-25T13:31:24.928 INFO:teuthology.orchestra.run.smithi027.stdout:/usr/bin/ceph: stderr
2024-04-25T13:31:24.037+0000 7fb93d235700 1 -- 172.21.15.27:0/264496115 <== mon.0 v2:172.21.15.27:3300/0 1 ==== mon_map magic: 0 ==== 205+0+0 (secure 0 0 0) 0x7fb934004160 con 0x7fb93807cc40
2024-04-25T13:31:24.928 INFO:teuthology.orchestra.run.smithi027.stdout:/usr/bin/ceph: stderr
2024-04-25T13:31:24.037+0000 7fb93d235700 1 -- 172.21.15.27:0/264496115 <== mon.0 v2:172.21.15.27:3300/0 2 ==== config(26 keys) ==== 1101+0+0 (secure 0 0 0) 0x7fb934004300 con 0x7fb93807cc40
2024-04-25T13:31:24.928 INFO:teuthology.orchestra.run.smithi027.stdout:/usr/bin/ceph: stderr
2024-04-25T13:31:24.037+0000 7fb93d235700 1 -- 172.21.15.27:0/264496115 <== mon.0 v2:172.21.15.27:3300/0 3 ==== mon_map magic: 0 ==== 205+0+0 (secure 0 0 0) 0x7fb934011a20 con 0x7fb93807cc40
2024-04-25T13:31:24.928 INFO:teuthology.orchestra.run.smithi027.stdout:/usr/bin/ceph: stderr
2024-04-25T13:31:24.038+0000 7fb94049b700 1 -- 172.21.15.27:0/264496115 >> [v2:172.21.15.27:3300/0,v1:172.21.15.27:6789/0] conn(0x7fb93807cc40 msgr2=0x7fb93810c4f0 secure :-1 s=STATE_CONNECTION_ESTABLISHED l=1).mark_down
2024-04-25T13:31:24.928 INFO:teuthology.orchestra.run.smithi027.stdout:/usr/bin/ceph: stderr
2024-04-25T13:31:24.038+0000 7fb94049b700 1 --2- 172.21.15.27:0/264496115 >> [v2:172.21.15.27:3300/0,v1:172.21.15.27:6789/0] conn(0x7fb93807cc40 0x7fb93810c4f0 secure :-1 s=READY pgs=59 cs=0 l=1 rev1=1 crypto rx=0x7fb9340098a0 tx=0x7fb934009bb0 comp rx=0 tx=0).stop
2024-04-25T13:31:24.928 INFO:teuthology.orchestra.run.smithi027.stdout:/usr/bin/ceph: stderr
2024-04-25T13:31:24.038+0000 7fb94049b700 1 -- 172.21.15.27:0/264496115 shutdown_connections
2024-04-25T13:31:24.928 INFO:teuthology.orchestra.run.smithi027.stdout:/usr/bin/ceph: stderr
2024-04-25T13:31:24.038+0000 7fb94049b700 1 --2- 172.21.15.27:0/264496115 >> [v2:172.21.15.27:3300/0,v1:172.21.15.27:6789/0] conn(0x7fb93807cc40 0x7fb93810c4f0 unknown :-1 s=CLOSED pgs=59 cs=0 l=1 rev1=1 crypto rx=0 tx=0 comp rx=0 tx=0).stop
2024-04-25T13:31:24.928 INFO:teuthology.orchestra.run.smithi027.stdout:/usr/bin/ceph: stderr
2024-04-25T13:31:24.038+0000 7fb94049b700 1 -- 172.21.15.27:0/264496115 >> 172.21.15.27:0/264496115 conn(0x7fb938103f80 msgr2=0x7fb9381063d0 unknown :-1 s=STATE_NONE l=0).mark_down
2024-04-25T13:31:24.928 INFO:teuthology.orchestra.run.smithi027.stdout:/usr/bin/ceph: stderr
2024-04-25T13:31:24.038+0000 7fb94049b700 1 -- 172.21.15.27:0/264496115 shutdown_connections
2024-04-25T13:31:24.929 INFO:teuthology.orchestra.run.smithi027.stdout:/usr/bin/ceph: stderr
2024-04-25T13:31:24.038+0000 7fb94049b700 1 -- 172.21.15.27:0/264496115 wait complete.
2024-04-25T13:31:24.929 INFO:teuthology.orchestra.run.smithi027.stdout:/usr/bin/ceph: stderr
2024-04-25T13:31:24.039+0000 7fb94049b700 1 Processor -- start
2024-04-25T13:31:24.929 INFO:teuthology.orchestra.run.smithi027.stdout:/usr/bin/ceph: stderr
2024-04-25T13:31:24.039+0000 7fb94049b700 1 -- start start
2024-04-25T13:31:24.929 INFO:teuthology.orchestra.run.smithi027.stdout:/usr/bin/ceph: stderr
2024-04-25T13:31:24.039+0000 7fb94049b700 1 --2- >> [v2:172.21.15.27:3300/0,v1:172.21.15.27:6789/0] conn(0x7fb93807cc40 0x7fb93819dca0 unknown :-1 s=NONE pgs=0 cs=0 l=1 rev1=0 crypto rx=0 tx=0 comp rx=0 tx=0).connect
2024-04-25T13:31:24.929 INFO:teuthology.orchestra.run.smithi027.stdout:/usr/bin/ceph: stderr
2024-04-25T13:31:24.039+0000 7fb94049b700 1 -- --> [v2:172.21.15.27:3300/0,v1:172.21.15.27:6789/0] -- mon_getmap magic: 0 -- 0x7fb93810dd20 con 0x7fb93807cc40
2024-04-25T13:31:24.929 INFO:teuthology.orchestra.run.smithi027.stdout:/usr/bin/ceph: stderr
2024-04-25T13:31:24.039+0000 7fb93e237700 1 --2- >> [v2:172.21.15.27:3300/0,v1:172.21.15.27:6789/0] conn(0x7fb93807cc40 0x7fb93819dca0 unknown :-1 s=BANNER_CONNECTING pgs=0 cs=0 l=1 rev1=0 crypto rx=0 tx=0 comp rx=0 tx=0)._handle_peer_banner_payload supported=3 required=0
2024-04-25T13:31:24.929 INFO:teuthology.orchestra.run.smithi027.stdout:/usr/bin/ceph: stderr
2024-04-25T13:31:24.039+0000 7fb93e237700 1 --2- >> [v2:172.21.15.27:3300/0,v1:172.21.15.27:6789/0] conn(0x7fb93807cc40 0x7fb93819dca0 unknown :-1 s=HELLO_CONNECTING pgs=0 cs=0 l=1 rev1=1 crypto rx=0 tx=0 comp rx=0 tx=0).handle_hello peer v2:172.21.15.27:3300/0 says I am v2:172.21.15.27:42246/0 (socket says 172.21.15.27:42246)
2024-04-25T13:31:24.929 INFO:teuthology.orchestra.run.smithi027.stdout:/usr/bin/ceph: stderr
2024-04-25T13:31:24.039+0000 7fb93e237700 1 -- 172.21.15.27:0/796803141 learned_addr learned my addr 172.21.15.27:0/796803141 (peer_addr_for_me v2:172.21.15.27:0/0)
2024-04-25T13:31:24.929 INFO:teuthology.orchestra.run.smithi027.stdout:/usr/bin/ceph: stderr
2024-04-25T13:31:24.039+0000 7fb93e237700 1 -- 172.21.15.27:0/796803141 --> [v2:172.21.15.27:3300/0,v1:172.21.15.27:6789/0] -- mon_subscribe({config=0+,monmap=0+}) -- 0x7fb93819e1e0 con 0x7fb93807cc40
2024-04-25T13:31:24.929 INFO:teuthology.orchestra.run.smithi027.stdout:/usr/bin/ceph: stderr
2024-04-25T13:31:24.039+0000 7fb93e237700 1 --2- 172.21.15.27:0/796803141 >> [v2:172.21.15.27:3300/0,v1:172.21.15.27:6789/0] conn(0x7fb93807cc40 0x7fb93819dca0 secure :-1 s=READY pgs=60 cs=0 l=1 rev1=1 crypto rx=0x7fb9340119f0 tx=0x7fb934011ad0 comp rx=0 tx=0).ready entity=mon.0 client_cookie=0 server_cookie=0 in_seq=0 out_seq=0
2024-04-25T13:31:24.929 INFO:teuthology.orchestra.run.smithi027.stdout:/usr/bin/ceph: stderr
2024-04-25T13:31:24.040+0000 7fb92f7fe700 1 -- 172.21.15.27:0/796803141 <== mon.0 v2:172.21.15.27:3300/0 1 ==== mon_map magic: 0 ==== 205+0+0 (secure 0 0 0) 0x7fb9340039e0 con 0x7fb93807cc40
2024-04-25T13:31:24.929 INFO:teuthology.orchestra.run.smithi027.stdout:/usr/bin/ceph: stderr
2024-04-25T13:31:24.040+0000 7fb92f7fe700 1 -- 172.21.15.27:0/796803141 <== mon.0 v2:172.21.15.27:3300/0 2 ==== config(26 keys) ==== 1101+0+0 (secure 0 0 0) 0x7fb93401b8f0 con 0x7fb93807cc40
2024-04-25T13:31:24.929 INFO:teuthology.orchestra.run.smithi027.stdout:/usr/bin/ceph: stderr
2024-04-25T13:31:24.040+0000 7fb94049b700 1 -- 172.21.15.27:0/796803141 --> [v2:172.21.15.27:3300/0,v1:172.21.15.27:6789/0] -- mon_subscribe({mgrmap=0+}) -- 0x7fb93819e470 con 0x7fb93807cc40
2024-04-25T13:31:24.930 INFO:teuthology.orchestra.run.smithi027.stdout:/usr/bin/ceph: stderr
2024-04-25T13:31:24.040+0000 7fb92f7fe700 1 -- 172.21.15.27:0/796803141 <== mon.0 v2:172.21.15.27:3300/0 3 ==== mon_map magic: 0 ==== 205+0+0 (secure 0 0 0) 0x7fb9340237a0 con 0x7fb93807cc40
2024-04-25T13:31:24.930 INFO:teuthology.orchestra.run.smithi027.stdout:/usr/bin/ceph: stderr
2024-04-25T13:31:24.040+0000 7fb94049b700 1 -- 172.21.15.27:0/796803141 --> [v2:172.21.15.27:3300/0,v1:172.21.15.27:6789/0] -- mon_subscribe({osdmap=0}) -- 0x7fb9381a1080 con 0x7fb93807cc40
2024-04-25T13:31:24.930 INFO:teuthology.orchestra.run.smithi027.stdout:/usr/bin/ceph: stderr
2024-04-25T13:31:24.041+0000 7fb94049b700 1 -- 172.21.15.27:0/796803141 --> [v2:172.21.15.27:3300/0,v1:172.21.15.27:6789/0] -- mon_command({"prefix": "get_command_descriptions"} v 0) -- 0x7fb938064cf0 con 0x7fb93807cc40
2024-04-25T13:31:24.930 INFO:teuthology.orchestra.run.smithi027.stdout:/usr/bin/ceph: stderr
2024-04-25T13:31:24.041+0000 7fb92f7fe700 1 -- 172.21.15.27:0/796803141 <== mon.0 v2:172.21.15.27:3300/0 4 ==== mgrmap(e 9) ==== 49529+0+0 (secure 0 0 0) 0x7fb9340193d0 con 0x7fb93807cc40
2024-04-25T13:31:24.930 INFO:teuthology.orchestra.run.smithi027.stdout:/usr/bin/ceph: stderr
2024-04-25T13:31:24.041+0000 7fb92f7fe700 1 --2- 172.21.15.27:0/796803141 >> [v2:172.21.15.27:6800/1748672481,v1:172.21.15.27:6801/1748672481] conn(0x7fb92403d5d0 0x7fb92403fae0 unknown :-1 s=NONE pgs=0 cs=0 l=1 rev1=0 crypto rx=0 tx=0 comp rx=0 tx=0).connect
2024-04-25T13:31:24.930 INFO:teuthology.orchestra.run.smithi027.stdout:/usr/bin/ceph: stderr
2024-04-25T13:31:24.041+0000 7fb92f7fe700 1 -- 172.21.15.27:0/796803141 <== mon.0 v2:172.21.15.27:3300/0 5 ==== osd_map(2..2 src has 1..2) ==== 940+0+0 (secure 0 0 0) 0x7fb934052d90 con 0x7fb93807cc40
2024-04-25T13:31:24.930 INFO:teuthology.orchestra.run.smithi027.stdout:/usr/bin/ceph: stderr
2024-04-25T13:31:24.041+0000 7fb93da36700 1 -- 172.21.15.27:0/796803141 >> [v2:172.21.15.27:6800/1748672481,v1:172.21.15.27:6801/1748672481] conn(0x7fb92403d5d0 msgr2=0x7fb92403fae0 unknown :-1 s=STATE_CONNECTING_RE l=1).process reconnect failed to v2:172.21.15.27:6800/1748672481
2024-04-25T13:31:24.930 INFO:teuthology.orchestra.run.smithi027.stdout:/usr/bin/ceph: stderr
2024-04-25T13:31:24.041+0000 7fb93da36700 1 --2- 172.21.15.27:0/796803141 >> [v2:172.21.15.27:6800/1748672481,v1:172.21.15.27:6801/1748672481] conn(0x7fb92403d5d0 0x7fb92403fae0 unknown :-1 s=START_CONNECT pgs=0 cs=0 l=1 rev1=0 crypto rx=0 tx=0 comp rx=0 tx=0)._fault waiting 0.200000
2024-04-25T13:31:24.930 INFO:teuthology.orchestra.run.smithi027.stdout:/usr/bin/ceph: stderr
2024-04-25T13:31:24.046+0000 7fb92f7fe700 1 -- 172.21.15.27:0/796803141 <== mon.0 v2:172.21.15.27:3300/0 6 ==== mon_command_ack([{"prefix": "get_command_descriptions"}]=0 v0) ==== 72+0+188370 (secure 0 0 0) 0x7fb93401f030 con 0x7fb93807cc40
2024-04-25T13:31:24.930 INFO:teuthology.orchestra.run.smithi027.stdout:/usr/bin/ceph: stderr
2024-04-25T13:31:24.242+0000 7fb93da36700 1 -- 172.21.15.27:0/796803141 >> [v2:172.21.15.27:6800/1748672481,v1:172.21.15.27:6801/1748672481] conn(0x7fb92403d5d0 msgr2=0x7fb92403fae0 unknown :-1 s=STATE_CONNECTING_RE l=1).process reconnect failed to v2:172.21.15.27:6800/1748672481
2024-04-25T13:31:24.930 INFO:teuthology.orchestra.run.smithi027.stdout:/usr/bin/ceph: stderr
2024-04-25T13:31:24.242+0000 7fb93da36700 1 --2- 172.21.15.27:0/796803141 >> [v2:172.21.15.27:6800/1748672481,v1:172.21.15.27:6801/1748672481] conn(0x7fb92403d5d0 0x7fb92403fae0 unknown :-1 s=START_CONNECT pgs=0 cs=0 l=1 rev1=0 crypto rx=0 tx=0 comp rx=0 tx=0)._fault waiting 0.400000
2024-04-25T13:31:24.930 INFO:teuthology.orchestra.run.smithi027.stdout:/usr/bin/ceph: stderr
2024-04-25T13:31:24.324+0000 7fb94049b700 1 -- 172.21.15.27:0/796803141 --> [v2:172.21.15.27:3300/0,v1:172.21.15.27:6789/0] -- mon_command({"prefix": "mgr stat"} v 0) -- 0x7fb9381a1250 con 0x7fb93807cc40
2024-04-25T13:31:24.930 INFO:teuthology.orchestra.run.smithi027.stdout:/usr/bin/ceph: stderr
2024-04-25T13:31:24.327+0000 7fb92f7fe700 1 -- 172.21.15.27:0/796803141 <== mon.0 v2:172.21.15.27:3300/0 7 ==== mon_command_ack([{"prefix": "mgr stat"}]=0 v9) ==== 56+0+88 (secure 0 0 0) 0x7fb934018e60 con 0x7fb93807cc40
2024-04-25T13:31:24.930 INFO:teuthology.orchestra.run.smithi027.stdout:/usr/bin/ceph: stderr
2024-04-25T13:31:24.331+0000 7fb94049b700 1 -- 172.21.15.27:0/796803141 >> [v2:172.21.15.27:6800/1748672481,v1:172.21.15.27:6801/1748672481] conn(0x7fb92403d5d0 msgr2=0x7fb92403fae0 unknown :-1 s=STATE_CONNECTING l=1).mark_down
2024-04-25T13:31:24.931 INFO:teuthology.orchestra.run.smithi027.stdout:/usr/bin/ceph: stderr
2024-04-25T13:31:24.331+0000 7fb94049b700 1 --2- 172.21.15.27:0/796803141 >> [v2:172.21.15.27:6800/1748672481,v1:172.21.15.27:6801/1748672481] conn(0x7fb92403d5d0 0x7fb92403fae0 unknown :-1 s=START_CONNECT pgs=0 cs=0 l=1 rev1=0 crypto rx=0 tx=0 comp rx=0 tx=0).stop
2024-04-25T13:31:24.931 INFO:teuthology.orchestra.run.smithi027.stdout:/usr/bin/ceph: stderr
2024-04-25T13:31:24.331+0000 7fb94049b700 1 -- 172.21.15.27:0/796803141 >> [v2:172.21.15.27:3300/0,v1:172.21.15.27:6789/0] conn(0x7fb93807cc40 msgr2=0x7fb93819dca0 secure :-1 s=STATE_CONNECTION_ESTABLISHED l=1).mark_down
2024-04-25T13:31:24.931 INFO:teuthology.orchestra.run.smithi027.stdout:/usr/bin/ceph: stderr
2024-04-25T13:31:24.331+0000 7fb94049b700 1 --2- 172.21.15.27:0/796803141 >> [v2:172.21.15.27:3300/0,v1:172.21.15.27:6789/0] conn(0x7fb93807cc40 0x7fb93819dca0 secure :-1 s=READY pgs=60 cs=0 l=1 rev1=1 crypto rx=0x7fb9340119f0 tx=0x7fb934011ad0 comp rx=0 tx=0).stop
2024-04-25T13:31:24.931 INFO:teuthology.orchestra.run.smithi027.stdout:/usr/bin/ceph: stderr
2024-04-25T13:31:24.331+0000 7fb94049b700 1 -- 172.21.15.27:0/796803141 shutdown_connections
2024-04-25T13:31:24.931 INFO:teuthology.orchestra.run.smithi027.stdout:/usr/bin/ceph: stderr
2024-04-25T13:31:24.331+0000 7fb94049b700 1 --2- 172.21.15.27:0/796803141 >> [v2:172.21.15.27:6800/1748672481,v1:172.21.15.27:6801/1748672481] conn(0x7fb92403d5d0 0x7fb92403fae0 unknown :-1 s=CLOSED pgs=0 cs=0 l=1 rev1=0 crypto rx=0 tx=0 comp rx=0 tx=0).stop
2024-04-25T13:31:24.931 INFO:teuthology.orchestra.run.smithi027.stdout:/usr/bin/ceph: stderr
2024-04-25T13:31:24.331+0000 7fb94049b700 1 --2- 172.21.15.27:0/796803141 >> [v2:172.21.15.27:3300/0,v1:172.21.15.27:6789/0] conn(0x7fb93807cc40 0x7fb93819dca0 unknown :-1 s=CLOSED pgs=60 cs=0 l=1 rev1=1 crypto rx=0 tx=0 comp rx=0 tx=0).stop
2024-04-25T13:31:24.931 INFO:teuthology.orchestra.run.smithi027.stdout:/usr/bin/ceph: stderr
2024-04-25T13:31:24.331+0000 7fb94049b700 1 -- 172.21.15.27:0/796803141 >> 172.21.15.27:0/796803141 conn(0x7fb938103f80 msgr2=0x7fb9381058b0 unknown :-1 s=STATE_NONE l=0).mark_down
2024-04-25T13:31:24.931 INFO:teuthology.orchestra.run.smithi027.stdout:/usr/bin/ceph: stderr
2024-04-25T13:31:24.331+0000 7fb94049b700 1 -- 172.21.15.27:0/796803141 shutdown_connections
2024-04-25T13:31:24.931 INFO:teuthology.orchestra.run.smithi027.stdout:/usr/bin/ceph: stderr
2024-04-25T13:31:24.331+0000 7fb94049b700 1 -- 172.21.15.27:0/796803141 wait complete.
2024-04-25T13:31:24.931 INFO:teuthology.orchestra.run.smithi027.stdout:Waiting for the mgr to restart...
2024-04-25T13:31:24.931 INFO:teuthology.orchestra.run.smithi027.stdout:Waiting for mgr epoch 9...
2024-04-25T13:31:25.047 INFO:journalctl@ceph.mon.a.smithi027.stdout:Apr 25 13:31:24 smithi027 ceph-mon[29140]: from='client.? 172.21.15.27:0/796803141' entity='client.admin' cmd=[{"prefix": "mgr stat"}]: dispatch
2024-04-25T13:31:25.298 INFO:journalctl@ceph.mgr.x.smithi027.stdout:Apr 25 13:31:25 smithi027 ceph-db01fc44-0307-11ef-bc93-c7b262605968-mgr-x[29380]:
2024-04-25T13:31:25.186+0000 7f1089b1b200 -1 mgr[py] Module telegraf has missing NOTIFY_TYPES member
2024-04-25T13:31:25.553 INFO:journalctl@ceph.mgr.x.smithi027.stdout:Apr 25 13:31:25 smithi027 ceph-db01fc44-0307-11ef-bc93-c7b262605968-mgr-x[29380]:
2024-04-25T13:31:25.372+0000 7f1089b1b200 -1 mgr[py] Module osd_support has missing NOTIFY_TYPES member
2024-04-25T13:31:25.553 INFO:journalctl@ceph.mgr.x.smithi027.stdout:Apr 25 13:31:25 smithi027 ceph-db01fc44-0307-11ef-bc93-c7b262605968-mgr-x[29380]:
2024-04-25T13:31:25.552+0000 7f1089b1b200 -1 mgr[py] Module iostat has missing NOTIFY_TYPES member
2024-04-25T13:31:26.151 INFO:journalctl@ceph.mgr.x.smithi027.stdout:Apr 25 13:31:25 smithi027 ceph-db01fc44-0307-11ef-bc93-c7b262605968-mgr-x[29380]:
2024-04-25T13:31:25.860+0000 7f1089b1b200 -1 mgr[py] Module alerts has missing NOTIFY_TYPES member
2024-04-25T13:31:26.151 INFO:journalctl@ceph.mgr.x.smithi027.stdout:Apr 25 13:31:25 smithi027 ceph-db01fc44-0307-11ef-bc93-c7b262605968-mgr-x[29380]:
2024-04-25T13:31:25.959+0000 7f1089b1b200 -1 mgr[py] Module selftest has missing NOTIFY_TYPES member
2024-04-25T13:31:26.651 INFO:journalctl@ceph.mgr.x.smithi027.stdout:Apr 25 13:31:26 smithi027 ceph-db01fc44-0307-11ef-bc93-c7b262605968-mgr-x[29380]:
