2024-04-25T13:31:33.606+0000 7f66daffd700 1 -- 172.21.15.27:0/2903753487 <== mon.0 v2:172.21.15.27:3300/0 3 ==== mon_map magic: 0 ==== 205+0+0 (secure 0 0 0) 0x7f66c4011a20 con 0x7f66dc07cbc0
2024-04-25T13:31:34.649 INFO:teuthology.orchestra.run.smithi027.stdout:/usr/bin/ceph: stderr
2024-04-25T13:31:33.607+0000 7f66e232b700 1 -- 172.21.15.27:0/2903753487 >> [v2:172.21.15.27:3300/0,v1:172.21.15.27:6789/0] conn(0x7f66dc07cbc0 msgr2=0x7f66dc10c570 secure :-1 s=STATE_CONNECTION_ESTABLISHED l=1).mark_down
2024-04-25T13:31:34.649 INFO:teuthology.orchestra.run.smithi027.stdout:/usr/bin/ceph: stderr
2024-04-25T13:31:33.607+0000 7f66e232b700 1 --2- 172.21.15.27:0/2903753487 >> [v2:172.21.15.27:3300/0,v1:172.21.15.27:6789/0] conn(0x7f66dc07cbc0 0x7f66dc10c570 secure :-1 s=READY pgs=72 cs=0 l=1 rev1=1 crypto rx=0x7f66c40098a0 tx=0x7f66c4009bb0 comp rx=0 tx=0).stop
2024-04-25T13:31:34.649 INFO:teuthology.orchestra.run.smithi027.stdout:/usr/bin/ceph: stderr
2024-04-25T13:31:33.607+0000 7f66e232b700 1 -- 172.21.15.27:0/2903753487 shutdown_connections
2024-04-25T13:31:34.649 INFO:teuthology.orchestra.run.smithi027.stdout:/usr/bin/ceph: stderr
2024-04-25T13:31:33.607+0000 7f66e232b700 1 --2- 172.21.15.27:0/2903753487 >> [v2:172.21.15.27:3300/0,v1:172.21.15.27:6789/0] conn(0x7f66dc07cbc0 0x7f66dc10c570 unknown :-1 s=CLOSED pgs=72 cs=0 l=1 rev1=1 crypto rx=0 tx=0 comp rx=0 tx=0).stop
2024-04-25T13:31:34.649 INFO:teuthology.orchestra.run.smithi027.stdout:/usr/bin/ceph: stderr
2024-04-25T13:31:33.607+0000 7f66e232b700 1 -- 172.21.15.27:0/2903753487 >> 172.21.15.27:0/2903753487 conn(0x7f66dc103f80 msgr2=0x7f66dc1063d0 unknown :-1 s=STATE_NONE l=0).mark_down
2024-04-25T13:31:34.649 INFO:teuthology.orchestra.run.smithi027.stdout:/usr/bin/ceph: stderr
2024-04-25T13:31:33.607+0000 7f66e232b700 1 -- 172.21.15.27:0/2903753487 shutdown_connections
2024-04-25T13:31:34.649 INFO:teuthology.orchestra.run.smithi027.stdout:/usr/bin/ceph: stderr
2024-04-25T13:31:33.607+0000 7f66e232b700 1 -- 172.21.15.27:0/2903753487 wait complete.
2024-04-25T13:31:34.650 INFO:teuthology.orchestra.run.smithi027.stdout:/usr/bin/ceph: stderr
2024-04-25T13:31:33.608+0000 7f66e232b700 1 Processor -- start
2024-04-25T13:31:34.650 INFO:teuthology.orchestra.run.smithi027.stdout:/usr/bin/ceph: stderr
2024-04-25T13:31:33.608+0000 7f66e232b700 1 -- start start
2024-04-25T13:31:34.650 INFO:teuthology.orchestra.run.smithi027.stdout:/usr/bin/ceph: stderr
2024-04-25T13:31:33.608+0000 7f66e232b700 1 --2- >> [v2:172.21.15.27:3300/0,v1:172.21.15.27:6789/0] conn(0x7f66dc07cbc0 0x7f66dc19dcc0 unknown :-1 s=NONE pgs=0 cs=0 l=1 rev1=0 crypto rx=0 tx=0 comp rx=0 tx=0).connect
2024-04-25T13:31:34.650 INFO:teuthology.orchestra.run.smithi027.stdout:/usr/bin/ceph: stderr
2024-04-25T13:31:33.608+0000 7f66e232b700 1 -- --> [v2:172.21.15.27:3300/0,v1:172.21.15.27:6789/0] -- mon_getmap magic: 0 -- 0x7f66dc10dd20 con 0x7f66dc07cbc0
2024-04-25T13:31:34.650 INFO:teuthology.orchestra.run.smithi027.stdout:/usr/bin/ceph: stderr
2024-04-25T13:31:33.608+0000 7f66dbfff700 1 --2- >> [v2:172.21.15.27:3300/0,v1:172.21.15.27:6789/0] conn(0x7f66dc07cbc0 0x7f66dc19dcc0 unknown :-1 s=BANNER_CONNECTING pgs=0 cs=0 l=1 rev1=0 crypto rx=0 tx=0 comp rx=0 tx=0)._handle_peer_banner_payload supported=3 required=0
2024-04-25T13:31:34.650 INFO:teuthology.orchestra.run.smithi027.stdout:/usr/bin/ceph: stderr
2024-04-25T13:31:33.608+0000 7f66dbfff700 1 --2- >> [v2:172.21.15.27:3300/0,v1:172.21.15.27:6789/0] conn(0x7f66dc07cbc0 0x7f66dc19dcc0 unknown :-1 s=HELLO_CONNECTING pgs=0 cs=0 l=1 rev1=1 crypto rx=0 tx=0 comp rx=0 tx=0).handle_hello peer v2:172.21.15.27:3300/0 says I am v2:172.21.15.27:42348/0 (socket says 172.21.15.27:42348)
2024-04-25T13:31:34.650 INFO:teuthology.orchestra.run.smithi027.stdout:/usr/bin/ceph: stderr
2024-04-25T13:31:33.608+0000 7f66dbfff700 1 -- 172.21.15.27:0/112361417 learned_addr learned my addr 172.21.15.27:0/112361417 (peer_addr_for_me v2:172.21.15.27:0/0)
2024-04-25T13:31:34.650 INFO:teuthology.orchestra.run.smithi027.stdout:/usr/bin/ceph: stderr
2024-04-25T13:31:33.609+0000 7f66dbfff700 1 -- 172.21.15.27:0/112361417 --> [v2:172.21.15.27:3300/0,v1:172.21.15.27:6789/0] -- mon_subscribe({config=0+,monmap=0+}) -- 0x7f66dc19e200 con 0x7f66dc07cbc0
2024-04-25T13:31:34.650 INFO:teuthology.orchestra.run.smithi027.stdout:/usr/bin/ceph: stderr
2024-04-25T13:31:33.609+0000 7f66dbfff700 1 --2- 172.21.15.27:0/112361417 >> [v2:172.21.15.27:3300/0,v1:172.21.15.27:6789/0] conn(0x7f66dc07cbc0 0x7f66dc19dcc0 secure :-1 s=READY pgs=73 cs=0 l=1 rev1=1 crypto rx=0x7f66c4000c00 tx=0x7f66c4011aa0 comp rx=0 tx=0).ready entity=mon.0 client_cookie=0 server_cookie=0 in_seq=0 out_seq=0
2024-04-25T13:31:34.650 INFO:teuthology.orchestra.run.smithi027.stdout:/usr/bin/ceph: stderr
2024-04-25T13:31:33.609+0000 7f66d97fa700 1 -- 172.21.15.27:0/112361417 <== mon.0 v2:172.21.15.27:3300/0 1 ==== mon_map magic: 0 ==== 205+0+0 (secure 0 0 0) 0x7f66c4003aa0 con 0x7f66dc07cbc0
2024-04-25T13:31:34.650 INFO:teuthology.orchestra.run.smithi027.stdout:/usr/bin/ceph: stderr
2024-04-25T13:31:33.609+0000 7f66d97fa700 1 -- 172.21.15.27:0/112361417 <== mon.0 v2:172.21.15.27:3300/0 2 ==== config(26 keys) ==== 1101+0+0 (secure 0 0 0) 0x7f66c401b8f0 con 0x7f66dc07cbc0
2024-04-25T13:31:34.650 INFO:teuthology.orchestra.run.smithi027.stdout:/usr/bin/ceph: stderr
2024-04-25T13:31:33.609+0000 7f66e232b700 1 -- 172.21.15.27:0/112361417 --> [v2:172.21.15.27:3300/0,v1:172.21.15.27:6789/0] -- mon_subscribe({mgrmap=0+}) -- 0x7f66dc19e490 con 0x7f66dc07cbc0
2024-04-25T13:31:34.650 INFO:teuthology.orchestra.run.smithi027.stdout:/usr/bin/ceph: stderr
2024-04-25T13:31:33.609+0000 7f66d97fa700 1 -- 172.21.15.27:0/112361417 <== mon.0 v2:172.21.15.27:3300/0 3 ==== mon_map magic: 0 ==== 205+0+0 (secure 0 0 0) 0x7f66c4023890 con 0x7f66dc07cbc0
2024-04-25T13:31:34.650 INFO:teuthology.orchestra.run.smithi027.stdout:/usr/bin/ceph: stderr
2024-04-25T13:31:33.609+0000 7f66e232b700 1 -- 172.21.15.27:0/112361417 --> [v2:172.21.15.27:3300/0,v1:172.21.15.27:6789/0] -- mon_subscribe({osdmap=0}) -- 0x7f66dc1a10a0 con 0x7f66dc07cbc0
2024-04-25T13:31:34.651 INFO:teuthology.orchestra.run.smithi027.stdout:/usr/bin/ceph: stderr
2024-04-25T13:31:33.610+0000 7f66d97fa700 1 -- 172.21.15.27:0/112361417 <== mon.0 v2:172.21.15.27:3300/0 4 ==== mgrmap(e 12) ==== 49529+0+0 (secure 0 0 0) 0x7f66c402c3f0 con 0x7f66dc07cbc0
2024-04-25T13:31:34.651 INFO:teuthology.orchestra.run.smithi027.stdout:/usr/bin/ceph: stderr
2024-04-25T13:31:33.610+0000 7f66d97fa700 1 --2- 172.21.15.27:0/112361417 >> [v2:172.21.15.27:6800/1716439151,v1:172.21.15.27:6801/1716439151] conn(0x7f66c803d5c0 0x7f66c803fad0 unknown :-1 s=NONE pgs=0 cs=0 l=1 rev1=0 crypto rx=0 tx=0 comp rx=0 tx=0).connect
2024-04-25T13:31:34.651 INFO:teuthology.orchestra.run.smithi027.stdout:/usr/bin/ceph: stderr
2024-04-25T13:31:33.610+0000 7f66d97fa700 1 -- 172.21.15.27:0/112361417 <== mon.0 v2:172.21.15.27:3300/0 5 ==== osd_map(3..3 src has 1..3) ==== 1155+0+0 (secure 0 0 0) 0x7f66c4053d30 con 0x7f66dc07cbc0
2024-04-25T13:31:34.651 INFO:teuthology.orchestra.run.smithi027.stdout:/usr/bin/ceph: stderr
2024-04-25T13:31:33.610+0000 7f66db7fe700 1 --2- 172.21.15.27:0/112361417 >> [v2:172.21.15.27:6800/1716439151,v1:172.21.15.27:6801/1716439151] conn(0x7f66c803d5c0 0x7f66c803fad0 unknown :-1 s=BANNER_CONNECTING pgs=0 cs=0 l=1 rev1=0 crypto rx=0 tx=0 comp rx=0 tx=0)._handle_peer_banner_payload supported=3 required=0
2024-04-25T13:31:34.651 INFO:teuthology.orchestra.run.smithi027.stdout:/usr/bin/ceph: stderr
2024-04-25T13:31:33.610+0000 7f66e232b700 1 -- 172.21.15.27:0/112361417 --> [v2:172.21.15.27:3300/0,v1:172.21.15.27:6789/0] -- mon_command({"prefix": "get_command_descriptions"} v 0) -- 0x7f66dc064cf0 con 0x7f66dc07cbc0
2024-04-25T13:31:34.651 INFO:teuthology.orchestra.run.smithi027.stdout:/usr/bin/ceph: stderr
2024-04-25T13:31:33.611+0000 7f66db7fe700 1 --2- 172.21.15.27:0/112361417 >> [v2:172.21.15.27:6800/1716439151,v1:172.21.15.27:6801/1716439151] conn(0x7f66c803d5c0 0x7f66c803fad0 secure :-1 s=READY pgs=8 cs=0 l=1 rev1=1 crypto rx=0x7f66cc006fd0 tx=0x7f66cc006e40 comp rx=0 tx=0).ready entity=mgr.14152 client_cookie=0 server_cookie=0 in_seq=0 out_seq=0
2024-04-25T13:31:34.651 INFO:teuthology.orchestra.run.smithi027.stdout:/usr/bin/ceph: stderr
2024-04-25T13:31:33.616+0000 7f66d97fa700 1 -- 172.21.15.27:0/112361417 <== mon.0 v2:172.21.15.27:3300/0 6 ==== mon_command_ack([{"prefix": "get_command_descriptions"}]=0 v0) ==== 72+0+188370 (secure 0 0 0) 0x7f66c401f030 con 0x7f66dc07cbc0
2024-04-25T13:31:34.651 INFO:teuthology.orchestra.run.smithi027.stdout:/usr/bin/ceph: stderr
2024-04-25T13:31:33.844+0000 7f66e232b700 1 -- 172.21.15.27:0/112361417 --> [v2:172.21.15.27:6800/1716439151,v1:172.21.15.27:6801/1716439151] -- mgr_command(tid 0: {"prefix": "dashboard ac-user-create", "username": "admin", "rolename": "administrator", "force_password": true, "pwd_update_required": true, "target": ["mon-mgr", ""]}) -- 0x7f66dc105fd0 con 0x7f66c803d5c0
2024-04-25T13:31:34.651 INFO:teuthology.orchestra.run.smithi027.stdout:/usr/bin/ceph: stderr
2024-04-25T13:31:34.092+0000 7f66d97fa700 1 -- 172.21.15.27:0/112361417 <== mgr.14152 v2:172.21.15.27:6800/1716439151 1 ==== mgr_command_reply(tid 0: 0 ) ==== 8+0+252 (secure 0 0 0) 0x7f66dc105fd0 con 0x7f66c803d5c0
2024-04-25T13:31:34.651 INFO:teuthology.orchestra.run.smithi027.stdout:/usr/bin/ceph: stderr
2024-04-25T13:31:34.094+0000 7f66e232b700 1 -- 172.21.15.27:0/112361417 >> [v2:172.21.15.27:6800/1716439151,v1:172.21.15.27:6801/1716439151] conn(0x7f66c803d5c0 msgr2=0x7f66c803fad0 secure :-1 s=STATE_CONNECTION_ESTABLISHED l=1).mark_down
2024-04-25T13:31:34.651 INFO:teuthology.orchestra.run.smithi027.stdout:/usr/bin/ceph: stderr
2024-04-25T13:31:34.094+0000 7f66e232b700 1 --2- 172.21.15.27:0/112361417 >> [v2:172.21.15.27:6800/1716439151,v1:172.21.15.27:6801/1716439151] conn(0x7f66c803d5c0 0x7f66c803fad0 secure :-1 s=READY pgs=8 cs=0 l=1 rev1=1 crypto rx=0x7f66cc006fd0 tx=0x7f66cc006e40 comp rx=0 tx=0).stop
2024-04-25T13:31:34.651 INFO:teuthology.orchestra.run.smithi027.stdout:/usr/bin/ceph: stderr
2024-04-25T13:31:34.094+0000 7f66e232b700 1 -- 172.21.15.27:0/112361417 >> [v2:172.21.15.27:3300/0,v1:172.21.15.27:6789/0] conn(0x7f66dc07cbc0 msgr2=0x7f66dc19dcc0 secure :-1 s=STATE_CONNECTION_ESTABLISHED l=1).mark_down
2024-04-25T13:31:34.651 INFO:teuthology.orchestra.run.smithi027.stdout:/usr/bin/ceph: stderr
2024-04-25T13:31:34.094+0000 7f66e232b700 1 --2- 172.21.15.27:0/112361417 >> [v2:172.21.15.27:3300/0,v1:172.21.15.27:6789/0] conn(0x7f66dc07cbc0 0x7f66dc19dcc0 secure :-1 s=READY pgs=73 cs=0 l=1 rev1=1 crypto rx=0x7f66c4000c00 tx=0x7f66c4011aa0 comp rx=0 tx=0).stop
2024-04-25T13:31:34.651 INFO:teuthology.orchestra.run.smithi027.stdout:/usr/bin/ceph: stderr
2024-04-25T13:31:34.094+0000 7f66e232b700 1 -- 172.21.15.27:0/112361417 shutdown_connections
2024-04-25T13:31:34.652 INFO:teuthology.orchestra.run.smithi027.stdout:/usr/bin/ceph: stderr
2024-04-25T13:31:34.094+0000 7f66e232b700 1 --2- 172.21.15.27:0/112361417 >> [v2:172.21.15.27:6800/1716439151,v1:172.21.15.27:6801/1716439151] conn(0x7f66c803d5c0 0x7f66c803fad0 unknown :-1 s=CLOSED pgs=8 cs=0 l=1 rev1=1 crypto rx=0 tx=0 comp rx=0 tx=0).stop
2024-04-25T13:31:34.652 INFO:teuthology.orchestra.run.smithi027.stdout:/usr/bin/ceph: stderr
2024-04-25T13:31:34.094+0000 7f66e232b700 1 --2- 172.21.15.27:0/112361417 >> [v2:172.21.15.27:3300/0,v1:172.21.15.27:6789/0] conn(0x7f66dc07cbc0 0x7f66dc19dcc0 unknown :-1 s=CLOSED pgs=73 cs=0 l=1 rev1=1 crypto rx=0 tx=0 comp rx=0 tx=0).stop
2024-04-25T13:31:34.652 INFO:teuthology.orchestra.run.smithi027.stdout:/usr/bin/ceph: stderr
2024-04-25T13:31:34.094+0000 7f66e232b700 1 -- 172.21.15.27:0/112361417 >> 172.21.15.27:0/112361417 conn(0x7f66dc103f80 msgr2=0x7f66dc1058c0 unknown :-1 s=STATE_NONE l=0).mark_down
2024-04-25T13:31:34.652 INFO:teuthology.orchestra.run.smithi027.stdout:/usr/bin/ceph: stderr
2024-04-25T13:31:34.094+0000 7f66e232b700 1 -- 172.21.15.27:0/112361417 shutdown_connections
2024-04-25T13:31:34.652 INFO:teuthology.orchestra.run.smithi027.stdout:/usr/bin/ceph: stderr
2024-04-25T13:31:34.094+0000 7f66e232b700 1 -- 172.21.15.27:0/112361417 wait complete.
2024-04-25T13:31:34.652 INFO:teuthology.orchestra.run.smithi027.stdout:Fetching dashboard port number...
2024-04-25T13:31:35.018 INFO:journalctl@ceph.mon.a.smithi027.stdout:Apr 25 13:31:34 smithi027 ceph-mon[29140]: from='mgr.14152 172.21.15.27:0/3035764718' entity='mgr.x'
2024-04-25T13:31:35.018 INFO:journalctl@ceph.mon.a.smithi027.stdout:Apr 25 13:31:34 smithi027 ceph-mon[29140]: from='client.14166 -' entity='client.admin' cmd=[{"prefix": "dashboard ac-user-create", "username": "admin", "rolename": "administrator", "force_password": true, "pwd_update_required": true, "target": ["mon-mgr", ""]}]: dispatch
2024-04-25T13:31:35.018 INFO:journalctl@ceph.mon.a.smithi027.stdout:Apr 25 13:31:34 smithi027 ceph-mon[29140]: from='mgr.14152 172.21.15.27:0/3035764718' entity='mgr.x'
2024-04-25T13:31:36.151 INFO:journalctl@ceph.mon.a.smithi027.stdout:Apr 25 13:31:35 smithi027 ceph-mon[29140]: from='client.? 172.21.15.27:0/322890439' entity='client.admin' cmd=[{"prefix": "config get", "who": "mgr", "key": "mgr/dashboard/ssl_server_port"}]: dispatch
2024-04-25T13:31:36.400 INFO:teuthology.orchestra.run.smithi027.stdout:/usr/bin/ceph: stdout 8443
2024-04-25T13:31:36.400 INFO:teuthology.orchestra.run.smithi027.stdout:/usr/bin/ceph: stderr
2024-04-25T13:31:35.134+0000 7f6fed1ee700 1 Processor -- start
2024-04-25T13:31:36.400 INFO:teuthology.orchestra.run.smithi027.stdout:/usr/bin/ceph: stderr
2024-04-25T13:31:35.134+0000 7f6fed1ee700 1 -- start start
2024-04-25T13:31:36.400 INFO:teuthology.orchestra.run.smithi027.stdout:/usr/bin/ceph: stderr
2024-04-25T13:31:35.134+0000 7f6fed1ee700 1 --2- >> [v2:172.21.15.27:3300/0,v1:172.21.15.27:6789/0] conn(0x7f6fe807cbc0 0x7f6fe810c5a0 unknown :-1 s=NONE pgs=0 cs=0 l=0 rev1=0 crypto rx=0 tx=0 comp rx=0 tx=0).connect
2024-04-25T13:31:36.400 INFO:teuthology.orchestra.run.smithi027.stdout:/usr/bin/ceph: stderr
2024-04-25T13:31:35.134+0000 7f6fed1ee700 1 -- --> [v2:172.21.15.27:3300/0,v1:172.21.15.27:6789/0] -- mon_getmap magic: 0 -- 0x7f6fe810cb70 con 0x7f6fe807cbc0
2024-04-25T13:31:36.400 INFO:teuthology.orchestra.run.smithi027.stdout:/usr/bin/ceph: stderr
2024-04-25T13:31:35.134+0000 7f6fe6d9d700 1 --2- >> [v2:172.21.15.27:3300/0,v1:172.21.15.27:6789/0] conn(0x7f6fe807cbc0 0x7f6fe810c5a0 unknown :-1 s=BANNER_CONNECTING pgs=0 cs=0 l=0 rev1=0 crypto rx=0 tx=0 comp rx=0 tx=0)._handle_peer_banner_payload supported=3 required=0
2024-04-25T13:31:36.400 INFO:teuthology.orchestra.run.smithi027.stdout:/usr/bin/ceph: stderr
2024-04-25T13:31:35.135+0000 7f6fe6d9d700 1 --2- >> [v2:172.21.15.27:3300/0,v1:172.21.15.27:6789/0] conn(0x7f6fe807cbc0 0x7f6fe810c5a0 unknown :-1 s=HELLO_CONNECTING pgs=0 cs=0 l=0 rev1=1 crypto rx=0 tx=0 comp rx=0 tx=0).handle_hello peer v2:172.21.15.27:3300/0 says I am v2:172.21.15.27:43554/0 (socket says 172.21.15.27:43554)
2024-04-25T13:31:36.401 INFO:teuthology.orchestra.run.smithi027.stdout:/usr/bin/ceph: stderr
2024-04-25T13:31:35.135+0000 7f6fe6d9d700 1 -- 172.21.15.27:0/1139383421 learned_addr learned my addr 172.21.15.27:0/1139383421 (peer_addr_for_me v2:172.21.15.27:0/0)
2024-04-25T13:31:36.401 INFO:teuthology.orchestra.run.smithi027.stdout:/usr/bin/ceph: stderr
2024-04-25T13:31:35.135+0000 7f6fe6d9d700 1 -- 172.21.15.27:0/1139383421 --> [v2:172.21.15.27:3300/0,v1:172.21.15.27:6789/0] -- mon_subscribe({config=0+,monmap=0+}) -- 0x7f6fe810ccf0 con 0x7f6fe807cbc0
2024-04-25T13:31:36.401 INFO:teuthology.orchestra.run.smithi027.stdout:/usr/bin/ceph: stderr
2024-04-25T13:31:35.135+0000 7f6fe6d9d700 1 --2- 172.21.15.27:0/1139383421 >> [v2:172.21.15.27:3300/0,v1:172.21.15.27:6789/0] conn(0x7f6fe807cbc0 0x7f6fe810c5a0 secure :-1 s=READY pgs=74 cs=0 l=1 rev1=1 crypto rx=0x7f6fe00098a0 tx=0x7f6fe0009bb0 comp rx=0 tx=0).ready entity=mon.0 client_cookie=a1e4e7106e6aade0 server_cookie=0 in_seq=0 out_seq=0
2024-04-25T13:31:36.401 INFO:teuthology.orchestra.run.smithi027.stdout:/usr/bin/ceph: stderr
2024-04-25T13:31:35.135+0000 7f6fe5d9b700 1 -- 172.21.15.27:0/1139383421 <== mon.0 v2:172.21.15.27:3300/0 1 ==== mon_map magic: 0 ==== 205+0+0 (secure 0 0 0) 0x7f6fe0004160 con 0x7f6fe807cbc0
2024-04-25T13:31:36.401 INFO:teuthology.orchestra.run.smithi027.stdout:/usr/bin/ceph: stderr
2024-04-25T13:31:35.135+0000 7f6fe5d9b700 1 -- 172.21.15.27:0/1139383421 <== mon.0 v2:172.21.15.27:3300/0 2 ==== config(26 keys) ==== 1101+0+0 (secure 0 0 0) 0x7f6fe0004300 con 0x7f6fe807cbc0
2024-04-25T13:31:36.401 INFO:teuthology.orchestra.run.smithi027.stdout:/usr/bin/ceph: stderr
2024-04-25T13:31:35.135+0000 7f6fe5d9b700 1 -- 172.21.15.27:0/1139383421 <== mon.0 v2:172.21.15.27:3300/0 3 ==== mon_map magic: 0 ==== 205+0+0 (secure 0 0 0) 0x7f6fe0011a20 con 0x7f6fe807cbc0
2024-04-25T13:31:36.401 INFO:teuthology.orchestra.run.smithi027.stdout:/usr/bin/ceph: stderr
2024-04-25T13:31:35.136+0000 7f6fed1ee700 1 -- 172.21.15.27:0/1139383421 >> [v2:172.21.15.27:3300/0,v1:172.21.15.27:6789/0] conn(0x7f6fe807cbc0 msgr2=0x7f6fe810c5a0 secure :-1 s=STATE_CONNECTION_ESTABLISHED l=1).mark_down
2024-04-25T13:31:36.401 INFO:teuthology.orchestra.run.smithi027.stdout:/usr/bin/ceph: stderr
2024-04-25T13:31:35.136+0000 7f6fed1ee700 1 --2- 172.21.15.27:0/1139383421 >> [v2:172.21.15.27:3300/0,v1:172.21.15.27:6789/0] conn(0x7f6fe807cbc0 0x7f6fe810c5a0 secure :-1 s=READY pgs=74 cs=0 l=1 rev1=1 crypto rx=0x7f6fe00098a0 tx=0x7f6fe0009bb0 comp rx=0 tx=0).stop
2024-04-25T13:31:36.401 INFO:teuthology.orchestra.run.smithi027.stdout:/usr/bin/ceph: stderr
2024-04-25T13:31:35.136+0000 7f6fed1ee700 1 -- 172.21.15.27:0/1139383421 shutdown_connections
2024-04-25T13:31:36.401 INFO:teuthology.orchestra.run.smithi027.stdout:/usr/bin/ceph: stderr
2024-04-25T13:31:35.136+0000 7f6fed1ee700 1 --2- 172.21.15.27:0/1139383421 >> [v2:172.21.15.27:3300/0,v1:172.21.15.27:6789/0] conn(0x7f6fe807cbc0 0x7f6fe810c5a0 unknown :-1 s=CLOSED pgs=74 cs=0 l=1 rev1=1 crypto rx=0 tx=0 comp rx=0 tx=0).stop
2024-04-25T13:31:36.401 INFO:teuthology.orchestra.run.smithi027.stdout:/usr/bin/ceph: stderr
2024-04-25T13:31:35.136+0000 7f6fed1ee700 1 -- 172.21.15.27:0/1139383421 >> 172.21.15.27:0/1139383421 conn(0x7f6fe8103fb0 msgr2=0x7f6fe8106400 unknown :-1 s=STATE_NONE l=0).mark_down
2024-04-25T13:31:36.401 INFO:teuthology.orchestra.run.smithi027.stdout:/usr/bin/ceph: stderr
2024-04-25T13:31:35.136+0000 7f6fed1ee700 1 -- 172.21.15.27:0/1139383421 shutdown_connections
2024-04-25T13:31:36.401 INFO:teuthology.orchestra.run.smithi027.stdout:/usr/bin/ceph: stderr
2024-04-25T13:31:35.136+0000 7f6fed1ee700 1 -- 172.21.15.27:0/1139383421 wait complete.
2024-04-25T13:31:36.401 INFO:teuthology.orchestra.run.smithi027.stdout:/usr/bin/ceph: stderr
2024-04-25T13:31:35.137+0000 7f6fed1ee700 1 Processor -- start
2024-04-25T13:31:36.402 INFO:teuthology.orchestra.run.smithi027.stdout:/usr/bin/ceph: stderr
2024-04-25T13:31:35.137+0000 7f6fed1ee700 1 -- start start
2024-04-25T13:31:36.402 INFO:teuthology.orchestra.run.smithi027.stdout:/usr/bin/ceph: stderr
2024-04-25T13:31:35.137+0000 7f6fed1ee700 1 --2- >> [v2:172.21.15.27:3300/0,v1:172.21.15.27:6789/0] conn(0x7f6fe807cbc0 0x7f6fe8109d10 unknown :-1 s=NONE pgs=0 cs=0 l=1 rev1=0 crypto rx=0 tx=0 comp rx=0 tx=0).connect
2024-04-25T13:31:36.402 INFO:teuthology.orchestra.run.smithi027.stdout:/usr/bin/ceph: stderr
2024-04-25T13:31:35.137+0000 7f6fed1ee700 1 -- --> [v2:172.21.15.27:3300/0,v1:172.21.15.27:6789/0] -- mon_getmap magic: 0 -- 0x7f6fe810dd50 con 0x7f6fe807cbc0
2024-04-25T13:31:36.402 INFO:teuthology.orchestra.run.smithi027.stdout:/usr/bin/ceph: stderr
2024-04-25T13:31:35.137+0000 7f6fe6d9d700 1 --2- >> [v2:172.21.15.27:3300/0,v1:172.21.15.27:6789/0] conn(0x7f6fe807cbc0 0x7f6fe8109d10 unknown :-1 s=BANNER_CONNECTING pgs=0 cs=0 l=1 rev1=0 crypto rx=0 tx=0 comp rx=0 tx=0)._handle_peer_banner_payload supported=3 required=0
2024-04-25T13:31:36.402 INFO:teuthology.orchestra.run.smithi027.stdout:/usr/bin/ceph: stderr
2024-04-25T13:31:35.137+0000 7f6fe6d9d700 1 --2- >> [v2:172.21.15.27:3300/0,v1:172.21.15.27:6789/0] conn(0x7f6fe807cbc0 0x7f6fe8109d10 unknown :-1 s=HELLO_CONNECTING pgs=0 cs=0 l=1 rev1=1 crypto rx=0 tx=0 comp rx=0 tx=0).handle_hello peer v2:172.21.15.27:3300/0 says I am v2:172.21.15.27:43558/0 (socket says 172.21.15.27:43558)
2024-04-25T13:31:36.402 INFO:teuthology.orchestra.run.smithi027.stdout:/usr/bin/ceph: stderr
2024-04-25T13:31:35.137+0000 7f6fe6d9d700 1 -- 172.21.15.27:0/322890439 learned_addr learned my addr 172.21.15.27:0/322890439 (peer_addr_for_me v2:172.21.15.27:0/0)
2024-04-25T13:31:36.402 INFO:teuthology.orchestra.run.smithi027.stdout:/usr/bin/ceph: stderr
2024-04-25T13:31:35.138+0000 7f6fe6d9d700 1 -- 172.21.15.27:0/322890439 --> [v2:172.21.15.27:3300/0,v1:172.21.15.27:6789/0] -- mon_subscribe({config=0+,monmap=0+}) -- 0x7f6fe810a250 con 0x7f6fe807cbc0
2024-04-25T13:31:36.402 INFO:teuthology.orchestra.run.smithi027.stdout:/usr/bin/ceph: stderr
2024-04-25T13:31:35.138+0000 7f6fe6d9d700 1 --2- 172.21.15.27:0/322890439 >> [v2:172.21.15.27:3300/0,v1:172.21.15.27:6789/0] conn(0x7f6fe807cbc0 0x7f6fe8109d10 secure :-1 s=READY pgs=75 cs=0 l=1 rev1=1 crypto rx=0x7f6fe0000c00 tx=0x7f6fe0011aa0 comp rx=0 tx=0).ready entity=mon.0 client_cookie=0 server_cookie=0 in_seq=0 out_seq=0
2024-04-25T13:31:36.402 INFO:teuthology.orchestra.run.smithi027.stdout:/usr/bin/ceph: stderr
2024-04-25T13:31:35.138+0000 7f6fdffff700 1 -- 172.21.15.27:0/322890439 <== mon.0 v2:172.21.15.27:3300/0 1 ==== mon_map magic: 0 ==== 205+0+0 (secure 0 0 0) 0x7f6fe0003aa0 con 0x7f6fe807cbc0
2024-04-25T13:31:36.402 INFO:teuthology.orchestra.run.smithi027.stdout:/usr/bin/ceph: stderr
2024-04-25T13:31:35.138+0000 7f6fdffff700 1 -- 172.21.15.27:0/322890439 <== mon.0 v2:172.21.15.27:3300/0 2 ==== config(26 keys) ==== 1101+0+0 (secure 0 0 0) 0x7f6fe001b8f0 con 0x7f6fe807cbc0
2024-04-25T13:31:36.402 INFO:teuthology.orchestra.run.smithi027.stdout:/usr/bin/ceph: stderr
2024-04-25T13:31:35.138+0000 7f6fed1ee700 1 -- 172.21.15.27:0/322890439 --> [v2:172.21.15.27:3300/0,v1:172.21.15.27:6789/0] -- mon_subscribe({mgrmap=0+}) -- 0x7f6fe81084a0 con 0x7f6fe807cbc0
2024-04-25T13:31:36.402 INFO:teuthology.orchestra.run.smithi027.stdout:/usr/bin/ceph: stderr
2024-04-25T13:31:35.138+0000 7f6fdffff700 1 -- 172.21.15.27:0/322890439 <== mon.0 v2:172.21.15.27:3300/0 3 ==== mon_map magic: 0 ==== 205+0+0 (secure 0 0 0) 0x7f6fe0023890 con 0x7f6fe807cbc0
2024-04-25T13:31:36.402 INFO:teuthology.orchestra.run.smithi027.stdout:/usr/bin/ceph: stderr
2024-04-25T13:31:35.138+0000 7f6fed1ee700 1 -- 172.21.15.27:0/322890439 --> [v2:172.21.15.27:3300/0,v1:172.21.15.27:6789/0] -- mon_subscribe({osdmap=0}) -- 0x7f6fe8108980 con 0x7f6fe807cbc0
2024-04-25T13:31:36.402 INFO:teuthology.orchestra.run.smithi027.stdout:/usr/bin/ceph: stderr
2024-04-25T13:31:35.139+0000 7f6fdffff700 1 -- 172.21.15.27:0/322890439 <== mon.0 v2:172.21.15.27:3300/0 4 ==== mgrmap(e 12) ==== 49529+0+0 (secure 0 0 0) 0x7f6fe002c3f0 con 0x7f6fe807cbc0
2024-04-25T13:31:36.403 INFO:teuthology.orchestra.run.smithi027.stdout:/usr/bin/ceph: stderr
2024-04-25T13:31:35.139+0000 7f6fdffff700 1 --2- 172.21.15.27:0/322890439 >> [v2:172.21.15.27:6800/1716439151,v1:172.21.15.27:6801/1716439151] conn(0x7f6fd403d5c0 0x7f6fd403fad0 unknown :-1 s=NONE pgs=0 cs=0 l=1 rev1=0 crypto rx=0 tx=0 comp rx=0 tx=0).connect
2024-04-25T13:31:36.403 INFO:teuthology.orchestra.run.smithi027.stdout:/usr/bin/ceph: stderr
2024-04-25T13:31:35.139+0000 7f6fdffff700 1 -- 172.21.15.27:0/322890439 <== mon.0 v2:172.21.15.27:3300/0 5 ==== osd_map(3..3 src has 1..3) ==== 1155+0+0 (secure 0 0 0) 0x7f6fe0053db0 con 0x7f6fe807cbc0
2024-04-25T13:31:36.403 INFO:teuthology.orchestra.run.smithi027.stdout:/usr/bin/ceph: stderr
2024-04-25T13:31:35.139+0000 7f6fed1ee700 1 -- 172.21.15.27:0/322890439 --> [v2:172.21.15.27:3300/0,v1:172.21.15.27:6789/0] -- mon_command({"prefix": "get_command_descriptions"} v 0) -- 0x7f6fe8064cf0 con 0x7f6fe807cbc0
2024-04-25T13:31:36.403 INFO:teuthology.orchestra.run.smithi027.stdout:/usr/bin/ceph: stderr
2024-04-25T13:31:35.139+0000 7f6fe659c700 1 --2- 172.21.15.27:0/322890439 >> [v2:172.21.15.27:6800/1716439151,v1:172.21.15.27:6801/1716439151] conn(0x7f6fd403d5c0 0x7f6fd403fad0 unknown :-1 s=BANNER_CONNECTING pgs=0 cs=0 l=1 rev1=0 crypto rx=0 tx=0 comp rx=0 tx=0)._handle_peer_banner_payload supported=3 required=0
2024-04-25T13:31:36.403 INFO:teuthology.orchestra.run.smithi027.stdout:/usr/bin/ceph: stderr
2024-04-25T13:31:35.140+0000 7f6fe659c700 1 --2- 172.21.15.27:0/322890439 >> [v2:172.21.15.27:6800/1716439151,v1:172.21.15.27:6801/1716439151] conn(0x7f6fd403d5c0 0x7f6fd403fad0 secure :-1 s=READY pgs=9 cs=0 l=1 rev1=1 crypto rx=0x7f6fd0006fd0 tx=0x7f6fd0006e40 comp rx=0 tx=0).ready entity=mgr.14152 client_cookie=0 server_cookie=0 in_seq=0 out_seq=0
2024-04-25T13:31:36.403 INFO:teuthology.orchestra.run.smithi027.stdout:/usr/bin/ceph: stderr
2024-04-25T13:31:35.145+0000 7f6fdffff700 1 -- 172.21.15.27:0/322890439 <== mon.0 v2:172.21.15.27:3300/0 6 ==== mon_command_ack([{"prefix": "get_command_descriptions"}]=0 v0) ==== 72+0+188370 (secure 0 0 0) 0x7f6fe001f030 con 0x7f6fe807cbc0
2024-04-25T13:31:36.403 INFO:teuthology.orchestra.run.smithi027.stdout:/usr/bin/ceph: stderr
2024-04-25T13:31:35.359+0000 7f6fed1ee700 1 -- 172.21.15.27:0/322890439 --> [v2:172.21.15.27:3300/0,v1:172.21.15.27:6789/0] -- mon_command({"prefix": "config get", "who": "mgr", "key": "mgr/dashboard/ssl_server_port"} v 0) -- 0x7f6fe8108c00 con 0x7f6fe807cbc0
2024-04-25T13:31:36.403 INFO:teuthology.orchestra.run.smithi027.stdout:/usr/bin/ceph: stderr
2024-04-25T13:31:35.360+0000 7f6fdffff700 1 -- 172.21.15.27:0/322890439 <== mon.0 v2:172.21.15.27:3300/0 7 ==== mon_command_ack([{"prefix": "config get", "who": "mgr", "key": "mgr/dashboard/ssl_server_port"}]=0 v8) ==== 112+0+5 (secure 0 0 0) 0x7f6fe8108c00 con 0x7f6fe807cbc0
2024-04-25T13:31:36.403 INFO:teuthology.orchestra.run.smithi027.stdout:/usr/bin/ceph: stderr
2024-04-25T13:31:35.362+0000 7f6fed1ee700 1 -- 172.21.15.27:0/322890439 >> [v2:172.21.15.27:6800/1716439151,v1:172.21.15.27:6801/1716439151] conn(0x7f6fd403d5c0 msgr2=0x7f6fd403fad0 secure :-1 s=STATE_CONNECTION_ESTABLISHED l=1).mark_down
2024-04-25T13:31:36.403 INFO:teuthology.orchestra.run.smithi027.stdout:/usr/bin/ceph: stderr
2024-04-25T13:31:35.362+0000 7f6fed1ee700 1 --2- 172.21.15.27:0/322890439 >> [v2:172.21.15.27:6800/1716439151,v1:172.21.15.27:6801/1716439151] conn(0x7f6fd403d5c0 0x7f6fd403fad0 secure :-1 s=READY pgs=9 cs=0 l=1 rev1=1 crypto rx=0x7f6fd0006fd0 tx=0x7f6fd0006e40 comp rx=0 tx=0).stop
2024-04-25T13:31:36.403 INFO:teuthology.orchestra.run.smithi027.stdout:/usr/bin/ceph: stderr
2024-04-25T13:31:35.362+0000 7f6fed1ee700 1 -- 172.21.15.27:0/322890439 >> [v2:172.21.15.27:3300/0,v1:172.21.15.27:6789/0] conn(0x7f6fe807cbc0 msgr2=0x7f6fe8109d10 secure :-1 s=STATE_CONNECTION_ESTABLISHED l=1).mark_down
2024-04-25T13:31:36.403 INFO:teuthology.orchestra.run.smithi027.stdout:/usr/bin/ceph: stderr
2024-04-25T13:31:35.362+0000 7f6fed1ee700 1 --2- 172.21.15.27:0/322890439 >> [v2:172.21.15.27:3300/0,v1:172.21.15.27:6789/0] conn(0x7f6fe807cbc0 0x7f6fe8109d10 secure :-1 s=READY pgs=75 cs=0 l=1 rev1=1 crypto rx=0x7f6fe0000c00 tx=0x7f6fe0011aa0 comp rx=0 tx=0).stop
2024-04-25T13:31:36.403 INFO:teuthology.orchestra.run.smithi027.stdout:/usr/bin/ceph: stderr
2024-04-25T13:31:35.362+0000 7f6fed1ee700 1 -- 172.21.15.27:0/322890439 shutdown_connections
2024-04-25T13:31:36.403 INFO:teuthology.orchestra.run.smithi027.stdout:/usr/bin/ceph: stderr
2024-04-25T13:31:35.362+0000 7f6fed1ee700 1 --2- 172.21.15.27:0/322890439 >> [v2:172.21.15.27:6800/1716439151,v1:172.21.15.27:6801/1716439151] conn(0x7f6fd403d5c0 0x7f6fd403fad0 unknown :-1 s=CLOSED pgs=9 cs=0 l=1 rev1=1 crypto rx=0 tx=0 comp rx=0 tx=0).stop
2024-04-25T13:31:36.404 INFO:teuthology.orchestra.run.smithi027.stdout:/usr/bin/ceph: stderr
2024-04-25T13:31:35.362+0000 7f6fed1ee700 1 --2- 172.21.15.27:0/322890439 >> [v2:172.21.15.27:3300/0,v1:172.21.15.27:6789/0] conn(0x7f6fe807cbc0 0x7f6fe8109d10 unknown :-1 s=CLOSED pgs=75 cs=0 l=1 rev1=1 crypto rx=0 tx=0 comp rx=0 tx=0).stop
2024-04-25T13:31:36.404 INFO:teuthology.orchestra.run.smithi027.stdout:/usr/bin/ceph: stderr
2024-04-25T13:31:35.362+0000 7f6fed1ee700 1 -- 172.21.15.27:0/322890439 >> 172.21.15.27:0/322890439 conn(0x7f6fe8103fb0 msgr2=0x7f6fe81058c0 unknown :-1 s=STATE_NONE l=0).mark_down
2024-04-25T13:31:36.404 INFO:teuthology.orchestra.run.smithi027.stdout:/usr/bin/ceph: stderr
2024-04-25T13:31:35.363+0000 7f6fed1ee700 1 -- 172.21.15.27:0/322890439 shutdown_connections
2024-04-25T13:31:36.404 INFO:teuthology.orchestra.run.smithi027.stdout:/usr/bin/ceph: stderr
2024-04-25T13:31:35.363+0000 7f6fed1ee700 1 -- 172.21.15.27:0/322890439 wait complete.
2024-04-25T13:31:36.408 INFO:teuthology.orchestra.run.smithi027.stdout:Non-zero exit code 1 from systemctl is-enabled firewalld.service
2024-04-25T13:31:36.408 INFO:teuthology.orchestra.run.smithi027.stdout:systemctl: stdout disabled
2024-04-25T13:31:36.415 INFO:teuthology.orchestra.run.smithi027.stdout:Non-zero exit code 3 from systemctl is-active firewalld.service
2024-04-25T13:31:36.416 INFO:teuthology.orchestra.run.smithi027.stdout:systemctl: stdout inactive
2024-04-25T13:31:36.416 INFO:teuthology.orchestra.run.smithi027.stdout:firewalld.service is not enabled
2024-04-25T13:31:36.416 INFO:teuthology.orchestra.run.smithi027.stdout:Not possible to open ports <[8443]>. firewalld.service is not available
2024-04-25T13:31:36.417 INFO:teuthology.orchestra.run.smithi027.stdout:Ceph Dashboard is now available at:
2024-04-25T13:31:36.417 INFO:teuthology.orchestra.run.smithi027.stdout:
2024-04-25T13:31:36.417 INFO:teuthology.orchestra.run.smithi027.stdout: URL: https://smithi027:8443/
2024-04-25T13:31:36.418 INFO:teuthology.orchestra.run.smithi027.stdout: User: admin
2024-04-25T13:31:36.418 INFO:teuthology.orchestra.run.smithi027.stdout: Password: 2fbzarsnin
2024-04-25T13:31:36.418 INFO:teuthology.orchestra.run.smithi027.stdout:
2024-04-25T13:31:36.418 INFO:teuthology.orchestra.run.smithi027.stdout:Saving cluster configuration to /var/lib/ceph/db01fc44-0307-11ef-bc93-c7b262605968/config directory
2024-04-25T13:31:36.418 INFO:teuthology.orchestra.run.smithi027.stdout:Enabling autotune for osd_memory_target
2024-04-25T13:31:37.842 INFO:journalctl@ceph.mon.a.smithi027.stdout:Apr 25 13:31:37 smithi027 ceph-mon[29140]: mgrmap e13: x(active, since 6s)
2024-04-25T13:31:37.850 INFO:teuthology.orchestra.run.smithi027.stdout:/usr/bin/ceph: stderr
2024-04-25T13:31:36.821+0000 7f4e5ff71700 1 Processor -- start
2024-04-25T13:31:37.850 INFO:teuthology.orchestra.run.smithi027.stdout:/usr/bin/ceph: stderr
2024-04-25T13:31:36.821+0000 7f4e5ff71700 1 -- start start
2024-04-25T13:31:37.850 INFO:teuthology.orchestra.run.smithi027.stdout:/usr/bin/ceph: stderr
2024-04-25T13:31:36.821+0000 7f4e5ff71700 1 --2- >> [v2:172.21.15.27:3300/0,v1:172.21.15.27:6789/0] conn(0x7f4e5807cc20 0x7f4e5810e910 unknown :-1 s=NONE pgs=0 cs=0 l=0 rev1=0 crypto rx=0 tx=0 comp rx=0 tx=0).connect
2024-04-25T13:31:37.850 INFO:teuthology.orchestra.run.smithi027.stdout:/usr/bin/ceph: stderr
2024-04-25T13:31:36.821+0000 7f4e5ff71700 1 -- --> [v2:172.21.15.27:3300/0,v1:172.21.15.27:6789/0] -- mon_getmap magic: 0 -- 0x7f4e5810ee50 con 0x7f4e5807cc20
2024-04-25T13:31:37.850 INFO:teuthology.orchestra.run.smithi027.stdout:/usr/bin/ceph: stderr
2024-04-25T13:31:36.822+0000 7f4e5dd0d700 1 --2- >> [v2:172.21.15.27:3300/0,v1:172.21.15.27:6789/0] conn(0x7f4e5807cc20 0x7f4e5810e910 unknown :-1 s=BANNER_CONNECTING pgs=0 cs=0 l=0 rev1=0 crypto rx=0 tx=0 comp rx=0 tx=0)._handle_peer_banner_payload supported=3 required=0
2024-04-25T13:31:37.850 INFO:teuthology.orchestra.run.smithi027.stdout:/usr/bin/ceph: stderr
2024-04-25T13:31:36.822+0000 7f4e5dd0d700 1 --2- >> [v2:172.21.15.27:3300/0,v1:172.21.15.27:6789/0] conn(0x7f4e5807cc20 0x7f4e5810e910 unknown :-1 s=HELLO_CONNECTING pgs=0 cs=0 l=0 rev1=1 crypto rx=0 tx=0 comp rx=0 tx=0).handle_hello peer v2:172.21.15.27:3300/0 says I am v2:172.21.15.27:43568/0 (socket says 172.21.15.27:43568)
2024-04-25T13:31:37.850 INFO:teuthology.orchestra.run.smithi027.stdout:/usr/bin/ceph: stderr
2024-04-25T13:31:36.822+0000 7f4e5dd0d700 1 -- 172.21.15.27:0/3888254009 learned_addr learned my addr 172.21.15.27:0/3888254009 (peer_addr_for_me v2:172.21.15.27:0/0)
2024-04-25T13:31:37.850 INFO:teuthology.orchestra.run.smithi027.stdout:/usr/bin/ceph: stderr
2024-04-25T13:31:36.822+0000 7f4e5dd0d700 1 -- 172.21.15.27:0/3888254009 --> [v2:172.21.15.27:3300/0,v1:172.21.15.27:6789/0] -- mon_subscribe({config=0+,monmap=0+}) -- 0x7f4e5810efd0 con 0x7f4e5807cc20
2024-04-25T13:31:37.850 INFO:teuthology.orchestra.run.smithi027.stdout:/usr/bin/ceph: stderr
2024-04-25T13:31:36.822+0000 7f4e5dd0d700 1 --2- 172.21.15.27:0/3888254009 >> [v2:172.21.15.27:3300/0,v1:172.21.15.27:6789/0] conn(0x7f4e5807cc20 0x7f4e5810e910 secure :-1 s=READY pgs=76 cs=0 l=1 rev1=1 crypto rx=0x7f4e540098a0 tx=0x7f4e54009bb0 comp rx=0 tx=0).ready entity=mon.0 client_cookie=eaa881af0f15cc6c server_cookie=0 in_seq=0 out_seq=0
2024-04-25T13:31:37.850 INFO:teuthology.orchestra.run.smithi027.stdout:/usr/bin/ceph: stderr
2024-04-25T13:31:36.822+0000 7f4e5cd0b700 1 -- 172.21.15.27:0/3888254009 <== mon.0 v2:172.21.15.27:3300/0 1 ==== mon_map magic: 0 ==== 205+0+0 (secure 0 0 0) 0x7f4e54004160 con 0x7f4e5807cc20
2024-04-25T13:31:37.850 INFO:teuthology.orchestra.run.smithi027.stdout:/usr/bin/ceph: stderr
2024-04-25T13:31:36.822+0000 7f4e5cd0b700 1 -- 172.21.15.27:0/3888254009 <== mon.0 v2:172.21.15.27:3300/0 2 ==== config(26 keys) ==== 1101+0+0 (secure 0 0 0) 0x7f4e54004300 con 0x7f4e5807cc20
2024-04-25T13:31:37.851 INFO:teuthology.orchestra.run.smithi027.stdout:/usr/bin/ceph: stderr
2024-04-25T13:31:36.822+0000 7f4e5cd0b700 1 -- 172.21.15.27:0/3888254009 <== mon.0 v2:172.21.15.27:3300/0 3 ==== mon_map magic: 0 ==== 205+0+0 (secure 0 0 0) 0x7f4e54011a20 con 0x7f4e5807cc20
2024-04-25T13:31:37.851 INFO:teuthology.orchestra.run.smithi027.stdout:/usr/bin/ceph: stderr
2024-04-25T13:31:36.823+0000 7f4e5ff71700 1 -- 172.21.15.27:0/3888254009 >> [v2:172.21.15.27:3300/0,v1:172.21.15.27:6789/0] conn(0x7f4e5807cc20 msgr2=0x7f4e5810e910 secure :-1 s=STATE_CONNECTION_ESTABLISHED l=1).mark_down
2024-04-25T13:31:37.851 INFO:teuthology.orchestra.run.smithi027.stdout:/usr/bin/ceph: stderr
2024-04-25T13:31:36.823+0000 7f4e5ff71700 1 --2- 172.21.15.27:0/3888254009 >> [v2:172.21.15.27:3300/0,v1:172.21.15.27:6789/0] conn(0x7f4e5807cc20 0x7f4e5810e910 secure :-1 s=READY pgs=76 cs=0 l=1 rev1=1 crypto rx=0x7f4e540098a0 tx=0x7f4e54009bb0 comp rx=0 tx=0).stop
2024-04-25T13:31:37.851 INFO:teuthology.orchestra.run.smithi027.stdout:/usr/bin/ceph: stderr
2024-04-25T13:31:36.823+0000 7f4e5ff71700 1 -- 172.21.15.27:0/3888254009 shutdown_connections
2024-04-25T13:31:37.851 INFO:teuthology.orchestra.run.smithi027.stdout:/usr/bin/ceph: stderr
2024-04-25T13:31:36.823+0000 7f4e5ff71700 1 --2- 172.21.15.27:0/3888254009 >> [v2:172.21.15.27:3300/0,v1:172.21.15.27:6789/0] conn(0x7f4e5807cc20 0x7f4e5810e910 unknown :-1 s=CLOSED pgs=76 cs=0 l=1 rev1=1 crypto rx=0 tx=0 comp rx=0 tx=0).stop
2024-04-25T13:31:37.851 INFO:teuthology.orchestra.run.smithi027.stdout:/usr/bin/ceph: stderr
2024-04-25T13:31:36.823+0000 7f4e5ff71700 1 -- 172.21.15.27:0/3888254009 >> 172.21.15.27:0/3888254009 conn(0x7f4e58103f80 msgr2=0x7f4e581063d0 unknown :-1 s=STATE_NONE l=0).mark_down
2024-04-25T13:31:37.851 INFO:teuthology.orchestra.run.smithi027.stdout:/usr/bin/ceph: stderr
2024-04-25T13:31:36.823+0000 7f4e5ff71700 1 -- 172.21.15.27:0/3888254009 shutdown_connections
2024-04-25T13:31:37.851 INFO:teuthology.orchestra.run.smithi027.stdout:/usr/bin/ceph: stderr
2024-04-25T13:31:36.823+0000 7f4e5ff71700 1 -- 172.21.15.27:0/3888254009 wait complete.
2024-04-25T13:31:37.851 INFO:teuthology.orchestra.run.smithi027.stdout:/usr/bin/ceph: stderr
2024-04-25T13:31:36.824+0000 7f4e5ff71700 1 Processor -- start
2024-04-25T13:31:37.851 INFO:teuthology.orchestra.run.smithi027.stdout:/usr/bin/ceph: stderr
2024-04-25T13:31:36.824+0000 7f4e5ff71700 1 -- start start
2024-04-25T13:31:37.851 INFO:teuthology.orchestra.run.smithi027.stdout:/usr/bin/ceph: stderr
2024-04-25T13:31:36.824+0000 7f4e5ff71700 1 --2- >> [v2:172.21.15.27:3300/0,v1:172.21.15.27:6789/0] conn(0x7f4e5807cc20 0x7f4e5819fe70 unknown :-1 s=NONE pgs=0 cs=0 l=1 rev1=0 crypto rx=0 tx=0 comp rx=0 tx=0).connect
2024-04-25T13:31:37.851 INFO:teuthology.orchestra.run.smithi027.stdout:/usr/bin/ceph: stderr
2024-04-25T13:31:36.824+0000 7f4e5ff71700 1 -- --> [v2:172.21.15.27:3300/0,v1:172.21.15.27:6789/0] -- mon_getmap magic: 0 -- 0x7f4e5810ff20 con 0x7f4e5807cc20
2024-04-25T13:31:37.851 INFO:teuthology.orchestra.run.smithi027.stdout:/usr/bin/ceph: stderr
2024-04-25T13:31:36.824+0000 7f4e5dd0d700 1 --2- >> [v2:172.21.15.27:3300/0,v1:172.21.15.27:6789/0] conn(0x7f4e5807cc20 0x7f4e5819fe70 unknown :-1 s=BANNER_CONNECTING pgs=0 cs=0 l=1 rev1=0 crypto rx=0 tx=0 comp rx=0 tx=0)._handle_peer_banner_payload supported=3 required=0
2024-04-25T13:31:37.851 INFO:teuthology.orchestra.run.smithi027.stdout:/usr/bin/ceph: stderr
2024-04-25T13:31:36.824+0000 7f4e5dd0d700 1 --2- >> [v2:172.21.15.27:3300/0,v1:172.21.15.27:6789/0] conn(0x7f4e5807cc20 0x7f4e5819fe70 unknown :-1 s=HELLO_CONNECTING pgs=0 cs=0 l=1 rev1=1 crypto rx=0 tx=0 comp rx=0 tx=0).handle_hello peer v2:172.21.15.27:3300/0 says I am v2:172.21.15.27:43574/0 (socket says 172.21.15.27:43574)
2024-04-25T13:31:37.852 INFO:teuthology.orchestra.run.smithi027.stdout:/usr/bin/ceph: stderr
2024-04-25T13:31:36.824+0000 7f4e5dd0d700 1 -- 172.21.15.27:0/3128257128 learned_addr learned my addr 172.21.15.27:0/3128257128 (peer_addr_for_me v2:172.21.15.27:0/0)
2024-04-25T13:31:37.852 INFO:teuthology.orchestra.run.smithi027.stdout:/usr/bin/ceph: stderr
2024-04-25T13:31:36.824+0000 7f4e5dd0d700 1 -- 172.21.15.27:0/3128257128 --> [v2:172.21.15.27:3300/0,v1:172.21.15.27:6789/0] -- mon_subscribe({config=0+,monmap=0+}) -- 0x7f4e581a03b0 con 0x7f4e5807cc20
2024-04-25T13:31:37.852 INFO:teuthology.orchestra.run.smithi027.stdout:/usr/bin/ceph: stderr
2024-04-25T13:31:36.825+0000 7f4e5dd0d700 1 --2- 172.21.15.27:0/3128257128 >> [v2:172.21.15.27:3300/0,v1:172.21.15.27:6789/0] conn(0x7f4e5807cc20 0x7f4e5819fe70 secure :-1 s=READY pgs=77 cs=0 l=1 rev1=1 crypto rx=0x7f4e54006af0 tx=0x7f4e54011aa0 comp rx=0 tx=0).ready entity=mon.0 client_cookie=0 server_cookie=0 in_seq=0 out_seq=0
2024-04-25T13:31:37.852 INFO:teuthology.orchestra.run.smithi027.stdout:/usr/bin/ceph: stderr
2024-04-25T13:31:36.825+0000 7f4e4effd700 1 -- 172.21.15.27:0/3128257128 <== mon.0 v2:172.21.15.27:3300/0 1 ==== mon_map magic: 0 ==== 205+0+0 (secure 0 0 0) 0x7f4e54003b20 con 0x7f4e5807cc20
2024-04-25T13:31:37.852 INFO:teuthology.orchestra.run.smithi027.stdout:/usr/bin/ceph: stderr
2024-04-25T13:31:36.825+0000 7f4e4effd700 1 -- 172.21.15.27:0/3128257128 <== mon.0 v2:172.21.15.27:3300/0 2 ==== config(26 keys) ==== 1101+0+0 (secure 0 0 0) 0x7f4e5401b8f0 con 0x7f4e5807cc20
2024-04-25T13:31:37.852 INFO:teuthology.orchestra.run.smithi027.stdout:/usr/bin/ceph: stderr
2024-04-25T13:31:36.825+0000 7f4e5ff71700 1 -- 172.21.15.27:0/3128257128 --> [v2:172.21.15.27:3300/0,v1:172.21.15.27:6789/0] -- mon_subscribe({mgrmap=0+}) -- 0x7f4e581a0640 con 0x7f4e5807cc20
2024-04-25T13:31:37.852 INFO:teuthology.orchestra.run.smithi027.stdout:/usr/bin/ceph: stderr
2024-04-25T13:31:36.825+0000 7f4e4effd700 1 -- 172.21.15.27:0/3128257128 <== mon.0 v2:172.21.15.27:3300/0 3 ==== mon_map magic: 0 ==== 205+0+0 (secure 0 0 0) 0x7f4e540238c0 con 0x7f4e5807cc20
2024-04-25T13:31:37.852 INFO:teuthology.orchestra.run.smithi027.stdout:/usr/bin/ceph: stderr
2024-04-25T13:31:36.825+0000 7f4e5ff71700 1 -- 172.21.15.27:0/3128257128 --> [v2:172.21.15.27:3300/0,v1:172.21.15.27:6789/0] -- mon_subscribe({osdmap=0}) -- 0x7f4e581a3250 con 0x7f4e5807cc20
2024-04-25T13:31:37.852 INFO:teuthology.orchestra.run.smithi027.stdout:/usr/bin/ceph: stderr
2024-04-25T13:31:36.826+0000 7f4e4effd700 1 -- 172.21.15.27:0/3128257128 <== mon.0 v2:172.21.15.27:3300/0 4 ==== mgrmap(e 12) ==== 49529+0+0 (secure 0 0 0) 0x7f4e54023a80 con 0x7f4e5807cc20
2024-04-25T13:31:37.852 INFO:teuthology.orchestra.run.smithi027.stdout:/usr/bin/ceph: stderr
2024-04-25T13:31:36.826+0000 7f4e5ff71700 1 -- 172.21.15.27:0/3128257128 --> [v2:172.21.15.27:3300/0,v1:172.21.15.27:6789/0] -- mon_command({"prefix": "get_command_descriptions"} v 0) -- 0x7f4e58064cf0 con 0x7f4e5807cc20
2024-04-25T13:31:37.852 INFO:teuthology.orchestra.run.smithi027.stdout:/usr/bin/ceph: stderr
2024-04-25T13:31:36.826+0000 7f4e4effd700 1 --2- 172.21.15.27:0/3128257128 >> [v2:172.21.15.27:6800/1716439151,v1:172.21.15.27:6801/1716439151] conn(0x7f4e4403d5d0 0x7f4e4403fae0 unknown :-1 s=NONE pgs=0 cs=0 l=1 rev1=0 crypto rx=0 tx=0 comp rx=0 tx=0).connect
2024-04-25T13:31:37.852 INFO:teuthology.orchestra.run.smithi027.stdout:/usr/bin/ceph: stderr
2024-04-25T13:31:36.826+0000 7f4e4effd700 1 -- 172.21.15.27:0/3128257128 <== mon.0 v2:172.21.15.27:3300/0 5 ==== osd_map(3..3 src has 1..3) ==== 1155+0+0 (secure 0 0 0) 0x7f4e54053060 con 0x7f4e5807cc20
2024-04-25T13:31:37.852 INFO:teuthology.orchestra.run.smithi027.stdout:/usr/bin/ceph: stderr
2024-04-25T13:31:36.826+0000 7f4e5d50c700 1 --2- 172.21.15.27:0/3128257128 >> [v2:172.21.15.27:6800/1716439151,v1:172.21.15.27:6801/1716439151] conn(0x7f4e4403d5d0 0x7f4e4403fae0 unknown :-1 s=BANNER_CONNECTING pgs=0 cs=0 l=1 rev1=0 crypto rx=0 tx=0 comp rx=0 tx=0)._handle_peer_banner_payload supported=3 required=0
2024-04-25T13:31:37.852 INFO:teuthology.orchestra.run.smithi027.stdout:/usr/bin/ceph: stderr
2024-04-25T13:31:36.827+0000 7f4e5d50c700 1 --2- 172.21.15.27:0/3128257128 >> [v2:172.21.15.27:6800/1716439151,v1:172.21.15.27:6801/1716439151] conn(0x7f4e4403d5d0 0x7f4e4403fae0 secure :-1 s=READY pgs=10 cs=0 l=1 rev1=1 crypto rx=0x7f4e48006fd0 tx=0x7f4e48006e40 comp rx=0 tx=0).ready entity=mgr.14152 client_cookie=0 server_cookie=0 in_seq=0 out_seq=0
2024-04-25T13:31:37.853 INFO:teuthology.orchestra.run.smithi027.stdout:/usr/bin/ceph: stderr
2024-04-25T13:31:36.832+0000 7f4e4effd700 1 -- 172.21.15.27:0/3128257128 <== mon.0 v2:172.21.15.27:3300/0 6 ==== mon_command_ack([{"prefix": "get_command_descriptions"}]=0 v0) ==== 72+0+188370 (secure 0 0 0) 0x7f4e5401f030 con 0x7f4e5807cc20
2024-04-25T13:31:37.853 INFO:teuthology.orchestra.run.smithi027.stdout:/usr/bin/ceph: stderr
2024-04-25T13:31:36.834+0000 7f4e4effd700 1 -- 172.21.15.27:0/3128257128 <== mon.0 v2:172.21.15.27:3300/0 7 ==== mgrmap(e 13) ==== 49572+0+0 (secure 0 0 0) 0x7f4e5402c3f0 con 0x7f4e5807cc20
2024-04-25T13:31:37.853 INFO:teuthology.orchestra.run.smithi027.stdout:/usr/bin/ceph: stderr
2024-04-25T13:31:37.040+0000 7f4e5ff71700 1 -- 172.21.15.27:0/3128257128 --> [v2:172.21.15.27:3300/0,v1:172.21.15.27:6789/0] -- mon_command([{prefix=config set, name=osd_memory_target_autotune}] v 0) -- 0x7f4e581a3560 con 0x7f4e5807cc20
2024-04-25T13:31:37.853 INFO:teuthology.orchestra.run.smithi027.stdout:/usr/bin/ceph: stderr
2024-04-25T13:31:37.041+0000 7f4e4effd700 1 -- 172.21.15.27:0/3128257128 <== mon.0 v2:172.21.15.27:3300/0 8 ==== mon_command_ack([{prefix=config set, name=osd_memory_target_autotune}]=0 v8)=0 v8) ==== 127+0+0 (secure 0 0 0) 0x7f4e540172b0 con 0x7f4e5807cc20
2024-04-25T13:31:37.853 INFO:teuthology.orchestra.run.smithi027.stdout:/usr/bin/ceph: stderr
2024-04-25T13:31:37.043+0000 7f4e5ff71700 1 -- 172.21.15.27:0/3128257128 >> [v2:172.21.15.27:6800/1716439151,v1:172.21.15.27:6801/1716439151] conn(0x7f4e4403d5d0 msgr2=0x7f4e4403fae0 secure :-1 s=STATE_CONNECTION_ESTABLISHED l=1).mark_down
2024-04-25T13:31:37.853 INFO:teuthology.orchestra.run.smithi027.stdout:/usr/bin/ceph: stderr
2024-04-25T13:31:37.043+0000 7f4e5ff71700 1 --2- 172.21.15.27:0/3128257128 >> [v2:172.21.15.27:6800/1716439151,v1:172.21.15.27:6801/1716439151] conn(0x7f4e4403d5d0 0x7f4e4403fae0 secure :-1 s=READY pgs=10 cs=0 l=1 rev1=1 crypto rx=0x7f4e48006fd0 tx=0x7f4e48006e40 comp rx=0 tx=0).stop
2024-04-25T13:31:37.853 INFO:teuthology.orchestra.run.smithi027.stdout:/usr/bin/ceph: stderr
2024-04-25T13:31:37.043+0000 7f4e5ff71700 1 -- 172.21.15.27:0/3128257128 >> [v2:172.21.15.27:3300/0,v1:172.21.15.27:6789/0] conn(0x7f4e5807cc20 msgr2=0x7f4e5819fe70 secure :-1 s=STATE_CONNECTION_ESTABLISHED l=1).mark_down
2024-04-25T13:31:37.853 INFO:teuthology.orchestra.run.smithi027.stdout:/usr/bin/ceph: stderr
2024-04-25T13:31:37.043+0000 7f4e5ff71700 1 --2- 172.21.15.27:0/3128257128 >> [v2:172.21.15.27:3300/0,v1:172.21.15.27:6789/0] conn(0x7f4e5807cc20 0x7f4e5819fe70 secure :-1 s=READY pgs=77 cs=0 l=1 rev1=1 crypto rx=0x7f4e54006af0 tx=0x7f4e54011aa0 comp rx=0 tx=0).stop
2024-04-25T13:31:37.853 INFO:teuthology.orchestra.run.smithi027.stdout:/usr/bin/ceph: stderr
2024-04-25T13:31:37.043+0000 7f4e5ff71700 1 -- 172.21.15.27:0/3128257128 shutdown_connections
2024-04-25T13:31:37.853 INFO:teuthology.orchestra.run.smithi027.stdout:/usr/bin/ceph: stderr
2024-04-25T13:31:37.043+0000 7f4e5ff71700 1 --2- 172.21.15.27:0/3128257128 >> [v2:172.21.15.27:6800/1716439151,v1:172.21.15.27:6801/1716439151] conn(0x7f4e4403d5d0 0x7f4e4403fae0 unknown :-1 s=CLOSED pgs=10 cs=0 l=1 rev1=1 crypto rx=0 tx=0 comp rx=0 tx=0).stop
2024-04-25T13:31:37.853 INFO:teuthology.orchestra.run.smithi027.stdout:/usr/bin/ceph: stderr
2024-04-25T13:31:37.043+0000 7f4e5ff71700 1 --2- 172.21.15.27:0/3128257128 >> [v2:172.21.15.27:3300/0,v1:172.21.15.27:6789/0] conn(0x7f4e5807cc20 0x7f4e5819fe70 unknown :-1 s=CLOSED pgs=77 cs=0 l=1 rev1=1 crypto rx=0 tx=0 comp rx=0 tx=0).stop
2024-04-25T13:31:37.853 INFO:teuthology.orchestra.run.smithi027.stdout:/usr/bin/ceph: stderr
2024-04-25T13:31:37.043+0000 7f4e5ff71700 1 -- 172.21.15.27:0/3128257128 >> 172.21.15.27:0/3128257128 conn(0x7f4e58103f80 msgr2=0x7f4e58105840 unknown :-1 s=STATE_NONE l=0).mark_down
2024-04-25T13:31:37.853 INFO:teuthology.orchestra.run.smithi027.stdout:/usr/bin/ceph: stderr
2024-04-25T13:31:37.043+0000 7f4e5ff71700 1 -- 172.21.15.27:0/3128257128 shutdown_connections
2024-04-25T13:31:37.853 INFO:teuthology.orchestra.run.smithi027.stdout:/usr/bin/ceph: stderr
2024-04-25T13:31:37.043+0000 7f4e5ff71700 1 -- 172.21.15.27:0/3128257128 wait complete.
2024-04-25T13:31:39.198 INFO:teuthology.orchestra.run.smithi027.stdout:/usr/bin/ceph: stderr
2024-04-25T13:31:38.301+0000 7ff9a5b84700 1 Processor -- start
2024-04-25T13:31:39.198 INFO:teuthology.orchestra.run.smithi027.stdout:/usr/bin/ceph: stderr
2024-04-25T13:31:38.302+0000 7ff9a5b84700 1 -- start start
2024-04-25T13:31:39.198 INFO:teuthology.orchestra.run.smithi027.stdout:/usr/bin/ceph: stderr
2024-04-25T13:31:38.302+0000 7ff9a5b84700 1 --2- >> [v2:172.21.15.27:3300/0,v1:172.21.15.27:6789/0] conn(0x7ff9a01088a0 0x7ff9a0108cb0 unknown :-1 s=NONE pgs=0 cs=0 l=0 rev1=0 crypto rx=0 tx=0 comp rx=0 tx=0).connect
2024-04-25T13:31:39.199 INFO:teuthology.orchestra.run.smithi027.stdout:/usr/bin/ceph: stderr
2024-04-25T13:31:38.302+0000 7ff9a5b84700 1 -- --> [v2:172.21.15.27:3300/0,v1:172.21.15.27:6789/0] -- mon_getmap magic: 0 -- 0x7ff9a01092a0 con 0x7ff9a01088a0
2024-04-25T13:31:39.199 INFO:teuthology.orchestra.run.smithi027.stdout:/usr/bin/ceph: stderr
2024-04-25T13:31:38.302+0000 7ff99f7fe700 1 --2- >> [v2:172.21.15.27:3300/0,v1:172.21.15.27:6789/0] conn(0x7ff9a01088a0 0x7ff9a0108cb0 unknown :-1 s=BANNER_CONNECTING pgs=0 cs=0 l=0 rev1=0 crypto rx=0 tx=0 comp rx=0 tx=0)._handle_peer_banner_payload supported=3 required=0
2024-04-25T13:31:39.199 INFO:teuthology.orchestra.run.smithi027.stdout:/usr/bin/ceph: stderr
2024-04-25T13:31:38.302+0000 7ff99f7fe700 1 --2- >> [v2:172.21.15.27:3300/0,v1:172.21.15.27:6789/0] conn(0x7ff9a01088a0 0x7ff9a0108cb0 unknown :-1 s=HELLO_CONNECTING pgs=0 cs=0 l=0 rev1=1 crypto rx=0 tx=0 comp rx=0 tx=0).handle_hello peer v2:172.21.15.27:3300/0 says I am v2:172.21.15.27:43578/0 (socket says 172.21.15.27:43578)
2024-04-25T13:31:39.199 INFO:teuthology.orchestra.run.smithi027.stdout:/usr/bin/ceph: stderr
2024-04-25T13:31:38.302+0000 7ff99f7fe700 1 -- 172.21.15.27:0/1422967362 learned_addr learned my addr 172.21.15.27:0/1422967362 (peer_addr_for_me v2:172.21.15.27:0/0)
2024-04-25T13:31:39.199 INFO:teuthology.orchestra.run.smithi027.stdout:/usr/bin/ceph: stderr
2024-04-25T13:31:38.302+0000 7ff99f7fe700 1 -- 172.21.15.27:0/1422967362 --> [v2:172.21.15.27:3300/0,v1:172.21.15.27:6789/0] -- mon_subscribe({config=0+,monmap=0+}) -- 0x7ff9a01099d0 con 0x7ff9a01088a0
2024-04-25T13:31:39.199 INFO:teuthology.orchestra.run.smithi027.stdout:/usr/bin/ceph: stderr
2024-04-25T13:31:38.302+0000 7ff99f7fe700 1 --2- 172.21.15.27:0/1422967362 >> [v2:172.21.15.27:3300/0,v1:172.21.15.27:6789/0] conn(0x7ff9a01088a0 0x7ff9a0108cb0 secure :-1 s=READY pgs=78 cs=0 l=1 rev1=1 crypto rx=0x7ff9880098a0 tx=0x7ff988009bb0 comp rx=0 tx=0).ready entity=mon.0 client_cookie=20114d779fa52f3c server_cookie=0 in_seq=0 out_seq=0
2024-04-25T13:31:39.199 INFO:teuthology.orchestra.run.smithi027.stdout:/usr/bin/ceph: stderr
2024-04-25T13:31:38.303+0000 7ff99e7fc700 1 -- 172.21.15.27:0/1422967362 <== mon.0 v2:172.21.15.27:3300/0 1 ==== mon_map magic: 0 ==== 205+0+0 (secure 0 0 0) 0x7ff988004160 con 0x7ff9a01088a0
2024-04-25T13:31:39.199 INFO:teuthology.orchestra.run.smithi027.stdout:/usr/bin/ceph: stderr
2024-04-25T13:31:38.303+0000 7ff99e7fc700 1 -- 172.21.15.27:0/1422967362 <== mon.0 v2:172.21.15.27:3300/0 2 ==== config(26 keys) ==== 1101+0+0 (secure 0 0 0) 0x7ff988004300 con 0x7ff9a01088a0
2024-04-25T13:31:39.199 INFO:teuthology.orchestra.run.smithi027.stdout:/usr/bin/ceph: stderr
2024-04-25T13:31:38.303+0000 7ff99e7fc700 1 -- 172.21.15.27:0/1422967362 <== mon.0 v2:172.21.15.27:3300/0 3 ==== mon_map magic: 0 ==== 205+0+0 (secure 0 0 0) 0x7ff988011a20 con 0x7ff9a01088a0
2024-04-25T13:31:39.199 INFO:teuthology.orchestra.run.smithi027.stdout:/usr/bin/ceph: stderr
2024-04-25T13:31:38.303+0000 7ff9a5b84700 1 -- 172.21.15.27:0/1422967362 >> [v2:172.21.15.27:3300/0,v1:172.21.15.27:6789/0] conn(0x7ff9a01088a0 msgr2=0x7ff9a0108cb0 secure :-1 s=STATE_CONNECTION_ESTABLISHED l=1).mark_down
