2024-04-25T13:32:19.233 INFO:teuthology.orchestra.run.smithi094.stdout:/usr/bin/ceph: stderr
2024-04-25T13:32:17.903+0000 7f86cf714700 1 --2- >> [v2:172.21.15.94:3300/0,v1:172.21.15.94:6789/0] conn(0x7f86c8109cd0 0x7f86c810a0e0 unknown :-1 s=NONE pgs=0 cs=0 l=0 rev1=0 crypto rx=0 tx=0 comp rx=0 tx=0).connect
2024-04-25T13:32:19.233 INFO:teuthology.orchestra.run.smithi094.stdout:/usr/bin/ceph: stderr
2024-04-25T13:32:17.903+0000 7f86cf714700 1 -- --> [v2:172.21.15.94:3300/0,v1:172.21.15.94:6789/0] -- mon_getmap magic: 0 -- 0x7f86c810a6d0 con 0x7f86c8109cd0
2024-04-25T13:32:19.233 INFO:teuthology.orchestra.run.smithi094.stdout:/usr/bin/ceph: stderr
2024-04-25T13:32:17.904+0000 7f86cd4b0700 1 --2- >> [v2:172.21.15.94:3300/0,v1:172.21.15.94:6789/0] conn(0x7f86c8109cd0 0x7f86c810a0e0 unknown :-1 s=BANNER_CONNECTING pgs=0 cs=0 l=0 rev1=0 crypto rx=0 tx=0 comp rx=0 tx=0)._handle_peer_banner_payload supported=3 required=0
2024-04-25T13:32:19.233 INFO:teuthology.orchestra.run.smithi094.stdout:/usr/bin/ceph: stderr
2024-04-25T13:32:17.904+0000 7f86cd4b0700 1 --2- >> [v2:172.21.15.94:3300/0,v1:172.21.15.94:6789/0] conn(0x7f86c8109cd0 0x7f86c810a0e0 unknown :-1 s=HELLO_CONNECTING pgs=0 cs=0 l=0 rev1=1 crypto rx=0 tx=0 comp rx=0 tx=0).handle_hello peer v2:172.21.15.94:3300/0 says I am v2:172.21.15.94:59850/0 (socket says 172.21.15.94:59850)
2024-04-25T13:32:19.233 INFO:teuthology.orchestra.run.smithi094.stdout:/usr/bin/ceph: stderr
2024-04-25T13:32:17.904+0000 7f86cd4b0700 1 -- 172.21.15.94:0/3374572809 learned_addr learned my addr 172.21.15.94:0/3374572809 (peer_addr_for_me v2:172.21.15.94:0/0)
2024-04-25T13:32:19.233 INFO:teuthology.orchestra.run.smithi094.stdout:/usr/bin/ceph: stderr
2024-04-25T13:32:17.904+0000 7f86cd4b0700 1 -- 172.21.15.94:0/3374572809 --> [v2:172.21.15.94:3300/0,v1:172.21.15.94:6789/0] -- mon_subscribe({config=0+,monmap=0+}) -- 0x7f86c810ae00 con 0x7f86c8109cd0
2024-04-25T13:32:19.233 INFO:teuthology.orchestra.run.smithi094.stdout:/usr/bin/ceph: stderr
2024-04-25T13:32:17.904+0000 7f86cd4b0700 1 --2- 172.21.15.94:0/3374572809 >> [v2:172.21.15.94:3300/0,v1:172.21.15.94:6789/0] conn(0x7f86c8109cd0 0x7f86c810a0e0 secure :-1 s=READY pgs=41 cs=0 l=1 rev1=1 crypto rx=0x7f86c4009e80 tx=0x7f86c400b330 comp rx=0 tx=0).ready entity=mon.0 client_cookie=cf88224ca6ea74fa server_cookie=0 in_seq=0 out_seq=0
2024-04-25T13:32:19.233 INFO:teuthology.orchestra.run.smithi094.stdout:/usr/bin/ceph: stderr
2024-04-25T13:32:17.904+0000 7f86bffff700 1 -- 172.21.15.94:0/3374572809 <== mon.0 v2:172.21.15.94:3300/0 1 ==== mon_map magic: 0 ==== 205+0+0 (secure 0 0 0) 0x7f86c4017070 con 0x7f86c8109cd0
2024-04-25T13:32:19.233 INFO:teuthology.orchestra.run.smithi094.stdout:/usr/bin/ceph: stderr
2024-04-25T13:32:17.904+0000 7f86bffff700 1 -- 172.21.15.94:0/3374572809 <== mon.0 v2:172.21.15.94:3300/0 2 ==== config(26 keys) ==== 1070+0+0 (secure 0 0 0) 0x7f86c400b8c0 con 0x7f86c8109cd0
2024-04-25T13:32:19.233 INFO:teuthology.orchestra.run.smithi094.stdout:/usr/bin/ceph: stderr
2024-04-25T13:32:17.904+0000 7f86bffff700 1 -- 172.21.15.94:0/3374572809 <== mon.0 v2:172.21.15.94:3300/0 3 ==== mon_map magic: 0 ==== 205+0+0 (secure 0 0 0) 0x7f86c4004490 con 0x7f86c8109cd0
2024-04-25T13:32:19.234 INFO:teuthology.orchestra.run.smithi094.stdout:/usr/bin/ceph: stderr
2024-04-25T13:32:17.905+0000 7f86cf714700 1 -- 172.21.15.94:0/3374572809 >> [v2:172.21.15.94:3300/0,v1:172.21.15.94:6789/0] conn(0x7f86c8109cd0 msgr2=0x7f86c810a0e0 secure :-1 s=STATE_CONNECTION_ESTABLISHED l=1).mark_down
2024-04-25T13:32:19.234 INFO:teuthology.orchestra.run.smithi094.stdout:/usr/bin/ceph: stderr
2024-04-25T13:32:17.905+0000 7f86cf714700 1 --2- 172.21.15.94:0/3374572809 >> [v2:172.21.15.94:3300/0,v1:172.21.15.94:6789/0] conn(0x7f86c8109cd0 0x7f86c810a0e0 secure :-1 s=READY pgs=41 cs=0 l=1 rev1=1 crypto rx=0x7f86c4009e80 tx=0x7f86c400b330 comp rx=0 tx=0).stop
2024-04-25T13:32:19.234 INFO:teuthology.orchestra.run.smithi094.stdout:/usr/bin/ceph: stderr
2024-04-25T13:32:17.905+0000 7f86cf714700 1 -- 172.21.15.94:0/3374572809 shutdown_connections
2024-04-25T13:32:19.234 INFO:teuthology.orchestra.run.smithi094.stdout:/usr/bin/ceph: stderr
2024-04-25T13:32:17.905+0000 7f86cf714700 1 --2- 172.21.15.94:0/3374572809 >> [v2:172.21.15.94:3300/0,v1:172.21.15.94:6789/0] conn(0x7f86c8109cd0 0x7f86c810a0e0 unknown :-1 s=CLOSED pgs=41 cs=0 l=1 rev1=1 crypto rx=0 tx=0 comp rx=0 tx=0).stop
2024-04-25T13:32:19.234 INFO:teuthology.orchestra.run.smithi094.stdout:/usr/bin/ceph: stderr
2024-04-25T13:32:17.905+0000 7f86cf714700 1 -- 172.21.15.94:0/3374572809 >> 172.21.15.94:0/3374572809 conn(0x7f86c81052f0 msgr2=0x7f86c81077c0 unknown :-1 s=STATE_NONE l=0).mark_down
2024-04-25T13:32:19.234 INFO:teuthology.orchestra.run.smithi094.stdout:/usr/bin/ceph: stderr
2024-04-25T13:32:17.905+0000 7f86cf714700 1 -- 172.21.15.94:0/3374572809 shutdown_connections
2024-04-25T13:32:19.234 INFO:teuthology.orchestra.run.smithi094.stdout:/usr/bin/ceph: stderr
2024-04-25T13:32:17.905+0000 7f86cf714700 1 -- 172.21.15.94:0/3374572809 wait complete.
2024-04-25T13:32:19.234 INFO:teuthology.orchestra.run.smithi094.stdout:/usr/bin/ceph: stderr
2024-04-25T13:32:17.906+0000 7f86cf714700 1 Processor -- start
2024-04-25T13:32:19.234 INFO:teuthology.orchestra.run.smithi094.stdout:/usr/bin/ceph: stderr
2024-04-25T13:32:17.906+0000 7f86cf714700 1 -- start start
2024-04-25T13:32:19.234 INFO:teuthology.orchestra.run.smithi094.stdout:/usr/bin/ceph: stderr
2024-04-25T13:32:17.906+0000 7f86cf714700 1 --2- >> [v2:172.21.15.94:3300/0,v1:172.21.15.94:6789/0] conn(0x7f86c8109cd0 0x7f86c807ea60 unknown :-1 s=NONE pgs=0 cs=0 l=1 rev1=0 crypto rx=0 tx=0 comp rx=0 tx=0).connect
2024-04-25T13:32:19.234 INFO:teuthology.orchestra.run.smithi094.stdout:/usr/bin/ceph: stderr
2024-04-25T13:32:17.906+0000 7f86cf714700 1 -- --> [v2:172.21.15.94:3300/0,v1:172.21.15.94:6789/0] -- mon_getmap magic: 0 -- 0x7f86c810e030 con 0x7f86c8109cd0
2024-04-25T13:32:19.234 INFO:teuthology.orchestra.run.smithi094.stdout:/usr/bin/ceph: stderr
2024-04-25T13:32:17.906+0000 7f86cd4b0700 1 --2- >> [v2:172.21.15.94:3300/0,v1:172.21.15.94:6789/0] conn(0x7f86c8109cd0 0x7f86c807ea60 unknown :-1 s=BANNER_CONNECTING pgs=0 cs=0 l=1 rev1=0 crypto rx=0 tx=0 comp rx=0 tx=0)._handle_peer_banner_payload supported=3 required=0
2024-04-25T13:32:19.234 INFO:teuthology.orchestra.run.smithi094.stdout:/usr/bin/ceph: stderr
2024-04-25T13:32:17.906+0000 7f86cd4b0700 1 --2- >> [v2:172.21.15.94:3300/0,v1:172.21.15.94:6789/0] conn(0x7f86c8109cd0 0x7f86c807ea60 unknown :-1 s=HELLO_CONNECTING pgs=0 cs=0 l=1 rev1=1 crypto rx=0 tx=0 comp rx=0 tx=0).handle_hello peer v2:172.21.15.94:3300/0 says I am v2:172.21.15.94:59862/0 (socket says 172.21.15.94:59862)
2024-04-25T13:32:19.234 INFO:teuthology.orchestra.run.smithi094.stdout:/usr/bin/ceph: stderr
2024-04-25T13:32:17.906+0000 7f86cd4b0700 1 -- 172.21.15.94:0/641779938 learned_addr learned my addr 172.21.15.94:0/641779938 (peer_addr_for_me v2:172.21.15.94:0/0)
2024-04-25T13:32:19.235 INFO:teuthology.orchestra.run.smithi094.stdout:/usr/bin/ceph: stderr
2024-04-25T13:32:17.906+0000 7f86cd4b0700 1 -- 172.21.15.94:0/641779938 --> [v2:172.21.15.94:3300/0,v1:172.21.15.94:6789/0] -- mon_subscribe({config=0+,monmap=0+}) -- 0x7f86c807efa0 con 0x7f86c8109cd0
2024-04-25T13:32:19.235 INFO:teuthology.orchestra.run.smithi094.stdout:/usr/bin/ceph: stderr
2024-04-25T13:32:17.906+0000 7f86cd4b0700 1 --2- 172.21.15.94:0/641779938 >> [v2:172.21.15.94:3300/0,v1:172.21.15.94:6789/0] conn(0x7f86c8109cd0 0x7f86c807ea60 secure :-1 s=READY pgs=42 cs=0 l=1 rev1=1 crypto rx=0x7f86c400bca0 tx=0x7f86c400bd80 comp rx=0 tx=0).ready entity=mon.0 client_cookie=0 server_cookie=0 in_seq=0 out_seq=0
2024-04-25T13:32:19.235 INFO:teuthology.orchestra.run.smithi094.stdout:/usr/bin/ceph: stderr
2024-04-25T13:32:17.906+0000 7f86be7fc700 1 -- 172.21.15.94:0/641779938 <== mon.0 v2:172.21.15.94:3300/0 1 ==== mon_map magic: 0 ==== 205+0+0 (secure 0 0 0) 0x7f86c4020020 con 0x7f86c8109cd0
2024-04-25T13:32:19.235 INFO:teuthology.orchestra.run.smithi094.stdout:/usr/bin/ceph: stderr
2024-04-25T13:32:17.906+0000 7f86cf714700 1 -- 172.21.15.94:0/641779938 --> [v2:172.21.15.94:3300/0,v1:172.21.15.94:6789/0] -- mon_subscribe({mgrmap=0+}) -- 0x7f86c807d1f0 con 0x7f86c8109cd0
2024-04-25T13:32:19.235 INFO:teuthology.orchestra.run.smithi094.stdout:/usr/bin/ceph: stderr
2024-04-25T13:32:17.906+0000 7f86be7fc700 1 -- 172.21.15.94:0/641779938 <== mon.0 v2:172.21.15.94:3300/0 2 ==== config(26 keys) ==== 1070+0+0 (secure 0 0 0) 0x7f86c4012430 con 0x7f86c8109cd0
2024-04-25T13:32:19.235 INFO:teuthology.orchestra.run.smithi094.stdout:/usr/bin/ceph: stderr
2024-04-25T13:32:17.906+0000 7f86be7fc700 1 -- 172.21.15.94:0/641779938 <== mon.0 v2:172.21.15.94:3300/0 3 ==== mon_map magic: 0 ==== 205+0+0 (secure 0 0 0) 0x7f86c4017040 con 0x7f86c8109cd0
2024-04-25T13:32:19.235 INFO:teuthology.orchestra.run.smithi094.stdout:/usr/bin/ceph: stderr
2024-04-25T13:32:17.906+0000 7f86cf714700 1 -- 172.21.15.94:0/641779938 --> [v2:172.21.15.94:3300/0,v1:172.21.15.94:6789/0] -- mon_subscribe({osdmap=0}) -- 0x7f86c807d730 con 0x7f86c8109cd0
2024-04-25T13:32:19.235 INFO:teuthology.orchestra.run.smithi094.stdout:/usr/bin/ceph: stderr
2024-04-25T13:32:17.907+0000 7f86cf714700 1 -- 172.21.15.94:0/641779938 --> [v2:172.21.15.94:3300/0,v1:172.21.15.94:6789/0] -- mon_command({"prefix": "get_command_descriptions"} v 0) -- 0x7f86c8064cf0 con 0x7f86c8109cd0
2024-04-25T13:32:19.235 INFO:teuthology.orchestra.run.smithi094.stdout:/usr/bin/ceph: stderr
2024-04-25T13:32:17.907+0000 7f86be7fc700 1 -- 172.21.15.94:0/641779938 <== mon.0 v2:172.21.15.94:3300/0 4 ==== mgrmap(e 8) ==== 49516+0+0 (secure 0 0 0) 0x7f86c4023020 con 0x7f86c8109cd0
2024-04-25T13:32:19.235 INFO:teuthology.orchestra.run.smithi094.stdout:/usr/bin/ceph: stderr
2024-04-25T13:32:17.908+0000 7f86be7fc700 1 --2- 172.21.15.94:0/641779938 >> [v2:172.21.15.94:6800/1021554684,v1:172.21.15.94:6801/1021554684] conn(0x7f86b403d520 0x7f86b403fa30 unknown :-1 s=NONE pgs=0 cs=0 l=1 rev1=0 crypto rx=0 tx=0 comp rx=0 tx=0).connect
2024-04-25T13:32:19.235 INFO:teuthology.orchestra.run.smithi094.stdout:/usr/bin/ceph: stderr
2024-04-25T13:32:17.908+0000 7f86be7fc700 1 -- 172.21.15.94:0/641779938 <== mon.0 v2:172.21.15.94:3300/0 5 ==== osd_map(2..2 src has 1..2) ==== 940+0+0 (secure 0 0 0) 0x7f86c400f050 con 0x7f86c8109cd0
2024-04-25T13:32:19.235 INFO:teuthology.orchestra.run.smithi094.stdout:/usr/bin/ceph: stderr
2024-04-25T13:32:17.908+0000 7f86cccaf700 1 --2- 172.21.15.94:0/641779938 >> [v2:172.21.15.94:6800/1021554684,v1:172.21.15.94:6801/1021554684] conn(0x7f86b403d520 0x7f86b403fa30 unknown :-1 s=BANNER_CONNECTING pgs=0 cs=0 l=1 rev1=0 crypto rx=0 tx=0 comp rx=0 tx=0)._handle_peer_banner_payload supported=3 required=0
2024-04-25T13:32:19.235 INFO:teuthology.orchestra.run.smithi094.stdout:/usr/bin/ceph: stderr
2024-04-25T13:32:17.908+0000 7f86cccaf700 1 --2- 172.21.15.94:0/641779938 >> [v2:172.21.15.94:6800/1021554684,v1:172.21.15.94:6801/1021554684] conn(0x7f86b403d520 0x7f86b403fa30 secure :-1 s=READY pgs=9 cs=0 l=1 rev1=1 crypto rx=0x7f86b8006fd0 tx=0x7f86b8006e40 comp rx=0 tx=0).ready entity=mgr.14120 client_cookie=0 server_cookie=0 in_seq=0 out_seq=0
2024-04-25T13:32:19.236 INFO:teuthology.orchestra.run.smithi094.stdout:/usr/bin/ceph: stderr
2024-04-25T13:32:17.913+0000 7f86be7fc700 1 -- 172.21.15.94:0/641779938 <== mon.0 v2:172.21.15.94:3300/0 6 ==== mon_command_ack([{"prefix": "get_command_descriptions"}]=0 v0) ==== 72+0+188370 (secure 0 0 0) 0x7f86c402a020 con 0x7f86c8109cd0
2024-04-25T13:32:19.236 INFO:teuthology.orchestra.run.smithi094.stdout:/usr/bin/ceph: stderr
2024-04-25T13:32:18.108+0000 7f86cf714700 1 -- 172.21.15.94:0/641779938 --> [v2:172.21.15.94:6800/1021554684,v1:172.21.15.94:6801/1021554684] -- mgr_command(tid 0: {"prefix": "cephadm generate-key", "target": ["mon-mgr", ""]}) -- 0x7f86c807de90 con 0x7f86b403d520
2024-04-25T13:32:19.236 INFO:teuthology.orchestra.run.smithi094.stdout:/usr/bin/ceph: stderr
2024-04-25T13:32:18.638+0000 7f86be7fc700 1 -- 172.21.15.94:0/641779938 <== mgr.14120 v2:172.21.15.94:6800/1021554684 1 ==== mgr_command_reply(tid 0: 0 ) ==== 8+0+0 (secure 0 0 0) 0x7f86c807de90 con 0x7f86b403d520
2024-04-25T13:32:19.236 INFO:teuthology.orchestra.run.smithi094.stdout:/usr/bin/ceph: stderr
2024-04-25T13:32:18.640+0000 7f86cf714700 1 -- 172.21.15.94:0/641779938 >> [v2:172.21.15.94:6800/1021554684,v1:172.21.15.94:6801/1021554684] conn(0x7f86b403d520 msgr2=0x7f86b403fa30 secure :-1 s=STATE_CONNECTION_ESTABLISHED l=1).mark_down
2024-04-25T13:32:19.236 INFO:teuthology.orchestra.run.smithi094.stdout:/usr/bin/ceph: stderr
2024-04-25T13:32:18.640+0000 7f86cf714700 1 --2- 172.21.15.94:0/641779938 >> [v2:172.21.15.94:6800/1021554684,v1:172.21.15.94:6801/1021554684] conn(0x7f86b403d520 0x7f86b403fa30 secure :-1 s=READY pgs=9 cs=0 l=1 rev1=1 crypto rx=0x7f86b8006fd0 tx=0x7f86b8006e40 comp rx=0 tx=0).stop
2024-04-25T13:32:19.236 INFO:teuthology.orchestra.run.smithi094.stdout:/usr/bin/ceph: stderr
2024-04-25T13:32:18.640+0000 7f86cf714700 1 -- 172.21.15.94:0/641779938 >> [v2:172.21.15.94:3300/0,v1:172.21.15.94:6789/0] conn(0x7f86c8109cd0 msgr2=0x7f86c807ea60 secure :-1 s=STATE_CONNECTION_ESTABLISHED l=1).mark_down
2024-04-25T13:32:19.236 INFO:teuthology.orchestra.run.smithi094.stdout:/usr/bin/ceph: stderr
2024-04-25T13:32:18.640+0000 7f86cf714700 1 --2- 172.21.15.94:0/641779938 >> [v2:172.21.15.94:3300/0,v1:172.21.15.94:6789/0] conn(0x7f86c8109cd0 0x7f86c807ea60 secure :-1 s=READY pgs=42 cs=0 l=1 rev1=1 crypto rx=0x7f86c400bca0 tx=0x7f86c400bd80 comp rx=0 tx=0).stop
2024-04-25T13:32:19.236 INFO:teuthology.orchestra.run.smithi094.stdout:/usr/bin/ceph: stderr
2024-04-25T13:32:18.640+0000 7f86cf714700 1 -- 172.21.15.94:0/641779938 shutdown_connections
2024-04-25T13:32:19.236 INFO:teuthology.orchestra.run.smithi094.stdout:/usr/bin/ceph: stderr
2024-04-25T13:32:18.640+0000 7f86cf714700 1 --2- 172.21.15.94:0/641779938 >> [v2:172.21.15.94:6800/1021554684,v1:172.21.15.94:6801/1021554684] conn(0x7f86b403d520 0x7f86b403fa30 unknown :-1 s=CLOSED pgs=9 cs=0 l=1 rev1=1 crypto rx=0 tx=0 comp rx=0 tx=0).stop
2024-04-25T13:32:19.236 INFO:teuthology.orchestra.run.smithi094.stdout:/usr/bin/ceph: stderr
2024-04-25T13:32:18.640+0000 7f86cf714700 1 --2- 172.21.15.94:0/641779938 >> [v2:172.21.15.94:3300/0,v1:172.21.15.94:6789/0] conn(0x7f86c8109cd0 0x7f86c807ea60 unknown :-1 s=CLOSED pgs=42 cs=0 l=1 rev1=1 crypto rx=0 tx=0 comp rx=0 tx=0).stop
2024-04-25T13:32:19.236 INFO:teuthology.orchestra.run.smithi094.stdout:/usr/bin/ceph: stderr
2024-04-25T13:32:18.640+0000 7f86cf714700 1 -- 172.21.15.94:0/641779938 >> 172.21.15.94:0/641779938 conn(0x7f86c81052f0 msgr2=0x7f86c8105bf0 unknown :-1 s=STATE_NONE l=0).mark_down
2024-04-25T13:32:19.236 INFO:teuthology.orchestra.run.smithi094.stdout:/usr/bin/ceph: stderr
2024-04-25T13:32:18.641+0000 7f86cf714700 1 -- 172.21.15.94:0/641779938 shutdown_connections
2024-04-25T13:32:19.236 INFO:teuthology.orchestra.run.smithi094.stdout:/usr/bin/ceph: stderr
2024-04-25T13:32:18.641+0000 7f86cf714700 1 -- 172.21.15.94:0/641779938 wait complete.
2024-04-25T13:32:19.882 INFO:journalctl@ceph.mon.a.smithi094.stdout:Apr 25 13:32:19 smithi094 ceph-mon[29195]: from='client.14136 -' entity='client.admin' cmd=[{"prefix": "cephadm generate-key", "target": ["mon-mgr", ""]}]: dispatch
2024-04-25T13:32:19.882 INFO:journalctl@ceph.mon.a.smithi094.stdout:Apr 25 13:32:19 smithi094 ceph-mon[29195]: Generating ssh key...
2024-04-25T13:32:19.882 INFO:journalctl@ceph.mon.a.smithi094.stdout:Apr 25 13:32:19 smithi094 ceph-mon[29195]: from='mgr.14120 172.21.15.94:0/619023692' entity='mgr.x'
2024-04-25T13:32:19.883 INFO:journalctl@ceph.mon.a.smithi094.stdout:Apr 25 13:32:19 smithi094 ceph-mon[29195]: from='mgr.14120 172.21.15.94:0/619023692' entity='mgr.x'
2024-04-25T13:32:20.349 INFO:teuthology.orchestra.run.smithi094.stdout:/usr/bin/ceph: stdout ssh-rsa AAAAB3NzaC1yc2EAAAADAQABAAABgQDLpMgmIcqO26DDoFNxUsSh3JSkW5ov4Me+tZu7CMLWbj+1MUpk42tEdrhpHjp0KpbrxDgzd3pdSM+Gr/xFGhfial0iVj7sQAgN7nMB+zRdraASQ4QDXpHSOLt/ljpboORZiLO6IZVTU9WZXYtYpQTIfi5HTMc0DscZcDwWU/SZLU5CyfclyyE1Jc1eFOpAm+lR9KxYvOzJ5hTrwG5WZD41AHWLc0kf2zRinmOHa7fquvndW+gLchR3Mz+LAIyXc3lcEgywikhLmIjVraqyKa0TeugNZvAis7Pz7KFe6XcgX36aiAoN/QLzn+0QEsFn5k+OPuDx0HFZhYMjulhG93L38RE38KIGWaNl3ci5fia4VoEul3Aty8shZl0Z9zY4fIXfYLjxIZ0yN5HV2akpLqxut5mHrUXF5iaZTxYJWzws0gDmt+c2OMJIZVA9XWJvY90+r3ZFbSc5bOLbLnByoiSmS7uuySQsP2d7/p3H7O61Kbm2FF14kGro5o4UPFdbZck= ceph-f9021454-0307-11ef-bc93-c7b262605968
2024-04-25T13:32:20.349 INFO:teuthology.orchestra.run.smithi094.stdout:/usr/bin/ceph: stderr
2024-04-25T13:32:19.671+0000 7f9eeeb82700 1 Processor -- start
2024-04-25T13:32:20.349 INFO:teuthology.orchestra.run.smithi094.stdout:/usr/bin/ceph: stderr
2024-04-25T13:32:19.671+0000 7f9eeeb82700 1 -- start start
2024-04-25T13:32:20.349 INFO:teuthology.orchestra.run.smithi094.stdout:/usr/bin/ceph: stderr
2024-04-25T13:32:19.671+0000 7f9eeeb82700 1 --2- >> [v2:172.21.15.94:3300/0,v1:172.21.15.94:6789/0] conn(0x7f9ee8108ae0 0x7f9ee8108ef0 unknown :-1 s=NONE pgs=0 cs=0 l=0 rev1=0 crypto rx=0 tx=0 comp rx=0 tx=0).connect
2024-04-25T13:32:20.349 INFO:teuthology.orchestra.run.smithi094.stdout:/usr/bin/ceph: stderr
2024-04-25T13:32:19.671+0000 7f9eeeb82700 1 -- --> [v2:172.21.15.94:3300/0,v1:172.21.15.94:6789/0] -- mon_getmap magic: 0 -- 0x7f9ee81094e0 con 0x7f9ee8108ae0
2024-04-25T13:32:20.349 INFO:teuthology.orchestra.run.smithi094.stdout:/usr/bin/ceph: stderr
2024-04-25T13:32:19.672+0000 7f9eec91e700 1 --2- >> [v2:172.21.15.94:3300/0,v1:172.21.15.94:6789/0] conn(0x7f9ee8108ae0 0x7f9ee8108ef0 unknown :-1 s=BANNER_CONNECTING pgs=0 cs=0 l=0 rev1=0 crypto rx=0 tx=0 comp rx=0 tx=0)._handle_peer_banner_payload supported=3 required=0
2024-04-25T13:32:20.349 INFO:teuthology.orchestra.run.smithi094.stdout:/usr/bin/ceph: stderr
2024-04-25T13:32:19.672+0000 7f9eec91e700 1 --2- >> [v2:172.21.15.94:3300/0,v1:172.21.15.94:6789/0] conn(0x7f9ee8108ae0 0x7f9ee8108ef0 unknown :-1 s=HELLO_CONNECTING pgs=0 cs=0 l=0 rev1=1 crypto rx=0 tx=0 comp rx=0 tx=0).handle_hello peer v2:172.21.15.94:3300/0 says I am v2:172.21.15.94:59876/0 (socket says 172.21.15.94:59876)
2024-04-25T13:32:20.350 INFO:teuthology.orchestra.run.smithi094.stdout:/usr/bin/ceph: stderr
2024-04-25T13:32:19.672+0000 7f9eec91e700 1 -- 172.21.15.94:0/4014912964 learned_addr learned my addr 172.21.15.94:0/4014912964 (peer_addr_for_me v2:172.21.15.94:0/0)
2024-04-25T13:32:20.350 INFO:teuthology.orchestra.run.smithi094.stdout:/usr/bin/ceph: stderr
2024-04-25T13:32:19.672+0000 7f9eec91e700 1 -- 172.21.15.94:0/4014912964 --> [v2:172.21.15.94:3300/0,v1:172.21.15.94:6789/0] -- mon_subscribe({config=0+,monmap=0+}) -- 0x7f9ee8109cb0 con 0x7f9ee8108ae0
2024-04-25T13:32:20.350 INFO:teuthology.orchestra.run.smithi094.stdout:/usr/bin/ceph: stderr
2024-04-25T13:32:19.672+0000 7f9eec91e700 1 --2- 172.21.15.94:0/4014912964 >> [v2:172.21.15.94:3300/0,v1:172.21.15.94:6789/0] conn(0x7f9ee8108ae0 0x7f9ee8108ef0 secure :-1 s=READY pgs=43 cs=0 l=1 rev1=1 crypto rx=0x7f9ee4009e80 tx=0x7f9ee400b330 comp rx=0 tx=0).ready entity=mon.0 client_cookie=3eaf4cfc53123a16 server_cookie=0 in_seq=0 out_seq=0
2024-04-25T13:32:20.350 INFO:teuthology.orchestra.run.smithi094.stdout:/usr/bin/ceph: stderr
2024-04-25T13:32:19.672+0000 7f9edf7fe700 1 -- 172.21.15.94:0/4014912964 <== mon.0 v2:172.21.15.94:3300/0 1 ==== mon_map magic: 0 ==== 205+0+0 (secure 0 0 0) 0x7f9ee4017070 con 0x7f9ee8108ae0
2024-04-25T13:32:20.350 INFO:teuthology.orchestra.run.smithi094.stdout:/usr/bin/ceph: stderr
2024-04-25T13:32:19.672+0000 7f9edf7fe700 1 -- 172.21.15.94:0/4014912964 <== mon.0 v2:172.21.15.94:3300/0 2 ==== config(26 keys) ==== 1070+0+0 (secure 0 0 0) 0x7f9ee400b8c0 con 0x7f9ee8108ae0
2024-04-25T13:32:20.350 INFO:teuthology.orchestra.run.smithi094.stdout:/usr/bin/ceph: stderr
2024-04-25T13:32:19.672+0000 7f9edf7fe700 1 -- 172.21.15.94:0/4014912964 <== mon.0 v2:172.21.15.94:3300/0 3 ==== mon_map magic: 0 ==== 205+0+0 (secure 0 0 0) 0x7f9ee4004490 con 0x7f9ee8108ae0
2024-04-25T13:32:20.350 INFO:teuthology.orchestra.run.smithi094.stdout:/usr/bin/ceph: stderr
2024-04-25T13:32:19.673+0000 7f9eeeb82700 1 -- 172.21.15.94:0/4014912964 >> [v2:172.21.15.94:3300/0,v1:172.21.15.94:6789/0] conn(0x7f9ee8108ae0 msgr2=0x7f9ee8108ef0 secure :-1 s=STATE_CONNECTION_ESTABLISHED l=1).mark_down
2024-04-25T13:32:20.350 INFO:teuthology.orchestra.run.smithi094.stdout:/usr/bin/ceph: stderr
2024-04-25T13:32:19.673+0000 7f9eeeb82700 1 --2- 172.21.15.94:0/4014912964 >> [v2:172.21.15.94:3300/0,v1:172.21.15.94:6789/0] conn(0x7f9ee8108ae0 0x7f9ee8108ef0 secure :-1 s=READY pgs=43 cs=0 l=1 rev1=1 crypto rx=0x7f9ee4009e80 tx=0x7f9ee400b330 comp rx=0 tx=0).stop
2024-04-25T13:32:20.350 INFO:teuthology.orchestra.run.smithi094.stdout:/usr/bin/ceph: stderr
2024-04-25T13:32:19.673+0000 7f9eeeb82700 1 -- 172.21.15.94:0/4014912964 shutdown_connections
2024-04-25T13:32:20.350 INFO:teuthology.orchestra.run.smithi094.stdout:/usr/bin/ceph: stderr
2024-04-25T13:32:19.673+0000 7f9eeeb82700 1 --2- 172.21.15.94:0/4014912964 >> [v2:172.21.15.94:3300/0,v1:172.21.15.94:6789/0] conn(0x7f9ee8108ae0 0x7f9ee8108ef0 unknown :-1 s=CLOSED pgs=43 cs=0 l=1 rev1=1 crypto rx=0 tx=0 comp rx=0 tx=0).stop
2024-04-25T13:32:20.350 INFO:teuthology.orchestra.run.smithi094.stdout:/usr/bin/ceph: stderr
2024-04-25T13:32:19.673+0000 7f9eeeb82700 1 -- 172.21.15.94:0/4014912964 >> 172.21.15.94:0/4014912964 conn(0x7f9ee8104120 msgr2=0x7f9ee81065d0 unknown :-1 s=STATE_NONE l=0).mark_down
2024-04-25T13:32:20.351 INFO:teuthology.orchestra.run.smithi094.stdout:/usr/bin/ceph: stderr
2024-04-25T13:32:19.673+0000 7f9eeeb82700 1 -- 172.21.15.94:0/4014912964 shutdown_connections
2024-04-25T13:32:20.351 INFO:teuthology.orchestra.run.smithi094.stdout:/usr/bin/ceph: stderr
2024-04-25T13:32:19.673+0000 7f9eeeb82700 1 -- 172.21.15.94:0/4014912964 wait complete.
2024-04-25T13:32:20.351 INFO:teuthology.orchestra.run.smithi094.stdout:/usr/bin/ceph: stderr
2024-04-25T13:32:19.674+0000 7f9eeeb82700 1 Processor -- start
2024-04-25T13:32:20.351 INFO:teuthology.orchestra.run.smithi094.stdout:/usr/bin/ceph: stderr
2024-04-25T13:32:19.674+0000 7f9eeeb82700 1 -- start start
2024-04-25T13:32:20.351 INFO:teuthology.orchestra.run.smithi094.stdout:/usr/bin/ceph: stderr
2024-04-25T13:32:19.674+0000 7f9eeeb82700 1 --2- >> [v2:172.21.15.94:3300/0,v1:172.21.15.94:6789/0] conn(0x7f9ee8108ae0 0x7f9ee819ce50 unknown :-1 s=NONE pgs=0 cs=0 l=1 rev1=0 crypto rx=0 tx=0 comp rx=0 tx=0).connect
2024-04-25T13:32:20.351 INFO:teuthology.orchestra.run.smithi094.stdout:/usr/bin/ceph: stderr
2024-04-25T13:32:19.674+0000 7f9eeeb82700 1 -- --> [v2:172.21.15.94:3300/0,v1:172.21.15.94:6789/0] -- mon_getmap magic: 0 -- 0x7f9ee810cee0 con 0x7f9ee8108ae0
2024-04-25T13:32:20.351 INFO:teuthology.orchestra.run.smithi094.stdout:/usr/bin/ceph: stderr
2024-04-25T13:32:19.674+0000 7f9eec91e700 1 --2- >> [v2:172.21.15.94:3300/0,v1:172.21.15.94:6789/0] conn(0x7f9ee8108ae0 0x7f9ee819ce50 unknown :-1 s=BANNER_CONNECTING pgs=0 cs=0 l=1 rev1=0 crypto rx=0 tx=0 comp rx=0 tx=0)._handle_peer_banner_payload supported=3 required=0
2024-04-25T13:32:20.351 INFO:teuthology.orchestra.run.smithi094.stdout:/usr/bin/ceph: stderr
2024-04-25T13:32:19.674+0000 7f9eec91e700 1 --2- >> [v2:172.21.15.94:3300/0,v1:172.21.15.94:6789/0] conn(0x7f9ee8108ae0 0x7f9ee819ce50 unknown :-1 s=HELLO_CONNECTING pgs=0 cs=0 l=1 rev1=1 crypto rx=0 tx=0 comp rx=0 tx=0).handle_hello peer v2:172.21.15.94:3300/0 says I am v2:172.21.15.94:59888/0 (socket says 172.21.15.94:59888)
2024-04-25T13:32:20.351 INFO:teuthology.orchestra.run.smithi094.stdout:/usr/bin/ceph: stderr
2024-04-25T13:32:19.674+0000 7f9eec91e700 1 -- 172.21.15.94:0/422265384 learned_addr learned my addr 172.21.15.94:0/422265384 (peer_addr_for_me v2:172.21.15.94:0/0)
2024-04-25T13:32:20.351 INFO:teuthology.orchestra.run.smithi094.stdout:/usr/bin/ceph: stderr
2024-04-25T13:32:19.674+0000 7f9eec91e700 1 -- 172.21.15.94:0/422265384 --> [v2:172.21.15.94:3300/0,v1:172.21.15.94:6789/0] -- mon_subscribe({config=0+,monmap=0+}) -- 0x7f9ee819d390 con 0x7f9ee8108ae0
2024-04-25T13:32:20.351 INFO:teuthology.orchestra.run.smithi094.stdout:/usr/bin/ceph: stderr
2024-04-25T13:32:19.675+0000 7f9eec91e700 1 --2- 172.21.15.94:0/422265384 >> [v2:172.21.15.94:3300/0,v1:172.21.15.94:6789/0] conn(0x7f9ee8108ae0 0x7f9ee819ce50 secure :-1 s=READY pgs=44 cs=0 l=1 rev1=1 crypto rx=0x7f9ee400bca0 tx=0x7f9ee400bd80 comp rx=0 tx=0).ready entity=mon.0 client_cookie=0 server_cookie=0 in_seq=0 out_seq=0
2024-04-25T13:32:20.351 INFO:teuthology.orchestra.run.smithi094.stdout:/usr/bin/ceph: stderr
2024-04-25T13:32:19.675+0000 7f9eddffb700 1 -- 172.21.15.94:0/422265384 <== mon.0 v2:172.21.15.94:3300/0 1 ==== mon_map magic: 0 ==== 205+0+0 (secure 0 0 0) 0x7f9ee4020020 con 0x7f9ee8108ae0
2024-04-25T13:32:20.352 INFO:teuthology.orchestra.run.smithi094.stdout:/usr/bin/ceph: stderr
2024-04-25T13:32:19.675+0000 7f9eddffb700 1 -- 172.21.15.94:0/422265384 <== mon.0 v2:172.21.15.94:3300/0 2 ==== config(26 keys) ==== 1070+0+0 (secure 0 0 0) 0x7f9ee4012430 con 0x7f9ee8108ae0
2024-04-25T13:32:20.352 INFO:teuthology.orchestra.run.smithi094.stdout:/usr/bin/ceph: stderr
2024-04-25T13:32:19.675+0000 7f9eeeb82700 1 -- 172.21.15.94:0/422265384 --> [v2:172.21.15.94:3300/0,v1:172.21.15.94:6789/0] -- mon_subscribe({mgrmap=0+}) -- 0x7f9ee819d620 con 0x7f9ee8108ae0
2024-04-25T13:32:20.352 INFO:teuthology.orchestra.run.smithi094.stdout:/usr/bin/ceph: stderr
2024-04-25T13:32:19.675+0000 7f9eddffb700 1 -- 172.21.15.94:0/422265384 <== mon.0 v2:172.21.15.94:3300/0 3 ==== mon_map magic: 0 ==== 205+0+0 (secure 0 0 0) 0x7f9ee4017040 con 0x7f9ee8108ae0
2024-04-25T13:32:20.352 INFO:teuthology.orchestra.run.smithi094.stdout:/usr/bin/ceph: stderr
2024-04-25T13:32:19.675+0000 7f9eeeb82700 1 -- 172.21.15.94:0/422265384 --> [v2:172.21.15.94:3300/0,v1:172.21.15.94:6789/0] -- mon_subscribe({osdmap=0}) -- 0x7f9ee81a0230 con 0x7f9ee8108ae0
2024-04-25T13:32:20.353 INFO:teuthology.orchestra.run.smithi094.stdout:/usr/bin/ceph: stderr
2024-04-25T13:32:19.676+0000 7f9eddffb700 1 -- 172.21.15.94:0/422265384 <== mon.0 v2:172.21.15.94:3300/0 4 ==== mgrmap(e 8) ==== 49516+0+0 (secure 0 0 0) 0x7f9ee4023020 con 0x7f9ee8108ae0
2024-04-25T13:32:20.353 INFO:teuthology.orchestra.run.smithi094.stdout:/usr/bin/ceph: stderr
2024-04-25T13:32:19.676+0000 7f9eeeb82700 1 -- 172.21.15.94:0/422265384 --> [v2:172.21.15.94:3300/0,v1:172.21.15.94:6789/0] -- mon_command({"prefix": "get_command_descriptions"} v 0) -- 0x7f9ee8064cf0 con 0x7f9ee8108ae0
2024-04-25T13:32:20.353 INFO:teuthology.orchestra.run.smithi094.stdout:/usr/bin/ceph: stderr
2024-04-25T13:32:19.676+0000 7f9eddffb700 1 --2- 172.21.15.94:0/422265384 >> [v2:172.21.15.94:6800/1021554684,v1:172.21.15.94:6801/1021554684] conn(0x7f9ed003d5c0 0x7f9ed003fad0 unknown :-1 s=NONE pgs=0 cs=0 l=1 rev1=0 crypto rx=0 tx=0 comp rx=0 tx=0).connect
2024-04-25T13:32:20.353 INFO:teuthology.orchestra.run.smithi094.stdout:/usr/bin/ceph: stderr
2024-04-25T13:32:19.676+0000 7f9eddffb700 1 -- 172.21.15.94:0/422265384 <== mon.0 v2:172.21.15.94:3300/0 5 ==== osd_map(2..2 src has 1..2) ==== 940+0+0 (secure 0 0 0) 0x7f9ee400f050 con 0x7f9ee8108ae0
2024-04-25T13:32:20.354 INFO:teuthology.orchestra.run.smithi094.stdout:/usr/bin/ceph: stderr
2024-04-25T13:32:19.676+0000 7f9edffff700 1 --2- 172.21.15.94:0/422265384 >> [v2:172.21.15.94:6800/1021554684,v1:172.21.15.94:6801/1021554684] conn(0x7f9ed003d5c0 0x7f9ed003fad0 unknown :-1 s=BANNER_CONNECTING pgs=0 cs=0 l=1 rev1=0 crypto rx=0 tx=0 comp rx=0 tx=0)._handle_peer_banner_payload supported=3 required=0
2024-04-25T13:32:20.354 INFO:teuthology.orchestra.run.smithi094.stdout:/usr/bin/ceph: stderr
2024-04-25T13:32:19.677+0000 7f9edffff700 1 --2- 172.21.15.94:0/422265384 >> [v2:172.21.15.94:6800/1021554684,v1:172.21.15.94:6801/1021554684] conn(0x7f9ed003d5c0 0x7f9ed003fad0 secure :-1 s=READY pgs=10 cs=0 l=1 rev1=1 crypto rx=0x7f9ed8006fd0 tx=0x7f9ed8006e40 comp rx=0 tx=0).ready entity=mgr.14120 client_cookie=0 server_cookie=0 in_seq=0 out_seq=0
2024-04-25T13:32:20.354 INFO:teuthology.orchestra.run.smithi094.stdout:/usr/bin/ceph: stderr
2024-04-25T13:32:19.682+0000 7f9eddffb700 1 -- 172.21.15.94:0/422265384 <== mon.0 v2:172.21.15.94:3300/0 6 ==== mon_command_ack([{"prefix": "get_command_descriptions"}]=0 v0) ==== 72+0+188370 (secure 0 0 0) 0x7f9ee402a020 con 0x7f9ee8108ae0
2024-04-25T13:32:20.354 INFO:teuthology.orchestra.run.smithi094.stdout:/usr/bin/ceph: stderr
2024-04-25T13:32:19.881+0000 7f9eeeb82700 1 -- 172.21.15.94:0/422265384 --> [v2:172.21.15.94:6800/1021554684,v1:172.21.15.94:6801/1021554684] -- mgr_command(tid 0: {"prefix": "cephadm get-pub-key", "target": ["mon-mgr", ""]}) -- 0x7f9ee8105150 con 0x7f9ed003d5c0
2024-04-25T13:32:20.354 INFO:teuthology.orchestra.run.smithi094.stdout:/usr/bin/ceph: stderr
2024-04-25T13:32:19.882+0000 7f9eddffb700 1 -- 172.21.15.94:0/422265384 <== mgr.14120 v2:172.21.15.94:6800/1021554684 1 ==== mgr_command_reply(tid 0: 0 ) ==== 8+0+595 (secure 0 0 0) 0x7f9ee8105150 con 0x7f9ed003d5c0
2024-04-25T13:32:20.354 INFO:teuthology.orchestra.run.smithi094.stdout:/usr/bin/ceph: stderr
2024-04-25T13:32:19.884+0000 7f9eeeb82700 1 -- 172.21.15.94:0/422265384 >> [v2:172.21.15.94:6800/1021554684,v1:172.21.15.94:6801/1021554684] conn(0x7f9ed003d5c0 msgr2=0x7f9ed003fad0 secure :-1 s=STATE_CONNECTION_ESTABLISHED l=1).mark_down
2024-04-25T13:32:20.354 INFO:teuthology.orchestra.run.smithi094.stdout:/usr/bin/ceph: stderr
2024-04-25T13:32:19.884+0000 7f9eeeb82700 1 --2- 172.21.15.94:0/422265384 >> [v2:172.21.15.94:6800/1021554684,v1:172.21.15.94:6801/1021554684] conn(0x7f9ed003d5c0 0x7f9ed003fad0 secure :-1 s=READY pgs=10 cs=0 l=1 rev1=1 crypto rx=0x7f9ed8006fd0 tx=0x7f9ed8006e40 comp rx=0 tx=0).stop
2024-04-25T13:32:20.354 INFO:teuthology.orchestra.run.smithi094.stdout:/usr/bin/ceph: stderr
2024-04-25T13:32:19.884+0000 7f9eeeb82700 1 -- 172.21.15.94:0/422265384 >> [v2:172.21.15.94:3300/0,v1:172.21.15.94:6789/0] conn(0x7f9ee8108ae0 msgr2=0x7f9ee819ce50 secure :-1 s=STATE_CONNECTION_ESTABLISHED l=1).mark_down
2024-04-25T13:32:20.354 INFO:teuthology.orchestra.run.smithi094.stdout:/usr/bin/ceph: stderr
2024-04-25T13:32:19.884+0000 7f9eeeb82700 1 --2- 172.21.15.94:0/422265384 >> [v2:172.21.15.94:3300/0,v1:172.21.15.94:6789/0] conn(0x7f9ee8108ae0 0x7f9ee819ce50 secure :-1 s=READY pgs=44 cs=0 l=1 rev1=1 crypto rx=0x7f9ee400bca0 tx=0x7f9ee400bd80 comp rx=0 tx=0).stop
2024-04-25T13:32:20.354 INFO:teuthology.orchestra.run.smithi094.stdout:/usr/bin/ceph: stderr
2024-04-25T13:32:19.884+0000 7f9eeeb82700 1 -- 172.21.15.94:0/422265384 shutdown_connections
2024-04-25T13:32:20.354 INFO:teuthology.orchestra.run.smithi094.stdout:/usr/bin/ceph: stderr
2024-04-25T13:32:19.884+0000 7f9eeeb82700 1 --2- 172.21.15.94:0/422265384 >> [v2:172.21.15.94:6800/1021554684,v1:172.21.15.94:6801/1021554684] conn(0x7f9ed003d5c0 0x7f9ed003fad0 unknown :-1 s=CLOSED pgs=10 cs=0 l=1 rev1=1 crypto rx=0 tx=0 comp rx=0 tx=0).stop
2024-04-25T13:32:20.355 INFO:teuthology.orchestra.run.smithi094.stdout:/usr/bin/ceph: stderr
2024-04-25T13:32:19.884+0000 7f9eeeb82700 1 --2- 172.21.15.94:0/422265384 >> [v2:172.21.15.94:3300/0,v1:172.21.15.94:6789/0] conn(0x7f9ee8108ae0 0x7f9ee819ce50 unknown :-1 s=CLOSED pgs=44 cs=0 l=1 rev1=1 crypto rx=0 tx=0 comp rx=0 tx=0).stop
2024-04-25T13:32:20.355 INFO:teuthology.orchestra.run.smithi094.stdout:/usr/bin/ceph: stderr
2024-04-25T13:32:19.884+0000 7f9eeeb82700 1 -- 172.21.15.94:0/422265384 >> 172.21.15.94:0/422265384 conn(0x7f9ee8104120 msgr2=0x7f9ee8104a40 unknown :-1 s=STATE_NONE l=0).mark_down
2024-04-25T13:32:20.355 INFO:teuthology.orchestra.run.smithi094.stdout:/usr/bin/ceph: stderr
2024-04-25T13:32:19.884+0000 7f9eeeb82700 1 -- 172.21.15.94:0/422265384 shutdown_connections
2024-04-25T13:32:20.355 INFO:teuthology.orchestra.run.smithi094.stdout:/usr/bin/ceph: stderr
2024-04-25T13:32:19.884+0000 7f9eeeb82700 1 -- 172.21.15.94:0/422265384 wait complete.
2024-04-25T13:32:20.355 INFO:teuthology.orchestra.run.smithi094.stdout:Wrote public SSH key to /home/ubuntu/cephtest/ceph.pub
2024-04-25T13:32:20.355 INFO:teuthology.orchestra.run.smithi094.stdout:Adding key to root@localhost authorized_keys...
2024-04-25T13:32:20.355 INFO:teuthology.orchestra.run.smithi094.stdout:Adding host smithi094...
2024-04-25T13:32:20.945 INFO:journalctl@ceph.mon.a.smithi094.stdout:Apr 25 13:32:20 smithi094 ceph-mon[29195]: from='client.14138 -' entity='client.admin' cmd=[{"prefix": "cephadm get-pub-key", "target": ["mon-mgr", ""]}]: dispatch
2024-04-25T13:32:21.792 INFO:journalctl@ceph.mon.a.smithi094.stdout:Apr 25 13:32:21 smithi094 ceph-mon[29195]: from='client.14140 -' entity='client.admin' cmd=[{"prefix": "orch host add", "hostname": "smithi094", "addr": "172.21.15.94", "target": ["mon-mgr", ""]}]: dispatch
2024-04-25T13:32:21.793 INFO:journalctl@ceph.mon.a.smithi094.stdout:Apr 25 13:32:21 smithi094 ceph-mon[29195]: Deploying cephadm binary to smithi094
2024-04-25T13:32:25.606 INFO:teuthology.orchestra.run.smithi094.stdout:/usr/bin/ceph: stdout Added host 'smithi094' with addr '172.21.15.94'
2024-04-25T13:32:25.606 INFO:teuthology.orchestra.run.smithi094.stdout:/usr/bin/ceph: stderr
2024-04-25T13:32:20.728+0000 7f132d7fd700 1 Processor -- start
2024-04-25T13:32:25.607 INFO:teuthology.orchestra.run.smithi094.stdout:/usr/bin/ceph: stderr
2024-04-25T13:32:20.728+0000 7f132d7fd700 1 -- start start
2024-04-25T13:32:25.607 INFO:teuthology.orchestra.run.smithi094.stdout:/usr/bin/ceph: stderr
2024-04-25T13:32:20.729+0000 7f132d7fd700 1 --2- >> [v2:172.21.15.94:3300/0,v1:172.21.15.94:6789/0] conn(0x7f132810a780 0x7f132810cba0 unknown :-1 s=NONE pgs=0 cs=0 l=0 rev1=0 crypto rx=0 tx=0 comp rx=0 tx=0).connect
2024-04-25T13:32:25.607 INFO:teuthology.orchestra.run.smithi094.stdout:/usr/bin/ceph: stderr
2024-04-25T13:32:20.729+0000 7f132d7fd700 1 -- --> [v2:172.21.15.94:3300/0,v1:172.21.15.94:6789/0] -- mon_getmap magic: 0 -- 0x7f1328076f80 con 0x7f132810a780
2024-04-25T13:32:25.607 INFO:teuthology.orchestra.run.smithi094.stdout:/usr/bin/ceph: stderr
2024-04-25T13:32:20.729+0000 7f1326ffd700 1 --2- >> [v2:172.21.15.94:3300/0,v1:172.21.15.94:6789/0] conn(0x7f132810a780 0x7f132810cba0 unknown :-1 s=BANNER_CONNECTING pgs=0 cs=0 l=0 rev1=0 crypto rx=0 tx=0 comp rx=0 tx=0)._handle_peer_banner_payload supported=3 required=0
2024-04-25T13:32:25.607 INFO:teuthology.orchestra.run.smithi094.stdout:/usr/bin/ceph: stderr
2024-04-25T13:32:20.729+0000 7f1326ffd700 1 --2- >> [v2:172.21.15.94:3300/0,v1:172.21.15.94:6789/0] conn(0x7f132810a780 0x7f132810cba0 unknown :-1 s=HELLO_CONNECTING pgs=0 cs=0 l=0 rev1=1 crypto rx=0 tx=0 comp rx=0 tx=0).handle_hello peer v2:172.21.15.94:3300/0 says I am v2:172.21.15.94:59904/0 (socket says 172.21.15.94:59904)
2024-04-25T13:32:25.607 INFO:teuthology.orchestra.run.smithi094.stdout:/usr/bin/ceph: stderr
2024-04-25T13:32:20.729+0000 7f1326ffd700 1 -- 172.21.15.94:0/4029297371 learned_addr learned my addr 172.21.15.94:0/4029297371 (peer_addr_for_me v2:172.21.15.94:0/0)
2024-04-25T13:32:25.607 INFO:teuthology.orchestra.run.smithi094.stdout:/usr/bin/ceph: stderr
2024-04-25T13:32:20.729+0000 7f1326ffd700 1 -- 172.21.15.94:0/4029297371 --> [v2:172.21.15.94:3300/0,v1:172.21.15.94:6789/0] -- mon_subscribe({config=0+,monmap=0+}) -- 0x7f132810d0e0 con 0x7f132810a780
2024-04-25T13:32:25.607 INFO:teuthology.orchestra.run.smithi094.stdout:/usr/bin/ceph: stderr
2024-04-25T13:32:20.729+0000 7f1326ffd700 1 --2- 172.21.15.94:0/4029297371 >> [v2:172.21.15.94:3300/0,v1:172.21.15.94:6789/0] conn(0x7f132810a780 0x7f132810cba0 secure :-1 s=READY pgs=45 cs=0 l=1 rev1=1 crypto rx=0x7f13180098a0 tx=0x7f1318009bb0 comp rx=0 tx=0).ready entity=mon.0 client_cookie=463a814fbd165e1d server_cookie=0 in_seq=0 out_seq=0
2024-04-25T13:32:25.607 INFO:teuthology.orchestra.run.smithi094.stdout:/usr/bin/ceph: stderr
2024-04-25T13:32:20.729+0000 7f1325ffb700 1 -- 172.21.15.94:0/4029297371 <== mon.0 v2:172.21.15.94:3300/0 1 ==== mon_map magic: 0 ==== 205+0+0 (secure 0 0 0) 0x7f1318004160 con 0x7f132810a780
2024-04-25T13:32:25.607 INFO:teuthology.orchestra.run.smithi094.stdout:/usr/bin/ceph: stderr
2024-04-25T13:32:20.729+0000 7f1325ffb700 1 -- 172.21.15.94:0/4029297371 <== mon.0 v2:172.21.15.94:3300/0 2 ==== config(26 keys) ==== 1070+0+0 (secure 0 0 0) 0x7f1318004300 con 0x7f132810a780
2024-04-25T13:32:25.607 INFO:teuthology.orchestra.run.smithi094.stdout:/usr/bin/ceph: stderr
2024-04-25T13:32:20.729+0000 7f1325ffb700 1 -- 172.21.15.94:0/4029297371 <== mon.0 v2:172.21.15.94:3300/0 3 ==== mon_map magic: 0 ==== 205+0+0 (secure 0 0 0) 0x7f1318011af0 con 0x7f132810a780
2024-04-25T13:32:25.607 INFO:teuthology.orchestra.run.smithi094.stdout:/usr/bin/ceph: stderr
2024-04-25T13:32:20.730+0000 7f132d7fd700 1 -- 172.21.15.94:0/4029297371 >> [v2:172.21.15.94:3300/0,v1:172.21.15.94:6789/0] conn(0x7f132810a780 msgr2=0x7f132810cba0 secure :-1 s=STATE_CONNECTION_ESTABLISHED l=1).mark_down
2024-04-25T13:32:25.608 INFO:teuthology.orchestra.run.smithi094.stdout:/usr/bin/ceph: stderr
2024-04-25T13:32:20.730+0000 7f132d7fd700 1 --2- 172.21.15.94:0/4029297371 >> [v2:172.21.15.94:3300/0,v1:172.21.15.94:6789/0] conn(0x7f132810a780 0x7f132810cba0 secure :-1 s=READY pgs=45 cs=0 l=1 rev1=1 crypto rx=0x7f13180098a0 tx=0x7f1318009bb0 comp rx=0 tx=0).stop
2024-04-25T13:32:25.608 INFO:teuthology.orchestra.run.smithi094.stdout:/usr/bin/ceph: stderr
2024-04-25T13:32:20.730+0000 7f132d7fd700 1 -- 172.21.15.94:0/4029297371 shutdown_connections
2024-04-25T13:32:25.608 INFO:teuthology.orchestra.run.smithi094.stdout:/usr/bin/ceph: stderr
2024-04-25T13:32:20.730+0000 7f132d7fd700 1 --2- 172.21.15.94:0/4029297371 >> [v2:172.21.15.94:3300/0,v1:172.21.15.94:6789/0] conn(0x7f132810a780 0x7f132810cba0 unknown :-1 s=CLOSED pgs=45 cs=0 l=1 rev1=1 crypto rx=0 tx=0 comp rx=0 tx=0).stop
2024-04-25T13:32:25.608 INFO:teuthology.orchestra.run.smithi094.stdout:/usr/bin/ceph: stderr
2024-04-25T13:32:20.730+0000 7f132d7fd700 1 -- 172.21.15.94:0/4029297371 >> 172.21.15.94:0/4029297371 conn(0x7f1328104120 msgr2=0x7f13281065d0 unknown :-1 s=STATE_NONE l=0).mark_down
2024-04-25T13:32:25.608 INFO:teuthology.orchestra.run.smithi094.stdout:/usr/bin/ceph: stderr
2024-04-25T13:32:20.730+0000 7f132d7fd700 1 -- 172.21.15.94:0/4029297371 shutdown_connections
2024-04-25T13:32:25.608 INFO:teuthology.orchestra.run.smithi094.stdout:/usr/bin/ceph: stderr
2024-04-25T13:32:20.730+0000 7f132d7fd700 1 -- 172.21.15.94:0/4029297371 wait complete.
2024-04-25T13:32:25.608 INFO:teuthology.orchestra.run.smithi094.stdout:/usr/bin/ceph: stderr
2024-04-25T13:32:20.731+0000 7f132d7fd700 1 Processor -- start
2024-04-25T13:32:25.608 INFO:teuthology.orchestra.run.smithi094.stdout:/usr/bin/ceph: stderr
2024-04-25T13:32:20.731+0000 7f132d7fd700 1 -- start start
2024-04-25T13:32:25.608 INFO:teuthology.orchestra.run.smithi094.stdout:/usr/bin/ceph: stderr
2024-04-25T13:32:20.731+0000 7f132d7fd700 1 --2- >> [v2:172.21.15.94:3300/0,v1:172.21.15.94:6789/0] conn(0x7f132810a780 0x7f132819df40 unknown :-1 s=NONE pgs=0 cs=0 l=1 rev1=0 crypto rx=0 tx=0 comp rx=0 tx=0).connect
2024-04-25T13:32:25.608 INFO:teuthology.orchestra.run.smithi094.stdout:/usr/bin/ceph: stderr
2024-04-25T13:32:20.731+0000 7f132d7fd700 1 -- --> [v2:172.21.15.94:3300/0,v1:172.21.15.94:6789/0] -- mon_getmap magic: 0 -- 0x7f132810df00 con 0x7f132810a780
2024-04-25T13:32:25.608 INFO:teuthology.orchestra.run.smithi094.stdout:/usr/bin/ceph: stderr
2024-04-25T13:32:20.731+0000 7f1326ffd700 1 --2- >> [v2:172.21.15.94:3300/0,v1:172.21.15.94:6789/0] conn(0x7f132810a780 0x7f132819df40 unknown :-1 s=BANNER_CONNECTING pgs=0 cs=0 l=1 rev1=0 crypto rx=0 tx=0 comp rx=0 tx=0)._handle_peer_banner_payload supported=3 required=0
2024-04-25T13:32:25.608 INFO:teuthology.orchestra.run.smithi094.stdout:/usr/bin/ceph: stderr
2024-04-25T13:32:20.731+0000 7f1326ffd700 1 --2- >> [v2:172.21.15.94:3300/0,v1:172.21.15.94:6789/0] conn(0x7f132810a780 0x7f132819df40 unknown :-1 s=HELLO_CONNECTING pgs=0 cs=0 l=1 rev1=1 crypto rx=0 tx=0 comp rx=0 tx=0).handle_hello peer v2:172.21.15.94:3300/0 says I am v2:172.21.15.94:59918/0 (socket says 172.21.15.94:59918)
2024-04-25T13:32:25.608 INFO:teuthology.orchestra.run.smithi094.stdout:/usr/bin/ceph: stderr
2024-04-25T13:32:20.731+0000 7f1326ffd700 1 -- 172.21.15.94:0/4080166321 learned_addr learned my addr 172.21.15.94:0/4080166321 (peer_addr_for_me v2:172.21.15.94:0/0)
2024-04-25T13:32:25.609 INFO:teuthology.orchestra.run.smithi094.stdout:/usr/bin/ceph: stderr
2024-04-25T13:32:20.732+0000 7f1326ffd700 1 -- 172.21.15.94:0/4080166321 --> [v2:172.21.15.94:3300/0,v1:172.21.15.94:6789/0] -- mon_subscribe({config=0+,monmap=0+}) -- 0x7f132819e480 con 0x7f132810a780
2024-04-25T13:32:25.609 INFO:teuthology.orchestra.run.smithi094.stdout:/usr/bin/ceph: stderr
2024-04-25T13:32:20.732+0000 7f1326ffd700 1 --2- 172.21.15.94:0/4080166321 >> [v2:172.21.15.94:3300/0,v1:172.21.15.94:6789/0] conn(0x7f132810a780 0x7f132819df40 secure :-1 s=READY pgs=46 cs=0 l=1 rev1=1 crypto rx=0x7f1318009fb0 tx=0x7f1318011890 comp rx=0 tx=0).ready entity=mon.0 client_cookie=0 server_cookie=0 in_seq=0 out_seq=0
2024-04-25T13:32:25.609 INFO:teuthology.orchestra.run.smithi094.stdout:/usr/bin/ceph: stderr
2024-04-25T13:32:20.732+0000 7f130ffff700 1 -- 172.21.15.94:0/4080166321 <== mon.0 v2:172.21.15.94:3300/0 1 ==== mon_map magic: 0 ==== 205+0+0 (secure 0 0 0) 0x7f1318011bc0 con 0x7f132810a780
2024-04-25T13:32:25.609 INFO:teuthology.orchestra.run.smithi094.stdout:/usr/bin/ceph: stderr
2024-04-25T13:32:20.732+0000 7f130ffff700 1 -- 172.21.15.94:0/4080166321 <== mon.0 v2:172.21.15.94:3300/0 2 ==== config(26 keys) ==== 1070+0+0 (secure 0 0 0) 0x7f1318024440 con 0x7f132810a780
2024-04-25T13:32:25.609 INFO:teuthology.orchestra.run.smithi094.stdout:/usr/bin/ceph: stderr
2024-04-25T13:32:20.732+0000 7f130ffff700 1 -- 172.21.15.94:0/4080166321 <== mon.0 v2:172.21.15.94:3300/0 3 ==== mon_map magic: 0 ==== 205+0+0 (secure 0 0 0) 0x7f131801a5c0 con 0x7f132810a780
2024-04-25T13:32:25.609 INFO:teuthology.orchestra.run.smithi094.stdout:/usr/bin/ceph: stderr
2024-04-25T13:32:20.732+0000 7f132d7fd700 1 -- 172.21.15.94:0/4080166321 --> [v2:172.21.15.94:3300/0,v1:172.21.15.94:6789/0] -- mon_subscribe({mgrmap=0+}) -- 0x7f132819e710 con 0x7f132810a780
2024-04-25T13:32:25.609 INFO:teuthology.orchestra.run.smithi094.stdout:/usr/bin/ceph: stderr
2024-04-25T13:32:20.732+0000 7f132d7fd700 1 -- 172.21.15.94:0/4080166321 --> [v2:172.21.15.94:3300/0,v1:172.21.15.94:6789/0] -- mon_subscribe({osdmap=0}) -- 0x7f13281a1320 con 0x7f132810a780
2024-04-25T13:32:25.609 INFO:teuthology.orchestra.run.smithi094.stdout:/usr/bin/ceph: stderr
2024-04-25T13:32:20.733+0000 7f130ffff700 1 -- 172.21.15.94:0/4080166321 <== mon.0 v2:172.21.15.94:3300/0 4 ==== mgrmap(e 8) ==== 49516+0+0 (secure 0 0 0) 0x7f131801a830 con 0x7f132810a780
2024-04-25T13:32:25.609 INFO:teuthology.orchestra.run.smithi094.stdout:/usr/bin/ceph: stderr
2024-04-25T13:32:20.733+0000 7f132d7fd700 1 -- 172.21.15.94:0/4080166321 --> [v2:172.21.15.94:3300/0,v1:172.21.15.94:6789/0] -- mon_command({"prefix": "get_command_descriptions"} v 0) -- 0x7f1328064cf0 con 0x7f132810a780
2024-04-25T13:32:25.609 INFO:teuthology.orchestra.run.smithi094.stdout:/usr/bin/ceph: stderr
2024-04-25T13:32:20.733+0000 7f130ffff700 1 --2- 172.21.15.94:0/4080166321 >> [v2:172.21.15.94:6800/1021554684,v1:172.21.15.94:6801/1021554684] conn(0x7f131003d570 0x7f131003fa80 unknown :-1 s=NONE pgs=0 cs=0 l=1 rev1=0 crypto rx=0 tx=0 comp rx=0 tx=0).connect
2024-04-25T13:32:25.609 INFO:teuthology.orchestra.run.smithi094.stdout:/usr/bin/ceph: stderr
2024-04-25T13:32:20.733+0000 7f130ffff700 1 -- 172.21.15.94:0/4080166321 <== mon.0 v2:172.21.15.94:3300/0 5 ==== osd_map(2..2 src has 1..2) ==== 940+0+0 (secure 0 0 0) 0x7f13180525c0 con 0x7f132810a780
2024-04-25T13:32:25.609 INFO:teuthology.orchestra.run.smithi094.stdout:/usr/bin/ceph: stderr
2024-04-25T13:32:20.733+0000 7f13267fc700 1 --2- 172.21.15.94:0/4080166321 >> [v2:172.21.15.94:6800/1021554684,v1:172.21.15.94:6801/1021554684] conn(0x7f131003d570 0x7f131003fa80 unknown :-1 s=BANNER_CONNECTING pgs=0 cs=0 l=1 rev1=0 crypto rx=0 tx=0 comp rx=0 tx=0)._handle_peer_banner_payload supported=3 required=0
2024-04-25T13:32:25.609 INFO:teuthology.orchestra.run.smithi094.stdout:/usr/bin/ceph: stderr
2024-04-25T13:32:20.734+0000 7f13267fc700 1 --2- 172.21.15.94:0/4080166321 >> [v2:172.21.15.94:6800/1021554684,v1:172.21.15.94:6801/1021554684] conn(0x7f131003d570 0x7f131003fa80 secure :-1 s=READY pgs=11 cs=0 l=1 rev1=1 crypto rx=0x7f131c006fd0 tx=0x7f131c006e40 comp rx=0 tx=0).ready entity=mgr.14120 client_cookie=0 server_cookie=0 in_seq=0 out_seq=0
2024-04-25T13:32:25.610 INFO:teuthology.orchestra.run.smithi094.stdout:/usr/bin/ceph: stderr
2024-04-25T13:32:20.738+0000 7f130ffff700 1 -- 172.21.15.94:0/4080166321 <== mon.0 v2:172.21.15.94:3300/0 6 ==== mon_command_ack([{"prefix": "get_command_descriptions"}]=0 v0) ==== 72+0+188370 (secure 0 0 0) 0x7f131800b3e0 con 0x7f132810a780
2024-04-25T13:32:25.610 INFO:teuthology.orchestra.run.smithi094.stdout:/usr/bin/ceph: stderr
2024-04-25T13:32:20.944+0000 7f132d7fd700 1 -- 172.21.15.94:0/4080166321 --> [v2:172.21.15.94:6800/1021554684,v1:172.21.15.94:6801/1021554684] -- mgr_command(tid 0: {"prefix": "orch host add", "hostname": "smithi094", "addr": "172.21.15.94", "target": ["mon-mgr", ""]}) -- 0x7f1328105240 con 0x7f131003d570
2024-04-25T13:32:25.610 INFO:teuthology.orchestra.run.smithi094.stdout:/usr/bin/ceph: stderr
2024-04-25T13:32:24.976+0000 7f130ffff700 1 -- 172.21.15.94:0/4080166321 <== mgr.14120 v2:172.21.15.94:6800/1021554684 1 ==== mgr_command_reply(tid 0: 0 ) ==== 8+0+48 (secure 0 0 0) 0x7f1328105240 con 0x7f131003d570
2024-04-25T13:32:25.610 INFO:teuthology.orchestra.run.smithi094.stdout:/usr/bin/ceph: stderr
2024-04-25T13:32:24.978+0000 7f132d7fd700 1 -- 172.21.15.94:0/4080166321 >> [v2:172.21.15.94:6800/1021554684,v1:172.21.15.94:6801/1021554684] conn(0x7f131003d570 msgr2=0x7f131003fa80 secure :-1 s=STATE_CONNECTION_ESTABLISHED l=1).mark_down
2024-04-25T13:32:25.610 INFO:teuthology.orchestra.run.smithi094.stdout:/usr/bin/ceph: stderr
2024-04-25T13:32:24.978+0000 7f132d7fd700 1 --2- 172.21.15.94:0/4080166321 >> [v2:172.21.15.94:6800/1021554684,v1:172.21.15.94:6801/1021554684] conn(0x7f131003d570 0x7f131003fa80 secure :-1 s=READY pgs=11 cs=0 l=1 rev1=1 crypto rx=0x7f131c006fd0 tx=0x7f131c006e40 comp rx=0 tx=0).stop
2024-04-25T13:32:25.610 INFO:teuthology.orchestra.run.smithi094.stdout:/usr/bin/ceph: stderr
2024-04-25T13:32:24.978+0000 7f132d7fd700 1 -- 172.21.15.94:0/4080166321 >> [v2:172.21.15.94:3300/0,v1:172.21.15.94:6789/0] conn(0x7f132810a780 msgr2=0x7f132819df40 secure :-1 s=STATE_CONNECTION_ESTABLISHED l=1).mark_down
2024-04-25T13:32:25.610 INFO:teuthology.orchestra.run.smithi094.stdout:/usr/bin/ceph: stderr
2024-04-25T13:32:24.978+0000 7f132d7fd700 1 --2- 172.21.15.94:0/4080166321 >> [v2:172.21.15.94:3300/0,v1:172.21.15.94:6789/0] conn(0x7f132810a780 0x7f132819df40 secure :-1 s=READY pgs=46 cs=0 l=1 rev1=1 crypto rx=0x7f1318009fb0 tx=0x7f1318011890 comp rx=0 tx=0).stop
2024-04-25T13:32:25.610 INFO:teuthology.orchestra.run.smithi094.stdout:/usr/bin/ceph: stderr
2024-04-25T13:32:24.978+0000 7f132d7fd700 1 -- 172.21.15.94:0/4080166321 shutdown_connections
2024-04-25T13:32:25.610 INFO:teuthology.orchestra.run.smithi094.stdout:/usr/bin/ceph: stderr
2024-04-25T13:32:24.978+0000 7f132d7fd700 1 --2- 172.21.15.94:0/4080166321 >> [v2:172.21.15.94:6800/1021554684,v1:172.21.15.94:6801/1021554684] conn(0x7f131003d570 0x7f131003fa80 unknown :-1 s=CLOSED pgs=11 cs=0 l=1 rev1=1 crypto rx=0 tx=0 comp rx=0 tx=0).stop
2024-04-25T13:32:25.610 INFO:teuthology.orchestra.run.smithi094.stdout:/usr/bin/ceph: stderr
2024-04-25T13:32:24.978+0000 7f132d7fd700 1 --2- 172.21.15.94:0/4080166321 >> [v2:172.21.15.94:3300/0,v1:172.21.15.94:6789/0] conn(0x7f132810a780 0x7f132819df40 unknown :-1 s=CLOSED pgs=46 cs=0 l=1 rev1=1 crypto rx=0 tx=0 comp rx=0 tx=0).stop
2024-04-25T13:32:25.610 INFO:teuthology.orchestra.run.smithi094.stdout:/usr/bin/ceph: stderr
2024-04-25T13:32:24.978+0000 7f132d7fd700 1 -- 172.21.15.94:0/4080166321 >> 172.21.15.94:0/4080166321 conn(0x7f1328104120 msgr2=0x7f1328104ab0 unknown :-1 s=STATE_NONE l=0).mark_down
2024-04-25T13:32:25.610 INFO:teuthology.orchestra.run.smithi094.stdout:/usr/bin/ceph: stderr
2024-04-25T13:32:24.978+0000 7f132d7fd700 1 -- 172.21.15.94:0/4080166321 shutdown_connections
2024-04-25T13:32:25.610 INFO:teuthology.orchestra.run.smithi094.stdout:/usr/bin/ceph: stderr
2024-04-25T13:32:24.978+0000 7f132d7fd700 1 -- 172.21.15.94:0/4080166321 wait complete.
2024-04-25T13:32:25.610 INFO:teuthology.orchestra.run.smithi094.stdout:Deploying unmanaged mon service...
2024-04-25T13:32:26.225 INFO:journalctl@ceph.mon.a.smithi094.stdout:Apr 25 13:32:25 smithi094 ceph-mon[29195]: from='mgr.14120 172.21.15.94:0/619023692' entity='mgr.x'
2024-04-25T13:32:26.225 INFO:journalctl@ceph.mon.a.smithi094.stdout:Apr 25 13:32:25 smithi094 ceph-mon[29195]: Added host smithi094
2024-04-25T13:32:26.226 INFO:journalctl@ceph.mon.a.smithi094.stdout:Apr 25 13:32:25 smithi094 ceph-mon[29195]: from='mgr.14120 172.21.15.94:0/619023692' entity='mgr.x' cmd=[{"prefix": "config dump", "format": "json"}]: dispatch
2024-04-25T13:32:27.063 INFO:teuthology.orchestra.run.smithi094.stdout:/usr/bin/ceph: stdout Scheduled mon update...
2024-04-25T13:32:27.068 INFO:teuthology.orchestra.run.smithi094.stdout:/usr/bin/ceph: stderr
2024-04-25T13:32:26.030+0000 7f5e11407700 1 Processor -- start
2024-04-25T13:32:27.068 INFO:teuthology.orchestra.run.smithi094.stdout:/usr/bin/ceph: stderr
2024-04-25T13:32:26.030+0000 7f5e11407700 1 -- start start
2024-04-25T13:32:27.068 INFO:teuthology.orchestra.run.smithi094.stdout:/usr/bin/ceph: stderr
2024-04-25T13:32:26.030+0000 7f5e11407700 1 --2- >> [v2:172.21.15.94:3300/0,v1:172.21.15.94:6789/0] conn(0x7f5e0c10b1e0 0x7f5e0c10b5f0 unknown :-1 s=NONE pgs=0 cs=0 l=0 rev1=0 crypto rx=0 tx=0 comp rx=0 tx=0).connect
2024-04-25T13:32:27.069 INFO:teuthology.orchestra.run.smithi094.stdout:/usr/bin/ceph: stderr
