2024-04-25T13:32:43.951+0000 7f0399e62700 1 --2- 172.21.15.94:0/3848393865 >> [v2:172.21.15.94:3300/0,v1:172.21.15.94:6789/0] conn(0x7f039410a720 0x7f039410cb40 secure :-1 s=READY pgs=72 cs=0 l=1 rev1=1 crypto rx=0x7f03900098a0 tx=0x7f0390009bb0 comp rx=0 tx=0).ready entity=mon.0 client_cookie=4d0f671ba8383617 server_cookie=0 in_seq=0 out_seq=0
2024-04-25T13:32:45.237 INFO:teuthology.orchestra.run.smithi094.stdout:/usr/bin/ceph: stderr
2024-04-25T13:32:43.951+0000 7f0398e60700 1 -- 172.21.15.94:0/3848393865 <== mon.0 v2:172.21.15.94:3300/0 1 ==== mon_map magic: 0 ==== 205+0+0 (secure 0 0 0) 0x7f0390004160 con 0x7f039410a720
2024-04-25T13:32:45.237 INFO:teuthology.orchestra.run.smithi094.stdout:/usr/bin/ceph: stderr
2024-04-25T13:32:43.951+0000 7f0398e60700 1 -- 172.21.15.94:0/3848393865 <== mon.0 v2:172.21.15.94:3300/0 2 ==== config(26 keys) ==== 1101+0+0 (secure 0 0 0) 0x7f0390004300 con 0x7f039410a720
2024-04-25T13:32:45.237 INFO:teuthology.orchestra.run.smithi094.stdout:/usr/bin/ceph: stderr
2024-04-25T13:32:43.951+0000 7f0398e60700 1 -- 172.21.15.94:0/3848393865 <== mon.0 v2:172.21.15.94:3300/0 3 ==== mon_map magic: 0 ==== 205+0+0 (secure 0 0 0) 0x7f0390011a20 con 0x7f039410a720
2024-04-25T13:32:45.237 INFO:teuthology.orchestra.run.smithi094.stdout:/usr/bin/ceph: stderr
2024-04-25T13:32:43.952+0000 7f039c0c6700 1 -- 172.21.15.94:0/3848393865 >> [v2:172.21.15.94:3300/0,v1:172.21.15.94:6789/0] conn(0x7f039410a720 msgr2=0x7f039410cb40 secure :-1 s=STATE_CONNECTION_ESTABLISHED l=1).mark_down
2024-04-25T13:32:45.237 INFO:teuthology.orchestra.run.smithi094.stdout:/usr/bin/ceph: stderr
2024-04-25T13:32:43.952+0000 7f039c0c6700 1 --2- 172.21.15.94:0/3848393865 >> [v2:172.21.15.94:3300/0,v1:172.21.15.94:6789/0] conn(0x7f039410a720 0x7f039410cb40 secure :-1 s=READY pgs=72 cs=0 l=1 rev1=1 crypto rx=0x7f03900098a0 tx=0x7f0390009bb0 comp rx=0 tx=0).stop
2024-04-25T13:32:45.237 INFO:teuthology.orchestra.run.smithi094.stdout:/usr/bin/ceph: stderr
2024-04-25T13:32:43.952+0000 7f039c0c6700 1 -- 172.21.15.94:0/3848393865 shutdown_connections
2024-04-25T13:32:45.237 INFO:teuthology.orchestra.run.smithi094.stdout:/usr/bin/ceph: stderr
2024-04-25T13:32:43.952+0000 7f039c0c6700 1 --2- 172.21.15.94:0/3848393865 >> [v2:172.21.15.94:3300/0,v1:172.21.15.94:6789/0] conn(0x7f039410a720 0x7f039410cb40 unknown :-1 s=CLOSED pgs=72 cs=0 l=1 rev1=1 crypto rx=0 tx=0 comp rx=0 tx=0).stop
2024-04-25T13:32:45.237 INFO:teuthology.orchestra.run.smithi094.stdout:/usr/bin/ceph: stderr
2024-04-25T13:32:43.952+0000 7f039c0c6700 1 -- 172.21.15.94:0/3848393865 >> 172.21.15.94:0/3848393865 conn(0x7f0394104120 msgr2=0x7f03941065d0 unknown :-1 s=STATE_NONE l=0).mark_down
2024-04-25T13:32:45.237 INFO:teuthology.orchestra.run.smithi094.stdout:/usr/bin/ceph: stderr
2024-04-25T13:32:43.952+0000 7f039c0c6700 1 -- 172.21.15.94:0/3848393865 shutdown_connections
2024-04-25T13:32:45.237 INFO:teuthology.orchestra.run.smithi094.stdout:/usr/bin/ceph: stderr
2024-04-25T13:32:43.952+0000 7f039c0c6700 1 -- 172.21.15.94:0/3848393865 wait complete.
2024-04-25T13:32:45.237 INFO:teuthology.orchestra.run.smithi094.stdout:/usr/bin/ceph: stderr
2024-04-25T13:32:43.952+0000 7f039c0c6700 1 Processor -- start
2024-04-25T13:32:45.238 INFO:teuthology.orchestra.run.smithi094.stdout:/usr/bin/ceph: stderr
2024-04-25T13:32:43.953+0000 7f039c0c6700 1 -- start start
2024-04-25T13:32:45.238 INFO:teuthology.orchestra.run.smithi094.stdout:/usr/bin/ceph: stderr
2024-04-25T13:32:43.953+0000 7f039c0c6700 1 --2- >> [v2:172.21.15.94:3300/0,v1:172.21.15.94:6789/0] conn(0x7f039410a720 0x7f039419df00 unknown :-1 s=NONE pgs=0 cs=0 l=1 rev1=0 crypto rx=0 tx=0 comp rx=0 tx=0).connect
2024-04-25T13:32:45.238 INFO:teuthology.orchestra.run.smithi094.stdout:/usr/bin/ceph: stderr
2024-04-25T13:32:43.953+0000 7f039c0c6700 1 -- --> [v2:172.21.15.94:3300/0,v1:172.21.15.94:6789/0] -- mon_getmap magic: 0 -- 0x7f039410e020 con 0x7f039410a720
2024-04-25T13:32:45.238 INFO:teuthology.orchestra.run.smithi094.stdout:/usr/bin/ceph: stderr
2024-04-25T13:32:43.953+0000 7f0399e62700 1 --2- >> [v2:172.21.15.94:3300/0,v1:172.21.15.94:6789/0] conn(0x7f039410a720 0x7f039419df00 unknown :-1 s=BANNER_CONNECTING pgs=0 cs=0 l=1 rev1=0 crypto rx=0 tx=0 comp rx=0 tx=0)._handle_peer_banner_payload supported=3 required=0
2024-04-25T13:32:45.238 INFO:teuthology.orchestra.run.smithi094.stdout:/usr/bin/ceph: stderr
2024-04-25T13:32:43.953+0000 7f0399e62700 1 --2- >> [v2:172.21.15.94:3300/0,v1:172.21.15.94:6789/0] conn(0x7f039410a720 0x7f039419df00 unknown :-1 s=HELLO_CONNECTING pgs=0 cs=0 l=1 rev1=1 crypto rx=0 tx=0 comp rx=0 tx=0).handle_hello peer v2:172.21.15.94:3300/0 says I am v2:172.21.15.94:43606/0 (socket says 172.21.15.94:43606)
2024-04-25T13:32:45.238 INFO:teuthology.orchestra.run.smithi094.stdout:/usr/bin/ceph: stderr
2024-04-25T13:32:43.953+0000 7f0399e62700 1 -- 172.21.15.94:0/2296843064 learned_addr learned my addr 172.21.15.94:0/2296843064 (peer_addr_for_me v2:172.21.15.94:0/0)
2024-04-25T13:32:45.238 INFO:teuthology.orchestra.run.smithi094.stdout:/usr/bin/ceph: stderr
2024-04-25T13:32:43.953+0000 7f0399e62700 1 -- 172.21.15.94:0/2296843064 --> [v2:172.21.15.94:3300/0,v1:172.21.15.94:6789/0] -- mon_subscribe({config=0+,monmap=0+}) -- 0x7f039419e440 con 0x7f039410a720
2024-04-25T13:32:45.238 INFO:teuthology.orchestra.run.smithi094.stdout:/usr/bin/ceph: stderr
2024-04-25T13:32:43.953+0000 7f0399e62700 1 --2- 172.21.15.94:0/2296843064 >> [v2:172.21.15.94:3300/0,v1:172.21.15.94:6789/0] conn(0x7f039410a720 0x7f039419df00 secure :-1 s=READY pgs=73 cs=0 l=1 rev1=1 crypto rx=0x7f0390004660 tx=0x7f0390011aa0 comp rx=0 tx=0).ready entity=mon.0 client_cookie=0 server_cookie=0 in_seq=0 out_seq=0
2024-04-25T13:32:45.238 INFO:teuthology.orchestra.run.smithi094.stdout:/usr/bin/ceph: stderr
2024-04-25T13:32:43.953+0000 7f038affd700 1 -- 172.21.15.94:0/2296843064 <== mon.0 v2:172.21.15.94:3300/0 1 ==== mon_map magic: 0 ==== 205+0+0 (secure 0 0 0) 0x7f0390003a60 con 0x7f039410a720
2024-04-25T13:32:45.238 INFO:teuthology.orchestra.run.smithi094.stdout:/usr/bin/ceph: stderr
2024-04-25T13:32:43.953+0000 7f038affd700 1 -- 172.21.15.94:0/2296843064 <== mon.0 v2:172.21.15.94:3300/0 2 ==== config(26 keys) ==== 1101+0+0 (secure 0 0 0) 0x7f039001b8f0 con 0x7f039410a720
2024-04-25T13:32:45.238 INFO:teuthology.orchestra.run.smithi094.stdout:/usr/bin/ceph: stderr
2024-04-25T13:32:43.953+0000 7f039c0c6700 1 -- 172.21.15.94:0/2296843064 --> [v2:172.21.15.94:3300/0,v1:172.21.15.94:6789/0] -- mon_subscribe({mgrmap=0+}) -- 0x7f039419e6d0 con 0x7f039410a720
2024-04-25T13:32:45.238 INFO:teuthology.orchestra.run.smithi094.stdout:/usr/bin/ceph: stderr
2024-04-25T13:32:43.954+0000 7f038affd700 1 -- 172.21.15.94:0/2296843064 <== mon.0 v2:172.21.15.94:3300/0 3 ==== mon_map magic: 0 ==== 205+0+0 (secure 0 0 0) 0x7f0390023890 con 0x7f039410a720
2024-04-25T13:32:45.239 INFO:teuthology.orchestra.run.smithi094.stdout:/usr/bin/ceph: stderr
2024-04-25T13:32:43.954+0000 7f039c0c6700 1 -- 172.21.15.94:0/2296843064 --> [v2:172.21.15.94:3300/0,v1:172.21.15.94:6789/0] -- mon_subscribe({osdmap=0}) -- 0x7f03941a12e0 con 0x7f039410a720
2024-04-25T13:32:45.239 INFO:teuthology.orchestra.run.smithi094.stdout:/usr/bin/ceph: stderr
2024-04-25T13:32:43.955+0000 7f038affd700 1 -- 172.21.15.94:0/2296843064 <== mon.0 v2:172.21.15.94:3300/0 4 ==== mgrmap(e 12) ==== 49529+0+0 (secure 0 0 0) 0x7f039001b440 con 0x7f039410a720
2024-04-25T13:32:45.239 INFO:teuthology.orchestra.run.smithi094.stdout:/usr/bin/ceph: stderr
2024-04-25T13:32:43.955+0000 7f039c0c6700 1 -- 172.21.15.94:0/2296843064 --> [v2:172.21.15.94:3300/0,v1:172.21.15.94:6789/0] -- mon_command({"prefix": "get_command_descriptions"} v 0) -- 0x7f0394064cf0 con 0x7f039410a720
2024-04-25T13:32:45.239 INFO:teuthology.orchestra.run.smithi094.stdout:/usr/bin/ceph: stderr
2024-04-25T13:32:43.955+0000 7f038affd700 1 --2- 172.21.15.94:0/2296843064 >> [v2:172.21.15.94:6800/449370799,v1:172.21.15.94:6801/449370799] conn(0x7f038003d5d0 0x7f038003fae0 unknown :-1 s=NONE pgs=0 cs=0 l=1 rev1=0 crypto rx=0 tx=0 comp rx=0 tx=0).connect
2024-04-25T13:32:45.239 INFO:teuthology.orchestra.run.smithi094.stdout:/usr/bin/ceph: stderr
2024-04-25T13:32:43.955+0000 7f038affd700 1 -- 172.21.15.94:0/2296843064 <== mon.0 v2:172.21.15.94:3300/0 5 ==== osd_map(3..3 src has 1..3) ==== 1155+0+0 (secure 0 0 0) 0x7f0390052e30 con 0x7f039410a720
2024-04-25T13:32:45.239 INFO:teuthology.orchestra.run.smithi094.stdout:/usr/bin/ceph: stderr
2024-04-25T13:32:43.955+0000 7f0399661700 1 --2- 172.21.15.94:0/2296843064 >> [v2:172.21.15.94:6800/449370799,v1:172.21.15.94:6801/449370799] conn(0x7f038003d5d0 0x7f038003fae0 unknown :-1 s=BANNER_CONNECTING pgs=0 cs=0 l=1 rev1=0 crypto rx=0 tx=0 comp rx=0 tx=0)._handle_peer_banner_payload supported=3 required=0
2024-04-25T13:32:45.239 INFO:teuthology.orchestra.run.smithi094.stdout:/usr/bin/ceph: stderr
2024-04-25T13:32:43.955+0000 7f0399661700 1 --2- 172.21.15.94:0/2296843064 >> [v2:172.21.15.94:6800/449370799,v1:172.21.15.94:6801/449370799] conn(0x7f038003d5d0 0x7f038003fae0 secure :-1 s=READY pgs=8 cs=0 l=1 rev1=1 crypto rx=0x7f0384006fd0 tx=0x7f0384006e40 comp rx=0 tx=0).ready entity=mgr.14152 client_cookie=0 server_cookie=0 in_seq=0 out_seq=0
2024-04-25T13:32:45.239 INFO:teuthology.orchestra.run.smithi094.stdout:/usr/bin/ceph: stderr
2024-04-25T13:32:43.965+0000 7f038affd700 1 -- 172.21.15.94:0/2296843064 <== mon.0 v2:172.21.15.94:3300/0 6 ==== mon_command_ack([{"prefix": "get_command_descriptions"}]=0 v0) ==== 72+0+188370 (secure 0 0 0) 0x7f039001f030 con 0x7f039410a720
2024-04-25T13:32:45.239 INFO:teuthology.orchestra.run.smithi094.stdout:/usr/bin/ceph: stderr
2024-04-25T13:32:44.192+0000 7f039c0c6700 1 -- 172.21.15.94:0/2296843064 --> [v2:172.21.15.94:6800/449370799,v1:172.21.15.94:6801/449370799] -- mgr_command(tid 0: {"prefix": "dashboard ac-user-create", "username": "admin", "rolename": "administrator", "force_password": true, "pwd_update_required": true, "target": ["mon-mgr", ""]}) -- 0x7f03941a1570 con 0x7f038003d5d0
2024-04-25T13:32:45.239 INFO:teuthology.orchestra.run.smithi094.stdout:/usr/bin/ceph: stderr
2024-04-25T13:32:44.417+0000 7f038affd700 1 -- 172.21.15.94:0/2296843064 <== mgr.14152 v2:172.21.15.94:6800/449370799 1 ==== mgr_command_reply(tid 0: 0 ) ==== 8+0+252 (secure 0 0 0) 0x7f03941a1570 con 0x7f038003d5d0
2024-04-25T13:32:45.239 INFO:teuthology.orchestra.run.smithi094.stdout:/usr/bin/ceph: stderr
2024-04-25T13:32:44.419+0000 7f039c0c6700 1 -- 172.21.15.94:0/2296843064 >> [v2:172.21.15.94:6800/449370799,v1:172.21.15.94:6801/449370799] conn(0x7f038003d5d0 msgr2=0x7f038003fae0 secure :-1 s=STATE_CONNECTION_ESTABLISHED l=1).mark_down
2024-04-25T13:32:45.239 INFO:teuthology.orchestra.run.smithi094.stdout:/usr/bin/ceph: stderr
2024-04-25T13:32:44.419+0000 7f039c0c6700 1 --2- 172.21.15.94:0/2296843064 >> [v2:172.21.15.94:6800/449370799,v1:172.21.15.94:6801/449370799] conn(0x7f038003d5d0 0x7f038003fae0 secure :-1 s=READY pgs=8 cs=0 l=1 rev1=1 crypto rx=0x7f0384006fd0 tx=0x7f0384006e40 comp rx=0 tx=0).stop
2024-04-25T13:32:45.239 INFO:teuthology.orchestra.run.smithi094.stdout:/usr/bin/ceph: stderr
2024-04-25T13:32:44.419+0000 7f039c0c6700 1 -- 172.21.15.94:0/2296843064 >> [v2:172.21.15.94:3300/0,v1:172.21.15.94:6789/0] conn(0x7f039410a720 msgr2=0x7f039419df00 secure :-1 s=STATE_CONNECTION_ESTABLISHED l=1).mark_down
2024-04-25T13:32:45.239 INFO:teuthology.orchestra.run.smithi094.stdout:/usr/bin/ceph: stderr
2024-04-25T13:32:44.419+0000 7f039c0c6700 1 --2- 172.21.15.94:0/2296843064 >> [v2:172.21.15.94:3300/0,v1:172.21.15.94:6789/0] conn(0x7f039410a720 0x7f039419df00 secure :-1 s=READY pgs=73 cs=0 l=1 rev1=1 crypto rx=0x7f0390004660 tx=0x7f0390011aa0 comp rx=0 tx=0).stop
2024-04-25T13:32:45.240 INFO:teuthology.orchestra.run.smithi094.stdout:/usr/bin/ceph: stderr
2024-04-25T13:32:44.419+0000 7f039c0c6700 1 -- 172.21.15.94:0/2296843064 shutdown_connections
2024-04-25T13:32:45.240 INFO:teuthology.orchestra.run.smithi094.stdout:/usr/bin/ceph: stderr
2024-04-25T13:32:44.419+0000 7f039c0c6700 1 --2- 172.21.15.94:0/2296843064 >> [v2:172.21.15.94:6800/449370799,v1:172.21.15.94:6801/449370799] conn(0x7f038003d5d0 0x7f038003fae0 unknown :-1 s=CLOSED pgs=8 cs=0 l=1 rev1=1 crypto rx=0 tx=0 comp rx=0 tx=0).stop
2024-04-25T13:32:45.240 INFO:teuthology.orchestra.run.smithi094.stdout:/usr/bin/ceph: stderr
2024-04-25T13:32:44.419+0000 7f039c0c6700 1 --2- 172.21.15.94:0/2296843064 >> [v2:172.21.15.94:3300/0,v1:172.21.15.94:6789/0] conn(0x7f039410a720 0x7f039419df00 unknown :-1 s=CLOSED pgs=73 cs=0 l=1 rev1=1 crypto rx=0 tx=0 comp rx=0 tx=0).stop
2024-04-25T13:32:45.240 INFO:teuthology.orchestra.run.smithi094.stdout:/usr/bin/ceph: stderr
2024-04-25T13:32:44.419+0000 7f039c0c6700 1 -- 172.21.15.94:0/2296843064 >> 172.21.15.94:0/2296843064 conn(0x7f0394104120 msgr2=0x7f0394104a60 unknown :-1 s=STATE_NONE l=0).mark_down
2024-04-25T13:32:45.240 INFO:teuthology.orchestra.run.smithi094.stdout:/usr/bin/ceph: stderr
2024-04-25T13:32:44.419+0000 7f039c0c6700 1 -- 172.21.15.94:0/2296843064 shutdown_connections
2024-04-25T13:32:45.240 INFO:teuthology.orchestra.run.smithi094.stdout:/usr/bin/ceph: stderr
2024-04-25T13:32:44.419+0000 7f039c0c6700 1 -- 172.21.15.94:0/2296843064 wait complete.
2024-04-25T13:32:45.240 INFO:teuthology.orchestra.run.smithi094.stdout:Fetching dashboard port number...
2024-04-25T13:32:46.225 INFO:journalctl@ceph.mon.a.smithi094.stdout:Apr 25 13:32:45 smithi094 ceph-mon[29195]: from='client.? 172.21.15.94:0/990742773' entity='client.admin' cmd=[{"prefix": "config get", "who": "mgr", "key": "mgr/dashboard/ssl_server_port"}]: dispatch
2024-04-25T13:32:46.685 INFO:teuthology.orchestra.run.smithi094.stdout:/usr/bin/ceph: stdout 8443
2024-04-25T13:32:46.685 INFO:teuthology.orchestra.run.smithi094.stdout:/usr/bin/ceph: stderr
2024-04-25T13:32:45.686+0000 7fed18b6b700 1 Processor -- start
2024-04-25T13:32:46.685 INFO:teuthology.orchestra.run.smithi094.stdout:/usr/bin/ceph: stderr
2024-04-25T13:32:45.686+0000 7fed18b6b700 1 -- start start
2024-04-25T13:32:46.686 INFO:teuthology.orchestra.run.smithi094.stdout:/usr/bin/ceph: stderr
2024-04-25T13:32:45.686+0000 7fed18b6b700 1 --2- >> [v2:172.21.15.94:3300/0,v1:172.21.15.94:6789/0] conn(0x7fed1407ee40 0x7fed1407d270 unknown :-1 s=NONE pgs=0 cs=0 l=0 rev1=0 crypto rx=0 tx=0 comp rx=0 tx=0).connect
2024-04-25T13:32:46.686 INFO:teuthology.orchestra.run.smithi094.stdout:/usr/bin/ceph: stderr
2024-04-25T13:32:45.686+0000 7fed18b6b700 1 -- --> [v2:172.21.15.94:3300/0,v1:172.21.15.94:6789/0] -- mon_getmap magic: 0 -- 0x7fed1407d840 con 0x7fed1407ee40
2024-04-25T13:32:46.686 INFO:teuthology.orchestra.run.smithi094.stdout:/usr/bin/ceph: stderr
2024-04-25T13:32:45.686+0000 7fed1259c700 1 --2- >> [v2:172.21.15.94:3300/0,v1:172.21.15.94:6789/0] conn(0x7fed1407ee40 0x7fed1407d270 unknown :-1 s=BANNER_CONNECTING pgs=0 cs=0 l=0 rev1=0 crypto rx=0 tx=0 comp rx=0 tx=0)._handle_peer_banner_payload supported=3 required=0
2024-04-25T13:32:46.686 INFO:teuthology.orchestra.run.smithi094.stdout:/usr/bin/ceph: stderr
2024-04-25T13:32:45.686+0000 7fed1259c700 1 --2- >> [v2:172.21.15.94:3300/0,v1:172.21.15.94:6789/0] conn(0x7fed1407ee40 0x7fed1407d270 unknown :-1 s=HELLO_CONNECTING pgs=0 cs=0 l=0 rev1=1 crypto rx=0 tx=0 comp rx=0 tx=0).handle_hello peer v2:172.21.15.94:3300/0 says I am v2:172.21.15.94:43622/0 (socket says 172.21.15.94:43622)
2024-04-25T13:32:46.686 INFO:teuthology.orchestra.run.smithi094.stdout:/usr/bin/ceph: stderr
2024-04-25T13:32:45.686+0000 7fed1259c700 1 -- 172.21.15.94:0/2780188334 learned_addr learned my addr 172.21.15.94:0/2780188334 (peer_addr_for_me v2:172.21.15.94:0/0)
2024-04-25T13:32:46.686 INFO:teuthology.orchestra.run.smithi094.stdout:/usr/bin/ceph: stderr
2024-04-25T13:32:45.687+0000 7fed1259c700 1 -- 172.21.15.94:0/2780188334 --> [v2:172.21.15.94:3300/0,v1:172.21.15.94:6789/0] -- mon_subscribe({config=0+,monmap=0+}) -- 0x7fed1407d9c0 con 0x7fed1407ee40
2024-04-25T13:32:46.686 INFO:teuthology.orchestra.run.smithi094.stdout:/usr/bin/ceph: stderr
2024-04-25T13:32:45.687+0000 7fed1259c700 1 --2- 172.21.15.94:0/2780188334 >> [v2:172.21.15.94:3300/0,v1:172.21.15.94:6789/0] conn(0x7fed1407ee40 0x7fed1407d270 secure :-1 s=READY pgs=74 cs=0 l=1 rev1=1 crypto rx=0x7fed040098a0 tx=0x7fed04009bb0 comp rx=0 tx=0).ready entity=mon.0 client_cookie=cf2509265466bd99 server_cookie=0 in_seq=0 out_seq=0
2024-04-25T13:32:46.686 INFO:teuthology.orchestra.run.smithi094.stdout:/usr/bin/ceph: stderr
2024-04-25T13:32:45.687+0000 7fed1159a700 1 -- 172.21.15.94:0/2780188334 <== mon.0 v2:172.21.15.94:3300/0 1 ==== mon_map magic: 0 ==== 205+0+0 (secure 0 0 0) 0x7fed04004160 con 0x7fed1407ee40
2024-04-25T13:32:46.686 INFO:teuthology.orchestra.run.smithi094.stdout:/usr/bin/ceph: stderr
2024-04-25T13:32:45.687+0000 7fed1159a700 1 -- 172.21.15.94:0/2780188334 <== mon.0 v2:172.21.15.94:3300/0 2 ==== config(26 keys) ==== 1101+0+0 (secure 0 0 0) 0x7fed04004300 con 0x7fed1407ee40
2024-04-25T13:32:46.686 INFO:teuthology.orchestra.run.smithi094.stdout:/usr/bin/ceph: stderr
2024-04-25T13:32:45.687+0000 7fed1159a700 1 -- 172.21.15.94:0/2780188334 <== mon.0 v2:172.21.15.94:3300/0 3 ==== mon_map magic: 0 ==== 205+0+0 (secure 0 0 0) 0x7fed04011a20 con 0x7fed1407ee40
2024-04-25T13:32:46.686 INFO:teuthology.orchestra.run.smithi094.stdout:/usr/bin/ceph: stderr
2024-04-25T13:32:45.688+0000 7fed18b6b700 1 -- 172.21.15.94:0/2780188334 >> [v2:172.21.15.94:3300/0,v1:172.21.15.94:6789/0] conn(0x7fed1407ee40 msgr2=0x7fed1407d270 secure :-1 s=STATE_CONNECTION_ESTABLISHED l=1).mark_down
2024-04-25T13:32:46.687 INFO:teuthology.orchestra.run.smithi094.stdout:/usr/bin/ceph: stderr
2024-04-25T13:32:45.688+0000 7fed18b6b700 1 --2- 172.21.15.94:0/2780188334 >> [v2:172.21.15.94:3300/0,v1:172.21.15.94:6789/0] conn(0x7fed1407ee40 0x7fed1407d270 secure :-1 s=READY pgs=74 cs=0 l=1 rev1=1 crypto rx=0x7fed040098a0 tx=0x7fed04009bb0 comp rx=0 tx=0).stop
2024-04-25T13:32:46.687 INFO:teuthology.orchestra.run.smithi094.stdout:/usr/bin/ceph: stderr
2024-04-25T13:32:45.688+0000 7fed18b6b700 1 -- 172.21.15.94:0/2780188334 shutdown_connections
2024-04-25T13:32:46.687 INFO:teuthology.orchestra.run.smithi094.stdout:/usr/bin/ceph: stderr
2024-04-25T13:32:45.688+0000 7fed18b6b700 1 --2- 172.21.15.94:0/2780188334 >> [v2:172.21.15.94:3300/0,v1:172.21.15.94:6789/0] conn(0x7fed1407ee40 0x7fed1407d270 unknown :-1 s=CLOSED pgs=74 cs=0 l=1 rev1=1 crypto rx=0 tx=0 comp rx=0 tx=0).stop
2024-04-25T13:32:46.687 INFO:teuthology.orchestra.run.smithi094.stdout:/usr/bin/ceph: stderr
2024-04-25T13:32:45.688+0000 7fed18b6b700 1 -- 172.21.15.94:0/2780188334 >> 172.21.15.94:0/2780188334 conn(0x7fed14105210 msgr2=0x7fed14107660 unknown :-1 s=STATE_NONE l=0).mark_down
2024-04-25T13:32:46.687 INFO:teuthology.orchestra.run.smithi094.stdout:/usr/bin/ceph: stderr
2024-04-25T13:32:45.688+0000 7fed18b6b700 1 -- 172.21.15.94:0/2780188334 shutdown_connections
2024-04-25T13:32:46.687 INFO:teuthology.orchestra.run.smithi094.stdout:/usr/bin/ceph: stderr
2024-04-25T13:32:45.688+0000 7fed18b6b700 1 -- 172.21.15.94:0/2780188334 wait complete.
2024-04-25T13:32:46.687 INFO:teuthology.orchestra.run.smithi094.stdout:/usr/bin/ceph: stderr
2024-04-25T13:32:45.689+0000 7fed18b6b700 1 Processor -- start
2024-04-25T13:32:46.687 INFO:teuthology.orchestra.run.smithi094.stdout:/usr/bin/ceph: stderr
2024-04-25T13:32:45.689+0000 7fed18b6b700 1 -- start start
2024-04-25T13:32:46.687 INFO:teuthology.orchestra.run.smithi094.stdout:/usr/bin/ceph: stderr
2024-04-25T13:32:45.689+0000 7fed18b6b700 1 --2- >> [v2:172.21.15.94:3300/0,v1:172.21.15.94:6789/0] conn(0x7fed1407ee40 0x7fed141a0030 unknown :-1 s=NONE pgs=0 cs=0 l=1 rev1=0 crypto rx=0 tx=0 comp rx=0 tx=0).connect
2024-04-25T13:32:46.687 INFO:teuthology.orchestra.run.smithi094.stdout:/usr/bin/ceph: stderr
2024-04-25T13:32:45.689+0000 7fed18b6b700 1 -- --> [v2:172.21.15.94:3300/0,v1:172.21.15.94:6789/0] -- mon_getmap magic: 0 -- 0x7fed141101c0 con 0x7fed1407ee40
2024-04-25T13:32:46.687 INFO:teuthology.orchestra.run.smithi094.stdout:/usr/bin/ceph: stderr
2024-04-25T13:32:45.689+0000 7fed1259c700 1 --2- >> [v2:172.21.15.94:3300/0,v1:172.21.15.94:6789/0] conn(0x7fed1407ee40 0x7fed141a0030 unknown :-1 s=BANNER_CONNECTING pgs=0 cs=0 l=1 rev1=0 crypto rx=0 tx=0 comp rx=0 tx=0)._handle_peer_banner_payload supported=3 required=0
2024-04-25T13:32:46.687 INFO:teuthology.orchestra.run.smithi094.stdout:/usr/bin/ceph: stderr
2024-04-25T13:32:45.689+0000 7fed1259c700 1 --2- >> [v2:172.21.15.94:3300/0,v1:172.21.15.94:6789/0] conn(0x7fed1407ee40 0x7fed141a0030 unknown :-1 s=HELLO_CONNECTING pgs=0 cs=0 l=1 rev1=1 crypto rx=0 tx=0 comp rx=0 tx=0).handle_hello peer v2:172.21.15.94:3300/0 says I am v2:172.21.15.94:43626/0 (socket says 172.21.15.94:43626)
2024-04-25T13:32:46.687 INFO:teuthology.orchestra.run.smithi094.stdout:/usr/bin/ceph: stderr
2024-04-25T13:32:45.689+0000 7fed1259c700 1 -- 172.21.15.94:0/990742773 learned_addr learned my addr 172.21.15.94:0/990742773 (peer_addr_for_me v2:172.21.15.94:0/0)
2024-04-25T13:32:46.687 INFO:teuthology.orchestra.run.smithi094.stdout:/usr/bin/ceph: stderr
2024-04-25T13:32:45.689+0000 7fed1259c700 1 -- 172.21.15.94:0/990742773 --> [v2:172.21.15.94:3300/0,v1:172.21.15.94:6789/0] -- mon_subscribe({config=0+,monmap=0+}) -- 0x7fed141a0570 con 0x7fed1407ee40
2024-04-25T13:32:46.687 INFO:teuthology.orchestra.run.smithi094.stdout:/usr/bin/ceph: stderr
2024-04-25T13:32:45.689+0000 7fed1259c700 1 --2- 172.21.15.94:0/990742773 >> [v2:172.21.15.94:3300/0,v1:172.21.15.94:6789/0] conn(0x7fed1407ee40 0x7fed141a0030 secure :-1 s=READY pgs=75 cs=0 l=1 rev1=1 crypto rx=0x7fed040119f0 tx=0x7fed04011ad0 comp rx=0 tx=0).ready entity=mon.0 client_cookie=0 server_cookie=0 in_seq=0 out_seq=0
2024-04-25T13:32:46.688 INFO:teuthology.orchestra.run.smithi094.stdout:/usr/bin/ceph: stderr
2024-04-25T13:32:45.690+0000 7fed037fe700 1 -- 172.21.15.94:0/990742773 <== mon.0 v2:172.21.15.94:3300/0 1 ==== mon_map magic: 0 ==== 205+0+0 (secure 0 0 0) 0x7fed040039e0 con 0x7fed1407ee40
2024-04-25T13:32:46.688 INFO:teuthology.orchestra.run.smithi094.stdout:/usr/bin/ceph: stderr
2024-04-25T13:32:45.690+0000 7fed037fe700 1 -- 172.21.15.94:0/990742773 <== mon.0 v2:172.21.15.94:3300/0 2 ==== config(26 keys) ==== 1101+0+0 (secure 0 0 0) 0x7fed0401b8f0 con 0x7fed1407ee40
2024-04-25T13:32:46.688 INFO:teuthology.orchestra.run.smithi094.stdout:/usr/bin/ceph: stderr
2024-04-25T13:32:45.690+0000 7fed18b6b700 1 -- 172.21.15.94:0/990742773 --> [v2:172.21.15.94:3300/0,v1:172.21.15.94:6789/0] -- mon_subscribe({mgrmap=0+}) -- 0x7fed141a0800 con 0x7fed1407ee40
2024-04-25T13:32:46.688 INFO:teuthology.orchestra.run.smithi094.stdout:/usr/bin/ceph: stderr
2024-04-25T13:32:45.690+0000 7fed037fe700 1 -- 172.21.15.94:0/990742773 <== mon.0 v2:172.21.15.94:3300/0 3 ==== mon_map magic: 0 ==== 205+0+0 (secure 0 0 0) 0x7fed040237a0 con 0x7fed1407ee40
2024-04-25T13:32:46.688 INFO:teuthology.orchestra.run.smithi094.stdout:/usr/bin/ceph: stderr
2024-04-25T13:32:45.690+0000 7fed18b6b700 1 -- 172.21.15.94:0/990742773 --> [v2:172.21.15.94:3300/0,v1:172.21.15.94:6789/0] -- mon_subscribe({osdmap=0}) -- 0x7fed141a3410 con 0x7fed1407ee40
2024-04-25T13:32:46.688 INFO:teuthology.orchestra.run.smithi094.stdout:/usr/bin/ceph: stderr
2024-04-25T13:32:45.691+0000 7fed18b6b700 1 -- 172.21.15.94:0/990742773 --> [v2:172.21.15.94:3300/0,v1:172.21.15.94:6789/0] -- mon_command({"prefix": "get_command_descriptions"} v 0) -- 0x7fed14064cf0 con 0x7fed1407ee40
2024-04-25T13:32:46.688 INFO:teuthology.orchestra.run.smithi094.stdout:/usr/bin/ceph: stderr
2024-04-25T13:32:45.691+0000 7fed037fe700 1 -- 172.21.15.94:0/990742773 <== mon.0 v2:172.21.15.94:3300/0 4 ==== mgrmap(e 12) ==== 49529+0+0 (secure 0 0 0) 0x7fed0402c3f0 con 0x7fed1407ee40
2024-04-25T13:32:46.688 INFO:teuthology.orchestra.run.smithi094.stdout:/usr/bin/ceph: stderr
2024-04-25T13:32:45.691+0000 7fed037fe700 1 --2- 172.21.15.94:0/990742773 >> [v2:172.21.15.94:6800/449370799,v1:172.21.15.94:6801/449370799] conn(0x7fecfc03d5d0 0x7fecfc03fae0 unknown :-1 s=NONE pgs=0 cs=0 l=1 rev1=0 crypto rx=0 tx=0 comp rx=0 tx=0).connect
2024-04-25T13:32:46.688 INFO:teuthology.orchestra.run.smithi094.stdout:/usr/bin/ceph: stderr
2024-04-25T13:32:45.691+0000 7fed037fe700 1 -- 172.21.15.94:0/990742773 <== mon.0 v2:172.21.15.94:3300/0 5 ==== osd_map(3..3 src has 1..3) ==== 1155+0+0 (secure 0 0 0) 0x7fed04052d70 con 0x7fed1407ee40
2024-04-25T13:32:46.688 INFO:teuthology.orchestra.run.smithi094.stdout:/usr/bin/ceph: stderr
2024-04-25T13:32:45.691+0000 7fed11d9b700 1 --2- 172.21.15.94:0/990742773 >> [v2:172.21.15.94:6800/449370799,v1:172.21.15.94:6801/449370799] conn(0x7fecfc03d5d0 0x7fecfc03fae0 unknown :-1 s=BANNER_CONNECTING pgs=0 cs=0 l=1 rev1=0 crypto rx=0 tx=0 comp rx=0 tx=0)._handle_peer_banner_payload supported=3 required=0
2024-04-25T13:32:46.688 INFO:teuthology.orchestra.run.smithi094.stdout:/usr/bin/ceph: stderr
2024-04-25T13:32:45.691+0000 7fed11d9b700 1 --2- 172.21.15.94:0/990742773 >> [v2:172.21.15.94:6800/449370799,v1:172.21.15.94:6801/449370799] conn(0x7fecfc03d5d0 0x7fecfc03fae0 secure :-1 s=READY pgs=9 cs=0 l=1 rev1=1 crypto rx=0x7fed08006fd0 tx=0x7fed08006e40 comp rx=0 tx=0).ready entity=mgr.14152 client_cookie=0 server_cookie=0 in_seq=0 out_seq=0
2024-04-25T13:32:46.688 INFO:teuthology.orchestra.run.smithi094.stdout:/usr/bin/ceph: stderr
2024-04-25T13:32:45.696+0000 7fed037fe700 1 -- 172.21.15.94:0/990742773 <== mon.0 v2:172.21.15.94:3300/0 6 ==== mon_command_ack([{"prefix": "get_command_descriptions"}]=0 v0) ==== 72+0+188370 (secure 0 0 0) 0x7fed04057070 con 0x7fed1407ee40
2024-04-25T13:32:46.688 INFO:teuthology.orchestra.run.smithi094.stdout:/usr/bin/ceph: stderr
2024-04-25T13:32:45.898+0000 7fed18b6b700 1 -- 172.21.15.94:0/990742773 --> [v2:172.21.15.94:3300/0,v1:172.21.15.94:6789/0] -- mon_command({"prefix": "config get", "who": "mgr", "key": "mgr/dashboard/ssl_server_port"} v 0) -- 0x7fed141a35e0 con 0x7fed1407ee40
2024-04-25T13:32:46.688 INFO:teuthology.orchestra.run.smithi094.stdout:/usr/bin/ceph: stderr
2024-04-25T13:32:45.899+0000 7fed037fe700 1 -- 172.21.15.94:0/990742773 <== mon.0 v2:172.21.15.94:3300/0 7 ==== mon_command_ack([{"prefix": "config get", "who": "mgr", "key": "mgr/dashboard/ssl_server_port"}]=0 v8) ==== 112+0+5 (secure 0 0 0) 0x7fed0401f030 con 0x7fed1407ee40
2024-04-25T13:32:46.688 INFO:teuthology.orchestra.run.smithi094.stdout:/usr/bin/ceph: stderr
2024-04-25T13:32:45.901+0000 7fed18b6b700 1 -- 172.21.15.94:0/990742773 >> [v2:172.21.15.94:6800/449370799,v1:172.21.15.94:6801/449370799] conn(0x7fecfc03d5d0 msgr2=0x7fecfc03fae0 secure :-1 s=STATE_CONNECTION_ESTABLISHED l=1).mark_down
2024-04-25T13:32:46.689 INFO:teuthology.orchestra.run.smithi094.stdout:/usr/bin/ceph: stderr
2024-04-25T13:32:45.901+0000 7fed18b6b700 1 --2- 172.21.15.94:0/990742773 >> [v2:172.21.15.94:6800/449370799,v1:172.21.15.94:6801/449370799] conn(0x7fecfc03d5d0 0x7fecfc03fae0 secure :-1 s=READY pgs=9 cs=0 l=1 rev1=1 crypto rx=0x7fed08006fd0 tx=0x7fed08006e40 comp rx=0 tx=0).stop
2024-04-25T13:32:46.689 INFO:teuthology.orchestra.run.smithi094.stdout:/usr/bin/ceph: stderr
2024-04-25T13:32:45.901+0000 7fed18b6b700 1 -- 172.21.15.94:0/990742773 >> [v2:172.21.15.94:3300/0,v1:172.21.15.94:6789/0] conn(0x7fed1407ee40 msgr2=0x7fed141a0030 secure :-1 s=STATE_CONNECTION_ESTABLISHED l=1).mark_down
2024-04-25T13:32:46.689 INFO:teuthology.orchestra.run.smithi094.stdout:/usr/bin/ceph: stderr
2024-04-25T13:32:45.901+0000 7fed18b6b700 1 --2- 172.21.15.94:0/990742773 >> [v2:172.21.15.94:3300/0,v1:172.21.15.94:6789/0] conn(0x7fed1407ee40 0x7fed141a0030 secure :-1 s=READY pgs=75 cs=0 l=1 rev1=1 crypto rx=0x7fed040119f0 tx=0x7fed04011ad0 comp rx=0 tx=0).stop
2024-04-25T13:32:46.689 INFO:teuthology.orchestra.run.smithi094.stdout:/usr/bin/ceph: stderr
2024-04-25T13:32:45.901+0000 7fed18b6b700 1 -- 172.21.15.94:0/990742773 shutdown_connections
2024-04-25T13:32:46.689 INFO:teuthology.orchestra.run.smithi094.stdout:/usr/bin/ceph: stderr
2024-04-25T13:32:45.901+0000 7fed18b6b700 1 --2- 172.21.15.94:0/990742773 >> [v2:172.21.15.94:6800/449370799,v1:172.21.15.94:6801/449370799] conn(0x7fecfc03d5d0 0x7fecfc03fae0 unknown :-1 s=CLOSED pgs=9 cs=0 l=1 rev1=1 crypto rx=0 tx=0 comp rx=0 tx=0).stop
2024-04-25T13:32:46.689 INFO:teuthology.orchestra.run.smithi094.stdout:/usr/bin/ceph: stderr
2024-04-25T13:32:45.901+0000 7fed18b6b700 1 --2- 172.21.15.94:0/990742773 >> [v2:172.21.15.94:3300/0,v1:172.21.15.94:6789/0] conn(0x7fed1407ee40 0x7fed141a0030 unknown :-1 s=CLOSED pgs=75 cs=0 l=1 rev1=1 crypto rx=0 tx=0 comp rx=0 tx=0).stop
2024-04-25T13:32:46.689 INFO:teuthology.orchestra.run.smithi094.stdout:/usr/bin/ceph: stderr
2024-04-25T13:32:45.901+0000 7fed18b6b700 1 -- 172.21.15.94:0/990742773 >> 172.21.15.94:0/990742773 conn(0x7fed14105210 msgr2=0x7fed14105a10 unknown :-1 s=STATE_NONE l=0).mark_down
2024-04-25T13:32:46.689 INFO:teuthology.orchestra.run.smithi094.stdout:/usr/bin/ceph: stderr
2024-04-25T13:32:45.901+0000 7fed18b6b700 1 -- 172.21.15.94:0/990742773 shutdown_connections
2024-04-25T13:32:46.689 INFO:teuthology.orchestra.run.smithi094.stdout:/usr/bin/ceph: stderr
2024-04-25T13:32:45.901+0000 7fed18b6b700 1 -- 172.21.15.94:0/990742773 wait complete.
2024-04-25T13:32:46.691 INFO:teuthology.orchestra.run.smithi094.stdout:Non-zero exit code 1 from systemctl is-enabled firewalld.service
2024-04-25T13:32:46.691 INFO:teuthology.orchestra.run.smithi094.stdout:systemctl: stdout disabled
2024-04-25T13:32:46.699 INFO:teuthology.orchestra.run.smithi094.stdout:Non-zero exit code 3 from systemctl is-active firewalld.service
2024-04-25T13:32:46.699 INFO:teuthology.orchestra.run.smithi094.stdout:systemctl: stdout inactive
2024-04-25T13:32:46.699 INFO:teuthology.orchestra.run.smithi094.stdout:firewalld.service is not enabled
2024-04-25T13:32:46.699 INFO:teuthology.orchestra.run.smithi094.stdout:Not possible to open ports <[8443]>. firewalld.service is not available
2024-04-25T13:32:46.700 INFO:teuthology.orchestra.run.smithi094.stdout:Ceph Dashboard is now available at:
2024-04-25T13:32:46.700 INFO:teuthology.orchestra.run.smithi094.stdout:
2024-04-25T13:32:46.700 INFO:teuthology.orchestra.run.smithi094.stdout: URL: https://smithi094.front.sepia.ceph.com:8443/
2024-04-25T13:32:46.700 INFO:teuthology.orchestra.run.smithi094.stdout: User: admin
2024-04-25T13:32:46.700 INFO:teuthology.orchestra.run.smithi094.stdout: Password: udb69ceomt
2024-04-25T13:32:46.700 INFO:teuthology.orchestra.run.smithi094.stdout:
2024-04-25T13:32:46.701 INFO:teuthology.orchestra.run.smithi094.stdout:Saving cluster configuration to /var/lib/ceph/f9021454-0307-11ef-bc93-c7b262605968/config directory
2024-04-25T13:32:46.701 INFO:teuthology.orchestra.run.smithi094.stdout:Enabling autotune for osd_memory_target
2024-04-25T13:32:47.849 INFO:teuthology.orchestra.run.smithi094.stdout:/usr/bin/ceph: stderr
2024-04-25T13:32:47.115+0000 7f7a93d39700 1 Processor -- start
2024-04-25T13:32:47.850 INFO:teuthology.orchestra.run.smithi094.stdout:/usr/bin/ceph: stderr
2024-04-25T13:32:47.115+0000 7f7a93d39700 1 -- start start
2024-04-25T13:32:47.850 INFO:teuthology.orchestra.run.smithi094.stdout:/usr/bin/ceph: stderr
2024-04-25T13:32:47.115+0000 7f7a93d39700 1 --2- >> [v2:172.21.15.94:3300/0,v1:172.21.15.94:6789/0] conn(0x7f7a8c10a6a0 0x7f7a8c10cac0 unknown :-1 s=NONE pgs=0 cs=0 l=0 rev1=0 crypto rx=0 tx=0 comp rx=0 tx=0).connect
2024-04-25T13:32:47.850 INFO:teuthology.orchestra.run.smithi094.stdout:/usr/bin/ceph: stderr
2024-04-25T13:32:47.115+0000 7f7a93d39700 1 -- --> [v2:172.21.15.94:3300/0,v1:172.21.15.94:6789/0] -- mon_getmap magic: 0 -- 0x7f7a8c07ce10 con 0x7f7a8c10a6a0
2024-04-25T13:32:47.850 INFO:teuthology.orchestra.run.smithi094.stdout:/usr/bin/ceph: stderr
2024-04-25T13:32:47.116+0000 7f7a91ad5700 1 --2- >> [v2:172.21.15.94:3300/0,v1:172.21.15.94:6789/0] conn(0x7f7a8c10a6a0 0x7f7a8c10cac0 unknown :-1 s=BANNER_CONNECTING pgs=0 cs=0 l=0 rev1=0 crypto rx=0 tx=0 comp rx=0 tx=0)._handle_peer_banner_payload supported=3 required=0
2024-04-25T13:32:47.850 INFO:teuthology.orchestra.run.smithi094.stdout:/usr/bin/ceph: stderr
2024-04-25T13:32:47.116+0000 7f7a91ad5700 1 --2- >> [v2:172.21.15.94:3300/0,v1:172.21.15.94:6789/0] conn(0x7f7a8c10a6a0 0x7f7a8c10cac0 unknown :-1 s=HELLO_CONNECTING pgs=0 cs=0 l=0 rev1=1 crypto rx=0 tx=0 comp rx=0 tx=0).handle_hello peer v2:172.21.15.94:3300/0 says I am v2:172.21.15.94:43632/0 (socket says 172.21.15.94:43632)
2024-04-25T13:32:47.850 INFO:teuthology.orchestra.run.smithi094.stdout:/usr/bin/ceph: stderr
2024-04-25T13:32:47.116+0000 7f7a91ad5700 1 -- 172.21.15.94:0/636559296 learned_addr learned my addr 172.21.15.94:0/636559296 (peer_addr_for_me v2:172.21.15.94:0/0)
2024-04-25T13:32:47.850 INFO:teuthology.orchestra.run.smithi094.stdout:/usr/bin/ceph: stderr
2024-04-25T13:32:47.116+0000 7f7a91ad5700 1 -- 172.21.15.94:0/636559296 --> [v2:172.21.15.94:3300/0,v1:172.21.15.94:6789/0] -- mon_subscribe({config=0+,monmap=0+}) -- 0x7f7a8c10d000 con 0x7f7a8c10a6a0
2024-04-25T13:32:47.850 INFO:teuthology.orchestra.run.smithi094.stdout:/usr/bin/ceph: stderr
2024-04-25T13:32:47.116+0000 7f7a91ad5700 1 --2- 172.21.15.94:0/636559296 >> [v2:172.21.15.94:3300/0,v1:172.21.15.94:6789/0] conn(0x7f7a8c10a6a0 0x7f7a8c10cac0 secure :-1 s=READY pgs=76 cs=0 l=1 rev1=1 crypto rx=0x7f7a88009e80 tx=0x7f7a8800b330 comp rx=0 tx=0).ready entity=mon.0 client_cookie=cbb8c3ff6fb7c7d0 server_cookie=0 in_seq=0 out_seq=0
2024-04-25T13:32:47.850 INFO:teuthology.orchestra.run.smithi094.stdout:/usr/bin/ceph: stderr
2024-04-25T13:32:47.116+0000 7f7a90ad3700 1 -- 172.21.15.94:0/636559296 <== mon.0 v2:172.21.15.94:3300/0 1 ==== mon_map magic: 0 ==== 205+0+0 (secure 0 0 0) 0x7f7a88017070 con 0x7f7a8c10a6a0
2024-04-25T13:32:47.850 INFO:teuthology.orchestra.run.smithi094.stdout:/usr/bin/ceph: stderr
2024-04-25T13:32:47.116+0000 7f7a90ad3700 1 -- 172.21.15.94:0/636559296 <== mon.0 v2:172.21.15.94:3300/0 2 ==== config(26 keys) ==== 1101+0+0 (secure 0 0 0) 0x7f7a8800b8c0 con 0x7f7a8c10a6a0
2024-04-25T13:32:47.850 INFO:teuthology.orchestra.run.smithi094.stdout:/usr/bin/ceph: stderr
2024-04-25T13:32:47.116+0000 7f7a90ad3700 1 -- 172.21.15.94:0/636559296 <== mon.0 v2:172.21.15.94:3300/0 3 ==== mon_map magic: 0 ==== 205+0+0 (secure 0 0 0) 0x7f7a88004490 con 0x7f7a8c10a6a0
2024-04-25T13:32:47.851 INFO:teuthology.orchestra.run.smithi094.stdout:/usr/bin/ceph: stderr
2024-04-25T13:32:47.117+0000 7f7a93d39700 1 -- 172.21.15.94:0/636559296 >> [v2:172.21.15.94:3300/0,v1:172.21.15.94:6789/0] conn(0x7f7a8c10a6a0 msgr2=0x7f7a8c10cac0 secure :-1 s=STATE_CONNECTION_ESTABLISHED l=1).mark_down
2024-04-25T13:32:47.851 INFO:teuthology.orchestra.run.smithi094.stdout:/usr/bin/ceph: stderr
2024-04-25T13:32:47.117+0000 7f7a93d39700 1 --2- 172.21.15.94:0/636559296 >> [v2:172.21.15.94:3300/0,v1:172.21.15.94:6789/0] conn(0x7f7a8c10a6a0 0x7f7a8c10cac0 secure :-1 s=READY pgs=76 cs=0 l=1 rev1=1 crypto rx=0x7f7a88009e80 tx=0x7f7a8800b330 comp rx=0 tx=0).stop
2024-04-25T13:32:47.851 INFO:teuthology.orchestra.run.smithi094.stdout:/usr/bin/ceph: stderr
2024-04-25T13:32:47.117+0000 7f7a93d39700 1 -- 172.21.15.94:0/636559296 shutdown_connections
2024-04-25T13:32:47.851 INFO:teuthology.orchestra.run.smithi094.stdout:/usr/bin/ceph: stderr
2024-04-25T13:32:47.117+0000 7f7a93d39700 1 --2- 172.21.15.94:0/636559296 >> [v2:172.21.15.94:3300/0,v1:172.21.15.94:6789/0] conn(0x7f7a8c10a6a0 0x7f7a8c10cac0 unknown :-1 s=CLOSED pgs=76 cs=0 l=1 rev1=1 crypto rx=0 tx=0 comp rx=0 tx=0).stop
2024-04-25T13:32:47.851 INFO:teuthology.orchestra.run.smithi094.stdout:/usr/bin/ceph: stderr
2024-04-25T13:32:47.117+0000 7f7a93d39700 1 -- 172.21.15.94:0/636559296 >> 172.21.15.94:0/636559296 conn(0x7f7a8c104140 msgr2=0x7f7a8c106590 unknown :-1 s=STATE_NONE l=0).mark_down
2024-04-25T13:32:47.851 INFO:teuthology.orchestra.run.smithi094.stdout:/usr/bin/ceph: stderr
2024-04-25T13:32:47.117+0000 7f7a93d39700 1 -- 172.21.15.94:0/636559296 shutdown_connections
2024-04-25T13:32:47.851 INFO:teuthology.orchestra.run.smithi094.stdout:/usr/bin/ceph: stderr
2024-04-25T13:32:47.117+0000 7f7a93d39700 1 -- 172.21.15.94:0/636559296 wait complete.
2024-04-25T13:32:47.851 INFO:teuthology.orchestra.run.smithi094.stdout:/usr/bin/ceph: stderr
2024-04-25T13:32:47.118+0000 7f7a93d39700 1 Processor -- start
2024-04-25T13:32:47.851 INFO:teuthology.orchestra.run.smithi094.stdout:/usr/bin/ceph: stderr
2024-04-25T13:32:47.118+0000 7f7a93d39700 1 -- start start
2024-04-25T13:32:47.851 INFO:teuthology.orchestra.run.smithi094.stdout:/usr/bin/ceph: stderr
2024-04-25T13:32:47.118+0000 7f7a93d39700 1 --2- >> [v2:172.21.15.94:3300/0,v1:172.21.15.94:6789/0] conn(0x7f7a8c10a6a0 0x7f7a8c1a0090 unknown :-1 s=NONE pgs=0 cs=0 l=1 rev1=0 crypto rx=0 tx=0 comp rx=0 tx=0).connect
2024-04-25T13:32:47.851 INFO:teuthology.orchestra.run.smithi094.stdout:/usr/bin/ceph: stderr
2024-04-25T13:32:47.118+0000 7f7a93d39700 1 -- --> [v2:172.21.15.94:3300/0,v1:172.21.15.94:6789/0] -- mon_getmap magic: 0 -- 0x7f7a8c10dfa0 con 0x7f7a8c10a6a0
2024-04-25T13:32:47.851 INFO:teuthology.orchestra.run.smithi094.stdout:/usr/bin/ceph: stderr
2024-04-25T13:32:47.118+0000 7f7a91ad5700 1 --2- >> [v2:172.21.15.94:3300/0,v1:172.21.15.94:6789/0] conn(0x7f7a8c10a6a0 0x7f7a8c1a0090 unknown :-1 s=BANNER_CONNECTING pgs=0 cs=0 l=1 rev1=0 crypto rx=0 tx=0 comp rx=0 tx=0)._handle_peer_banner_payload supported=3 required=0
2024-04-25T13:32:47.852 INFO:teuthology.orchestra.run.smithi094.stdout:/usr/bin/ceph: stderr
2024-04-25T13:32:47.118+0000 7f7a91ad5700 1 --2- >> [v2:172.21.15.94:3300/0,v1:172.21.15.94:6789/0] conn(0x7f7a8c10a6a0 0x7f7a8c1a0090 unknown :-1 s=HELLO_CONNECTING pgs=0 cs=0 l=1 rev1=1 crypto rx=0 tx=0 comp rx=0 tx=0).handle_hello peer v2:172.21.15.94:3300/0 says I am v2:172.21.15.94:43644/0 (socket says 172.21.15.94:43644)
2024-04-25T13:32:47.852 INFO:teuthology.orchestra.run.smithi094.stdout:/usr/bin/ceph: stderr
2024-04-25T13:32:47.118+0000 7f7a91ad5700 1 -- 172.21.15.94:0/2994172691 learned_addr learned my addr 172.21.15.94:0/2994172691 (peer_addr_for_me v2:172.21.15.94:0/0)
2024-04-25T13:32:47.852 INFO:teuthology.orchestra.run.smithi094.stdout:/usr/bin/ceph: stderr
2024-04-25T13:32:47.118+0000 7f7a91ad5700 1 -- 172.21.15.94:0/2994172691 --> [v2:172.21.15.94:3300/0,v1:172.21.15.94:6789/0] -- mon_subscribe({config=0+,monmap=0+}) -- 0x7f7a8c1a05d0 con 0x7f7a8c10a6a0
2024-04-25T13:32:47.852 INFO:teuthology.orchestra.run.smithi094.stdout:/usr/bin/ceph: stderr
2024-04-25T13:32:47.119+0000 7f7a91ad5700 1 --2- 172.21.15.94:0/2994172691 >> [v2:172.21.15.94:3300/0,v1:172.21.15.94:6789/0] conn(0x7f7a8c10a6a0 0x7f7a8c1a0090 secure :-1 s=READY pgs=77 cs=0 l=1 rev1=1 crypto rx=0x7f7a8800b7b0 tx=0x7f7a8800bd30 comp rx=0 tx=0).ready entity=mon.0 client_cookie=0 server_cookie=0 in_seq=0 out_seq=0
2024-04-25T13:32:47.852 INFO:teuthology.orchestra.run.smithi094.stdout:/usr/bin/ceph: stderr
2024-04-25T13:32:47.119+0000 7f7a82ffd700 1 -- 172.21.15.94:0/2994172691 <== mon.0 v2:172.21.15.94:3300/0 1 ==== mon_map magic: 0 ==== 205+0+0 (secure 0 0 0) 0x7f7a88020020 con 0x7f7a8c10a6a0
2024-04-25T13:32:47.852 INFO:teuthology.orchestra.run.smithi094.stdout:/usr/bin/ceph: stderr
2024-04-25T13:32:47.119+0000 7f7a82ffd700 1 -- 172.21.15.94:0/2994172691 <== mon.0 v2:172.21.15.94:3300/0 2 ==== config(26 keys) ==== 1101+0+0 (secure 0 0 0) 0x7f7a88012430 con 0x7f7a8c10a6a0
2024-04-25T13:32:47.852 INFO:teuthology.orchestra.run.smithi094.stdout:/usr/bin/ceph: stderr
2024-04-25T13:32:47.119+0000 7f7a93d39700 1 -- 172.21.15.94:0/2994172691 --> [v2:172.21.15.94:3300/0,v1:172.21.15.94:6789/0] -- mon_subscribe({mgrmap=0+}) -- 0x7f7a8c1a0860 con 0x7f7a8c10a6a0
2024-04-25T13:32:47.852 INFO:teuthology.orchestra.run.smithi094.stdout:/usr/bin/ceph: stderr
2024-04-25T13:32:47.119+0000 7f7a93d39700 1 -- 172.21.15.94:0/2994172691 --> [v2:172.21.15.94:3300/0,v1:172.21.15.94:6789/0] -- mon_subscribe({osdmap=0}) -- 0x7f7a8c1a3470 con 0x7f7a8c10a6a0
2024-04-25T13:32:47.852 INFO:teuthology.orchestra.run.smithi094.stdout:/usr/bin/ceph: stderr
2024-04-25T13:32:47.119+0000 7f7a82ffd700 1 -- 172.21.15.94:0/2994172691 <== mon.0 v2:172.21.15.94:3300/0 3 ==== mon_map magic: 0 ==== 205+0+0 (secure 0 0 0) 0x7f7a88017040 con 0x7f7a8c10a6a0
2024-04-25T13:32:47.852 INFO:teuthology.orchestra.run.smithi094.stdout:/usr/bin/ceph: stderr
2024-04-25T13:32:47.120+0000 7f7a82ffd700 1 -- 172.21.15.94:0/2994172691 <== mon.0 v2:172.21.15.94:3300/0 4 ==== mgrmap(e 13) ==== 49572+0+0 (secure 0 0 0) 0x7f7a88023020 con 0x7f7a8c10a6a0
2024-04-25T13:32:47.852 INFO:teuthology.orchestra.run.smithi094.stdout:/usr/bin/ceph: stderr
2024-04-25T13:32:47.120+0000 7f7a93d39700 1 -- 172.21.15.94:0/2994172691 --> [v2:172.21.15.94:3300/0,v1:172.21.15.94:6789/0] -- mon_command({"prefix": "get_command_descriptions"} v 0) -- 0x7f7a70005330 con 0x7f7a8c10a6a0
2024-04-25T13:32:47.852 INFO:teuthology.orchestra.run.smithi094.stdout:/usr/bin/ceph: stderr
2024-04-25T13:32:47.120+0000 7f7a82ffd700 1 --2- 172.21.15.94:0/2994172691 >> [v2:172.21.15.94:6800/449370799,v1:172.21.15.94:6801/449370799] conn(0x7f7a7803d660 0x7f7a7803fb70 unknown :-1 s=NONE pgs=0 cs=0 l=1 rev1=0 crypto rx=0 tx=0 comp rx=0 tx=0).connect
2024-04-25T13:32:47.853 INFO:teuthology.orchestra.run.smithi094.stdout:/usr/bin/ceph: stderr
2024-04-25T13:32:47.120+0000 7f7a82ffd700 1 -- 172.21.15.94:0/2994172691 <== mon.0 v2:172.21.15.94:3300/0 5 ==== osd_map(3..3 src has 1..3) ==== 1155+0+0 (secure 0 0 0) 0x7f7a8800f050 con 0x7f7a8c10a6a0
2024-04-25T13:32:47.853 INFO:teuthology.orchestra.run.smithi094.stdout:/usr/bin/ceph: stderr
2024-04-25T13:32:47.120+0000 7f7a912d4700 1 --2- 172.21.15.94:0/2994172691 >> [v2:172.21.15.94:6800/449370799,v1:172.21.15.94:6801/449370799] conn(0x7f7a7803d660 0x7f7a7803fb70 unknown :-1 s=BANNER_CONNECTING pgs=0 cs=0 l=1 rev1=0 crypto rx=0 tx=0 comp rx=0 tx=0)._handle_peer_banner_payload supported=3 required=0
2024-04-25T13:32:47.853 INFO:teuthology.orchestra.run.smithi094.stdout:/usr/bin/ceph: stderr
2024-04-25T13:32:47.121+0000 7f7a912d4700 1 --2- 172.21.15.94:0/2994172691 >> [v2:172.21.15.94:6800/449370799,v1:172.21.15.94:6801/449370799] conn(0x7f7a7803d660 0x7f7a7803fb70 secure :-1 s=READY pgs=10 cs=0 l=1 rev1=1 crypto rx=0x7f7a7c006fd0 tx=0x7f7a7c006e40 comp rx=0 tx=0).ready entity=mgr.14152 client_cookie=0 server_cookie=0 in_seq=0 out_seq=0
2024-04-25T13:32:47.853 INFO:teuthology.orchestra.run.smithi094.stdout:/usr/bin/ceph: stderr
2024-04-25T13:32:47.126+0000 7f7a82ffd700 1 -- 172.21.15.94:0/2994172691 <== mon.0 v2:172.21.15.94:3300/0 6 ==== mon_command_ack([{"prefix": "get_command_descriptions"}]=0 v0) ==== 72+0+188370 (secure 0 0 0) 0x7f7a8802a020 con 0x7f7a8c10a6a0
2024-04-25T13:32:47.853 INFO:teuthology.orchestra.run.smithi094.stdout:/usr/bin/ceph: stderr
2024-04-25T13:32:47.321+0000 7f7a93d39700 1 -- 172.21.15.94:0/2994172691 --> [v2:172.21.15.94:3300/0,v1:172.21.15.94:6789/0] -- mon_command([{prefix=config set, name=osd_memory_target_autotune}] v 0) -- 0x7f7a70005620 con 0x7f7a8c10a6a0
2024-04-25T13:32:47.853 INFO:teuthology.orchestra.run.smithi094.stdout:/usr/bin/ceph: stderr
2024-04-25T13:32:47.322+0000 7f7a82ffd700 1 -- 172.21.15.94:0/2994172691 <== mon.0 v2:172.21.15.94:3300/0 7 ==== mon_command_ack([{prefix=config set, name=osd_memory_target_autotune}]=0 v8)=0 v8) ==== 127+0+0 (secure 0 0 0) 0x7f7a8802a200 con 0x7f7a8c10a6a0
2024-04-25T13:32:47.853 INFO:teuthology.orchestra.run.smithi094.stdout:/usr/bin/ceph: stderr
2024-04-25T13:32:47.325+0000 7f7a93d39700 1 -- 172.21.15.94:0/2994172691 >> [v2:172.21.15.94:6800/449370799,v1:172.21.15.94:6801/449370799] conn(0x7f7a7803d660 msgr2=0x7f7a7803fb70 secure :-1 s=STATE_CONNECTION_ESTABLISHED l=1).mark_down
2024-04-25T13:32:47.853 INFO:teuthology.orchestra.run.smithi094.stdout:/usr/bin/ceph: stderr
2024-04-25T13:32:47.325+0000 7f7a93d39700 1 --2- 172.21.15.94:0/2994172691 >> [v2:172.21.15.94:6800/449370799,v1:172.21.15.94:6801/449370799] conn(0x7f7a7803d660 0x7f7a7803fb70 secure :-1 s=READY pgs=10 cs=0 l=1 rev1=1 crypto rx=0x7f7a7c006fd0 tx=0x7f7a7c006e40 comp rx=0 tx=0).stop
2024-04-25T13:32:47.853 INFO:teuthology.orchestra.run.smithi094.stdout:/usr/bin/ceph: stderr
2024-04-25T13:32:47.325+0000 7f7a93d39700 1 -- 172.21.15.94:0/2994172691 >> [v2:172.21.15.94:3300/0,v1:172.21.15.94:6789/0] conn(0x7f7a8c10a6a0 msgr2=0x7f7a8c1a0090 secure :-1 s=STATE_CONNECTION_ESTABLISHED l=1).mark_down
2024-04-25T13:32:47.853 INFO:teuthology.orchestra.run.smithi094.stdout:/usr/bin/ceph: stderr
2024-04-25T13:32:47.325+0000 7f7a93d39700 1 --2- 172.21.15.94:0/2994172691 >> [v2:172.21.15.94:3300/0,v1:172.21.15.94:6789/0] conn(0x7f7a8c10a6a0 0x7f7a8c1a0090 secure :-1 s=READY pgs=77 cs=0 l=1 rev1=1 crypto rx=0x7f7a8800b7b0 tx=0x7f7a8800bd30 comp rx=0 tx=0).stop
2024-04-25T13:32:47.853 INFO:teuthology.orchestra.run.smithi094.stdout:/usr/bin/ceph: stderr
2024-04-25T13:32:47.325+0000 7f7a93d39700 1 -- 172.21.15.94:0/2994172691 shutdown_connections
2024-04-25T13:32:47.853 INFO:teuthology.orchestra.run.smithi094.stdout:/usr/bin/ceph: stderr
2024-04-25T13:32:47.325+0000 7f7a93d39700 1 --2- 172.21.15.94:0/2994172691 >> [v2:172.21.15.94:6800/449370799,v1:172.21.15.94:6801/449370799] conn(0x7f7a7803d660 0x7f7a7803fb70 unknown :-1 s=CLOSED pgs=10 cs=0 l=1 rev1=1 crypto rx=0 tx=0 comp rx=0 tx=0).stop
2024-04-25T13:32:47.853 INFO:teuthology.orchestra.run.smithi094.stdout:/usr/bin/ceph: stderr
2024-04-25T13:32:47.325+0000 7f7a93d39700 1 --2- 172.21.15.94:0/2994172691 >> [v2:172.21.15.94:3300/0,v1:172.21.15.94:6789/0] conn(0x7f7a8c10a6a0 0x7f7a8c1a0090 unknown :-1 s=CLOSED pgs=77 cs=0 l=1 rev1=1 crypto rx=0 tx=0 comp rx=0 tx=0).stop
2024-04-25T13:32:47.854 INFO:teuthology.orchestra.run.smithi094.stdout:/usr/bin/ceph: stderr
2024-04-25T13:32:47.325+0000 7f7a93d39700 1 -- 172.21.15.94:0/2994172691 >> 172.21.15.94:0/2994172691 conn(0x7f7a8c104140 msgr2=0x7f7a8c108600 unknown :-1 s=STATE_NONE l=0).mark_down
2024-04-25T13:32:47.854 INFO:teuthology.orchestra.run.smithi094.stdout:/usr/bin/ceph: stderr
2024-04-25T13:32:47.325+0000 7f7a93d39700 1 -- 172.21.15.94:0/2994172691 shutdown_connections
2024-04-25T13:32:47.854 INFO:teuthology.orchestra.run.smithi094.stdout:/usr/bin/ceph: stderr
2024-04-25T13:32:47.325+0000 7f7a93d39700 1 -- 172.21.15.94:0/2994172691 wait complete.
2024-04-25T13:32:48.225 INFO:journalctl@ceph.mon.a.smithi094.stdout:Apr 25 13:32:47 smithi094 ceph-mon[29195]: mgrmap e13: x(active, since 6s)
2024-04-25T13:32:49.172 INFO:teuthology.orchestra.run.smithi094.stdout:/usr/bin/ceph: stderr
2024-04-25T13:32:48.287+0000 7f48ef3cf700 1 Processor -- start
2024-04-25T13:32:49.172 INFO:teuthology.orchestra.run.smithi094.stdout:/usr/bin/ceph: stderr
2024-04-25T13:32:48.287+0000 7f48ef3cf700 1 -- start start
2024-04-25T13:32:49.172 INFO:teuthology.orchestra.run.smithi094.stdout:/usr/bin/ceph: stderr
2024-04-25T13:32:48.287+0000 7f48ef3cf700 1 --2- >> [v2:172.21.15.94:3300/0,v1:172.21.15.94:6789/0] conn(0x7f48e810a6e0 0x7f48e810cb00 unknown :-1 s=NONE pgs=0 cs=0 l=0 rev1=0 crypto rx=0 tx=0 comp rx=0 tx=0).connect
2024-04-25T13:32:49.173 INFO:teuthology.orchestra.run.smithi094.stdout:/usr/bin/ceph: stderr
2024-04-25T13:32:48.287+0000 7f48ef3cf700 1 -- --> [v2:172.21.15.94:3300/0,v1:172.21.15.94:6789/0] -- mon_getmap magic: 0 -- 0x7f48e807ce10 con 0x7f48e810a6e0
2024-04-25T13:32:49.173 INFO:teuthology.orchestra.run.smithi094.stdout:/usr/bin/ceph: stderr
2024-04-25T13:32:48.287+0000 7f48ed16b700 1 --2- >> [v2:172.21.15.94:3300/0,v1:172.21.15.94:6789/0] conn(0x7f48e810a6e0 0x7f48e810cb00 unknown :-1 s=BANNER_CONNECTING pgs=0 cs=0 l=0 rev1=0 crypto rx=0 tx=0 comp rx=0 tx=0)._handle_peer_banner_payload supported=3 required=0
2024-04-25T13:32:49.173 INFO:teuthology.orchestra.run.smithi094.stdout:/usr/bin/ceph: stderr
2024-04-25T13:32:48.287+0000 7f48ed16b700 1 --2- >> [v2:172.21.15.94:3300/0,v1:172.21.15.94:6789/0] conn(0x7f48e810a6e0 0x7f48e810cb00 unknown :-1 s=HELLO_CONNECTING pgs=0 cs=0 l=0 rev1=1 crypto rx=0 tx=0 comp rx=0 tx=0).handle_hello peer v2:172.21.15.94:3300/0 says I am v2:172.21.15.94:43648/0 (socket says 172.21.15.94:43648)
2024-04-25T13:32:49.173 INFO:teuthology.orchestra.run.smithi094.stdout:/usr/bin/ceph: stderr
2024-04-25T13:32:48.287+0000 7f48ed16b700 1 -- 172.21.15.94:0/712719341 learned_addr learned my addr 172.21.15.94:0/712719341 (peer_addr_for_me v2:172.21.15.94:0/0)
2024-04-25T13:32:49.173 INFO:teuthology.orchestra.run.smithi094.stdout:/usr/bin/ceph: stderr
2024-04-25T13:32:48.287+0000 7f48ed16b700 1 -- 172.21.15.94:0/712719341 --> [v2:172.21.15.94:3300/0,v1:172.21.15.94:6789/0] -- mon_subscribe({config=0+,monmap=0+}) -- 0x7f48e810d040 con 0x7f48e810a6e0
2024-04-25T13:32:49.173 INFO:teuthology.orchestra.run.smithi094.stdout:/usr/bin/ceph: stderr
2024-04-25T13:32:48.288+0000 7f48ed16b700 1 --2- 172.21.15.94:0/712719341 >> [v2:172.21.15.94:3300/0,v1:172.21.15.94:6789/0] conn(0x7f48e810a6e0 0x7f48e810cb00 secure :-1 s=READY pgs=78 cs=0 l=1 rev1=1 crypto rx=0x7f48e40098a0 tx=0x7f48e4009bb0 comp rx=0 tx=0).ready entity=mon.0 client_cookie=61baeca867240d0d server_cookie=0 in_seq=0 out_seq=0
2024-04-25T13:32:49.173 INFO:teuthology.orchestra.run.smithi094.stdout:/usr/bin/ceph: stderr
2024-04-25T13:32:48.288+0000 7f48dffff700 1 -- 172.21.15.94:0/712719341 <== mon.0 v2:172.21.15.94:3300/0 1 ==== mon_map magic: 0 ==== 205+0+0 (secure 0 0 0) 0x7f48e4004160 con 0x7f48e810a6e0
2024-04-25T13:32:49.173 INFO:teuthology.orchestra.run.smithi094.stdout:/usr/bin/ceph: stderr
2024-04-25T13:32:48.288+0000 7f48dffff700 1 -- 172.21.15.94:0/712719341 <== mon.0 v2:172.21.15.94:3300/0 2 ==== config(26 keys) ==== 1101+0+0 (secure 0 0 0) 0x7f48e4004300 con 0x7f48e810a6e0
2024-04-25T13:32:49.173 INFO:teuthology.orchestra.run.smithi094.stdout:/usr/bin/ceph: stderr
2024-04-25T13:32:48.288+0000 7f48dffff700 1 -- 172.21.15.94:0/712719341 <== mon.0 v2:172.21.15.94:3300/0 3 ==== mon_map magic: 0 ==== 205+0+0 (secure 0 0 0) 0x7f48e4011a20 con 0x7f48e810a6e0
2024-04-25T13:32:49.173 INFO:teuthology.orchestra.run.smithi094.stdout:/usr/bin/ceph: stderr
