2024-04-25T13:34:34.724+0000 7fd48affd700 1 -- 172.21.15.43:0/834919964 <== mon.0 v2:172.21.15.43:3300/0 4 ==== mgrmap(e 8) ==== 49516+0+0 (secure 0 0 0) 0x7fd490022020 con 0x7fd494108280
2024-04-25T13:34:36.063 INFO:teuthology.orchestra.run.smithi043.stdout:/usr/bin/ceph: stderr
2024-04-25T13:34:34.724+0000 7fd48affd700 1 --2- 172.21.15.43:0/834919964 >> [v2:172.21.15.43:6800/1629086480,v1:172.21.15.43:6801/1629086480] conn(0x7fd48003d630 0x7fd48003fb40 unknown :-1 s=NONE pgs=0 cs=0 l=1 rev1=0 crypto rx=0 tx=0 comp rx=0 tx=0).connect
2024-04-25T13:34:36.064 INFO:teuthology.orchestra.run.smithi043.stdout:/usr/bin/ceph: stderr
2024-04-25T13:34:34.724+0000 7fd48affd700 1 -- 172.21.15.43:0/834919964 <== mon.0 v2:172.21.15.43:3300/0 5 ==== osd_map(2..2 src has 1..2) ==== 940+0+0 (secure 0 0 0) 0x7fd490052940 con 0x7fd494108280
2024-04-25T13:34:36.064 INFO:teuthology.orchestra.run.smithi043.stdout:/usr/bin/ceph: stderr
2024-04-25T13:34:34.724+0000 7fd499406700 1 --2- 172.21.15.43:0/834919964 >> [v2:172.21.15.43:6800/1629086480,v1:172.21.15.43:6801/1629086480] conn(0x7fd48003d630 0x7fd48003fb40 unknown :-1 s=BANNER_CONNECTING pgs=0 cs=0 l=1 rev1=0 crypto rx=0 tx=0 comp rx=0 tx=0)._handle_peer_banner_payload supported=3 required=0
2024-04-25T13:34:36.064 INFO:teuthology.orchestra.run.smithi043.stdout:/usr/bin/ceph: stderr
2024-04-25T13:34:34.725+0000 7fd499406700 1 --2- 172.21.15.43:0/834919964 >> [v2:172.21.15.43:6800/1629086480,v1:172.21.15.43:6801/1629086480] conn(0x7fd48003d630 0x7fd48003fb40 secure :-1 s=READY pgs=9 cs=0 l=1 rev1=1 crypto rx=0x7fd484006fd0 tx=0x7fd484006e40 comp rx=0 tx=0).ready entity=mgr.14118 client_cookie=0 server_cookie=0 in_seq=0 out_seq=0
2024-04-25T13:34:36.064 INFO:teuthology.orchestra.run.smithi043.stdout:/usr/bin/ceph: stderr
2024-04-25T13:34:34.729+0000 7fd48affd700 1 -- 172.21.15.43:0/834919964 <== mon.0 v2:172.21.15.43:3300/0 6 ==== mon_command_ack([{"prefix": "get_command_descriptions"}]=0 v0) ==== 72+0+188370 (secure 0 0 0) 0x7fd49000b3e0 con 0x7fd494108280
2024-04-25T13:34:36.064 INFO:teuthology.orchestra.run.smithi043.stdout:/usr/bin/ceph: stderr
2024-04-25T13:34:34.936+0000 7fd49be6b700 1 -- 172.21.15.43:0/834919964 --> [v2:172.21.15.43:6800/1629086480,v1:172.21.15.43:6801/1629086480] -- mgr_command(tid 0: {"prefix": "cephadm generate-key", "target": ["mon-mgr", ""]}) -- 0x7fd494063ad0 con 0x7fd48003d630
2024-04-25T13:34:36.064 INFO:teuthology.orchestra.run.smithi043.stdout:/usr/bin/ceph: stderr
2024-04-25T13:34:35.426+0000 7fd48affd700 1 -- 172.21.15.43:0/834919964 <== mgr.14118 v2:172.21.15.43:6800/1629086480 1 ==== mgr_command_reply(tid 0: 0 ) ==== 8+0+0 (secure 0 0 0) 0x7fd494063ad0 con 0x7fd48003d630
2024-04-25T13:34:36.064 INFO:teuthology.orchestra.run.smithi043.stdout:/usr/bin/ceph: stderr
2024-04-25T13:34:35.428+0000 7fd49be6b700 1 -- 172.21.15.43:0/834919964 >> [v2:172.21.15.43:6800/1629086480,v1:172.21.15.43:6801/1629086480] conn(0x7fd48003d630 msgr2=0x7fd48003fb40 secure :-1 s=STATE_CONNECTION_ESTABLISHED l=1).mark_down
2024-04-25T13:34:36.064 INFO:teuthology.orchestra.run.smithi043.stdout:/usr/bin/ceph: stderr
2024-04-25T13:34:35.428+0000 7fd49be6b700 1 --2- 172.21.15.43:0/834919964 >> [v2:172.21.15.43:6800/1629086480,v1:172.21.15.43:6801/1629086480] conn(0x7fd48003d630 0x7fd48003fb40 secure :-1 s=READY pgs=9 cs=0 l=1 rev1=1 crypto rx=0x7fd484006fd0 tx=0x7fd484006e40 comp rx=0 tx=0).stop
2024-04-25T13:34:36.064 INFO:teuthology.orchestra.run.smithi043.stdout:/usr/bin/ceph: stderr
2024-04-25T13:34:35.428+0000 7fd49be6b700 1 -- 172.21.15.43:0/834919964 >> [v2:172.21.15.43:3300/0,v1:172.21.15.43:6789/0] conn(0x7fd494108280 msgr2=0x7fd49419fd90 secure :-1 s=STATE_CONNECTION_ESTABLISHED l=1).mark_down
2024-04-25T13:34:36.064 INFO:teuthology.orchestra.run.smithi043.stdout:/usr/bin/ceph: stderr
2024-04-25T13:34:35.428+0000 7fd49be6b700 1 --2- 172.21.15.43:0/834919964 >> [v2:172.21.15.43:3300/0,v1:172.21.15.43:6789/0] conn(0x7fd494108280 0x7fd49419fd90 secure :-1 s=READY pgs=40 cs=0 l=1 rev1=1 crypto rx=0x7fd4900119b0 tx=0x7fd490011a90 comp rx=0 tx=0).stop
2024-04-25T13:34:36.064 INFO:teuthology.orchestra.run.smithi043.stdout:/usr/bin/ceph: stderr
2024-04-25T13:34:35.428+0000 7fd49be6b700 1 -- 172.21.15.43:0/834919964 shutdown_connections
2024-04-25T13:34:36.064 INFO:teuthology.orchestra.run.smithi043.stdout:/usr/bin/ceph: stderr
2024-04-25T13:34:35.428+0000 7fd49be6b700 1 --2- 172.21.15.43:0/834919964 >> [v2:172.21.15.43:6800/1629086480,v1:172.21.15.43:6801/1629086480] conn(0x7fd48003d630 0x7fd48003fb40 unknown :-1 s=CLOSED pgs=9 cs=0 l=1 rev1=1 crypto rx=0 tx=0 comp rx=0 tx=0).stop
2024-04-25T13:34:36.064 INFO:teuthology.orchestra.run.smithi043.stdout:/usr/bin/ceph: stderr
2024-04-25T13:34:35.428+0000 7fd49be6b700 1 --2- 172.21.15.43:0/834919964 >> [v2:172.21.15.43:3300/0,v1:172.21.15.43:6789/0] conn(0x7fd494108280 0x7fd49419fd90 unknown :-1 s=CLOSED pgs=40 cs=0 l=1 rev1=1 crypto rx=0 tx=0 comp rx=0 tx=0).stop
2024-04-25T13:34:36.065 INFO:teuthology.orchestra.run.smithi043.stdout:/usr/bin/ceph: stderr
2024-04-25T13:34:35.428+0000 7fd49be6b700 1 -- 172.21.15.43:0/834919964 >> 172.21.15.43:0/834919964 conn(0x7fd494103e90 msgr2=0x7fd494193ef0 unknown :-1 s=STATE_NONE l=0).mark_down
2024-04-25T13:34:36.065 INFO:teuthology.orchestra.run.smithi043.stdout:/usr/bin/ceph: stderr
2024-04-25T13:34:35.428+0000 7fd49be6b700 1 -- 172.21.15.43:0/834919964 shutdown_connections
2024-04-25T13:34:36.065 INFO:teuthology.orchestra.run.smithi043.stdout:/usr/bin/ceph: stderr
2024-04-25T13:34:35.428+0000 7fd49be6b700 1 -- 172.21.15.43:0/834919964 wait complete.
2024-04-25T13:34:36.713 INFO:journalctl@ceph.mon.a.smithi043.stdout:Apr 25 13:34:36 smithi043 ceph-mon[29195]: from='mgr.14118 172.21.15.43:0/591770904' entity='mgr.x'
2024-04-25T13:34:36.713 INFO:journalctl@ceph.mon.a.smithi043.stdout:Apr 25 13:34:36 smithi043 ceph-mon[29195]: from='mgr.14118 172.21.15.43:0/591770904' entity='mgr.x'
2024-04-25T13:34:37.284 INFO:teuthology.orchestra.run.smithi043.stdout:/usr/bin/ceph: stdout ssh-rsa AAAAB3NzaC1yc2EAAAADAQABAAABgQDaaCWbSr8SpQOm5BsyCB/qFZmR+LBJalnUfmRV8zg7EOCUyMZzTA/uq8YjIAj7tFlzis2X49rDieAEuvQAuaES3xTsBd+diA8szQffK9SM3D7a3WuE3cECbEuawtfX+bCH92CEq/sxD9eOah21rLVmYKcvGkS6CPRMzYUFrHz+VG4bSlS6VL0cyXfPbHsn0/9U9C+Mzn3VMGeKurKeGOZUK9AInvFuyac5s9axwjhRMe//gkCqAx2A5wljZNIbrCQZZZpA/xcF5lgyrLFCfPAKWhu/C7kX6ihg+NNmR/L0XQ9DduDXVglI+ywddP98iLAo3lRmdXEW9wtFimrDgnJWcbK3vxMfd1v7mLdsDMj2L8AzcZemuTMGEAFfVVFYqxeagTYCpu8TcXktEbvpX0iElc2AVl0L/uo8khdvgcHGTigGrbJRW17R8dB+ek6EqCdA7PbhR3mgu4wBOtB7TJC4hwKPg++RS9x6nfDhuzWk4R9uHYlVWnKhA3yl9nVyYbM= ceph-394efb6c-0308-11ef-bc93-c7b262605968
2024-04-25T13:34:37.284 INFO:teuthology.orchestra.run.smithi043.stdout:/usr/bin/ceph: stderr
2024-04-25T13:34:36.504+0000 7f00234b7700 1 Processor -- start
2024-04-25T13:34:37.284 INFO:teuthology.orchestra.run.smithi043.stdout:/usr/bin/ceph: stderr
2024-04-25T13:34:36.504+0000 7f00234b7700 1 -- start start
2024-04-25T13:34:37.284 INFO:teuthology.orchestra.run.smithi043.stdout:/usr/bin/ceph: stderr
2024-04-25T13:34:36.504+0000 7f00234b7700 1 --2- >> [v2:172.21.15.43:3300/0,v1:172.21.15.43:6789/0] conn(0x7f001c10a3e0 0x7f001c10c800 unknown :-1 s=NONE pgs=0 cs=0 l=0 rev1=0 crypto rx=0 tx=0 comp rx=0 tx=0).connect
2024-04-25T13:34:37.285 INFO:teuthology.orchestra.run.smithi043.stdout:/usr/bin/ceph: stderr
2024-04-25T13:34:36.504+0000 7f00234b7700 1 -- --> [v2:172.21.15.43:3300/0,v1:172.21.15.43:6789/0] -- mon_getmap magic: 0 -- 0x7f001c07ce10 con 0x7f001c10a3e0
2024-04-25T13:34:37.285 INFO:teuthology.orchestra.run.smithi043.stdout:/usr/bin/ceph: stderr
2024-04-25T13:34:36.505+0000 7f0021253700 1 --2- >> [v2:172.21.15.43:3300/0,v1:172.21.15.43:6789/0] conn(0x7f001c10a3e0 0x7f001c10c800 unknown :-1 s=BANNER_CONNECTING pgs=0 cs=0 l=0 rev1=0 crypto rx=0 tx=0 comp rx=0 tx=0)._handle_peer_banner_payload supported=3 required=0
2024-04-25T13:34:37.285 INFO:teuthology.orchestra.run.smithi043.stdout:/usr/bin/ceph: stderr
2024-04-25T13:34:36.505+0000 7f0021253700 1 --2- >> [v2:172.21.15.43:3300/0,v1:172.21.15.43:6789/0] conn(0x7f001c10a3e0 0x7f001c10c800 unknown :-1 s=HELLO_CONNECTING pgs=0 cs=0 l=0 rev1=1 crypto rx=0 tx=0 comp rx=0 tx=0).handle_hello peer v2:172.21.15.43:3300/0 says I am v2:172.21.15.43:59870/0 (socket says 172.21.15.43:59870)
2024-04-25T13:34:37.285 INFO:teuthology.orchestra.run.smithi043.stdout:/usr/bin/ceph: stderr
2024-04-25T13:34:36.505+0000 7f0021253700 1 -- 172.21.15.43:0/1372456368 learned_addr learned my addr 172.21.15.43:0/1372456368 (peer_addr_for_me v2:172.21.15.43:0/0)
2024-04-25T13:34:37.285 INFO:teuthology.orchestra.run.smithi043.stdout:/usr/bin/ceph: stderr
2024-04-25T13:34:36.505+0000 7f0021253700 1 -- 172.21.15.43:0/1372456368 --> [v2:172.21.15.43:3300/0,v1:172.21.15.43:6789/0] -- mon_subscribe({config=0+,monmap=0+}) -- 0x7f001c10cd40 con 0x7f001c10a3e0
2024-04-25T13:34:37.285 INFO:teuthology.orchestra.run.smithi043.stdout:/usr/bin/ceph: stderr
2024-04-25T13:34:36.505+0000 7f0021253700 1 --2- 172.21.15.43:0/1372456368 >> [v2:172.21.15.43:3300/0,v1:172.21.15.43:6789/0] conn(0x7f001c10a3e0 0x7f001c10c800 secure :-1 s=READY pgs=41 cs=0 l=1 rev1=1 crypto rx=0x7f00100098a0 tx=0x7f0010009bb0 comp rx=0 tx=0).ready entity=mon.0 client_cookie=43a0a6fd41e50819 server_cookie=0 in_seq=0 out_seq=0
2024-04-25T13:34:37.285 INFO:teuthology.orchestra.run.smithi043.stdout:/usr/bin/ceph: stderr
2024-04-25T13:34:36.505+0000 7f000ffff700 1 -- 172.21.15.43:0/1372456368 <== mon.0 v2:172.21.15.43:3300/0 1 ==== mon_map magic: 0 ==== 205+0+0 (secure 0 0 0) 0x7f0010004160 con 0x7f001c10a3e0
2024-04-25T13:34:37.285 INFO:teuthology.orchestra.run.smithi043.stdout:/usr/bin/ceph: stderr
2024-04-25T13:34:36.505+0000 7f000ffff700 1 -- 172.21.15.43:0/1372456368 <== mon.0 v2:172.21.15.43:3300/0 2 ==== config(25 keys) ==== 1032+0+0 (secure 0 0 0) 0x7f0010004300 con 0x7f001c10a3e0
2024-04-25T13:34:37.285 INFO:teuthology.orchestra.run.smithi043.stdout:/usr/bin/ceph: stderr
2024-04-25T13:34:36.505+0000 7f000ffff700 1 -- 172.21.15.43:0/1372456368 <== mon.0 v2:172.21.15.43:3300/0 3 ==== mon_map magic: 0 ==== 205+0+0 (secure 0 0 0) 0x7f00100119e0 con 0x7f001c10a3e0
2024-04-25T13:34:37.285 INFO:teuthology.orchestra.run.smithi043.stdout:/usr/bin/ceph: stderr
2024-04-25T13:34:36.506+0000 7f00234b7700 1 -- 172.21.15.43:0/1372456368 >> [v2:172.21.15.43:3300/0,v1:172.21.15.43:6789/0] conn(0x7f001c10a3e0 msgr2=0x7f001c10c800 secure :-1 s=STATE_CONNECTION_ESTABLISHED l=1).mark_down
2024-04-25T13:34:37.285 INFO:teuthology.orchestra.run.smithi043.stdout:/usr/bin/ceph: stderr
2024-04-25T13:34:36.506+0000 7f00234b7700 1 --2- 172.21.15.43:0/1372456368 >> [v2:172.21.15.43:3300/0,v1:172.21.15.43:6789/0] conn(0x7f001c10a3e0 0x7f001c10c800 secure :-1 s=READY pgs=41 cs=0 l=1 rev1=1 crypto rx=0x7f00100098a0 tx=0x7f0010009bb0 comp rx=0 tx=0).stop
2024-04-25T13:34:37.285 INFO:teuthology.orchestra.run.smithi043.stdout:/usr/bin/ceph: stderr
2024-04-25T13:34:36.506+0000 7f00234b7700 1 -- 172.21.15.43:0/1372456368 shutdown_connections
2024-04-25T13:34:37.285 INFO:teuthology.orchestra.run.smithi043.stdout:/usr/bin/ceph: stderr
2024-04-25T13:34:36.506+0000 7f00234b7700 1 --2- 172.21.15.43:0/1372456368 >> [v2:172.21.15.43:3300/0,v1:172.21.15.43:6789/0] conn(0x7f001c10a3e0 0x7f001c10c800 unknown :-1 s=CLOSED pgs=41 cs=0 l=1 rev1=1 crypto rx=0 tx=0 comp rx=0 tx=0).stop
2024-04-25T13:34:37.285 INFO:teuthology.orchestra.run.smithi043.stdout:/usr/bin/ceph: stderr
2024-04-25T13:34:36.506+0000 7f00234b7700 1 -- 172.21.15.43:0/1372456368 >> 172.21.15.43:0/1372456368 conn(0x7f001c103e40 msgr2=0x7f001c1062b0 unknown :-1 s=STATE_NONE l=0).mark_down
2024-04-25T13:34:37.286 INFO:teuthology.orchestra.run.smithi043.stdout:/usr/bin/ceph: stderr
2024-04-25T13:34:36.506+0000 7f00234b7700 1 -- 172.21.15.43:0/1372456368 shutdown_connections
2024-04-25T13:34:37.286 INFO:teuthology.orchestra.run.smithi043.stdout:/usr/bin/ceph: stderr
2024-04-25T13:34:36.506+0000 7f00234b7700 1 -- 172.21.15.43:0/1372456368 wait complete.
2024-04-25T13:34:37.286 INFO:teuthology.orchestra.run.smithi043.stdout:/usr/bin/ceph: stderr
2024-04-25T13:34:36.507+0000 7f00234b7700 1 Processor -- start
2024-04-25T13:34:37.286 INFO:teuthology.orchestra.run.smithi043.stdout:/usr/bin/ceph: stderr
2024-04-25T13:34:36.507+0000 7f00234b7700 1 -- start start
2024-04-25T13:34:37.286 INFO:teuthology.orchestra.run.smithi043.stdout:/usr/bin/ceph: stderr
2024-04-25T13:34:36.507+0000 7f00234b7700 1 --2- >> [v2:172.21.15.43:3300/0,v1:172.21.15.43:6789/0] conn(0x7f001c10a3e0 0x7f001c19dbb0 unknown :-1 s=NONE pgs=0 cs=0 l=1 rev1=0 crypto rx=0 tx=0 comp rx=0 tx=0).connect
2024-04-25T13:34:37.286 INFO:teuthology.orchestra.run.smithi043.stdout:/usr/bin/ceph: stderr
2024-04-25T13:34:36.507+0000 7f00234b7700 1 -- --> [v2:172.21.15.43:3300/0,v1:172.21.15.43:6789/0] -- mon_getmap magic: 0 -- 0x7f001c10dc40 con 0x7f001c10a3e0
2024-04-25T13:34:37.286 INFO:teuthology.orchestra.run.smithi043.stdout:/usr/bin/ceph: stderr
2024-04-25T13:34:36.507+0000 7f0021253700 1 --2- >> [v2:172.21.15.43:3300/0,v1:172.21.15.43:6789/0] conn(0x7f001c10a3e0 0x7f001c19dbb0 unknown :-1 s=BANNER_CONNECTING pgs=0 cs=0 l=1 rev1=0 crypto rx=0 tx=0 comp rx=0 tx=0)._handle_peer_banner_payload supported=3 required=0
2024-04-25T13:34:37.286 INFO:teuthology.orchestra.run.smithi043.stdout:/usr/bin/ceph: stderr
2024-04-25T13:34:36.507+0000 7f0021253700 1 --2- >> [v2:172.21.15.43:3300/0,v1:172.21.15.43:6789/0] conn(0x7f001c10a3e0 0x7f001c19dbb0 unknown :-1 s=HELLO_CONNECTING pgs=0 cs=0 l=1 rev1=1 crypto rx=0 tx=0 comp rx=0 tx=0).handle_hello peer v2:172.21.15.43:3300/0 says I am v2:172.21.15.43:59874/0 (socket says 172.21.15.43:59874)
2024-04-25T13:34:37.286 INFO:teuthology.orchestra.run.smithi043.stdout:/usr/bin/ceph: stderr
2024-04-25T13:34:36.507+0000 7f0021253700 1 -- 172.21.15.43:0/1208583581 learned_addr learned my addr 172.21.15.43:0/1208583581 (peer_addr_for_me v2:172.21.15.43:0/0)
2024-04-25T13:34:37.286 INFO:teuthology.orchestra.run.smithi043.stdout:/usr/bin/ceph: stderr
2024-04-25T13:34:36.507+0000 7f0021253700 1 -- 172.21.15.43:0/1208583581 --> [v2:172.21.15.43:3300/0,v1:172.21.15.43:6789/0] -- mon_subscribe({config=0+,monmap=0+}) -- 0x7f001c19e0f0 con 0x7f001c10a3e0
2024-04-25T13:34:37.287 INFO:teuthology.orchestra.run.smithi043.stdout:/usr/bin/ceph: stderr
2024-04-25T13:34:36.508+0000 7f0021253700 1 --2- 172.21.15.43:0/1208583581 >> [v2:172.21.15.43:3300/0,v1:172.21.15.43:6789/0] conn(0x7f001c10a3e0 0x7f001c19dbb0 secure :-1 s=READY pgs=42 cs=0 l=1 rev1=1 crypto rx=0x7f00100116a0 tx=0x7f0010011a60 comp rx=0 tx=0).ready entity=mon.0 client_cookie=0 server_cookie=0 in_seq=0 out_seq=0
2024-04-25T13:34:37.287 INFO:teuthology.orchestra.run.smithi043.stdout:/usr/bin/ceph: stderr
2024-04-25T13:34:36.508+0000 7f000e7fc700 1 -- 172.21.15.43:0/1208583581 <== mon.0 v2:172.21.15.43:3300/0 1 ==== mon_map magic: 0 ==== 205+0+0 (secure 0 0 0) 0x7f00100039f0 con 0x7f001c10a3e0
2024-04-25T13:34:37.287 INFO:teuthology.orchestra.run.smithi043.stdout:/usr/bin/ceph: stderr
2024-04-25T13:34:36.508+0000 7f000e7fc700 1 -- 172.21.15.43:0/1208583581 <== mon.0 v2:172.21.15.43:3300/0 2 ==== config(25 keys) ==== 1032+0+0 (secure 0 0 0) 0x7f0010003b90 con 0x7f001c10a3e0
2024-04-25T13:34:37.287 INFO:teuthology.orchestra.run.smithi043.stdout:/usr/bin/ceph: stderr
2024-04-25T13:34:36.508+0000 7f00234b7700 1 -- 172.21.15.43:0/1208583581 --> [v2:172.21.15.43:3300/0,v1:172.21.15.43:6789/0] -- mon_subscribe({mgrmap=0+}) -- 0x7f001c19e380 con 0x7f001c10a3e0
2024-04-25T13:34:37.287 INFO:teuthology.orchestra.run.smithi043.stdout:/usr/bin/ceph: stderr
2024-04-25T13:34:36.508+0000 7f000e7fc700 1 -- 172.21.15.43:0/1208583581 <== mon.0 v2:172.21.15.43:3300/0 3 ==== mon_map magic: 0 ==== 205+0+0 (secure 0 0 0) 0x7f001001a600 con 0x7f001c10a3e0
2024-04-25T13:34:37.287 INFO:teuthology.orchestra.run.smithi043.stdout:/usr/bin/ceph: stderr
2024-04-25T13:34:36.508+0000 7f00234b7700 1 -- 172.21.15.43:0/1208583581 --> [v2:172.21.15.43:3300/0,v1:172.21.15.43:6789/0] -- mon_subscribe({osdmap=0}) -- 0x7f001c1a0f90 con 0x7f001c10a3e0
2024-04-25T13:34:37.287 INFO:teuthology.orchestra.run.smithi043.stdout:/usr/bin/ceph: stderr
2024-04-25T13:34:36.509+0000 7f000e7fc700 1 -- 172.21.15.43:0/1208583581 <== mon.0 v2:172.21.15.43:3300/0 4 ==== mgrmap(e 8) ==== 49516+0+0 (secure 0 0 0) 0x7f001001a930 con 0x7f001c10a3e0
2024-04-25T13:34:37.287 INFO:teuthology.orchestra.run.smithi043.stdout:/usr/bin/ceph: stderr
2024-04-25T13:34:36.509+0000 7f00234b7700 1 -- 172.21.15.43:0/1208583581 --> [v2:172.21.15.43:3300/0,v1:172.21.15.43:6789/0] -- mon_command({"prefix": "get_command_descriptions"} v 0) -- 0x7f001c064cf0 con 0x7f001c10a3e0
2024-04-25T13:34:37.287 INFO:teuthology.orchestra.run.smithi043.stdout:/usr/bin/ceph: stderr
2024-04-25T13:34:36.509+0000 7f000e7fc700 1 --2- 172.21.15.43:0/1208583581 >> [v2:172.21.15.43:6800/1629086480,v1:172.21.15.43:6801/1629086480] conn(0x7f000803d630 0x7f000803fb40 unknown :-1 s=NONE pgs=0 cs=0 l=1 rev1=0 crypto rx=0 tx=0 comp rx=0 tx=0).connect
2024-04-25T13:34:37.287 INFO:teuthology.orchestra.run.smithi043.stdout:/usr/bin/ceph: stderr
2024-04-25T13:34:36.509+0000 7f000e7fc700 1 -- 172.21.15.43:0/1208583581 <== mon.0 v2:172.21.15.43:3300/0 5 ==== osd_map(2..2 src has 1..2) ==== 940+0+0 (secure 0 0 0) 0x7f0010052bd0 con 0x7f001c10a3e0
2024-04-25T13:34:37.287 INFO:teuthology.orchestra.run.smithi043.stdout:/usr/bin/ceph: stderr
2024-04-25T13:34:36.509+0000 7f0020a52700 1 --2- 172.21.15.43:0/1208583581 >> [v2:172.21.15.43:6800/1629086480,v1:172.21.15.43:6801/1629086480] conn(0x7f000803d630 0x7f000803fb40 unknown :-1 s=BANNER_CONNECTING pgs=0 cs=0 l=1 rev1=0 crypto rx=0 tx=0 comp rx=0 tx=0)._handle_peer_banner_payload supported=3 required=0
2024-04-25T13:34:37.287 INFO:teuthology.orchestra.run.smithi043.stdout:/usr/bin/ceph: stderr
2024-04-25T13:34:36.510+0000 7f0020a52700 1 --2- 172.21.15.43:0/1208583581 >> [v2:172.21.15.43:6800/1629086480,v1:172.21.15.43:6801/1629086480] conn(0x7f000803d630 0x7f000803fb40 secure :-1 s=READY pgs=10 cs=0 l=1 rev1=1 crypto rx=0x7f0018006fd0 tx=0x7f0018006e40 comp rx=0 tx=0).ready entity=mgr.14118 client_cookie=0 server_cookie=0 in_seq=0 out_seq=0
2024-04-25T13:34:37.288 INFO:teuthology.orchestra.run.smithi043.stdout:/usr/bin/ceph: stderr
2024-04-25T13:34:36.515+0000 7f000e7fc700 1 -- 172.21.15.43:0/1208583581 <== mon.0 v2:172.21.15.43:3300/0 6 ==== mon_command_ack([{"prefix": "get_command_descriptions"}]=0 v0) ==== 72+0+188370 (secure 0 0 0) 0x7f001002c350 con 0x7f001c10a3e0
2024-04-25T13:34:37.288 INFO:teuthology.orchestra.run.smithi043.stdout:/usr/bin/ceph: stderr
2024-04-25T13:34:36.723+0000 7f00234b7700 1 -- 172.21.15.43:0/1208583581 --> [v2:172.21.15.43:6800/1629086480,v1:172.21.15.43:6801/1629086480] -- mgr_command(tid 0: {"prefix": "cephadm get-pub-key", "target": ["mon-mgr", ""]}) -- 0x7f001c104d70 con 0x7f000803d630
2024-04-25T13:34:37.288 INFO:teuthology.orchestra.run.smithi043.stdout:/usr/bin/ceph: stderr
2024-04-25T13:34:36.724+0000 7f000e7fc700 1 -- 172.21.15.43:0/1208583581 <== mgr.14118 v2:172.21.15.43:6800/1629086480 1 ==== mgr_command_reply(tid 0: 0 ) ==== 8+0+595 (secure 0 0 0) 0x7f001c104d70 con 0x7f000803d630
2024-04-25T13:34:37.288 INFO:teuthology.orchestra.run.smithi043.stdout:/usr/bin/ceph: stderr
2024-04-25T13:34:36.725+0000 7f00234b7700 1 -- 172.21.15.43:0/1208583581 >> [v2:172.21.15.43:6800/1629086480,v1:172.21.15.43:6801/1629086480] conn(0x7f000803d630 msgr2=0x7f000803fb40 secure :-1 s=STATE_CONNECTION_ESTABLISHED l=1).mark_down
2024-04-25T13:34:37.288 INFO:teuthology.orchestra.run.smithi043.stdout:/usr/bin/ceph: stderr
2024-04-25T13:34:36.725+0000 7f00234b7700 1 --2- 172.21.15.43:0/1208583581 >> [v2:172.21.15.43:6800/1629086480,v1:172.21.15.43:6801/1629086480] conn(0x7f000803d630 0x7f000803fb40 secure :-1 s=READY pgs=10 cs=0 l=1 rev1=1 crypto rx=0x7f0018006fd0 tx=0x7f0018006e40 comp rx=0 tx=0).stop
2024-04-25T13:34:37.288 INFO:teuthology.orchestra.run.smithi043.stdout:/usr/bin/ceph: stderr
2024-04-25T13:34:36.725+0000 7f00234b7700 1 -- 172.21.15.43:0/1208583581 >> [v2:172.21.15.43:3300/0,v1:172.21.15.43:6789/0] conn(0x7f001c10a3e0 msgr2=0x7f001c19dbb0 secure :-1 s=STATE_CONNECTION_ESTABLISHED l=1).mark_down
2024-04-25T13:34:37.288 INFO:teuthology.orchestra.run.smithi043.stdout:/usr/bin/ceph: stderr
2024-04-25T13:34:36.725+0000 7f00234b7700 1 --2- 172.21.15.43:0/1208583581 >> [v2:172.21.15.43:3300/0,v1:172.21.15.43:6789/0] conn(0x7f001c10a3e0 0x7f001c19dbb0 secure :-1 s=READY pgs=42 cs=0 l=1 rev1=1 crypto rx=0x7f00100116a0 tx=0x7f0010011a60 comp rx=0 tx=0).stop
2024-04-25T13:34:37.288 INFO:teuthology.orchestra.run.smithi043.stdout:/usr/bin/ceph: stderr
2024-04-25T13:34:36.726+0000 7f00234b7700 1 -- 172.21.15.43:0/1208583581 shutdown_connections
2024-04-25T13:34:37.288 INFO:teuthology.orchestra.run.smithi043.stdout:/usr/bin/ceph: stderr
2024-04-25T13:34:36.726+0000 7f00234b7700 1 --2- 172.21.15.43:0/1208583581 >> [v2:172.21.15.43:6800/1629086480,v1:172.21.15.43:6801/1629086480] conn(0x7f000803d630 0x7f000803fb40 unknown :-1 s=CLOSED pgs=10 cs=0 l=1 rev1=1 crypto rx=0 tx=0 comp rx=0 tx=0).stop
2024-04-25T13:34:37.288 INFO:teuthology.orchestra.run.smithi043.stdout:/usr/bin/ceph: stderr
2024-04-25T13:34:36.726+0000 7f00234b7700 1 --2- 172.21.15.43:0/1208583581 >> [v2:172.21.15.43:3300/0,v1:172.21.15.43:6789/0] conn(0x7f001c10a3e0 0x7f001c19dbb0 unknown :-1 s=CLOSED pgs=42 cs=0 l=1 rev1=1 crypto rx=0 tx=0 comp rx=0 tx=0).stop
2024-04-25T13:34:37.288 INFO:teuthology.orchestra.run.smithi043.stdout:/usr/bin/ceph: stderr
2024-04-25T13:34:36.726+0000 7f00234b7700 1 -- 172.21.15.43:0/1208583581 >> 172.21.15.43:0/1208583581 conn(0x7f001c103e40 msgr2=0x7f001c104660 unknown :-1 s=STATE_NONE l=0).mark_down
2024-04-25T13:34:37.288 INFO:teuthology.orchestra.run.smithi043.stdout:/usr/bin/ceph: stderr
2024-04-25T13:34:36.726+0000 7f00234b7700 1 -- 172.21.15.43:0/1208583581 shutdown_connections
2024-04-25T13:34:37.288 INFO:teuthology.orchestra.run.smithi043.stdout:/usr/bin/ceph: stderr
2024-04-25T13:34:36.726+0000 7f00234b7700 1 -- 172.21.15.43:0/1208583581 wait complete.
2024-04-25T13:34:37.288 INFO:teuthology.orchestra.run.smithi043.stdout:Wrote public SSH key to /home/ubuntu/cephtest/ceph.pub
2024-04-25T13:34:37.288 INFO:teuthology.orchestra.run.smithi043.stdout:Adding key to root@localhost authorized_keys...
2024-04-25T13:34:37.289 INFO:teuthology.orchestra.run.smithi043.stdout:Adding host smithi043...
2024-04-25T13:34:37.578 INFO:journalctl@ceph.mon.a.smithi043.stdout:Apr 25 13:34:37 smithi043 ceph-mon[29195]: from='client.14136 -' entity='client.admin' cmd=[{"prefix": "cephadm get-pub-key", "target": ["mon-mgr", ""]}]: dispatch
2024-04-25T13:34:38.538 INFO:journalctl@ceph.mon.a.smithi043.stdout:Apr 25 13:34:38 smithi043 ceph-mon[29195]: from='client.14138 -' entity='client.admin' cmd=[{"prefix": "orch host add", "hostname": "smithi043", "addr": "172.21.15.43", "target": ["mon-mgr", ""]}]: dispatch
2024-04-25T13:34:39.713 INFO:journalctl@ceph.mon.a.smithi043.stdout:Apr 25 13:34:39 smithi043 ceph-mon[29195]: Deploying cephadm binary to smithi043
2024-04-25T13:34:42.733 INFO:teuthology.orchestra.run.smithi043.stdout:/usr/bin/ceph: stdout Added host 'smithi043' with addr '172.21.15.43'
2024-04-25T13:34:42.733 INFO:teuthology.orchestra.run.smithi043.stdout:/usr/bin/ceph: stderr
2024-04-25T13:34:37.700+0000 7f1fb1742700 1 Processor -- start
2024-04-25T13:34:42.733 INFO:teuthology.orchestra.run.smithi043.stdout:/usr/bin/ceph: stderr
2024-04-25T13:34:37.701+0000 7f1fb1742700 1 -- start start
2024-04-25T13:34:42.733 INFO:teuthology.orchestra.run.smithi043.stdout:/usr/bin/ceph: stderr
2024-04-25T13:34:37.701+0000 7f1fb1742700 1 --2- >> [v2:172.21.15.43:3300/0,v1:172.21.15.43:6789/0] conn(0x7f1fac107bd0 0x7f1fac107fe0 unknown :-1 s=NONE pgs=0 cs=0 l=0 rev1=0 crypto rx=0 tx=0 comp rx=0 tx=0).connect
2024-04-25T13:34:42.733 INFO:teuthology.orchestra.run.smithi043.stdout:/usr/bin/ceph: stderr
2024-04-25T13:34:37.701+0000 7f1fb1742700 1 -- --> [v2:172.21.15.43:3300/0,v1:172.21.15.43:6789/0] -- mon_getmap magic: 0 -- 0x7f1fac1085b0 con 0x7f1fac107bd0
2024-04-25T13:34:42.733 INFO:teuthology.orchestra.run.smithi043.stdout:/usr/bin/ceph: stderr
2024-04-25T13:34:37.701+0000 7f1faaffd700 1 --2- >> [v2:172.21.15.43:3300/0,v1:172.21.15.43:6789/0] conn(0x7f1fac107bd0 0x7f1fac107fe0 unknown :-1 s=BANNER_CONNECTING pgs=0 cs=0 l=0 rev1=0 crypto rx=0 tx=0 comp rx=0 tx=0)._handle_peer_banner_payload supported=3 required=0
2024-04-25T13:34:42.734 INFO:teuthology.orchestra.run.smithi043.stdout:/usr/bin/ceph: stderr
2024-04-25T13:34:37.701+0000 7f1faaffd700 1 --2- >> [v2:172.21.15.43:3300/0,v1:172.21.15.43:6789/0] conn(0x7f1fac107bd0 0x7f1fac107fe0 unknown :-1 s=HELLO_CONNECTING pgs=0 cs=0 l=0 rev1=1 crypto rx=0 tx=0 comp rx=0 tx=0).handle_hello peer v2:172.21.15.43:3300/0 says I am v2:172.21.15.43:59890/0 (socket says 172.21.15.43:59890)
2024-04-25T13:34:42.734 INFO:teuthology.orchestra.run.smithi043.stdout:/usr/bin/ceph: stderr
2024-04-25T13:34:37.701+0000 7f1faaffd700 1 -- 172.21.15.43:0/979504641 learned_addr learned my addr 172.21.15.43:0/979504641 (peer_addr_for_me v2:172.21.15.43:0/0)
2024-04-25T13:34:42.734 INFO:teuthology.orchestra.run.smithi043.stdout:/usr/bin/ceph: stderr
2024-04-25T13:34:37.701+0000 7f1faaffd700 1 -- 172.21.15.43:0/979504641 --> [v2:172.21.15.43:3300/0,v1:172.21.15.43:6789/0] -- mon_subscribe({config=0+,monmap=0+}) -- 0x7f1fac10abd0 con 0x7f1fac107bd0
2024-04-25T13:34:42.734 INFO:teuthology.orchestra.run.smithi043.stdout:/usr/bin/ceph: stderr
2024-04-25T13:34:37.701+0000 7f1faaffd700 1 --2- 172.21.15.43:0/979504641 >> [v2:172.21.15.43:3300/0,v1:172.21.15.43:6789/0] conn(0x7f1fac107bd0 0x7f1fac107fe0 secure :-1 s=READY pgs=43 cs=0 l=1 rev1=1 crypto rx=0x7f1f9c0098a0 tx=0x7f1f9c009bb0 comp rx=0 tx=0).ready entity=mon.0 client_cookie=e7577a84a2fef73c server_cookie=0 in_seq=0 out_seq=0
2024-04-25T13:34:42.734 INFO:teuthology.orchestra.run.smithi043.stdout:/usr/bin/ceph: stderr
2024-04-25T13:34:37.702+0000 7f1fa9ffb700 1 -- 172.21.15.43:0/979504641 <== mon.0 v2:172.21.15.43:3300/0 1 ==== mon_map magic: 0 ==== 205+0+0 (secure 0 0 0) 0x7f1f9c004160 con 0x7f1fac107bd0
2024-04-25T13:34:42.734 INFO:teuthology.orchestra.run.smithi043.stdout:/usr/bin/ceph: stderr
2024-04-25T13:34:37.702+0000 7f1fa9ffb700 1 -- 172.21.15.43:0/979504641 <== mon.0 v2:172.21.15.43:3300/0 2 ==== config(25 keys) ==== 1032+0+0 (secure 0 0 0) 0x7f1f9c004300 con 0x7f1fac107bd0
2024-04-25T13:34:42.734 INFO:teuthology.orchestra.run.smithi043.stdout:/usr/bin/ceph: stderr
2024-04-25T13:34:37.702+0000 7f1fa9ffb700 1 -- 172.21.15.43:0/979504641 <== mon.0 v2:172.21.15.43:3300/0 3 ==== mon_map magic: 0 ==== 205+0+0 (secure 0 0 0) 0x7f1f9c0119e0 con 0x7f1fac107bd0
2024-04-25T13:34:42.734 INFO:teuthology.orchestra.run.smithi043.stdout:/usr/bin/ceph: stderr
2024-04-25T13:34:37.702+0000 7f1fb1742700 1 -- 172.21.15.43:0/979504641 >> [v2:172.21.15.43:3300/0,v1:172.21.15.43:6789/0] conn(0x7f1fac107bd0 msgr2=0x7f1fac107fe0 secure :-1 s=STATE_CONNECTION_ESTABLISHED l=1).mark_down
2024-04-25T13:34:42.734 INFO:teuthology.orchestra.run.smithi043.stdout:/usr/bin/ceph: stderr
2024-04-25T13:34:37.702+0000 7f1fb1742700 1 --2- 172.21.15.43:0/979504641 >> [v2:172.21.15.43:3300/0,v1:172.21.15.43:6789/0] conn(0x7f1fac107bd0 0x7f1fac107fe0 secure :-1 s=READY pgs=43 cs=0 l=1 rev1=1 crypto rx=0x7f1f9c0098a0 tx=0x7f1f9c009bb0 comp rx=0 tx=0).stop
2024-04-25T13:34:42.734 INFO:teuthology.orchestra.run.smithi043.stdout:/usr/bin/ceph: stderr
2024-04-25T13:34:37.702+0000 7f1fb1742700 1 -- 172.21.15.43:0/979504641 shutdown_connections
2024-04-25T13:34:42.734 INFO:teuthology.orchestra.run.smithi043.stdout:/usr/bin/ceph: stderr
2024-04-25T13:34:37.702+0000 7f1fb1742700 1 --2- 172.21.15.43:0/979504641 >> [v2:172.21.15.43:3300/0,v1:172.21.15.43:6789/0] conn(0x7f1fac107bd0 0x7f1fac107fe0 unknown :-1 s=CLOSED pgs=43 cs=0 l=1 rev1=1 crypto rx=0 tx=0 comp rx=0 tx=0).stop
2024-04-25T13:34:42.735 INFO:teuthology.orchestra.run.smithi043.stdout:/usr/bin/ceph: stderr
2024-04-25T13:34:37.702+0000 7f1fb1742700 1 -- 172.21.15.43:0/979504641 >> 172.21.15.43:0/979504641 conn(0x7f1fac1035c0 msgr2=0x7f1fac105a50 unknown :-1 s=STATE_NONE l=0).mark_down
2024-04-25T13:34:42.735 INFO:teuthology.orchestra.run.smithi043.stdout:/usr/bin/ceph: stderr
2024-04-25T13:34:37.702+0000 7f1fb1742700 1 -- 172.21.15.43:0/979504641 shutdown_connections
2024-04-25T13:34:42.735 INFO:teuthology.orchestra.run.smithi043.stdout:/usr/bin/ceph: stderr
2024-04-25T13:34:37.703+0000 7f1fb1742700 1 -- 172.21.15.43:0/979504641 wait complete.
2024-04-25T13:34:42.735 INFO:teuthology.orchestra.run.smithi043.stdout:/usr/bin/ceph: stderr
2024-04-25T13:34:37.703+0000 7f1fb1742700 1 Processor -- start
2024-04-25T13:34:42.735 INFO:teuthology.orchestra.run.smithi043.stdout:/usr/bin/ceph: stderr
2024-04-25T13:34:37.703+0000 7f1fb1742700 1 -- start start
2024-04-25T13:34:42.735 INFO:teuthology.orchestra.run.smithi043.stdout:/usr/bin/ceph: stderr
2024-04-25T13:34:37.704+0000 7f1fb1742700 1 --2- >> [v2:172.21.15.43:3300/0,v1:172.21.15.43:6789/0] conn(0x7f1fac107bd0 0x7f1fac10a350 unknown :-1 s=NONE pgs=0 cs=0 l=1 rev1=0 crypto rx=0 tx=0 comp rx=0 tx=0).connect
2024-04-25T13:34:42.735 INFO:teuthology.orchestra.run.smithi043.stdout:/usr/bin/ceph: stderr
2024-04-25T13:34:37.704+0000 7f1fb1742700 1 -- --> [v2:172.21.15.43:3300/0,v1:172.21.15.43:6789/0] -- mon_getmap magic: 0 -- 0x7f1fac10de00 con 0x7f1fac107bd0
2024-04-25T13:34:42.735 INFO:teuthology.orchestra.run.smithi043.stdout:/usr/bin/ceph: stderr
2024-04-25T13:34:37.704+0000 7f1faaffd700 1 --2- >> [v2:172.21.15.43:3300/0,v1:172.21.15.43:6789/0] conn(0x7f1fac107bd0 0x7f1fac10a350 unknown :-1 s=BANNER_CONNECTING pgs=0 cs=0 l=1 rev1=0 crypto rx=0 tx=0 comp rx=0 tx=0)._handle_peer_banner_payload supported=3 required=0
2024-04-25T13:34:42.735 INFO:teuthology.orchestra.run.smithi043.stdout:/usr/bin/ceph: stderr
2024-04-25T13:34:37.704+0000 7f1faaffd700 1 --2- >> [v2:172.21.15.43:3300/0,v1:172.21.15.43:6789/0] conn(0x7f1fac107bd0 0x7f1fac10a350 unknown :-1 s=HELLO_CONNECTING pgs=0 cs=0 l=1 rev1=1 crypto rx=0 tx=0 comp rx=0 tx=0).handle_hello peer v2:172.21.15.43:3300/0 says I am v2:172.21.15.43:59892/0 (socket says 172.21.15.43:59892)
2024-04-25T13:34:42.735 INFO:teuthology.orchestra.run.smithi043.stdout:/usr/bin/ceph: stderr
2024-04-25T13:34:37.704+0000 7f1faaffd700 1 -- 172.21.15.43:0/640556009 learned_addr learned my addr 172.21.15.43:0/640556009 (peer_addr_for_me v2:172.21.15.43:0/0)
2024-04-25T13:34:42.735 INFO:teuthology.orchestra.run.smithi043.stdout:/usr/bin/ceph: stderr
2024-04-25T13:34:37.704+0000 7f1faaffd700 1 -- 172.21.15.43:0/640556009 --> [v2:172.21.15.43:3300/0,v1:172.21.15.43:6789/0] -- mon_subscribe({config=0+,monmap=0+}) -- 0x7f1fac10a890 con 0x7f1fac107bd0
2024-04-25T13:34:42.736 INFO:teuthology.orchestra.run.smithi043.stdout:/usr/bin/ceph: stderr
2024-04-25T13:34:37.704+0000 7f1faaffd700 1 --2- 172.21.15.43:0/640556009 >> [v2:172.21.15.43:3300/0,v1:172.21.15.43:6789/0] conn(0x7f1fac107bd0 0x7f1fac10a350 secure :-1 s=READY pgs=44 cs=0 l=1 rev1=1 crypto rx=0x7f1f9c0119b0 tx=0x7f1f9c011a90 comp rx=0 tx=0).ready entity=mon.0 client_cookie=0 server_cookie=0 in_seq=0 out_seq=0
2024-04-25T13:34:42.736 INFO:teuthology.orchestra.run.smithi043.stdout:/usr/bin/ceph: stderr
2024-04-25T13:34:37.704+0000 7f1f93fff700 1 -- 172.21.15.43:0/640556009 <== mon.0 v2:172.21.15.43:3300/0 1 ==== mon_map magic: 0 ==== 205+0+0 (secure 0 0 0) 0x7f1f9c003af0 con 0x7f1fac107bd0
2024-04-25T13:34:42.736 INFO:teuthology.orchestra.run.smithi043.stdout:/usr/bin/ceph: stderr
2024-04-25T13:34:37.704+0000 7f1f93fff700 1 -- 172.21.15.43:0/640556009 <== mon.0 v2:172.21.15.43:3300/0 2 ==== config(25 keys) ==== 1032+0+0 (secure 0 0 0) 0x7f1f9c01a8a0 con 0x7f1fac107bd0
2024-04-25T13:34:42.736 INFO:teuthology.orchestra.run.smithi043.stdout:/usr/bin/ceph: stderr
2024-04-25T13:34:37.704+0000 7f1f93fff700 1 -- 172.21.15.43:0/640556009 <== mon.0 v2:172.21.15.43:3300/0 3 ==== mon_map magic: 0 ==== 205+0+0 (secure 0 0 0) 0x7f1f9c024780 con 0x7f1fac107bd0
2024-04-25T13:34:42.736 INFO:teuthology.orchestra.run.smithi043.stdout:/usr/bin/ceph: stderr
2024-04-25T13:34:37.704+0000 7f1fb1742700 1 -- 172.21.15.43:0/640556009 --> [v2:172.21.15.43:3300/0,v1:172.21.15.43:6789/0] -- mon_subscribe({mgrmap=0+}) -- 0x7f1fac108ae0 con 0x7f1fac107bd0
2024-04-25T13:34:42.736 INFO:teuthology.orchestra.run.smithi043.stdout:/usr/bin/ceph: stderr
2024-04-25T13:34:37.705+0000 7f1fb1742700 1 -- 172.21.15.43:0/640556009 --> [v2:172.21.15.43:3300/0,v1:172.21.15.43:6789/0] -- mon_subscribe({osdmap=0}) -- 0x7f1fac108fc0 con 0x7f1fac107bd0
2024-04-25T13:34:42.736 INFO:teuthology.orchestra.run.smithi043.stdout:/usr/bin/ceph: stderr
2024-04-25T13:34:37.705+0000 7f1f93fff700 1 -- 172.21.15.43:0/640556009 <== mon.0 v2:172.21.15.43:3300/0 4 ==== mgrmap(e 8) ==== 49516+0+0 (secure 0 0 0) 0x7f1f9c022020 con 0x7f1fac107bd0
2024-04-25T13:34:42.736 INFO:teuthology.orchestra.run.smithi043.stdout:/usr/bin/ceph: stderr
2024-04-25T13:34:37.705+0000 7f1fb1742700 1 -- 172.21.15.43:0/640556009 --> [v2:172.21.15.43:3300/0,v1:172.21.15.43:6789/0] -- mon_command({"prefix": "get_command_descriptions"} v 0) -- 0x7f1fac064cf0 con 0x7f1fac107bd0
2024-04-25T13:34:42.736 INFO:teuthology.orchestra.run.smithi043.stdout:/usr/bin/ceph: stderr
2024-04-25T13:34:37.706+0000 7f1f93fff700 1 --2- 172.21.15.43:0/640556009 >> [v2:172.21.15.43:6800/1629086480,v1:172.21.15.43:6801/1629086480] conn(0x7f1f9403d630 0x7f1f9403fb40 unknown :-1 s=NONE pgs=0 cs=0 l=1 rev1=0 crypto rx=0 tx=0 comp rx=0 tx=0).connect
2024-04-25T13:34:42.736 INFO:teuthology.orchestra.run.smithi043.stdout:/usr/bin/ceph: stderr
2024-04-25T13:34:37.706+0000 7f1f93fff700 1 -- 172.21.15.43:0/640556009 <== mon.0 v2:172.21.15.43:3300/0 5 ==== osd_map(2..2 src has 1..2) ==== 940+0+0 (secure 0 0 0) 0x7f1f9c052720 con 0x7f1fac107bd0
2024-04-25T13:34:42.736 INFO:teuthology.orchestra.run.smithi043.stdout:/usr/bin/ceph: stderr
2024-04-25T13:34:37.706+0000 7f1faa7fc700 1 --2- 172.21.15.43:0/640556009 >> [v2:172.21.15.43:6800/1629086480,v1:172.21.15.43:6801/1629086480] conn(0x7f1f9403d630 0x7f1f9403fb40 unknown :-1 s=BANNER_CONNECTING pgs=0 cs=0 l=1 rev1=0 crypto rx=0 tx=0 comp rx=0 tx=0)._handle_peer_banner_payload supported=3 required=0
2024-04-25T13:34:42.737 INFO:teuthology.orchestra.run.smithi043.stdout:/usr/bin/ceph: stderr
2024-04-25T13:34:37.706+0000 7f1faa7fc700 1 --2- 172.21.15.43:0/640556009 >> [v2:172.21.15.43:6800/1629086480,v1:172.21.15.43:6801/1629086480] conn(0x7f1f9403d630 0x7f1f9403fb40 secure :-1 s=READY pgs=11 cs=0 l=1 rev1=1 crypto rx=0x7f1fa0006fd0 tx=0x7f1fa0006e40 comp rx=0 tx=0).ready entity=mgr.14118 client_cookie=0 server_cookie=0 in_seq=0 out_seq=0
2024-04-25T13:34:42.737 INFO:teuthology.orchestra.run.smithi043.stdout:/usr/bin/ceph: stderr
2024-04-25T13:34:37.711+0000 7f1f93fff700 1 -- 172.21.15.43:0/640556009 <== mon.0 v2:172.21.15.43:3300/0 6 ==== mon_command_ack([{"prefix": "get_command_descriptions"}]=0 v0) ==== 72+0+188370 (secure 0 0 0) 0x7f1f9c00b3e0 con 0x7f1fac107bd0
2024-04-25T13:34:42.737 INFO:teuthology.orchestra.run.smithi043.stdout:/usr/bin/ceph: stderr
2024-04-25T13:34:37.929+0000 7f1fb1742700 1 -- 172.21.15.43:0/640556009 --> [v2:172.21.15.43:6800/1629086480,v1:172.21.15.43:6801/1629086480] -- mgr_command(tid 0: {"prefix": "orch host add", "hostname": "smithi043", "addr": "172.21.15.43", "target": ["mon-mgr", ""]}) -- 0x7f1fac109600 con 0x7f1f9403d630
2024-04-25T13:34:42.737 INFO:teuthology.orchestra.run.smithi043.stdout:/usr/bin/ceph: stderr
2024-04-25T13:34:42.158+0000 7f1f93fff700 1 -- 172.21.15.43:0/640556009 <== mgr.14118 v2:172.21.15.43:6800/1629086480 1 ==== mgr_command_reply(tid 0: 0 ) ==== 8+0+48 (secure 0 0 0) 0x7f1fac109600 con 0x7f1f9403d630
2024-04-25T13:34:42.737 INFO:teuthology.orchestra.run.smithi043.stdout:/usr/bin/ceph: stderr
2024-04-25T13:34:42.160+0000 7f1fb1742700 1 -- 172.21.15.43:0/640556009 >> [v2:172.21.15.43:6800/1629086480,v1:172.21.15.43:6801/1629086480] conn(0x7f1f9403d630 msgr2=0x7f1f9403fb40 secure :-1 s=STATE_CONNECTION_ESTABLISHED l=1).mark_down
2024-04-25T13:34:42.737 INFO:teuthology.orchestra.run.smithi043.stdout:/usr/bin/ceph: stderr
2024-04-25T13:34:42.160+0000 7f1fb1742700 1 --2- 172.21.15.43:0/640556009 >> [v2:172.21.15.43:6800/1629086480,v1:172.21.15.43:6801/1629086480] conn(0x7f1f9403d630 0x7f1f9403fb40 secure :-1 s=READY pgs=11 cs=0 l=1 rev1=1 crypto rx=0x7f1fa0006fd0 tx=0x7f1fa0006e40 comp rx=0 tx=0).stop
2024-04-25T13:34:42.737 INFO:teuthology.orchestra.run.smithi043.stdout:/usr/bin/ceph: stderr
2024-04-25T13:34:42.160+0000 7f1fb1742700 1 -- 172.21.15.43:0/640556009 >> [v2:172.21.15.43:3300/0,v1:172.21.15.43:6789/0] conn(0x7f1fac107bd0 msgr2=0x7f1fac10a350 secure :-1 s=STATE_CONNECTION_ESTABLISHED l=1).mark_down
2024-04-25T13:34:42.737 INFO:teuthology.orchestra.run.smithi043.stdout:/usr/bin/ceph: stderr
2024-04-25T13:34:42.160+0000 7f1fb1742700 1 --2- 172.21.15.43:0/640556009 >> [v2:172.21.15.43:3300/0,v1:172.21.15.43:6789/0] conn(0x7f1fac107bd0 0x7f1fac10a350 secure :-1 s=READY pgs=44 cs=0 l=1 rev1=1 crypto rx=0x7f1f9c0119b0 tx=0x7f1f9c011a90 comp rx=0 tx=0).stop
2024-04-25T13:34:42.737 INFO:teuthology.orchestra.run.smithi043.stdout:/usr/bin/ceph: stderr
2024-04-25T13:34:42.160+0000 7f1fb1742700 1 -- 172.21.15.43:0/640556009 shutdown_connections
2024-04-25T13:34:42.737 INFO:teuthology.orchestra.run.smithi043.stdout:/usr/bin/ceph: stderr
2024-04-25T13:34:42.160+0000 7f1fb1742700 1 --2- 172.21.15.43:0/640556009 >> [v2:172.21.15.43:6800/1629086480,v1:172.21.15.43:6801/1629086480] conn(0x7f1f9403d630 0x7f1f9403fb40 unknown :-1 s=CLOSED pgs=11 cs=0 l=1 rev1=1 crypto rx=0 tx=0 comp rx=0 tx=0).stop
2024-04-25T13:34:42.737 INFO:teuthology.orchestra.run.smithi043.stdout:/usr/bin/ceph: stderr
2024-04-25T13:34:42.160+0000 7f1fb1742700 1 --2- 172.21.15.43:0/640556009 >> [v2:172.21.15.43:3300/0,v1:172.21.15.43:6789/0] conn(0x7f1fac107bd0 0x7f1fac10a350 unknown :-1 s=CLOSED pgs=44 cs=0 l=1 rev1=1 crypto rx=0 tx=0 comp rx=0 tx=0).stop
2024-04-25T13:34:42.738 INFO:teuthology.orchestra.run.smithi043.stdout:/usr/bin/ceph: stderr
2024-04-25T13:34:42.160+0000 7f1fb1742700 1 -- 172.21.15.43:0/640556009 >> 172.21.15.43:0/640556009 conn(0x7f1fac1035c0 msgr2=0x7f1fac103e30 unknown :-1 s=STATE_NONE l=0).mark_down
2024-04-25T13:34:42.738 INFO:teuthology.orchestra.run.smithi043.stdout:/usr/bin/ceph: stderr
2024-04-25T13:34:42.160+0000 7f1fb1742700 1 -- 172.21.15.43:0/640556009 shutdown_connections
2024-04-25T13:34:42.738 INFO:teuthology.orchestra.run.smithi043.stdout:/usr/bin/ceph: stderr
2024-04-25T13:34:42.160+0000 7f1fb1742700 1 -- 172.21.15.43:0/640556009 wait complete.
2024-04-25T13:34:42.738 INFO:teuthology.orchestra.run.smithi043.stdout:Deploying unmanaged mon service...
2024-04-25T13:34:43.365 INFO:journalctl@ceph.mon.a.smithi043.stdout:Apr 25 13:34:43 smithi043 ceph-mon[29195]: from='mgr.14118 172.21.15.43:0/591770904' entity='mgr.x'
2024-04-25T13:34:43.365 INFO:journalctl@ceph.mon.a.smithi043.stdout:Apr 25 13:34:43 smithi043 ceph-mon[29195]: Added host smithi043
2024-04-25T13:34:43.365 INFO:journalctl@ceph.mon.a.smithi043.stdout:Apr 25 13:34:43 smithi043 ceph-mon[29195]: from='mgr.14118 172.21.15.43:0/591770904' entity='mgr.x' cmd=[{"prefix": "config dump", "format": "json"}]: dispatch
2024-04-25T13:34:44.245 INFO:teuthology.orchestra.run.smithi043.stdout:/usr/bin/ceph: stdout Scheduled mon update...
2024-04-25T13:34:44.245 INFO:teuthology.orchestra.run.smithi043.stdout:/usr/bin/ceph: stderr
2024-04-25T13:34:43.194+0000 7f30acf4f700 1 Processor -- start
2024-04-25T13:34:44.246 INFO:teuthology.orchestra.run.smithi043.stdout:/usr/bin/ceph: stderr
2024-04-25T13:34:43.194+0000 7f30acf4f700 1 -- start start
2024-04-25T13:34:44.246 INFO:teuthology.orchestra.run.smithi043.stdout:/usr/bin/ceph: stderr
2024-04-25T13:34:43.194+0000 7f30acf4f700 1 --2- >> [v2:172.21.15.43:3300/0,v1:172.21.15.43:6789/0] conn(0x7f30a8108800 0x7f30a8108c10 unknown :-1 s=NONE pgs=0 cs=0 l=0 rev1=0 crypto rx=0 tx=0 comp rx=0 tx=0).connect
2024-04-25T13:34:44.246 INFO:teuthology.orchestra.run.smithi043.stdout:/usr/bin/ceph: stderr
2024-04-25T13:34:43.194+0000 7f30acf4f700 1 -- --> [v2:172.21.15.43:3300/0,v1:172.21.15.43:6789/0] -- mon_getmap magic: 0 -- 0x7f30a8109200 con 0x7f30a8108800
2024-04-25T13:34:44.246 INFO:teuthology.orchestra.run.smithi043.stdout:/usr/bin/ceph: stderr
2024-04-25T13:34:43.195+0000 7f30a659c700 1 --2- >> [v2:172.21.15.43:3300/0,v1:172.21.15.43:6789/0] conn(0x7f30a8108800 0x7f30a8108c10 unknown :-1 s=BANNER_CONNECTING pgs=0 cs=0 l=0 rev1=0 crypto rx=0 tx=0 comp rx=0 tx=0)._handle_peer_banner_payload supported=3 required=0
2024-04-25T13:34:44.246 INFO:teuthology.orchestra.run.smithi043.stdout:/usr/bin/ceph: stderr
2024-04-25T13:34:43.195+0000 7f30a659c700 1 --2- >> [v2:172.21.15.43:3300/0,v1:172.21.15.43:6789/0] conn(0x7f30a8108800 0x7f30a8108c10 unknown :-1 s=HELLO_CONNECTING pgs=0 cs=0 l=0 rev1=1 crypto rx=0 tx=0 comp rx=0 tx=0).handle_hello peer v2:172.21.15.43:3300/0 says I am v2:172.21.15.43:42100/0 (socket says 172.21.15.43:42100)
2024-04-25T13:34:44.246 INFO:teuthology.orchestra.run.smithi043.stdout:/usr/bin/ceph: stderr
2024-04-25T13:34:43.195+0000 7f30a659c700 1 -- 172.21.15.43:0/167965567 learned_addr learned my addr 172.21.15.43:0/167965567 (peer_addr_for_me v2:172.21.15.43:0/0)
2024-04-25T13:34:44.246 INFO:teuthology.orchestra.run.smithi043.stdout:/usr/bin/ceph: stderr
2024-04-25T13:34:43.195+0000 7f30a659c700 1 -- 172.21.15.43:0/167965567 --> [v2:172.21.15.43:3300/0,v1:172.21.15.43:6789/0] -- mon_subscribe({config=0+,monmap=0+}) -- 0x7f30a81099d0 con 0x7f30a8108800
2024-04-25T13:34:44.246 INFO:teuthology.orchestra.run.smithi043.stdout:/usr/bin/ceph: stderr
2024-04-25T13:34:43.195+0000 7f30a659c700 1 --2- 172.21.15.43:0/167965567 >> [v2:172.21.15.43:3300/0,v1:172.21.15.43:6789/0] conn(0x7f30a8108800 0x7f30a8108c10 secure :-1 s=READY pgs=45 cs=0 l=1 rev1=1 crypto rx=0x7f30980098a0 tx=0x7f3098009bb0 comp rx=0 tx=0).ready entity=mon.0 client_cookie=1f3eabf31a1bb097 server_cookie=0 in_seq=0 out_seq=0
2024-04-25T13:34:44.246 INFO:teuthology.orchestra.run.smithi043.stdout:/usr/bin/ceph: stderr
2024-04-25T13:34:43.195+0000 7f30a559a700 1 -- 172.21.15.43:0/167965567 <== mon.0 v2:172.21.15.43:3300/0 1 ==== mon_map magic: 0 ==== 205+0+0 (secure 0 0 0) 0x7f3098004160 con 0x7f30a8108800
2024-04-25T13:34:44.246 INFO:teuthology.orchestra.run.smithi043.stdout:/usr/bin/ceph: stderr
2024-04-25T13:34:43.195+0000 7f30a559a700 1 -- 172.21.15.43:0/167965567 <== mon.0 v2:172.21.15.43:3300/0 2 ==== config(25 keys) ==== 1032+0+0 (secure 0 0 0) 0x7f3098004300 con 0x7f30a8108800
2024-04-25T13:34:44.246 INFO:teuthology.orchestra.run.smithi043.stdout:/usr/bin/ceph: stderr
2024-04-25T13:34:43.195+0000 7f30a559a700 1 -- 172.21.15.43:0/167965567 <== mon.0 v2:172.21.15.43:3300/0 3 ==== mon_map magic: 0 ==== 205+0+0 (secure 0 0 0) 0x7f30980119e0 con 0x7f30a8108800
2024-04-25T13:34:44.247 INFO:teuthology.orchestra.run.smithi043.stdout:/usr/bin/ceph: stderr
2024-04-25T13:34:43.196+0000 7f30acf4f700 1 -- 172.21.15.43:0/167965567 >> [v2:172.21.15.43:3300/0,v1:172.21.15.43:6789/0] conn(0x7f30a8108800 msgr2=0x7f30a8108c10 secure :-1 s=STATE_CONNECTION_ESTABLISHED l=1).mark_down
2024-04-25T13:34:44.247 INFO:teuthology.orchestra.run.smithi043.stdout:/usr/bin/ceph: stderr
2024-04-25T13:34:43.196+0000 7f30acf4f700 1 --2- 172.21.15.43:0/167965567 >> [v2:172.21.15.43:3300/0,v1:172.21.15.43:6789/0] conn(0x7f30a8108800 0x7f30a8108c10 secure :-1 s=READY pgs=45 cs=0 l=1 rev1=1 crypto rx=0x7f30980098a0 tx=0x7f3098009bb0 comp rx=0 tx=0).stop
2024-04-25T13:34:44.247 INFO:teuthology.orchestra.run.smithi043.stdout:/usr/bin/ceph: stderr
2024-04-25T13:34:43.196+0000 7f30acf4f700 1 -- 172.21.15.43:0/167965567 shutdown_connections
2024-04-25T13:34:44.247 INFO:teuthology.orchestra.run.smithi043.stdout:/usr/bin/ceph: stderr
2024-04-25T13:34:43.196+0000 7f30acf4f700 1 --2- 172.21.15.43:0/167965567 >> [v2:172.21.15.43:3300/0,v1:172.21.15.43:6789/0] conn(0x7f30a8108800 0x7f30a8108c10 unknown :-1 s=CLOSED pgs=45 cs=0 l=1 rev1=1 crypto rx=0 tx=0 comp rx=0 tx=0).stop
2024-04-25T13:34:44.247 INFO:teuthology.orchestra.run.smithi043.stdout:/usr/bin/ceph: stderr
2024-04-25T13:34:43.196+0000 7f30acf4f700 1 -- 172.21.15.43:0/167965567 >> 172.21.15.43:0/167965567 conn(0x7f30a8103e60 msgr2=0x7f30a81062f0 unknown :-1 s=STATE_NONE l=0).mark_down
2024-04-25T13:34:44.247 INFO:teuthology.orchestra.run.smithi043.stdout:/usr/bin/ceph: stderr
2024-04-25T13:34:43.196+0000 7f30acf4f700 1 -- 172.21.15.43:0/167965567 shutdown_connections
2024-04-25T13:34:44.247 INFO:teuthology.orchestra.run.smithi043.stdout:/usr/bin/ceph: stderr
2024-04-25T13:34:43.196+0000 7f30acf4f700 1 -- 172.21.15.43:0/167965567 wait complete.
2024-04-25T13:34:44.247 INFO:teuthology.orchestra.run.smithi043.stdout:/usr/bin/ceph: stderr
2024-04-25T13:34:43.197+0000 7f30acf4f700 1 Processor -- start
2024-04-25T13:34:44.247 INFO:teuthology.orchestra.run.smithi043.stdout:/usr/bin/ceph: stderr
2024-04-25T13:34:43.197+0000 7f30acf4f700 1 -- start start
2024-04-25T13:34:44.247 INFO:teuthology.orchestra.run.smithi043.stdout:/usr/bin/ceph: stderr
2024-04-25T13:34:43.197+0000 7f30acf4f700 1 --2- >> [v2:172.21.15.43:3300/0,v1:172.21.15.43:6789/0] conn(0x7f30a8108800 0x7f30a819dc50 unknown :-1 s=NONE pgs=0 cs=0 l=1 rev1=0 crypto rx=0 tx=0 comp rx=0 tx=0).connect
2024-04-25T13:34:44.247 INFO:teuthology.orchestra.run.smithi043.stdout:/usr/bin/ceph: stderr
2024-04-25T13:34:43.197+0000 7f30acf4f700 1 -- --> [v2:172.21.15.43:3300/0,v1:172.21.15.43:6789/0] -- mon_getmap magic: 0 -- 0x7f30a810cd80 con 0x7f30a8108800
2024-04-25T13:34:44.247 INFO:teuthology.orchestra.run.smithi043.stdout:/usr/bin/ceph: stderr
2024-04-25T13:34:43.197+0000 7f30a659c700 1 --2- >> [v2:172.21.15.43:3300/0,v1:172.21.15.43:6789/0] conn(0x7f30a8108800 0x7f30a819dc50 unknown :-1 s=BANNER_CONNECTING pgs=0 cs=0 l=1 rev1=0 crypto rx=0 tx=0 comp rx=0 tx=0)._handle_peer_banner_payload supported=3 required=0
2024-04-25T13:34:44.248 INFO:teuthology.orchestra.run.smithi043.stdout:/usr/bin/ceph: stderr
2024-04-25T13:34:43.197+0000 7f30a659c700 1 --2- >> [v2:172.21.15.43:3300/0,v1:172.21.15.43:6789/0] conn(0x7f30a8108800 0x7f30a819dc50 unknown :-1 s=HELLO_CONNECTING pgs=0 cs=0 l=1 rev1=1 crypto rx=0 tx=0 comp rx=0 tx=0).handle_hello peer v2:172.21.15.43:3300/0 says I am v2:172.21.15.43:42114/0 (socket says 172.21.15.43:42114)
2024-04-25T13:34:44.248 INFO:teuthology.orchestra.run.smithi043.stdout:/usr/bin/ceph: stderr
2024-04-25T13:34:43.197+0000 7f30a659c700 1 -- 172.21.15.43:0/3945087479 learned_addr learned my addr 172.21.15.43:0/3945087479 (peer_addr_for_me v2:172.21.15.43:0/0)
2024-04-25T13:34:44.248 INFO:teuthology.orchestra.run.smithi043.stdout:/usr/bin/ceph: stderr
2024-04-25T13:34:43.198+0000 7f30a659c700 1 -- 172.21.15.43:0/3945087479 --> [v2:172.21.15.43:3300/0,v1:172.21.15.43:6789/0] -- mon_subscribe({config=0+,monmap=0+}) -- 0x7f30a819e190 con 0x7f30a8108800
2024-04-25T13:34:44.248 INFO:teuthology.orchestra.run.smithi043.stdout:/usr/bin/ceph: stderr
2024-04-25T13:34:43.198+0000 7f30a659c700 1 --2- 172.21.15.43:0/3945087479 >> [v2:172.21.15.43:3300/0,v1:172.21.15.43:6789/0] conn(0x7f30a8108800 0x7f30a819dc50 secure :-1 s=READY pgs=46 cs=0 l=1 rev1=1 crypto rx=0x7f3098009fb0 tx=0x7f3098011a60 comp rx=0 tx=0).ready entity=mon.0 client_cookie=0 server_cookie=0 in_seq=0 out_seq=0
2024-04-25T13:34:44.248 INFO:teuthology.orchestra.run.smithi043.stdout:/usr/bin/ceph: stderr
2024-04-25T13:34:43.198+0000 7f309f7fe700 1 -- 172.21.15.43:0/3945087479 <== mon.0 v2:172.21.15.43:3300/0 1 ==== mon_map magic: 0 ==== 205+0+0 (secure 0 0 0) 0x7f30980038b0 con 0x7f30a8108800
2024-04-25T13:34:44.248 INFO:teuthology.orchestra.run.smithi043.stdout:/usr/bin/ceph: stderr
2024-04-25T13:34:43.198+0000 7f309f7fe700 1 -- 172.21.15.43:0/3945087479 <== mon.0 v2:172.21.15.43:3300/0 2 ==== config(25 keys) ==== 1032+0+0 (secure 0 0 0) 0x7f3098003a50 con 0x7f30a8108800
2024-04-25T13:34:44.248 INFO:teuthology.orchestra.run.smithi043.stdout:/usr/bin/ceph: stderr
2024-04-25T13:34:43.198+0000 7f309f7fe700 1 -- 172.21.15.43:0/3945087479 <== mon.0 v2:172.21.15.43:3300/0 3 ==== mon_map magic: 0 ==== 205+0+0 (secure 0 0 0) 0x7f3098019550 con 0x7f30a8108800
2024-04-25T13:34:44.248 INFO:teuthology.orchestra.run.smithi043.stdout:/usr/bin/ceph: stderr
2024-04-25T13:34:43.198+0000 7f30acf4f700 1 -- 172.21.15.43:0/3945087479 --> [v2:172.21.15.43:3300/0,v1:172.21.15.43:6789/0] -- mon_subscribe({mgrmap=0+}) -- 0x7f30a819e420 con 0x7f30a8108800
2024-04-25T13:34:44.248 INFO:teuthology.orchestra.run.smithi043.stdout:/usr/bin/ceph: stderr
2024-04-25T13:34:43.198+0000 7f30acf4f700 1 -- 172.21.15.43:0/3945087479 --> [v2:172.21.15.43:3300/0,v1:172.21.15.43:6789/0] -- mon_subscribe({osdmap=0}) -- 0x7f30a81a1030 con 0x7f30a8108800
2024-04-25T13:34:44.248 INFO:teuthology.orchestra.run.smithi043.stdout:/usr/bin/ceph: stderr
2024-04-25T13:34:43.199+0000 7f309f7fe700 1 -- 172.21.15.43:0/3945087479 <== mon.0 v2:172.21.15.43:3300/0 4 ==== mgrmap(e 8) ==== 49516+0+0 (secure 0 0 0) 0x7f3098019800 con 0x7f30a8108800
2024-04-25T13:34:44.248 INFO:teuthology.orchestra.run.smithi043.stdout:/usr/bin/ceph: stderr
2024-04-25T13:34:43.199+0000 7f30acf4f700 1 -- 172.21.15.43:0/3945087479 --> [v2:172.21.15.43:3300/0,v1:172.21.15.43:6789/0] -- mon_command({"prefix": "get_command_descriptions"} v 0) -- 0x7f30a8064cf0 con 0x7f30a8108800
2024-04-25T13:34:44.248 INFO:teuthology.orchestra.run.smithi043.stdout:/usr/bin/ceph: stderr
2024-04-25T13:34:43.199+0000 7f309f7fe700 1 --2- 172.21.15.43:0/3945087479 >> [v2:172.21.15.43:6800/1629086480,v1:172.21.15.43:6801/1629086480] conn(0x7f309403d630 0x7f309403fb40 unknown :-1 s=NONE pgs=0 cs=0 l=1 rev1=0 crypto rx=0 tx=0 comp rx=0 tx=0).connect
2024-04-25T13:34:44.248 INFO:teuthology.orchestra.run.smithi043.stdout:/usr/bin/ceph: stderr
2024-04-25T13:34:43.199+0000 7f309f7fe700 1 -- 172.21.15.43:0/3945087479 <== mon.0 v2:172.21.15.43:3300/0 5 ==== osd_map(2..2 src has 1..2) ==== 940+0+0 (secure 0 0 0) 0x7f3098052970 con 0x7f30a8108800
