2024-04-25T13:34:19.611 INFO:teuthology.orchestra.run.smithi043.stdout:/usr/bin/ceph: stdout "pgmap": {
2024-04-25T13:34:19.612 INFO:teuthology.orchestra.run.smithi043.stdout:/usr/bin/ceph: stdout "pgs_by_state": [],
2024-04-25T13:34:19.612 INFO:teuthology.orchestra.run.smithi043.stdout:/usr/bin/ceph: stdout "num_pgs": 0,
2024-04-25T13:34:19.612 INFO:teuthology.orchestra.run.smithi043.stdout:/usr/bin/ceph: stdout "num_pools": 0,
2024-04-25T13:34:19.612 INFO:teuthology.orchestra.run.smithi043.stdout:/usr/bin/ceph: stdout "num_objects": 0,
2024-04-25T13:34:19.612 INFO:teuthology.orchestra.run.smithi043.stdout:/usr/bin/ceph: stdout "data_bytes": 0,
2024-04-25T13:34:19.612 INFO:teuthology.orchestra.run.smithi043.stdout:/usr/bin/ceph: stdout "bytes_used": 0,
2024-04-25T13:34:19.612 INFO:teuthology.orchestra.run.smithi043.stdout:/usr/bin/ceph: stdout "bytes_avail": 0,
2024-04-25T13:34:19.612 INFO:teuthology.orchestra.run.smithi043.stdout:/usr/bin/ceph: stdout "bytes_total": 0
2024-04-25T13:34:19.612 INFO:teuthology.orchestra.run.smithi043.stdout:/usr/bin/ceph: stdout },
2024-04-25T13:34:19.612 INFO:teuthology.orchestra.run.smithi043.stdout:/usr/bin/ceph: stdout "fsmap": {
2024-04-25T13:34:19.612 INFO:teuthology.orchestra.run.smithi043.stdout:/usr/bin/ceph: stdout "epoch": 1,
2024-04-25T13:34:19.612 INFO:teuthology.orchestra.run.smithi043.stdout:/usr/bin/ceph: stdout "by_rank": [],
2024-04-25T13:34:19.612 INFO:teuthology.orchestra.run.smithi043.stdout:/usr/bin/ceph: stdout "up:standby": 0
2024-04-25T13:34:19.612 INFO:teuthology.orchestra.run.smithi043.stdout:/usr/bin/ceph: stdout },
2024-04-25T13:34:19.613 INFO:teuthology.orchestra.run.smithi043.stdout:/usr/bin/ceph: stdout "mgrmap": {
2024-04-25T13:34:19.613 INFO:teuthology.orchestra.run.smithi043.stdout:/usr/bin/ceph: stdout "available": true,
2024-04-25T13:34:19.613 INFO:teuthology.orchestra.run.smithi043.stdout:/usr/bin/ceph: stdout "num_standbys": 0,
2024-04-25T13:34:19.613 INFO:teuthology.orchestra.run.smithi043.stdout:/usr/bin/ceph: stdout "modules": [
2024-04-25T13:34:19.613 INFO:teuthology.orchestra.run.smithi043.stdout:/usr/bin/ceph: stdout "iostat",
2024-04-25T13:34:19.613 INFO:teuthology.orchestra.run.smithi043.stdout:/usr/bin/ceph: stdout "nfs",
2024-04-25T13:34:19.613 INFO:teuthology.orchestra.run.smithi043.stdout:/usr/bin/ceph: stdout "restful"
2024-04-25T13:34:19.613 INFO:teuthology.orchestra.run.smithi043.stdout:/usr/bin/ceph: stdout ],
2024-04-25T13:34:19.613 INFO:teuthology.orchestra.run.smithi043.stdout:/usr/bin/ceph: stdout "services": {}
2024-04-25T13:34:19.613 INFO:teuthology.orchestra.run.smithi043.stdout:/usr/bin/ceph: stdout },
2024-04-25T13:34:19.613 INFO:teuthology.orchestra.run.smithi043.stdout:/usr/bin/ceph: stdout "servicemap": {
2024-04-25T13:34:19.613 INFO:teuthology.orchestra.run.smithi043.stdout:/usr/bin/ceph: stdout "epoch": 1,
2024-04-25T13:34:19.613 INFO:teuthology.orchestra.run.smithi043.stdout:/usr/bin/ceph: stdout "modified": "2024-04-25T13:33:57.051723+0000",
2024-04-25T13:34:19.613 INFO:teuthology.orchestra.run.smithi043.stdout:/usr/bin/ceph: stdout "services": {}
2024-04-25T13:34:19.614 INFO:teuthology.orchestra.run.smithi043.stdout:/usr/bin/ceph: stdout },
2024-04-25T13:34:19.614 INFO:teuthology.orchestra.run.smithi043.stdout:/usr/bin/ceph: stdout "progress_events": {}
2024-04-25T13:34:19.614 INFO:teuthology.orchestra.run.smithi043.stdout:/usr/bin/ceph: stdout }
2024-04-25T13:34:19.614 INFO:teuthology.orchestra.run.smithi043.stdout:/usr/bin/ceph: stderr
2024-04-25T13:34:13.025+0000 7f91c3a96700 1 Processor -- start
2024-04-25T13:34:19.614 INFO:teuthology.orchestra.run.smithi043.stdout:/usr/bin/ceph: stderr
2024-04-25T13:34:13.025+0000 7f91c3a96700 1 -- start start
2024-04-25T13:34:19.614 INFO:teuthology.orchestra.run.smithi043.stdout:/usr/bin/ceph: stderr
2024-04-25T13:34:13.025+0000 7f91c3a96700 1 --2- >> [v2:172.21.15.43:3300/0,v1:172.21.15.43:6789/0] conn(0x7f91bc07f7c0 0x7f91bc07dc40 unknown :-1 s=NONE pgs=0 cs=0 l=0 rev1=0 crypto rx=0 tx=0 comp rx=0 tx=0).connect
2024-04-25T13:34:19.614 INFO:teuthology.orchestra.run.smithi043.stdout:/usr/bin/ceph: stderr
2024-04-25T13:34:13.025+0000 7f91c3a96700 1 -- --> [v2:172.21.15.43:3300/0,v1:172.21.15.43:6789/0] -- mon_getmap magic: 0 -- 0x7f91bc07e180 con 0x7f91bc07f7c0
2024-04-25T13:34:19.614 INFO:teuthology.orchestra.run.smithi043.stdout:/usr/bin/ceph: stderr
2024-04-25T13:34:13.026+0000 7f91c1832700 1 --2- >> [v2:172.21.15.43:3300/0,v1:172.21.15.43:6789/0] conn(0x7f91bc07f7c0 0x7f91bc07dc40 unknown :-1 s=BANNER_CONNECTING pgs=0 cs=0 l=0 rev1=0 crypto rx=0 tx=0 comp rx=0 tx=0)._handle_peer_banner_payload supported=3 required=0
2024-04-25T13:34:19.614 INFO:teuthology.orchestra.run.smithi043.stdout:/usr/bin/ceph: stderr
2024-04-25T13:34:13.026+0000 7f91c1832700 1 --2- >> [v2:172.21.15.43:3300/0,v1:172.21.15.43:6789/0] conn(0x7f91bc07f7c0 0x7f91bc07dc40 unknown :-1 s=HELLO_CONNECTING pgs=0 cs=0 l=0 rev1=1 crypto rx=0 tx=0 comp rx=0 tx=0).handle_hello peer v2:172.21.15.43:3300/0 says I am v2:172.21.15.43:60044/0 (socket says 172.21.15.43:60044)
2024-04-25T13:34:19.614 INFO:teuthology.orchestra.run.smithi043.stdout:/usr/bin/ceph: stderr
2024-04-25T13:34:13.026+0000 7f91c1832700 1 -- 172.21.15.43:0/3604890890 learned_addr learned my addr 172.21.15.43:0/3604890890 (peer_addr_for_me v2:172.21.15.43:0/0)
2024-04-25T13:34:19.614 INFO:teuthology.orchestra.run.smithi043.stdout:/usr/bin/ceph: stderr
2024-04-25T13:34:13.026+0000 7f91c1832700 1 -- 172.21.15.43:0/3604890890 --> [v2:172.21.15.43:3300/0,v1:172.21.15.43:6789/0] -- mon_subscribe({config=0+,monmap=0+}) -- 0x7f91bc07e300 con 0x7f91bc07f7c0
2024-04-25T13:34:19.614 INFO:teuthology.orchestra.run.smithi043.stdout:/usr/bin/ceph: stderr
2024-04-25T13:34:13.026+0000 7f91c1832700 1 --2- 172.21.15.43:0/3604890890 >> [v2:172.21.15.43:3300/0,v1:172.21.15.43:6789/0] conn(0x7f91bc07f7c0 0x7f91bc07dc40 secure :-1 s=READY pgs=16 cs=0 l=1 rev1=1 crypto rx=0x7f91b80098a0 tx=0x7f91b8009bb0 comp rx=0 tx=0).ready entity=mon.0 client_cookie=37e275ce89bf75d0 server_cookie=0 in_seq=0 out_seq=0
2024-04-25T13:34:19.614 INFO:teuthology.orchestra.run.smithi043.stdout:/usr/bin/ceph: stderr
2024-04-25T13:34:13.026+0000 7f91c0830700 1 -- 172.21.15.43:0/3604890890 <== mon.0 v2:172.21.15.43:3300/0 1 ==== mon_map magic: 0 ==== 205+0+0 (secure 0 0 0) 0x7f91b8004160 con 0x7f91bc07f7c0
2024-04-25T13:34:19.615 INFO:teuthology.orchestra.run.smithi043.stdout:/usr/bin/ceph: stderr
2024-04-25T13:34:13.026+0000 7f91c0830700 1 -- 172.21.15.43:0/3604890890 <== mon.0 v2:172.21.15.43:3300/0 2 ==== config(25 keys) ==== 1032+0+0 (secure 0 0 0) 0x7f91b8004300 con 0x7f91bc07f7c0
2024-04-25T13:34:19.615 INFO:teuthology.orchestra.run.smithi043.stdout:/usr/bin/ceph: stderr
2024-04-25T13:34:13.026+0000 7f91c0830700 1 -- 172.21.15.43:0/3604890890 <== mon.0 v2:172.21.15.43:3300/0 3 ==== mon_map magic: 0 ==== 205+0+0 (secure 0 0 0) 0x7f91b80119e0 con 0x7f91bc07f7c0
2024-04-25T13:34:19.615 INFO:teuthology.orchestra.run.smithi043.stdout:/usr/bin/ceph: stderr
2024-04-25T13:34:13.027+0000 7f91c3a96700 1 -- 172.21.15.43:0/3604890890 >> [v2:172.21.15.43:3300/0,v1:172.21.15.43:6789/0] conn(0x7f91bc07f7c0 msgr2=0x7f91bc07dc40 secure :-1 s=STATE_CONNECTION_ESTABLISHED l=1).mark_down
2024-04-25T13:34:19.615 INFO:teuthology.orchestra.run.smithi043.stdout:/usr/bin/ceph: stderr
2024-04-25T13:34:13.027+0000 7f91c3a96700 1 --2- 172.21.15.43:0/3604890890 >> [v2:172.21.15.43:3300/0,v1:172.21.15.43:6789/0] conn(0x7f91bc07f7c0 0x7f91bc07dc40 secure :-1 s=READY pgs=16 cs=0 l=1 rev1=1 crypto rx=0x7f91b80098a0 tx=0x7f91b8009bb0 comp rx=0 tx=0).stop
2024-04-25T13:34:19.615 INFO:teuthology.orchestra.run.smithi043.stdout:/usr/bin/ceph: stderr
2024-04-25T13:34:13.027+0000 7f91c3a96700 1 -- 172.21.15.43:0/3604890890 shutdown_connections
2024-04-25T13:34:19.615 INFO:teuthology.orchestra.run.smithi043.stdout:/usr/bin/ceph: stderr
2024-04-25T13:34:13.027+0000 7f91c3a96700 1 --2- 172.21.15.43:0/3604890890 >> [v2:172.21.15.43:3300/0,v1:172.21.15.43:6789/0] conn(0x7f91bc07f7c0 0x7f91bc07dc40 unknown :-1 s=CLOSED pgs=16 cs=0 l=1 rev1=1 crypto rx=0 tx=0 comp rx=0 tx=0).stop
2024-04-25T13:34:19.615 INFO:teuthology.orchestra.run.smithi043.stdout:/usr/bin/ceph: stderr
2024-04-25T13:34:13.027+0000 7f91c3a96700 1 -- 172.21.15.43:0/3604890890 >> 172.21.15.43:0/3604890890 conn(0x7f91bc104f90 msgr2=0x7f91bc1073e0 unknown :-1 s=STATE_NONE l=0).mark_down
2024-04-25T13:34:19.615 INFO:teuthology.orchestra.run.smithi043.stdout:/usr/bin/ceph: stderr
2024-04-25T13:34:13.027+0000 7f91c3a96700 1 -- 172.21.15.43:0/3604890890 shutdown_connections
2024-04-25T13:34:19.615 INFO:teuthology.orchestra.run.smithi043.stdout:/usr/bin/ceph: stderr
2024-04-25T13:34:13.027+0000 7f91c3a96700 1 -- 172.21.15.43:0/3604890890 wait complete.
2024-04-25T13:34:19.615 INFO:teuthology.orchestra.run.smithi043.stdout:/usr/bin/ceph: stderr
2024-04-25T13:34:13.028+0000 7f91c3a96700 1 Processor -- start
2024-04-25T13:34:19.615 INFO:teuthology.orchestra.run.smithi043.stdout:/usr/bin/ceph: stderr
2024-04-25T13:34:13.028+0000 7f91c3a96700 1 -- start start
2024-04-25T13:34:19.615 INFO:teuthology.orchestra.run.smithi043.stdout:/usr/bin/ceph: stderr
2024-04-25T13:34:13.028+0000 7f91c3a96700 1 --2- >> [v2:172.21.15.43:3300/0,v1:172.21.15.43:6789/0] conn(0x7f91bc07f7c0 0x7f91bc19fd60 unknown :-1 s=NONE pgs=0 cs=0 l=1 rev1=0 crypto rx=0 tx=0 comp rx=0 tx=0).connect
2024-04-25T13:34:19.616 INFO:teuthology.orchestra.run.smithi043.stdout:/usr/bin/ceph: stderr
2024-04-25T13:34:13.028+0000 7f91c3a96700 1 -- --> [v2:172.21.15.43:3300/0,v1:172.21.15.43:6789/0] -- mon_getmap magic: 0 -- 0x7f91bc10fe70 con 0x7f91bc07f7c0
2024-04-25T13:34:19.616 INFO:teuthology.orchestra.run.smithi043.stdout:/usr/bin/ceph: stderr
2024-04-25T13:34:13.028+0000 7f91c1832700 1 --2- >> [v2:172.21.15.43:3300/0,v1:172.21.15.43:6789/0] conn(0x7f91bc07f7c0 0x7f91bc19fd60 unknown :-1 s=BANNER_CONNECTING pgs=0 cs=0 l=1 rev1=0 crypto rx=0 tx=0 comp rx=0 tx=0)._handle_peer_banner_payload supported=3 required=0
2024-04-25T13:34:19.616 INFO:teuthology.orchestra.run.smithi043.stdout:/usr/bin/ceph: stderr
2024-04-25T13:34:13.028+0000 7f91c1832700 1 --2- >> [v2:172.21.15.43:3300/0,v1:172.21.15.43:6789/0] conn(0x7f91bc07f7c0 0x7f91bc19fd60 unknown :-1 s=HELLO_CONNECTING pgs=0 cs=0 l=1 rev1=1 crypto rx=0 tx=0 comp rx=0 tx=0).handle_hello peer v2:172.21.15.43:3300/0 says I am v2:172.21.15.43:60046/0 (socket says 172.21.15.43:60046)
2024-04-25T13:34:19.616 INFO:teuthology.orchestra.run.smithi043.stdout:/usr/bin/ceph: stderr
2024-04-25T13:34:13.028+0000 7f91c1832700 1 -- 172.21.15.43:0/2993525198 learned_addr learned my addr 172.21.15.43:0/2993525198 (peer_addr_for_me v2:172.21.15.43:0/0)
2024-04-25T13:34:19.616 INFO:teuthology.orchestra.run.smithi043.stdout:/usr/bin/ceph: stderr
2024-04-25T13:34:13.029+0000 7f91c1832700 1 -- 172.21.15.43:0/2993525198 --> [v2:172.21.15.43:3300/0,v1:172.21.15.43:6789/0] -- mon_subscribe({config=0+,monmap=0+}) -- 0x7f91bc1a02a0 con 0x7f91bc07f7c0
2024-04-25T13:34:19.616 INFO:teuthology.orchestra.run.smithi043.stdout:/usr/bin/ceph: stderr
2024-04-25T13:34:13.029+0000 7f91c1832700 1 --2- 172.21.15.43:0/2993525198 >> [v2:172.21.15.43:3300/0,v1:172.21.15.43:6789/0] conn(0x7f91bc07f7c0 0x7f91bc19fd60 secure :-1 s=READY pgs=17 cs=0 l=1 rev1=1 crypto rx=0x7f91b80116a0 tx=0x7f91b8011a60 comp rx=0 tx=0).ready entity=mon.0 client_cookie=0 server_cookie=0 in_seq=0 out_seq=0
2024-04-25T13:34:19.616 INFO:teuthology.orchestra.run.smithi043.stdout:/usr/bin/ceph: stderr
2024-04-25T13:34:13.029+0000 7f91b2ffd700 1 -- 172.21.15.43:0/2993525198 <== mon.0 v2:172.21.15.43:3300/0 1 ==== mon_map magic: 0 ==== 205+0+0 (secure 0 0 0) 0x7f91b80039f0 con 0x7f91bc07f7c0
2024-04-25T13:34:19.616 INFO:teuthology.orchestra.run.smithi043.stdout:/usr/bin/ceph: stderr
2024-04-25T13:34:13.029+0000 7f91c3a96700 1 -- 172.21.15.43:0/2993525198 --> [v2:172.21.15.43:3300/0,v1:172.21.15.43:6789/0] -- mon_subscribe({mgrmap=0+}) -- 0x7f91bc1a0530 con 0x7f91bc07f7c0
2024-04-25T13:34:19.616 INFO:teuthology.orchestra.run.smithi043.stdout:/usr/bin/ceph: stderr
2024-04-25T13:34:13.029+0000 7f91b2ffd700 1 -- 172.21.15.43:0/2993525198 <== mon.0 v2:172.21.15.43:3300/0 2 ==== config(25 keys) ==== 1032+0+0 (secure 0 0 0) 0x7f91b8003b90 con 0x7f91bc07f7c0
2024-04-25T13:34:19.616 INFO:teuthology.orchestra.run.smithi043.stdout:/usr/bin/ceph: stderr
2024-04-25T13:34:13.029+0000 7f91b2ffd700 1 -- 172.21.15.43:0/2993525198 <== mon.0 v2:172.21.15.43:3300/0 3 ==== mon_map magic: 0 ==== 205+0+0 (secure 0 0 0) 0x7f91b801a600 con 0x7f91bc07f7c0
2024-04-25T13:34:19.616 INFO:teuthology.orchestra.run.smithi043.stdout:/usr/bin/ceph: stderr
2024-04-25T13:34:13.029+0000 7f91c3a96700 1 -- 172.21.15.43:0/2993525198 --> [v2:172.21.15.43:3300/0,v1:172.21.15.43:6789/0] -- mon_subscribe({osdmap=0}) -- 0x7f91bc1a3130 con 0x7f91bc07f7c0
2024-04-25T13:34:19.616 INFO:teuthology.orchestra.run.smithi043.stdout:/usr/bin/ceph: stderr
2024-04-25T13:34:13.030+0000 7f91b2ffd700 1 -- 172.21.15.43:0/2993525198 <== mon.0 v2:172.21.15.43:3300/0 4 ==== mgrmap(e 4) ==== 49505+0+0 (secure 0 0 0) 0x7f91b801a8b0 con 0x7f91bc07f7c0
2024-04-25T13:34:19.616 INFO:teuthology.orchestra.run.smithi043.stdout:/usr/bin/ceph: stderr
2024-04-25T13:34:13.030+0000 7f91c3a96700 1 -- 172.21.15.43:0/2993525198 --> [v2:172.21.15.43:3300/0,v1:172.21.15.43:6789/0] -- mon_command({"prefix": "get_command_descriptions"} v 0) -- 0x7f91bc064cf0 con 0x7f91bc07f7c0
2024-04-25T13:34:19.616 INFO:teuthology.orchestra.run.smithi043.stdout:/usr/bin/ceph: stderr
2024-04-25T13:34:13.030+0000 7f91b2ffd700 1 --2- 172.21.15.43:0/2993525198 >> [v2:172.21.15.43:6800/3816223875,v1:172.21.15.43:6801/3816223875] conn(0x7f91a803d5e0 0x7f91a803faf0 unknown :-1 s=NONE pgs=0 cs=0 l=1 rev1=0 crypto rx=0 tx=0 comp rx=0 tx=0).connect
2024-04-25T13:34:19.617 INFO:teuthology.orchestra.run.smithi043.stdout:/usr/bin/ceph: stderr
2024-04-25T13:34:13.030+0000 7f91b2ffd700 1 -- 172.21.15.43:0/2993525198 <== mon.0 v2:172.21.15.43:3300/0 5 ==== osd_map(1..1 src has 1..1) ==== 725+0+0 (secure 0 0 0) 0x7f91b8052990 con 0x7f91bc07f7c0
2024-04-25T13:34:19.617 INFO:teuthology.orchestra.run.smithi043.stdout:/usr/bin/ceph: stderr
2024-04-25T13:34:13.030+0000 7f91c1031700 1 --2- 172.21.15.43:0/2993525198 >> [v2:172.21.15.43:6800/3816223875,v1:172.21.15.43:6801/3816223875] conn(0x7f91a803d5e0 0x7f91a803faf0 unknown :-1 s=BANNER_CONNECTING pgs=0 cs=0 l=1 rev1=0 crypto rx=0 tx=0 comp rx=0 tx=0)._handle_peer_banner_payload supported=3 required=0
2024-04-25T13:34:19.617 INFO:teuthology.orchestra.run.smithi043.stdout:/usr/bin/ceph: stderr
2024-04-25T13:34:13.031+0000 7f91c1031700 1 --2- 172.21.15.43:0/2993525198 >> [v2:172.21.15.43:6800/3816223875,v1:172.21.15.43:6801/3816223875] conn(0x7f91a803d5e0 0x7f91a803faf0 secure :-1 s=READY pgs=6 cs=0 l=1 rev1=1 crypto rx=0x7f91ac006fd0 tx=0x7f91ac006e40 comp rx=0 tx=0).ready entity=mgr.14100 client_cookie=0 server_cookie=0 in_seq=0 out_seq=0
2024-04-25T13:34:19.617 INFO:teuthology.orchestra.run.smithi043.stdout:/usr/bin/ceph: stderr
2024-04-25T13:34:13.036+0000 7f91b2ffd700 1 -- 172.21.15.43:0/2993525198 <== mon.0 v2:172.21.15.43:3300/0 6 ==== mon_command_ack([{"prefix": "get_command_descriptions"}]=0 v0) ==== 72+0+188370 (secure 0 0 0) 0x7f91b802c350 con 0x7f91bc07f7c0
2024-04-25T13:34:19.617 INFO:teuthology.orchestra.run.smithi043.stdout:/usr/bin/ceph: stderr
2024-04-25T13:34:13.328+0000 7f91c3a96700 1 -- 172.21.15.43:0/2993525198 --> [v2:172.21.15.43:3300/0,v1:172.21.15.43:6789/0] -- mon_command({"prefix": "status", "format": "json-pretty"} v 0) -- 0x7f91bc1a37b0 con 0x7f91bc07f7c0
2024-04-25T13:34:19.617 INFO:teuthology.orchestra.run.smithi043.stdout:/usr/bin/ceph: stderr
2024-04-25T13:34:13.328+0000 7f91b2ffd700 1 -- 172.21.15.43:0/2993525198 <== mon.0 v2:172.21.15.43:3300/0 7 ==== mon_command_ack([{"prefix": "status", "format": "json-pretty"}]=0 v0) ==== 79+0+1239 (secure 0 0 0) 0x7f91b800e260 con 0x7f91bc07f7c0
2024-04-25T13:34:19.617 INFO:teuthology.orchestra.run.smithi043.stdout:/usr/bin/ceph: stderr
2024-04-25T13:34:13.330+0000 7f91c3a96700 1 -- 172.21.15.43:0/2993525198 >> [v2:172.21.15.43:6800/3816223875,v1:172.21.15.43:6801/3816223875] conn(0x7f91a803d5e0 msgr2=0x7f91a803faf0 secure :-1 s=STATE_CONNECTION_ESTABLISHED l=1).mark_down
2024-04-25T13:34:19.617 INFO:teuthology.orchestra.run.smithi043.stdout:/usr/bin/ceph: stderr
2024-04-25T13:34:13.330+0000 7f91c3a96700 1 --2- 172.21.15.43:0/2993525198 >> [v2:172.21.15.43:6800/3816223875,v1:172.21.15.43:6801/3816223875] conn(0x7f91a803d5e0 0x7f91a803faf0 secure :-1 s=READY pgs=6 cs=0 l=1 rev1=1 crypto rx=0x7f91ac006fd0 tx=0x7f91ac006e40 comp rx=0 tx=0).stop
2024-04-25T13:34:19.617 INFO:teuthology.orchestra.run.smithi043.stdout:/usr/bin/ceph: stderr
2024-04-25T13:34:13.330+0000 7f91c3a96700 1 -- 172.21.15.43:0/2993525198 >> [v2:172.21.15.43:3300/0,v1:172.21.15.43:6789/0] conn(0x7f91bc07f7c0 msgr2=0x7f91bc19fd60 secure :-1 s=STATE_CONNECTION_ESTABLISHED l=1).mark_down
2024-04-25T13:34:19.617 INFO:teuthology.orchestra.run.smithi043.stdout:/usr/bin/ceph: stderr
2024-04-25T13:34:13.330+0000 7f91c3a96700 1 --2- 172.21.15.43:0/2993525198 >> [v2:172.21.15.43:3300/0,v1:172.21.15.43:6789/0] conn(0x7f91bc07f7c0 0x7f91bc19fd60 secure :-1 s=READY pgs=17 cs=0 l=1 rev1=1 crypto rx=0x7f91b80116a0 tx=0x7f91b8011a60 comp rx=0 tx=0).stop
2024-04-25T13:34:19.617 INFO:teuthology.orchestra.run.smithi043.stdout:/usr/bin/ceph: stderr
2024-04-25T13:34:13.330+0000 7f91c3a96700 1 -- 172.21.15.43:0/2993525198 shutdown_connections
2024-04-25T13:34:19.617 INFO:teuthology.orchestra.run.smithi043.stdout:/usr/bin/ceph: stderr
2024-04-25T13:34:13.330+0000 7f91c3a96700 1 --2- 172.21.15.43:0/2993525198 >> [v2:172.21.15.43:6800/3816223875,v1:172.21.15.43:6801/3816223875] conn(0x7f91a803d5e0 0x7f91a803faf0 unknown :-1 s=CLOSED pgs=6 cs=0 l=1 rev1=1 crypto rx=0 tx=0 comp rx=0 tx=0).stop
2024-04-25T13:34:19.617 INFO:teuthology.orchestra.run.smithi043.stdout:/usr/bin/ceph: stderr
2024-04-25T13:34:13.330+0000 7f91c3a96700 1 --2- 172.21.15.43:0/2993525198 >> [v2:172.21.15.43:3300/0,v1:172.21.15.43:6789/0] conn(0x7f91bc07f7c0 0x7f91bc19fd60 unknown :-1 s=CLOSED pgs=17 cs=0 l=1 rev1=1 crypto rx=0 tx=0 comp rx=0 tx=0).stop
2024-04-25T13:34:19.617 INFO:teuthology.orchestra.run.smithi043.stdout:/usr/bin/ceph: stderr
2024-04-25T13:34:13.330+0000 7f91c3a96700 1 -- 172.21.15.43:0/2993525198 >> 172.21.15.43:0/2993525198 conn(0x7f91bc104f90 msgr2=0x7f91bc1057d0 unknown :-1 s=STATE_NONE l=0).mark_down
2024-04-25T13:34:19.617 INFO:teuthology.orchestra.run.smithi043.stdout:/usr/bin/ceph: stderr
2024-04-25T13:34:13.331+0000 7f91c3a96700 1 -- 172.21.15.43:0/2993525198 shutdown_connections
2024-04-25T13:34:19.618 INFO:teuthology.orchestra.run.smithi043.stdout:/usr/bin/ceph: stderr
2024-04-25T13:34:13.331+0000 7f91c3a96700 1 -- 172.21.15.43:0/2993525198 wait complete.
2024-04-25T13:34:19.618 INFO:teuthology.orchestra.run.smithi043.stdout:mgr is available
2024-04-25T13:34:22.018 INFO:journalctl@ceph.mon.a.smithi043.stdout:Apr 25 13:34:21 smithi043 ceph-mon[29195]: from='client.? 172.21.15.43:0/3444604160' entity='client.admin' cmd=[{"prefix": "config assimilate-conf"}]: dispatch
2024-04-25T13:34:22.287 INFO:teuthology.orchestra.run.smithi043.stdout:/usr/bin/ceph: stdout
2024-04-25T13:34:22.287 INFO:teuthology.orchestra.run.smithi043.stdout:/usr/bin/ceph: stdout [global]
2024-04-25T13:34:22.287 INFO:teuthology.orchestra.run.smithi043.stdout:/usr/bin/ceph: stdout fsid = 394efb6c-0308-11ef-bc93-c7b262605968
2024-04-25T13:34:22.287 INFO:teuthology.orchestra.run.smithi043.stdout:/usr/bin/ceph: stdout mon_cluster_log_file_level = debug
2024-04-25T13:34:22.287 INFO:teuthology.orchestra.run.smithi043.stdout:/usr/bin/ceph: stdout mon_osd_allow_pg_remap = true
2024-04-25T13:34:22.288 INFO:teuthology.orchestra.run.smithi043.stdout:/usr/bin/ceph: stdout mon_osd_allow_primary_affinity = true
2024-04-25T13:34:22.288 INFO:teuthology.orchestra.run.smithi043.stdout:/usr/bin/ceph: stdout mon_warn_on_no_sortbitwise = false
2024-04-25T13:34:22.288 INFO:teuthology.orchestra.run.smithi043.stdout:/usr/bin/ceph: stdout osd_crush_chooseleaf_type = 0
2024-04-25T13:34:22.288 INFO:teuthology.orchestra.run.smithi043.stdout:/usr/bin/ceph: stdout
2024-04-25T13:34:22.288 INFO:teuthology.orchestra.run.smithi043.stdout:/usr/bin/ceph: stdout [mgr]
2024-04-25T13:34:22.288 INFO:teuthology.orchestra.run.smithi043.stdout:/usr/bin/ceph: stdout mgr/telemetry/nag = false
2024-04-25T13:34:22.288 INFO:teuthology.orchestra.run.smithi043.stdout:/usr/bin/ceph: stdout
2024-04-25T13:34:22.288 INFO:teuthology.orchestra.run.smithi043.stdout:/usr/bin/ceph: stdout [osd]
2024-04-25T13:34:22.288 INFO:teuthology.orchestra.run.smithi043.stdout:/usr/bin/ceph: stdout mon_osd_backfillfull_ratio = 0.85
2024-04-25T13:34:22.288 INFO:teuthology.orchestra.run.smithi043.stdout:/usr/bin/ceph: stdout mon_osd_full_ratio = 0.9
2024-04-25T13:34:22.288 INFO:teuthology.orchestra.run.smithi043.stdout:/usr/bin/ceph: stdout mon_osd_nearfull_ratio = 0.8
2024-04-25T13:34:22.288 INFO:teuthology.orchestra.run.smithi043.stdout:/usr/bin/ceph: stdout osd_map_max_advance = 10
2024-04-25T13:34:22.288 INFO:teuthology.orchestra.run.smithi043.stdout:/usr/bin/ceph: stdout osd_sloppy_crc = true
2024-04-25T13:34:22.288 INFO:teuthology.orchestra.run.smithi043.stdout:/usr/bin/ceph: stderr
2024-04-25T13:34:21.496+0000 7f495e4f9700 1 Processor -- start
2024-04-25T13:34:22.288 INFO:teuthology.orchestra.run.smithi043.stdout:/usr/bin/ceph: stderr
2024-04-25T13:34:21.496+0000 7f495e4f9700 1 -- start start
2024-04-25T13:34:22.289 INFO:teuthology.orchestra.run.smithi043.stdout:/usr/bin/ceph: stderr
2024-04-25T13:34:21.496+0000 7f495e4f9700 1 --2- >> [v2:172.21.15.43:3300/0,v1:172.21.15.43:6789/0] conn(0x7f49581098f0 0x7f4958109d00 unknown :-1 s=NONE pgs=0 cs=0 l=0 rev1=0 crypto rx=0 tx=0 comp rx=0 tx=0).connect
2024-04-25T13:34:22.289 INFO:teuthology.orchestra.run.smithi043.stdout:/usr/bin/ceph: stderr
2024-04-25T13:34:21.496+0000 7f495e4f9700 1 -- --> [v2:172.21.15.43:3300/0,v1:172.21.15.43:6789/0] -- mon_getmap magic: 0 -- 0x7f495810a2f0 con 0x7f49581098f0
2024-04-25T13:34:22.289 INFO:teuthology.orchestra.run.smithi043.stdout:/usr/bin/ceph: stderr
2024-04-25T13:34:21.496+0000 7f4957fff700 1 --2- >> [v2:172.21.15.43:3300/0,v1:172.21.15.43:6789/0] conn(0x7f49581098f0 0x7f4958109d00 unknown :-1 s=BANNER_CONNECTING pgs=0 cs=0 l=0 rev1=0 crypto rx=0 tx=0 comp rx=0 tx=0)._handle_peer_banner_payload supported=3 required=0
2024-04-25T13:34:22.289 INFO:teuthology.orchestra.run.smithi043.stdout:/usr/bin/ceph: stderr
2024-04-25T13:34:21.496+0000 7f4957fff700 1 --2- >> [v2:172.21.15.43:3300/0,v1:172.21.15.43:6789/0] conn(0x7f49581098f0 0x7f4958109d00 unknown :-1 s=HELLO_CONNECTING pgs=0 cs=0 l=0 rev1=1 crypto rx=0 tx=0 comp rx=0 tx=0).handle_hello peer v2:172.21.15.43:3300/0 says I am v2:172.21.15.43:59698/0 (socket says 172.21.15.43:59698)
2024-04-25T13:34:22.289 INFO:teuthology.orchestra.run.smithi043.stdout:/usr/bin/ceph: stderr
2024-04-25T13:34:21.496+0000 7f4957fff700 1 -- 172.21.15.43:0/3673759627 learned_addr learned my addr 172.21.15.43:0/3673759627 (peer_addr_for_me v2:172.21.15.43:0/0)
2024-04-25T13:34:22.289 INFO:teuthology.orchestra.run.smithi043.stdout:/usr/bin/ceph: stderr
2024-04-25T13:34:21.497+0000 7f4957fff700 1 -- 172.21.15.43:0/3673759627 --> [v2:172.21.15.43:3300/0,v1:172.21.15.43:6789/0] -- mon_subscribe({config=0+,monmap=0+}) -- 0x7f495810aac0 con 0x7f49581098f0
2024-04-25T13:34:22.289 INFO:teuthology.orchestra.run.smithi043.stdout:/usr/bin/ceph: stderr
2024-04-25T13:34:21.497+0000 7f4957fff700 1 --2- 172.21.15.43:0/3673759627 >> [v2:172.21.15.43:3300/0,v1:172.21.15.43:6789/0] conn(0x7f49581098f0 0x7f4958109d00 secure :-1 s=READY pgs=18 cs=0 l=1 rev1=1 crypto rx=0x7f49480098a0 tx=0x7f4948009bb0 comp rx=0 tx=0).ready entity=mon.0 client_cookie=57675bf3a7efd0c9 server_cookie=0 in_seq=0 out_seq=0
2024-04-25T13:34:22.289 INFO:teuthology.orchestra.run.smithi043.stdout:/usr/bin/ceph: stderr
2024-04-25T13:34:21.497+0000 7f4956ffd700 1 -- 172.21.15.43:0/3673759627 <== mon.0 v2:172.21.15.43:3300/0 1 ==== mon_map magic: 0 ==== 205+0+0 (secure 0 0 0) 0x7f4948004160 con 0x7f49581098f0
2024-04-25T13:34:22.289 INFO:teuthology.orchestra.run.smithi043.stdout:/usr/bin/ceph: stderr
2024-04-25T13:34:21.497+0000 7f4956ffd700 1 -- 172.21.15.43:0/3673759627 <== mon.0 v2:172.21.15.43:3300/0 2 ==== config(25 keys) ==== 1032+0+0 (secure 0 0 0) 0x7f4948004300 con 0x7f49581098f0
2024-04-25T13:34:22.289 INFO:teuthology.orchestra.run.smithi043.stdout:/usr/bin/ceph: stderr
2024-04-25T13:34:21.497+0000 7f4956ffd700 1 -- 172.21.15.43:0/3673759627 <== mon.0 v2:172.21.15.43:3300/0 3 ==== mon_map magic: 0 ==== 205+0+0 (secure 0 0 0) 0x7f49480119e0 con 0x7f49581098f0
2024-04-25T13:34:22.289 INFO:teuthology.orchestra.run.smithi043.stdout:/usr/bin/ceph: stderr
2024-04-25T13:34:21.498+0000 7f495e4f9700 1 -- 172.21.15.43:0/3673759627 >> [v2:172.21.15.43:3300/0,v1:172.21.15.43:6789/0] conn(0x7f49581098f0 msgr2=0x7f4958109d00 secure :-1 s=STATE_CONNECTION_ESTABLISHED l=1).mark_down
2024-04-25T13:34:22.289 INFO:teuthology.orchestra.run.smithi043.stdout:/usr/bin/ceph: stderr
2024-04-25T13:34:21.498+0000 7f495e4f9700 1 --2- 172.21.15.43:0/3673759627 >> [v2:172.21.15.43:3300/0,v1:172.21.15.43:6789/0] conn(0x7f49581098f0 0x7f4958109d00 secure :-1 s=READY pgs=18 cs=0 l=1 rev1=1 crypto rx=0x7f49480098a0 tx=0x7f4948009bb0 comp rx=0 tx=0).stop
2024-04-25T13:34:22.289 INFO:teuthology.orchestra.run.smithi043.stdout:/usr/bin/ceph: stderr
2024-04-25T13:34:21.498+0000 7f495e4f9700 1 -- 172.21.15.43:0/3673759627 shutdown_connections
2024-04-25T13:34:22.289 INFO:teuthology.orchestra.run.smithi043.stdout:/usr/bin/ceph: stderr
2024-04-25T13:34:21.498+0000 7f495e4f9700 1 --2- 172.21.15.43:0/3673759627 >> [v2:172.21.15.43:3300/0,v1:172.21.15.43:6789/0] conn(0x7f49581098f0 0x7f4958109d00 unknown :-1 s=CLOSED pgs=18 cs=0 l=1 rev1=1 crypto rx=0 tx=0 comp rx=0 tx=0).stop
2024-04-25T13:34:22.290 INFO:teuthology.orchestra.run.smithi043.stdout:/usr/bin/ceph: stderr
2024-04-25T13:34:21.498+0000 7f495e4f9700 1 -- 172.21.15.43:0/3673759627 >> 172.21.15.43:0/3673759627 conn(0x7f4958104f50 msgr2=0x7f49581073e0 unknown :-1 s=STATE_NONE l=0).mark_down
2024-04-25T13:34:22.290 INFO:teuthology.orchestra.run.smithi043.stdout:/usr/bin/ceph: stderr
2024-04-25T13:34:21.498+0000 7f495e4f9700 1 -- 172.21.15.43:0/3673759627 shutdown_connections
2024-04-25T13:34:22.290 INFO:teuthology.orchestra.run.smithi043.stdout:/usr/bin/ceph: stderr
2024-04-25T13:34:21.498+0000 7f495e4f9700 1 -- 172.21.15.43:0/3673759627 wait complete.
2024-04-25T13:34:22.290 INFO:teuthology.orchestra.run.smithi043.stdout:/usr/bin/ceph: stderr
2024-04-25T13:34:21.498+0000 7f495e4f9700 1 Processor -- start
2024-04-25T13:34:22.290 INFO:teuthology.orchestra.run.smithi043.stdout:/usr/bin/ceph: stderr
2024-04-25T13:34:21.499+0000 7f495e4f9700 1 -- start start
2024-04-25T13:34:22.290 INFO:teuthology.orchestra.run.smithi043.stdout:/usr/bin/ceph: stderr
2024-04-25T13:34:21.499+0000 7f495e4f9700 1 --2- >> [v2:172.21.15.43:3300/0,v1:172.21.15.43:6789/0] conn(0x7f49581098f0 0x7f495819dbf0 unknown :-1 s=NONE pgs=0 cs=0 l=1 rev1=0 crypto rx=0 tx=0 comp rx=0 tx=0).connect
2024-04-25T13:34:22.290 INFO:teuthology.orchestra.run.smithi043.stdout:/usr/bin/ceph: stderr
2024-04-25T13:34:21.499+0000 7f495e4f9700 1 -- --> [v2:172.21.15.43:3300/0,v1:172.21.15.43:6789/0] -- mon_getmap magic: 0 -- 0x7f495810de70 con 0x7f49581098f0
2024-04-25T13:34:22.290 INFO:teuthology.orchestra.run.smithi043.stdout:/usr/bin/ceph: stderr
2024-04-25T13:34:21.499+0000 7f4957fff700 1 --2- >> [v2:172.21.15.43:3300/0,v1:172.21.15.43:6789/0] conn(0x7f49581098f0 0x7f495819dbf0 unknown :-1 s=BANNER_CONNECTING pgs=0 cs=0 l=1 rev1=0 crypto rx=0 tx=0 comp rx=0 tx=0)._handle_peer_banner_payload supported=3 required=0
2024-04-25T13:34:22.290 INFO:teuthology.orchestra.run.smithi043.stdout:/usr/bin/ceph: stderr
2024-04-25T13:34:21.499+0000 7f4957fff700 1 --2- >> [v2:172.21.15.43:3300/0,v1:172.21.15.43:6789/0] conn(0x7f49581098f0 0x7f495819dbf0 unknown :-1 s=HELLO_CONNECTING pgs=0 cs=0 l=1 rev1=1 crypto rx=0 tx=0 comp rx=0 tx=0).handle_hello peer v2:172.21.15.43:3300/0 says I am v2:172.21.15.43:59706/0 (socket says 172.21.15.43:59706)
2024-04-25T13:34:22.290 INFO:teuthology.orchestra.run.smithi043.stdout:/usr/bin/ceph: stderr
2024-04-25T13:34:21.499+0000 7f4957fff700 1 -- 172.21.15.43:0/3444604160 learned_addr learned my addr 172.21.15.43:0/3444604160 (peer_addr_for_me v2:172.21.15.43:0/0)
2024-04-25T13:34:22.290 INFO:teuthology.orchestra.run.smithi043.stdout:/usr/bin/ceph: stderr
2024-04-25T13:34:21.499+0000 7f4957fff700 1 -- 172.21.15.43:0/3444604160 --> [v2:172.21.15.43:3300/0,v1:172.21.15.43:6789/0] -- mon_subscribe({config=0+,monmap=0+}) -- 0x7f495819e130 con 0x7f49581098f0
2024-04-25T13:34:22.290 INFO:teuthology.orchestra.run.smithi043.stdout:/usr/bin/ceph: stderr
2024-04-25T13:34:21.499+0000 7f4957fff700 1 --2- 172.21.15.43:0/3444604160 >> [v2:172.21.15.43:3300/0,v1:172.21.15.43:6789/0] conn(0x7f49581098f0 0x7f495819dbf0 secure :-1 s=READY pgs=19 cs=0 l=1 rev1=1 crypto rx=0x7f49480119b0 tx=0x7f4948011a90 comp rx=0 tx=0).ready entity=mon.0 client_cookie=0 server_cookie=0 in_seq=0 out_seq=0
2024-04-25T13:34:22.290 INFO:teuthology.orchestra.run.smithi043.stdout:/usr/bin/ceph: stderr
2024-04-25T13:34:21.500+0000 7f49557fa700 1 -- 172.21.15.43:0/3444604160 <== mon.0 v2:172.21.15.43:3300/0 1 ==== mon_map magic: 0 ==== 205+0+0 (secure 0 0 0) 0x7f4948003970 con 0x7f49581098f0
2024-04-25T13:34:22.290 INFO:teuthology.orchestra.run.smithi043.stdout:/usr/bin/ceph: stderr
2024-04-25T13:34:21.500+0000 7f49557fa700 1 -- 172.21.15.43:0/3444604160 <== mon.0 v2:172.21.15.43:3300/0 2 ==== config(25 keys) ==== 1032+0+0 (secure 0 0 0) 0x7f4948003b10 con 0x7f49581098f0
2024-04-25T13:34:22.291 INFO:teuthology.orchestra.run.smithi043.stdout:/usr/bin/ceph: stderr
2024-04-25T13:34:21.500+0000 7f49557fa700 1 -- 172.21.15.43:0/3444604160 <== mon.0 v2:172.21.15.43:3300/0 3 ==== mon_map magic: 0 ==== 205+0+0 (secure 0 0 0) 0x7f4948024610 con 0x7f49581098f0
2024-04-25T13:34:22.291 INFO:teuthology.orchestra.run.smithi043.stdout:/usr/bin/ceph: stderr
2024-04-25T13:34:21.500+0000 7f495e4f9700 1 -- 172.21.15.43:0/3444604160 --> [v2:172.21.15.43:3300/0,v1:172.21.15.43:6789/0] -- mon_subscribe({mgrmap=0+}) -- 0x7f495819e3c0 con 0x7f49581098f0
2024-04-25T13:34:22.291 INFO:teuthology.orchestra.run.smithi043.stdout:/usr/bin/ceph: stderr
2024-04-25T13:34:21.500+0000 7f495e4f9700 1 -- 172.21.15.43:0/3444604160 --> [v2:172.21.15.43:3300/0,v1:172.21.15.43:6789/0] -- mon_subscribe({osdmap=0}) -- 0x7f49581a0fd0 con 0x7f49581098f0
2024-04-25T13:34:22.291 INFO:teuthology.orchestra.run.smithi043.stdout:/usr/bin/ceph: stderr
2024-04-25T13:34:21.501+0000 7f495e4f9700 1 -- 172.21.15.43:0/3444604160 --> [v2:172.21.15.43:3300/0,v1:172.21.15.43:6789/0] -- mon_command({"prefix": "get_command_descriptions"} v 0) -- 0x7f4958064cf0 con 0x7f49581098f0
2024-04-25T13:34:22.291 INFO:teuthology.orchestra.run.smithi043.stdout:/usr/bin/ceph: stderr
2024-04-25T13:34:21.501+0000 7f49557fa700 1 -- 172.21.15.43:0/3444604160 <== mon.0 v2:172.21.15.43:3300/0 4 ==== mgrmap(e 4) ==== 49505+0+0 (secure 0 0 0) 0x7f494802d3f0 con 0x7f49581098f0
2024-04-25T13:34:22.291 INFO:teuthology.orchestra.run.smithi043.stdout:/usr/bin/ceph: stderr
2024-04-25T13:34:21.501+0000 7f49557fa700 1 --2- 172.21.15.43:0/3444604160 >> [v2:172.21.15.43:6800/3816223875,v1:172.21.15.43:6801/3816223875] conn(0x7f494003d630 0x7f494003fb40 unknown :-1 s=NONE pgs=0 cs=0 l=1 rev1=0 crypto rx=0 tx=0 comp rx=0 tx=0).connect
2024-04-25T13:34:22.291 INFO:teuthology.orchestra.run.smithi043.stdout:/usr/bin/ceph: stderr
2024-04-25T13:34:21.501+0000 7f49557fa700 1 -- 172.21.15.43:0/3444604160 <== mon.0 v2:172.21.15.43:3300/0 5 ==== osd_map(1..1 src has 1..1) ==== 725+0+0 (secure 0 0 0) 0x7f49480526f0 con 0x7f49581098f0
2024-04-25T13:34:22.291 INFO:teuthology.orchestra.run.smithi043.stdout:/usr/bin/ceph: stderr
2024-04-25T13:34:21.501+0000 7f49577fe700 1 --2- 172.21.15.43:0/3444604160 >> [v2:172.21.15.43:6800/3816223875,v1:172.21.15.43:6801/3816223875] conn(0x7f494003d630 0x7f494003fb40 unknown :-1 s=BANNER_CONNECTING pgs=0 cs=0 l=1 rev1=0 crypto rx=0 tx=0 comp rx=0 tx=0)._handle_peer_banner_payload supported=3 required=0
2024-04-25T13:34:22.291 INFO:teuthology.orchestra.run.smithi043.stdout:/usr/bin/ceph: stderr
2024-04-25T13:34:21.502+0000 7f49577fe700 1 --2- 172.21.15.43:0/3444604160 >> [v2:172.21.15.43:6800/3816223875,v1:172.21.15.43:6801/3816223875] conn(0x7f494003d630 0x7f494003fb40 secure :-1 s=READY pgs=7 cs=0 l=1 rev1=1 crypto rx=0x7f494c006fd0 tx=0x7f494c006e40 comp rx=0 tx=0).ready entity=mgr.14100 client_cookie=0 server_cookie=0 in_seq=0 out_seq=0
2024-04-25T13:34:22.291 INFO:teuthology.orchestra.run.smithi043.stdout:/usr/bin/ceph: stderr
2024-04-25T13:34:21.506+0000 7f49557fa700 1 -- 172.21.15.43:0/3444604160 <== mon.0 v2:172.21.15.43:3300/0 6 ==== mon_command_ack([{"prefix": "get_command_descriptions"}]=0 v0) ==== 72+0+188370 (secure 0 0 0) 0x7f49480094f0 con 0x7f49581098f0
2024-04-25T13:34:22.291 INFO:teuthology.orchestra.run.smithi043.stdout:/usr/bin/ceph: stderr
2024-04-25T13:34:21.713+0000 7f495e4f9700 1 -- 172.21.15.43:0/3444604160 --> [v2:172.21.15.43:3300/0,v1:172.21.15.43:6789/0] -- mon_command({"prefix": "config assimilate-conf"} v 0) -- 0x7f49581a27d0 con 0x7f49581098f0
2024-04-25T13:34:22.291 INFO:teuthology.orchestra.run.smithi043.stdout:/usr/bin/ceph: stderr
2024-04-25T13:34:21.715+0000 7f49557fa700 1 -- 172.21.15.43:0/3444604160 <== mon.0 v2:172.21.15.43:3300/0 7 ==== mon_command_ack([{"prefix": "config assimilate-conf"}]=0 v3) ==== 70+0+409 (secure 0 0 0) 0x7f4948029df0 con 0x7f49581098f0
2024-04-25T13:34:22.291 INFO:teuthology.orchestra.run.smithi043.stdout:/usr/bin/ceph: stderr
2024-04-25T13:34:21.717+0000 7f495e4f9700 1 -- 172.21.15.43:0/3444604160 >> [v2:172.21.15.43:6800/3816223875,v1:172.21.15.43:6801/3816223875] conn(0x7f494003d630 msgr2=0x7f494003fb40 secure :-1 s=STATE_CONNECTION_ESTABLISHED l=1).mark_down
2024-04-25T13:34:22.291 INFO:teuthology.orchestra.run.smithi043.stdout:/usr/bin/ceph: stderr
2024-04-25T13:34:21.717+0000 7f495e4f9700 1 --2- 172.21.15.43:0/3444604160 >> [v2:172.21.15.43:6800/3816223875,v1:172.21.15.43:6801/3816223875] conn(0x7f494003d630 0x7f494003fb40 secure :-1 s=READY pgs=7 cs=0 l=1 rev1=1 crypto rx=0x7f494c006fd0 tx=0x7f494c006e40 comp rx=0 tx=0).stop
2024-04-25T13:34:22.291 INFO:teuthology.orchestra.run.smithi043.stdout:/usr/bin/ceph: stderr
2024-04-25T13:34:21.717+0000 7f495e4f9700 1 -- 172.21.15.43:0/3444604160 >> [v2:172.21.15.43:3300/0,v1:172.21.15.43:6789/0] conn(0x7f49581098f0 msgr2=0x7f495819dbf0 secure :-1 s=STATE_CONNECTION_ESTABLISHED l=1).mark_down
2024-04-25T13:34:22.292 INFO:teuthology.orchestra.run.smithi043.stdout:/usr/bin/ceph: stderr
2024-04-25T13:34:21.717+0000 7f495e4f9700 1 --2- 172.21.15.43:0/3444604160 >> [v2:172.21.15.43:3300/0,v1:172.21.15.43:6789/0] conn(0x7f49581098f0 0x7f495819dbf0 secure :-1 s=READY pgs=19 cs=0 l=1 rev1=1 crypto rx=0x7f49480119b0 tx=0x7f4948011a90 comp rx=0 tx=0).stop
2024-04-25T13:34:22.292 INFO:teuthology.orchestra.run.smithi043.stdout:/usr/bin/ceph: stderr
2024-04-25T13:34:21.717+0000 7f495e4f9700 1 -- 172.21.15.43:0/3444604160 shutdown_connections
2024-04-25T13:34:22.292 INFO:teuthology.orchestra.run.smithi043.stdout:/usr/bin/ceph: stderr
2024-04-25T13:34:21.717+0000 7f495e4f9700 1 --2- 172.21.15.43:0/3444604160 >> [v2:172.21.15.43:6800/3816223875,v1:172.21.15.43:6801/3816223875] conn(0x7f494003d630 0x7f494003fb40 unknown :-1 s=CLOSED pgs=7 cs=0 l=1 rev1=1 crypto rx=0 tx=0 comp rx=0 tx=0).stop
2024-04-25T13:34:22.292 INFO:teuthology.orchestra.run.smithi043.stdout:/usr/bin/ceph: stderr
2024-04-25T13:34:21.717+0000 7f495e4f9700 1 --2- 172.21.15.43:0/3444604160 >> [v2:172.21.15.43:3300/0,v1:172.21.15.43:6789/0] conn(0x7f49581098f0 0x7f495819dbf0 unknown :-1 s=CLOSED pgs=19 cs=0 l=1 rev1=1 crypto rx=0 tx=0 comp rx=0 tx=0).stop
2024-04-25T13:34:22.292 INFO:teuthology.orchestra.run.smithi043.stdout:/usr/bin/ceph: stderr
2024-04-25T13:34:21.717+0000 7f495e4f9700 1 -- 172.21.15.43:0/3444604160 >> 172.21.15.43:0/3444604160 conn(0x7f4958104f50 msgr2=0x7f49581057f0 unknown :-1 s=STATE_NONE l=0).mark_down
2024-04-25T13:34:22.292 INFO:teuthology.orchestra.run.smithi043.stdout:/usr/bin/ceph: stderr
2024-04-25T13:34:21.717+0000 7f495e4f9700 1 -- 172.21.15.43:0/3444604160 shutdown_connections
2024-04-25T13:34:22.292 INFO:teuthology.orchestra.run.smithi043.stdout:/usr/bin/ceph: stderr
2024-04-25T13:34:21.717+0000 7f495e4f9700 1 -- 172.21.15.43:0/3444604160 wait complete.
2024-04-25T13:34:22.292 INFO:teuthology.orchestra.run.smithi043.stdout:Enabling cephadm module...
2024-04-25T13:34:23.223 INFO:journalctl@ceph.mon.a.smithi043.stdout:Apr 25 13:34:23 smithi043 ceph-mon[29195]: from='client.? 172.21.15.43:0/1154188892' entity='client.admin' cmd=[{"prefix": "mgr module enable", "module": "cephadm"}]: dispatch
2024-04-25T13:34:23.223 INFO:journalctl@ceph.mgr.x.smithi043.stdout:Apr 25 13:34:23 smithi043 ceph-394efb6c-0308-11ef-bc93-c7b262605968-mgr-x[29427]: ignoring --setuser ceph since I am not root
2024-04-25T13:34:23.223 INFO:journalctl@ceph.mgr.x.smithi043.stdout:Apr 25 13:34:23 smithi043 ceph-394efb6c-0308-11ef-bc93-c7b262605968-mgr-x[29427]: ignoring --setgroup ceph since I am not root
2024-04-25T13:34:23.223 INFO:journalctl@ceph.mgr.x.smithi043.stdout:Apr 25 13:34:23 smithi043 ceph-394efb6c-0308-11ef-bc93-c7b262605968-mgr-x[29427]:
2024-04-25T13:34:23.222+0000 7f376edbe200 -1 mgr[py] Module balancer has missing NOTIFY_TYPES member
2024-04-25T13:34:23.529 INFO:journalctl@ceph.mgr.x.smithi043.stdout:Apr 25 13:34:23 smithi043 ceph-394efb6c-0308-11ef-bc93-c7b262605968-mgr-x[29427]:
2024-04-25T13:34:23.419+0000 7f376edbe200 -1 mgr[py] Module orchestrator has missing NOTIFY_TYPES member
2024-04-25T13:34:23.558 INFO:teuthology.orchestra.run.smithi043.stdout:/usr/bin/ceph: stderr
2024-04-25T13:34:22.689+0000 7f4c143b7700 1 Processor -- start
2024-04-25T13:34:23.558 INFO:teuthology.orchestra.run.smithi043.stdout:/usr/bin/ceph: stderr
2024-04-25T13:34:22.689+0000 7f4c143b7700 1 -- start start
2024-04-25T13:34:23.558 INFO:teuthology.orchestra.run.smithi043.stdout:/usr/bin/ceph: stderr
2024-04-25T13:34:22.690+0000 7f4c143b7700 1 --2- >> [v2:172.21.15.43:3300/0,v1:172.21.15.43:6789/0] conn(0x7f4c0c10a480 0x7f4c0c10c8a0 unknown :-1 s=NONE pgs=0 cs=0 l=0 rev1=0 crypto rx=0 tx=0 comp rx=0 tx=0).connect
2024-04-25T13:34:23.558 INFO:teuthology.orchestra.run.smithi043.stdout:/usr/bin/ceph: stderr
2024-04-25T13:34:22.690+0000 7f4c143b7700 1 -- --> [v2:172.21.15.43:3300/0,v1:172.21.15.43:6789/0] -- mon_getmap magic: 0 -- 0x7f4c0c07d7e0 con 0x7f4c0c10a480
2024-04-25T13:34:23.558 INFO:teuthology.orchestra.run.smithi043.stdout:/usr/bin/ceph: stderr
2024-04-25T13:34:22.690+0000 7f4c12153700 1 --2- >> [v2:172.21.15.43:3300/0,v1:172.21.15.43:6789/0] conn(0x7f4c0c10a480 0x7f4c0c10c8a0 unknown :-1 s=BANNER_CONNECTING pgs=0 cs=0 l=0 rev1=0 crypto rx=0 tx=0 comp rx=0 tx=0)._handle_peer_banner_payload supported=3 required=0
2024-04-25T13:34:23.558 INFO:teuthology.orchestra.run.smithi043.stdout:/usr/bin/ceph: stderr
2024-04-25T13:34:22.690+0000 7f4c12153700 1 --2- >> [v2:172.21.15.43:3300/0,v1:172.21.15.43:6789/0] conn(0x7f4c0c10a480 0x7f4c0c10c8a0 unknown :-1 s=HELLO_CONNECTING pgs=0 cs=0 l=0 rev1=1 crypto rx=0 tx=0 comp rx=0 tx=0).handle_hello peer v2:172.21.15.43:3300/0 says I am v2:172.21.15.43:59722/0 (socket says 172.21.15.43:59722)
2024-04-25T13:34:23.558 INFO:teuthology.orchestra.run.smithi043.stdout:/usr/bin/ceph: stderr
2024-04-25T13:34:22.690+0000 7f4c12153700 1 -- 172.21.15.43:0/3583484976 learned_addr learned my addr 172.21.15.43:0/3583484976 (peer_addr_for_me v2:172.21.15.43:0/0)
2024-04-25T13:34:23.559 INFO:teuthology.orchestra.run.smithi043.stdout:/usr/bin/ceph: stderr
2024-04-25T13:34:22.690+0000 7f4c12153700 1 -- 172.21.15.43:0/3583484976 --> [v2:172.21.15.43:3300/0,v1:172.21.15.43:6789/0] -- mon_subscribe({config=0+,monmap=0+}) -- 0x7f4c0c10cde0 con 0x7f4c0c10a480
2024-04-25T13:34:23.559 INFO:teuthology.orchestra.run.smithi043.stdout:/usr/bin/ceph: stderr
2024-04-25T13:34:22.690+0000 7f4c12153700 1 --2- 172.21.15.43:0/3583484976 >> [v2:172.21.15.43:3300/0,v1:172.21.15.43:6789/0] conn(0x7f4c0c10a480 0x7f4c0c10c8a0 secure :-1 s=READY pgs=20 cs=0 l=1 rev1=1 crypto rx=0x7f4c080098a0 tx=0x7f4c08009bb0 comp rx=0 tx=0).ready entity=mon.0 client_cookie=58355180c81ff35e server_cookie=0 in_seq=0 out_seq=0
2024-04-25T13:34:23.559 INFO:teuthology.orchestra.run.smithi043.stdout:/usr/bin/ceph: stderr
2024-04-25T13:34:22.691+0000 7f4c11151700 1 -- 172.21.15.43:0/3583484976 <== mon.0 v2:172.21.15.43:3300/0 1 ==== mon_map magic: 0 ==== 205+0+0 (secure 0 0 0) 0x7f4c08004160 con 0x7f4c0c10a480
2024-04-25T13:34:23.559 INFO:teuthology.orchestra.run.smithi043.stdout:/usr/bin/ceph: stderr
2024-04-25T13:34:22.691+0000 7f4c11151700 1 -- 172.21.15.43:0/3583484976 <== mon.0 v2:172.21.15.43:3300/0 2 ==== config(25 keys) ==== 1032+0+0 (secure 0 0 0) 0x7f4c08004300 con 0x7f4c0c10a480
2024-04-25T13:34:23.559 INFO:teuthology.orchestra.run.smithi043.stdout:/usr/bin/ceph: stderr
2024-04-25T13:34:22.691+0000 7f4c11151700 1 -- 172.21.15.43:0/3583484976 <== mon.0 v2:172.21.15.43:3300/0 3 ==== mon_map magic: 0 ==== 205+0+0 (secure 0 0 0) 0x7f4c080119e0 con 0x7f4c0c10a480
2024-04-25T13:34:23.559 INFO:teuthology.orchestra.run.smithi043.stdout:/usr/bin/ceph: stderr
2024-04-25T13:34:22.691+0000 7f4c143b7700 1 -- 172.21.15.43:0/3583484976 >> [v2:172.21.15.43:3300/0,v1:172.21.15.43:6789/0] conn(0x7f4c0c10a480 msgr2=0x7f4c0c10c8a0 secure :-1 s=STATE_CONNECTION_ESTABLISHED l=1).mark_down
2024-04-25T13:34:23.559 INFO:teuthology.orchestra.run.smithi043.stdout:/usr/bin/ceph: stderr
2024-04-25T13:34:22.691+0000 7f4c143b7700 1 --2- 172.21.15.43:0/3583484976 >> [v2:172.21.15.43:3300/0,v1:172.21.15.43:6789/0] conn(0x7f4c0c10a480 0x7f4c0c10c8a0 secure :-1 s=READY pgs=20 cs=0 l=1 rev1=1 crypto rx=0x7f4c080098a0 tx=0x7f4c08009bb0 comp rx=0 tx=0).stop
2024-04-25T13:34:23.559 INFO:teuthology.orchestra.run.smithi043.stdout:/usr/bin/ceph: stderr
2024-04-25T13:34:22.692+0000 7f4c143b7700 1 -- 172.21.15.43:0/3583484976 shutdown_connections
2024-04-25T13:34:23.559 INFO:teuthology.orchestra.run.smithi043.stdout:/usr/bin/ceph: stderr
2024-04-25T13:34:22.692+0000 7f4c143b7700 1 --2- 172.21.15.43:0/3583484976 >> [v2:172.21.15.43:3300/0,v1:172.21.15.43:6789/0] conn(0x7f4c0c10a480 0x7f4c0c10c8a0 unknown :-1 s=CLOSED pgs=20 cs=0 l=1 rev1=1 crypto rx=0 tx=0 comp rx=0 tx=0).stop
2024-04-25T13:34:23.559 INFO:teuthology.orchestra.run.smithi043.stdout:/usr/bin/ceph: stderr
2024-04-25T13:34:22.692+0000 7f4c143b7700 1 -- 172.21.15.43:0/3583484976 >> 172.21.15.43:0/3583484976 conn(0x7f4c0c103e20 msgr2=0x7f4c0c1062f0 unknown :-1 s=STATE_NONE l=0).mark_down
2024-04-25T13:34:23.559 INFO:teuthology.orchestra.run.smithi043.stdout:/usr/bin/ceph: stderr
2024-04-25T13:34:22.692+0000 7f4c143b7700 1 -- 172.21.15.43:0/3583484976 shutdown_connections
2024-04-25T13:34:23.559 INFO:teuthology.orchestra.run.smithi043.stdout:/usr/bin/ceph: stderr
2024-04-25T13:34:22.692+0000 7f4c143b7700 1 -- 172.21.15.43:0/3583484976 wait complete.
2024-04-25T13:34:23.559 INFO:teuthology.orchestra.run.smithi043.stdout:/usr/bin/ceph: stderr
2024-04-25T13:34:22.692+0000 7f4c143b7700 1 Processor -- start
2024-04-25T13:34:23.559 INFO:teuthology.orchestra.run.smithi043.stdout:/usr/bin/ceph: stderr
2024-04-25T13:34:22.692+0000 7f4c143b7700 1 -- start start
2024-04-25T13:34:23.560 INFO:teuthology.orchestra.run.smithi043.stdout:/usr/bin/ceph: stderr
2024-04-25T13:34:22.693+0000 7f4c143b7700 1 --2- >> [v2:172.21.15.43:3300/0,v1:172.21.15.43:6789/0] conn(0x7f4c0c10a480 0x7f4c0c19dbc0 unknown :-1 s=NONE pgs=0 cs=0 l=1 rev1=0 crypto rx=0 tx=0 comp rx=0 tx=0).connect
2024-04-25T13:34:23.560 INFO:teuthology.orchestra.run.smithi043.stdout:/usr/bin/ceph: stderr
2024-04-25T13:34:22.693+0000 7f4c143b7700 1 -- --> [v2:172.21.15.43:3300/0,v1:172.21.15.43:6789/0] -- mon_getmap magic: 0 -- 0x7f4c0c10dc80 con 0x7f4c0c10a480
2024-04-25T13:34:23.560 INFO:teuthology.orchestra.run.smithi043.stdout:/usr/bin/ceph: stderr
2024-04-25T13:34:22.693+0000 7f4c12153700 1 --2- >> [v2:172.21.15.43:3300/0,v1:172.21.15.43:6789/0] conn(0x7f4c0c10a480 0x7f4c0c19dbc0 unknown :-1 s=BANNER_CONNECTING pgs=0 cs=0 l=1 rev1=0 crypto rx=0 tx=0 comp rx=0 tx=0)._handle_peer_banner_payload supported=3 required=0
2024-04-25T13:34:23.560 INFO:teuthology.orchestra.run.smithi043.stdout:/usr/bin/ceph: stderr
2024-04-25T13:34:22.693+0000 7f4c12153700 1 --2- >> [v2:172.21.15.43:3300/0,v1:172.21.15.43:6789/0] conn(0x7f4c0c10a480 0x7f4c0c19dbc0 unknown :-1 s=HELLO_CONNECTING pgs=0 cs=0 l=1 rev1=1 crypto rx=0 tx=0 comp rx=0 tx=0).handle_hello peer v2:172.21.15.43:3300/0 says I am v2:172.21.15.43:59724/0 (socket says 172.21.15.43:59724)
2024-04-25T13:34:23.560 INFO:teuthology.orchestra.run.smithi043.stdout:/usr/bin/ceph: stderr
2024-04-25T13:34:22.693+0000 7f4c12153700 1 -- 172.21.15.43:0/1154188892 learned_addr learned my addr 172.21.15.43:0/1154188892 (peer_addr_for_me v2:172.21.15.43:0/0)
2024-04-25T13:34:23.560 INFO:teuthology.orchestra.run.smithi043.stdout:/usr/bin/ceph: stderr
2024-04-25T13:34:22.693+0000 7f4c12153700 1 -- 172.21.15.43:0/1154188892 --> [v2:172.21.15.43:3300/0,v1:172.21.15.43:6789/0] -- mon_subscribe({config=0+,monmap=0+}) -- 0x7f4c0c19e100 con 0x7f4c0c10a480
2024-04-25T13:34:23.560 INFO:teuthology.orchestra.run.smithi043.stdout:/usr/bin/ceph: stderr
2024-04-25T13:34:22.693+0000 7f4c12153700 1 --2- 172.21.15.43:0/1154188892 >> [v2:172.21.15.43:3300/0,v1:172.21.15.43:6789/0] conn(0x7f4c0c10a480 0x7f4c0c19dbc0 secure :-1 s=READY pgs=21 cs=0 l=1 rev1=1 crypto rx=0x7f4c080119b0 tx=0x7f4c08011a90 comp rx=0 tx=0).ready entity=mon.0 client_cookie=0 server_cookie=0 in_seq=0 out_seq=0
2024-04-25T13:34:23.560 INFO:teuthology.orchestra.run.smithi043.stdout:/usr/bin/ceph: stderr
2024-04-25T13:34:22.693+0000 7f4c037fe700 1 -- 172.21.15.43:0/1154188892 <== mon.0 v2:172.21.15.43:3300/0 1 ==== mon_map magic: 0 ==== 205+0+0 (secure 0 0 0) 0x7f4c08003af0 con 0x7f4c0c10a480
2024-04-25T13:34:23.560 INFO:teuthology.orchestra.run.smithi043.stdout:/usr/bin/ceph: stderr
2024-04-25T13:34:22.693+0000 7f4c037fe700 1 -- 172.21.15.43:0/1154188892 <== mon.0 v2:172.21.15.43:3300/0 2 ==== config(25 keys) ==== 1032+0+0 (secure 0 0 0) 0x7f4c0801a8a0 con 0x7f4c0c10a480
2024-04-25T13:34:23.560 INFO:teuthology.orchestra.run.smithi043.stdout:/usr/bin/ceph: stderr
2024-04-25T13:34:22.693+0000 7f4c037fe700 1 -- 172.21.15.43:0/1154188892 <== mon.0 v2:172.21.15.43:3300/0 3 ==== mon_map magic: 0 ==== 205+0+0 (secure 0 0 0) 0x7f4c08024830 con 0x7f4c0c10a480
2024-04-25T13:34:23.560 INFO:teuthology.orchestra.run.smithi043.stdout:/usr/bin/ceph: stderr
2024-04-25T13:34:22.693+0000 7f4c143b7700 1 -- 172.21.15.43:0/1154188892 --> [v2:172.21.15.43:3300/0,v1:172.21.15.43:6789/0] -- mon_subscribe({mgrmap=0+}) -- 0x7f4c0c19e390 con 0x7f4c0c10a480
2024-04-25T13:34:23.560 INFO:teuthology.orchestra.run.smithi043.stdout:/usr/bin/ceph: stderr
2024-04-25T13:34:22.694+0000 7f4c143b7700 1 -- 172.21.15.43:0/1154188892 --> [v2:172.21.15.43:3300/0,v1:172.21.15.43:6789/0] -- mon_subscribe({osdmap=0}) -- 0x7f4c0c1a0fa0 con 0x7f4c0c10a480
2024-04-25T13:34:23.560 INFO:teuthology.orchestra.run.smithi043.stdout:/usr/bin/ceph: stderr
2024-04-25T13:34:22.694+0000 7f4c037fe700 1 -- 172.21.15.43:0/1154188892 <== mon.0 v2:172.21.15.43:3300/0 4 ==== mgrmap(e 4) ==== 49505+0+0 (secure 0 0 0) 0x7f4c08022020 con 0x7f4c0c10a480
2024-04-25T13:34:23.560 INFO:teuthology.orchestra.run.smithi043.stdout:/usr/bin/ceph: stderr
2024-04-25T13:34:22.694+0000 7f4c143b7700 1 -- 172.21.15.43:0/1154188892 --> [v2:172.21.15.43:3300/0,v1:172.21.15.43:6789/0] -- mon_command({"prefix": "get_command_descriptions"} v 0) -- 0x7f4c0c064cf0 con 0x7f4c0c10a480
2024-04-25T13:34:23.561 INFO:teuthology.orchestra.run.smithi043.stdout:/usr/bin/ceph: stderr
2024-04-25T13:34:22.695+0000 7f4c037fe700 1 --2- 172.21.15.43:0/1154188892 >> [v2:172.21.15.43:6800/3816223875,v1:172.21.15.43:6801/3816223875] conn(0x7f4bf803d630 0x7f4bf803fb40 unknown :-1 s=NONE pgs=0 cs=0 l=1 rev1=0 crypto rx=0 tx=0 comp rx=0 tx=0).connect
2024-04-25T13:34:23.561 INFO:teuthology.orchestra.run.smithi043.stdout:/usr/bin/ceph: stderr
2024-04-25T13:34:22.695+0000 7f4c037fe700 1 -- 172.21.15.43:0/1154188892 <== mon.0 v2:172.21.15.43:3300/0 5 ==== osd_map(1..1 src has 1..1) ==== 725+0+0 (secure 0 0 0) 0x7f4c08052420 con 0x7f4c0c10a480
2024-04-25T13:34:23.561 INFO:teuthology.orchestra.run.smithi043.stdout:/usr/bin/ceph: stderr
2024-04-25T13:34:22.695+0000 7f4c11952700 1 --2- 172.21.15.43:0/1154188892 >> [v2:172.21.15.43:6800/3816223875,v1:172.21.15.43:6801/3816223875] conn(0x7f4bf803d630 0x7f4bf803fb40 unknown :-1 s=BANNER_CONNECTING pgs=0 cs=0 l=1 rev1=0 crypto rx=0 tx=0 comp rx=0 tx=0)._handle_peer_banner_payload supported=3 required=0
2024-04-25T13:34:23.561 INFO:teuthology.orchestra.run.smithi043.stdout:/usr/bin/ceph: stderr
2024-04-25T13:34:22.695+0000 7f4c11952700 1 --2- 172.21.15.43:0/1154188892 >> [v2:172.21.15.43:6800/3816223875,v1:172.21.15.43:6801/3816223875] conn(0x7f4bf803d630 0x7f4bf803fb40 secure :-1 s=READY pgs=8 cs=0 l=1 rev1=1 crypto rx=0x7f4bfc006fd0 tx=0x7f4bfc006e40 comp rx=0 tx=0).ready entity=mgr.14100 client_cookie=0 server_cookie=0 in_seq=0 out_seq=0
2024-04-25T13:34:23.561 INFO:teuthology.orchestra.run.smithi043.stdout:/usr/bin/ceph: stderr
2024-04-25T13:34:22.700+0000 7f4c037fe700 1 -- 172.21.15.43:0/1154188892 <== mon.0 v2:172.21.15.43:3300/0 6 ==== mon_command_ack([{"prefix": "get_command_descriptions"}]=0 v0) ==== 72+0+188370 (secure 0 0 0) 0x7f4c0800b3e0 con 0x7f4c0c10a480
2024-04-25T13:34:23.561 INFO:teuthology.orchestra.run.smithi043.stdout:/usr/bin/ceph: stderr
