2024-04-25T13:34:22.966+0000 7f4c143b7700 1 -- 172.21.15.43:0/1154188892 --> [v2:172.21.15.43:3300/0,v1:172.21.15.43:6789/0] -- mon_command({"prefix": "mgr module enable", "module": "cephadm"} v 0) -- 0x7f4c0c1a1620 con 0x7f4c0c10a480
2024-04-25T13:34:23.561 INFO:teuthology.orchestra.run.smithi043.stdout:/usr/bin/ceph: stderr
2024-04-25T13:34:23.018+0000 7f4c037fe700 1 -- 172.21.15.43:0/1154188892 <== mon.0 v2:172.21.15.43:3300/0 7 ==== mon_command_ack([{"prefix": "mgr module enable", "module": "cephadm"}]=0 v5) ==== 86+0+0 (secure 0 0 0) 0x7f4c08052180 con 0x7f4c0c10a480
2024-04-25T13:34:23.561 INFO:teuthology.orchestra.run.smithi043.stdout:/usr/bin/ceph: stderr
2024-04-25T13:34:23.020+0000 7f4c037fe700 1 -- 172.21.15.43:0/1154188892 <== mon.0 v2:172.21.15.43:3300/0 8 ==== mgrmap(e 5) ==== 49516+0+0 (secure 0 0 0) 0x7f4c0801aae0 con 0x7f4c0c10a480
2024-04-25T13:34:23.561 INFO:teuthology.orchestra.run.smithi043.stdout:/usr/bin/ceph: stderr
2024-04-25T13:34:23.021+0000 7f4c143b7700 1 -- 172.21.15.43:0/1154188892 >> [v2:172.21.15.43:6800/3816223875,v1:172.21.15.43:6801/3816223875] conn(0x7f4bf803d630 msgr2=0x7f4bf803fb40 secure :-1 s=STATE_CONNECTION_ESTABLISHED l=1).mark_down
2024-04-25T13:34:23.561 INFO:teuthology.orchestra.run.smithi043.stdout:/usr/bin/ceph: stderr
2024-04-25T13:34:23.021+0000 7f4c143b7700 1 --2- 172.21.15.43:0/1154188892 >> [v2:172.21.15.43:6800/3816223875,v1:172.21.15.43:6801/3816223875] conn(0x7f4bf803d630 0x7f4bf803fb40 secure :-1 s=READY pgs=8 cs=0 l=1 rev1=1 crypto rx=0x7f4bfc006fd0 tx=0x7f4bfc006e40 comp rx=0 tx=0).stop
2024-04-25T13:34:23.561 INFO:teuthology.orchestra.run.smithi043.stdout:/usr/bin/ceph: stderr
2024-04-25T13:34:23.021+0000 7f4c143b7700 1 -- 172.21.15.43:0/1154188892 >> [v2:172.21.15.43:3300/0,v1:172.21.15.43:6789/0] conn(0x7f4c0c10a480 msgr2=0x7f4c0c19dbc0 secure :-1 s=STATE_CONNECTION_ESTABLISHED l=1).mark_down
2024-04-25T13:34:23.561 INFO:teuthology.orchestra.run.smithi043.stdout:/usr/bin/ceph: stderr
2024-04-25T13:34:23.021+0000 7f4c143b7700 1 --2- 172.21.15.43:0/1154188892 >> [v2:172.21.15.43:3300/0,v1:172.21.15.43:6789/0] conn(0x7f4c0c10a480 0x7f4c0c19dbc0 secure :-1 s=READY pgs=21 cs=0 l=1 rev1=1 crypto rx=0x7f4c080119b0 tx=0x7f4c08011a90 comp rx=0 tx=0).stop
2024-04-25T13:34:23.561 INFO:teuthology.orchestra.run.smithi043.stdout:/usr/bin/ceph: stderr
2024-04-25T13:34:23.021+0000 7f4c143b7700 1 -- 172.21.15.43:0/1154188892 shutdown_connections
2024-04-25T13:34:23.562 INFO:teuthology.orchestra.run.smithi043.stdout:/usr/bin/ceph: stderr
2024-04-25T13:34:23.021+0000 7f4c143b7700 1 --2- 172.21.15.43:0/1154188892 >> [v2:172.21.15.43:6800/3816223875,v1:172.21.15.43:6801/3816223875] conn(0x7f4bf803d630 0x7f4bf803fb40 unknown :-1 s=CLOSED pgs=8 cs=0 l=1 rev1=1 crypto rx=0 tx=0 comp rx=0 tx=0).stop
2024-04-25T13:34:23.562 INFO:teuthology.orchestra.run.smithi043.stdout:/usr/bin/ceph: stderr
2024-04-25T13:34:23.021+0000 7f4c143b7700 1 --2- 172.21.15.43:0/1154188892 >> [v2:172.21.15.43:3300/0,v1:172.21.15.43:6789/0] conn(0x7f4c0c10a480 0x7f4c0c19dbc0 unknown :-1 s=CLOSED pgs=21 cs=0 l=1 rev1=1 crypto rx=0 tx=0 comp rx=0 tx=0).stop
2024-04-25T13:34:23.562 INFO:teuthology.orchestra.run.smithi043.stdout:/usr/bin/ceph: stderr
2024-04-25T13:34:23.021+0000 7f4c143b7700 1 -- 172.21.15.43:0/1154188892 >> 172.21.15.43:0/1154188892 conn(0x7f4c0c103e20 msgr2=0x7f4c0c104640 unknown :-1 s=STATE_NONE l=0).mark_down
2024-04-25T13:34:23.562 INFO:teuthology.orchestra.run.smithi043.stdout:/usr/bin/ceph: stderr
2024-04-25T13:34:23.021+0000 7f4c143b7700 1 -- 172.21.15.43:0/1154188892 shutdown_connections
2024-04-25T13:34:23.562 INFO:teuthology.orchestra.run.smithi043.stdout:/usr/bin/ceph: stderr
2024-04-25T13:34:23.021+0000 7f4c143b7700 1 -- 172.21.15.43:0/1154188892 wait complete.
2024-04-25T13:34:23.836 INFO:journalctl@ceph.mgr.x.smithi043.stdout:Apr 25 13:34:23 smithi043 ceph-394efb6c-0308-11ef-bc93-c7b262605968-mgr-x[29427]:
2024-04-25T13:34:23.528+0000 7f376edbe200 -1 mgr[py] Module snap_schedule has missing NOTIFY_TYPES member
2024-04-25T13:34:24.156 INFO:journalctl@ceph.mon.a.smithi043.stdout:Apr 25 13:34:24 smithi043 ceph-mon[29195]: from='client.? 172.21.15.43:0/1154188892' entity='client.admin' cmd='[{"prefix": "mgr module enable", "module": "cephadm"}]': finished
2024-04-25T13:34:24.156 INFO:journalctl@ceph.mon.a.smithi043.stdout:Apr 25 13:34:24 smithi043 ceph-mon[29195]: mgrmap e5: x(active, since 12s)
2024-04-25T13:34:24.156 INFO:journalctl@ceph.mgr.x.smithi043.stdout:Apr 25 13:34:23 smithi043 ceph-394efb6c-0308-11ef-bc93-c7b262605968-mgr-x[29427]:
2024-04-25T13:34:23.861+0000 7f376edbe200 -1 mgr[py] Module progress has missing NOTIFY_TYPES member
2024-04-25T13:34:24.156 INFO:journalctl@ceph.mgr.x.smithi043.stdout:Apr 25 13:34:23 smithi043 ceph-394efb6c-0308-11ef-bc93-c7b262605968-mgr-x[29427]:
2024-04-25T13:34:23.957+0000 7f376edbe200 -1 mgr[py] Module influx has missing NOTIFY_TYPES member
2024-04-25T13:34:24.782 INFO:teuthology.orchestra.run.smithi043.stdout:/usr/bin/ceph: stdout {
2024-04-25T13:34:24.782 INFO:teuthology.orchestra.run.smithi043.stdout:/usr/bin/ceph: stdout "epoch": 5,
2024-04-25T13:34:24.782 INFO:teuthology.orchestra.run.smithi043.stdout:/usr/bin/ceph: stdout "available": true,
2024-04-25T13:34:24.782 INFO:teuthology.orchestra.run.smithi043.stdout:/usr/bin/ceph: stdout "active_name": "x",
2024-04-25T13:34:24.782 INFO:teuthology.orchestra.run.smithi043.stdout:/usr/bin/ceph: stdout "num_standby": 0
2024-04-25T13:34:24.782 INFO:teuthology.orchestra.run.smithi043.stdout:/usr/bin/ceph: stdout }
2024-04-25T13:34:24.783 INFO:teuthology.orchestra.run.smithi043.stdout:/usr/bin/ceph: stderr
2024-04-25T13:34:23.949+0000 7f0059f36700 1 Processor -- start
2024-04-25T13:34:24.783 INFO:teuthology.orchestra.run.smithi043.stdout:/usr/bin/ceph: stderr
2024-04-25T13:34:23.949+0000 7f0059f36700 1 -- start start
2024-04-25T13:34:24.783 INFO:teuthology.orchestra.run.smithi043.stdout:/usr/bin/ceph: stderr
2024-04-25T13:34:23.949+0000 7f0059f36700 1 --2- >> [v2:172.21.15.43:3300/0,v1:172.21.15.43:6789/0] conn(0x7f005410a420 0x7f005410c840 unknown :-1 s=NONE pgs=0 cs=0 l=0 rev1=0 crypto rx=0 tx=0 comp rx=0 tx=0).connect
2024-04-25T13:34:24.783 INFO:teuthology.orchestra.run.smithi043.stdout:/usr/bin/ceph: stderr
2024-04-25T13:34:23.949+0000 7f0059f36700 1 -- --> [v2:172.21.15.43:3300/0,v1:172.21.15.43:6789/0] -- mon_getmap magic: 0 -- 0x7f005407ce10 con 0x7f005410a420
2024-04-25T13:34:24.783 INFO:teuthology.orchestra.run.smithi043.stdout:/usr/bin/ceph: stderr
2024-04-25T13:34:23.949+0000 7f00537fe700 1 --2- >> [v2:172.21.15.43:3300/0,v1:172.21.15.43:6789/0] conn(0x7f005410a420 0x7f005410c840 unknown :-1 s=BANNER_CONNECTING pgs=0 cs=0 l=0 rev1=0 crypto rx=0 tx=0 comp rx=0 tx=0)._handle_peer_banner_payload supported=3 required=0
2024-04-25T13:34:24.783 INFO:teuthology.orchestra.run.smithi043.stdout:/usr/bin/ceph: stderr
2024-04-25T13:34:23.949+0000 7f00537fe700 1 --2- >> [v2:172.21.15.43:3300/0,v1:172.21.15.43:6789/0] conn(0x7f005410a420 0x7f005410c840 unknown :-1 s=HELLO_CONNECTING pgs=0 cs=0 l=0 rev1=1 crypto rx=0 tx=0 comp rx=0 tx=0).handle_hello peer v2:172.21.15.43:3300/0 says I am v2:172.21.15.43:59758/0 (socket says 172.21.15.43:59758)
2024-04-25T13:34:24.783 INFO:teuthology.orchestra.run.smithi043.stdout:/usr/bin/ceph: stderr
2024-04-25T13:34:23.949+0000 7f00537fe700 1 -- 172.21.15.43:0/3192948966 learned_addr learned my addr 172.21.15.43:0/3192948966 (peer_addr_for_me v2:172.21.15.43:0/0)
2024-04-25T13:34:24.783 INFO:teuthology.orchestra.run.smithi043.stdout:/usr/bin/ceph: stderr
2024-04-25T13:34:23.949+0000 7f00537fe700 1 -- 172.21.15.43:0/3192948966 --> [v2:172.21.15.43:3300/0,v1:172.21.15.43:6789/0] -- mon_subscribe({config=0+,monmap=0+}) -- 0x7f005410cd80 con 0x7f005410a420
2024-04-25T13:34:24.783 INFO:teuthology.orchestra.run.smithi043.stdout:/usr/bin/ceph: stderr
2024-04-25T13:34:23.950+0000 7f00537fe700 1 --2- 172.21.15.43:0/3192948966 >> [v2:172.21.15.43:3300/0,v1:172.21.15.43:6789/0] conn(0x7f005410a420 0x7f005410c840 secure :-1 s=READY pgs=24 cs=0 l=1 rev1=1 crypto rx=0x7f00440098a0 tx=0x7f0044009bb0 comp rx=0 tx=0).ready entity=mon.0 client_cookie=df8b17dfcb6ffc8a server_cookie=0 in_seq=0 out_seq=0
2024-04-25T13:34:24.783 INFO:teuthology.orchestra.run.smithi043.stdout:/usr/bin/ceph: stderr
2024-04-25T13:34:23.950+0000 7f00527fc700 1 -- 172.21.15.43:0/3192948966 <== mon.0 v2:172.21.15.43:3300/0 1 ==== mon_map magic: 0 ==== 205+0+0 (secure 0 0 0) 0x7f0044004160 con 0x7f005410a420
2024-04-25T13:34:24.783 INFO:teuthology.orchestra.run.smithi043.stdout:/usr/bin/ceph: stderr
2024-04-25T13:34:23.950+0000 7f00527fc700 1 -- 172.21.15.43:0/3192948966 <== mon.0 v2:172.21.15.43:3300/0 2 ==== config(25 keys) ==== 1032+0+0 (secure 0 0 0) 0x7f0044004300 con 0x7f005410a420
2024-04-25T13:34:24.783 INFO:teuthology.orchestra.run.smithi043.stdout:/usr/bin/ceph: stderr
2024-04-25T13:34:23.950+0000 7f00527fc700 1 -- 172.21.15.43:0/3192948966 <== mon.0 v2:172.21.15.43:3300/0 3 ==== mon_map magic: 0 ==== 205+0+0 (secure 0 0 0) 0x7f00440119e0 con 0x7f005410a420
2024-04-25T13:34:24.783 INFO:teuthology.orchestra.run.smithi043.stdout:/usr/bin/ceph: stderr
2024-04-25T13:34:23.951+0000 7f0059f36700 1 -- 172.21.15.43:0/3192948966 >> [v2:172.21.15.43:3300/0,v1:172.21.15.43:6789/0] conn(0x7f005410a420 msgr2=0x7f005410c840 secure :-1 s=STATE_CONNECTION_ESTABLISHED l=1).mark_down
2024-04-25T13:34:24.783 INFO:teuthology.orchestra.run.smithi043.stdout:/usr/bin/ceph: stderr
2024-04-25T13:34:23.951+0000 7f0059f36700 1 --2- 172.21.15.43:0/3192948966 >> [v2:172.21.15.43:3300/0,v1:172.21.15.43:6789/0] conn(0x7f005410a420 0x7f005410c840 secure :-1 s=READY pgs=24 cs=0 l=1 rev1=1 crypto rx=0x7f00440098a0 tx=0x7f0044009bb0 comp rx=0 tx=0).stop
2024-04-25T13:34:24.783 INFO:teuthology.orchestra.run.smithi043.stdout:/usr/bin/ceph: stderr
2024-04-25T13:34:23.951+0000 7f0059f36700 1 -- 172.21.15.43:0/3192948966 shutdown_connections
2024-04-25T13:34:24.784 INFO:teuthology.orchestra.run.smithi043.stdout:/usr/bin/ceph: stderr
2024-04-25T13:34:23.951+0000 7f0059f36700 1 --2- 172.21.15.43:0/3192948966 >> [v2:172.21.15.43:3300/0,v1:172.21.15.43:6789/0] conn(0x7f005410a420 0x7f005410c840 unknown :-1 s=CLOSED pgs=24 cs=0 l=1 rev1=1 crypto rx=0 tx=0 comp rx=0 tx=0).stop
2024-04-25T13:34:24.784 INFO:teuthology.orchestra.run.smithi043.stdout:/usr/bin/ceph: stderr
2024-04-25T13:34:23.951+0000 7f0059f36700 1 -- 172.21.15.43:0/3192948966 >> 172.21.15.43:0/3192948966 conn(0x7f0054103e60 msgr2=0x7f00541062f0 unknown :-1 s=STATE_NONE l=0).mark_down
2024-04-25T13:34:24.784 INFO:teuthology.orchestra.run.smithi043.stdout:/usr/bin/ceph: stderr
2024-04-25T13:34:23.951+0000 7f0059f36700 1 -- 172.21.15.43:0/3192948966 shutdown_connections
2024-04-25T13:34:24.784 INFO:teuthology.orchestra.run.smithi043.stdout:/usr/bin/ceph: stderr
2024-04-25T13:34:23.951+0000 7f0059f36700 1 -- 172.21.15.43:0/3192948966 wait complete.
2024-04-25T13:34:24.784 INFO:teuthology.orchestra.run.smithi043.stdout:/usr/bin/ceph: stderr
2024-04-25T13:34:23.951+0000 7f0059f36700 1 Processor -- start
2024-04-25T13:34:24.784 INFO:teuthology.orchestra.run.smithi043.stdout:/usr/bin/ceph: stderr
2024-04-25T13:34:23.952+0000 7f0059f36700 1 -- start start
2024-04-25T13:34:24.784 INFO:teuthology.orchestra.run.smithi043.stdout:/usr/bin/ceph: stderr
2024-04-25T13:34:23.952+0000 7f0059f36700 1 --2- >> [v2:172.21.15.43:3300/0,v1:172.21.15.43:6789/0] conn(0x7f005410a420 0x7f005419dc60 unknown :-1 s=NONE pgs=0 cs=0 l=1 rev1=0 crypto rx=0 tx=0 comp rx=0 tx=0).connect
2024-04-25T13:34:24.784 INFO:teuthology.orchestra.run.smithi043.stdout:/usr/bin/ceph: stderr
2024-04-25T13:34:23.952+0000 7f0059f36700 1 -- --> [v2:172.21.15.43:3300/0,v1:172.21.15.43:6789/0] -- mon_getmap magic: 0 -- 0x7f005410dc80 con 0x7f005410a420
2024-04-25T13:34:24.784 INFO:teuthology.orchestra.run.smithi043.stdout:/usr/bin/ceph: stderr
2024-04-25T13:34:23.952+0000 7f00537fe700 1 --2- >> [v2:172.21.15.43:3300/0,v1:172.21.15.43:6789/0] conn(0x7f005410a420 0x7f005419dc60 unknown :-1 s=BANNER_CONNECTING pgs=0 cs=0 l=1 rev1=0 crypto rx=0 tx=0 comp rx=0 tx=0)._handle_peer_banner_payload supported=3 required=0
2024-04-25T13:34:24.784 INFO:teuthology.orchestra.run.smithi043.stdout:/usr/bin/ceph: stderr
2024-04-25T13:34:23.952+0000 7f00537fe700 1 --2- >> [v2:172.21.15.43:3300/0,v1:172.21.15.43:6789/0] conn(0x7f005410a420 0x7f005419dc60 unknown :-1 s=HELLO_CONNECTING pgs=0 cs=0 l=1 rev1=1 crypto rx=0 tx=0 comp rx=0 tx=0).handle_hello peer v2:172.21.15.43:3300/0 says I am v2:172.21.15.43:59768/0 (socket says 172.21.15.43:59768)
2024-04-25T13:34:24.784 INFO:teuthology.orchestra.run.smithi043.stdout:/usr/bin/ceph: stderr
2024-04-25T13:34:23.952+0000 7f00537fe700 1 -- 172.21.15.43:0/3496648170 learned_addr learned my addr 172.21.15.43:0/3496648170 (peer_addr_for_me v2:172.21.15.43:0/0)
2024-04-25T13:34:24.785 INFO:teuthology.orchestra.run.smithi043.stdout:/usr/bin/ceph: stderr
2024-04-25T13:34:23.952+0000 7f00537fe700 1 -- 172.21.15.43:0/3496648170 --> [v2:172.21.15.43:3300/0,v1:172.21.15.43:6789/0] -- mon_subscribe({config=0+,monmap=0+}) -- 0x7f005419e1a0 con 0x7f005410a420
2024-04-25T13:34:24.785 INFO:teuthology.orchestra.run.smithi043.stdout:/usr/bin/ceph: stderr
2024-04-25T13:34:23.952+0000 7f00537fe700 1 --2- 172.21.15.43:0/3496648170 >> [v2:172.21.15.43:3300/0,v1:172.21.15.43:6789/0] conn(0x7f005410a420 0x7f005419dc60 secure :-1 s=READY pgs=25 cs=0 l=1 rev1=1 crypto rx=0x7f00440116a0 tx=0x7f0044011a60 comp rx=0 tx=0).ready entity=mon.0 client_cookie=0 server_cookie=0 in_seq=0 out_seq=0
2024-04-25T13:34:24.785 INFO:teuthology.orchestra.run.smithi043.stdout:/usr/bin/ceph: stderr
2024-04-25T13:34:23.953+0000 7f0050ff9700 1 -- 172.21.15.43:0/3496648170 <== mon.0 v2:172.21.15.43:3300/0 1 ==== mon_map magic: 0 ==== 205+0+0 (secure 0 0 0) 0x7f00440039f0 con 0x7f005410a420
2024-04-25T13:34:24.785 INFO:teuthology.orchestra.run.smithi043.stdout:/usr/bin/ceph: stderr
2024-04-25T13:34:23.953+0000 7f0050ff9700 1 -- 172.21.15.43:0/3496648170 <== mon.0 v2:172.21.15.43:3300/0 2 ==== config(25 keys) ==== 1032+0+0 (secure 0 0 0) 0x7f0044003b90 con 0x7f005410a420
2024-04-25T13:34:24.785 INFO:teuthology.orchestra.run.smithi043.stdout:/usr/bin/ceph: stderr
2024-04-25T13:34:23.953+0000 7f0050ff9700 1 -- 172.21.15.43:0/3496648170 <== mon.0 v2:172.21.15.43:3300/0 3 ==== mon_map magic: 0 ==== 205+0+0 (secure 0 0 0) 0x7f004401a600 con 0x7f005410a420
2024-04-25T13:34:24.785 INFO:teuthology.orchestra.run.smithi043.stdout:/usr/bin/ceph: stderr
2024-04-25T13:34:23.953+0000 7f0059f36700 1 -- 172.21.15.43:0/3496648170 --> [v2:172.21.15.43:3300/0,v1:172.21.15.43:6789/0] -- mon_subscribe({mgrmap=0+}) -- 0x7f005419e430 con 0x7f005410a420
2024-04-25T13:34:24.785 INFO:teuthology.orchestra.run.smithi043.stdout:/usr/bin/ceph: stderr
2024-04-25T13:34:23.953+0000 7f0059f36700 1 -- 172.21.15.43:0/3496648170 --> [v2:172.21.15.43:3300/0,v1:172.21.15.43:6789/0] -- mon_subscribe({osdmap=0}) -- 0x7f00541a1040 con 0x7f005410a420
2024-04-25T13:34:24.785 INFO:teuthology.orchestra.run.smithi043.stdout:/usr/bin/ceph: stderr
2024-04-25T13:34:23.954+0000 7f0059f36700 1 -- 172.21.15.43:0/3496648170 --> [v2:172.21.15.43:3300/0,v1:172.21.15.43:6789/0] -- mon_command({"prefix": "get_command_descriptions"} v 0) -- 0x7f0054064cf0 con 0x7f005410a420
2024-04-25T13:34:24.785 INFO:teuthology.orchestra.run.smithi043.stdout:/usr/bin/ceph: stderr
2024-04-25T13:34:23.954+0000 7f0050ff9700 1 -- 172.21.15.43:0/3496648170 <== mon.0 v2:172.21.15.43:3300/0 4 ==== mgrmap(e 5) ==== 49516+0+0 (secure 0 0 0) 0x7f004401a900 con 0x7f005410a420
2024-04-25T13:34:24.785 INFO:teuthology.orchestra.run.smithi043.stdout:/usr/bin/ceph: stderr
2024-04-25T13:34:23.954+0000 7f0050ff9700 1 --2- 172.21.15.43:0/3496648170 >> [v2:172.21.15.43:6800/3816223875,v1:172.21.15.43:6801/3816223875] conn(0x7f004003d5e0 0x7f004003faf0 unknown :-1 s=NONE pgs=0 cs=0 l=1 rev1=0 crypto rx=0 tx=0 comp rx=0 tx=0).connect
2024-04-25T13:34:24.785 INFO:teuthology.orchestra.run.smithi043.stdout:/usr/bin/ceph: stderr
2024-04-25T13:34:23.954+0000 7f0050ff9700 1 -- 172.21.15.43:0/3496648170 <== mon.0 v2:172.21.15.43:3300/0 5 ==== osd_map(1..1 src has 1..1) ==== 725+0+0 (secure 0 0 0) 0x7f0044052970 con 0x7f005410a420
2024-04-25T13:34:24.785 INFO:teuthology.orchestra.run.smithi043.stdout:/usr/bin/ceph: stderr
2024-04-25T13:34:23.954+0000 7f0052ffd700 1 -- 172.21.15.43:0/3496648170 >> [v2:172.21.15.43:6800/3816223875,v1:172.21.15.43:6801/3816223875] conn(0x7f004003d5e0 msgr2=0x7f004003faf0 unknown :-1 s=STATE_CONNECTING_RE l=1).process reconnect failed to v2:172.21.15.43:6800/3816223875
2024-04-25T13:34:24.785 INFO:teuthology.orchestra.run.smithi043.stdout:/usr/bin/ceph: stderr
2024-04-25T13:34:23.954+0000 7f0052ffd700 1 --2- 172.21.15.43:0/3496648170 >> [v2:172.21.15.43:6800/3816223875,v1:172.21.15.43:6801/3816223875] conn(0x7f004003d5e0 0x7f004003faf0 unknown :-1 s=START_CONNECT pgs=0 cs=0 l=1 rev1=0 crypto rx=0 tx=0 comp rx=0 tx=0)._fault waiting 0.200000
2024-04-25T13:34:24.786 INFO:teuthology.orchestra.run.smithi043.stdout:/usr/bin/ceph: stderr
2024-04-25T13:34:23.960+0000 7f0050ff9700 1 -- 172.21.15.43:0/3496648170 <== mon.0 v2:172.21.15.43:3300/0 6 ==== mon_command_ack([{"prefix": "get_command_descriptions"}]=0 v0) ==== 72+0+188370 (secure 0 0 0) 0x7f004402c350 con 0x7f005410a420
2024-04-25T13:34:24.786 INFO:teuthology.orchestra.run.smithi043.stdout:/usr/bin/ceph: stderr
2024-04-25T13:34:24.155+0000 7f0052ffd700 1 -- 172.21.15.43:0/3496648170 >> [v2:172.21.15.43:6800/3816223875,v1:172.21.15.43:6801/3816223875] conn(0x7f004003d5e0 msgr2=0x7f004003faf0 unknown :-1 s=STATE_CONNECTING_RE l=1).process reconnect failed to v2:172.21.15.43:6800/3816223875
2024-04-25T13:34:24.786 INFO:teuthology.orchestra.run.smithi043.stdout:/usr/bin/ceph: stderr
2024-04-25T13:34:24.155+0000 7f0052ffd700 1 --2- 172.21.15.43:0/3496648170 >> [v2:172.21.15.43:6800/3816223875,v1:172.21.15.43:6801/3816223875] conn(0x7f004003d5e0 0x7f004003faf0 unknown :-1 s=START_CONNECT pgs=0 cs=0 l=1 rev1=0 crypto rx=0 tx=0 comp rx=0 tx=0)._fault waiting 0.400000
2024-04-25T13:34:24.786 INFO:teuthology.orchestra.run.smithi043.stdout:/usr/bin/ceph: stderr
2024-04-25T13:34:24.227+0000 7f0059f36700 1 -- 172.21.15.43:0/3496648170 --> [v2:172.21.15.43:3300/0,v1:172.21.15.43:6789/0] -- mon_command({"prefix": "mgr stat"} v 0) -- 0x7f00541a1260 con 0x7f005410a420
2024-04-25T13:34:24.786 INFO:teuthology.orchestra.run.smithi043.stdout:/usr/bin/ceph: stderr
2024-04-25T13:34:24.228+0000 7f0050ff9700 1 -- 172.21.15.43:0/3496648170 <== mon.0 v2:172.21.15.43:3300/0 7 ==== mon_command_ack([{"prefix": "mgr stat"}]=0 v5) ==== 56+0+88 (secure 0 0 0) 0x7f00541a1260 con 0x7f005410a420
2024-04-25T13:34:24.786 INFO:teuthology.orchestra.run.smithi043.stdout:/usr/bin/ceph: stderr
2024-04-25T13:34:24.230+0000 7f0059f36700 1 -- 172.21.15.43:0/3496648170 >> [v2:172.21.15.43:6800/3816223875,v1:172.21.15.43:6801/3816223875] conn(0x7f004003d5e0 msgr2=0x7f004003faf0 unknown :-1 s=STATE_CONNECTING l=1).mark_down
2024-04-25T13:34:24.786 INFO:teuthology.orchestra.run.smithi043.stdout:/usr/bin/ceph: stderr
2024-04-25T13:34:24.230+0000 7f0059f36700 1 --2- 172.21.15.43:0/3496648170 >> [v2:172.21.15.43:6800/3816223875,v1:172.21.15.43:6801/3816223875] conn(0x7f004003d5e0 0x7f004003faf0 unknown :-1 s=START_CONNECT pgs=0 cs=0 l=1 rev1=0 crypto rx=0 tx=0 comp rx=0 tx=0).stop
2024-04-25T13:34:24.786 INFO:teuthology.orchestra.run.smithi043.stdout:/usr/bin/ceph: stderr
2024-04-25T13:34:24.230+0000 7f0059f36700 1 -- 172.21.15.43:0/3496648170 >> [v2:172.21.15.43:3300/0,v1:172.21.15.43:6789/0] conn(0x7f005410a420 msgr2=0x7f005419dc60 secure :-1 s=STATE_CONNECTION_ESTABLISHED l=1).mark_down
2024-04-25T13:34:24.786 INFO:teuthology.orchestra.run.smithi043.stdout:/usr/bin/ceph: stderr
2024-04-25T13:34:24.230+0000 7f0059f36700 1 --2- 172.21.15.43:0/3496648170 >> [v2:172.21.15.43:3300/0,v1:172.21.15.43:6789/0] conn(0x7f005410a420 0x7f005419dc60 secure :-1 s=READY pgs=25 cs=0 l=1 rev1=1 crypto rx=0x7f00440116a0 tx=0x7f0044011a60 comp rx=0 tx=0).stop
2024-04-25T13:34:24.786 INFO:teuthology.orchestra.run.smithi043.stdout:/usr/bin/ceph: stderr
2024-04-25T13:34:24.230+0000 7f0059f36700 1 -- 172.21.15.43:0/3496648170 shutdown_connections
2024-04-25T13:34:24.787 INFO:teuthology.orchestra.run.smithi043.stdout:/usr/bin/ceph: stderr
2024-04-25T13:34:24.230+0000 7f0059f36700 1 --2- 172.21.15.43:0/3496648170 >> [v2:172.21.15.43:6800/3816223875,v1:172.21.15.43:6801/3816223875] conn(0x7f004003d5e0 0x7f004003faf0 unknown :-1 s=CLOSED pgs=0 cs=0 l=1 rev1=0 crypto rx=0 tx=0 comp rx=0 tx=0).stop
2024-04-25T13:34:24.787 INFO:teuthology.orchestra.run.smithi043.stdout:/usr/bin/ceph: stderr
2024-04-25T13:34:24.230+0000 7f0059f36700 1 --2- 172.21.15.43:0/3496648170 >> [v2:172.21.15.43:3300/0,v1:172.21.15.43:6789/0] conn(0x7f005410a420 0x7f005419dc60 unknown :-1 s=CLOSED pgs=25 cs=0 l=1 rev1=1 crypto rx=0 tx=0 comp rx=0 tx=0).stop
2024-04-25T13:34:24.787 INFO:teuthology.orchestra.run.smithi043.stdout:/usr/bin/ceph: stderr
2024-04-25T13:34:24.230+0000 7f0059f36700 1 -- 172.21.15.43:0/3496648170 >> 172.21.15.43:0/3496648170 conn(0x7f0054103e60 msgr2=0x7f0054104690 unknown :-1 s=STATE_NONE l=0).mark_down
2024-04-25T13:34:24.787 INFO:teuthology.orchestra.run.smithi043.stdout:/usr/bin/ceph: stderr
2024-04-25T13:34:24.230+0000 7f0059f36700 1 -- 172.21.15.43:0/3496648170 shutdown_connections
2024-04-25T13:34:24.787 INFO:teuthology.orchestra.run.smithi043.stdout:/usr/bin/ceph: stderr
2024-04-25T13:34:24.230+0000 7f0059f36700 1 -- 172.21.15.43:0/3496648170 wait complete.
2024-04-25T13:34:24.787 INFO:teuthology.orchestra.run.smithi043.stdout:Waiting for the mgr to restart...
2024-04-25T13:34:24.788 INFO:teuthology.orchestra.run.smithi043.stdout:Waiting for mgr epoch 5...
2024-04-25T13:34:25.208 INFO:journalctl@ceph.mon.a.smithi043.stdout:Apr 25 13:34:25 smithi043 ceph-mon[29195]: from='client.? 172.21.15.43:0/3496648170' entity='client.admin' cmd=[{"prefix": "mgr stat"}]: dispatch
2024-04-25T13:34:25.463 INFO:journalctl@ceph.mgr.x.smithi043.stdout:Apr 25 13:34:25 smithi043 ceph-394efb6c-0308-11ef-bc93-c7b262605968-mgr-x[29427]:
2024-04-25T13:34:25.229+0000 7f376edbe200 -1 mgr[py] Module telegraf has missing NOTIFY_TYPES member
2024-04-25T13:34:25.463 INFO:journalctl@ceph.mgr.x.smithi043.stdout:Apr 25 13:34:25 smithi043 ceph-394efb6c-0308-11ef-bc93-c7b262605968-mgr-x[29427]:
2024-04-25T13:34:25.411+0000 7f376edbe200 -1 mgr[py] Module osd_support has missing NOTIFY_TYPES member
2024-04-25T13:34:25.894 INFO:journalctl@ceph.mgr.x.smithi043.stdout:Apr 25 13:34:25 smithi043 ceph-394efb6c-0308-11ef-bc93-c7b262605968-mgr-x[29427]:
2024-04-25T13:34:25.589+0000 7f376edbe200 -1 mgr[py] Module iostat has missing NOTIFY_TYPES member
2024-04-25T13:34:25.894 INFO:journalctl@ceph.mgr.x.smithi043.stdout:Apr 25 13:34:25 smithi043 ceph-394efb6c-0308-11ef-bc93-c7b262605968-mgr-x[29427]:
2024-04-25T13:34:25.893+0000 7f376edbe200 -1 mgr[py] Module alerts has missing NOTIFY_TYPES member
2024-04-25T13:34:26.203 INFO:journalctl@ceph.mgr.x.smithi043.stdout:Apr 25 13:34:25 smithi043 ceph-394efb6c-0308-11ef-bc93-c7b262605968-mgr-x[29427]:
2024-04-25T13:34:25.990+0000 7f376edbe200 -1 mgr[py] Module selftest has missing NOTIFY_TYPES member
2024-04-25T13:34:26.203 INFO:journalctl@ceph.mgr.x.smithi043.stdout:Apr 25 13:34:26 smithi043 ceph-394efb6c-0308-11ef-bc93-c7b262605968-mgr-x[29427]:
2024-04-25T13:34:26.202+0000 7f376edbe200 -1 mgr[py] Module pg_autoscaler has missing NOTIFY_TYPES member
2024-04-25T13:34:26.463 INFO:journalctl@ceph.mgr.x.smithi043.stdout:Apr 25 13:34:26 smithi043 ceph-394efb6c-0308-11ef-bc93-c7b262605968-mgr-x[29427]:
2024-04-25T13:34:26.404+0000 7f376edbe200 -1 mgr[py] Module test_orchestrator has missing NOTIFY_TYPES member
2024-04-25T13:34:27.463 INFO:journalctl@ceph.mgr.x.smithi043.stdout:Apr 25 13:34:27 smithi043 ceph-394efb6c-0308-11ef-bc93-c7b262605968-mgr-x[29427]:
2024-04-25T13:34:27.036+0000 7f376edbe200 -1 mgr[py] Module rook has missing NOTIFY_TYPES member
2024-04-25T13:34:27.797 INFO:journalctl@ceph.mgr.x.smithi043.stdout:Apr 25 13:34:27 smithi043 ceph-394efb6c-0308-11ef-bc93-c7b262605968-mgr-x[29427]:
2024-04-25T13:34:27.483+0000 7f376edbe200 -1 mgr[py] Module volumes has missing NOTIFY_TYPES member
2024-04-25T13:34:27.797 INFO:journalctl@ceph.mgr.x.smithi043.stdout:Apr 25 13:34:27 smithi043 ceph-394efb6c-0308-11ef-bc93-c7b262605968-mgr-x[29427]:
2024-04-25T13:34:27.584+0000 7f376edbe200 -1 mgr[py] Module crash has missing NOTIFY_TYPES member
2024-04-25T13:34:27.798 INFO:journalctl@ceph.mgr.x.smithi043.stdout:Apr 25 13:34:27 smithi043 ceph-394efb6c-0308-11ef-bc93-c7b262605968-mgr-x[29427]:
2024-04-25T13:34:27.796+0000 7f376edbe200 -1 mgr[py] Module rgw has missing NOTIFY_TYPES member
2024-04-25T13:34:28.705 INFO:journalctl@ceph.mgr.x.smithi043.stdout:Apr 25 13:34:28 smithi043 ceph-394efb6c-0308-11ef-bc93-c7b262605968-mgr-x[29427]:
2024-04-25T13:34:28.344+0000 7f376edbe200 -1 mgr[py] Module prometheus has missing NOTIFY_TYPES member
2024-04-25T13:34:28.706 INFO:journalctl@ceph.mgr.x.smithi043.stdout:Apr 25 13:34:28 smithi043 ceph-394efb6c-0308-11ef-bc93-c7b262605968-mgr-x[29427]:
2024-04-25T13:34:28.442+0000 7f376edbe200 -1 mgr[py] Module devicehealth has missing NOTIFY_TYPES member
2024-04-25T13:34:28.963 INFO:journalctl@ceph.mgr.x.smithi043.stdout:Apr 25 13:34:28 smithi043 ceph-394efb6c-0308-11ef-bc93-c7b262605968-mgr-x[29427]:
2024-04-25T13:34:28.704+0000 7f376edbe200 -1 mgr[py] Module telemetry has missing NOTIFY_TYPES member
2024-04-25T13:34:28.963 INFO:journalctl@ceph.mgr.x.smithi043.stdout:Apr 25 13:34:28 smithi043 ceph-394efb6c-0308-11ef-bc93-c7b262605968-mgr-x[29427]:
2024-04-25T13:34:28.843+0000 7f376edbe200 -1 mgr[py] Module diskprediction_local has missing NOTIFY_TYPES member
2024-04-25T13:34:28.963 INFO:journalctl@ceph.mgr.x.smithi043.stdout:Apr 25 13:34:28 smithi043 ceph-394efb6c-0308-11ef-bc93-c7b262605968-mgr-x[29427]:
2024-04-25T13:34:28.943+0000 7f376edbe200 -1 mgr[py] Module osd_perf_query has missing NOTIFY_TYPES member
2024-04-25T13:34:29.385 INFO:journalctl@ceph.mgr.x.smithi043.stdout:Apr 25 13:34:29 smithi043 ceph-394efb6c-0308-11ef-bc93-c7b262605968-mgr-x[29427]:
2024-04-25T13:34:29.069+0000 7f376edbe200 -1 mgr[py] Module rbd_support has missing NOTIFY_TYPES member
2024-04-25T13:34:29.385 INFO:journalctl@ceph.mgr.x.smithi043.stdout:Apr 25 13:34:29 smithi043 ceph-394efb6c-0308-11ef-bc93-c7b262605968-mgr-x[29427]:
2024-04-25T13:34:29.384+0000 7f376edbe200 -1 mgr[py] Module zabbix has missing NOTIFY_TYPES member
2024-04-25T13:34:30.298 INFO:journalctl@ceph.mgr.x.smithi043.stdout:Apr 25 13:34:30 smithi043 ceph-394efb6c-0308-11ef-bc93-c7b262605968-mgr-x[29427]:
2024-04-25T13:34:30.016+0000 7f376edbe200 -1 mgr[py] Module status has missing NOTIFY_TYPES member
2024-04-25T13:34:30.298 INFO:journalctl@ceph.mgr.x.smithi043.stdout:Apr 25 13:34:30 smithi043 ceph-394efb6c-0308-11ef-bc93-c7b262605968-mgr-x[29427]:
2024-04-25T13:34:30.243+0000 7f376edbe200 -1 mgr[py] Module nfs has missing NOTIFY_TYPES member
2024-04-25T13:34:30.713 INFO:journalctl@ceph.mon.a.smithi043.stdout:Apr 25 13:34:30 smithi043 ceph-mon[29195]: Active manager daemon x restarted
2024-04-25T13:34:30.713 INFO:journalctl@ceph.mon.a.smithi043.stdout:Apr 25 13:34:30 smithi043 ceph-mon[29195]: Activating manager daemon x
2024-04-25T13:34:30.713 INFO:journalctl@ceph.mon.a.smithi043.stdout:Apr 25 13:34:30 smithi043 ceph-mon[29195]: osdmap e2: 0 total, 0 up, 0 in
2024-04-25T13:34:30.713 INFO:journalctl@ceph.mon.a.smithi043.stdout:Apr 25 13:34:30 smithi043 ceph-mon[29195]: mgrmap e6: x(active, starting, since 0.00396017s)
2024-04-25T13:34:30.713 INFO:journalctl@ceph.mon.a.smithi043.stdout:Apr 25 13:34:30 smithi043 ceph-mon[29195]: from='mgr.14118 172.21.15.43:0/591770904' entity='mgr.x' cmd=[{"prefix": "mon metadata", "id": "a"}]: dispatch
2024-04-25T13:34:30.713 INFO:journalctl@ceph.mon.a.smithi043.stdout:Apr 25 13:34:30 smithi043 ceph-mon[29195]: from='mgr.14118 172.21.15.43:0/591770904' entity='mgr.x' cmd=[{"prefix": "mgr metadata", "who": "x", "id": "x"}]: dispatch
2024-04-25T13:34:30.714 INFO:journalctl@ceph.mon.a.smithi043.stdout:Apr 25 13:34:30 smithi043 ceph-mon[29195]: from='mgr.14118 172.21.15.43:0/591770904' entity='mgr.x' cmd=[{"prefix": "mds metadata"}]: dispatch
2024-04-25T13:34:30.714 INFO:journalctl@ceph.mon.a.smithi043.stdout:Apr 25 13:34:30 smithi043 ceph-mon[29195]: from='mgr.14118 172.21.15.43:0/591770904' entity='mgr.x' cmd=[{"prefix": "osd metadata"}]: dispatch
2024-04-25T13:34:30.714 INFO:journalctl@ceph.mon.a.smithi043.stdout:Apr 25 13:34:30 smithi043 ceph-mon[29195]: from='mgr.14118 172.21.15.43:0/591770904' entity='mgr.x' cmd=[{"prefix": "mon metadata"}]: dispatch
2024-04-25T13:34:30.714 INFO:journalctl@ceph.mon.a.smithi043.stdout:Apr 25 13:34:30 smithi043 ceph-mon[29195]: Manager daemon x is now available
2024-04-25T13:34:30.714 INFO:journalctl@ceph.mon.a.smithi043.stdout:Apr 25 13:34:30 smithi043 ceph-mon[29195]: from='mgr.14118 172.21.15.43:0/591770904' entity='mgr.x'
2024-04-25T13:34:30.714 INFO:journalctl@ceph.mon.a.smithi043.stdout:Apr 25 13:34:30 smithi043 ceph-mon[29195]: from='mgr.14118 172.21.15.43:0/591770904' entity='mgr.x'
2024-04-25T13:34:30.714 INFO:journalctl@ceph.mon.a.smithi043.stdout:Apr 25 13:34:30 smithi043 ceph-mon[29195]: from='mgr.14118 172.21.15.43:0/591770904' entity='mgr.x' cmd=[{"prefix": "config dump", "format": "json"}]: dispatch
2024-04-25T13:34:30.714 INFO:journalctl@ceph.mon.a.smithi043.stdout:Apr 25 13:34:30 smithi043 ceph-mon[29195]: from='mgr.14118 172.21.15.43:0/591770904' entity='mgr.x' cmd=[{"prefix": "config dump", "format": "json"}]: dispatch
2024-04-25T13:34:31.558 INFO:journalctl@ceph.mon.a.smithi043.stdout:Apr 25 13:34:31 smithi043 ceph-mon[29195]: Found migration_current of "None". Setting to last migration.
2024-04-25T13:34:31.559 INFO:journalctl@ceph.mon.a.smithi043.stdout:Apr 25 13:34:31 smithi043 ceph-mon[29195]: from='mgr.14118 172.21.15.43:0/591770904' entity='mgr.x' cmd=[{"prefix":"config rm","who":"mgr","name":"mgr/rbd_support/x/mirror_snapshot_schedule"}]: dispatch
2024-04-25T13:34:31.559 INFO:journalctl@ceph.mon.a.smithi043.stdout:Apr 25 13:34:31 smithi043 ceph-mon[29195]: from='mgr.14118 172.21.15.43:0/591770904' entity='mgr.x' cmd=[{"prefix":"config rm","who":"mgr","name":"mgr/rbd_support/x/trash_purge_schedule"}]: dispatch
2024-04-25T13:34:31.559 INFO:journalctl@ceph.mon.a.smithi043.stdout:Apr 25 13:34:31 smithi043 ceph-mon[29195]: mgrmap e7: x(active, since 1.00645s)
2024-04-25T13:34:31.852 INFO:teuthology.orchestra.run.smithi043.stdout:/usr/bin/ceph: stdout {
2024-04-25T13:34:31.852 INFO:teuthology.orchestra.run.smithi043.stdout:/usr/bin/ceph: stdout "mgrmap_epoch": 7,
2024-04-25T13:34:31.852 INFO:teuthology.orchestra.run.smithi043.stdout:/usr/bin/ceph: stdout "initialized": true
2024-04-25T13:34:31.852 INFO:teuthology.orchestra.run.smithi043.stdout:/usr/bin/ceph: stdout }
2024-04-25T13:34:31.852 INFO:teuthology.orchestra.run.smithi043.stdout:/usr/bin/ceph: stderr
2024-04-25T13:34:25.229+0000 7f14570bb700 1 Processor -- start
2024-04-25T13:34:31.852 INFO:teuthology.orchestra.run.smithi043.stdout:/usr/bin/ceph: stderr
2024-04-25T13:34:25.229+0000 7f14570bb700 1 -- start start
2024-04-25T13:34:31.852 INFO:teuthology.orchestra.run.smithi043.stdout:/usr/bin/ceph: stderr
2024-04-25T13:34:25.229+0000 7f14570bb700 1 --2- >> [v2:172.21.15.43:3300/0,v1:172.21.15.43:6789/0] conn(0x7f1450108210 0x7f1450108620 unknown :-1 s=NONE pgs=0 cs=0 l=0 rev1=0 crypto rx=0 tx=0 comp rx=0 tx=0).connect
2024-04-25T13:34:31.852 INFO:teuthology.orchestra.run.smithi043.stdout:/usr/bin/ceph: stderr
2024-04-25T13:34:25.229+0000 7f14570bb700 1 -- --> [v2:172.21.15.43:3300/0,v1:172.21.15.43:6789/0] -- mon_getmap magic: 0 -- 0x7f145007cdd0 con 0x7f1450108210
2024-04-25T13:34:31.852 INFO:teuthology.orchestra.run.smithi043.stdout:/usr/bin/ceph: stderr
2024-04-25T13:34:25.229+0000 7f1454e57700 1 --2- >> [v2:172.21.15.43:3300/0,v1:172.21.15.43:6789/0] conn(0x7f1450108210 0x7f1450108620 unknown :-1 s=BANNER_CONNECTING pgs=0 cs=0 l=0 rev1=0 crypto rx=0 tx=0 comp rx=0 tx=0)._handle_peer_banner_payload supported=3 required=0
2024-04-25T13:34:31.852 INFO:teuthology.orchestra.run.smithi043.stdout:/usr/bin/ceph: stderr
2024-04-25T13:34:25.229+0000 7f1454e57700 1 --2- >> [v2:172.21.15.43:3300/0,v1:172.21.15.43:6789/0] conn(0x7f1450108210 0x7f1450108620 unknown :-1 s=HELLO_CONNECTING pgs=0 cs=0 l=0 rev1=1 crypto rx=0 tx=0 comp rx=0 tx=0).handle_hello peer v2:172.21.15.43:3300/0 says I am v2:172.21.15.43:59776/0 (socket says 172.21.15.43:59776)
2024-04-25T13:34:31.852 INFO:teuthology.orchestra.run.smithi043.stdout:/usr/bin/ceph: stderr
2024-04-25T13:34:25.229+0000 7f1454e57700 1 -- 172.21.15.43:0/3865077484 learned_addr learned my addr 172.21.15.43:0/3865077484 (peer_addr_for_me v2:172.21.15.43:0/0)
2024-04-25T13:34:31.852 INFO:teuthology.orchestra.run.smithi043.stdout:/usr/bin/ceph: stderr
2024-04-25T13:34:25.230+0000 7f1454e57700 1 -- 172.21.15.43:0/3865077484 --> [v2:172.21.15.43:3300/0,v1:172.21.15.43:6789/0] -- mon_subscribe({config=0+,monmap=0+}) -- 0x7f1450108b60 con 0x7f1450108210
2024-04-25T13:34:31.852 INFO:teuthology.orchestra.run.smithi043.stdout:/usr/bin/ceph: stderr
2024-04-25T13:34:25.230+0000 7f1454e57700 1 --2- 172.21.15.43:0/3865077484 >> [v2:172.21.15.43:3300/0,v1:172.21.15.43:6789/0] conn(0x7f1450108210 0x7f1450108620 secure :-1 s=READY pgs=26 cs=0 l=1 rev1=1 crypto rx=0x7f14440098a0 tx=0x7f1444009bb0 comp rx=0 tx=0).ready entity=mon.0 client_cookie=b1901cb5925bf04a server_cookie=0 in_seq=0 out_seq=0
2024-04-25T13:34:31.853 INFO:teuthology.orchestra.run.smithi043.stdout:/usr/bin/ceph: stderr
2024-04-25T13:34:25.230+0000 7f144f7fe700 1 -- 172.21.15.43:0/3865077484 <== mon.0 v2:172.21.15.43:3300/0 1 ==== mon_map magic: 0 ==== 205+0+0 (secure 0 0 0) 0x7f1444004160 con 0x7f1450108210
2024-04-25T13:34:31.853 INFO:teuthology.orchestra.run.smithi043.stdout:/usr/bin/ceph: stderr
2024-04-25T13:34:25.230+0000 7f144f7fe700 1 -- 172.21.15.43:0/3865077484 <== mon.0 v2:172.21.15.43:3300/0 2 ==== config(25 keys) ==== 1032+0+0 (secure 0 0 0) 0x7f1444004300 con 0x7f1450108210
2024-04-25T13:34:31.853 INFO:teuthology.orchestra.run.smithi043.stdout:/usr/bin/ceph: stderr
2024-04-25T13:34:25.230+0000 7f144f7fe700 1 -- 172.21.15.43:0/3865077484 <== mon.0 v2:172.21.15.43:3300/0 3 ==== mon_map magic: 0 ==== 205+0+0 (secure 0 0 0) 0x7f14440119e0 con 0x7f1450108210
2024-04-25T13:34:31.853 INFO:teuthology.orchestra.run.smithi043.stdout:/usr/bin/ceph: stderr
2024-04-25T13:34:25.231+0000 7f14570bb700 1 -- 172.21.15.43:0/3865077484 >> [v2:172.21.15.43:3300/0,v1:172.21.15.43:6789/0] conn(0x7f1450108210 msgr2=0x7f1450108620 secure :-1 s=STATE_CONNECTION_ESTABLISHED l=1).mark_down
2024-04-25T13:34:31.853 INFO:teuthology.orchestra.run.smithi043.stdout:/usr/bin/ceph: stderr
2024-04-25T13:34:25.231+0000 7f14570bb700 1 --2- 172.21.15.43:0/3865077484 >> [v2:172.21.15.43:3300/0,v1:172.21.15.43:6789/0] conn(0x7f1450108210 0x7f1450108620 secure :-1 s=READY pgs=26 cs=0 l=1 rev1=1 crypto rx=0x7f14440098a0 tx=0x7f1444009bb0 comp rx=0 tx=0).stop
2024-04-25T13:34:31.853 INFO:teuthology.orchestra.run.smithi043.stdout:/usr/bin/ceph: stderr
2024-04-25T13:34:25.231+0000 7f14570bb700 1 -- 172.21.15.43:0/3865077484 shutdown_connections
2024-04-25T13:34:31.853 INFO:teuthology.orchestra.run.smithi043.stdout:/usr/bin/ceph: stderr
2024-04-25T13:34:25.231+0000 7f14570bb700 1 --2- 172.21.15.43:0/3865077484 >> [v2:172.21.15.43:3300/0,v1:172.21.15.43:6789/0] conn(0x7f1450108210 0x7f1450108620 unknown :-1 s=CLOSED pgs=26 cs=0 l=1 rev1=1 crypto rx=0 tx=0 comp rx=0 tx=0).stop
2024-04-25T13:34:31.853 INFO:teuthology.orchestra.run.smithi043.stdout:/usr/bin/ceph: stderr
2024-04-25T13:34:25.231+0000 7f14570bb700 1 -- 172.21.15.43:0/3865077484 >> 172.21.15.43:0/3865077484 conn(0x7f1450103e40 msgr2=0x7f14501062b0 unknown :-1 s=STATE_NONE l=0).mark_down
2024-04-25T13:34:31.853 INFO:teuthology.orchestra.run.smithi043.stdout:/usr/bin/ceph: stderr
2024-04-25T13:34:25.231+0000 7f14570bb700 1 -- 172.21.15.43:0/3865077484 shutdown_connections
2024-04-25T13:34:31.853 INFO:teuthology.orchestra.run.smithi043.stdout:/usr/bin/ceph: stderr
2024-04-25T13:34:25.231+0000 7f14570bb700 1 -- 172.21.15.43:0/3865077484 wait complete.
2024-04-25T13:34:31.853 INFO:teuthology.orchestra.run.smithi043.stdout:/usr/bin/ceph: stderr
2024-04-25T13:34:25.232+0000 7f14570bb700 1 Processor -- start
2024-04-25T13:34:31.853 INFO:teuthology.orchestra.run.smithi043.stdout:/usr/bin/ceph: stderr
2024-04-25T13:34:25.232+0000 7f14570bb700 1 -- start start
2024-04-25T13:34:31.853 INFO:teuthology.orchestra.run.smithi043.stdout:/usr/bin/ceph: stderr
2024-04-25T13:34:25.232+0000 7f14570bb700 1 --2- >> [v2:172.21.15.43:3300/0,v1:172.21.15.43:6789/0] conn(0x7f1450108210 0x7f145019fde0 unknown :-1 s=NONE pgs=0 cs=0 l=1 rev1=0 crypto rx=0 tx=0 comp rx=0 tx=0).connect
2024-04-25T13:34:31.853 INFO:teuthology.orchestra.run.smithi043.stdout:/usr/bin/ceph: stderr
2024-04-25T13:34:25.232+0000 7f14570bb700 1 -- --> [v2:172.21.15.43:3300/0,v1:172.21.15.43:6789/0] -- mon_getmap magic: 0 -- 0x7f1450109b80 con 0x7f1450108210
2024-04-25T13:34:31.854 INFO:teuthology.orchestra.run.smithi043.stdout:/usr/bin/ceph: stderr
2024-04-25T13:34:25.232+0000 7f1454e57700 1 --2- >> [v2:172.21.15.43:3300/0,v1:172.21.15.43:6789/0] conn(0x7f1450108210 0x7f145019fde0 unknown :-1 s=BANNER_CONNECTING pgs=0 cs=0 l=1 rev1=0 crypto rx=0 tx=0 comp rx=0 tx=0)._handle_peer_banner_payload supported=3 required=0
2024-04-25T13:34:31.854 INFO:teuthology.orchestra.run.smithi043.stdout:/usr/bin/ceph: stderr
2024-04-25T13:34:25.232+0000 7f1454e57700 1 --2- >> [v2:172.21.15.43:3300/0,v1:172.21.15.43:6789/0] conn(0x7f1450108210 0x7f145019fde0 unknown :-1 s=HELLO_CONNECTING pgs=0 cs=0 l=1 rev1=1 crypto rx=0 tx=0 comp rx=0 tx=0).handle_hello peer v2:172.21.15.43:3300/0 says I am v2:172.21.15.43:59780/0 (socket says 172.21.15.43:59780)
2024-04-25T13:34:31.854 INFO:teuthology.orchestra.run.smithi043.stdout:/usr/bin/ceph: stderr
2024-04-25T13:34:25.232+0000 7f1454e57700 1 -- 172.21.15.43:0/2010809147 learned_addr learned my addr 172.21.15.43:0/2010809147 (peer_addr_for_me v2:172.21.15.43:0/0)
2024-04-25T13:34:31.854 INFO:teuthology.orchestra.run.smithi043.stdout:/usr/bin/ceph: stderr
2024-04-25T13:34:25.232+0000 7f1454e57700 1 -- 172.21.15.43:0/2010809147 --> [v2:172.21.15.43:3300/0,v1:172.21.15.43:6789/0] -- mon_subscribe({config=0+,monmap=0+}) -- 0x7f14501a0320 con 0x7f1450108210
2024-04-25T13:34:31.854 INFO:teuthology.orchestra.run.smithi043.stdout:/usr/bin/ceph: stderr
2024-04-25T13:34:25.233+0000 7f1454e57700 1 --2- 172.21.15.43:0/2010809147 >> [v2:172.21.15.43:3300/0,v1:172.21.15.43:6789/0] conn(0x7f1450108210 0x7f145019fde0 secure :-1 s=READY pgs=27 cs=0 l=1 rev1=1 crypto rx=0x7f14440119b0 tx=0x7f1444011a90 comp rx=0 tx=0).ready entity=mon.0 client_cookie=0 server_cookie=0 in_seq=0 out_seq=0
2024-04-25T13:34:31.854 INFO:teuthology.orchestra.run.smithi043.stdout:/usr/bin/ceph: stderr
2024-04-25T13:34:25.233+0000 7f144dffb700 1 -- 172.21.15.43:0/2010809147 <== mon.0 v2:172.21.15.43:3300/0 1 ==== mon_map magic: 0 ==== 205+0+0 (secure 0 0 0) 0x7f1444003af0 con 0x7f1450108210
2024-04-25T13:34:31.854 INFO:teuthology.orchestra.run.smithi043.stdout:/usr/bin/ceph: stderr
2024-04-25T13:34:25.233+0000 7f144dffb700 1 -- 172.21.15.43:0/2010809147 <== mon.0 v2:172.21.15.43:3300/0 2 ==== config(25 keys) ==== 1032+0+0 (secure 0 0 0) 0x7f144401a8a0 con 0x7f1450108210
2024-04-25T13:34:31.854 INFO:teuthology.orchestra.run.smithi043.stdout:/usr/bin/ceph: stderr
2024-04-25T13:34:25.233+0000 7f14570bb700 1 -- 172.21.15.43:0/2010809147 --> [v2:172.21.15.43:3300/0,v1:172.21.15.43:6789/0] -- mon_subscribe({mgrmap=0+}) -- 0x7f14501a05b0 con 0x7f1450108210
2024-04-25T13:34:31.854 INFO:teuthology.orchestra.run.smithi043.stdout:/usr/bin/ceph: stderr
2024-04-25T13:34:25.233+0000 7f144dffb700 1 -- 172.21.15.43:0/2010809147 <== mon.0 v2:172.21.15.43:3300/0 3 ==== mon_map magic: 0 ==== 205+0+0 (secure 0 0 0) 0x7f1444024830 con 0x7f1450108210
2024-04-25T13:34:31.854 INFO:teuthology.orchestra.run.smithi043.stdout:/usr/bin/ceph: stderr
2024-04-25T13:34:25.233+0000 7f14570bb700 1 -- 172.21.15.43:0/2010809147 --> [v2:172.21.15.43:3300/0,v1:172.21.15.43:6789/0] -- mon_subscribe({osdmap=0}) -- 0x7f14501a3180 con 0x7f1450108210
2024-04-25T13:34:31.854 INFO:teuthology.orchestra.run.smithi043.stdout:/usr/bin/ceph: stderr
2024-04-25T13:34:25.234+0000 7f144dffb700 1 -- 172.21.15.43:0/2010809147 <== mon.0 v2:172.21.15.43:3300/0 4 ==== mgrmap(e 5) ==== 49516+0+0 (secure 0 0 0) 0x7f1444022020 con 0x7f1450108210
2024-04-25T13:34:31.854 INFO:teuthology.orchestra.run.smithi043.stdout:/usr/bin/ceph: stderr
2024-04-25T13:34:25.235+0000 7f144dffb700 1 --2- 172.21.15.43:0/2010809147 >> [v2:172.21.15.43:6800/3816223875,v1:172.21.15.43:6801/3816223875] conn(0x7f144003d630 0x7f144003fb40 unknown :-1 s=NONE pgs=0 cs=0 l=1 rev1=0 crypto rx=0 tx=0 comp rx=0 tx=0).connect
2024-04-25T13:34:31.854 INFO:teuthology.orchestra.run.smithi043.stdout:/usr/bin/ceph: stderr
2024-04-25T13:34:25.235+0000 7f144dffb700 1 -- 172.21.15.43:0/2010809147 --> [v2:172.21.15.43:6800/3816223875,v1:172.21.15.43:6801/3816223875] -- command(tid 0: {"prefix": "get_command_descriptions"}) -- 0x7f1440040250 con 0x7f144003d630
2024-04-25T13:34:31.854 INFO:teuthology.orchestra.run.smithi043.stdout:/usr/bin/ceph: stderr
2024-04-25T13:34:25.235+0000 7f144dffb700 1 -- 172.21.15.43:0/2010809147 <== mon.0 v2:172.21.15.43:3300/0 5 ==== osd_map(1..1 src has 1..1) ==== 725+0+0 (secure 0 0 0) 0x7f1444052420 con 0x7f1450108210
2024-04-25T13:34:31.855 INFO:teuthology.orchestra.run.smithi043.stdout:/usr/bin/ceph: stderr
2024-04-25T13:34:25.235+0000 7f144ffff700 1 -- 172.21.15.43:0/2010809147 >> [v2:172.21.15.43:6800/3816223875,v1:172.21.15.43:6801/3816223875] conn(0x7f144003d630 msgr2=0x7f144003fb40 unknown :-1 s=STATE_CONNECTING_RE l=1).process reconnect failed to v2:172.21.15.43:6800/3816223875
2024-04-25T13:34:31.855 INFO:teuthology.orchestra.run.smithi043.stdout:/usr/bin/ceph: stderr
2024-04-25T13:34:25.235+0000 7f144ffff700 1 --2- 172.21.15.43:0/2010809147 >> [v2:172.21.15.43:6800/3816223875,v1:172.21.15.43:6801/3816223875] conn(0x7f144003d630 0x7f144003fb40 unknown :-1 s=START_CONNECT pgs=0 cs=0 l=1 rev1=0 crypto rx=0 tx=0 comp rx=0 tx=0)._fault waiting 0.200000
2024-04-25T13:34:31.855 INFO:teuthology.orchestra.run.smithi043.stdout:/usr/bin/ceph: stderr
2024-04-25T13:34:25.436+0000 7f144ffff700 1 -- 172.21.15.43:0/2010809147 >> [v2:172.21.15.43:6800/3816223875,v1:172.21.15.43:6801/3816223875] conn(0x7f144003d630 msgr2=0x7f144003fb40 unknown :-1 s=STATE_CONNECTING_RE l=1).process reconnect failed to v2:172.21.15.43:6800/3816223875
2024-04-25T13:34:31.855 INFO:teuthology.orchestra.run.smithi043.stdout:/usr/bin/ceph: stderr
2024-04-25T13:34:25.436+0000 7f144ffff700 1 --2- 172.21.15.43:0/2010809147 >> [v2:172.21.15.43:6800/3816223875,v1:172.21.15.43:6801/3816223875] conn(0x7f144003d630 0x7f144003fb40 unknown :-1 s=START_CONNECT pgs=0 cs=0 l=1 rev1=0 crypto rx=0 tx=0 comp rx=0 tx=0)._fault waiting 0.400000
2024-04-25T13:34:31.855 INFO:teuthology.orchestra.run.smithi043.stdout:/usr/bin/ceph: stderr
2024-04-25T13:34:25.837+0000 7f144ffff700 1 -- 172.21.15.43:0/2010809147 >> [v2:172.21.15.43:6800/3816223875,v1:172.21.15.43:6801/3816223875] conn(0x7f144003d630 msgr2=0x7f144003fb40 unknown :-1 s=STATE_CONNECTING_RE l=1).process reconnect failed to v2:172.21.15.43:6800/3816223875
2024-04-25T13:34:31.855 INFO:teuthology.orchestra.run.smithi043.stdout:/usr/bin/ceph: stderr
2024-04-25T13:34:25.837+0000 7f144ffff700 1 --2- 172.21.15.43:0/2010809147 >> [v2:172.21.15.43:6800/3816223875,v1:172.21.15.43:6801/3816223875] conn(0x7f144003d630 0x7f144003fb40 unknown :-1 s=START_CONNECT pgs=0 cs=0 l=1 rev1=0 crypto rx=0 tx=0 comp rx=0 tx=0)._fault waiting 0.800000
2024-04-25T13:34:31.855 INFO:teuthology.orchestra.run.smithi043.stdout:/usr/bin/ceph: stderr
2024-04-25T13:34:26.638+0000 7f144ffff700 1 -- 172.21.15.43:0/2010809147 >> [v2:172.21.15.43:6800/3816223875,v1:172.21.15.43:6801/3816223875] conn(0x7f144003d630 msgr2=0x7f144003fb40 unknown :-1 s=STATE_CONNECTING_RE l=1).process reconnect failed to v2:172.21.15.43:6800/3816223875
2024-04-25T13:34:31.855 INFO:teuthology.orchestra.run.smithi043.stdout:/usr/bin/ceph: stderr
2024-04-25T13:34:26.638+0000 7f144ffff700 1 --2- 172.21.15.43:0/2010809147 >> [v2:172.21.15.43:6800/3816223875,v1:172.21.15.43:6801/3816223875] conn(0x7f144003d630 0x7f144003fb40 unknown :-1 s=START_CONNECT pgs=0 cs=0 l=1 rev1=0 crypto rx=0 tx=0 comp rx=0 tx=0)._fault waiting 1.600000
2024-04-25T13:34:31.855 INFO:teuthology.orchestra.run.smithi043.stdout:/usr/bin/ceph: stderr
2024-04-25T13:34:28.239+0000 7f144ffff700 1 -- 172.21.15.43:0/2010809147 >> [v2:172.21.15.43:6800/3816223875,v1:172.21.15.43:6801/3816223875] conn(0x7f144003d630 msgr2=0x7f144003fb40 unknown :-1 s=STATE_CONNECTING_RE l=1).process reconnect failed to v2:172.21.15.43:6800/3816223875
2024-04-25T13:34:31.855 INFO:teuthology.orchestra.run.smithi043.stdout:/usr/bin/ceph: stderr
2024-04-25T13:34:28.239+0000 7f144ffff700 1 --2- 172.21.15.43:0/2010809147 >> [v2:172.21.15.43:6800/3816223875,v1:172.21.15.43:6801/3816223875] conn(0x7f144003d630 0x7f144003fb40 unknown :-1 s=START_CONNECT pgs=0 cs=0 l=1 rev1=0 crypto rx=0 tx=0 comp rx=0 tx=0)._fault waiting 3.200000
2024-04-25T13:34:31.855 INFO:teuthology.orchestra.run.smithi043.stdout:/usr/bin/ceph: stderr
2024-04-25T13:34:30.248+0000 7f144dffb700 1 -- 172.21.15.43:0/2010809147 <== mon.0 v2:172.21.15.43:3300/0 6 ==== mgrmap(e 6) ==== 49283+0+0 (secure 0 0 0) 0x7f144402d530 con 0x7f1450108210
2024-04-25T13:34:31.855 INFO:teuthology.orchestra.run.smithi043.stdout:/usr/bin/ceph: stderr
2024-04-25T13:34:30.248+0000 7f144dffb700 1 -- 172.21.15.43:0/2010809147 >> [v2:172.21.15.43:6800/3816223875,v1:172.21.15.43:6801/3816223875] conn(0x7f144003d630 msgr2=0x7f144003fb40 unknown :-1 s=STATE_CONNECTING l=1).mark_down
2024-04-25T13:34:31.855 INFO:teuthology.orchestra.run.smithi043.stdout:/usr/bin/ceph: stderr
2024-04-25T13:34:30.248+0000 7f144dffb700 1 --2- 172.21.15.43:0/2010809147 >> [v2:172.21.15.43:6800/3816223875,v1:172.21.15.43:6801/3816223875] conn(0x7f144003d630 0x7f144003fb40 unknown :-1 s=START_CONNECT pgs=0 cs=0 l=1 rev1=0 crypto rx=0 tx=0 comp rx=0 tx=0).stop
2024-04-25T13:34:31.855 INFO:teuthology.orchestra.run.smithi043.stdout:/usr/bin/ceph: stderr
2024-04-25T13:34:31.249+0000 7f144dffb700 1 -- 172.21.15.43:0/2010809147 <== mon.0 v2:172.21.15.43:3300/0 7 ==== mgrmap(e 7) ==== 49410+0+0 (secure 0 0 0) 0x7f144401aa50 con 0x7f1450108210
2024-04-25T13:34:31.856 INFO:teuthology.orchestra.run.smithi043.stdout:/usr/bin/ceph: stderr
2024-04-25T13:34:31.249+0000 7f144dffb700 1 --2- 172.21.15.43:0/2010809147 >> [v2:172.21.15.43:6800/1629086480,v1:172.21.15.43:6801/1629086480] conn(0x7f1440040f70 0x7f1440043390 unknown :-1 s=NONE pgs=0 cs=0 l=1 rev1=0 crypto rx=0 tx=0 comp rx=0 tx=0).connect
2024-04-25T13:34:31.856 INFO:teuthology.orchestra.run.smithi043.stdout:/usr/bin/ceph: stderr
2024-04-25T13:34:31.249+0000 7f144dffb700 1 -- 172.21.15.43:0/2010809147 --> [v2:172.21.15.43:6800/1629086480,v1:172.21.15.43:6801/1629086480] -- command(tid 0: {"prefix": "get_command_descriptions"}) -- 0x7f1444023ec0 con 0x7f1440040f70
2024-04-25T13:34:31.856 INFO:teuthology.orchestra.run.smithi043.stdout:/usr/bin/ceph: stderr
2024-04-25T13:34:31.250+0000 7f144ffff700 1 --2- 172.21.15.43:0/2010809147 >> [v2:172.21.15.43:6800/1629086480,v1:172.21.15.43:6801/1629086480] conn(0x7f1440040f70 0x7f1440043390 unknown :-1 s=BANNER_CONNECTING pgs=0 cs=0 l=1 rev1=0 crypto rx=0 tx=0 comp rx=0 tx=0)._handle_peer_banner_payload supported=3 required=0
2024-04-25T13:34:31.856 INFO:teuthology.orchestra.run.smithi043.stdout:/usr/bin/ceph: stderr
2024-04-25T13:34:31.251+0000 7f144ffff700 1 --2- 172.21.15.43:0/2010809147 >> [v2:172.21.15.43:6800/1629086480,v1:172.21.15.43:6801/1629086480] conn(0x7f1440040f70 0x7f1440043390 secure :-1 s=READY pgs=1 cs=0 l=1 rev1=1 crypto rx=0x7f143c003a10 tx=0x7f143c009290 comp rx=0 tx=0).ready entity=mgr.14118 client_cookie=0 server_cookie=0 in_seq=0 out_seq=0
2024-04-25T13:34:31.856 INFO:teuthology.orchestra.run.smithi043.stdout:/usr/bin/ceph: stderr
2024-04-25T13:34:31.251+0000 7f144dffb700 1 -- 172.21.15.43:0/2010809147 <== mgr.14118 v2:172.21.15.43:6800/1629086480 1 ==== command_reply(tid 0: 0 ) ==== 8+0+9564 (secure 0 0 0) 0x7f1444023ec0 con 0x7f1440040f70
2024-04-25T13:34:31.856 INFO:teuthology.orchestra.run.smithi043.stdout:/usr/bin/ceph: stderr
2024-04-25T13:34:31.259+0000 7f14570bb700 1 -- 172.21.15.43:0/2010809147 --> [v2:172.21.15.43:6800/1629086480,v1:172.21.15.43:6801/1629086480] -- command(tid 1: {"prefix": "mgr_status"}) -- 0x7f1450064cf0 con 0x7f1440040f70
2024-04-25T13:34:31.856 INFO:teuthology.orchestra.run.smithi043.stdout:/usr/bin/ceph: stderr
2024-04-25T13:34:31.260+0000 7f144dffb700 1 -- 172.21.15.43:0/2010809147 <== mgr.14118 v2:172.21.15.43:6800/1629086480 2 ==== command_reply(tid 1: 0 ) ==== 8+0+51 (secure 0 0 0) 0x7f1450064cf0 con 0x7f1440040f70
2024-04-25T13:34:31.856 INFO:teuthology.orchestra.run.smithi043.stdout:/usr/bin/ceph: stderr
2024-04-25T13:34:31.260+0000 7f14570bb700 1 -- 172.21.15.43:0/2010809147 >> [v2:172.21.15.43:6800/1629086480,v1:172.21.15.43:6801/1629086480] conn(0x7f1440040f70 msgr2=0x7f1440043390 secure :-1 s=STATE_CONNECTION_ESTABLISHED l=1).mark_down
2024-04-25T13:34:31.856 INFO:teuthology.orchestra.run.smithi043.stdout:/usr/bin/ceph: stderr
2024-04-25T13:34:31.260+0000 7f14570bb700 1 --2- 172.21.15.43:0/2010809147 >> [v2:172.21.15.43:6800/1629086480,v1:172.21.15.43:6801/1629086480] conn(0x7f1440040f70 0x7f1440043390 secure :-1 s=READY pgs=1 cs=0 l=1 rev1=1 crypto rx=0x7f143c003a10 tx=0x7f143c009290 comp rx=0 tx=0).stop
2024-04-25T13:34:31.856 INFO:teuthology.orchestra.run.smithi043.stdout:/usr/bin/ceph: stderr
