2024-04-25T13:34:48.668+0000 7fa4aa7fc700 1 -- 172.21.15.43:0/2859462577 <== mon.0 v2:172.21.15.43:3300/0 7 ==== mon_command_ack([{prefix=config set, name=mgr/dashboard/ssl_server_port}]=0 v8)=0 v8) ==== 130+0+0 (secure 0 0 0) 0x7fa4b0019e20 con 0x7fa4b410a3e0
2024-04-25T13:34:49.239 INFO:teuthology.orchestra.run.smithi043.stdout:/usr/bin/ceph: stderr
2024-04-25T13:34:48.671+0000 7fa4bb5c2700 1 -- 172.21.15.43:0/2859462577 >> [v2:172.21.15.43:6800/1629086480,v1:172.21.15.43:6801/1629086480] conn(0x7fa4a003d5e0 msgr2=0x7fa4a003faf0 secure :-1 s=STATE_CONNECTION_ESTABLISHED l=1).mark_down
2024-04-25T13:34:49.239 INFO:teuthology.orchestra.run.smithi043.stdout:/usr/bin/ceph: stderr
2024-04-25T13:34:48.671+0000 7fa4bb5c2700 1 --2- 172.21.15.43:0/2859462577 >> [v2:172.21.15.43:6800/1629086480,v1:172.21.15.43:6801/1629086480] conn(0x7fa4a003d5e0 0x7fa4a003faf0 secure :-1 s=READY pgs=15 cs=0 l=1 rev1=1 crypto rx=0x7fa4a4006fd0 tx=0x7fa4a4006e40 comp rx=0 tx=0).stop
2024-04-25T13:34:49.239 INFO:teuthology.orchestra.run.smithi043.stdout:/usr/bin/ceph: stderr
2024-04-25T13:34:48.671+0000 7fa4bb5c2700 1 -- 172.21.15.43:0/2859462577 >> [v2:172.21.15.43:3300/0,v1:172.21.15.43:6789/0] conn(0x7fa4b410a3e0 msgr2=0x7fa4b4109b60 secure :-1 s=STATE_CONNECTION_ESTABLISHED l=1).mark_down
2024-04-25T13:34:49.239 INFO:teuthology.orchestra.run.smithi043.stdout:/usr/bin/ceph: stderr
2024-04-25T13:34:48.671+0000 7fa4bb5c2700 1 --2- 172.21.15.43:0/2859462577 >> [v2:172.21.15.43:3300/0,v1:172.21.15.43:6789/0] conn(0x7fa4b410a3e0 0x7fa4b4109b60 secure :-1 s=READY pgs=52 cs=0 l=1 rev1=1 crypto rx=0x7fa4b0011670 tx=0x7fa4b0011a30 comp rx=0 tx=0).stop
2024-04-25T13:34:49.239 INFO:teuthology.orchestra.run.smithi043.stdout:/usr/bin/ceph: stderr
2024-04-25T13:34:48.671+0000 7fa4bb5c2700 1 -- 172.21.15.43:0/2859462577 shutdown_connections
2024-04-25T13:34:49.239 INFO:teuthology.orchestra.run.smithi043.stdout:/usr/bin/ceph: stderr
2024-04-25T13:34:48.671+0000 7fa4bb5c2700 1 --2- 172.21.15.43:0/2859462577 >> [v2:172.21.15.43:6800/1629086480,v1:172.21.15.43:6801/1629086480] conn(0x7fa4a003d5e0 0x7fa4a003faf0 unknown :-1 s=CLOSED pgs=15 cs=0 l=1 rev1=1 crypto rx=0 tx=0 comp rx=0 tx=0).stop
2024-04-25T13:34:49.239 INFO:teuthology.orchestra.run.smithi043.stdout:/usr/bin/ceph: stderr
2024-04-25T13:34:48.671+0000 7fa4bb5c2700 1 --2- 172.21.15.43:0/2859462577 >> [v2:172.21.15.43:3300/0,v1:172.21.15.43:6789/0] conn(0x7fa4b410a3e0 0x7fa4b4109b60 unknown :-1 s=CLOSED pgs=52 cs=0 l=1 rev1=1 crypto rx=0 tx=0 comp rx=0 tx=0).stop
2024-04-25T13:34:49.239 INFO:teuthology.orchestra.run.smithi043.stdout:/usr/bin/ceph: stderr
2024-04-25T13:34:48.671+0000 7fa4bb5c2700 1 -- 172.21.15.43:0/2859462577 >> 172.21.15.43:0/2859462577 conn(0x7fa4b4103e60 msgr2=0x7fa4b41046a0 unknown :-1 s=STATE_NONE l=0).mark_down
2024-04-25T13:34:49.239 INFO:teuthology.orchestra.run.smithi043.stdout:/usr/bin/ceph: stderr
2024-04-25T13:34:48.671+0000 7fa4bb5c2700 1 -- 172.21.15.43:0/2859462577 shutdown_connections
2024-04-25T13:34:49.239 INFO:teuthology.orchestra.run.smithi043.stdout:/usr/bin/ceph: stderr
2024-04-25T13:34:48.671+0000 7fa4bb5c2700 1 -- 172.21.15.43:0/2859462577 wait complete.
2024-04-25T13:34:49.239 INFO:teuthology.orchestra.run.smithi043.stdout:Enabling the dashboard module...
2024-04-25T13:34:49.856 INFO:journalctl@ceph.mon.a.smithi043.stdout:Apr 25 13:34:49 smithi043 ceph-mon[29195]: from='mgr.14118 172.21.15.43:0/591770904' entity='mgr.x'
2024-04-25T13:34:49.856 INFO:journalctl@ceph.mon.a.smithi043.stdout:Apr 25 13:34:49 smithi043 ceph-mon[29195]: from='client.? 172.21.15.43:0/2859462577' entity='client.admin'
2024-04-25T13:34:50.820 INFO:journalctl@ceph.mon.a.smithi043.stdout:Apr 25 13:34:50 smithi043 ceph-mon[29195]: from='client.? 172.21.15.43:0/950688670' entity='client.admin' cmd=[{"prefix": "mgr module enable", "module": "dashboard"}]: dispatch
2024-04-25T13:34:50.821 INFO:journalctl@ceph.mgr.x.smithi043.stdout:Apr 25 13:34:50 smithi043 ceph-394efb6c-0308-11ef-bc93-c7b262605968-mgr-x[29427]: ignoring --setuser ceph since I am not root
2024-04-25T13:34:50.821 INFO:journalctl@ceph.mgr.x.smithi043.stdout:Apr 25 13:34:50 smithi043 ceph-394efb6c-0308-11ef-bc93-c7b262605968-mgr-x[29427]: ignoring --setgroup ceph since I am not root
2024-04-25T13:34:50.821 INFO:journalctl@ceph.mgr.x.smithi043.stdout:Apr 25 13:34:50 smithi043 ceph-394efb6c-0308-11ef-bc93-c7b262605968-mgr-x[29427]:
2024-04-25T13:34:50.758+0000 7f62f62a1200 -1 mgr[py] Module balancer has missing NOTIFY_TYPES member
2024-04-25T13:34:51.207 INFO:journalctl@ceph.mgr.x.smithi043.stdout:Apr 25 13:34:50 smithi043 ceph-394efb6c-0308-11ef-bc93-c7b262605968-mgr-x[29427]:
2024-04-25T13:34:50.953+0000 7f62f62a1200 -1 mgr[py] Module orchestrator has missing NOTIFY_TYPES member
2024-04-25T13:34:51.207 INFO:journalctl@ceph.mgr.x.smithi043.stdout:Apr 25 13:34:51 smithi043 ceph-394efb6c-0308-11ef-bc93-c7b262605968-mgr-x[29427]:
2024-04-25T13:34:51.062+0000 7f62f62a1200 -1 mgr[py] Module snap_schedule has missing NOTIFY_TYPES member
2024-04-25T13:34:51.463 INFO:journalctl@ceph.mgr.x.smithi043.stdout:Apr 25 13:34:51 smithi043 ceph-394efb6c-0308-11ef-bc93-c7b262605968-mgr-x[29427]:
2024-04-25T13:34:51.391+0000 7f62f62a1200 -1 mgr[py] Module progress has missing NOTIFY_TYPES member
2024-04-25T13:34:51.514 INFO:teuthology.orchestra.run.smithi043.stdout:/usr/bin/ceph: stderr
2024-04-25T13:34:49.661+0000 7f809c910700 1 Processor -- start
2024-04-25T13:34:51.514 INFO:teuthology.orchestra.run.smithi043.stdout:/usr/bin/ceph: stderr
2024-04-25T13:34:49.661+0000 7f809c910700 1 -- start start
2024-04-25T13:34:51.514 INFO:teuthology.orchestra.run.smithi043.stdout:/usr/bin/ceph: stderr
2024-04-25T13:34:49.661+0000 7f809c910700 1 --2- >> [v2:172.21.15.43:3300/0,v1:172.21.15.43:6789/0] conn(0x7f80981087c0 0x7f8098108bd0 unknown :-1 s=NONE pgs=0 cs=0 l=0 rev1=0 crypto rx=0 tx=0 comp rx=0 tx=0).connect
2024-04-25T13:34:51.515 INFO:teuthology.orchestra.run.smithi043.stdout:/usr/bin/ceph: stderr
2024-04-25T13:34:49.661+0000 7f809c910700 1 -- --> [v2:172.21.15.43:3300/0,v1:172.21.15.43:6789/0] -- mon_getmap magic: 0 -- 0x7f80981091c0 con 0x7f80981087c0
2024-04-25T13:34:51.515 INFO:teuthology.orchestra.run.smithi043.stdout:/usr/bin/ceph: stderr
2024-04-25T13:34:49.661+0000 7f809659c700 1 --2- >> [v2:172.21.15.43:3300/0,v1:172.21.15.43:6789/0] conn(0x7f80981087c0 0x7f8098108bd0 unknown :-1 s=BANNER_CONNECTING pgs=0 cs=0 l=0 rev1=0 crypto rx=0 tx=0 comp rx=0 tx=0)._handle_peer_banner_payload supported=3 required=0
2024-04-25T13:34:51.515 INFO:teuthology.orchestra.run.smithi043.stdout:/usr/bin/ceph: stderr
2024-04-25T13:34:49.662+0000 7f809659c700 1 --2- >> [v2:172.21.15.43:3300/0,v1:172.21.15.43:6789/0] conn(0x7f80981087c0 0x7f8098108bd0 unknown :-1 s=HELLO_CONNECTING pgs=0 cs=0 l=0 rev1=1 crypto rx=0 tx=0 comp rx=0 tx=0).handle_hello peer v2:172.21.15.43:3300/0 says I am v2:172.21.15.43:34492/0 (socket says 172.21.15.43:34492)
2024-04-25T13:34:51.515 INFO:teuthology.orchestra.run.smithi043.stdout:/usr/bin/ceph: stderr
2024-04-25T13:34:49.662+0000 7f809659c700 1 -- 172.21.15.43:0/2138189582 learned_addr learned my addr 172.21.15.43:0/2138189582 (peer_addr_for_me v2:172.21.15.43:0/0)
2024-04-25T13:34:51.515 INFO:teuthology.orchestra.run.smithi043.stdout:/usr/bin/ceph: stderr
2024-04-25T13:34:49.662+0000 7f809659c700 1 -- 172.21.15.43:0/2138189582 --> [v2:172.21.15.43:3300/0,v1:172.21.15.43:6789/0] -- mon_subscribe({config=0+,monmap=0+}) -- 0x7f8098109990 con 0x7f80981087c0
2024-04-25T13:34:51.515 INFO:teuthology.orchestra.run.smithi043.stdout:/usr/bin/ceph: stderr
2024-04-25T13:34:49.662+0000 7f809659c700 1 --2- 172.21.15.43:0/2138189582 >> [v2:172.21.15.43:3300/0,v1:172.21.15.43:6789/0] conn(0x7f80981087c0 0x7f8098108bd0 secure :-1 s=READY pgs=53 cs=0 l=1 rev1=1 crypto rx=0x7f80880098a0 tx=0x7f8088009bb0 comp rx=0 tx=0).ready entity=mon.0 client_cookie=130cd8699474e030 server_cookie=0 in_seq=0 out_seq=0
2024-04-25T13:34:51.515 INFO:teuthology.orchestra.run.smithi043.stdout:/usr/bin/ceph: stderr
2024-04-25T13:34:49.662+0000 7f809559a700 1 -- 172.21.15.43:0/2138189582 <== mon.0 v2:172.21.15.43:3300/0 1 ==== mon_map magic: 0 ==== 205+0+0 (secure 0 0 0) 0x7f8088004160 con 0x7f80981087c0
2024-04-25T13:34:51.515 INFO:teuthology.orchestra.run.smithi043.stdout:/usr/bin/ceph: stderr
2024-04-25T13:34:49.662+0000 7f809559a700 1 -- 172.21.15.43:0/2138189582 <== mon.0 v2:172.21.15.43:3300/0 2 ==== config(25 keys) ==== 1063+0+0 (secure 0 0 0) 0x7f8088004300 con 0x7f80981087c0
2024-04-25T13:34:51.515 INFO:teuthology.orchestra.run.smithi043.stdout:/usr/bin/ceph: stderr
2024-04-25T13:34:49.662+0000 7f809559a700 1 -- 172.21.15.43:0/2138189582 <== mon.0 v2:172.21.15.43:3300/0 3 ==== mon_map magic: 0 ==== 205+0+0 (secure 0 0 0) 0x7f8088011960 con 0x7f80981087c0
2024-04-25T13:34:51.515 INFO:teuthology.orchestra.run.smithi043.stdout:/usr/bin/ceph: stderr
2024-04-25T13:34:49.663+0000 7f809c910700 1 -- 172.21.15.43:0/2138189582 >> [v2:172.21.15.43:3300/0,v1:172.21.15.43:6789/0] conn(0x7f80981087c0 msgr2=0x7f8098108bd0 secure :-1 s=STATE_CONNECTION_ESTABLISHED l=1).mark_down
2024-04-25T13:34:51.515 INFO:teuthology.orchestra.run.smithi043.stdout:/usr/bin/ceph: stderr
2024-04-25T13:34:49.663+0000 7f809c910700 1 --2- 172.21.15.43:0/2138189582 >> [v2:172.21.15.43:3300/0,v1:172.21.15.43:6789/0] conn(0x7f80981087c0 0x7f8098108bd0 secure :-1 s=READY pgs=53 cs=0 l=1 rev1=1 crypto rx=0x7f80880098a0 tx=0x7f8088009bb0 comp rx=0 tx=0).stop
2024-04-25T13:34:51.515 INFO:teuthology.orchestra.run.smithi043.stdout:/usr/bin/ceph: stderr
2024-04-25T13:34:49.663+0000 7f809c910700 1 -- 172.21.15.43:0/2138189582 shutdown_connections
2024-04-25T13:34:51.515 INFO:teuthology.orchestra.run.smithi043.stdout:/usr/bin/ceph: stderr
2024-04-25T13:34:49.663+0000 7f809c910700 1 --2- 172.21.15.43:0/2138189582 >> [v2:172.21.15.43:3300/0,v1:172.21.15.43:6789/0] conn(0x7f80981087c0 0x7f8098108bd0 unknown :-1 s=CLOSED pgs=53 cs=0 l=1 rev1=1 crypto rx=0 tx=0 comp rx=0 tx=0).stop
2024-04-25T13:34:51.516 INFO:teuthology.orchestra.run.smithi043.stdout:/usr/bin/ceph: stderr
2024-04-25T13:34:49.663+0000 7f809c910700 1 -- 172.21.15.43:0/2138189582 >> 172.21.15.43:0/2138189582 conn(0x7f8098103e40 msgr2=0x7f80981062b0 unknown :-1 s=STATE_NONE l=0).mark_down
2024-04-25T13:34:51.516 INFO:teuthology.orchestra.run.smithi043.stdout:/usr/bin/ceph: stderr
2024-04-25T13:34:49.663+0000 7f809c910700 1 -- 172.21.15.43:0/2138189582 shutdown_connections
2024-04-25T13:34:51.516 INFO:teuthology.orchestra.run.smithi043.stdout:/usr/bin/ceph: stderr
2024-04-25T13:34:49.663+0000 7f809c910700 1 -- 172.21.15.43:0/2138189582 wait complete.
2024-04-25T13:34:51.516 INFO:teuthology.orchestra.run.smithi043.stdout:/usr/bin/ceph: stderr
2024-04-25T13:34:49.664+0000 7f809c910700 1 Processor -- start
2024-04-25T13:34:51.516 INFO:teuthology.orchestra.run.smithi043.stdout:/usr/bin/ceph: stderr
2024-04-25T13:34:49.664+0000 7f809c910700 1 -- start start
2024-04-25T13:34:51.516 INFO:teuthology.orchestra.run.smithi043.stdout:/usr/bin/ceph: stderr
2024-04-25T13:34:49.664+0000 7f809c910700 1 --2- >> [v2:172.21.15.43:3300/0,v1:172.21.15.43:6789/0] conn(0x7f80981087c0 0x7f809819bb50 unknown :-1 s=NONE pgs=0 cs=0 l=1 rev1=0 crypto rx=0 tx=0 comp rx=0 tx=0).connect
2024-04-25T13:34:51.516 INFO:teuthology.orchestra.run.smithi043.stdout:/usr/bin/ceph: stderr
2024-04-25T13:34:49.664+0000 7f809c910700 1 -- --> [v2:172.21.15.43:3300/0,v1:172.21.15.43:6789/0] -- mon_getmap magic: 0 -- 0x7f809807bfa0 con 0x7f80981087c0
2024-04-25T13:34:51.516 INFO:teuthology.orchestra.run.smithi043.stdout:/usr/bin/ceph: stderr
2024-04-25T13:34:49.664+0000 7f809659c700 1 --2- >> [v2:172.21.15.43:3300/0,v1:172.21.15.43:6789/0] conn(0x7f80981087c0 0x7f809819bb50 unknown :-1 s=BANNER_CONNECTING pgs=0 cs=0 l=1 rev1=0 crypto rx=0 tx=0 comp rx=0 tx=0)._handle_peer_banner_payload supported=3 required=0
2024-04-25T13:34:51.516 INFO:teuthology.orchestra.run.smithi043.stdout:/usr/bin/ceph: stderr
2024-04-25T13:34:49.664+0000 7f809659c700 1 --2- >> [v2:172.21.15.43:3300/0,v1:172.21.15.43:6789/0] conn(0x7f80981087c0 0x7f809819bb50 unknown :-1 s=HELLO_CONNECTING pgs=0 cs=0 l=1 rev1=1 crypto rx=0 tx=0 comp rx=0 tx=0).handle_hello peer v2:172.21.15.43:3300/0 says I am v2:172.21.15.43:34504/0 (socket says 172.21.15.43:34504)
2024-04-25T13:34:51.516 INFO:teuthology.orchestra.run.smithi043.stdout:/usr/bin/ceph: stderr
2024-04-25T13:34:49.664+0000 7f809659c700 1 -- 172.21.15.43:0/950688670 learned_addr learned my addr 172.21.15.43:0/950688670 (peer_addr_for_me v2:172.21.15.43:0/0)
2024-04-25T13:34:51.516 INFO:teuthology.orchestra.run.smithi043.stdout:/usr/bin/ceph: stderr
2024-04-25T13:34:49.665+0000 7f809659c700 1 -- 172.21.15.43:0/950688670 --> [v2:172.21.15.43:3300/0,v1:172.21.15.43:6789/0] -- mon_subscribe({config=0+,monmap=0+}) -- 0x7f809819c090 con 0x7f80981087c0
2024-04-25T13:34:51.516 INFO:teuthology.orchestra.run.smithi043.stdout:/usr/bin/ceph: stderr
2024-04-25T13:34:49.665+0000 7f809659c700 1 --2- 172.21.15.43:0/950688670 >> [v2:172.21.15.43:3300/0,v1:172.21.15.43:6789/0] conn(0x7f80981087c0 0x7f809819bb50 secure :-1 s=READY pgs=54 cs=0 l=1 rev1=1 crypto rx=0x7f8088000c00 tx=0x7f8088011a30 comp rx=0 tx=0).ready entity=mon.0 client_cookie=0 server_cookie=0 in_seq=0 out_seq=0
2024-04-25T13:34:51.516 INFO:teuthology.orchestra.run.smithi043.stdout:/usr/bin/ceph: stderr
2024-04-25T13:34:49.665+0000 7f80877fe700 1 -- 172.21.15.43:0/950688670 <== mon.0 v2:172.21.15.43:3300/0 1 ==== mon_map magic: 0 ==== 205+0+0 (secure 0 0 0) 0x7f8088003a60 con 0x7f80981087c0
2024-04-25T13:34:51.516 INFO:teuthology.orchestra.run.smithi043.stdout:/usr/bin/ceph: stderr
2024-04-25T13:34:49.665+0000 7f809c910700 1 -- 172.21.15.43:0/950688670 --> [v2:172.21.15.43:3300/0,v1:172.21.15.43:6789/0] -- mon_subscribe({mgrmap=0+}) -- 0x7f809819c320 con 0x7f80981087c0
2024-04-25T13:34:51.517 INFO:teuthology.orchestra.run.smithi043.stdout:/usr/bin/ceph: stderr
2024-04-25T13:34:49.665+0000 7f80877fe700 1 -- 172.21.15.43:0/950688670 <== mon.0 v2:172.21.15.43:3300/0 2 ==== config(25 keys) ==== 1063+0+0 (secure 0 0 0) 0x7f808801b8d0 con 0x7f80981087c0
2024-04-25T13:34:51.517 INFO:teuthology.orchestra.run.smithi043.stdout:/usr/bin/ceph: stderr
2024-04-25T13:34:49.665+0000 7f80877fe700 1 -- 172.21.15.43:0/950688670 <== mon.0 v2:172.21.15.43:3300/0 3 ==== mon_map magic: 0 ==== 205+0+0 (secure 0 0 0) 0x7f8088019780 con 0x7f80981087c0
2024-04-25T13:34:51.517 INFO:teuthology.orchestra.run.smithi043.stdout:/usr/bin/ceph: stderr
2024-04-25T13:34:49.665+0000 7f809c910700 1 -- 172.21.15.43:0/950688670 --> [v2:172.21.15.43:3300/0,v1:172.21.15.43:6789/0] -- mon_subscribe({osdmap=0}) -- 0x7f809819ef30 con 0x7f80981087c0
2024-04-25T13:34:51.517 INFO:teuthology.orchestra.run.smithi043.stdout:/usr/bin/ceph: stderr
2024-04-25T13:34:49.666+0000 7f80877fe700 1 -- 172.21.15.43:0/950688670 <== mon.0 v2:172.21.15.43:3300/0 4 ==== mgrmap(e 8) ==== 49516+0+0 (secure 0 0 0) 0x7f80880199c0 con 0x7f80981087c0
2024-04-25T13:34:51.517 INFO:teuthology.orchestra.run.smithi043.stdout:/usr/bin/ceph: stderr
2024-04-25T13:34:49.666+0000 7f809c910700 1 -- 172.21.15.43:0/950688670 --> [v2:172.21.15.43:3300/0,v1:172.21.15.43:6789/0] -- mon_command({"prefix": "get_command_descriptions"} v 0) -- 0x7f8098064cf0 con 0x7f80981087c0
2024-04-25T13:34:51.517 INFO:teuthology.orchestra.run.smithi043.stdout:/usr/bin/ceph: stderr
2024-04-25T13:34:49.666+0000 7f80877fe700 1 --2- 172.21.15.43:0/950688670 >> [v2:172.21.15.43:6800/1629086480,v1:172.21.15.43:6801/1629086480] conn(0x7f808003d680 0x7f808003fb90 unknown :-1 s=NONE pgs=0 cs=0 l=1 rev1=0 crypto rx=0 tx=0 comp rx=0 tx=0).connect
2024-04-25T13:34:51.517 INFO:teuthology.orchestra.run.smithi043.stdout:/usr/bin/ceph: stderr
2024-04-25T13:34:49.666+0000 7f80877fe700 1 -- 172.21.15.43:0/950688670 <== mon.0 v2:172.21.15.43:3300/0 5 ==== osd_map(2..2 src has 1..2) ==== 940+0+0 (secure 0 0 0) 0x7f8088052ba0 con 0x7f80981087c0
2024-04-25T13:34:51.517 INFO:teuthology.orchestra.run.smithi043.stdout:/usr/bin/ceph: stderr
2024-04-25T13:34:49.666+0000 7f8095d9b700 1 --2- 172.21.15.43:0/950688670 >> [v2:172.21.15.43:6800/1629086480,v1:172.21.15.43:6801/1629086480] conn(0x7f808003d680 0x7f808003fb90 unknown :-1 s=BANNER_CONNECTING pgs=0 cs=0 l=1 rev1=0 crypto rx=0 tx=0 comp rx=0 tx=0)._handle_peer_banner_payload supported=3 required=0
2024-04-25T13:34:51.517 INFO:teuthology.orchestra.run.smithi043.stdout:/usr/bin/ceph: stderr
2024-04-25T13:34:49.667+0000 7f8095d9b700 1 --2- 172.21.15.43:0/950688670 >> [v2:172.21.15.43:6800/1629086480,v1:172.21.15.43:6801/1629086480] conn(0x7f808003d680 0x7f808003fb90 secure :-1 s=READY pgs=16 cs=0 l=1 rev1=1 crypto rx=0x7f808c006fd0 tx=0x7f808c006e40 comp rx=0 tx=0).ready entity=mgr.14118 client_cookie=0 server_cookie=0 in_seq=0 out_seq=0
2024-04-25T13:34:51.517 INFO:teuthology.orchestra.run.smithi043.stdout:/usr/bin/ceph: stderr
2024-04-25T13:34:49.671+0000 7f80877fe700 1 -- 172.21.15.43:0/950688670 <== mon.0 v2:172.21.15.43:3300/0 6 ==== mon_command_ack([{"prefix": "get_command_descriptions"}]=0 v0) ==== 72+0+188370 (secure 0 0 0) 0x7f808801f030 con 0x7f80981087c0
2024-04-25T13:34:51.517 INFO:teuthology.orchestra.run.smithi043.stdout:/usr/bin/ceph: stderr
2024-04-25T13:34:49.948+0000 7f809c910700 1 -- 172.21.15.43:0/950688670 --> [v2:172.21.15.43:3300/0,v1:172.21.15.43:6789/0] -- mon_command({"prefix": "mgr module enable", "module": "dashboard"} v 0) -- 0x7f8098194db0 con 0x7f80981087c0
2024-04-25T13:34:51.517 INFO:teuthology.orchestra.run.smithi043.stdout:/usr/bin/ceph: stderr
2024-04-25T13:34:50.543+0000 7f80877fe700 1 -- 172.21.15.43:0/950688670 <== mon.0 v2:172.21.15.43:3300/0 7 ==== mon_command_ack([{"prefix": "mgr module enable", "module": "dashboard"}]=0 v9) ==== 88+0+0 (secure 0 0 0) 0x7f808802b350 con 0x7f80981087c0
2024-04-25T13:34:51.517 INFO:teuthology.orchestra.run.smithi043.stdout:/usr/bin/ceph: stderr
2024-04-25T13:34:50.544+0000 7f80877fe700 1 -- 172.21.15.43:0/950688670 <== mon.0 v2:172.21.15.43:3300/0 8 ==== mgrmap(e 9) ==== 49529+0+0 (secure 0 0 0) 0x7f808801ba80 con 0x7f80981087c0
2024-04-25T13:34:51.517 INFO:teuthology.orchestra.run.smithi043.stdout:/usr/bin/ceph: stderr
2024-04-25T13:34:50.546+0000 7f809c910700 1 -- 172.21.15.43:0/950688670 >> [v2:172.21.15.43:6800/1629086480,v1:172.21.15.43:6801/1629086480] conn(0x7f808003d680 msgr2=0x7f808003fb90 secure :-1 s=STATE_CONNECTION_ESTABLISHED l=1).mark_down
2024-04-25T13:34:51.517 INFO:teuthology.orchestra.run.smithi043.stdout:/usr/bin/ceph: stderr
2024-04-25T13:34:50.546+0000 7f809c910700 1 --2- 172.21.15.43:0/950688670 >> [v2:172.21.15.43:6800/1629086480,v1:172.21.15.43:6801/1629086480] conn(0x7f808003d680 0x7f808003fb90 secure :-1 s=READY pgs=16 cs=0 l=1 rev1=1 crypto rx=0x7f808c006fd0 tx=0x7f808c006e40 comp rx=0 tx=0).stop
2024-04-25T13:34:51.518 INFO:teuthology.orchestra.run.smithi043.stdout:/usr/bin/ceph: stderr
2024-04-25T13:34:50.546+0000 7f809c910700 1 -- 172.21.15.43:0/950688670 >> [v2:172.21.15.43:3300/0,v1:172.21.15.43:6789/0] conn(0x7f80981087c0 msgr2=0x7f809819bb50 secure :-1 s=STATE_CONNECTION_ESTABLISHED l=1).mark_down
2024-04-25T13:34:51.518 INFO:teuthology.orchestra.run.smithi043.stdout:/usr/bin/ceph: stderr
2024-04-25T13:34:50.546+0000 7f809c910700 1 --2- 172.21.15.43:0/950688670 >> [v2:172.21.15.43:3300/0,v1:172.21.15.43:6789/0] conn(0x7f80981087c0 0x7f809819bb50 secure :-1 s=READY pgs=54 cs=0 l=1 rev1=1 crypto rx=0x7f8088000c00 tx=0x7f8088011a30 comp rx=0 tx=0).stop
2024-04-25T13:34:51.518 INFO:teuthology.orchestra.run.smithi043.stdout:/usr/bin/ceph: stderr
2024-04-25T13:34:50.546+0000 7f809c910700 1 -- 172.21.15.43:0/950688670 shutdown_connections
2024-04-25T13:34:51.518 INFO:teuthology.orchestra.run.smithi043.stdout:/usr/bin/ceph: stderr
2024-04-25T13:34:50.546+0000 7f809c910700 1 --2- 172.21.15.43:0/950688670 >> [v2:172.21.15.43:6800/1629086480,v1:172.21.15.43:6801/1629086480] conn(0x7f808003d680 0x7f808003fb90 unknown :-1 s=CLOSED pgs=16 cs=0 l=1 rev1=1 crypto rx=0 tx=0 comp rx=0 tx=0).stop
2024-04-25T13:34:51.518 INFO:teuthology.orchestra.run.smithi043.stdout:/usr/bin/ceph: stderr
2024-04-25T13:34:50.546+0000 7f809c910700 1 --2- 172.21.15.43:0/950688670 >> [v2:172.21.15.43:3300/0,v1:172.21.15.43:6789/0] conn(0x7f80981087c0 0x7f809819bb50 unknown :-1 s=CLOSED pgs=54 cs=0 l=1 rev1=1 crypto rx=0 tx=0 comp rx=0 tx=0).stop
2024-04-25T13:34:51.518 INFO:teuthology.orchestra.run.smithi043.stdout:/usr/bin/ceph: stderr
2024-04-25T13:34:50.546+0000 7f809c910700 1 -- 172.21.15.43:0/950688670 >> 172.21.15.43:0/950688670 conn(0x7f8098103e40 msgr2=0x7f8098191e70 unknown :-1 s=STATE_NONE l=0).mark_down
2024-04-25T13:34:51.518 INFO:teuthology.orchestra.run.smithi043.stdout:/usr/bin/ceph: stderr
2024-04-25T13:34:50.546+0000 7f809c910700 1 -- 172.21.15.43:0/950688670 shutdown_connections
2024-04-25T13:34:51.518 INFO:teuthology.orchestra.run.smithi043.stdout:/usr/bin/ceph: stderr
2024-04-25T13:34:50.546+0000 7f809c910700 1 -- 172.21.15.43:0/950688670 wait complete.
2024-04-25T13:34:51.779 INFO:journalctl@ceph.mon.a.smithi043.stdout:Apr 25 13:34:51 smithi043 ceph-mon[29195]: from='client.? 172.21.15.43:0/950688670' entity='client.admin' cmd='[{"prefix": "mgr module enable", "module": "dashboard"}]': finished
2024-04-25T13:34:51.779 INFO:journalctl@ceph.mon.a.smithi043.stdout:Apr 25 13:34:51 smithi043 ceph-mon[29195]: mgrmap e9: x(active, since 20s)
2024-04-25T13:34:51.780 INFO:journalctl@ceph.mgr.x.smithi043.stdout:Apr 25 13:34:51 smithi043 ceph-394efb6c-0308-11ef-bc93-c7b262605968-mgr-x[29427]:
2024-04-25T13:34:51.482+0000 7f62f62a1200 -1 mgr[py] Module influx has missing NOTIFY_TYPES member
2024-04-25T13:34:52.661 INFO:journalctl@ceph.mon.a.smithi043.stdout:Apr 25 13:34:52 smithi043 ceph-mon[29195]: from='client.? 172.21.15.43:0/2343429123' entity='client.admin' cmd=[{"prefix": "mgr stat"}]: dispatch
2024-04-25T13:34:52.951 INFO:journalctl@ceph.mgr.x.smithi043.stdout:Apr 25 13:34:52 smithi043 ceph-394efb6c-0308-11ef-bc93-c7b262605968-mgr-x[29427]:
2024-04-25T13:34:52.768+0000 7f62f62a1200 -1 mgr[py] Module telegraf has missing NOTIFY_TYPES member
2024-04-25T13:34:52.951 INFO:journalctl@ceph.mgr.x.smithi043.stdout:Apr 25 13:34:52 smithi043 ceph-394efb6c-0308-11ef-bc93-c7b262605968-mgr-x[29427]:
2024-04-25T13:34:52.950+0000 7f62f62a1200 -1 mgr[py] Module osd_support has missing NOTIFY_TYPES member
2024-04-25T13:34:52.973 INFO:teuthology.orchestra.run.smithi043.stdout:/usr/bin/ceph: stdout {
2024-04-25T13:34:52.973 INFO:teuthology.orchestra.run.smithi043.stdout:/usr/bin/ceph: stdout "epoch": 9,
2024-04-25T13:34:52.973 INFO:teuthology.orchestra.run.smithi043.stdout:/usr/bin/ceph: stdout "available": true,
2024-04-25T13:34:52.973 INFO:teuthology.orchestra.run.smithi043.stdout:/usr/bin/ceph: stdout "active_name": "x",
2024-04-25T13:34:52.973 INFO:teuthology.orchestra.run.smithi043.stdout:/usr/bin/ceph: stdout "num_standby": 0
2024-04-25T13:34:52.973 INFO:teuthology.orchestra.run.smithi043.stdout:/usr/bin/ceph: stdout }
2024-04-25T13:34:52.973 INFO:teuthology.orchestra.run.smithi043.stdout:/usr/bin/ceph: stderr
2024-04-25T13:34:52.034+0000 7fd26a4d1700 1 Processor -- start
2024-04-25T13:34:52.973 INFO:teuthology.orchestra.run.smithi043.stdout:/usr/bin/ceph: stderr
2024-04-25T13:34:52.034+0000 7fd26a4d1700 1 -- start start
2024-04-25T13:34:52.973 INFO:teuthology.orchestra.run.smithi043.stdout:/usr/bin/ceph: stderr
2024-04-25T13:34:52.034+0000 7fd26a4d1700 1 --2- >> [v2:172.21.15.43:3300/0,v1:172.21.15.43:6789/0] conn(0x7fd26410a420 0x7fd26410c840 unknown :-1 s=NONE pgs=0 cs=0 l=0 rev1=0 crypto rx=0 tx=0 comp rx=0 tx=0).connect
2024-04-25T13:34:52.973 INFO:teuthology.orchestra.run.smithi043.stdout:/usr/bin/ceph: stderr
2024-04-25T13:34:52.034+0000 7fd26a4d1700 1 -- --> [v2:172.21.15.43:3300/0,v1:172.21.15.43:6789/0] -- mon_getmap magic: 0 -- 0x7fd26407ce10 con 0x7fd26410a420
2024-04-25T13:34:52.973 INFO:teuthology.orchestra.run.smithi043.stdout:/usr/bin/ceph: stderr
2024-04-25T13:34:52.034+0000 7fd263fff700 1 --2- >> [v2:172.21.15.43:3300/0,v1:172.21.15.43:6789/0] conn(0x7fd26410a420 0x7fd26410c840 unknown :-1 s=BANNER_CONNECTING pgs=0 cs=0 l=0 rev1=0 crypto rx=0 tx=0 comp rx=0 tx=0)._handle_peer_banner_payload supported=3 required=0
2024-04-25T13:34:52.974 INFO:teuthology.orchestra.run.smithi043.stdout:/usr/bin/ceph: stderr
2024-04-25T13:34:52.034+0000 7fd263fff700 1 --2- >> [v2:172.21.15.43:3300/0,v1:172.21.15.43:6789/0] conn(0x7fd26410a420 0x7fd26410c840 unknown :-1 s=HELLO_CONNECTING pgs=0 cs=0 l=0 rev1=1 crypto rx=0 tx=0 comp rx=0 tx=0).handle_hello peer v2:172.21.15.43:3300/0 says I am v2:172.21.15.43:34528/0 (socket says 172.21.15.43:34528)
2024-04-25T13:34:52.974 INFO:teuthology.orchestra.run.smithi043.stdout:/usr/bin/ceph: stderr
2024-04-25T13:34:52.034+0000 7fd263fff700 1 -- 172.21.15.43:0/1261902060 learned_addr learned my addr 172.21.15.43:0/1261902060 (peer_addr_for_me v2:172.21.15.43:0/0)
2024-04-25T13:34:52.974 INFO:teuthology.orchestra.run.smithi043.stdout:/usr/bin/ceph: stderr
2024-04-25T13:34:52.035+0000 7fd263fff700 1 -- 172.21.15.43:0/1261902060 --> [v2:172.21.15.43:3300/0,v1:172.21.15.43:6789/0] -- mon_subscribe({config=0+,monmap=0+}) -- 0x7fd26410cd80 con 0x7fd26410a420
2024-04-25T13:34:52.974 INFO:teuthology.orchestra.run.smithi043.stdout:/usr/bin/ceph: stderr
2024-04-25T13:34:52.035+0000 7fd263fff700 1 --2- 172.21.15.43:0/1261902060 >> [v2:172.21.15.43:3300/0,v1:172.21.15.43:6789/0] conn(0x7fd26410a420 0x7fd26410c840 secure :-1 s=READY pgs=57 cs=0 l=1 rev1=1 crypto rx=0x7fd2540098a0 tx=0x7fd254009bb0 comp rx=0 tx=0).ready entity=mon.0 client_cookie=98b24d56e1204852 server_cookie=0 in_seq=0 out_seq=0
2024-04-25T13:34:52.974 INFO:teuthology.orchestra.run.smithi043.stdout:/usr/bin/ceph: stderr
2024-04-25T13:34:52.035+0000 7fd262ffd700 1 -- 172.21.15.43:0/1261902060 <== mon.0 v2:172.21.15.43:3300/0 1 ==== mon_map magic: 0 ==== 205+0+0 (secure 0 0 0) 0x7fd254004160 con 0x7fd26410a420
2024-04-25T13:34:52.974 INFO:teuthology.orchestra.run.smithi043.stdout:/usr/bin/ceph: stderr
2024-04-25T13:34:52.035+0000 7fd262ffd700 1 -- 172.21.15.43:0/1261902060 <== mon.0 v2:172.21.15.43:3300/0 2 ==== config(25 keys) ==== 1063+0+0 (secure 0 0 0) 0x7fd254004300 con 0x7fd26410a420
2024-04-25T13:34:52.974 INFO:teuthology.orchestra.run.smithi043.stdout:/usr/bin/ceph: stderr
2024-04-25T13:34:52.035+0000 7fd262ffd700 1 -- 172.21.15.43:0/1261902060 <== mon.0 v2:172.21.15.43:3300/0 3 ==== mon_map magic: 0 ==== 205+0+0 (secure 0 0 0) 0x7fd254011960 con 0x7fd26410a420
2024-04-25T13:34:52.974 INFO:teuthology.orchestra.run.smithi043.stdout:/usr/bin/ceph: stderr
2024-04-25T13:34:52.036+0000 7fd26a4d1700 1 -- 172.21.15.43:0/1261902060 >> [v2:172.21.15.43:3300/0,v1:172.21.15.43:6789/0] conn(0x7fd26410a420 msgr2=0x7fd26410c840 secure :-1 s=STATE_CONNECTION_ESTABLISHED l=1).mark_down
2024-04-25T13:34:52.974 INFO:teuthology.orchestra.run.smithi043.stdout:/usr/bin/ceph: stderr
2024-04-25T13:34:52.036+0000 7fd26a4d1700 1 --2- 172.21.15.43:0/1261902060 >> [v2:172.21.15.43:3300/0,v1:172.21.15.43:6789/0] conn(0x7fd26410a420 0x7fd26410c840 secure :-1 s=READY pgs=57 cs=0 l=1 rev1=1 crypto rx=0x7fd2540098a0 tx=0x7fd254009bb0 comp rx=0 tx=0).stop
2024-04-25T13:34:52.974 INFO:teuthology.orchestra.run.smithi043.stdout:/usr/bin/ceph: stderr
2024-04-25T13:34:52.036+0000 7fd26a4d1700 1 -- 172.21.15.43:0/1261902060 shutdown_connections
2024-04-25T13:34:52.974 INFO:teuthology.orchestra.run.smithi043.stdout:/usr/bin/ceph: stderr
2024-04-25T13:34:52.037+0000 7fd26a4d1700 1 --2- 172.21.15.43:0/1261902060 >> [v2:172.21.15.43:3300/0,v1:172.21.15.43:6789/0] conn(0x7fd26410a420 0x7fd26410c840 unknown :-1 s=CLOSED pgs=57 cs=0 l=1 rev1=1 crypto rx=0 tx=0 comp rx=0 tx=0).stop
2024-04-25T13:34:52.975 INFO:teuthology.orchestra.run.smithi043.stdout:/usr/bin/ceph: stderr
2024-04-25T13:34:52.037+0000 7fd26a4d1700 1 -- 172.21.15.43:0/1261902060 >> 172.21.15.43:0/1261902060 conn(0x7fd264103e60 msgr2=0x7fd2641062f0 unknown :-1 s=STATE_NONE l=0).mark_down
2024-04-25T13:34:52.975 INFO:teuthology.orchestra.run.smithi043.stdout:/usr/bin/ceph: stderr
2024-04-25T13:34:52.037+0000 7fd26a4d1700 1 -- 172.21.15.43:0/1261902060 shutdown_connections
2024-04-25T13:34:52.975 INFO:teuthology.orchestra.run.smithi043.stdout:/usr/bin/ceph: stderr
2024-04-25T13:34:52.037+0000 7fd26a4d1700 1 -- 172.21.15.43:0/1261902060 wait complete.
2024-04-25T13:34:52.975 INFO:teuthology.orchestra.run.smithi043.stdout:/usr/bin/ceph: stderr
2024-04-25T13:34:52.037+0000 7fd26a4d1700 1 Processor -- start
2024-04-25T13:34:52.975 INFO:teuthology.orchestra.run.smithi043.stdout:/usr/bin/ceph: stderr
2024-04-25T13:34:52.037+0000 7fd26a4d1700 1 -- start start
2024-04-25T13:34:52.975 INFO:teuthology.orchestra.run.smithi043.stdout:/usr/bin/ceph: stderr
2024-04-25T13:34:52.038+0000 7fd26a4d1700 1 --2- >> [v2:172.21.15.43:3300/0,v1:172.21.15.43:6789/0] conn(0x7fd26410a420 0x7fd26419dc80 unknown :-1 s=NONE pgs=0 cs=0 l=1 rev1=0 crypto rx=0 tx=0 comp rx=0 tx=0).connect
2024-04-25T13:34:52.975 INFO:teuthology.orchestra.run.smithi043.stdout:/usr/bin/ceph: stderr
2024-04-25T13:34:52.038+0000 7fd26a4d1700 1 -- --> [v2:172.21.15.43:3300/0,v1:172.21.15.43:6789/0] -- mon_getmap magic: 0 -- 0x7fd26410dcc0 con 0x7fd26410a420
2024-04-25T13:34:52.975 INFO:teuthology.orchestra.run.smithi043.stdout:/usr/bin/ceph: stderr
2024-04-25T13:34:52.038+0000 7fd263fff700 1 --2- >> [v2:172.21.15.43:3300/0,v1:172.21.15.43:6789/0] conn(0x7fd26410a420 0x7fd26419dc80 unknown :-1 s=BANNER_CONNECTING pgs=0 cs=0 l=1 rev1=0 crypto rx=0 tx=0 comp rx=0 tx=0)._handle_peer_banner_payload supported=3 required=0
2024-04-25T13:34:52.975 INFO:teuthology.orchestra.run.smithi043.stdout:/usr/bin/ceph: stderr
2024-04-25T13:34:52.038+0000 7fd263fff700 1 --2- >> [v2:172.21.15.43:3300/0,v1:172.21.15.43:6789/0] conn(0x7fd26410a420 0x7fd26419dc80 unknown :-1 s=HELLO_CONNECTING pgs=0 cs=0 l=1 rev1=1 crypto rx=0 tx=0 comp rx=0 tx=0).handle_hello peer v2:172.21.15.43:3300/0 says I am v2:172.21.15.43:34540/0 (socket says 172.21.15.43:34540)
2024-04-25T13:34:52.975 INFO:teuthology.orchestra.run.smithi043.stdout:/usr/bin/ceph: stderr
2024-04-25T13:34:52.038+0000 7fd263fff700 1 -- 172.21.15.43:0/2343429123 learned_addr learned my addr 172.21.15.43:0/2343429123 (peer_addr_for_me v2:172.21.15.43:0/0)
2024-04-25T13:34:52.975 INFO:teuthology.orchestra.run.smithi043.stdout:/usr/bin/ceph: stderr
2024-04-25T13:34:52.038+0000 7fd263fff700 1 -- 172.21.15.43:0/2343429123 --> [v2:172.21.15.43:3300/0,v1:172.21.15.43:6789/0] -- mon_subscribe({config=0+,monmap=0+}) -- 0x7fd26419e1c0 con 0x7fd26410a420
2024-04-25T13:34:52.975 INFO:teuthology.orchestra.run.smithi043.stdout:/usr/bin/ceph: stderr
2024-04-25T13:34:52.038+0000 7fd263fff700 1 --2- 172.21.15.43:0/2343429123 >> [v2:172.21.15.43:3300/0,v1:172.21.15.43:6789/0] conn(0x7fd26410a420 0x7fd26419dc80 secure :-1 s=READY pgs=58 cs=0 l=1 rev1=1 crypto rx=0x7fd254011670 tx=0x7fd254011a30 comp rx=0 tx=0).ready entity=mon.0 client_cookie=0 server_cookie=0 in_seq=0 out_seq=0
2024-04-25T13:34:52.976 INFO:teuthology.orchestra.run.smithi043.stdout:/usr/bin/ceph: stderr
2024-04-25T13:34:52.038+0000 7fd2617fa700 1 -- 172.21.15.43:0/2343429123 <== mon.0 v2:172.21.15.43:3300/0 1 ==== mon_map magic: 0 ==== 205+0+0 (secure 0 0 0) 0x7fd254003a60 con 0x7fd26410a420
2024-04-25T13:34:52.976 INFO:teuthology.orchestra.run.smithi043.stdout:/usr/bin/ceph: stderr
2024-04-25T13:34:52.039+0000 7fd2617fa700 1 -- 172.21.15.43:0/2343429123 <== mon.0 v2:172.21.15.43:3300/0 2 ==== config(25 keys) ==== 1063+0+0 (secure 0 0 0) 0x7fd25401b8d0 con 0x7fd26410a420
2024-04-25T13:34:52.976 INFO:teuthology.orchestra.run.smithi043.stdout:/usr/bin/ceph: stderr
2024-04-25T13:34:52.039+0000 7fd26a4d1700 1 -- 172.21.15.43:0/2343429123 --> [v2:172.21.15.43:3300/0,v1:172.21.15.43:6789/0] -- mon_subscribe({mgrmap=0+}) -- 0x7fd26419e450 con 0x7fd26410a420
2024-04-25T13:34:52.976 INFO:teuthology.orchestra.run.smithi043.stdout:/usr/bin/ceph: stderr
2024-04-25T13:34:52.039+0000 7fd26a4d1700 1 -- 172.21.15.43:0/2343429123 --> [v2:172.21.15.43:3300/0,v1:172.21.15.43:6789/0] -- mon_subscribe({osdmap=0}) -- 0x7fd2641a1060 con 0x7fd26410a420
2024-04-25T13:34:52.976 INFO:teuthology.orchestra.run.smithi043.stdout:/usr/bin/ceph: stderr
2024-04-25T13:34:52.039+0000 7fd2617fa700 1 -- 172.21.15.43:0/2343429123 <== mon.0 v2:172.21.15.43:3300/0 3 ==== mon_map magic: 0 ==== 205+0+0 (secure 0 0 0) 0x7fd254023790 con 0x7fd26410a420
2024-04-25T13:34:52.976 INFO:teuthology.orchestra.run.smithi043.stdout:/usr/bin/ceph: stderr
2024-04-25T13:34:52.040+0000 7fd2617fa700 1 -- 172.21.15.43:0/2343429123 <== mon.0 v2:172.21.15.43:3300/0 4 ==== mgrmap(e 9) ==== 49529+0+0 (secure 0 0 0) 0x7fd254023ab0 con 0x7fd26410a420
2024-04-25T13:34:52.976 INFO:teuthology.orchestra.run.smithi043.stdout:/usr/bin/ceph: stderr
2024-04-25T13:34:52.040+0000 7fd26a4d1700 1 -- 172.21.15.43:0/2343429123 --> [v2:172.21.15.43:3300/0,v1:172.21.15.43:6789/0] -- mon_command({"prefix": "get_command_descriptions"} v 0) -- 0x7fd264064cf0 con 0x7fd26410a420
2024-04-25T13:34:52.976 INFO:teuthology.orchestra.run.smithi043.stdout:/usr/bin/ceph: stderr
2024-04-25T13:34:52.040+0000 7fd2617fa700 1 --2- 172.21.15.43:0/2343429123 >> [v2:172.21.15.43:6800/1629086480,v1:172.21.15.43:6801/1629086480] conn(0x7fd25003d680 0x7fd25003fb90 unknown :-1 s=NONE pgs=0 cs=0 l=1 rev1=0 crypto rx=0 tx=0 comp rx=0 tx=0).connect
2024-04-25T13:34:52.976 INFO:teuthology.orchestra.run.smithi043.stdout:/usr/bin/ceph: stderr
2024-04-25T13:34:52.040+0000 7fd2617fa700 1 -- 172.21.15.43:0/2343429123 <== mon.0 v2:172.21.15.43:3300/0 5 ==== osd_map(2..2 src has 1..2) ==== 940+0+0 (secure 0 0 0) 0x7fd254052d30 con 0x7fd26410a420
2024-04-25T13:34:52.976 INFO:teuthology.orchestra.run.smithi043.stdout:/usr/bin/ceph: stderr
2024-04-25T13:34:52.040+0000 7fd2637fe700 1 -- 172.21.15.43:0/2343429123 >> [v2:172.21.15.43:6800/1629086480,v1:172.21.15.43:6801/1629086480] conn(0x7fd25003d680 msgr2=0x7fd25003fb90 unknown :-1 s=STATE_CONNECTING_RE l=1).process reconnect failed to v2:172.21.15.43:6800/1629086480
2024-04-25T13:34:52.976 INFO:teuthology.orchestra.run.smithi043.stdout:/usr/bin/ceph: stderr
2024-04-25T13:34:52.040+0000 7fd2637fe700 1 --2- 172.21.15.43:0/2343429123 >> [v2:172.21.15.43:6800/1629086480,v1:172.21.15.43:6801/1629086480] conn(0x7fd25003d680 0x7fd25003fb90 unknown :-1 s=START_CONNECT pgs=0 cs=0 l=1 rev1=0 crypto rx=0 tx=0 comp rx=0 tx=0)._fault waiting 0.200000
2024-04-25T13:34:52.976 INFO:teuthology.orchestra.run.smithi043.stdout:/usr/bin/ceph: stderr
2024-04-25T13:34:52.050+0000 7fd2617fa700 1 -- 172.21.15.43:0/2343429123 <== mon.0 v2:172.21.15.43:3300/0 6 ==== mon_command_ack([{"prefix": "get_command_descriptions"}]=0 v0) ==== 72+0+188370 (secure 0 0 0) 0x7fd25401f030 con 0x7fd26410a420
2024-04-25T13:34:52.976 INFO:teuthology.orchestra.run.smithi043.stdout:/usr/bin/ceph: stderr
2024-04-25T13:34:52.241+0000 7fd2637fe700 1 -- 172.21.15.43:0/2343429123 >> [v2:172.21.15.43:6800/1629086480,v1:172.21.15.43:6801/1629086480] conn(0x7fd25003d680 msgr2=0x7fd25003fb90 unknown :-1 s=STATE_CONNECTING_RE l=1).process reconnect failed to v2:172.21.15.43:6800/1629086480
2024-04-25T13:34:52.977 INFO:teuthology.orchestra.run.smithi043.stdout:/usr/bin/ceph: stderr
2024-04-25T13:34:52.241+0000 7fd2637fe700 1 --2- 172.21.15.43:0/2343429123 >> [v2:172.21.15.43:6800/1629086480,v1:172.21.15.43:6801/1629086480] conn(0x7fd25003d680 0x7fd25003fb90 unknown :-1 s=START_CONNECT pgs=0 cs=0 l=1 rev1=0 crypto rx=0 tx=0 comp rx=0 tx=0)._fault waiting 0.400000
2024-04-25T13:34:52.977 INFO:teuthology.orchestra.run.smithi043.stdout:/usr/bin/ceph: stderr
2024-04-25T13:34:52.321+0000 7fd26a4d1700 1 -- 172.21.15.43:0/2343429123 --> [v2:172.21.15.43:3300/0,v1:172.21.15.43:6789/0] -- mon_command({"prefix": "mgr stat"} v 0) -- 0x7fd2641a1230 con 0x7fd26410a420
2024-04-25T13:34:52.977 INFO:teuthology.orchestra.run.smithi043.stdout:/usr/bin/ceph: stderr
2024-04-25T13:34:52.321+0000 7fd2617fa700 1 -- 172.21.15.43:0/2343429123 <== mon.0 v2:172.21.15.43:3300/0 7 ==== mon_command_ack([{"prefix": "mgr stat"}]=0 v9) ==== 56+0+88 (secure 0 0 0) 0x7fd2641a1230 con 0x7fd26410a420
2024-04-25T13:34:52.977 INFO:teuthology.orchestra.run.smithi043.stdout:/usr/bin/ceph: stderr
2024-04-25T13:34:52.323+0000 7fd26a4d1700 1 -- 172.21.15.43:0/2343429123 >> [v2:172.21.15.43:6800/1629086480,v1:172.21.15.43:6801/1629086480] conn(0x7fd25003d680 msgr2=0x7fd25003fb90 unknown :-1 s=STATE_CONNECTING l=1).mark_down
2024-04-25T13:34:52.977 INFO:teuthology.orchestra.run.smithi043.stdout:/usr/bin/ceph: stderr
2024-04-25T13:34:52.323+0000 7fd26a4d1700 1 --2- 172.21.15.43:0/2343429123 >> [v2:172.21.15.43:6800/1629086480,v1:172.21.15.43:6801/1629086480] conn(0x7fd25003d680 0x7fd25003fb90 unknown :-1 s=START_CONNECT pgs=0 cs=0 l=1 rev1=0 crypto rx=0 tx=0 comp rx=0 tx=0).stop
2024-04-25T13:34:52.977 INFO:teuthology.orchestra.run.smithi043.stdout:/usr/bin/ceph: stderr
2024-04-25T13:34:52.323+0000 7fd26a4d1700 1 -- 172.21.15.43:0/2343429123 >> [v2:172.21.15.43:3300/0,v1:172.21.15.43:6789/0] conn(0x7fd26410a420 msgr2=0x7fd26419dc80 secure :-1 s=STATE_CONNECTION_ESTABLISHED l=1).mark_down
2024-04-25T13:34:52.977 INFO:teuthology.orchestra.run.smithi043.stdout:/usr/bin/ceph: stderr
2024-04-25T13:34:52.323+0000 7fd26a4d1700 1 --2- 172.21.15.43:0/2343429123 >> [v2:172.21.15.43:3300/0,v1:172.21.15.43:6789/0] conn(0x7fd26410a420 0x7fd26419dc80 secure :-1 s=READY pgs=58 cs=0 l=1 rev1=1 crypto rx=0x7fd254011670 tx=0x7fd254011a30 comp rx=0 tx=0).stop
2024-04-25T13:34:52.977 INFO:teuthology.orchestra.run.smithi043.stdout:/usr/bin/ceph: stderr
2024-04-25T13:34:52.324+0000 7fd26a4d1700 1 -- 172.21.15.43:0/2343429123 shutdown_connections
2024-04-25T13:34:52.977 INFO:teuthology.orchestra.run.smithi043.stdout:/usr/bin/ceph: stderr
2024-04-25T13:34:52.324+0000 7fd26a4d1700 1 --2- 172.21.15.43:0/2343429123 >> [v2:172.21.15.43:6800/1629086480,v1:172.21.15.43:6801/1629086480] conn(0x7fd25003d680 0x7fd25003fb90 unknown :-1 s=CLOSED pgs=0 cs=0 l=1 rev1=0 crypto rx=0 tx=0 comp rx=0 tx=0).stop
2024-04-25T13:34:52.977 INFO:teuthology.orchestra.run.smithi043.stdout:/usr/bin/ceph: stderr
2024-04-25T13:34:52.324+0000 7fd26a4d1700 1 --2- 172.21.15.43:0/2343429123 >> [v2:172.21.15.43:3300/0,v1:172.21.15.43:6789/0] conn(0x7fd26410a420 0x7fd26419dc80 unknown :-1 s=CLOSED pgs=58 cs=0 l=1 rev1=1 crypto rx=0 tx=0 comp rx=0 tx=0).stop
2024-04-25T13:34:52.977 INFO:teuthology.orchestra.run.smithi043.stdout:/usr/bin/ceph: stderr
2024-04-25T13:34:52.324+0000 7fd26a4d1700 1 -- 172.21.15.43:0/2343429123 >> 172.21.15.43:0/2343429123 conn(0x7fd264103e60 msgr2=0x7fd264104690 unknown :-1 s=STATE_NONE l=0).mark_down
2024-04-25T13:34:52.978 INFO:teuthology.orchestra.run.smithi043.stdout:/usr/bin/ceph: stderr
2024-04-25T13:34:52.324+0000 7fd26a4d1700 1 -- 172.21.15.43:0/2343429123 shutdown_connections
2024-04-25T13:34:52.978 INFO:teuthology.orchestra.run.smithi043.stdout:/usr/bin/ceph: stderr
2024-04-25T13:34:52.324+0000 7fd26a4d1700 1 -- 172.21.15.43:0/2343429123 wait complete.
2024-04-25T13:34:52.978 INFO:teuthology.orchestra.run.smithi043.stdout:Waiting for the mgr to restart...
2024-04-25T13:34:52.978 INFO:teuthology.orchestra.run.smithi043.stdout:Waiting for mgr epoch 9...
2024-04-25T13:34:53.213 INFO:journalctl@ceph.mgr.x.smithi043.stdout:Apr 25 13:34:53 smithi043 ceph-394efb6c-0308-11ef-bc93-c7b262605968-mgr-x[29427]:
2024-04-25T13:34:53.132+0000 7f62f62a1200 -1 mgr[py] Module iostat has missing NOTIFY_TYPES member
2024-04-25T13:34:53.629 INFO:journalctl@ceph.mgr.x.smithi043.stdout:Apr 25 13:34:53 smithi043 ceph-394efb6c-0308-11ef-bc93-c7b262605968-mgr-x[29427]:
2024-04-25T13:34:53.453+0000 7f62f62a1200 -1 mgr[py] Module alerts has missing NOTIFY_TYPES member
2024-04-25T13:34:53.629 INFO:journalctl@ceph.mgr.x.smithi043.stdout:Apr 25 13:34:53 smithi043 ceph-394efb6c-0308-11ef-bc93-c7b262605968-mgr-x[29427]:
2024-04-25T13:34:53.551+0000 7f62f62a1200 -1 mgr[py] Module selftest has missing NOTIFY_TYPES member
2024-04-25T13:34:53.963 INFO:journalctl@ceph.mgr.x.smithi043.stdout:Apr 25 13:34:53 smithi043 ceph-394efb6c-0308-11ef-bc93-c7b262605968-mgr-x[29427]:
2024-04-25T13:34:53.764+0000 7f62f62a1200 -1 mgr[py] Module pg_autoscaler has missing NOTIFY_TYPES member
2024-04-25T13:34:54.463 INFO:journalctl@ceph.mgr.x.smithi043.stdout:Apr 25 13:34:53 smithi043 ceph-394efb6c-0308-11ef-bc93-c7b262605968-mgr-x[29427]:
2024-04-25T13:34:53.969+0000 7f62f62a1200 -1 mgr[py] Module test_orchestrator has missing NOTIFY_TYPES member
2024-04-25T13:34:54.963 INFO:journalctl@ceph.mgr.x.smithi043.stdout:Apr 25 13:34:54 smithi043 ceph-394efb6c-0308-11ef-bc93-c7b262605968-mgr-x[29427]:
2024-04-25T13:34:54.605+0000 7f62f62a1200 -1 mgr[py] Module rook has missing NOTIFY_TYPES member
2024-04-25T13:34:55.373 INFO:journalctl@ceph.mgr.x.smithi043.stdout:Apr 25 13:34:55 smithi043 ceph-394efb6c-0308-11ef-bc93-c7b262605968-mgr-x[29427]:
2024-04-25T13:34:55.056+0000 7f62f62a1200 -1 mgr[py] Module volumes has missing NOTIFY_TYPES member
2024-04-25T13:34:55.373 INFO:journalctl@ceph.mgr.x.smithi043.stdout:Apr 25 13:34:55 smithi043 ceph-394efb6c-0308-11ef-bc93-c7b262605968-mgr-x[29427]:
2024-04-25T13:34:55.158+0000 7f62f62a1200 -1 mgr[py] Module crash has missing NOTIFY_TYPES member
2024-04-25T13:34:55.373 INFO:journalctl@ceph.mgr.x.smithi043.stdout:Apr 25 13:34:55 smithi043 ceph-394efb6c-0308-11ef-bc93-c7b262605968-mgr-x[29427]:
2024-04-25T13:34:55.373+0000 7f62f62a1200 -1 mgr[py] Module rgw has missing NOTIFY_TYPES member
2024-04-25T13:34:56.213 INFO:journalctl@ceph.mgr.x.smithi043.stdout:Apr 25 13:34:55 smithi043 ceph-394efb6c-0308-11ef-bc93-c7b262605968-mgr-x[29427]:
2024-04-25T13:34:55.924+0000 7f62f62a1200 -1 mgr[py] Module prometheus has missing NOTIFY_TYPES member
2024-04-25T13:34:56.213 INFO:journalctl@ceph.mgr.x.smithi043.stdout:Apr 25 13:34:56 smithi043 ceph-394efb6c-0308-11ef-bc93-c7b262605968-mgr-x[29427]:
2024-04-25T13:34:56.023+0000 7f62f62a1200 -1 mgr[py] Module devicehealth has missing NOTIFY_TYPES member
2024-04-25T13:34:56.650 INFO:journalctl@ceph.mgr.x.smithi043.stdout:Apr 25 13:34:56 smithi043 ceph-394efb6c-0308-11ef-bc93-c7b262605968-mgr-x[29427]:
2024-04-25T13:34:56.282+0000 7f62f62a1200 -1 mgr[py] Module telemetry has missing NOTIFY_TYPES member
2024-04-25T13:34:56.650 INFO:journalctl@ceph.mgr.x.smithi043.stdout:Apr 25 13:34:56 smithi043 ceph-394efb6c-0308-11ef-bc93-c7b262605968-mgr-x[29427]:
2024-04-25T13:34:56.425+0000 7f62f62a1200 -1 mgr[py] Module diskprediction_local has missing NOTIFY_TYPES member
2024-04-25T13:34:56.650 INFO:journalctl@ceph.mgr.x.smithi043.stdout:Apr 25 13:34:56 smithi043 ceph-394efb6c-0308-11ef-bc93-c7b262605968-mgr-x[29427]:
2024-04-25T13:34:56.526+0000 7f62f62a1200 -1 mgr[py] Module osd_perf_query has missing NOTIFY_TYPES member
2024-04-25T13:34:56.650 INFO:journalctl@ceph.mgr.x.smithi043.stdout:Apr 25 13:34:56 smithi043 ceph-394efb6c-0308-11ef-bc93-c7b262605968-mgr-x[29427]:
2024-04-25T13:34:56.649+0000 7f62f62a1200 -1 mgr[py] Module rbd_support has missing NOTIFY_TYPES member
2024-04-25T13:34:57.463 INFO:journalctl@ceph.mgr.x.smithi043.stdout:Apr 25 13:34:56 smithi043 ceph-394efb6c-0308-11ef-bc93-c7b262605968-mgr-x[29427]:
2024-04-25T13:34:56.966+0000 7f62f62a1200 -1 mgr[py] Module zabbix has missing NOTIFY_TYPES member
2024-04-25T13:34:57.887 INFO:journalctl@ceph.mgr.x.smithi043.stdout:Apr 25 13:34:57 smithi043 ceph-394efb6c-0308-11ef-bc93-c7b262605968-mgr-x[29427]:
2024-04-25T13:34:57.602+0000 7f62f62a1200 -1 mgr[py] Module status has missing NOTIFY_TYPES member
2024-04-25T13:34:57.887 INFO:journalctl@ceph.mgr.x.smithi043.stdout:Apr 25 13:34:57 smithi043 ceph-394efb6c-0308-11ef-bc93-c7b262605968-mgr-x[29427]:
2024-04-25T13:34:57.833+0000 7f62f62a1200 -1 mgr[py] Module nfs has missing NOTIFY_TYPES member
2024-04-25T13:34:58.213 INFO:journalctl@ceph.mon.a.smithi043.stdout:Apr 25 13:34:57 smithi043 ceph-mon[29195]: Active manager daemon x restarted
2024-04-25T13:34:58.213 INFO:journalctl@ceph.mon.a.smithi043.stdout:Apr 25 13:34:57 smithi043 ceph-mon[29195]: Activating manager daemon x
2024-04-25T13:34:58.213 INFO:journalctl@ceph.mon.a.smithi043.stdout:Apr 25 13:34:57 smithi043 ceph-mon[29195]: osdmap e3: 0 total, 0 up, 0 in
2024-04-25T13:34:58.213 INFO:journalctl@ceph.mon.a.smithi043.stdout:Apr 25 13:34:57 smithi043 ceph-mon[29195]: mgrmap e10: x(active, starting, since 0.00410781s)
2024-04-25T13:34:58.214 INFO:journalctl@ceph.mon.a.smithi043.stdout:Apr 25 13:34:57 smithi043 ceph-mon[29195]: from='mgr.14150 172.21.15.43:0/3832403584' entity='mgr.x' cmd=[{"prefix": "mon metadata", "id": "a"}]: dispatch
2024-04-25T13:34:58.214 INFO:journalctl@ceph.mon.a.smithi043.stdout:Apr 25 13:34:57 smithi043 ceph-mon[29195]: from='mgr.14150 172.21.15.43:0/3832403584' entity='mgr.x' cmd=[{"prefix": "mgr metadata", "who": "x", "id": "x"}]: dispatch
2024-04-25T13:34:58.214 INFO:journalctl@ceph.mon.a.smithi043.stdout:Apr 25 13:34:57 smithi043 ceph-mon[29195]: from='mgr.14150 172.21.15.43:0/3832403584' entity='mgr.x' cmd=[{"prefix": "mds metadata"}]: dispatch
2024-04-25T13:34:58.214 INFO:journalctl@ceph.mon.a.smithi043.stdout:Apr 25 13:34:57 smithi043 ceph-mon[29195]: from='mgr.14150 172.21.15.43:0/3832403584' entity='mgr.x' cmd=[{"prefix": "osd metadata"}]: dispatch
2024-04-25T13:34:58.214 INFO:journalctl@ceph.mon.a.smithi043.stdout:Apr 25 13:34:57 smithi043 ceph-mon[29195]: from='mgr.14150 172.21.15.43:0/3832403584' entity='mgr.x' cmd=[{"prefix": "mon metadata"}]: dispatch
2024-04-25T13:34:58.214 INFO:journalctl@ceph.mon.a.smithi043.stdout:Apr 25 13:34:57 smithi043 ceph-mon[29195]: Manager daemon x is now available
2024-04-25T13:34:58.214 INFO:journalctl@ceph.mon.a.smithi043.stdout:Apr 25 13:34:57 smithi043 ceph-mon[29195]: from='mgr.14150 172.21.15.43:0/3832403584' entity='mgr.x' cmd=[{"prefix": "config dump", "format": "json"}]: dispatch
2024-04-25T13:34:58.963 INFO:journalctl@ceph.mon.a.smithi043.stdout:Apr 25 13:34:58 smithi043 ceph-mon[29195]: from='mgr.14150 172.21.15.43:0/3832403584' entity='mgr.x' cmd=[{"prefix":"config rm","who":"mgr","name":"mgr/rbd_support/x/mirror_snapshot_schedule"}]: dispatch
2024-04-25T13:34:58.963 INFO:journalctl@ceph.mon.a.smithi043.stdout:Apr 25 13:34:58 smithi043 ceph-mon[29195]: from='mgr.14150 172.21.15.43:0/3832403584' entity='mgr.x' cmd=[{"prefix":"config rm","who":"mgr","name":"mgr/rbd_support/x/trash_purge_schedule"}]: dispatch
2024-04-25T13:34:58.963 INFO:journalctl@ceph.mon.a.smithi043.stdout:Apr 25 13:34:58 smithi043 ceph-mon[29195]: mgrmap e11: x(active, since 1.00728s)
2024-04-25T13:34:59.858 INFO:teuthology.orchestra.run.smithi043.stdout:/usr/bin/ceph: stdout {
2024-04-25T13:34:59.858 INFO:teuthology.orchestra.run.smithi043.stdout:/usr/bin/ceph: stdout "mgrmap_epoch": 11,
2024-04-25T13:34:59.858 INFO:teuthology.orchestra.run.smithi043.stdout:/usr/bin/ceph: stdout "initialized": true
2024-04-25T13:34:59.858 INFO:teuthology.orchestra.run.smithi043.stdout:/usr/bin/ceph: stdout }
2024-04-25T13:34:59.858 INFO:teuthology.orchestra.run.smithi043.stdout:/usr/bin/ceph: stderr
2024-04-25T13:34:53.421+0000 7eff23d70700 1 Processor -- start
2024-04-25T13:34:59.858 INFO:teuthology.orchestra.run.smithi043.stdout:/usr/bin/ceph: stderr
2024-04-25T13:34:53.421+0000 7eff23d70700 1 -- start start
2024-04-25T13:34:59.858 INFO:teuthology.orchestra.run.smithi043.stdout:/usr/bin/ceph: stderr
2024-04-25T13:34:53.422+0000 7eff23d70700 1 --2- >> [v2:172.21.15.43:3300/0,v1:172.21.15.43:6789/0] conn(0x7eff1c108210 0x7eff1c108620 unknown :-1 s=NONE pgs=0 cs=0 l=0 rev1=0 crypto rx=0 tx=0 comp rx=0 tx=0).connect
2024-04-25T13:34:59.858 INFO:teuthology.orchestra.run.smithi043.stdout:/usr/bin/ceph: stderr
2024-04-25T13:34:53.422+0000 7eff23d70700 1 -- --> [v2:172.21.15.43:3300/0,v1:172.21.15.43:6789/0] -- mon_getmap magic: 0 -- 0x7eff1c07cdd0 con 0x7eff1c108210
2024-04-25T13:34:59.858 INFO:teuthology.orchestra.run.smithi043.stdout:/usr/bin/ceph: stderr
2024-04-25T13:34:53.422+0000 7eff21b0c700 1 --2- >> [v2:172.21.15.43:3300/0,v1:172.21.15.43:6789/0] conn(0x7eff1c108210 0x7eff1c108620 unknown :-1 s=BANNER_CONNECTING pgs=0 cs=0 l=0 rev1=0 crypto rx=0 tx=0 comp rx=0 tx=0)._handle_peer_banner_payload supported=3 required=0
2024-04-25T13:34:59.858 INFO:teuthology.orchestra.run.smithi043.stdout:/usr/bin/ceph: stderr
2024-04-25T13:34:53.422+0000 7eff21b0c700 1 --2- >> [v2:172.21.15.43:3300/0,v1:172.21.15.43:6789/0] conn(0x7eff1c108210 0x7eff1c108620 unknown :-1 s=HELLO_CONNECTING pgs=0 cs=0 l=0 rev1=1 crypto rx=0 tx=0 comp rx=0 tx=0).handle_hello peer v2:172.21.15.43:3300/0 says I am v2:172.21.15.43:34544/0 (socket says 172.21.15.43:34544)
2024-04-25T13:34:59.859 INFO:teuthology.orchestra.run.smithi043.stdout:/usr/bin/ceph: stderr
2024-04-25T13:34:53.422+0000 7eff21b0c700 1 -- 172.21.15.43:0/1565916398 learned_addr learned my addr 172.21.15.43:0/1565916398 (peer_addr_for_me v2:172.21.15.43:0/0)
2024-04-25T13:34:59.859 INFO:teuthology.orchestra.run.smithi043.stdout:/usr/bin/ceph: stderr
2024-04-25T13:34:53.422+0000 7eff21b0c700 1 -- 172.21.15.43:0/1565916398 --> [v2:172.21.15.43:3300/0,v1:172.21.15.43:6789/0] -- mon_subscribe({config=0+,monmap=0+}) -- 0x7eff1c108b60 con 0x7eff1c108210
2024-04-25T13:34:59.859 INFO:teuthology.orchestra.run.smithi043.stdout:/usr/bin/ceph: stderr
2024-04-25T13:34:53.423+0000 7eff21b0c700 1 --2- 172.21.15.43:0/1565916398 >> [v2:172.21.15.43:3300/0,v1:172.21.15.43:6789/0] conn(0x7eff1c108210 0x7eff1c108620 secure :-1 s=READY pgs=59 cs=0 l=1 rev1=1 crypto rx=0x7eff100098a0 tx=0x7eff10009bb0 comp rx=0 tx=0).ready entity=mon.0 client_cookie=824ca382e1d55c6b server_cookie=0 in_seq=0 out_seq=0
2024-04-25T13:34:59.859 INFO:teuthology.orchestra.run.smithi043.stdout:/usr/bin/ceph: stderr
2024-04-25T13:34:53.423+0000 7eff20b0a700 1 -- 172.21.15.43:0/1565916398 <== mon.0 v2:172.21.15.43:3300/0 1 ==== mon_map magic: 0 ==== 205+0+0 (secure 0 0 0) 0x7eff10004160 con 0x7eff1c108210
2024-04-25T13:34:59.859 INFO:teuthology.orchestra.run.smithi043.stdout:/usr/bin/ceph: stderr
