2024-04-25T13:34:47.552+0000 7f4c377fe700 1 -- 172.21.15.88:0/1563069651 <== mgr.14160 v2:172.21.15.88:6800/4031573820 2 ==== command_reply(tid 1: 0 ) v1 ==== 8+0+52 (secure 0 0 0) 0x7f4c50112210 con 0x7f4c3803a3a0
2024-04-25T13:34:48.164 INFO:teuthology.orchestra.run.smithi088.stdout:/usr/bin/ceph: stderr
2024-04-25T13:34:47.552+0000 7f4c55a0c700 1 -- 172.21.15.88:0/1563069651 >> [v2:172.21.15.88:6800/4031573820,v1:172.21.15.88:6801/4031573820] conn(0x7f4c3803a3a0 msgr2=0x7f4c3803c780 secure :-1 s=STATE_CONNECTION_ESTABLISHED l=1).mark_down
2024-04-25T13:34:48.164 INFO:teuthology.orchestra.run.smithi088.stdout:/usr/bin/ceph: stderr
2024-04-25T13:34:47.552+0000 7f4c55a0c700 1 --2- 172.21.15.88:0/1563069651 >> [v2:172.21.15.88:6800/4031573820,v1:172.21.15.88:6801/4031573820] conn(0x7f4c3803a3a0 0x7f4c3803c780 secure :-1 s=READY pgs=1 cs=0 l=1 rev1=1 crypto rx=0x7f4c400039d0 tx=0x7f4c40009350 comp rx=0 tx=0).stop
2024-04-25T13:34:48.164 INFO:teuthology.orchestra.run.smithi088.stdout:/usr/bin/ceph: stderr
2024-04-25T13:34:47.552+0000 7f4c55a0c700 1 -- 172.21.15.88:0/1563069651 >> [v2:172.21.15.88:3300/0,v1:172.21.15.88:6789/0] conn(0x7f4c500712b0 msgr2=0x7f4c50111640 secure :-1 s=STATE_CONNECTION_ESTABLISHED l=1).mark_down
2024-04-25T13:34:48.164 INFO:teuthology.orchestra.run.smithi088.stdout:/usr/bin/ceph: stderr
2024-04-25T13:34:47.552+0000 7f4c55a0c700 1 --2- 172.21.15.88:0/1563069651 >> [v2:172.21.15.88:3300/0,v1:172.21.15.88:6789/0] conn(0x7f4c500712b0 0x7f4c50111640 secure :-1 s=READY pgs=70 cs=0 l=1 rev1=1 crypto rx=0x7f4c440094c0 tx=0x7f4c44009250 comp rx=0 tx=0).stop
2024-04-25T13:34:48.164 INFO:teuthology.orchestra.run.smithi088.stdout:/usr/bin/ceph: stderr
2024-04-25T13:34:47.553+0000 7f4c55a0c700 1 -- 172.21.15.88:0/1563069651 shutdown_connections
2024-04-25T13:34:48.164 INFO:teuthology.orchestra.run.smithi088.stdout:/usr/bin/ceph: stderr
2024-04-25T13:34:47.553+0000 7f4c55a0c700 1 --2- 172.21.15.88:0/1563069651 >> [v2:172.21.15.88:6800/4031573820,v1:172.21.15.88:6801/4031573820] conn(0x7f4c3803a3a0 0x7f4c3803c780 unknown :-1 s=CLOSED pgs=1 cs=0 l=1 rev1=1 crypto rx=0 tx=0 comp rx=0 tx=0).stop
2024-04-25T13:34:48.164 INFO:teuthology.orchestra.run.smithi088.stdout:/usr/bin/ceph: stderr
2024-04-25T13:34:47.553+0000 7f4c55a0c700 1 --2- 172.21.15.88:0/1563069651 >> [v2:172.21.15.88:3300/0,v1:172.21.15.88:6789/0] conn(0x7f4c500712b0 0x7f4c50111640 unknown :-1 s=CLOSED pgs=70 cs=0 l=1 rev1=1 crypto rx=0 tx=0 comp rx=0 tx=0).stop
2024-04-25T13:34:48.164 INFO:teuthology.orchestra.run.smithi088.stdout:/usr/bin/ceph: stderr
2024-04-25T13:34:47.553+0000 7f4c55a0c700 1 --2- 172.21.15.88:0/1563069651 >> [v2:172.21.15.88:6800/2649702906,v1:172.21.15.88:6801/2649702906] conn(0x7f4c380368f0 0x7f4c38038da0 unknown :-1 s=CLOSED pgs=0 cs=0 l=1 rev1=0 crypto rx=0 tx=0 comp rx=0 tx=0).stop
2024-04-25T13:34:48.164 INFO:teuthology.orchestra.run.smithi088.stdout:/usr/bin/ceph: stderr
2024-04-25T13:34:47.553+0000 7f4c55a0c700 1 -- 172.21.15.88:0/1563069651 >> 172.21.15.88:0/1563069651 conn(0x7f4c500fcea0 msgr2=0x7f4c500fda10 unknown :-1 s=STATE_NONE l=0).mark_down
2024-04-25T13:34:48.164 INFO:teuthology.orchestra.run.smithi088.stdout:/usr/bin/ceph: stderr
2024-04-25T13:34:47.553+0000 7f4c55a0c700 1 -- 172.21.15.88:0/1563069651 shutdown_connections
2024-04-25T13:34:48.164 INFO:teuthology.orchestra.run.smithi088.stdout:/usr/bin/ceph: stderr
2024-04-25T13:34:47.553+0000 7f4c55a0c700 1 -- 172.21.15.88:0/1563069651 wait complete.
2024-04-25T13:34:48.164 INFO:teuthology.orchestra.run.smithi088.stdout:mgr epoch 9 is available
2024-04-25T13:34:48.164 INFO:teuthology.orchestra.run.smithi088.stdout:Generating a dashboard self-signed certificate...
2024-04-25T13:34:49.201 INFO:journalctl@ceph.mon.smithi088.smithi088.stdout:Apr 25 13:34:49 smithi088 ceph-mon[26348]: from='client.14164 -' entity='client.admin' cmd=[{"prefix": "get_command_descriptions"}]: dispatch
2024-04-25T13:34:49.201 INFO:journalctl@ceph.mon.smithi088.smithi088.stdout:Apr 25 13:34:49 smithi088 ceph-mon[26348]: from='client.14164 -' entity='client.admin' cmd=[{"prefix": "mgr_status"}]: dispatch
2024-04-25T13:34:49.201 INFO:journalctl@ceph.mon.smithi088.smithi088.stdout:Apr 25 13:34:49 smithi088 ceph-mon[26348]: from='mgr.14160 172.21.15.88:0/598036325' entity='mgr.smithi088.newico'
2024-04-25T13:34:49.201 INFO:journalctl@ceph.mon.smithi088.smithi088.stdout:Apr 25 13:34:49 smithi088 ceph-mon[26348]: from='mgr.14160 172.21.15.88:0/598036325' entity='mgr.smithi088.newico'
2024-04-25T13:34:49.505 INFO:teuthology.orchestra.run.smithi088.stdout:/usr/bin/ceph: stdout Self-signed certificate created
2024-04-25T13:34:49.506 INFO:teuthology.orchestra.run.smithi088.stdout:/usr/bin/ceph: stderr
2024-04-25T13:34:48.581+0000 7fc12f7e2700 1 Processor -- start
2024-04-25T13:34:49.506 INFO:teuthology.orchestra.run.smithi088.stdout:/usr/bin/ceph: stderr
2024-04-25T13:34:48.582+0000 7fc12f7e2700 1 -- start start
2024-04-25T13:34:49.506 INFO:teuthology.orchestra.run.smithi088.stdout:/usr/bin/ceph: stderr
2024-04-25T13:34:48.582+0000 7fc12f7e2700 1 --2- >> [v2:172.21.15.88:3300/0,v1:172.21.15.88:6789/0] conn(0x7fc128101740 0x7fc128101b50 unknown :-1 s=NONE pgs=0 cs=0 l=0 rev1=0 crypto rx=0 tx=0 comp rx=0 tx=0).connect
2024-04-25T13:34:49.506 INFO:teuthology.orchestra.run.smithi088.stdout:/usr/bin/ceph: stderr
2024-04-25T13:34:48.582+0000 7fc12f7e2700 1 -- --> [v2:172.21.15.88:3300/0,v1:172.21.15.88:6789/0] -- mon_getmap magic: 0 v1 -- 0x7fc128102090 con 0x7fc128101740
2024-04-25T13:34:49.506 INFO:teuthology.orchestra.run.smithi088.stdout:/usr/bin/ceph: stderr
2024-04-25T13:34:48.582+0000 7fc12d57e700 1 --2- >> [v2:172.21.15.88:3300/0,v1:172.21.15.88:6789/0] conn(0x7fc128101740 0x7fc128101b50 unknown :-1 s=BANNER_CONNECTING pgs=0 cs=0 l=0 rev1=0 crypto rx=0 tx=0 comp rx=0 tx=0)._handle_peer_banner_payload supported=3 required=0
2024-04-25T13:34:49.506 INFO:teuthology.orchestra.run.smithi088.stdout:/usr/bin/ceph: stderr
2024-04-25T13:34:48.582+0000 7fc12d57e700 1 --2- >> [v2:172.21.15.88:3300/0,v1:172.21.15.88:6789/0] conn(0x7fc128101740 0x7fc128101b50 unknown :-1 s=HELLO_CONNECTING pgs=0 cs=0 l=0 rev1=1 crypto rx=0 tx=0 comp rx=0 tx=0).handle_hello peer v2:172.21.15.88:3300/0 says I am v2:172.21.15.88:48652/0 (socket says 172.21.15.88:48652)
2024-04-25T13:34:49.506 INFO:teuthology.orchestra.run.smithi088.stdout:/usr/bin/ceph: stderr
2024-04-25T13:34:48.582+0000 7fc12d57e700 1 -- 172.21.15.88:0/1952142398 learned_addr learned my addr 172.21.15.88:0/1952142398 (peer_addr_for_me v2:172.21.15.88:0/0)
2024-04-25T13:34:49.506 INFO:teuthology.orchestra.run.smithi088.stdout:/usr/bin/ceph: stderr
2024-04-25T13:34:48.582+0000 7fc12d57e700 1 -- 172.21.15.88:0/1952142398 --> [v2:172.21.15.88:3300/0,v1:172.21.15.88:6789/0] -- mon_subscribe({config=0+,monmap=0+}) v3 -- 0x7fc1281021d0 con 0x7fc128101740
2024-04-25T13:34:49.506 INFO:teuthology.orchestra.run.smithi088.stdout:/usr/bin/ceph: stderr
2024-04-25T13:34:48.582+0000 7fc12d57e700 1 --2- 172.21.15.88:0/1952142398 >> [v2:172.21.15.88:3300/0,v1:172.21.15.88:6789/0] conn(0x7fc128101740 0x7fc128101b50 secure :-1 s=READY pgs=78 cs=0 l=1 rev1=1 crypto rx=0x7fc12400bb80 tx=0x7fc12400b4f0 comp rx=0 tx=0).ready entity=mon.0 client_cookie=71238496e11f54f2 server_cookie=0 in_seq=0 out_seq=0
2024-04-25T13:34:49.506 INFO:teuthology.orchestra.run.smithi088.stdout:/usr/bin/ceph: stderr
2024-04-25T13:34:48.582+0000 7fc11ffff700 1 -- 172.21.15.88:0/1952142398 <== mon.0 v2:172.21.15.88:3300/0 1 ==== mon_map magic: 0 v1 ==== 229+0+0 (secure 0 0 0) 0x7fc12400dd00 con 0x7fc128101740
2024-04-25T13:34:49.507 INFO:teuthology.orchestra.run.smithi088.stdout:/usr/bin/ceph: stderr
2024-04-25T13:34:48.583+0000 7fc11ffff700 1 -- 172.21.15.88:0/1952142398 <== mon.0 v2:172.21.15.88:3300/0 2 ==== config(27 keys) v1 ==== 1109+0+0 (secure 0 0 0) 0x7fc12400de60 con 0x7fc128101740
2024-04-25T13:34:49.507 INFO:teuthology.orchestra.run.smithi088.stdout:/usr/bin/ceph: stderr
2024-04-25T13:34:48.583+0000 7fc11ffff700 1 -- 172.21.15.88:0/1952142398 <== mon.0 v2:172.21.15.88:3300/0 3 ==== mon_map magic: 0 v1 ==== 229+0+0 (secure 0 0 0) 0x7fc124018920 con 0x7fc128101740
2024-04-25T13:34:49.507 INFO:teuthology.orchestra.run.smithi088.stdout:/usr/bin/ceph: stderr
2024-04-25T13:34:48.583+0000 7fc12f7e2700 1 -- 172.21.15.88:0/1952142398 >> [v2:172.21.15.88:3300/0,v1:172.21.15.88:6789/0] conn(0x7fc128101740 msgr2=0x7fc128101b50 secure :-1 s=STATE_CONNECTION_ESTABLISHED l=1).mark_down
2024-04-25T13:34:49.507 INFO:teuthology.orchestra.run.smithi088.stdout:/usr/bin/ceph: stderr
2024-04-25T13:34:48.583+0000 7fc12f7e2700 1 --2- 172.21.15.88:0/1952142398 >> [v2:172.21.15.88:3300/0,v1:172.21.15.88:6789/0] conn(0x7fc128101740 0x7fc128101b50 secure :-1 s=READY pgs=78 cs=0 l=1 rev1=1 crypto rx=0x7fc12400bb80 tx=0x7fc12400b4f0 comp rx=0 tx=0).stop
2024-04-25T13:34:49.507 INFO:teuthology.orchestra.run.smithi088.stdout:/usr/bin/ceph: stderr
2024-04-25T13:34:48.583+0000 7fc12f7e2700 1 -- 172.21.15.88:0/1952142398 shutdown_connections
2024-04-25T13:34:49.507 INFO:teuthology.orchestra.run.smithi088.stdout:/usr/bin/ceph: stderr
2024-04-25T13:34:48.583+0000 7fc12f7e2700 1 --2- 172.21.15.88:0/1952142398 >> [v2:172.21.15.88:3300/0,v1:172.21.15.88:6789/0] conn(0x7fc128101740 0x7fc128101b50 unknown :-1 s=CLOSED pgs=78 cs=0 l=1 rev1=1 crypto rx=0 tx=0 comp rx=0 tx=0).stop
2024-04-25T13:34:49.507 INFO:teuthology.orchestra.run.smithi088.stdout:/usr/bin/ceph: stderr
2024-04-25T13:34:48.583+0000 7fc12f7e2700 1 -- 172.21.15.88:0/1952142398 >> 172.21.15.88:0/1952142398 conn(0x7fc1280fcec0 msgr2=0x7fc1280ff2d0 unknown :-1 s=STATE_NONE l=0).mark_down
2024-04-25T13:34:49.507 INFO:teuthology.orchestra.run.smithi088.stdout:/usr/bin/ceph: stderr
2024-04-25T13:34:48.583+0000 7fc12f7e2700 1 -- 172.21.15.88:0/1952142398 shutdown_connections
2024-04-25T13:34:49.507 INFO:teuthology.orchestra.run.smithi088.stdout:/usr/bin/ceph: stderr
2024-04-25T13:34:48.583+0000 7fc12f7e2700 1 -- 172.21.15.88:0/1952142398 wait complete.
2024-04-25T13:34:49.507 INFO:teuthology.orchestra.run.smithi088.stdout:/usr/bin/ceph: stderr
2024-04-25T13:34:48.584+0000 7fc12f7e2700 1 Processor -- start
2024-04-25T13:34:49.507 INFO:teuthology.orchestra.run.smithi088.stdout:/usr/bin/ceph: stderr
2024-04-25T13:34:48.584+0000 7fc12f7e2700 1 -- start start
2024-04-25T13:34:49.507 INFO:teuthology.orchestra.run.smithi088.stdout:/usr/bin/ceph: stderr
2024-04-25T13:34:48.584+0000 7fc12f7e2700 1 --2- >> [v2:172.21.15.88:3300/0,v1:172.21.15.88:6789/0] conn(0x7fc128101740 0x7fc12810f350 unknown :-1 s=NONE pgs=0 cs=0 l=1 rev1=0 crypto rx=0 tx=0 comp rx=0 tx=0).connect
2024-04-25T13:34:49.507 INFO:teuthology.orchestra.run.smithi088.stdout:/usr/bin/ceph: stderr
2024-04-25T13:34:48.584+0000 7fc12f7e2700 1 -- --> [v2:172.21.15.88:3300/0,v1:172.21.15.88:6789/0] -- mon_getmap magic: 0 v1 -- 0x7fc12810f890 con 0x7fc128101740
2024-04-25T13:34:49.508 INFO:teuthology.orchestra.run.smithi088.stdout:/usr/bin/ceph: stderr
2024-04-25T13:34:48.584+0000 7fc12d57e700 1 --2- >> [v2:172.21.15.88:3300/0,v1:172.21.15.88:6789/0] conn(0x7fc128101740 0x7fc12810f350 unknown :-1 s=BANNER_CONNECTING pgs=0 cs=0 l=1 rev1=0 crypto rx=0 tx=0 comp rx=0 tx=0)._handle_peer_banner_payload supported=3 required=0
2024-04-25T13:34:49.508 INFO:teuthology.orchestra.run.smithi088.stdout:/usr/bin/ceph: stderr
2024-04-25T13:34:48.584+0000 7fc12d57e700 1 --2- >> [v2:172.21.15.88:3300/0,v1:172.21.15.88:6789/0] conn(0x7fc128101740 0x7fc12810f350 unknown :-1 s=HELLO_CONNECTING pgs=0 cs=0 l=1 rev1=1 crypto rx=0 tx=0 comp rx=0 tx=0).handle_hello peer v2:172.21.15.88:3300/0 says I am v2:172.21.15.88:48654/0 (socket says 172.21.15.88:48654)
2024-04-25T13:34:49.508 INFO:teuthology.orchestra.run.smithi088.stdout:/usr/bin/ceph: stderr
2024-04-25T13:34:48.584+0000 7fc12d57e700 1 -- 172.21.15.88:0/2340660464 learned_addr learned my addr 172.21.15.88:0/2340660464 (peer_addr_for_me v2:172.21.15.88:0/0)
2024-04-25T13:34:49.508 INFO:teuthology.orchestra.run.smithi088.stdout:/usr/bin/ceph: stderr
2024-04-25T13:34:48.584+0000 7fc12d57e700 1 -- 172.21.15.88:0/2340660464 --> [v2:172.21.15.88:3300/0,v1:172.21.15.88:6789/0] -- mon_subscribe({config=0+,monmap=0+}) v3 -- 0x7fc12400b790 con 0x7fc128101740
2024-04-25T13:34:49.508 INFO:teuthology.orchestra.run.smithi088.stdout:/usr/bin/ceph: stderr
2024-04-25T13:34:48.584+0000 7fc12d57e700 1 --2- 172.21.15.88:0/2340660464 >> [v2:172.21.15.88:3300/0,v1:172.21.15.88:6789/0] conn(0x7fc128101740 0x7fc12810f350 secure :-1 s=READY pgs=79 cs=0 l=1 rev1=1 crypto rx=0x7fc124006d40 tx=0x7fc12400b4f0 comp rx=0 tx=0).ready entity=mon.0 client_cookie=0 server_cookie=0 in_seq=0 out_seq=0
2024-04-25T13:34:49.508 INFO:teuthology.orchestra.run.smithi088.stdout:/usr/bin/ceph: stderr
2024-04-25T13:34:48.584+0000 7fc11dffb700 1 -- 172.21.15.88:0/2340660464 <== mon.0 v2:172.21.15.88:3300/0 1 ==== mon_map magic: 0 v1 ==== 229+0+0 (secure 0 0 0) 0x7fc12400dc70 con 0x7fc128101740
2024-04-25T13:34:49.508 INFO:teuthology.orchestra.run.smithi088.stdout:/usr/bin/ceph: stderr
2024-04-25T13:34:48.584+0000 7fc11dffb700 1 -- 172.21.15.88:0/2340660464 <== mon.0 v2:172.21.15.88:3300/0 2 ==== config(27 keys) v1 ==== 1109+0+0 (secure 0 0 0) 0x7fc12401d050 con 0x7fc128101740
2024-04-25T13:34:49.508 INFO:teuthology.orchestra.run.smithi088.stdout:/usr/bin/ceph: stderr
2024-04-25T13:34:48.584+0000 7fc12f7e2700 1 -- 172.21.15.88:0/2340660464 --> [v2:172.21.15.88:3300/0,v1:172.21.15.88:6789/0] -- mon_subscribe({mgrmap=0+}) v3 -- 0x7fc12810fa90 con 0x7fc128101740
2024-04-25T13:34:49.508 INFO:teuthology.orchestra.run.smithi088.stdout:/usr/bin/ceph: stderr
2024-04-25T13:34:48.584+0000 7fc11dffb700 1 -- 172.21.15.88:0/2340660464 <== mon.0 v2:172.21.15.88:3300/0 3 ==== mon_map magic: 0 v1 ==== 229+0+0 (secure 0 0 0) 0x7fc1240223d0 con 0x7fc128101740
2024-04-25T13:34:49.508 INFO:teuthology.orchestra.run.smithi088.stdout:/usr/bin/ceph: stderr
2024-04-25T13:34:48.585+0000 7fc12f7e2700 1 -- 172.21.15.88:0/2340660464 --> [v2:172.21.15.88:3300/0,v1:172.21.15.88:6789/0] -- mon_subscribe({osdmap=0}) v3 -- 0x7fc128110600 con 0x7fc128101740
2024-04-25T13:34:49.508 INFO:teuthology.orchestra.run.smithi088.stdout:/usr/bin/ceph: stderr
2024-04-25T13:34:48.585+0000 7fc11dffb700 1 -- 172.21.15.88:0/2340660464 <== mon.0 v2:172.21.15.88:3300/0 4 ==== mgrmap(e 11) v1 ==== 43283+0+0 (secure 0 0 0) 0x7fc124022650 con 0x7fc128101740
2024-04-25T13:34:49.508 INFO:teuthology.orchestra.run.smithi088.stdout:/usr/bin/ceph: stderr
2024-04-25T13:34:48.585+0000 7fc12f7e2700 1 -- 172.21.15.88:0/2340660464 --> [v2:172.21.15.88:3300/0,v1:172.21.15.88:6789/0] -- mon_command({"prefix": "get_command_descriptions"} v 0) v1 -- 0x7fc12805f5c0 con 0x7fc128101740
2024-04-25T13:34:49.508 INFO:teuthology.orchestra.run.smithi088.stdout:/usr/bin/ceph: stderr
2024-04-25T13:34:48.586+0000 7fc11dffb700 1 --2- 172.21.15.88:0/2340660464 >> [v2:172.21.15.88:6800/4031573820,v1:172.21.15.88:6801/4031573820] conn(0x7fc114036770 0x7fc114038c20 unknown :-1 s=NONE pgs=0 cs=0 l=1 rev1=0 crypto rx=0 tx=0 comp rx=0 tx=0).connect
2024-04-25T13:34:49.508 INFO:teuthology.orchestra.run.smithi088.stdout:/usr/bin/ceph: stderr
2024-04-25T13:34:48.586+0000 7fc11dffb700 1 -- 172.21.15.88:0/2340660464 <== mon.0 v2:172.21.15.88:3300/0 5 ==== osd_map(3..3 src has 1..3) v4 ==== 1151+0+0 (secure 0 0 0) 0x7fc124014070 con 0x7fc128101740
2024-04-25T13:34:49.509 INFO:teuthology.orchestra.run.smithi088.stdout:/usr/bin/ceph: stderr
2024-04-25T13:34:48.586+0000 7fc12cd7d700 1 --2- 172.21.15.88:0/2340660464 >> [v2:172.21.15.88:6800/4031573820,v1:172.21.15.88:6801/4031573820] conn(0x7fc114036770 0x7fc114038c20 unknown :-1 s=BANNER_CONNECTING pgs=0 cs=0 l=1 rev1=0 crypto rx=0 tx=0 comp rx=0 tx=0)._handle_peer_banner_payload supported=3 required=0
2024-04-25T13:34:49.509 INFO:teuthology.orchestra.run.smithi088.stdout:/usr/bin/ceph: stderr
2024-04-25T13:34:48.586+0000 7fc12cd7d700 1 --2- 172.21.15.88:0/2340660464 >> [v2:172.21.15.88:6800/4031573820,v1:172.21.15.88:6801/4031573820] conn(0x7fc114036770 0x7fc114038c20 secure :-1 s=READY pgs=7 cs=0 l=1 rev1=1 crypto rx=0x7fc118009990 tx=0x7fc118006e40 comp rx=0 tx=0).ready entity=mgr.14160 client_cookie=0 server_cookie=0 in_seq=0 out_seq=0
2024-04-25T13:34:49.509 INFO:teuthology.orchestra.run.smithi088.stdout:/usr/bin/ceph: stderr
2024-04-25T13:34:48.590+0000 7fc11dffb700 1 -- 172.21.15.88:0/2340660464 <== mon.0 v2:172.21.15.88:3300/0 6 ==== mon_command_ack([{"prefix": "get_command_descriptions"}]=0 v0) v1 ==== 72+0+176702 (secure 0 0 0) 0x7fc12400eb90 con 0x7fc128101740
2024-04-25T13:34:49.509 INFO:teuthology.orchestra.run.smithi088.stdout:/usr/bin/ceph: stderr
2024-04-25T13:34:48.803+0000 7fc12f7e2700 1 -- 172.21.15.88:0/2340660464 --> [v2:172.21.15.88:6800/4031573820,v1:172.21.15.88:6801/4031573820] -- mgr_command(tid 0: {"prefix": "dashboard create-self-signed-cert", "target": ["mon-mgr", ""]}) v1 -- 0x7fc1281109b0 con 0x7fc114036770
2024-04-25T13:34:49.509 INFO:teuthology.orchestra.run.smithi088.stdout:/usr/bin/ceph: stderr
2024-04-25T13:34:48.853+0000 7fc11dffb700 1 -- 172.21.15.88:0/2340660464 <== mgr.14160 v2:172.21.15.88:6800/4031573820 1 ==== mgr_command_reply(tid 0: 0 ) v1 ==== 8+0+32 (secure 0 0 0) 0x7fc1281109b0 con 0x7fc114036770
2024-04-25T13:34:49.509 INFO:teuthology.orchestra.run.smithi088.stdout:/usr/bin/ceph: stderr
2024-04-25T13:34:48.855+0000 7fc12f7e2700 1 -- 172.21.15.88:0/2340660464 >> [v2:172.21.15.88:6800/4031573820,v1:172.21.15.88:6801/4031573820] conn(0x7fc114036770 msgr2=0x7fc114038c20 secure :-1 s=STATE_CONNECTION_ESTABLISHED l=1).mark_down
2024-04-25T13:34:49.509 INFO:teuthology.orchestra.run.smithi088.stdout:/usr/bin/ceph: stderr
2024-04-25T13:34:48.855+0000 7fc12f7e2700 1 --2- 172.21.15.88:0/2340660464 >> [v2:172.21.15.88:6800/4031573820,v1:172.21.15.88:6801/4031573820] conn(0x7fc114036770 0x7fc114038c20 secure :-1 s=READY pgs=7 cs=0 l=1 rev1=1 crypto rx=0x7fc118009990 tx=0x7fc118006e40 comp rx=0 tx=0).stop
2024-04-25T13:34:49.509 INFO:teuthology.orchestra.run.smithi088.stdout:/usr/bin/ceph: stderr
2024-04-25T13:34:48.855+0000 7fc12f7e2700 1 -- 172.21.15.88:0/2340660464 >> [v2:172.21.15.88:3300/0,v1:172.21.15.88:6789/0] conn(0x7fc128101740 msgr2=0x7fc12810f350 secure :-1 s=STATE_CONNECTION_ESTABLISHED l=1).mark_down
2024-04-25T13:34:49.509 INFO:teuthology.orchestra.run.smithi088.stdout:/usr/bin/ceph: stderr
2024-04-25T13:34:48.855+0000 7fc12f7e2700 1 --2- 172.21.15.88:0/2340660464 >> [v2:172.21.15.88:3300/0,v1:172.21.15.88:6789/0] conn(0x7fc128101740 0x7fc12810f350 secure :-1 s=READY pgs=79 cs=0 l=1 rev1=1 crypto rx=0x7fc124006d40 tx=0x7fc12400b4f0 comp rx=0 tx=0).stop
2024-04-25T13:34:49.509 INFO:teuthology.orchestra.run.smithi088.stdout:/usr/bin/ceph: stderr
2024-04-25T13:34:48.855+0000 7fc12f7e2700 1 -- 172.21.15.88:0/2340660464 shutdown_connections
2024-04-25T13:34:49.509 INFO:teuthology.orchestra.run.smithi088.stdout:/usr/bin/ceph: stderr
2024-04-25T13:34:48.855+0000 7fc12f7e2700 1 --2- 172.21.15.88:0/2340660464 >> [v2:172.21.15.88:6800/4031573820,v1:172.21.15.88:6801/4031573820] conn(0x7fc114036770 0x7fc114038c20 unknown :-1 s=CLOSED pgs=7 cs=0 l=1 rev1=1 crypto rx=0 tx=0 comp rx=0 tx=0).stop
2024-04-25T13:34:49.509 INFO:teuthology.orchestra.run.smithi088.stdout:/usr/bin/ceph: stderr
2024-04-25T13:34:48.855+0000 7fc12f7e2700 1 --2- 172.21.15.88:0/2340660464 >> [v2:172.21.15.88:3300/0,v1:172.21.15.88:6789/0] conn(0x7fc128101740 0x7fc12810f350 unknown :-1 s=CLOSED pgs=79 cs=0 l=1 rev1=1 crypto rx=0 tx=0 comp rx=0 tx=0).stop
2024-04-25T13:34:49.509 INFO:teuthology.orchestra.run.smithi088.stdout:/usr/bin/ceph: stderr
2024-04-25T13:34:48.855+0000 7fc12f7e2700 1 -- 172.21.15.88:0/2340660464 >> 172.21.15.88:0/2340660464 conn(0x7fc1280fcec0 msgr2=0x7fc128105b80 unknown :-1 s=STATE_NONE l=0).mark_down
2024-04-25T13:34:49.509 INFO:teuthology.orchestra.run.smithi088.stdout:/usr/bin/ceph: stderr
2024-04-25T13:34:48.855+0000 7fc12f7e2700 1 -- 172.21.15.88:0/2340660464 shutdown_connections
2024-04-25T13:34:49.510 INFO:teuthology.orchestra.run.smithi088.stdout:/usr/bin/ceph: stderr
2024-04-25T13:34:48.855+0000 7fc12f7e2700 1 -- 172.21.15.88:0/2340660464 wait complete.
2024-04-25T13:34:49.510 INFO:teuthology.orchestra.run.smithi088.stdout:Creating initial admin user...
2024-04-25T13:34:50.145 INFO:journalctl@ceph.mon.smithi088.smithi088.stdout:Apr 25 13:34:50 smithi088 ceph-mon[26348]: from='client.14172 -' entity='client.admin' cmd=[{"prefix": "dashboard create-self-signed-cert", "target": ["mon-mgr", ""]}]: dispatch
2024-04-25T13:34:50.145 INFO:journalctl@ceph.mon.smithi088.smithi088.stdout:Apr 25 13:34:50 smithi088 ceph-mon[26348]: mgrmap e12: smithi088.newico(active, since 2s)
2024-04-25T13:34:50.145 INFO:journalctl@ceph.mon.smithi088.smithi088.stdout:Apr 25 13:34:50 smithi088 ceph-mon[26348]: from='mgr.14160 172.21.15.88:0/598036325' entity='mgr.smithi088.newico'
2024-04-25T13:34:51.527 INFO:teuthology.orchestra.run.smithi088.stdout:/usr/bin/ceph: stdout {"username": "admin", "password": "$2b$12$ls3OaglUW22R4OD5NWRUPOeNk.yXvn/3EahcMx524mx3wAeWE/IFa", "roles": ["administrator"], "name": null, "email": null, "lastUpdate": 1714052090, "enabled": true, "pwdExpirationDate": null, "pwdUpdateRequired": true}
2024-04-25T13:34:51.527 INFO:teuthology.orchestra.run.smithi088.stdout:/usr/bin/ceph: stderr
2024-04-25T13:34:49.907+0000 7f9ea5162700 1 Processor -- start
2024-04-25T13:34:51.527 INFO:teuthology.orchestra.run.smithi088.stdout:/usr/bin/ceph: stderr
2024-04-25T13:34:49.907+0000 7f9ea5162700 1 -- start start
2024-04-25T13:34:51.528 INFO:teuthology.orchestra.run.smithi088.stdout:/usr/bin/ceph: stderr
2024-04-25T13:34:49.907+0000 7f9ea5162700 1 --2- >> [v2:172.21.15.88:3300/0,v1:172.21.15.88:6789/0] conn(0x7f9ea0101710 0x7f9ea0101b20 unknown :-1 s=NONE pgs=0 cs=0 l=0 rev1=0 crypto rx=0 tx=0 comp rx=0 tx=0).connect
2024-04-25T13:34:51.528 INFO:teuthology.orchestra.run.smithi088.stdout:/usr/bin/ceph: stderr
2024-04-25T13:34:49.907+0000 7f9ea5162700 1 -- --> [v2:172.21.15.88:3300/0,v1:172.21.15.88:6789/0] -- mon_getmap magic: 0 v1 -- 0x7f9ea0102060 con 0x7f9ea0101710
2024-04-25T13:34:51.528 INFO:teuthology.orchestra.run.smithi088.stdout:/usr/bin/ceph: stderr
2024-04-25T13:34:49.908+0000 7f9e9ed9d700 1 --2- >> [v2:172.21.15.88:3300/0,v1:172.21.15.88:6789/0] conn(0x7f9ea0101710 0x7f9ea0101b20 unknown :-1 s=BANNER_CONNECTING pgs=0 cs=0 l=0 rev1=0 crypto rx=0 tx=0 comp rx=0 tx=0)._handle_peer_banner_payload supported=3 required=0
2024-04-25T13:34:51.528 INFO:teuthology.orchestra.run.smithi088.stdout:/usr/bin/ceph: stderr
2024-04-25T13:34:49.908+0000 7f9e9ed9d700 1 --2- >> [v2:172.21.15.88:3300/0,v1:172.21.15.88:6789/0] conn(0x7f9ea0101710 0x7f9ea0101b20 unknown :-1 s=HELLO_CONNECTING pgs=0 cs=0 l=0 rev1=1 crypto rx=0 tx=0 comp rx=0 tx=0).handle_hello peer v2:172.21.15.88:3300/0 says I am v2:172.21.15.88:48658/0 (socket says 172.21.15.88:48658)
2024-04-25T13:34:51.528 INFO:teuthology.orchestra.run.smithi088.stdout:/usr/bin/ceph: stderr
2024-04-25T13:34:49.908+0000 7f9e9ed9d700 1 -- 172.21.15.88:0/1505906996 learned_addr learned my addr 172.21.15.88:0/1505906996 (peer_addr_for_me v2:172.21.15.88:0/0)
2024-04-25T13:34:51.528 INFO:teuthology.orchestra.run.smithi088.stdout:/usr/bin/ceph: stderr
2024-04-25T13:34:49.908+0000 7f9e9ed9d700 1 -- 172.21.15.88:0/1505906996 --> [v2:172.21.15.88:3300/0,v1:172.21.15.88:6789/0] -- mon_subscribe({config=0+,monmap=0+}) v3 -- 0x7f9ea01021a0 con 0x7f9ea0101710
2024-04-25T13:34:51.528 INFO:teuthology.orchestra.run.smithi088.stdout:/usr/bin/ceph: stderr
2024-04-25T13:34:49.908+0000 7f9e9ed9d700 1 --2- 172.21.15.88:0/1505906996 >> [v2:172.21.15.88:3300/0,v1:172.21.15.88:6789/0] conn(0x7f9ea0101710 0x7f9ea0101b20 secure :-1 s=READY pgs=80 cs=0 l=1 rev1=1 crypto rx=0x7f9e9000bb80 tx=0x7f9e9000b4f0 comp rx=0 tx=0).ready entity=mon.0 client_cookie=5a5c497dd84a1bb5 server_cookie=0 in_seq=0 out_seq=0
2024-04-25T13:34:51.528 INFO:teuthology.orchestra.run.smithi088.stdout:/usr/bin/ceph: stderr
2024-04-25T13:34:49.908+0000 7f9e9e59c700 1 -- 172.21.15.88:0/1505906996 <== mon.0 v2:172.21.15.88:3300/0 1 ==== mon_map magic: 0 v1 ==== 229+0+0 (secure 0 0 0) 0x7f9e9000dd00 con 0x7f9ea0101710
2024-04-25T13:34:51.528 INFO:teuthology.orchestra.run.smithi088.stdout:/usr/bin/ceph: stderr
2024-04-25T13:34:49.908+0000 7f9e9e59c700 1 -- 172.21.15.88:0/1505906996 <== mon.0 v2:172.21.15.88:3300/0 2 ==== config(27 keys) v1 ==== 1109+0+0 (secure 0 0 0) 0x7f9e9000de60 con 0x7f9ea0101710
2024-04-25T13:34:51.528 INFO:teuthology.orchestra.run.smithi088.stdout:/usr/bin/ceph: stderr
2024-04-25T13:34:49.908+0000 7f9e9e59c700 1 -- 172.21.15.88:0/1505906996 <== mon.0 v2:172.21.15.88:3300/0 3 ==== mon_map magic: 0 v1 ==== 229+0+0 (secure 0 0 0) 0x7f9e90018920 con 0x7f9ea0101710
2024-04-25T13:34:51.528 INFO:teuthology.orchestra.run.smithi088.stdout:/usr/bin/ceph: stderr
2024-04-25T13:34:49.909+0000 7f9ea5162700 1 -- 172.21.15.88:0/1505906996 >> [v2:172.21.15.88:3300/0,v1:172.21.15.88:6789/0] conn(0x7f9ea0101710 msgr2=0x7f9ea0101b20 secure :-1 s=STATE_CONNECTION_ESTABLISHED l=1).mark_down
2024-04-25T13:34:51.528 INFO:teuthology.orchestra.run.smithi088.stdout:/usr/bin/ceph: stderr
2024-04-25T13:34:49.909+0000 7f9ea5162700 1 --2- 172.21.15.88:0/1505906996 >> [v2:172.21.15.88:3300/0,v1:172.21.15.88:6789/0] conn(0x7f9ea0101710 0x7f9ea0101b20 secure :-1 s=READY pgs=80 cs=0 l=1 rev1=1 crypto rx=0x7f9e9000bb80 tx=0x7f9e9000b4f0 comp rx=0 tx=0).stop
2024-04-25T13:34:51.528 INFO:teuthology.orchestra.run.smithi088.stdout:/usr/bin/ceph: stderr
2024-04-25T13:34:49.909+0000 7f9ea5162700 1 -- 172.21.15.88:0/1505906996 shutdown_connections
2024-04-25T13:34:51.529 INFO:teuthology.orchestra.run.smithi088.stdout:/usr/bin/ceph: stderr
2024-04-25T13:34:49.909+0000 7f9ea5162700 1 --2- 172.21.15.88:0/1505906996 >> [v2:172.21.15.88:3300/0,v1:172.21.15.88:6789/0] conn(0x7f9ea0101710 0x7f9ea0101b20 unknown :-1 s=CLOSED pgs=80 cs=0 l=1 rev1=1 crypto rx=0 tx=0 comp rx=0 tx=0).stop
2024-04-25T13:34:51.529 INFO:teuthology.orchestra.run.smithi088.stdout:/usr/bin/ceph: stderr
2024-04-25T13:34:49.909+0000 7f9ea5162700 1 -- 172.21.15.88:0/1505906996 >> 172.21.15.88:0/1505906996 conn(0x7f9ea00fced0 msgr2=0x7f9ea00ff2e0 unknown :-1 s=STATE_NONE l=0).mark_down
2024-04-25T13:34:51.529 INFO:teuthology.orchestra.run.smithi088.stdout:/usr/bin/ceph: stderr
2024-04-25T13:34:49.909+0000 7f9ea5162700 1 -- 172.21.15.88:0/1505906996 shutdown_connections
2024-04-25T13:34:51.529 INFO:teuthology.orchestra.run.smithi088.stdout:/usr/bin/ceph: stderr
2024-04-25T13:34:49.909+0000 7f9ea5162700 1 -- 172.21.15.88:0/1505906996 wait complete.
2024-04-25T13:34:51.529 INFO:teuthology.orchestra.run.smithi088.stdout:/usr/bin/ceph: stderr
2024-04-25T13:34:49.909+0000 7f9ea5162700 1 Processor -- start
2024-04-25T13:34:51.529 INFO:teuthology.orchestra.run.smithi088.stdout:/usr/bin/ceph: stderr
2024-04-25T13:34:49.909+0000 7f9ea5162700 1 -- start start
2024-04-25T13:34:51.529 INFO:teuthology.orchestra.run.smithi088.stdout:/usr/bin/ceph: stderr
2024-04-25T13:34:49.910+0000 7f9ea5162700 1 --2- >> [v2:172.21.15.88:3300/0,v1:172.21.15.88:6789/0] conn(0x7f9ea0101710 0x7f9ea01137a0 unknown :-1 s=NONE pgs=0 cs=0 l=1 rev1=0 crypto rx=0 tx=0 comp rx=0 tx=0).connect
2024-04-25T13:34:51.529 INFO:teuthology.orchestra.run.smithi088.stdout:/usr/bin/ceph: stderr
2024-04-25T13:34:49.910+0000 7f9ea5162700 1 -- --> [v2:172.21.15.88:3300/0,v1:172.21.15.88:6789/0] -- mon_getmap magic: 0 v1 -- 0x7f9ea0113ce0 con 0x7f9ea0101710
2024-04-25T13:34:51.529 INFO:teuthology.orchestra.run.smithi088.stdout:/usr/bin/ceph: stderr
2024-04-25T13:34:49.910+0000 7f9e9ed9d700 1 --2- >> [v2:172.21.15.88:3300/0,v1:172.21.15.88:6789/0] conn(0x7f9ea0101710 0x7f9ea01137a0 unknown :-1 s=BANNER_CONNECTING pgs=0 cs=0 l=1 rev1=0 crypto rx=0 tx=0 comp rx=0 tx=0)._handle_peer_banner_payload supported=3 required=0
2024-04-25T13:34:51.529 INFO:teuthology.orchestra.run.smithi088.stdout:/usr/bin/ceph: stderr
2024-04-25T13:34:49.910+0000 7f9e9ed9d700 1 --2- >> [v2:172.21.15.88:3300/0,v1:172.21.15.88:6789/0] conn(0x7f9ea0101710 0x7f9ea01137a0 unknown :-1 s=HELLO_CONNECTING pgs=0 cs=0 l=1 rev1=1 crypto rx=0 tx=0 comp rx=0 tx=0).handle_hello peer v2:172.21.15.88:3300/0 says I am v2:172.21.15.88:48660/0 (socket says 172.21.15.88:48660)
2024-04-25T13:34:51.529 INFO:teuthology.orchestra.run.smithi088.stdout:/usr/bin/ceph: stderr
2024-04-25T13:34:49.910+0000 7f9e9ed9d700 1 -- 172.21.15.88:0/1233202765 learned_addr learned my addr 172.21.15.88:0/1233202765 (peer_addr_for_me v2:172.21.15.88:0/0)
2024-04-25T13:34:51.529 INFO:teuthology.orchestra.run.smithi088.stdout:/usr/bin/ceph: stderr
2024-04-25T13:34:49.910+0000 7f9e9ed9d700 1 -- 172.21.15.88:0/1233202765 --> [v2:172.21.15.88:3300/0,v1:172.21.15.88:6789/0] -- mon_subscribe({config=0+,monmap=0+}) v3 -- 0x7f9e9000b790 con 0x7f9ea0101710
2024-04-25T13:34:51.529 INFO:teuthology.orchestra.run.smithi088.stdout:/usr/bin/ceph: stderr
2024-04-25T13:34:49.910+0000 7f9e9ed9d700 1 --2- 172.21.15.88:0/1233202765 >> [v2:172.21.15.88:3300/0,v1:172.21.15.88:6789/0] conn(0x7f9ea0101710 0x7f9ea01137a0 secure :-1 s=READY pgs=81 cs=0 l=1 rev1=1 crypto rx=0x7f9e900106a0 tx=0x7f9e9000b4f0 comp rx=0 tx=0).ready entity=mon.0 client_cookie=0 server_cookie=0 in_seq=0 out_seq=0
2024-04-25T13:34:51.530 INFO:teuthology.orchestra.run.smithi088.stdout:/usr/bin/ceph: stderr
2024-04-25T13:34:49.910+0000 7f9e97fff700 1 -- 172.21.15.88:0/1233202765 <== mon.0 v2:172.21.15.88:3300/0 1 ==== mon_map magic: 0 v1 ==== 229+0+0 (secure 0 0 0) 0x7f9e9000dc70 con 0x7f9ea0101710
2024-04-25T13:34:51.530 INFO:teuthology.orchestra.run.smithi088.stdout:/usr/bin/ceph: stderr
2024-04-25T13:34:49.910+0000 7f9e97fff700 1 -- 172.21.15.88:0/1233202765 <== mon.0 v2:172.21.15.88:3300/0 2 ==== config(27 keys) v1 ==== 1109+0+0 (secure 0 0 0) 0x7f9e90010b80 con 0x7f9ea0101710
2024-04-25T13:34:51.530 INFO:teuthology.orchestra.run.smithi088.stdout:/usr/bin/ceph: stderr
2024-04-25T13:34:49.910+0000 7f9e97fff700 1 -- 172.21.15.88:0/1233202765 <== mon.0 v2:172.21.15.88:3300/0 3 ==== mon_map magic: 0 v1 ==== 229+0+0 (secure 0 0 0) 0x7f9e90021550 con 0x7f9ea0101710
2024-04-25T13:34:51.530 INFO:teuthology.orchestra.run.smithi088.stdout:/usr/bin/ceph: stderr
2024-04-25T13:34:49.910+0000 7f9ea5162700 1 -- 172.21.15.88:0/1233202765 --> [v2:172.21.15.88:3300/0,v1:172.21.15.88:6789/0] -- mon_subscribe({mgrmap=0+}) v3 -- 0x7f9ea0113ee0 con 0x7f9ea0101710
2024-04-25T13:34:51.530 INFO:teuthology.orchestra.run.smithi088.stdout:/usr/bin/ceph: stderr
2024-04-25T13:34:49.910+0000 7f9ea5162700 1 -- 172.21.15.88:0/1233202765 --> [v2:172.21.15.88:3300/0,v1:172.21.15.88:6789/0] -- mon_subscribe({osdmap=0}) v3 -- 0x7f9ea0114a50 con 0x7f9ea0101710
2024-04-25T13:34:51.530 INFO:teuthology.orchestra.run.smithi088.stdout:/usr/bin/ceph: stderr
2024-04-25T13:34:49.911+0000 7f9e97fff700 1 -- 172.21.15.88:0/1233202765 <== mon.0 v2:172.21.15.88:3300/0 4 ==== mgrmap(e 12) v1 ==== 43389+0+0 (secure 0 0 0) 0x7f9e900223f0 con 0x7f9ea0101710
2024-04-25T13:34:51.530 INFO:teuthology.orchestra.run.smithi088.stdout:/usr/bin/ceph: stderr
2024-04-25T13:34:49.911+0000 7f9e97fff700 1 --2- 172.21.15.88:0/1233202765 >> [v2:172.21.15.88:6800/4031573820,v1:172.21.15.88:6801/4031573820] conn(0x7f9e8c0368a0 0x7f9e8c038d50 unknown :-1 s=NONE pgs=0 cs=0 l=1 rev1=0 crypto rx=0 tx=0 comp rx=0 tx=0).connect
2024-04-25T13:34:51.530 INFO:teuthology.orchestra.run.smithi088.stdout:/usr/bin/ceph: stderr
2024-04-25T13:34:49.911+0000 7f9ea5162700 1 -- 172.21.15.88:0/1233202765 --> [v2:172.21.15.88:3300/0,v1:172.21.15.88:6789/0] -- mon_command({"prefix": "get_command_descriptions"} v 0) v1 -- 0x7f9ea005f5c0 con 0x7f9ea0101710
2024-04-25T13:34:51.530 INFO:teuthology.orchestra.run.smithi088.stdout:/usr/bin/ceph: stderr
2024-04-25T13:34:49.911+0000 7f9e97fff700 1 -- 172.21.15.88:0/1233202765 <== mon.0 v2:172.21.15.88:3300/0 5 ==== osd_map(3..3 src has 1..3) v4 ==== 1151+0+0 (secure 0 0 0) 0x7f9e90014070 con 0x7f9ea0101710
2024-04-25T13:34:51.530 INFO:teuthology.orchestra.run.smithi088.stdout:/usr/bin/ceph: stderr
2024-04-25T13:34:49.911+0000 7f9e9659c700 1 --2- 172.21.15.88:0/1233202765 >> [v2:172.21.15.88:6800/4031573820,v1:172.21.15.88:6801/4031573820] conn(0x7f9e8c0368a0 0x7f9e8c038d50 unknown :-1 s=BANNER_CONNECTING pgs=0 cs=0 l=1 rev1=0 crypto rx=0 tx=0 comp rx=0 tx=0)._handle_peer_banner_payload supported=3 required=0
2024-04-25T13:34:51.530 INFO:teuthology.orchestra.run.smithi088.stdout:/usr/bin/ceph: stderr
2024-04-25T13:34:49.912+0000 7f9e9659c700 1 --2- 172.21.15.88:0/1233202765 >> [v2:172.21.15.88:6800/4031573820,v1:172.21.15.88:6801/4031573820] conn(0x7f9e8c0368a0 0x7f9e8c038d50 secure :-1 s=READY pgs=8 cs=0 l=1 rev1=1 crypto rx=0x7f9e88009990 tx=0x7f9e88006e40 comp rx=0 tx=0).ready entity=mgr.14160 client_cookie=0 server_cookie=0 in_seq=0 out_seq=0
2024-04-25T13:34:51.530 INFO:teuthology.orchestra.run.smithi088.stdout:/usr/bin/ceph: stderr
2024-04-25T13:34:49.916+0000 7f9e97fff700 1 -- 172.21.15.88:0/1233202765 <== mon.0 v2:172.21.15.88:3300/0 6 ==== mon_command_ack([{"prefix": "get_command_descriptions"}]=0 v0) v1 ==== 72+0+176702 (secure 0 0 0) 0x7f9e90010cf0 con 0x7f9ea0101710
2024-04-25T13:34:51.531 INFO:teuthology.orchestra.run.smithi088.stdout:/usr/bin/ceph: stderr
2024-04-25T13:34:50.130+0000 7f9ea5162700 1 -- 172.21.15.88:0/1233202765 --> [v2:172.21.15.88:6800/4031573820,v1:172.21.15.88:6801/4031573820] -- mgr_command(tid 0: {"prefix": "dashboard ac-user-create", "username": "admin", "rolename": "administrator", "force_password": true, "pwd_update_required": true, "target": ["mon-mgr", ""]}) v1 -- 0x7f9ea005f3b0 con 0x7f9e8c0368a0
2024-04-25T13:34:51.531 INFO:teuthology.orchestra.run.smithi088.stdout:/usr/bin/ceph: stderr
2024-04-25T13:34:50.354+0000 7f9e97fff700 1 -- 172.21.15.88:0/1233202765 <== mgr.14160 v2:172.21.15.88:6800/4031573820 1 ==== mgr_command_reply(tid 0: 0 ) v1 ==== 8+0+252 (secure 0 0 0) 0x7f9ea005f3b0 con 0x7f9e8c0368a0
2024-04-25T13:34:51.531 INFO:teuthology.orchestra.run.smithi088.stdout:/usr/bin/ceph: stderr
2024-04-25T13:34:50.357+0000 7f9ea5162700 1 -- 172.21.15.88:0/1233202765 >> [v2:172.21.15.88:6800/4031573820,v1:172.21.15.88:6801/4031573820] conn(0x7f9e8c0368a0 msgr2=0x7f9e8c038d50 secure :-1 s=STATE_CONNECTION_ESTABLISHED l=1).mark_down
2024-04-25T13:34:51.531 INFO:teuthology.orchestra.run.smithi088.stdout:/usr/bin/ceph: stderr
2024-04-25T13:34:50.357+0000 7f9ea5162700 1 --2- 172.21.15.88:0/1233202765 >> [v2:172.21.15.88:6800/4031573820,v1:172.21.15.88:6801/4031573820] conn(0x7f9e8c0368a0 0x7f9e8c038d50 secure :-1 s=READY pgs=8 cs=0 l=1 rev1=1 crypto rx=0x7f9e88009990 tx=0x7f9e88006e40 comp rx=0 tx=0).stop
2024-04-25T13:34:51.531 INFO:teuthology.orchestra.run.smithi088.stdout:/usr/bin/ceph: stderr
2024-04-25T13:34:50.357+0000 7f9ea5162700 1 -- 172.21.15.88:0/1233202765 >> [v2:172.21.15.88:3300/0,v1:172.21.15.88:6789/0] conn(0x7f9ea0101710 msgr2=0x7f9ea01137a0 secure :-1 s=STATE_CONNECTION_ESTABLISHED l=1).mark_down
2024-04-25T13:34:51.531 INFO:teuthology.orchestra.run.smithi088.stdout:/usr/bin/ceph: stderr
2024-04-25T13:34:50.357+0000 7f9ea5162700 1 --2- 172.21.15.88:0/1233202765 >> [v2:172.21.15.88:3300/0,v1:172.21.15.88:6789/0] conn(0x7f9ea0101710 0x7f9ea01137a0 secure :-1 s=READY pgs=81 cs=0 l=1 rev1=1 crypto rx=0x7f9e900106a0 tx=0x7f9e9000b4f0 comp rx=0 tx=0).stop
2024-04-25T13:34:51.531 INFO:teuthology.orchestra.run.smithi088.stdout:/usr/bin/ceph: stderr
2024-04-25T13:34:50.357+0000 7f9ea5162700 1 -- 172.21.15.88:0/1233202765 shutdown_connections
2024-04-25T13:34:51.531 INFO:teuthology.orchestra.run.smithi088.stdout:/usr/bin/ceph: stderr
2024-04-25T13:34:50.357+0000 7f9ea5162700 1 --2- 172.21.15.88:0/1233202765 >> [v2:172.21.15.88:6800/4031573820,v1:172.21.15.88:6801/4031573820] conn(0x7f9e8c0368a0 0x7f9e8c038d50 unknown :-1 s=CLOSED pgs=8 cs=0 l=1 rev1=1 crypto rx=0 tx=0 comp rx=0 tx=0).stop
2024-04-25T13:34:51.531 INFO:teuthology.orchestra.run.smithi088.stdout:/usr/bin/ceph: stderr
2024-04-25T13:34:50.357+0000 7f9ea5162700 1 --2- 172.21.15.88:0/1233202765 >> [v2:172.21.15.88:3300/0,v1:172.21.15.88:6789/0] conn(0x7f9ea0101710 0x7f9ea01137a0 unknown :-1 s=CLOSED pgs=81 cs=0 l=1 rev1=1 crypto rx=0 tx=0 comp rx=0 tx=0).stop
2024-04-25T13:34:51.531 INFO:teuthology.orchestra.run.smithi088.stdout:/usr/bin/ceph: stderr
2024-04-25T13:34:50.357+0000 7f9ea5162700 1 -- 172.21.15.88:0/1233202765 >> 172.21.15.88:0/1233202765 conn(0x7f9ea00fced0 msgr2=0x7f9ea0105ba0 unknown :-1 s=STATE_NONE l=0).mark_down
2024-04-25T13:34:51.531 INFO:teuthology.orchestra.run.smithi088.stdout:/usr/bin/ceph: stderr
2024-04-25T13:34:50.357+0000 7f9ea5162700 1 -- 172.21.15.88:0/1233202765 shutdown_connections
2024-04-25T13:34:51.531 INFO:teuthology.orchestra.run.smithi088.stdout:/usr/bin/ceph: stderr
2024-04-25T13:34:50.357+0000 7f9ea5162700 1 -- 172.21.15.88:0/1233202765 wait complete.
2024-04-25T13:34:51.531 INFO:teuthology.orchestra.run.smithi088.stdout:Fetching dashboard port number...
2024-04-25T13:34:51.647 INFO:journalctl@ceph.mon.smithi088.smithi088.stdout:Apr 25 13:34:51 smithi088 ceph-mon[26348]: from='client.14174 -' entity='client.admin' cmd=[{"prefix": "dashboard ac-user-create", "username": "admin", "rolename": "administrator", "force_password": true, "pwd_update_required": true, "target": ["mon-mgr", ""]}]: dispatch
2024-04-25T13:34:51.647 INFO:journalctl@ceph.mon.smithi088.smithi088.stdout:Apr 25 13:34:51 smithi088 ceph-mon[26348]: from='mgr.14160 172.21.15.88:0/598036325' entity='mgr.smithi088.newico'
2024-04-25T13:34:52.451 INFO:journalctl@ceph.mon.smithi088.smithi088.stdout:Apr 25 13:34:52 smithi088 ceph-mon[26348]: from='client.? 172.21.15.88:0/1669538648' entity='client.admin' cmd=[{"prefix": "config get", "who": "mgr", "key": "mgr/dashboard/ssl_server_port"}]: dispatch
2024-04-25T13:34:52.752 INFO:teuthology.orchestra.run.smithi088.stdout:/usr/bin/ceph: stdout 8443
2024-04-25T13:34:52.752 INFO:teuthology.orchestra.run.smithi088.stdout:/usr/bin/ceph: stderr
2024-04-25T13:34:51.992+0000 7f618683c700 1 Processor -- start
2024-04-25T13:34:52.752 INFO:teuthology.orchestra.run.smithi088.stdout:/usr/bin/ceph: stderr
2024-04-25T13:34:51.992+0000 7f618683c700 1 -- start start
2024-04-25T13:34:52.752 INFO:teuthology.orchestra.run.smithi088.stdout:/usr/bin/ceph: stderr
2024-04-25T13:34:51.993+0000 7f618683c700 1 --2- >> [v2:172.21.15.88:3300/0,v1:172.21.15.88:6789/0] conn(0x7f6180101740 0x7f6180101b50 unknown :-1 s=NONE pgs=0 cs=0 l=0 rev1=0 crypto rx=0 tx=0 comp rx=0 tx=0).connect
2024-04-25T13:34:52.752 INFO:teuthology.orchestra.run.smithi088.stdout:/usr/bin/ceph: stderr
2024-04-25T13:34:51.993+0000 7f618683c700 1 -- --> [v2:172.21.15.88:3300/0,v1:172.21.15.88:6789/0] -- mon_getmap magic: 0 v1 -- 0x7f6180102090 con 0x7f6180101740
2024-04-25T13:34:52.752 INFO:teuthology.orchestra.run.smithi088.stdout:/usr/bin/ceph: stderr
2024-04-25T13:34:51.993+0000 7f617ffff700 1 --2- >> [v2:172.21.15.88:3300/0,v1:172.21.15.88:6789/0] conn(0x7f6180101740 0x7f6180101b50 unknown :-1 s=BANNER_CONNECTING pgs=0 cs=0 l=0 rev1=0 crypto rx=0 tx=0 comp rx=0 tx=0)._handle_peer_banner_payload supported=3 required=0
2024-04-25T13:34:52.752 INFO:teuthology.orchestra.run.smithi088.stdout:/usr/bin/ceph: stderr
2024-04-25T13:34:51.993+0000 7f617ffff700 1 --2- >> [v2:172.21.15.88:3300/0,v1:172.21.15.88:6789/0] conn(0x7f6180101740 0x7f6180101b50 unknown :-1 s=HELLO_CONNECTING pgs=0 cs=0 l=0 rev1=1 crypto rx=0 tx=0 comp rx=0 tx=0).handle_hello peer v2:172.21.15.88:3300/0 says I am v2:172.21.15.88:48676/0 (socket says 172.21.15.88:48676)
2024-04-25T13:34:52.752 INFO:teuthology.orchestra.run.smithi088.stdout:/usr/bin/ceph: stderr
2024-04-25T13:34:51.993+0000 7f617ffff700 1 -- 172.21.15.88:0/2416038377 learned_addr learned my addr 172.21.15.88:0/2416038377 (peer_addr_for_me v2:172.21.15.88:0/0)
2024-04-25T13:34:52.752 INFO:teuthology.orchestra.run.smithi088.stdout:/usr/bin/ceph: stderr
2024-04-25T13:34:51.993+0000 7f617ffff700 1 -- 172.21.15.88:0/2416038377 --> [v2:172.21.15.88:3300/0,v1:172.21.15.88:6789/0] -- mon_subscribe({config=0+,monmap=0+}) v3 -- 0x7f61801021d0 con 0x7f6180101740
2024-04-25T13:34:52.753 INFO:teuthology.orchestra.run.smithi088.stdout:/usr/bin/ceph: stderr
2024-04-25T13:34:51.993+0000 7f617ffff700 1 --2- 172.21.15.88:0/2416038377 >> [v2:172.21.15.88:3300/0,v1:172.21.15.88:6789/0] conn(0x7f6180101740 0x7f6180101b50 secure :-1 s=READY pgs=82 cs=0 l=1 rev1=1 crypto rx=0x7f61700098e0 tx=0x7f6170009250 comp rx=0 tx=0).ready entity=mon.0 client_cookie=d69d4646046f8edd server_cookie=0 in_seq=0 out_seq=0
2024-04-25T13:34:52.753 INFO:teuthology.orchestra.run.smithi088.stdout:/usr/bin/ceph: stderr
2024-04-25T13:34:51.993+0000 7f617effd700 1 -- 172.21.15.88:0/2416038377 <== mon.0 v2:172.21.15.88:3300/0 1 ==== mon_map magic: 0 v1 ==== 229+0+0 (secure 0 0 0) 0x7f617000b860 con 0x7f6180101740
2024-04-25T13:34:52.753 INFO:teuthology.orchestra.run.smithi088.stdout:/usr/bin/ceph: stderr
2024-04-25T13:34:51.993+0000 7f617effd700 1 -- 172.21.15.88:0/2416038377 <== mon.0 v2:172.21.15.88:3300/0 2 ==== config(27 keys) v1 ==== 1109+0+0 (secure 0 0 0) 0x7f617000be90 con 0x7f6180101740
2024-04-25T13:34:52.753 INFO:teuthology.orchestra.run.smithi088.stdout:/usr/bin/ceph: stderr
2024-04-25T13:34:51.993+0000 7f617effd700 1 -- 172.21.15.88:0/2416038377 <== mon.0 v2:172.21.15.88:3300/0 3 ==== mon_map magic: 0 v1 ==== 229+0+0 (secure 0 0 0) 0x7f61700103c0 con 0x7f6180101740
2024-04-25T13:34:52.753 INFO:teuthology.orchestra.run.smithi088.stdout:/usr/bin/ceph: stderr
2024-04-25T13:34:51.994+0000 7f618683c700 1 -- 172.21.15.88:0/2416038377 >> [v2:172.21.15.88:3300/0,v1:172.21.15.88:6789/0] conn(0x7f6180101740 msgr2=0x7f6180101b50 secure :-1 s=STATE_CONNECTION_ESTABLISHED l=1).mark_down
2024-04-25T13:34:52.753 INFO:teuthology.orchestra.run.smithi088.stdout:/usr/bin/ceph: stderr
2024-04-25T13:34:51.994+0000 7f618683c700 1 --2- 172.21.15.88:0/2416038377 >> [v2:172.21.15.88:3300/0,v1:172.21.15.88:6789/0] conn(0x7f6180101740 0x7f6180101b50 secure :-1 s=READY pgs=82 cs=0 l=1 rev1=1 crypto rx=0x7f61700098e0 tx=0x7f6170009250 comp rx=0 tx=0).stop
2024-04-25T13:34:52.753 INFO:teuthology.orchestra.run.smithi088.stdout:/usr/bin/ceph: stderr
2024-04-25T13:34:51.994+0000 7f618683c700 1 -- 172.21.15.88:0/2416038377 shutdown_connections
2024-04-25T13:34:52.753 INFO:teuthology.orchestra.run.smithi088.stdout:/usr/bin/ceph: stderr
2024-04-25T13:34:51.994+0000 7f618683c700 1 --2- 172.21.15.88:0/2416038377 >> [v2:172.21.15.88:3300/0,v1:172.21.15.88:6789/0] conn(0x7f6180101740 0x7f6180101b50 unknown :-1 s=CLOSED pgs=82 cs=0 l=1 rev1=1 crypto rx=0 tx=0 comp rx=0 tx=0).stop
2024-04-25T13:34:52.753 INFO:teuthology.orchestra.run.smithi088.stdout:/usr/bin/ceph: stderr
2024-04-25T13:34:51.994+0000 7f618683c700 1 -- 172.21.15.88:0/2416038377 >> 172.21.15.88:0/2416038377 conn(0x7f61800fcec0 msgr2=0x7f61800ff2d0 unknown :-1 s=STATE_NONE l=0).mark_down
2024-04-25T13:34:52.753 INFO:teuthology.orchestra.run.smithi088.stdout:/usr/bin/ceph: stderr
2024-04-25T13:34:51.994+0000 7f618683c700 1 -- 172.21.15.88:0/2416038377 shutdown_connections
2024-04-25T13:34:52.753 INFO:teuthology.orchestra.run.smithi088.stdout:/usr/bin/ceph: stderr
2024-04-25T13:34:51.994+0000 7f618683c700 1 -- 172.21.15.88:0/2416038377 wait complete.
2024-04-25T13:34:52.753 INFO:teuthology.orchestra.run.smithi088.stdout:/usr/bin/ceph: stderr
2024-04-25T13:34:51.995+0000 7f618683c700 1 Processor -- start
2024-04-25T13:34:52.754 INFO:teuthology.orchestra.run.smithi088.stdout:/usr/bin/ceph: stderr
2024-04-25T13:34:51.995+0000 7f618683c700 1 -- start start
2024-04-25T13:34:52.754 INFO:teuthology.orchestra.run.smithi088.stdout:/usr/bin/ceph: stderr
2024-04-25T13:34:51.995+0000 7f618683c700 1 --2- >> [v2:172.21.15.88:3300/0,v1:172.21.15.88:6789/0] conn(0x7f6180101740 0x7f61801115d0 unknown :-1 s=NONE pgs=0 cs=0 l=1 rev1=0 crypto rx=0 tx=0 comp rx=0 tx=0).connect
2024-04-25T13:34:52.754 INFO:teuthology.orchestra.run.smithi088.stdout:/usr/bin/ceph: stderr
2024-04-25T13:34:51.995+0000 7f618683c700 1 -- --> [v2:172.21.15.88:3300/0,v1:172.21.15.88:6789/0] -- mon_getmap magic: 0 v1 -- 0x7f6180111b10 con 0x7f6180101740
2024-04-25T13:34:52.754 INFO:teuthology.orchestra.run.smithi088.stdout:/usr/bin/ceph: stderr
2024-04-25T13:34:51.995+0000 7f617ffff700 1 --2- >> [v2:172.21.15.88:3300/0,v1:172.21.15.88:6789/0] conn(0x7f6180101740 0x7f61801115d0 unknown :-1 s=BANNER_CONNECTING pgs=0 cs=0 l=1 rev1=0 crypto rx=0 tx=0 comp rx=0 tx=0)._handle_peer_banner_payload supported=3 required=0
2024-04-25T13:34:52.754 INFO:teuthology.orchestra.run.smithi088.stdout:/usr/bin/ceph: stderr
2024-04-25T13:34:51.995+0000 7f617ffff700 1 --2- >> [v2:172.21.15.88:3300/0,v1:172.21.15.88:6789/0] conn(0x7f6180101740 0x7f61801115d0 unknown :-1 s=HELLO_CONNECTING pgs=0 cs=0 l=1 rev1=1 crypto rx=0 tx=0 comp rx=0 tx=0).handle_hello peer v2:172.21.15.88:3300/0 says I am v2:172.21.15.88:48680/0 (socket says 172.21.15.88:48680)
2024-04-25T13:34:52.754 INFO:teuthology.orchestra.run.smithi088.stdout:/usr/bin/ceph: stderr
2024-04-25T13:34:51.995+0000 7f617ffff700 1 -- 172.21.15.88:0/1669538648 learned_addr learned my addr 172.21.15.88:0/1669538648 (peer_addr_for_me v2:172.21.15.88:0/0)
2024-04-25T13:34:52.754 INFO:teuthology.orchestra.run.smithi088.stdout:/usr/bin/ceph: stderr
2024-04-25T13:34:51.996+0000 7f617ffff700 1 -- 172.21.15.88:0/1669538648 --> [v2:172.21.15.88:3300/0,v1:172.21.15.88:6789/0] -- mon_subscribe({config=0+,monmap=0+}) v3 -- 0x7f61700094f0 con 0x7f6180101740
2024-04-25T13:34:52.754 INFO:teuthology.orchestra.run.smithi088.stdout:/usr/bin/ceph: stderr
2024-04-25T13:34:51.996+0000 7f617ffff700 1 --2- 172.21.15.88:0/1669538648 >> [v2:172.21.15.88:3300/0,v1:172.21.15.88:6789/0] conn(0x7f6180101740 0x7f61801115d0 secure :-1 s=READY pgs=83 cs=0 l=1 rev1=1 crypto rx=0x7f6170011680 tx=0x7f6170009250 comp rx=0 tx=0).ready entity=mon.0 client_cookie=0 server_cookie=0 in_seq=0 out_seq=0
2024-04-25T13:34:52.754 INFO:teuthology.orchestra.run.smithi088.stdout:/usr/bin/ceph: stderr
2024-04-25T13:34:51.996+0000 7f617cff9700 1 -- 172.21.15.88:0/1669538648 <== mon.0 v2:172.21.15.88:3300/0 1 ==== mon_map magic: 0 v1 ==== 229+0+0 (secure 0 0 0) 0x7f6170010890 con 0x7f6180101740
2024-04-25T13:34:52.754 INFO:teuthology.orchestra.run.smithi088.stdout:/usr/bin/ceph: stderr
2024-04-25T13:34:51.996+0000 7f617cff9700 1 -- 172.21.15.88:0/1669538648 <== mon.0 v2:172.21.15.88:3300/0 2 ==== config(27 keys) v1 ==== 1109+0+0 (secure 0 0 0) 0x7f6170010ec0 con 0x7f6180101740
2024-04-25T13:34:52.754 INFO:teuthology.orchestra.run.smithi088.stdout:/usr/bin/ceph: stderr
2024-04-25T13:34:51.996+0000 7f617cff9700 1 -- 172.21.15.88:0/1669538648 <== mon.0 v2:172.21.15.88:3300/0 3 ==== mon_map magic: 0 v1 ==== 229+0+0 (secure 0 0 0) 0x7f61700243f0 con 0x7f6180101740
2024-04-25T13:34:52.755 INFO:teuthology.orchestra.run.smithi088.stdout:/usr/bin/ceph: stderr
2024-04-25T13:34:51.996+0000 7f618683c700 1 -- 172.21.15.88:0/1669538648 --> [v2:172.21.15.88:3300/0,v1:172.21.15.88:6789/0] -- mon_subscribe({mgrmap=0+}) v3 -- 0x7f6180111d10 con 0x7f6180101740
2024-04-25T13:34:52.755 INFO:teuthology.orchestra.run.smithi088.stdout:/usr/bin/ceph: stderr
2024-04-25T13:34:51.996+0000 7f618683c700 1 -- 172.21.15.88:0/1669538648 --> [v2:172.21.15.88:3300/0,v1:172.21.15.88:6789/0] -- mon_subscribe({osdmap=0}) v3 -- 0x7f6180112880 con 0x7f6180101740
2024-04-25T13:34:52.755 INFO:teuthology.orchestra.run.smithi088.stdout:/usr/bin/ceph: stderr
2024-04-25T13:34:51.997+0000 7f617cff9700 1 -- 172.21.15.88:0/1669538648 <== mon.0 v2:172.21.15.88:3300/0 4 ==== mgrmap(e 12) v1 ==== 43389+0+0 (secure 0 0 0) 0x7f617002d3f0 con 0x7f6180101740
2024-04-25T13:34:52.755 INFO:teuthology.orchestra.run.smithi088.stdout:/usr/bin/ceph: stderr
2024-04-25T13:34:51.997+0000 7f617cff9700 1 --2- 172.21.15.88:0/1669538648 >> [v2:172.21.15.88:6800/4031573820,v1:172.21.15.88:6801/4031573820] conn(0x7f61680368f0 0x7f6168038da0 unknown :-1 s=NONE pgs=0 cs=0 l=1 rev1=0 crypto rx=0 tx=0 comp rx=0 tx=0).connect
2024-04-25T13:34:52.755 INFO:teuthology.orchestra.run.smithi088.stdout:/usr/bin/ceph: stderr
2024-04-25T13:34:51.997+0000 7f617cff9700 1 -- 172.21.15.88:0/1669538648 <== mon.0 v2:172.21.15.88:3300/0 5 ==== osd_map(3..3 src has 1..3) v4 ==== 1151+0+0 (secure 0 0 0) 0x7f617004a370 con 0x7f6180101740
2024-04-25T13:34:52.755 INFO:teuthology.orchestra.run.smithi088.stdout:/usr/bin/ceph: stderr
2024-04-25T13:34:51.997+0000 7f618683c700 1 -- 172.21.15.88:0/1669538648 --> [v2:172.21.15.88:3300/0,v1:172.21.15.88:6789/0] -- mon_command({"prefix": "get_command_descriptions"} v 0) v1 -- 0x7f618005f5c0 con 0x7f6180101740
2024-04-25T13:34:52.755 INFO:teuthology.orchestra.run.smithi088.stdout:/usr/bin/ceph: stderr
2024-04-25T13:34:51.997+0000 7f617f7fe700 1 --2- 172.21.15.88:0/1669538648 >> [v2:172.21.15.88:6800/4031573820,v1:172.21.15.88:6801/4031573820] conn(0x7f61680368f0 0x7f6168038da0 unknown :-1 s=BANNER_CONNECTING pgs=0 cs=0 l=1 rev1=0 crypto rx=0 tx=0 comp rx=0 tx=0)._handle_peer_banner_payload supported=3 required=0
2024-04-25T13:34:52.755 INFO:teuthology.orchestra.run.smithi088.stdout:/usr/bin/ceph: stderr
2024-04-25T13:34:51.997+0000 7f617f7fe700 1 --2- 172.21.15.88:0/1669538648 >> [v2:172.21.15.88:6800/4031573820,v1:172.21.15.88:6801/4031573820] conn(0x7f61680368f0 0x7f6168038da0 secure :-1 s=READY pgs=9 cs=0 l=1 rev1=1 crypto rx=0x7f6174009990 tx=0x7f6174006e40 comp rx=0 tx=0).ready entity=mgr.14160 client_cookie=0 server_cookie=0 in_seq=0 out_seq=0
2024-04-25T13:34:52.755 INFO:teuthology.orchestra.run.smithi088.stdout:/usr/bin/ceph: stderr
2024-04-25T13:34:52.002+0000 7f617cff9700 1 -- 172.21.15.88:0/1669538648 <== mon.0 v2:172.21.15.88:3300/0 6 ==== mon_command_ack([{"prefix": "get_command_descriptions"}]=0 v0) v1 ==== 72+0+176702 (secure 0 0 0) 0x7f617002b8e0 con 0x7f6180101740
2024-04-25T13:34:52.755 INFO:teuthology.orchestra.run.smithi088.stdout:/usr/bin/ceph: stderr
