2024-04-25T13:33:57.833+0000 7f613deeb700 1 --2- >> [v2:172.21.15.88:3300/0,v1:172.21.15.88:6789/0] conn(0x7f6138071310 0x7f6138105410 unknown :-1 s=BANNER_CONNECTING pgs=0 cs=0 l=0 rev1=0 crypto rx=0 tx=0 comp rx=0 tx=0)._handle_peer_banner_payload supported=3 required=0
2024-04-25T13:34:04.470 INFO:teuthology.orchestra.run.smithi088.stdout:/usr/bin/ceph: stderr
2024-04-25T13:33:57.833+0000 7f613deeb700 1 --2- >> [v2:172.21.15.88:3300/0,v1:172.21.15.88:6789/0] conn(0x7f6138071310 0x7f6138105410 unknown :-1 s=HELLO_CONNECTING pgs=0 cs=0 l=0 rev1=1 crypto rx=0 tx=0 comp rx=0 tx=0).handle_hello peer v2:172.21.15.88:3300/0 says I am v2:172.21.15.88:37838/0 (socket says 172.21.15.88:37838)
2024-04-25T13:34:04.470 INFO:teuthology.orchestra.run.smithi088.stdout:/usr/bin/ceph: stderr
2024-04-25T13:33:57.833+0000 7f613deeb700 1 -- 172.21.15.88:0/530078345 learned_addr learned my addr 172.21.15.88:0/530078345 (peer_addr_for_me v2:172.21.15.88:0/0)
2024-04-25T13:34:04.470 INFO:teuthology.orchestra.run.smithi088.stdout:/usr/bin/ceph: stderr
2024-04-25T13:33:57.833+0000 7f613deeb700 1 -- 172.21.15.88:0/530078345 --> [v2:172.21.15.88:3300/0,v1:172.21.15.88:6789/0] -- mon_subscribe({config=0+,monmap=0+}) v3 -- 0x7f6138105a90 con 0x7f6138071310
2024-04-25T13:34:04.470 INFO:teuthology.orchestra.run.smithi088.stdout:/usr/bin/ceph: stderr
2024-04-25T13:33:57.833+0000 7f613deeb700 1 --2- 172.21.15.88:0/530078345 >> [v2:172.21.15.88:3300/0,v1:172.21.15.88:6789/0] conn(0x7f6138071310 0x7f6138105410 secure :-1 s=READY pgs=7 cs=0 l=1 rev1=1 crypto rx=0x7f61340098e0 tx=0x7f6134009250 comp rx=0 tx=0).ready entity=mon.0 client_cookie=9ebe41083e489455 server_cookie=0 in_seq=0 out_seq=0
2024-04-25T13:34:04.470 INFO:teuthology.orchestra.run.smithi088.stdout:/usr/bin/ceph: stderr
2024-04-25T13:33:57.833+0000 7f613cee9700 1 -- 172.21.15.88:0/530078345 <== mon.0 v2:172.21.15.88:3300/0 1 ==== mon_map magic: 0 v1 ==== 229+0+0 (secure 0 0 0) 0x7f613400b860 con 0x7f6138071310
2024-04-25T13:34:04.470 INFO:teuthology.orchestra.run.smithi088.stdout:/usr/bin/ceph: stderr
2024-04-25T13:33:57.834+0000 7f613cee9700 1 -- 172.21.15.88:0/530078345 <== mon.0 v2:172.21.15.88:3300/0 2 ==== config(27 keys) v1 ==== 1044+0+0 (secure 0 0 0) 0x7f613400be50 con 0x7f6138071310
2024-04-25T13:34:04.470 INFO:teuthology.orchestra.run.smithi088.stdout:/usr/bin/ceph: stderr
2024-04-25T13:33:57.834+0000 7f613cee9700 1 -- 172.21.15.88:0/530078345 <== mon.0 v2:172.21.15.88:3300/0 3 ==== mon_map magic: 0 v1 ==== 229+0+0 (secure 0 0 0) 0x7f6134010380 con 0x7f6138071310
2024-04-25T13:34:04.470 INFO:teuthology.orchestra.run.smithi088.stdout:/usr/bin/ceph: stderr
2024-04-25T13:33:57.834+0000 7f614014f700 1 -- 172.21.15.88:0/530078345 >> [v2:172.21.15.88:3300/0,v1:172.21.15.88:6789/0] conn(0x7f6138071310 msgr2=0x7f6138105410 secure :-1 s=STATE_CONNECTION_ESTABLISHED l=1).mark_down
2024-04-25T13:34:04.470 INFO:teuthology.orchestra.run.smithi088.stdout:/usr/bin/ceph: stderr
2024-04-25T13:33:57.834+0000 7f614014f700 1 --2- 172.21.15.88:0/530078345 >> [v2:172.21.15.88:3300/0,v1:172.21.15.88:6789/0] conn(0x7f6138071310 0x7f6138105410 secure :-1 s=READY pgs=7 cs=0 l=1 rev1=1 crypto rx=0x7f61340098e0 tx=0x7f6134009250 comp rx=0 tx=0).stop
2024-04-25T13:34:04.470 INFO:teuthology.orchestra.run.smithi088.stdout:/usr/bin/ceph: stderr
2024-04-25T13:33:57.834+0000 7f614014f700 1 -- 172.21.15.88:0/530078345 shutdown_connections
2024-04-25T13:34:04.470 INFO:teuthology.orchestra.run.smithi088.stdout:/usr/bin/ceph: stderr
2024-04-25T13:33:57.834+0000 7f614014f700 1 --2- 172.21.15.88:0/530078345 >> [v2:172.21.15.88:3300/0,v1:172.21.15.88:6789/0] conn(0x7f6138071310 0x7f6138105410 unknown :-1 s=CLOSED pgs=7 cs=0 l=1 rev1=1 crypto rx=0 tx=0 comp rx=0 tx=0).stop
2024-04-25T13:34:04.470 INFO:teuthology.orchestra.run.smithi088.stdout:/usr/bin/ceph: stderr
2024-04-25T13:33:57.834+0000 7f614014f700 1 -- 172.21.15.88:0/530078345 >> 172.21.15.88:0/530078345 conn(0x7f61380fcec0 msgr2=0x7f61380ff2d0 unknown :-1 s=STATE_NONE l=0).mark_down
2024-04-25T13:34:04.470 INFO:teuthology.orchestra.run.smithi088.stdout:/usr/bin/ceph: stderr
2024-04-25T13:33:57.834+0000 7f614014f700 1 -- 172.21.15.88:0/530078345 shutdown_connections
2024-04-25T13:34:04.471 INFO:teuthology.orchestra.run.smithi088.stdout:/usr/bin/ceph: stderr
2024-04-25T13:33:57.834+0000 7f614014f700 1 -- 172.21.15.88:0/530078345 wait complete.
2024-04-25T13:34:04.471 INFO:teuthology.orchestra.run.smithi088.stdout:/usr/bin/ceph: stderr
2024-04-25T13:33:57.835+0000 7f614014f700 1 Processor -- start
2024-04-25T13:34:04.471 INFO:teuthology.orchestra.run.smithi088.stdout:/usr/bin/ceph: stderr
2024-04-25T13:33:57.835+0000 7f614014f700 1 -- start start
2024-04-25T13:34:04.471 INFO:teuthology.orchestra.run.smithi088.stdout:/usr/bin/ceph: stderr
2024-04-25T13:33:57.835+0000 7f614014f700 1 --2- >> [v2:172.21.15.88:3300/0,v1:172.21.15.88:6789/0] conn(0x7f6138071310 0x7f61381115e0 unknown :-1 s=NONE pgs=0 cs=0 l=1 rev1=0 crypto rx=0 tx=0 comp rx=0 tx=0).connect
2024-04-25T13:34:04.471 INFO:teuthology.orchestra.run.smithi088.stdout:/usr/bin/ceph: stderr
2024-04-25T13:33:57.835+0000 7f614014f700 1 -- --> [v2:172.21.15.88:3300/0,v1:172.21.15.88:6789/0] -- mon_getmap magic: 0 v1 -- 0x7f6138111b20 con 0x7f6138071310
2024-04-25T13:34:04.471 INFO:teuthology.orchestra.run.smithi088.stdout:/usr/bin/ceph: stderr
2024-04-25T13:33:57.835+0000 7f613deeb700 1 --2- >> [v2:172.21.15.88:3300/0,v1:172.21.15.88:6789/0] conn(0x7f6138071310 0x7f61381115e0 unknown :-1 s=BANNER_CONNECTING pgs=0 cs=0 l=1 rev1=0 crypto rx=0 tx=0 comp rx=0 tx=0)._handle_peer_banner_payload supported=3 required=0
2024-04-25T13:34:04.471 INFO:teuthology.orchestra.run.smithi088.stdout:/usr/bin/ceph: stderr
2024-04-25T13:33:57.835+0000 7f613deeb700 1 --2- >> [v2:172.21.15.88:3300/0,v1:172.21.15.88:6789/0] conn(0x7f6138071310 0x7f61381115e0 unknown :-1 s=HELLO_CONNECTING pgs=0 cs=0 l=1 rev1=1 crypto rx=0 tx=0 comp rx=0 tx=0).handle_hello peer v2:172.21.15.88:3300/0 says I am v2:172.21.15.88:37846/0 (socket says 172.21.15.88:37846)
2024-04-25T13:34:04.471 INFO:teuthology.orchestra.run.smithi088.stdout:/usr/bin/ceph: stderr
2024-04-25T13:33:57.835+0000 7f613deeb700 1 -- 172.21.15.88:0/228238340 learned_addr learned my addr 172.21.15.88:0/228238340 (peer_addr_for_me v2:172.21.15.88:0/0)
2024-04-25T13:34:04.471 INFO:teuthology.orchestra.run.smithi088.stdout:/usr/bin/ceph: stderr
2024-04-25T13:33:57.835+0000 7f613deeb700 1 -- 172.21.15.88:0/228238340 --> [v2:172.21.15.88:3300/0,v1:172.21.15.88:6789/0] -- mon_subscribe({config=0+,monmap=0+}) v3 -- 0x7f61340094f0 con 0x7f6138071310
2024-04-25T13:34:04.471 INFO:teuthology.orchestra.run.smithi088.stdout:/usr/bin/ceph: stderr
2024-04-25T13:33:57.835+0000 7f613deeb700 1 --2- 172.21.15.88:0/228238340 >> [v2:172.21.15.88:3300/0,v1:172.21.15.88:6789/0] conn(0x7f6138071310 0x7f61381115e0 secure :-1 s=READY pgs=8 cs=0 l=1 rev1=1 crypto rx=0x7f6134003050 tx=0x7f6134009250 comp rx=0 tx=0).ready entity=mon.0 client_cookie=0 server_cookie=0 in_seq=0 out_seq=0
2024-04-25T13:34:04.471 INFO:teuthology.orchestra.run.smithi088.stdout:/usr/bin/ceph: stderr
2024-04-25T13:33:57.836+0000 7f612e7fc700 1 -- 172.21.15.88:0/228238340 <== mon.0 v2:172.21.15.88:3300/0 1 ==== mon_map magic: 0 v1 ==== 229+0+0 (secure 0 0 0) 0x7f6134010760 con 0x7f6138071310
2024-04-25T13:34:04.471 INFO:teuthology.orchestra.run.smithi088.stdout:/usr/bin/ceph: stderr
2024-04-25T13:33:57.836+0000 7f612e7fc700 1 -- 172.21.15.88:0/228238340 <== mon.0 v2:172.21.15.88:3300/0 2 ==== config(27 keys) v1 ==== 1044+0+0 (secure 0 0 0) 0x7f6134010d50 con 0x7f6138071310
2024-04-25T13:34:04.471 INFO:teuthology.orchestra.run.smithi088.stdout:/usr/bin/ceph: stderr
2024-04-25T13:33:57.836+0000 7f614014f700 1 -- 172.21.15.88:0/228238340 --> [v2:172.21.15.88:3300/0,v1:172.21.15.88:6789/0] -- mon_subscribe({mgrmap=0+}) v3 -- 0x7f6138111d20 con 0x7f6138071310
2024-04-25T13:34:04.471 INFO:teuthology.orchestra.run.smithi088.stdout:/usr/bin/ceph: stderr
2024-04-25T13:33:57.836+0000 7f612e7fc700 1 -- 172.21.15.88:0/228238340 <== mon.0 v2:172.21.15.88:3300/0 3 ==== mon_map magic: 0 v1 ==== 229+0+0 (secure 0 0 0) 0x7f613401ae20 con 0x7f6138071310
2024-04-25T13:34:04.471 INFO:teuthology.orchestra.run.smithi088.stdout:/usr/bin/ceph: stderr
2024-04-25T13:33:57.836+0000 7f614014f700 1 -- 172.21.15.88:0/228238340 --> [v2:172.21.15.88:3300/0,v1:172.21.15.88:6789/0] -- mon_subscribe({osdmap=0}) v3 -- 0x7f6138112890 con 0x7f6138071310
2024-04-25T13:34:04.472 INFO:teuthology.orchestra.run.smithi088.stdout:/usr/bin/ceph: stderr
2024-04-25T13:33:57.836+0000 7f612e7fc700 1 -- 172.21.15.88:0/228238340 <== mon.0 v2:172.21.15.88:3300/0 4 ==== mgrmap(e 1) v1 ==== 529+0+0 (secure 0 0 0) 0x7f613402e440 con 0x7f6138071310
2024-04-25T13:34:04.472 INFO:teuthology.orchestra.run.smithi088.stdout:/usr/bin/ceph: stderr
2024-04-25T13:33:57.836+0000 7f612e7fc700 1 -- 172.21.15.88:0/228238340 <== mon.0 v2:172.21.15.88:3300/0 5 ==== osd_map(1..1 src has 1..1) v4 ==== 721+0+0 (secure 0 0 0) 0x7f6134024740 con 0x7f6138071310
2024-04-25T13:34:04.472 INFO:teuthology.orchestra.run.smithi088.stdout:/usr/bin/ceph: stderr
2024-04-25T13:33:57.836+0000 7f614014f700 1 -- 172.21.15.88:0/228238340 --> [v2:172.21.15.88:3300/0,v1:172.21.15.88:6789/0] -- mon_command({"prefix": "get_command_descriptions"} v 0) v1 -- 0x7f613805f5c0 con 0x7f6138071310
2024-04-25T13:34:04.472 INFO:teuthology.orchestra.run.smithi088.stdout:/usr/bin/ceph: stderr
2024-04-25T13:33:57.839+0000 7f612e7fc700 1 -- 172.21.15.88:0/228238340 <== mon.0 v2:172.21.15.88:3300/0 6 ==== mon_command_ack([{"prefix": "get_command_descriptions"}]=0 v0) v1 ==== 72+0+71547 (secure 0 0 0) 0x7f6134029070 con 0x7f6138071310
2024-04-25T13:34:04.472 INFO:teuthology.orchestra.run.smithi088.stdout:/usr/bin/ceph: stderr
2024-04-25T13:33:57.909+0000 7f614014f700 1 -- 172.21.15.88:0/228238340 --> [v2:172.21.15.88:3300/0,v1:172.21.15.88:6789/0] -- mon_command({"prefix": "status", "format": "json-pretty"} v 0) v1 -- 0x7f6138106840 con 0x7f6138071310
2024-04-25T13:34:04.472 INFO:teuthology.orchestra.run.smithi088.stdout:/usr/bin/ceph: stderr
2024-04-25T13:33:57.909+0000 7f612e7fc700 1 -- 172.21.15.88:0/228238340 <== mon.0 v2:172.21.15.88:3300/0 7 ==== mon_command_ack([{"prefix": "status", "format": "json-pretty"}]=0 v0) v1 ==== 79+0+1248 (secure 0 0 0) 0x7f613401a6a0 con 0x7f6138071310
2024-04-25T13:34:04.472 INFO:teuthology.orchestra.run.smithi088.stdout:/usr/bin/ceph: stderr
2024-04-25T13:33:57.911+0000 7f614014f700 1 -- 172.21.15.88:0/228238340 >> [v2:172.21.15.88:3300/0,v1:172.21.15.88:6789/0] conn(0x7f6138071310 msgr2=0x7f61381115e0 secure :-1 s=STATE_CONNECTION_ESTABLISHED l=1).mark_down
2024-04-25T13:34:04.472 INFO:teuthology.orchestra.run.smithi088.stdout:/usr/bin/ceph: stderr
2024-04-25T13:33:57.911+0000 7f614014f700 1 --2- 172.21.15.88:0/228238340 >> [v2:172.21.15.88:3300/0,v1:172.21.15.88:6789/0] conn(0x7f6138071310 0x7f61381115e0 secure :-1 s=READY pgs=8 cs=0 l=1 rev1=1 crypto rx=0x7f6134003050 tx=0x7f6134009250 comp rx=0 tx=0).stop
2024-04-25T13:34:04.472 INFO:teuthology.orchestra.run.smithi088.stdout:/usr/bin/ceph: stderr
2024-04-25T13:33:57.911+0000 7f614014f700 1 -- 172.21.15.88:0/228238340 shutdown_connections
2024-04-25T13:34:04.472 INFO:teuthology.orchestra.run.smithi088.stdout:/usr/bin/ceph: stderr
2024-04-25T13:33:57.911+0000 7f614014f700 1 --2- 172.21.15.88:0/228238340 >> [v2:172.21.15.88:3300/0,v1:172.21.15.88:6789/0] conn(0x7f6138071310 0x7f61381115e0 unknown :-1 s=CLOSED pgs=8 cs=0 l=1 rev1=1 crypto rx=0 tx=0 comp rx=0 tx=0).stop
2024-04-25T13:34:04.472 INFO:teuthology.orchestra.run.smithi088.stdout:/usr/bin/ceph: stderr
2024-04-25T13:33:57.911+0000 7f614014f700 1 -- 172.21.15.88:0/228238340 >> 172.21.15.88:0/228238340 conn(0x7f61380fcec0 msgr2=0x7f61380fd9a0 unknown :-1 s=STATE_NONE l=0).mark_down
2024-04-25T13:34:04.472 INFO:teuthology.orchestra.run.smithi088.stdout:/usr/bin/ceph: stderr
2024-04-25T13:33:57.911+0000 7f614014f700 1 -- 172.21.15.88:0/228238340 shutdown_connections
2024-04-25T13:34:04.472 INFO:teuthology.orchestra.run.smithi088.stdout:/usr/bin/ceph: stderr
2024-04-25T13:33:57.911+0000 7f614014f700 1 -- 172.21.15.88:0/228238340 wait complete.
2024-04-25T13:34:04.472 INFO:teuthology.orchestra.run.smithi088.stdout:mgr not available, waiting (2/15)...
2024-04-25T13:34:07.451 INFO:journalctl@ceph.mon.smithi088.smithi088.stdout:Apr 25 13:34:07 smithi088 ceph-mon[26348]: from='client.? 172.21.15.88:0/73590142' entity='client.admin' cmd=[{"prefix": "status", "format": "json-pretty"}]: dispatch
2024-04-25T13:34:07.750 INFO:teuthology.orchestra.run.smithi088.stdout:/usr/bin/ceph: stdout
2024-04-25T13:34:07.750 INFO:teuthology.orchestra.run.smithi088.stdout:/usr/bin/ceph: stdout {
2024-04-25T13:34:07.750 INFO:teuthology.orchestra.run.smithi088.stdout:/usr/bin/ceph: stdout "fsid": "34f88240-0308-11ef-bc93-c7b262605968",
2024-04-25T13:34:07.750 INFO:teuthology.orchestra.run.smithi088.stdout:/usr/bin/ceph: stdout "health": {
2024-04-25T13:34:07.750 INFO:teuthology.orchestra.run.smithi088.stdout:/usr/bin/ceph: stdout "status": "HEALTH_OK",
2024-04-25T13:34:07.751 INFO:teuthology.orchestra.run.smithi088.stdout:/usr/bin/ceph: stdout "checks": {},
2024-04-25T13:34:07.751 INFO:teuthology.orchestra.run.smithi088.stdout:/usr/bin/ceph: stdout "mutes": []
2024-04-25T13:34:07.751 INFO:teuthology.orchestra.run.smithi088.stdout:/usr/bin/ceph: stdout },
2024-04-25T13:34:07.751 INFO:teuthology.orchestra.run.smithi088.stdout:/usr/bin/ceph: stdout "election_epoch": 5,
2024-04-25T13:34:07.751 INFO:teuthology.orchestra.run.smithi088.stdout:/usr/bin/ceph: stdout "quorum": [
2024-04-25T13:34:07.751 INFO:teuthology.orchestra.run.smithi088.stdout:/usr/bin/ceph: stdout 0
2024-04-25T13:34:07.751 INFO:teuthology.orchestra.run.smithi088.stdout:/usr/bin/ceph: stdout ],
2024-04-25T13:34:07.751 INFO:teuthology.orchestra.run.smithi088.stdout:/usr/bin/ceph: stdout "quorum_names": [
2024-04-25T13:34:07.751 INFO:teuthology.orchestra.run.smithi088.stdout:/usr/bin/ceph: stdout "smithi088"
2024-04-25T13:34:07.751 INFO:teuthology.orchestra.run.smithi088.stdout:/usr/bin/ceph: stdout ],
2024-04-25T13:34:07.751 INFO:teuthology.orchestra.run.smithi088.stdout:/usr/bin/ceph: stdout "quorum_age": 17,
2024-04-25T13:34:07.751 INFO:teuthology.orchestra.run.smithi088.stdout:/usr/bin/ceph: stdout "monmap": {
2024-04-25T13:34:07.751 INFO:teuthology.orchestra.run.smithi088.stdout:/usr/bin/ceph: stdout "epoch": 1,
2024-04-25T13:34:07.752 INFO:teuthology.orchestra.run.smithi088.stdout:/usr/bin/ceph: stdout "min_mon_release_name": "quincy",
2024-04-25T13:34:07.752 INFO:teuthology.orchestra.run.smithi088.stdout:/usr/bin/ceph: stdout "num_mons": 1
2024-04-25T13:34:07.752 INFO:teuthology.orchestra.run.smithi088.stdout:/usr/bin/ceph: stdout },
2024-04-25T13:34:07.752 INFO:teuthology.orchestra.run.smithi088.stdout:/usr/bin/ceph: stdout "osdmap": {
2024-04-25T13:34:07.752 INFO:teuthology.orchestra.run.smithi088.stdout:/usr/bin/ceph: stdout "epoch": 1,
2024-04-25T13:34:07.752 INFO:teuthology.orchestra.run.smithi088.stdout:/usr/bin/ceph: stdout "num_osds": 0,
2024-04-25T13:34:07.752 INFO:teuthology.orchestra.run.smithi088.stdout:/usr/bin/ceph: stdout "num_up_osds": 0,
2024-04-25T13:34:07.752 INFO:teuthology.orchestra.run.smithi088.stdout:/usr/bin/ceph: stdout "osd_up_since": 0,
2024-04-25T13:34:07.752 INFO:teuthology.orchestra.run.smithi088.stdout:/usr/bin/ceph: stdout "num_in_osds": 0,
2024-04-25T13:34:07.752 INFO:teuthology.orchestra.run.smithi088.stdout:/usr/bin/ceph: stdout "osd_in_since": 0,
2024-04-25T13:34:07.752 INFO:teuthology.orchestra.run.smithi088.stdout:/usr/bin/ceph: stdout "num_remapped_pgs": 0
2024-04-25T13:34:07.752 INFO:teuthology.orchestra.run.smithi088.stdout:/usr/bin/ceph: stdout },
2024-04-25T13:34:07.752 INFO:teuthology.orchestra.run.smithi088.stdout:/usr/bin/ceph: stdout "pgmap": {
2024-04-25T13:34:07.752 INFO:teuthology.orchestra.run.smithi088.stdout:/usr/bin/ceph: stdout "pgs_by_state": [],
2024-04-25T13:34:07.753 INFO:teuthology.orchestra.run.smithi088.stdout:/usr/bin/ceph: stdout "num_pgs": 0,
2024-04-25T13:34:07.753 INFO:teuthology.orchestra.run.smithi088.stdout:/usr/bin/ceph: stdout "num_pools": 0,
2024-04-25T13:34:07.753 INFO:teuthology.orchestra.run.smithi088.stdout:/usr/bin/ceph: stdout "num_objects": 0,
2024-04-25T13:34:07.753 INFO:teuthology.orchestra.run.smithi088.stdout:/usr/bin/ceph: stdout "data_bytes": 0,
2024-04-25T13:34:07.753 INFO:teuthology.orchestra.run.smithi088.stdout:/usr/bin/ceph: stdout "bytes_used": 0,
2024-04-25T13:34:07.753 INFO:teuthology.orchestra.run.smithi088.stdout:/usr/bin/ceph: stdout "bytes_avail": 0,
2024-04-25T13:34:07.753 INFO:teuthology.orchestra.run.smithi088.stdout:/usr/bin/ceph: stdout "bytes_total": 0
2024-04-25T13:34:07.753 INFO:teuthology.orchestra.run.smithi088.stdout:/usr/bin/ceph: stdout },
2024-04-25T13:34:07.753 INFO:teuthology.orchestra.run.smithi088.stdout:/usr/bin/ceph: stdout "fsmap": {
2024-04-25T13:34:07.753 INFO:teuthology.orchestra.run.smithi088.stdout:/usr/bin/ceph: stdout "epoch": 1,
2024-04-25T13:34:07.753 INFO:teuthology.orchestra.run.smithi088.stdout:/usr/bin/ceph: stdout "by_rank": [],
2024-04-25T13:34:07.753 INFO:teuthology.orchestra.run.smithi088.stdout:/usr/bin/ceph: stdout "up:standby": 0
2024-04-25T13:34:07.753 INFO:teuthology.orchestra.run.smithi088.stdout:/usr/bin/ceph: stdout },
2024-04-25T13:34:07.753 INFO:teuthology.orchestra.run.smithi088.stdout:/usr/bin/ceph: stdout "mgrmap": {
2024-04-25T13:34:07.754 INFO:teuthology.orchestra.run.smithi088.stdout:/usr/bin/ceph: stdout "available": true,
2024-04-25T13:34:07.754 INFO:teuthology.orchestra.run.smithi088.stdout:/usr/bin/ceph: stdout "num_standbys": 0,
2024-04-25T13:34:07.754 INFO:teuthology.orchestra.run.smithi088.stdout:/usr/bin/ceph: stdout "modules": [
2024-04-25T13:34:07.754 INFO:teuthology.orchestra.run.smithi088.stdout:/usr/bin/ceph: stdout "iostat",
2024-04-25T13:34:07.754 INFO:teuthology.orchestra.run.smithi088.stdout:/usr/bin/ceph: stdout "nfs",
2024-04-25T13:34:07.754 INFO:teuthology.orchestra.run.smithi088.stdout:/usr/bin/ceph: stdout "restful"
2024-04-25T13:34:07.754 INFO:teuthology.orchestra.run.smithi088.stdout:/usr/bin/ceph: stdout ],
2024-04-25T13:34:07.754 INFO:teuthology.orchestra.run.smithi088.stdout:/usr/bin/ceph: stdout "services": {}
2024-04-25T13:34:07.754 INFO:teuthology.orchestra.run.smithi088.stdout:/usr/bin/ceph: stdout },
2024-04-25T13:34:07.754 INFO:teuthology.orchestra.run.smithi088.stdout:/usr/bin/ceph: stdout "servicemap": {
2024-04-25T13:34:07.754 INFO:teuthology.orchestra.run.smithi088.stdout:/usr/bin/ceph: stdout "epoch": 1,
2024-04-25T13:34:07.754 INFO:teuthology.orchestra.run.smithi088.stdout:/usr/bin/ceph: stdout "modified": "2024-04-25T13:33:45.316567+0000",
2024-04-25T13:34:07.755 INFO:teuthology.orchestra.run.smithi088.stdout:/usr/bin/ceph: stdout "services": {}
2024-04-25T13:34:07.755 INFO:teuthology.orchestra.run.smithi088.stdout:/usr/bin/ceph: stdout },
2024-04-25T13:34:07.755 INFO:teuthology.orchestra.run.smithi088.stdout:/usr/bin/ceph: stdout "progress_events": {}
2024-04-25T13:34:07.755 INFO:teuthology.orchestra.run.smithi088.stdout:/usr/bin/ceph: stdout }
2024-04-25T13:34:07.755 INFO:teuthology.orchestra.run.smithi088.stdout:/usr/bin/ceph: stderr
2024-04-25T13:34:06.880+0000 7f0e43938700 1 Processor -- start
2024-04-25T13:34:07.755 INFO:teuthology.orchestra.run.smithi088.stdout:/usr/bin/ceph: stderr
2024-04-25T13:34:06.880+0000 7f0e43938700 1 -- start start
2024-04-25T13:34:07.755 INFO:teuthology.orchestra.run.smithi088.stdout:/usr/bin/ceph: stderr
2024-04-25T13:34:06.880+0000 7f0e43938700 1 --2- >> [v2:172.21.15.88:3300/0,v1:172.21.15.88:6789/0] conn(0x7f0e3c100c50 0x7f0e3c101060 unknown :-1 s=NONE pgs=0 cs=0 l=0 rev1=0 crypto rx=0 tx=0 comp rx=0 tx=0).connect
2024-04-25T13:34:07.755 INFO:teuthology.orchestra.run.smithi088.stdout:/usr/bin/ceph: stderr
2024-04-25T13:34:06.880+0000 7f0e43938700 1 -- --> [v2:172.21.15.88:3300/0,v1:172.21.15.88:6789/0] -- mon_getmap magic: 0 v1 -- 0x7f0e3c1015a0 con 0x7f0e3c100c50
2024-04-25T13:34:07.755 INFO:teuthology.orchestra.run.smithi088.stdout:/usr/bin/ceph: stderr
2024-04-25T13:34:06.880+0000 7f0e416d4700 1 --2- >> [v2:172.21.15.88:3300/0,v1:172.21.15.88:6789/0] conn(0x7f0e3c100c50 0x7f0e3c101060 unknown :-1 s=BANNER_CONNECTING pgs=0 cs=0 l=0 rev1=0 crypto rx=0 tx=0 comp rx=0 tx=0)._handle_peer_banner_payload supported=3 required=0
2024-04-25T13:34:07.755 INFO:teuthology.orchestra.run.smithi088.stdout:/usr/bin/ceph: stderr
2024-04-25T13:34:06.880+0000 7f0e416d4700 1 --2- >> [v2:172.21.15.88:3300/0,v1:172.21.15.88:6789/0] conn(0x7f0e3c100c50 0x7f0e3c101060 unknown :-1 s=HELLO_CONNECTING pgs=0 cs=0 l=0 rev1=1 crypto rx=0 tx=0 comp rx=0 tx=0).handle_hello peer v2:172.21.15.88:3300/0 says I am v2:172.21.15.88:56874/0 (socket says 172.21.15.88:56874)
2024-04-25T13:34:07.755 INFO:teuthology.orchestra.run.smithi088.stdout:/usr/bin/ceph: stderr
2024-04-25T13:34:06.880+0000 7f0e416d4700 1 -- 172.21.15.88:0/1996338026 learned_addr learned my addr 172.21.15.88:0/1996338026 (peer_addr_for_me v2:172.21.15.88:0/0)
2024-04-25T13:34:07.755 INFO:teuthology.orchestra.run.smithi088.stdout:/usr/bin/ceph: stderr
2024-04-25T13:34:06.881+0000 7f0e416d4700 1 -- 172.21.15.88:0/1996338026 --> [v2:172.21.15.88:3300/0,v1:172.21.15.88:6789/0] -- mon_subscribe({config=0+,monmap=0+}) v3 -- 0x7f0e3c1016e0 con 0x7f0e3c100c50
2024-04-25T13:34:07.755 INFO:teuthology.orchestra.run.smithi088.stdout:/usr/bin/ceph: stderr
2024-04-25T13:34:06.881+0000 7f0e416d4700 1 --2- 172.21.15.88:0/1996338026 >> [v2:172.21.15.88:3300/0,v1:172.21.15.88:6789/0] conn(0x7f0e3c100c50 0x7f0e3c101060 secure :-1 s=READY pgs=16 cs=0 l=1 rev1=1 crypto rx=0x7f0e2c0098e0 tx=0x7f0e2c009250 comp rx=0 tx=0).ready entity=mon.0 client_cookie=a7cc3951025fbdb9 server_cookie=0 in_seq=0 out_seq=0
2024-04-25T13:34:07.755 INFO:teuthology.orchestra.run.smithi088.stdout:/usr/bin/ceph: stderr
2024-04-25T13:34:06.881+0000 7f0e33fff700 1 -- 172.21.15.88:0/1996338026 <== mon.0 v2:172.21.15.88:3300/0 1 ==== mon_map magic: 0 v1 ==== 229+0+0 (secure 0 0 0) 0x7f0e2c00b860 con 0x7f0e3c100c50
2024-04-25T13:34:07.755 INFO:teuthology.orchestra.run.smithi088.stdout:/usr/bin/ceph: stderr
2024-04-25T13:34:06.881+0000 7f0e33fff700 1 -- 172.21.15.88:0/1996338026 <== mon.0 v2:172.21.15.88:3300/0 2 ==== config(27 keys) v1 ==== 1044+0+0 (secure 0 0 0) 0x7f0e2c00be50 con 0x7f0e3c100c50
2024-04-25T13:34:07.756 INFO:teuthology.orchestra.run.smithi088.stdout:/usr/bin/ceph: stderr
2024-04-25T13:34:06.881+0000 7f0e33fff700 1 -- 172.21.15.88:0/1996338026 <== mon.0 v2:172.21.15.88:3300/0 3 ==== mon_map magic: 0 v1 ==== 229+0+0 (secure 0 0 0) 0x7f0e2c010380 con 0x7f0e3c100c50
2024-04-25T13:34:07.756 INFO:teuthology.orchestra.run.smithi088.stdout:/usr/bin/ceph: stderr
2024-04-25T13:34:06.882+0000 7f0e43938700 1 -- 172.21.15.88:0/1996338026 >> [v2:172.21.15.88:3300/0,v1:172.21.15.88:6789/0] conn(0x7f0e3c100c50 msgr2=0x7f0e3c101060 secure :-1 s=STATE_CONNECTION_ESTABLISHED l=1).mark_down
2024-04-25T13:34:07.756 INFO:teuthology.orchestra.run.smithi088.stdout:/usr/bin/ceph: stderr
2024-04-25T13:34:06.882+0000 7f0e43938700 1 --2- 172.21.15.88:0/1996338026 >> [v2:172.21.15.88:3300/0,v1:172.21.15.88:6789/0] conn(0x7f0e3c100c50 0x7f0e3c101060 secure :-1 s=READY pgs=16 cs=0 l=1 rev1=1 crypto rx=0x7f0e2c0098e0 tx=0x7f0e2c009250 comp rx=0 tx=0).stop
2024-04-25T13:34:07.756 INFO:teuthology.orchestra.run.smithi088.stdout:/usr/bin/ceph: stderr
2024-04-25T13:34:06.882+0000 7f0e43938700 1 -- 172.21.15.88:0/1996338026 shutdown_connections
2024-04-25T13:34:07.756 INFO:teuthology.orchestra.run.smithi088.stdout:/usr/bin/ceph: stderr
2024-04-25T13:34:06.882+0000 7f0e43938700 1 --2- 172.21.15.88:0/1996338026 >> [v2:172.21.15.88:3300/0,v1:172.21.15.88:6789/0] conn(0x7f0e3c100c50 0x7f0e3c101060 unknown :-1 s=CLOSED pgs=16 cs=0 l=1 rev1=1 crypto rx=0 tx=0 comp rx=0 tx=0).stop
2024-04-25T13:34:07.756 INFO:teuthology.orchestra.run.smithi088.stdout:/usr/bin/ceph: stderr
2024-04-25T13:34:06.882+0000 7f0e43938700 1 -- 172.21.15.88:0/1996338026 >> 172.21.15.88:0/1996338026 conn(0x7f0e3c0fc6f0 msgr2=0x7f0e3c0feb00 unknown :-1 s=STATE_NONE l=0).mark_down
2024-04-25T13:34:07.756 INFO:teuthology.orchestra.run.smithi088.stdout:/usr/bin/ceph: stderr
2024-04-25T13:34:06.882+0000 7f0e43938700 1 -- 172.21.15.88:0/1996338026 shutdown_connections
2024-04-25T13:34:07.756 INFO:teuthology.orchestra.run.smithi088.stdout:/usr/bin/ceph: stderr
2024-04-25T13:34:06.882+0000 7f0e43938700 1 -- 172.21.15.88:0/1996338026 wait complete.
2024-04-25T13:34:07.756 INFO:teuthology.orchestra.run.smithi088.stdout:/usr/bin/ceph: stderr
2024-04-25T13:34:06.882+0000 7f0e43938700 1 Processor -- start
2024-04-25T13:34:07.756 INFO:teuthology.orchestra.run.smithi088.stdout:/usr/bin/ceph: stderr
2024-04-25T13:34:06.882+0000 7f0e43938700 1 -- start start
2024-04-25T13:34:07.756 INFO:teuthology.orchestra.run.smithi088.stdout:/usr/bin/ceph: stderr
2024-04-25T13:34:06.883+0000 7f0e43938700 1 --2- >> [v2:172.21.15.88:3300/0,v1:172.21.15.88:6789/0] conn(0x7f0e3c100c50 0x7f0e3c1115a0 unknown :-1 s=NONE pgs=0 cs=0 l=1 rev1=0 crypto rx=0 tx=0 comp rx=0 tx=0).connect
2024-04-25T13:34:07.756 INFO:teuthology.orchestra.run.smithi088.stdout:/usr/bin/ceph: stderr
2024-04-25T13:34:06.883+0000 7f0e43938700 1 -- --> [v2:172.21.15.88:3300/0,v1:172.21.15.88:6789/0] -- mon_getmap magic: 0 v1 -- 0x7f0e3c111ae0 con 0x7f0e3c100c50
2024-04-25T13:34:07.756 INFO:teuthology.orchestra.run.smithi088.stdout:/usr/bin/ceph: stderr
2024-04-25T13:34:06.883+0000 7f0e416d4700 1 --2- >> [v2:172.21.15.88:3300/0,v1:172.21.15.88:6789/0] conn(0x7f0e3c100c50 0x7f0e3c1115a0 unknown :-1 s=BANNER_CONNECTING pgs=0 cs=0 l=1 rev1=0 crypto rx=0 tx=0 comp rx=0 tx=0)._handle_peer_banner_payload supported=3 required=0
2024-04-25T13:34:07.757 INFO:teuthology.orchestra.run.smithi088.stdout:/usr/bin/ceph: stderr
2024-04-25T13:34:06.883+0000 7f0e416d4700 1 --2- >> [v2:172.21.15.88:3300/0,v1:172.21.15.88:6789/0] conn(0x7f0e3c100c50 0x7f0e3c1115a0 unknown :-1 s=HELLO_CONNECTING pgs=0 cs=0 l=1 rev1=1 crypto rx=0 tx=0 comp rx=0 tx=0).handle_hello peer v2:172.21.15.88:3300/0 says I am v2:172.21.15.88:56886/0 (socket says 172.21.15.88:56886)
2024-04-25T13:34:07.757 INFO:teuthology.orchestra.run.smithi088.stdout:/usr/bin/ceph: stderr
2024-04-25T13:34:06.883+0000 7f0e416d4700 1 -- 172.21.15.88:0/73590142 learned_addr learned my addr 172.21.15.88:0/73590142 (peer_addr_for_me v2:172.21.15.88:0/0)
2024-04-25T13:34:07.757 INFO:teuthology.orchestra.run.smithi088.stdout:/usr/bin/ceph: stderr
2024-04-25T13:34:06.883+0000 7f0e416d4700 1 -- 172.21.15.88:0/73590142 --> [v2:172.21.15.88:3300/0,v1:172.21.15.88:6789/0] -- mon_subscribe({config=0+,monmap=0+}) v3 -- 0x7f0e2c0094f0 con 0x7f0e3c100c50
2024-04-25T13:34:07.757 INFO:teuthology.orchestra.run.smithi088.stdout:/usr/bin/ceph: stderr
2024-04-25T13:34:06.883+0000 7f0e416d4700 1 --2- 172.21.15.88:0/73590142 >> [v2:172.21.15.88:3300/0,v1:172.21.15.88:6789/0] conn(0x7f0e3c100c50 0x7f0e3c1115a0 secure :-1 s=READY pgs=17 cs=0 l=1 rev1=1 crypto rx=0x7f0e2c000c00 tx=0x7f0e2c009250 comp rx=0 tx=0).ready entity=mon.0 client_cookie=0 server_cookie=0 in_seq=0 out_seq=0
2024-04-25T13:34:07.757 INFO:teuthology.orchestra.run.smithi088.stdout:/usr/bin/ceph: stderr
2024-04-25T13:34:06.883+0000 7f0e31ffb700 1 -- 172.21.15.88:0/73590142 <== mon.0 v2:172.21.15.88:3300/0 1 ==== mon_map magic: 0 v1 ==== 229+0+0 (secure 0 0 0) 0x7f0e2c0107c0 con 0x7f0e3c100c50
2024-04-25T13:34:07.757 INFO:teuthology.orchestra.run.smithi088.stdout:/usr/bin/ceph: stderr
2024-04-25T13:34:06.883+0000 7f0e31ffb700 1 -- 172.21.15.88:0/73590142 <== mon.0 v2:172.21.15.88:3300/0 2 ==== config(27 keys) v1 ==== 1044+0+0 (secure 0 0 0) 0x7f0e2c010db0 con 0x7f0e3c100c50
2024-04-25T13:34:07.757 INFO:teuthology.orchestra.run.smithi088.stdout:/usr/bin/ceph: stderr
2024-04-25T13:34:06.883+0000 7f0e43938700 1 -- 172.21.15.88:0/73590142 --> [v2:172.21.15.88:3300/0,v1:172.21.15.88:6789/0] -- mon_subscribe({mgrmap=0+}) v3 -- 0x7f0e3c111ce0 con 0x7f0e3c100c50
2024-04-25T13:34:07.757 INFO:teuthology.orchestra.run.smithi088.stdout:/usr/bin/ceph: stderr
2024-04-25T13:34:06.883+0000 7f0e31ffb700 1 -- 172.21.15.88:0/73590142 <== mon.0 v2:172.21.15.88:3300/0 3 ==== mon_map magic: 0 v1 ==== 229+0+0 (secure 0 0 0) 0x7f0e2c01ad00 con 0x7f0e3c100c50
2024-04-25T13:34:07.757 INFO:teuthology.orchestra.run.smithi088.stdout:/usr/bin/ceph: stderr
2024-04-25T13:34:06.884+0000 7f0e43938700 1 -- 172.21.15.88:0/73590142 --> [v2:172.21.15.88:3300/0,v1:172.21.15.88:6789/0] -- mon_subscribe({osdmap=0}) v3 -- 0x7f0e3c112850 con 0x7f0e3c100c50
2024-04-25T13:34:07.757 INFO:teuthology.orchestra.run.smithi088.stdout:/usr/bin/ceph: stderr
2024-04-25T13:34:06.884+0000 7f0e31ffb700 1 -- 172.21.15.88:0/73590142 <== mon.0 v2:172.21.15.88:3300/0 4 ==== mgrmap(e 4) v1 ==== 43365+0+0 (secure 0 0 0) 0x7f0e2c0193c0 con 0x7f0e3c100c50
2024-04-25T13:34:07.757 INFO:teuthology.orchestra.run.smithi088.stdout:/usr/bin/ceph: stderr
2024-04-25T13:34:06.885+0000 7f0e31ffb700 1 --2- 172.21.15.88:0/73590142 >> [v2:172.21.15.88:6800/2210060540,v1:172.21.15.88:6801/2210060540] conn(0x7f0e28036850 0x7f0e28038d00 unknown :-1 s=NONE pgs=0 cs=0 l=1 rev1=0 crypto rx=0 tx=0 comp rx=0 tx=0).connect
2024-04-25T13:34:07.757 INFO:teuthology.orchestra.run.smithi088.stdout:/usr/bin/ceph: stderr
2024-04-25T13:34:06.885+0000 7f0e31ffb700 1 -- 172.21.15.88:0/73590142 <== mon.0 v2:172.21.15.88:3300/0 5 ==== osd_map(1..1 src has 1..1) v4 ==== 721+0+0 (secure 0 0 0) 0x7f0e2c04b490 con 0x7f0e3c100c50
2024-04-25T13:34:07.758 INFO:teuthology.orchestra.run.smithi088.stdout:/usr/bin/ceph: stderr
2024-04-25T13:34:06.885+0000 7f0e43938700 1 -- 172.21.15.88:0/73590142 --> [v2:172.21.15.88:3300/0,v1:172.21.15.88:6789/0] -- mon_command({"prefix": "get_command_descriptions"} v 0) v1 -- 0x7f0e3c05f5c0 con 0x7f0e3c100c50
2024-04-25T13:34:07.758 INFO:teuthology.orchestra.run.smithi088.stdout:/usr/bin/ceph: stderr
2024-04-25T13:34:06.885+0000 7f0e40ed3700 1 --2- 172.21.15.88:0/73590142 >> [v2:172.21.15.88:6800/2210060540,v1:172.21.15.88:6801/2210060540] conn(0x7f0e28036850 0x7f0e28038d00 unknown :-1 s=BANNER_CONNECTING pgs=0 cs=0 l=1 rev1=0 crypto rx=0 tx=0 comp rx=0 tx=0)._handle_peer_banner_payload supported=3 required=0
2024-04-25T13:34:07.758 INFO:teuthology.orchestra.run.smithi088.stdout:/usr/bin/ceph: stderr
2024-04-25T13:34:06.885+0000 7f0e40ed3700 1 --2- 172.21.15.88:0/73590142 >> [v2:172.21.15.88:6800/2210060540,v1:172.21.15.88:6801/2210060540] conn(0x7f0e28036850 0x7f0e28038d00 secure :-1 s=READY pgs=6 cs=0 l=1 rev1=1 crypto rx=0x7f0e38009990 tx=0x7f0e38006e40 comp rx=0 tx=0).ready entity=mgr.14100 client_cookie=0 server_cookie=0 in_seq=0 out_seq=0
2024-04-25T13:34:07.758 INFO:teuthology.orchestra.run.smithi088.stdout:/usr/bin/ceph: stderr
2024-04-25T13:34:06.890+0000 7f0e31ffb700 1 -- 172.21.15.88:0/73590142 <== mon.0 v2:172.21.15.88:3300/0 6 ==== mon_command_ack([{"prefix": "get_command_descriptions"}]=0 v0) v1 ==== 72+0+176702 (secure 0 0 0) 0x7f0e2c019670 con 0x7f0e3c100c50
2024-04-25T13:34:07.758 INFO:teuthology.orchestra.run.smithi088.stdout:/usr/bin/ceph: stderr
2024-04-25T13:34:07.159+0000 7f0e43938700 1 -- 172.21.15.88:0/73590142 --> [v2:172.21.15.88:3300/0,v1:172.21.15.88:6789/0] -- mon_command({"prefix": "status", "format": "json-pretty"} v 0) v1 -- 0x7f0e3c112ac0 con 0x7f0e3c100c50
2024-04-25T13:34:07.758 INFO:teuthology.orchestra.run.smithi088.stdout:/usr/bin/ceph: stderr
2024-04-25T13:34:07.159+0000 7f0e31ffb700 1 -- 172.21.15.88:0/73590142 <== mon.0 v2:172.21.15.88:3300/0 7 ==== mon_command_ack([{"prefix": "status", "format": "json-pretty"}]=0 v0) v1 ==== 79+0+1248 (secure 0 0 0) 0x7f0e2c022340 con 0x7f0e3c100c50
2024-04-25T13:34:07.758 INFO:teuthology.orchestra.run.smithi088.stdout:/usr/bin/ceph: stderr
2024-04-25T13:34:07.161+0000 7f0e43938700 1 -- 172.21.15.88:0/73590142 >> [v2:172.21.15.88:6800/2210060540,v1:172.21.15.88:6801/2210060540] conn(0x7f0e28036850 msgr2=0x7f0e28038d00 secure :-1 s=STATE_CONNECTION_ESTABLISHED l=1).mark_down
2024-04-25T13:34:07.758 INFO:teuthology.orchestra.run.smithi088.stdout:/usr/bin/ceph: stderr
2024-04-25T13:34:07.161+0000 7f0e43938700 1 --2- 172.21.15.88:0/73590142 >> [v2:172.21.15.88:6800/2210060540,v1:172.21.15.88:6801/2210060540] conn(0x7f0e28036850 0x7f0e28038d00 secure :-1 s=READY pgs=6 cs=0 l=1 rev1=1 crypto rx=0x7f0e38009990 tx=0x7f0e38006e40 comp rx=0 tx=0).stop
2024-04-25T13:34:07.758 INFO:teuthology.orchestra.run.smithi088.stdout:/usr/bin/ceph: stderr
2024-04-25T13:34:07.161+0000 7f0e43938700 1 -- 172.21.15.88:0/73590142 >> [v2:172.21.15.88:3300/0,v1:172.21.15.88:6789/0] conn(0x7f0e3c100c50 msgr2=0x7f0e3c1115a0 secure :-1 s=STATE_CONNECTION_ESTABLISHED l=1).mark_down
2024-04-25T13:34:07.758 INFO:teuthology.orchestra.run.smithi088.stdout:/usr/bin/ceph: stderr
2024-04-25T13:34:07.161+0000 7f0e43938700 1 --2- 172.21.15.88:0/73590142 >> [v2:172.21.15.88:3300/0,v1:172.21.15.88:6789/0] conn(0x7f0e3c100c50 0x7f0e3c1115a0 secure :-1 s=READY pgs=17 cs=0 l=1 rev1=1 crypto rx=0x7f0e2c000c00 tx=0x7f0e2c009250 comp rx=0 tx=0).stop
2024-04-25T13:34:07.758 INFO:teuthology.orchestra.run.smithi088.stdout:/usr/bin/ceph: stderr
2024-04-25T13:34:07.161+0000 7f0e43938700 1 -- 172.21.15.88:0/73590142 shutdown_connections
2024-04-25T13:34:07.758 INFO:teuthology.orchestra.run.smithi088.stdout:/usr/bin/ceph: stderr
2024-04-25T13:34:07.161+0000 7f0e43938700 1 --2- 172.21.15.88:0/73590142 >> [v2:172.21.15.88:6800/2210060540,v1:172.21.15.88:6801/2210060540] conn(0x7f0e28036850 0x7f0e28038d00 unknown :-1 s=CLOSED pgs=6 cs=0 l=1 rev1=1 crypto rx=0 tx=0 comp rx=0 tx=0).stop
2024-04-25T13:34:07.759 INFO:teuthology.orchestra.run.smithi088.stdout:/usr/bin/ceph: stderr
2024-04-25T13:34:07.161+0000 7f0e43938700 1 --2- 172.21.15.88:0/73590142 >> [v2:172.21.15.88:3300/0,v1:172.21.15.88:6789/0] conn(0x7f0e3c100c50 0x7f0e3c1115a0 unknown :-1 s=CLOSED pgs=17 cs=0 l=1 rev1=1 crypto rx=0 tx=0 comp rx=0 tx=0).stop
2024-04-25T13:34:07.759 INFO:teuthology.orchestra.run.smithi088.stdout:/usr/bin/ceph: stderr
2024-04-25T13:34:07.161+0000 7f0e43938700 1 -- 172.21.15.88:0/73590142 >> 172.21.15.88:0/73590142 conn(0x7f0e3c0fc6f0 msgr2=0x7f0e3c0fd1a0 unknown :-1 s=STATE_NONE l=0).mark_down
2024-04-25T13:34:07.759 INFO:teuthology.orchestra.run.smithi088.stdout:/usr/bin/ceph: stderr
2024-04-25T13:34:07.161+0000 7f0e43938700 1 -- 172.21.15.88:0/73590142 shutdown_connections
2024-04-25T13:34:07.759 INFO:teuthology.orchestra.run.smithi088.stdout:/usr/bin/ceph: stderr
2024-04-25T13:34:07.161+0000 7f0e43938700 1 -- 172.21.15.88:0/73590142 wait complete.
2024-04-25T13:34:07.759 INFO:teuthology.orchestra.run.smithi088.stdout:mgr is available
2024-04-25T13:34:08.701 INFO:journalctl@ceph.mon.smithi088.smithi088.stdout:Apr 25 13:34:08 smithi088 ceph-mon[26348]: from='client.? 172.21.15.88:0/3274306568' entity='client.admin' cmd=[{"prefix": "config assimilate-conf"}]: dispatch
2024-04-25T13:34:08.976 INFO:teuthology.orchestra.run.smithi088.stdout:/usr/bin/ceph: stdout
2024-04-25T13:34:08.976 INFO:teuthology.orchestra.run.smithi088.stdout:/usr/bin/ceph: stdout [global]
2024-04-25T13:34:08.976 INFO:teuthology.orchestra.run.smithi088.stdout:/usr/bin/ceph: stdout fsid = 34f88240-0308-11ef-bc93-c7b262605968
2024-04-25T13:34:08.976 INFO:teuthology.orchestra.run.smithi088.stdout:/usr/bin/ceph: stdout mon_osd_allow_pg_remap = true
2024-04-25T13:34:08.976 INFO:teuthology.orchestra.run.smithi088.stdout:/usr/bin/ceph: stdout mon_osd_allow_primary_affinity = true
2024-04-25T13:34:08.976 INFO:teuthology.orchestra.run.smithi088.stdout:/usr/bin/ceph: stdout mon_warn_on_no_sortbitwise = false
2024-04-25T13:34:08.976 INFO:teuthology.orchestra.run.smithi088.stdout:/usr/bin/ceph: stdout osd_crush_chooseleaf_type = 0
2024-04-25T13:34:08.976 INFO:teuthology.orchestra.run.smithi088.stdout:/usr/bin/ceph: stdout
2024-04-25T13:34:08.977 INFO:teuthology.orchestra.run.smithi088.stdout:/usr/bin/ceph: stdout [mgr]
2024-04-25T13:34:08.977 INFO:teuthology.orchestra.run.smithi088.stdout:/usr/bin/ceph: stdout mgr/telemetry/nag = false
2024-04-25T13:34:08.977 INFO:teuthology.orchestra.run.smithi088.stdout:/usr/bin/ceph: stdout
2024-04-25T13:34:08.977 INFO:teuthology.orchestra.run.smithi088.stdout:/usr/bin/ceph: stdout [osd]
2024-04-25T13:34:08.977 INFO:teuthology.orchestra.run.smithi088.stdout:/usr/bin/ceph: stdout mon_osd_backfillfull_ratio = 0.85
2024-04-25T13:34:08.977 INFO:teuthology.orchestra.run.smithi088.stdout:/usr/bin/ceph: stdout mon_osd_full_ratio = 0.9
2024-04-25T13:34:08.977 INFO:teuthology.orchestra.run.smithi088.stdout:/usr/bin/ceph: stdout mon_osd_nearfull_ratio = 0.8
2024-04-25T13:34:08.977 INFO:teuthology.orchestra.run.smithi088.stdout:/usr/bin/ceph: stdout osd_map_max_advance = 10
2024-04-25T13:34:08.977 INFO:teuthology.orchestra.run.smithi088.stdout:/usr/bin/ceph: stdout osd_sloppy_crc = true
2024-04-25T13:34:08.977 INFO:teuthology.orchestra.run.smithi088.stdout:/usr/bin/ceph: stderr
2024-04-25T13:34:08.174+0000 7fcc473ef700 1 Processor -- start
2024-04-25T13:34:08.977 INFO:teuthology.orchestra.run.smithi088.stdout:/usr/bin/ceph: stderr
2024-04-25T13:34:08.174+0000 7fcc473ef700 1 -- start start
2024-04-25T13:34:08.978 INFO:teuthology.orchestra.run.smithi088.stdout:/usr/bin/ceph: stderr
2024-04-25T13:34:08.174+0000 7fcc473ef700 1 --2- >> [v2:172.21.15.88:3300/0,v1:172.21.15.88:6789/0] conn(0x7fcc40076bf0 0x7fcc40105460 unknown :-1 s=NONE pgs=0 cs=0 l=0 rev1=0 crypto rx=0 tx=0 comp rx=0 tx=0).connect
2024-04-25T13:34:08.978 INFO:teuthology.orchestra.run.smithi088.stdout:/usr/bin/ceph: stderr
2024-04-25T13:34:08.174+0000 7fcc473ef700 1 -- --> [v2:172.21.15.88:3300/0,v1:172.21.15.88:6789/0] -- mon_getmap magic: 0 v1 -- 0x7fcc401059a0 con 0x7fcc40076bf0
2024-04-25T13:34:08.978 INFO:teuthology.orchestra.run.smithi088.stdout:/usr/bin/ceph: stderr
2024-04-25T13:34:08.175+0000 7fcc4518b700 1 --2- >> [v2:172.21.15.88:3300/0,v1:172.21.15.88:6789/0] conn(0x7fcc40076bf0 0x7fcc40105460 unknown :-1 s=BANNER_CONNECTING pgs=0 cs=0 l=0 rev1=0 crypto rx=0 tx=0 comp rx=0 tx=0)._handle_peer_banner_payload supported=3 required=0
2024-04-25T13:34:08.978 INFO:teuthology.orchestra.run.smithi088.stdout:/usr/bin/ceph: stderr
2024-04-25T13:34:08.175+0000 7fcc4518b700 1 --2- >> [v2:172.21.15.88:3300/0,v1:172.21.15.88:6789/0] conn(0x7fcc40076bf0 0x7fcc40105460 unknown :-1 s=HELLO_CONNECTING pgs=0 cs=0 l=0 rev1=1 crypto rx=0 tx=0 comp rx=0 tx=0).handle_hello peer v2:172.21.15.88:3300/0 says I am v2:172.21.15.88:56892/0 (socket says 172.21.15.88:56892)
2024-04-25T13:34:08.978 INFO:teuthology.orchestra.run.smithi088.stdout:/usr/bin/ceph: stderr
2024-04-25T13:34:08.175+0000 7fcc4518b700 1 -- 172.21.15.88:0/2976538186 learned_addr learned my addr 172.21.15.88:0/2976538186 (peer_addr_for_me v2:172.21.15.88:0/0)
2024-04-25T13:34:08.978 INFO:teuthology.orchestra.run.smithi088.stdout:/usr/bin/ceph: stderr
2024-04-25T13:34:08.175+0000 7fcc4518b700 1 -- 172.21.15.88:0/2976538186 --> [v2:172.21.15.88:3300/0,v1:172.21.15.88:6789/0] -- mon_subscribe({config=0+,monmap=0+}) v3 -- 0x7fcc40105ae0 con 0x7fcc40076bf0
2024-04-25T13:34:08.978 INFO:teuthology.orchestra.run.smithi088.stdout:/usr/bin/ceph: stderr
2024-04-25T13:34:08.175+0000 7fcc4518b700 1 --2- 172.21.15.88:0/2976538186 >> [v2:172.21.15.88:3300/0,v1:172.21.15.88:6789/0] conn(0x7fcc40076bf0 0x7fcc40105460 secure :-1 s=READY pgs=18 cs=0 l=1 rev1=1 crypto rx=0x7fcc3c0098e0 tx=0x7fcc3c009250 comp rx=0 tx=0).ready entity=mon.0 client_cookie=ede857e92a296a85 server_cookie=0 in_seq=0 out_seq=0
2024-04-25T13:34:08.978 INFO:teuthology.orchestra.run.smithi088.stdout:/usr/bin/ceph: stderr
2024-04-25T13:34:08.175+0000 7fcc37fff700 1 -- 172.21.15.88:0/2976538186 <== mon.0 v2:172.21.15.88:3300/0 1 ==== mon_map magic: 0 v1 ==== 229+0+0 (secure 0 0 0) 0x7fcc3c00b860 con 0x7fcc40076bf0
2024-04-25T13:34:08.978 INFO:teuthology.orchestra.run.smithi088.stdout:/usr/bin/ceph: stderr
2024-04-25T13:34:08.175+0000 7fcc37fff700 1 -- 172.21.15.88:0/2976538186 <== mon.0 v2:172.21.15.88:3300/0 2 ==== config(27 keys) v1 ==== 1044+0+0 (secure 0 0 0) 0x7fcc3c00be50 con 0x7fcc40076bf0
2024-04-25T13:34:08.978 INFO:teuthology.orchestra.run.smithi088.stdout:/usr/bin/ceph: stderr
2024-04-25T13:34:08.175+0000 7fcc37fff700 1 -- 172.21.15.88:0/2976538186 <== mon.0 v2:172.21.15.88:3300/0 3 ==== mon_map magic: 0 v1 ==== 229+0+0 (secure 0 0 0) 0x7fcc3c010380 con 0x7fcc40076bf0
2024-04-25T13:34:08.978 INFO:teuthology.orchestra.run.smithi088.stdout:/usr/bin/ceph: stderr
2024-04-25T13:34:08.176+0000 7fcc473ef700 1 -- 172.21.15.88:0/2976538186 >> [v2:172.21.15.88:3300/0,v1:172.21.15.88:6789/0] conn(0x7fcc40076bf0 msgr2=0x7fcc40105460 secure :-1 s=STATE_CONNECTION_ESTABLISHED l=1).mark_down
2024-04-25T13:34:08.978 INFO:teuthology.orchestra.run.smithi088.stdout:/usr/bin/ceph: stderr
2024-04-25T13:34:08.176+0000 7fcc473ef700 1 --2- 172.21.15.88:0/2976538186 >> [v2:172.21.15.88:3300/0,v1:172.21.15.88:6789/0] conn(0x7fcc40076bf0 0x7fcc40105460 secure :-1 s=READY pgs=18 cs=0 l=1 rev1=1 crypto rx=0x7fcc3c0098e0 tx=0x7fcc3c009250 comp rx=0 tx=0).stop
2024-04-25T13:34:08.979 INFO:teuthology.orchestra.run.smithi088.stdout:/usr/bin/ceph: stderr
2024-04-25T13:34:08.176+0000 7fcc473ef700 1 -- 172.21.15.88:0/2976538186 shutdown_connections
2024-04-25T13:34:08.979 INFO:teuthology.orchestra.run.smithi088.stdout:/usr/bin/ceph: stderr
2024-04-25T13:34:08.176+0000 7fcc473ef700 1 --2- 172.21.15.88:0/2976538186 >> [v2:172.21.15.88:3300/0,v1:172.21.15.88:6789/0] conn(0x7fcc40076bf0 0x7fcc40105460 unknown :-1 s=CLOSED pgs=18 cs=0 l=1 rev1=1 crypto rx=0 tx=0 comp rx=0 tx=0).stop
2024-04-25T13:34:08.979 INFO:teuthology.orchestra.run.smithi088.stdout:/usr/bin/ceph: stderr
2024-04-25T13:34:08.176+0000 7fcc473ef700 1 -- 172.21.15.88:0/2976538186 >> 172.21.15.88:0/2976538186 conn(0x7fcc400fcef0 msgr2=0x7fcc400ff300 unknown :-1 s=STATE_NONE l=0).mark_down
2024-04-25T13:34:08.979 INFO:teuthology.orchestra.run.smithi088.stdout:/usr/bin/ceph: stderr
2024-04-25T13:34:08.176+0000 7fcc473ef700 1 -- 172.21.15.88:0/2976538186 shutdown_connections
2024-04-25T13:34:08.979 INFO:teuthology.orchestra.run.smithi088.stdout:/usr/bin/ceph: stderr
2024-04-25T13:34:08.176+0000 7fcc473ef700 1 -- 172.21.15.88:0/2976538186 wait complete.
2024-04-25T13:34:08.979 INFO:teuthology.orchestra.run.smithi088.stdout:/usr/bin/ceph: stderr
2024-04-25T13:34:08.176+0000 7fcc473ef700 1 Processor -- start
2024-04-25T13:34:08.980 INFO:teuthology.orchestra.run.smithi088.stdout:/usr/bin/ceph: stderr
2024-04-25T13:34:08.176+0000 7fcc473ef700 1 -- start start
2024-04-25T13:34:08.980 INFO:teuthology.orchestra.run.smithi088.stdout:/usr/bin/ceph: stderr
2024-04-25T13:34:08.177+0000 7fcc473ef700 1 --2- >> [v2:172.21.15.88:3300/0,v1:172.21.15.88:6789/0] conn(0x7fcc40076bf0 0x7fcc40111600 unknown :-1 s=NONE pgs=0 cs=0 l=1 rev1=0 crypto rx=0 tx=0 comp rx=0 tx=0).connect
2024-04-25T13:34:08.980 INFO:teuthology.orchestra.run.smithi088.stdout:/usr/bin/ceph: stderr
2024-04-25T13:34:08.177+0000 7fcc473ef700 1 -- --> [v2:172.21.15.88:3300/0,v1:172.21.15.88:6789/0] -- mon_getmap magic: 0 v1 -- 0x7fcc40111b40 con 0x7fcc40076bf0
2024-04-25T13:34:08.980 INFO:teuthology.orchestra.run.smithi088.stdout:/usr/bin/ceph: stderr
2024-04-25T13:34:08.177+0000 7fcc4518b700 1 --2- >> [v2:172.21.15.88:3300/0,v1:172.21.15.88:6789/0] conn(0x7fcc40076bf0 0x7fcc40111600 unknown :-1 s=BANNER_CONNECTING pgs=0 cs=0 l=1 rev1=0 crypto rx=0 tx=0 comp rx=0 tx=0)._handle_peer_banner_payload supported=3 required=0
2024-04-25T13:34:08.980 INFO:teuthology.orchestra.run.smithi088.stdout:/usr/bin/ceph: stderr
2024-04-25T13:34:08.177+0000 7fcc4518b700 1 --2- >> [v2:172.21.15.88:3300/0,v1:172.21.15.88:6789/0] conn(0x7fcc40076bf0 0x7fcc40111600 unknown :-1 s=HELLO_CONNECTING pgs=0 cs=0 l=1 rev1=1 crypto rx=0 tx=0 comp rx=0 tx=0).handle_hello peer v2:172.21.15.88:3300/0 says I am v2:172.21.15.88:56900/0 (socket says 172.21.15.88:56900)
2024-04-25T13:34:08.980 INFO:teuthology.orchestra.run.smithi088.stdout:/usr/bin/ceph: stderr
2024-04-25T13:34:08.177+0000 7fcc4518b700 1 -- 172.21.15.88:0/3274306568 learned_addr learned my addr 172.21.15.88:0/3274306568 (peer_addr_for_me v2:172.21.15.88:0/0)
2024-04-25T13:34:08.981 INFO:teuthology.orchestra.run.smithi088.stdout:/usr/bin/ceph: stderr
2024-04-25T13:34:08.177+0000 7fcc4518b700 1 -- 172.21.15.88:0/3274306568 --> [v2:172.21.15.88:3300/0,v1:172.21.15.88:6789/0] -- mon_subscribe({config=0+,monmap=0+}) v3 -- 0x7fcc3c0094f0 con 0x7fcc40076bf0
2024-04-25T13:34:08.981 INFO:teuthology.orchestra.run.smithi088.stdout:/usr/bin/ceph: stderr
2024-04-25T13:34:08.177+0000 7fcc4518b700 1 --2- 172.21.15.88:0/3274306568 >> [v2:172.21.15.88:3300/0,v1:172.21.15.88:6789/0] conn(0x7fcc40076bf0 0x7fcc40111600 secure :-1 s=READY pgs=19 cs=0 l=1 rev1=1 crypto rx=0x7fcc3c003050 tx=0x7fcc3c009250 comp rx=0 tx=0).ready entity=mon.0 client_cookie=0 server_cookie=0 in_seq=0 out_seq=0
2024-04-25T13:34:08.981 INFO:teuthology.orchestra.run.smithi088.stdout:/usr/bin/ceph: stderr
2024-04-25T13:34:08.177+0000 7fcc35ffb700 1 -- 172.21.15.88:0/3274306568 <== mon.0 v2:172.21.15.88:3300/0 1 ==== mon_map magic: 0 v1 ==== 229+0+0 (secure 0 0 0) 0x7fcc3c010760 con 0x7fcc40076bf0
2024-04-25T13:34:08.981 INFO:teuthology.orchestra.run.smithi088.stdout:/usr/bin/ceph: stderr
2024-04-25T13:34:08.177+0000 7fcc35ffb700 1 -- 172.21.15.88:0/3274306568 <== mon.0 v2:172.21.15.88:3300/0 2 ==== config(27 keys) v1 ==== 1044+0+0 (secure 0 0 0) 0x7fcc3c010d50 con 0x7fcc40076bf0
2024-04-25T13:34:08.981 INFO:teuthology.orchestra.run.smithi088.stdout:/usr/bin/ceph: stderr
2024-04-25T13:34:08.177+0000 7fcc473ef700 1 -- 172.21.15.88:0/3274306568 --> [v2:172.21.15.88:3300/0,v1:172.21.15.88:6789/0] -- mon_subscribe({mgrmap=0+}) v3 -- 0x7fcc40111d40 con 0x7fcc40076bf0
2024-04-25T13:34:08.982 INFO:teuthology.orchestra.run.smithi088.stdout:/usr/bin/ceph: stderr
2024-04-25T13:34:08.177+0000 7fcc35ffb700 1 -- 172.21.15.88:0/3274306568 <== mon.0 v2:172.21.15.88:3300/0 3 ==== mon_map magic: 0 v1 ==== 229+0+0 (secure 0 0 0) 0x7fcc3c01ae20 con 0x7fcc40076bf0
2024-04-25T13:34:08.982 INFO:teuthology.orchestra.run.smithi088.stdout:/usr/bin/ceph: stderr
2024-04-25T13:34:08.177+0000 7fcc473ef700 1 -- 172.21.15.88:0/3274306568 --> [v2:172.21.15.88:3300/0,v1:172.21.15.88:6789/0] -- mon_subscribe({osdmap=0}) v3 -- 0x7fcc401128b0 con 0x7fcc40076bf0
2024-04-25T13:34:08.982 INFO:teuthology.orchestra.run.smithi088.stdout:/usr/bin/ceph: stderr
2024-04-25T13:34:08.178+0000 7fcc35ffb700 1 -- 172.21.15.88:0/3274306568 <== mon.0 v2:172.21.15.88:3300/0 4 ==== mgrmap(e 4) v1 ==== 43365+0+0 (secure 0 0 0) 0x7fcc3c02e440 con 0x7fcc40076bf0
2024-04-25T13:34:08.982 INFO:teuthology.orchestra.run.smithi088.stdout:/usr/bin/ceph: stderr
2024-04-25T13:34:08.178+0000 7fcc35ffb700 1 --2- 172.21.15.88:0/3274306568 >> [v2:172.21.15.88:6800/2210060540,v1:172.21.15.88:6801/2210060540] conn(0x7fcc2c036850 0x7fcc2c038d00 unknown :-1 s=NONE pgs=0 cs=0 l=1 rev1=0 crypto rx=0 tx=0 comp rx=0 tx=0).connect
2024-04-25T13:34:08.982 INFO:teuthology.orchestra.run.smithi088.stdout:/usr/bin/ceph: stderr
2024-04-25T13:34:08.178+0000 7fcc35ffb700 1 -- 172.21.15.88:0/3274306568 <== mon.0 v2:172.21.15.88:3300/0 5 ==== osd_map(1..1 src has 1..1) v4 ==== 721+0+0 (secure 0 0 0) 0x7fcc3c01a6a0 con 0x7fcc40076bf0
2024-04-25T13:34:08.982 INFO:teuthology.orchestra.run.smithi088.stdout:/usr/bin/ceph: stderr
2024-04-25T13:34:08.178+0000 7fcc4498a700 1 --2- 172.21.15.88:0/3274306568 >> [v2:172.21.15.88:6800/2210060540,v1:172.21.15.88:6801/2210060540] conn(0x7fcc2c036850 0x7fcc2c038d00 unknown :-1 s=BANNER_CONNECTING pgs=0 cs=0 l=1 rev1=0 crypto rx=0 tx=0 comp rx=0 tx=0)._handle_peer_banner_payload supported=3 required=0
2024-04-25T13:34:08.983 INFO:teuthology.orchestra.run.smithi088.stdout:/usr/bin/ceph: stderr
2024-04-25T13:34:08.179+0000 7fcc473ef700 1 -- 172.21.15.88:0/3274306568 --> [v2:172.21.15.88:3300/0,v1:172.21.15.88:6789/0] -- mon_command({"prefix": "get_command_descriptions"} v 0) v1 -- 0x7fcc4005f5c0 con 0x7fcc40076bf0
2024-04-25T13:34:08.983 INFO:teuthology.orchestra.run.smithi088.stdout:/usr/bin/ceph: stderr
2024-04-25T13:34:08.179+0000 7fcc4498a700 1 --2- 172.21.15.88:0/3274306568 >> [v2:172.21.15.88:6800/2210060540,v1:172.21.15.88:6801/2210060540] conn(0x7fcc2c036850 0x7fcc2c038d00 secure :-1 s=READY pgs=7 cs=0 l=1 rev1=1 crypto rx=0x7fcc30009990 tx=0x7fcc30006e40 comp rx=0 tx=0).ready entity=mgr.14100 client_cookie=0 server_cookie=0 in_seq=0 out_seq=0
2024-04-25T13:34:08.983 INFO:teuthology.orchestra.run.smithi088.stdout:/usr/bin/ceph: stderr
2024-04-25T13:34:08.183+0000 7fcc35ffb700 1 -- 172.21.15.88:0/3274306568 <== mon.0 v2:172.21.15.88:3300/0 6 ==== mon_command_ack([{"prefix": "get_command_descriptions"}]=0 v0) v1 ==== 72+0+176702 (secure 0 0 0) 0x7fcc3c018940 con 0x7fcc40076bf0
2024-04-25T13:34:08.983 INFO:teuthology.orchestra.run.smithi088.stdout:/usr/bin/ceph: stderr
2024-04-25T13:34:08.368+0000 7fcc473ef700 1 -- 172.21.15.88:0/3274306568 --> [v2:172.21.15.88:3300/0,v1:172.21.15.88:6789/0] -- mon_command({"prefix": "config assimilate-conf"} v 0) v1 -- 0x7fcc4004bed0 con 0x7fcc40076bf0
2024-04-25T13:34:08.983 INFO:teuthology.orchestra.run.smithi088.stdout:/usr/bin/ceph: stderr
2024-04-25T13:34:08.369+0000 7fcc35ffb700 1 -- 172.21.15.88:0/3274306568 <== mon.0 v2:172.21.15.88:3300/0 7 ==== mon_command_ack([{"prefix": "config assimilate-conf"}]=0 v3) v1 ==== 70+0+373 (secure 0 0 0) 0x7fcc3c049020 con 0x7fcc40076bf0
2024-04-25T13:34:08.984 INFO:teuthology.orchestra.run.smithi088.stdout:/usr/bin/ceph: stderr
2024-04-25T13:34:08.371+0000 7fcc473ef700 1 -- 172.21.15.88:0/3274306568 >> [v2:172.21.15.88:6800/2210060540,v1:172.21.15.88:6801/2210060540] conn(0x7fcc2c036850 msgr2=0x7fcc2c038d00 secure :-1 s=STATE_CONNECTION_ESTABLISHED l=1).mark_down
2024-04-25T13:34:08.984 INFO:teuthology.orchestra.run.smithi088.stdout:/usr/bin/ceph: stderr
