2024-04-25T13:47:38.919 INFO:teuthology.orchestra.run.smithi007.stdout:/usr/bin/ceph: stderr
2024-04-25T13:47:38.304+0000 7fb658981700 1 -- 172.21.15.7:0/574642445 --> [v2:172.21.15.7:3300/0,v1:172.21.15.7:6789/0] -- mon_subscribe({mgrmap=0+}) -- 0x7fb6541048b0 con 0x7fb654108960
2024-04-25T13:47:38.919 INFO:teuthology.orchestra.run.smithi007.stdout:/usr/bin/ceph: stderr
2024-04-25T13:47:38.304+0000 7fb6437fe700 1 -- 172.21.15.7:0/574642445 <== mon.0 v2:172.21.15.7:3300/0 3 ==== mon_map magic: 0 ==== 205+0+0 (secure 0 0 0) 0x7fb64401a430 con 0x7fb654108960
2024-04-25T13:47:38.920 INFO:teuthology.orchestra.run.smithi007.stdout:/usr/bin/ceph: stderr
2024-04-25T13:47:38.304+0000 7fb658981700 1 -- 172.21.15.7:0/574642445 --> [v2:172.21.15.7:3300/0,v1:172.21.15.7:6789/0] -- mon_subscribe({osdmap=0}) -- 0x7fb654104d90 con 0x7fb654108960
2024-04-25T13:47:38.920 INFO:teuthology.orchestra.run.smithi007.stdout:/usr/bin/ceph: stderr
2024-04-25T13:47:38.304+0000 7fb6437fe700 1 -- 172.21.15.7:0/574642445 <== mon.0 v2:172.21.15.7:3300/0 4 ==== mgrmap(e 1) ==== 807+0+0 (secure 0 0 0) 0x7fb64401aa80 con 0x7fb654108960
2024-04-25T13:47:38.920 INFO:teuthology.orchestra.run.smithi007.stdout:/usr/bin/ceph: stderr
2024-04-25T13:47:38.304+0000 7fb6437fe700 1 -- 172.21.15.7:0/574642445 <== mon.0 v2:172.21.15.7:3300/0 5 ==== osd_map(1..1 src has 1..1) ==== 725+0+0 (secure 0 0 0) 0x7fb644019700 con 0x7fb654108960
2024-04-25T13:47:38.920 INFO:teuthology.orchestra.run.smithi007.stdout:/usr/bin/ceph: stderr
2024-04-25T13:47:38.305+0000 7fb658981700 1 -- 172.21.15.7:0/574642445 --> [v2:172.21.15.7:3300/0,v1:172.21.15.7:6789/0] -- mon_command({"prefix": "get_command_descriptions"} v 0) -- 0x7fb654064cf0 con 0x7fb654108960
2024-04-25T13:47:38.920 INFO:teuthology.orchestra.run.smithi007.stdout:/usr/bin/ceph: stderr
2024-04-25T13:47:38.307+0000 7fb6437fe700 1 -- 172.21.15.7:0/574642445 <== mon.0 v2:172.21.15.7:3300/0 6 ==== mon_command_ack([{"prefix": "get_command_descriptions"}]=0 v0) ==== 72+0+73265 (secure 0 0 0) 0x7fb644024440 con 0x7fb654108960
2024-04-25T13:47:38.920 INFO:teuthology.orchestra.run.smithi007.stdout:/usr/bin/ceph: stderr
2024-04-25T13:47:38.381+0000 7fb658981700 1 -- 172.21.15.7:0/574642445 --> [v2:172.21.15.7:3300/0,v1:172.21.15.7:6789/0] -- mon_command({"prefix": "status", "format": "json-pretty"} v 0) -- 0x7fb654196fc0 con 0x7fb654108960
2024-04-25T13:47:38.920 INFO:teuthology.orchestra.run.smithi007.stdout:/usr/bin/ceph: stderr
2024-04-25T13:47:38.382+0000 7fb6437fe700 1 -- 172.21.15.7:0/574642445 <== mon.0 v2:172.21.15.7:3300/0 7 ==== mon_command_ack([{"prefix": "status", "format": "json-pretty"}]=0 v0) ==== 79+0+1239 (secure 0 0 0) 0x7fb644024760 con 0x7fb654108960
2024-04-25T13:47:38.920 INFO:teuthology.orchestra.run.smithi007.stdout:/usr/bin/ceph: stderr
2024-04-25T13:47:38.383+0000 7fb658981700 1 -- 172.21.15.7:0/574642445 >> [v2:172.21.15.7:3300/0,v1:172.21.15.7:6789/0] conn(0x7fb654108960 msgr2=0x7fb654106120 secure :-1 s=STATE_CONNECTION_ESTABLISHED l=1).mark_down
2024-04-25T13:47:38.920 INFO:teuthology.orchestra.run.smithi007.stdout:/usr/bin/ceph: stderr
2024-04-25T13:47:38.383+0000 7fb658981700 1 --2- 172.21.15.7:0/574642445 >> [v2:172.21.15.7:3300/0,v1:172.21.15.7:6789/0] conn(0x7fb654108960 0x7fb654106120 secure :-1 s=READY pgs=10 cs=0 l=1 rev1=1 crypto rx=0x7fb644009fb0 tx=0x7fb644011890 comp rx=0 tx=0).stop
2024-04-25T13:47:38.920 INFO:teuthology.orchestra.run.smithi007.stdout:/usr/bin/ceph: stderr
2024-04-25T13:47:38.383+0000 7fb658981700 1 -- 172.21.15.7:0/574642445 shutdown_connections
2024-04-25T13:47:38.920 INFO:teuthology.orchestra.run.smithi007.stdout:/usr/bin/ceph: stderr
2024-04-25T13:47:38.383+0000 7fb658981700 1 --2- 172.21.15.7:0/574642445 >> [v2:172.21.15.7:3300/0,v1:172.21.15.7:6789/0] conn(0x7fb654108960 0x7fb654106120 unknown :-1 s=CLOSED pgs=10 cs=0 l=1 rev1=1 crypto rx=0 tx=0 comp rx=0 tx=0).stop
2024-04-25T13:47:38.920 INFO:teuthology.orchestra.run.smithi007.stdout:/usr/bin/ceph: stderr
2024-04-25T13:47:38.383+0000 7fb658981700 1 -- 172.21.15.7:0/574642445 >> 172.21.15.7:0/574642445 conn(0x7fb654103fc0 msgr2=0x7fb654194430 unknown :-1 s=STATE_NONE l=0).mark_down
2024-04-25T13:47:38.920 INFO:teuthology.orchestra.run.smithi007.stdout:/usr/bin/ceph: stderr
2024-04-25T13:47:38.383+0000 7fb658981700 1 -- 172.21.15.7:0/574642445 shutdown_connections
2024-04-25T13:47:38.921 INFO:teuthology.orchestra.run.smithi007.stdout:/usr/bin/ceph: stderr
2024-04-25T13:47:38.383+0000 7fb658981700 1 -- 172.21.15.7:0/574642445 wait complete.
2024-04-25T13:47:38.921 INFO:teuthology.orchestra.run.smithi007.stdout:mgr not available, waiting (3/15)...
2024-04-25T13:47:39.595 INFO:journalctl@ceph.mon.a.smithi007.stdout:Apr 25 13:47:39 smithi007 ceph-mon[29180]: from='mgr.14100 172.21.15.7:0/3356240139' entity='mgr.x' cmd=[{"prefix":"config rm","who":"mgr","name":"mgr/rbd_support/x/mirror_snapshot_schedule"}]: dispatch
2024-04-25T13:47:39.595 INFO:journalctl@ceph.mon.a.smithi007.stdout:Apr 25 13:47:39 smithi007 ceph-mon[29180]: from='mgr.14100 172.21.15.7:0/3356240139' entity='mgr.x' cmd=[{"prefix":"config rm","who":"mgr","name":"mgr/rbd_support/x/trash_purge_schedule"}]: dispatch
2024-04-25T13:47:39.595 INFO:journalctl@ceph.mon.a.smithi007.stdout:Apr 25 13:47:39 smithi007 ceph-mon[29180]: from='mgr.14100 172.21.15.7:0/3356240139' entity='mgr.x'
2024-04-25T13:47:39.595 INFO:journalctl@ceph.mon.a.smithi007.stdout:Apr 25 13:47:39 smithi007 ceph-mon[29180]: from='mgr.14100 172.21.15.7:0/3356240139' entity='mgr.x'
2024-04-25T13:47:39.596 INFO:journalctl@ceph.mon.a.smithi007.stdout:Apr 25 13:47:39 smithi007 ceph-mon[29180]: from='mgr.14100 172.21.15.7:0/3356240139' entity='mgr.x'
2024-04-25T13:47:39.596 INFO:journalctl@ceph.mon.a.smithi007.stdout:Apr 25 13:47:39 smithi007 ceph-mon[29180]: mgrmap e3: x(active, since 1.00744s)
2024-04-25T13:47:41.688 INFO:journalctl@ceph.mon.a.smithi007.stdout:Apr 25 13:47:41 smithi007 ceph-mon[29180]: mgrmap e4: x(active, since 2s)
2024-04-25T13:47:42.261 INFO:teuthology.orchestra.run.smithi007.stdout:/usr/bin/ceph: stdout
2024-04-25T13:47:42.261 INFO:teuthology.orchestra.run.smithi007.stdout:/usr/bin/ceph: stdout {
2024-04-25T13:47:42.262 INFO:teuthology.orchestra.run.smithi007.stdout:/usr/bin/ceph: stdout "fsid": "31b13378-030a-11ef-bc93-c7b262605968",
2024-04-25T13:47:42.262 INFO:teuthology.orchestra.run.smithi007.stdout:/usr/bin/ceph: stdout "health": {
2024-04-25T13:47:42.262 INFO:teuthology.orchestra.run.smithi007.stdout:/usr/bin/ceph: stdout "status": "HEALTH_OK",
2024-04-25T13:47:42.262 INFO:teuthology.orchestra.run.smithi007.stdout:/usr/bin/ceph: stdout "checks": {},
2024-04-25T13:47:42.262 INFO:teuthology.orchestra.run.smithi007.stdout:/usr/bin/ceph: stdout "mutes": []
2024-04-25T13:47:42.262 INFO:teuthology.orchestra.run.smithi007.stdout:/usr/bin/ceph: stdout },
2024-04-25T13:47:42.262 INFO:teuthology.orchestra.run.smithi007.stdout:/usr/bin/ceph: stdout "election_epoch": 5,
2024-04-25T13:47:42.262 INFO:teuthology.orchestra.run.smithi007.stdout:/usr/bin/ceph: stdout "quorum": [
2024-04-25T13:47:42.262 INFO:teuthology.orchestra.run.smithi007.stdout:/usr/bin/ceph: stdout 0
2024-04-25T13:47:42.262 INFO:teuthology.orchestra.run.smithi007.stdout:/usr/bin/ceph: stdout ],
2024-04-25T13:47:42.262 INFO:teuthology.orchestra.run.smithi007.stdout:/usr/bin/ceph: stdout "quorum_names": [
2024-04-25T13:47:42.262 INFO:teuthology.orchestra.run.smithi007.stdout:/usr/bin/ceph: stdout "a"
2024-04-25T13:47:42.262 INFO:teuthology.orchestra.run.smithi007.stdout:/usr/bin/ceph: stdout ],
2024-04-25T13:47:42.262 INFO:teuthology.orchestra.run.smithi007.stdout:/usr/bin/ceph: stdout "quorum_age": 12,
2024-04-25T13:47:42.263 INFO:teuthology.orchestra.run.smithi007.stdout:/usr/bin/ceph: stdout "monmap": {
2024-04-25T13:47:42.263 INFO:teuthology.orchestra.run.smithi007.stdout:/usr/bin/ceph: stdout "epoch": 1,
2024-04-25T13:47:42.263 INFO:teuthology.orchestra.run.smithi007.stdout:/usr/bin/ceph: stdout "min_mon_release_name": "squid",
2024-04-25T13:47:42.263 INFO:teuthology.orchestra.run.smithi007.stdout:/usr/bin/ceph: stdout "num_mons": 1
2024-04-25T13:47:42.263 INFO:teuthology.orchestra.run.smithi007.stdout:/usr/bin/ceph: stdout },
2024-04-25T13:47:42.263 INFO:teuthology.orchestra.run.smithi007.stdout:/usr/bin/ceph: stdout "osdmap": {
2024-04-25T13:47:42.263 INFO:teuthology.orchestra.run.smithi007.stdout:/usr/bin/ceph: stdout "epoch": 1,
2024-04-25T13:47:42.263 INFO:teuthology.orchestra.run.smithi007.stdout:/usr/bin/ceph: stdout "num_osds": 0,
2024-04-25T13:47:42.263 INFO:teuthology.orchestra.run.smithi007.stdout:/usr/bin/ceph: stdout "num_up_osds": 0,
2024-04-25T13:47:42.263 INFO:teuthology.orchestra.run.smithi007.stdout:/usr/bin/ceph: stdout "osd_up_since": 0,
2024-04-25T13:47:42.273 INFO:teuthology.orchestra.run.smithi007.stdout:/usr/bin/ceph: stdout "num_in_osds": 0,
2024-04-25T13:47:42.273 INFO:teuthology.orchestra.run.smithi007.stdout:/usr/bin/ceph: stdout "osd_in_since": 0,
2024-04-25T13:47:42.273 INFO:teuthology.orchestra.run.smithi007.stdout:/usr/bin/ceph: stdout "num_remapped_pgs": 0
2024-04-25T13:47:42.273 INFO:teuthology.orchestra.run.smithi007.stdout:/usr/bin/ceph: stdout },
2024-04-25T13:47:42.273 INFO:teuthology.orchestra.run.smithi007.stdout:/usr/bin/ceph: stdout "pgmap": {
2024-04-25T13:47:42.273 INFO:teuthology.orchestra.run.smithi007.stdout:/usr/bin/ceph: stdout "pgs_by_state": [],
2024-04-25T13:47:42.273 INFO:teuthology.orchestra.run.smithi007.stdout:/usr/bin/ceph: stdout "num_pgs": 0,
2024-04-25T13:47:42.273 INFO:teuthology.orchestra.run.smithi007.stdout:/usr/bin/ceph: stdout "num_pools": 0,
2024-04-25T13:47:42.273 INFO:teuthology.orchestra.run.smithi007.stdout:/usr/bin/ceph: stdout "num_objects": 0,
2024-04-25T13:47:42.273 INFO:teuthology.orchestra.run.smithi007.stdout:/usr/bin/ceph: stdout "data_bytes": 0,
2024-04-25T13:47:42.273 INFO:teuthology.orchestra.run.smithi007.stdout:/usr/bin/ceph: stdout "bytes_used": 0,
2024-04-25T13:47:42.274 INFO:teuthology.orchestra.run.smithi007.stdout:/usr/bin/ceph: stdout "bytes_avail": 0,
2024-04-25T13:47:42.274 INFO:teuthology.orchestra.run.smithi007.stdout:/usr/bin/ceph: stdout "bytes_total": 0
2024-04-25T13:47:42.274 INFO:teuthology.orchestra.run.smithi007.stdout:/usr/bin/ceph: stdout },
2024-04-25T13:47:42.274 INFO:teuthology.orchestra.run.smithi007.stdout:/usr/bin/ceph: stdout "fsmap": {
2024-04-25T13:47:42.274 INFO:teuthology.orchestra.run.smithi007.stdout:/usr/bin/ceph: stdout "epoch": 1,
2024-04-25T13:47:42.274 INFO:teuthology.orchestra.run.smithi007.stdout:/usr/bin/ceph: stdout "by_rank": [],
2024-04-25T13:47:42.274 INFO:teuthology.orchestra.run.smithi007.stdout:/usr/bin/ceph: stdout "up:standby": 0
2024-04-25T13:47:42.274 INFO:teuthology.orchestra.run.smithi007.stdout:/usr/bin/ceph: stdout },
2024-04-25T13:47:42.274 INFO:teuthology.orchestra.run.smithi007.stdout:/usr/bin/ceph: stdout "mgrmap": {
2024-04-25T13:47:42.275 INFO:teuthology.orchestra.run.smithi007.stdout:/usr/bin/ceph: stdout "available": true,
2024-04-25T13:47:42.275 INFO:teuthology.orchestra.run.smithi007.stdout:/usr/bin/ceph: stdout "num_standbys": 0,
2024-04-25T13:47:42.275 INFO:teuthology.orchestra.run.smithi007.stdout:/usr/bin/ceph: stdout "modules": [
2024-04-25T13:47:42.275 INFO:teuthology.orchestra.run.smithi007.stdout:/usr/bin/ceph: stdout "iostat",
2024-04-25T13:47:42.275 INFO:teuthology.orchestra.run.smithi007.stdout:/usr/bin/ceph: stdout "nfs",
2024-04-25T13:47:42.275 INFO:teuthology.orchestra.run.smithi007.stdout:/usr/bin/ceph: stdout "restful"
2024-04-25T13:47:42.275 INFO:teuthology.orchestra.run.smithi007.stdout:/usr/bin/ceph: stdout ],
2024-04-25T13:47:42.275 INFO:teuthology.orchestra.run.smithi007.stdout:/usr/bin/ceph: stdout "services": {}
2024-04-25T13:47:42.275 INFO:teuthology.orchestra.run.smithi007.stdout:/usr/bin/ceph: stdout },
2024-04-25T13:47:42.275 INFO:teuthology.orchestra.run.smithi007.stdout:/usr/bin/ceph: stdout "servicemap": {
2024-04-25T13:47:42.275 INFO:teuthology.orchestra.run.smithi007.stdout:/usr/bin/ceph: stdout "epoch": 1,
2024-04-25T13:47:42.275 INFO:teuthology.orchestra.run.smithi007.stdout:/usr/bin/ceph: stdout "modified": "2024-04-25T13:47:23.439645+0000",
2024-04-25T13:47:42.275 INFO:teuthology.orchestra.run.smithi007.stdout:/usr/bin/ceph: stdout "services": {}
2024-04-25T13:47:42.275 INFO:teuthology.orchestra.run.smithi007.stdout:/usr/bin/ceph: stdout },
2024-04-25T13:47:42.275 INFO:teuthology.orchestra.run.smithi007.stdout:/usr/bin/ceph: stdout "progress_events": {}
2024-04-25T13:47:42.276 INFO:teuthology.orchestra.run.smithi007.stdout:/usr/bin/ceph: stdout }
2024-04-25T13:47:42.276 INFO:teuthology.orchestra.run.smithi007.stdout:/usr/bin/ceph: stderr
2024-04-25T13:47:41.381+0000 7f0d19269700 1 Processor -- start
2024-04-25T13:47:42.276 INFO:teuthology.orchestra.run.smithi007.stdout:/usr/bin/ceph: stderr
2024-04-25T13:47:41.381+0000 7f0d19269700 1 -- start start
2024-04-25T13:47:42.276 INFO:teuthology.orchestra.run.smithi007.stdout:/usr/bin/ceph: stderr
2024-04-25T13:47:41.382+0000 7f0d19269700 1 --2- >> [v2:172.21.15.7:3300/0,v1:172.21.15.7:6789/0] conn(0x7f0d1410b030 0x7f0d1410b440 unknown :-1 s=NONE pgs=0 cs=0 l=0 rev1=0 crypto rx=0 tx=0 comp rx=0 tx=0).connect
2024-04-25T13:47:42.276 INFO:teuthology.orchestra.run.smithi007.stdout:/usr/bin/ceph: stderr
2024-04-25T13:47:41.382+0000 7f0d19269700 1 -- --> [v2:172.21.15.7:3300/0,v1:172.21.15.7:6789/0] -- mon_getmap magic: 0 -- 0x7f0d1410ba10 con 0x7f0d1410b030
2024-04-25T13:47:42.276 INFO:teuthology.orchestra.run.smithi007.stdout:/usr/bin/ceph: stderr
2024-04-25T13:47:41.382+0000 7f0d12ffd700 1 --2- >> [v2:172.21.15.7:3300/0,v1:172.21.15.7:6789/0] conn(0x7f0d1410b030 0x7f0d1410b440 unknown :-1 s=BANNER_CONNECTING pgs=0 cs=0 l=0 rev1=0 crypto rx=0 tx=0 comp rx=0 tx=0)._handle_peer_banner_payload supported=3 required=0
2024-04-25T13:47:42.276 INFO:teuthology.orchestra.run.smithi007.stdout:/usr/bin/ceph: stderr
2024-04-25T13:47:41.382+0000 7f0d12ffd700 1 --2- >> [v2:172.21.15.7:3300/0,v1:172.21.15.7:6789/0] conn(0x7f0d1410b030 0x7f0d1410b440 unknown :-1 s=HELLO_CONNECTING pgs=0 cs=0 l=0 rev1=1 crypto rx=0 tx=0 comp rx=0 tx=0).handle_hello peer v2:172.21.15.7:3300/0 says I am v2:172.21.15.7:55826/0 (socket says 172.21.15.7:55826)
2024-04-25T13:47:42.276 INFO:teuthology.orchestra.run.smithi007.stdout:/usr/bin/ceph: stderr
2024-04-25T13:47:41.382+0000 7f0d12ffd700 1 -- 172.21.15.7:0/3411218986 learned_addr learned my addr 172.21.15.7:0/3411218986 (peer_addr_for_me v2:172.21.15.7:0/0)
2024-04-25T13:47:42.276 INFO:teuthology.orchestra.run.smithi007.stdout:/usr/bin/ceph: stderr
2024-04-25T13:47:41.382+0000 7f0d12ffd700 1 -- 172.21.15.7:0/3411218986 --> [v2:172.21.15.7:3300/0,v1:172.21.15.7:6789/0] -- mon_subscribe({config=0+,monmap=0+}) -- 0x7f0d1410bb90 con 0x7f0d1410b030
2024-04-25T13:47:42.276 INFO:teuthology.orchestra.run.smithi007.stdout:/usr/bin/ceph: stderr
2024-04-25T13:47:41.382+0000 7f0d12ffd700 1 --2- 172.21.15.7:0/3411218986 >> [v2:172.21.15.7:3300/0,v1:172.21.15.7:6789/0] conn(0x7f0d1410b030 0x7f0d1410b440 secure :-1 s=READY pgs=18 cs=0 l=1 rev1=1 crypto rx=0x7f0d040098a0 tx=0x7f0d04009bb0 comp rx=0 tx=0).ready entity=mon.0 client_cookie=8c3653fed4b22014 server_cookie=0 in_seq=0 out_seq=0
2024-04-25T13:47:42.276 INFO:teuthology.orchestra.run.smithi007.stdout:/usr/bin/ceph: stderr
2024-04-25T13:47:41.383+0000 7f0d11ffb700 1 -- 172.21.15.7:0/3411218986 <== mon.0 v2:172.21.15.7:3300/0 1 ==== mon_map magic: 0 ==== 205+0+0 (secure 0 0 0) 0x7f0d04004160 con 0x7f0d1410b030
2024-04-25T13:47:42.276 INFO:teuthology.orchestra.run.smithi007.stdout:/usr/bin/ceph: stderr
2024-04-25T13:47:41.383+0000 7f0d11ffb700 1 -- 172.21.15.7:0/3411218986 <== mon.0 v2:172.21.15.7:3300/0 2 ==== config(26 keys) ==== 1070+0+0 (secure 0 0 0) 0x7f0d04004300 con 0x7f0d1410b030
2024-04-25T13:47:42.276 INFO:teuthology.orchestra.run.smithi007.stdout:/usr/bin/ceph: stderr
2024-04-25T13:47:41.383+0000 7f0d11ffb700 1 -- 172.21.15.7:0/3411218986 <== mon.0 v2:172.21.15.7:3300/0 3 ==== mon_map magic: 0 ==== 205+0+0 (secure 0 0 0) 0x7f0d04011af0 con 0x7f0d1410b030
2024-04-25T13:47:42.276 INFO:teuthology.orchestra.run.smithi007.stdout:/usr/bin/ceph: stderr
2024-04-25T13:47:41.383+0000 7f0d19269700 1 -- 172.21.15.7:0/3411218986 >> [v2:172.21.15.7:3300/0,v1:172.21.15.7:6789/0] conn(0x7f0d1410b030 msgr2=0x7f0d1410b440 secure :-1 s=STATE_CONNECTION_ESTABLISHED l=1).mark_down
2024-04-25T13:47:42.277 INFO:teuthology.orchestra.run.smithi007.stdout:/usr/bin/ceph: stderr
2024-04-25T13:47:41.383+0000 7f0d19269700 1 --2- 172.21.15.7:0/3411218986 >> [v2:172.21.15.7:3300/0,v1:172.21.15.7:6789/0] conn(0x7f0d1410b030 0x7f0d1410b440 secure :-1 s=READY pgs=18 cs=0 l=1 rev1=1 crypto rx=0x7f0d040098a0 tx=0x7f0d04009bb0 comp rx=0 tx=0).stop
2024-04-25T13:47:42.277 INFO:teuthology.orchestra.run.smithi007.stdout:/usr/bin/ceph: stderr
2024-04-25T13:47:41.383+0000 7f0d19269700 1 -- 172.21.15.7:0/3411218986 shutdown_connections
2024-04-25T13:47:42.277 INFO:teuthology.orchestra.run.smithi007.stdout:/usr/bin/ceph: stderr
2024-04-25T13:47:41.383+0000 7f0d19269700 1 --2- 172.21.15.7:0/3411218986 >> [v2:172.21.15.7:3300/0,v1:172.21.15.7:6789/0] conn(0x7f0d1410b030 0x7f0d1410b440 unknown :-1 s=CLOSED pgs=18 cs=0 l=1 rev1=1 crypto rx=0 tx=0 comp rx=0 tx=0).stop
2024-04-25T13:47:42.277 INFO:teuthology.orchestra.run.smithi007.stdout:/usr/bin/ceph: stderr
2024-04-25T13:47:41.383+0000 7f0d19269700 1 -- 172.21.15.7:0/3411218986 >> 172.21.15.7:0/3411218986 conn(0x7f0d141036d0 msgr2=0x7f0d14105b80 unknown :-1 s=STATE_NONE l=0).mark_down
2024-04-25T13:47:42.277 INFO:teuthology.orchestra.run.smithi007.stdout:/usr/bin/ceph: stderr
2024-04-25T13:47:41.383+0000 7f0d19269700 1 -- 172.21.15.7:0/3411218986 shutdown_connections
2024-04-25T13:47:42.277 INFO:teuthology.orchestra.run.smithi007.stdout:/usr/bin/ceph: stderr
2024-04-25T13:47:41.384+0000 7f0d19269700 1 -- 172.21.15.7:0/3411218986 wait complete.
2024-04-25T13:47:42.277 INFO:teuthology.orchestra.run.smithi007.stdout:/usr/bin/ceph: stderr
2024-04-25T13:47:41.384+0000 7f0d19269700 1 Processor -- start
2024-04-25T13:47:42.277 INFO:teuthology.orchestra.run.smithi007.stdout:/usr/bin/ceph: stderr
2024-04-25T13:47:41.384+0000 7f0d19269700 1 -- start start
2024-04-25T13:47:42.277 INFO:teuthology.orchestra.run.smithi007.stdout:/usr/bin/ceph: stderr
2024-04-25T13:47:41.384+0000 7f0d19269700 1 --2- >> [v2:172.21.15.7:3300/0,v1:172.21.15.7:6789/0] conn(0x7f0d1410b030 0x7f0d1410a520 unknown :-1 s=NONE pgs=0 cs=0 l=1 rev1=0 crypto rx=0 tx=0 comp rx=0 tx=0).connect
2024-04-25T13:47:42.277 INFO:teuthology.orchestra.run.smithi007.stdout:/usr/bin/ceph: stderr
2024-04-25T13:47:41.385+0000 7f0d19269700 1 -- --> [v2:172.21.15.7:3300/0,v1:172.21.15.7:6789/0] -- mon_getmap magic: 0 -- 0x7f0d141088e0 con 0x7f0d1410b030
2024-04-25T13:47:42.277 INFO:teuthology.orchestra.run.smithi007.stdout:/usr/bin/ceph: stderr
2024-04-25T13:47:41.385+0000 7f0d12ffd700 1 --2- >> [v2:172.21.15.7:3300/0,v1:172.21.15.7:6789/0] conn(0x7f0d1410b030 0x7f0d1410a520 unknown :-1 s=BANNER_CONNECTING pgs=0 cs=0 l=1 rev1=0 crypto rx=0 tx=0 comp rx=0 tx=0)._handle_peer_banner_payload supported=3 required=0
2024-04-25T13:47:42.277 INFO:teuthology.orchestra.run.smithi007.stdout:/usr/bin/ceph: stderr
2024-04-25T13:47:41.385+0000 7f0d12ffd700 1 --2- >> [v2:172.21.15.7:3300/0,v1:172.21.15.7:6789/0] conn(0x7f0d1410b030 0x7f0d1410a520 unknown :-1 s=HELLO_CONNECTING pgs=0 cs=0 l=1 rev1=1 crypto rx=0 tx=0 comp rx=0 tx=0).handle_hello peer v2:172.21.15.7:3300/0 says I am v2:172.21.15.7:55834/0 (socket says 172.21.15.7:55834)
2024-04-25T13:47:42.277 INFO:teuthology.orchestra.run.smithi007.stdout:/usr/bin/ceph: stderr
2024-04-25T13:47:41.385+0000 7f0d12ffd700 1 -- 172.21.15.7:0/1514206377 learned_addr learned my addr 172.21.15.7:0/1514206377 (peer_addr_for_me v2:172.21.15.7:0/0)
2024-04-25T13:47:42.277 INFO:teuthology.orchestra.run.smithi007.stdout:/usr/bin/ceph: stderr
2024-04-25T13:47:41.385+0000 7f0d12ffd700 1 -- 172.21.15.7:0/1514206377 --> [v2:172.21.15.7:3300/0,v1:172.21.15.7:6789/0] -- mon_subscribe({config=0+,monmap=0+}) -- 0x7f0d1410aa60 con 0x7f0d1410b030
2024-04-25T13:47:42.278 INFO:teuthology.orchestra.run.smithi007.stdout:/usr/bin/ceph: stderr
2024-04-25T13:47:41.385+0000 7f0d12ffd700 1 --2- 172.21.15.7:0/1514206377 >> [v2:172.21.15.7:3300/0,v1:172.21.15.7:6789/0] conn(0x7f0d1410b030 0x7f0d1410a520 secure :-1 s=READY pgs=19 cs=0 l=1 rev1=1 crypto rx=0x7f0d04009fb0 tx=0x7f0d04011940 comp rx=0 tx=0).ready entity=mon.0 client_cookie=0 server_cookie=0 in_seq=0 out_seq=0
2024-04-25T13:47:42.278 INFO:teuthology.orchestra.run.smithi007.stdout:/usr/bin/ceph: stderr
2024-04-25T13:47:41.385+0000 7f0cfbfff700 1 -- 172.21.15.7:0/1514206377 <== mon.0 v2:172.21.15.7:3300/0 1 ==== mon_map magic: 0 ==== 205+0+0 (secure 0 0 0) 0x7f0d040036a0 con 0x7f0d1410b030
2024-04-25T13:47:42.278 INFO:teuthology.orchestra.run.smithi007.stdout:/usr/bin/ceph: stderr
2024-04-25T13:47:41.385+0000 7f0cfbfff700 1 -- 172.21.15.7:0/1514206377 <== mon.0 v2:172.21.15.7:3300/0 2 ==== config(26 keys) ==== 1070+0+0 (secure 0 0 0) 0x7f0d04003cd0 con 0x7f0d1410b030
2024-04-25T13:47:42.278 INFO:teuthology.orchestra.run.smithi007.stdout:/usr/bin/ceph: stderr
2024-04-25T13:47:41.385+0000 7f0d19269700 1 -- 172.21.15.7:0/1514206377 --> [v2:172.21.15.7:3300/0,v1:172.21.15.7:6789/0] -- mon_subscribe({mgrmap=0+}) -- 0x7f0d14108cb0 con 0x7f0d1410b030
2024-04-25T13:47:42.278 INFO:teuthology.orchestra.run.smithi007.stdout:/usr/bin/ceph: stderr
2024-04-25T13:47:41.385+0000 7f0cfbfff700 1 -- 172.21.15.7:0/1514206377 <== mon.0 v2:172.21.15.7:3300/0 3 ==== mon_map magic: 0 ==== 205+0+0 (secure 0 0 0) 0x7f0d040193c0 con 0x7f0d1410b030
2024-04-25T13:47:42.278 INFO:teuthology.orchestra.run.smithi007.stdout:/usr/bin/ceph: stderr
2024-04-25T13:47:41.385+0000 7f0d19269700 1 -- 172.21.15.7:0/1514206377 --> [v2:172.21.15.7:3300/0,v1:172.21.15.7:6789/0] -- mon_subscribe({osdmap=0}) -- 0x7f0d14109190 con 0x7f0d1410b030
2024-04-25T13:47:42.278 INFO:teuthology.orchestra.run.smithi007.stdout:/usr/bin/ceph: stderr
2024-04-25T13:47:41.386+0000 7f0cfbfff700 1 -- 172.21.15.7:0/1514206377 <== mon.0 v2:172.21.15.7:3300/0 4 ==== mgrmap(e 4) ==== 49505+0+0 (secure 0 0 0) 0x7f0d040196c0 con 0x7f0d1410b030
2024-04-25T13:47:42.278 INFO:teuthology.orchestra.run.smithi007.stdout:/usr/bin/ceph: stderr
2024-04-25T13:47:41.386+0000 7f0d19269700 1 -- 172.21.15.7:0/1514206377 --> [v2:172.21.15.7:3300/0,v1:172.21.15.7:6789/0] -- mon_command({"prefix": "get_command_descriptions"} v 0) -- 0x7f0d14064cf0 con 0x7f0d1410b030
2024-04-25T13:47:42.278 INFO:teuthology.orchestra.run.smithi007.stdout:/usr/bin/ceph: stderr
2024-04-25T13:47:41.387+0000 7f0cfbfff700 1 --2- 172.21.15.7:0/1514206377 >> [v2:172.21.15.7:6800/3733732620,v1:172.21.15.7:6801/3733732620] conn(0x7f0cfc03d4d0 0x7f0cfc03f9e0 unknown :-1 s=NONE pgs=0 cs=0 l=1 rev1=0 crypto rx=0 tx=0 comp rx=0 tx=0).connect
2024-04-25T13:47:42.278 INFO:teuthology.orchestra.run.smithi007.stdout:/usr/bin/ceph: stderr
2024-04-25T13:47:41.387+0000 7f0cfbfff700 1 -- 172.21.15.7:0/1514206377 <== mon.0 v2:172.21.15.7:3300/0 5 ==== osd_map(1..1 src has 1..1) ==== 725+0+0 (secure 0 0 0) 0x7f0d040525b0 con 0x7f0d1410b030
2024-04-25T13:47:42.278 INFO:teuthology.orchestra.run.smithi007.stdout:/usr/bin/ceph: stderr
2024-04-25T13:47:41.387+0000 7f0d127fc700 1 --2- 172.21.15.7:0/1514206377 >> [v2:172.21.15.7:6800/3733732620,v1:172.21.15.7:6801/3733732620] conn(0x7f0cfc03d4d0 0x7f0cfc03f9e0 unknown :-1 s=BANNER_CONNECTING pgs=0 cs=0 l=1 rev1=0 crypto rx=0 tx=0 comp rx=0 tx=0)._handle_peer_banner_payload supported=3 required=0
2024-04-25T13:47:42.278 INFO:teuthology.orchestra.run.smithi007.stdout:/usr/bin/ceph: stderr
2024-04-25T13:47:41.387+0000 7f0d127fc700 1 --2- 172.21.15.7:0/1514206377 >> [v2:172.21.15.7:6800/3733732620,v1:172.21.15.7:6801/3733732620] conn(0x7f0cfc03d4d0 0x7f0cfc03f9e0 secure :-1 s=READY pgs=6 cs=0 l=1 rev1=1 crypto rx=0x7f0d08006fd0 tx=0x7f0d08006e40 comp rx=0 tx=0).ready entity=mgr.14100 client_cookie=0 server_cookie=0 in_seq=0 out_seq=0
2024-04-25T13:47:42.279 INFO:teuthology.orchestra.run.smithi007.stdout:/usr/bin/ceph: stderr
2024-04-25T13:47:41.392+0000 7f0cfbfff700 1 -- 172.21.15.7:0/1514206377 <== mon.0 v2:172.21.15.7:3300/0 6 ==== mon_command_ack([{"prefix": "get_command_descriptions"}]=0 v0) ==== 72+0+188370 (secure 0 0 0) 0x7f0d04017e90 con 0x7f0d1410b030
2024-04-25T13:47:42.279 INFO:teuthology.orchestra.run.smithi007.stdout:/usr/bin/ceph: stderr
2024-04-25T13:47:41.687+0000 7f0d19269700 1 -- 172.21.15.7:0/1514206377 --> [v2:172.21.15.7:3300/0,v1:172.21.15.7:6789/0] -- mon_command({"prefix": "status", "format": "json-pretty"} v 0) -- 0x7f0d141098f0 con 0x7f0d1410b030
2024-04-25T13:47:42.279 INFO:teuthology.orchestra.run.smithi007.stdout:/usr/bin/ceph: stderr
2024-04-25T13:47:41.688+0000 7f0cfbfff700 1 -- 172.21.15.7:0/1514206377 <== mon.0 v2:172.21.15.7:3300/0 7 ==== mon_command_ack([{"prefix": "status", "format": "json-pretty"}]=0 v0) ==== 79+0+1239 (secure 0 0 0) 0x7f0d04051fd0 con 0x7f0d1410b030
2024-04-25T13:47:42.279 INFO:teuthology.orchestra.run.smithi007.stdout:/usr/bin/ceph: stderr
2024-04-25T13:47:41.690+0000 7f0d19269700 1 -- 172.21.15.7:0/1514206377 >> [v2:172.21.15.7:6800/3733732620,v1:172.21.15.7:6801/3733732620] conn(0x7f0cfc03d4d0 msgr2=0x7f0cfc03f9e0 secure :-1 s=STATE_CONNECTION_ESTABLISHED l=1).mark_down
2024-04-25T13:47:42.279 INFO:teuthology.orchestra.run.smithi007.stdout:/usr/bin/ceph: stderr
2024-04-25T13:47:41.690+0000 7f0d19269700 1 --2- 172.21.15.7:0/1514206377 >> [v2:172.21.15.7:6800/3733732620,v1:172.21.15.7:6801/3733732620] conn(0x7f0cfc03d4d0 0x7f0cfc03f9e0 secure :-1 s=READY pgs=6 cs=0 l=1 rev1=1 crypto rx=0x7f0d08006fd0 tx=0x7f0d08006e40 comp rx=0 tx=0).stop
2024-04-25T13:47:42.279 INFO:teuthology.orchestra.run.smithi007.stdout:/usr/bin/ceph: stderr
2024-04-25T13:47:41.690+0000 7f0d19269700 1 -- 172.21.15.7:0/1514206377 >> [v2:172.21.15.7:3300/0,v1:172.21.15.7:6789/0] conn(0x7f0d1410b030 msgr2=0x7f0d1410a520 secure :-1 s=STATE_CONNECTION_ESTABLISHED l=1).mark_down
2024-04-25T13:47:42.279 INFO:teuthology.orchestra.run.smithi007.stdout:/usr/bin/ceph: stderr
2024-04-25T13:47:41.690+0000 7f0d19269700 1 --2- 172.21.15.7:0/1514206377 >> [v2:172.21.15.7:3300/0,v1:172.21.15.7:6789/0] conn(0x7f0d1410b030 0x7f0d1410a520 secure :-1 s=READY pgs=19 cs=0 l=1 rev1=1 crypto rx=0x7f0d04009fb0 tx=0x7f0d04011940 comp rx=0 tx=0).stop
2024-04-25T13:47:42.279 INFO:teuthology.orchestra.run.smithi007.stdout:/usr/bin/ceph: stderr
2024-04-25T13:47:41.690+0000 7f0d19269700 1 -- 172.21.15.7:0/1514206377 shutdown_connections
2024-04-25T13:47:42.279 INFO:teuthology.orchestra.run.smithi007.stdout:/usr/bin/ceph: stderr
2024-04-25T13:47:41.690+0000 7f0d19269700 1 --2- 172.21.15.7:0/1514206377 >> [v2:172.21.15.7:6800/3733732620,v1:172.21.15.7:6801/3733732620] conn(0x7f0cfc03d4d0 0x7f0cfc03f9e0 unknown :-1 s=CLOSED pgs=6 cs=0 l=1 rev1=1 crypto rx=0 tx=0 comp rx=0 tx=0).stop
2024-04-25T13:47:42.279 INFO:teuthology.orchestra.run.smithi007.stdout:/usr/bin/ceph: stderr
2024-04-25T13:47:41.690+0000 7f0d19269700 1 --2- 172.21.15.7:0/1514206377 >> [v2:172.21.15.7:3300/0,v1:172.21.15.7:6789/0] conn(0x7f0d1410b030 0x7f0d1410a520 unknown :-1 s=CLOSED pgs=19 cs=0 l=1 rev1=1 crypto rx=0 tx=0 comp rx=0 tx=0).stop
2024-04-25T13:47:42.279 INFO:teuthology.orchestra.run.smithi007.stdout:/usr/bin/ceph: stderr
2024-04-25T13:47:41.690+0000 7f0d19269700 1 -- 172.21.15.7:0/1514206377 >> 172.21.15.7:0/1514206377 conn(0x7f0d141036d0 msgr2=0x7f0d14104060 unknown :-1 s=STATE_NONE l=0).mark_down
2024-04-25T13:47:42.279 INFO:teuthology.orchestra.run.smithi007.stdout:/usr/bin/ceph: stderr
2024-04-25T13:47:41.691+0000 7f0d19269700 1 -- 172.21.15.7:0/1514206377 shutdown_connections
2024-04-25T13:47:42.279 INFO:teuthology.orchestra.run.smithi007.stdout:/usr/bin/ceph: stderr
2024-04-25T13:47:41.691+0000 7f0d19269700 1 -- 172.21.15.7:0/1514206377 wait complete.
2024-04-25T13:47:42.279 INFO:teuthology.orchestra.run.smithi007.stdout:mgr is available
2024-04-25T13:47:42.575 INFO:journalctl@ceph.mon.a.smithi007.stdout:Apr 25 13:47:42 smithi007 ceph-mon[29180]: from='client.? 172.21.15.7:0/1514206377' entity='client.admin' cmd=[{"prefix": "status", "format": "json-pretty"}]: dispatch
2024-04-25T13:47:43.507 INFO:teuthology.orchestra.run.smithi007.stdout:/usr/bin/ceph: stdout
2024-04-25T13:47:43.507 INFO:teuthology.orchestra.run.smithi007.stdout:/usr/bin/ceph: stdout [global]
2024-04-25T13:47:43.508 INFO:teuthology.orchestra.run.smithi007.stdout:/usr/bin/ceph: stdout fsid = 31b13378-030a-11ef-bc93-c7b262605968
2024-04-25T13:47:43.508 INFO:teuthology.orchestra.run.smithi007.stdout:/usr/bin/ceph: stdout mon_cluster_log_file_level = debug
2024-04-25T13:47:43.508 INFO:teuthology.orchestra.run.smithi007.stdout:/usr/bin/ceph: stdout mon_osd_allow_pg_remap = true
2024-04-25T13:47:43.508 INFO:teuthology.orchestra.run.smithi007.stdout:/usr/bin/ceph: stdout mon_osd_allow_primary_affinity = true
2024-04-25T13:47:43.508 INFO:teuthology.orchestra.run.smithi007.stdout:/usr/bin/ceph: stdout mon_warn_on_no_sortbitwise = false
2024-04-25T13:47:43.508 INFO:teuthology.orchestra.run.smithi007.stdout:/usr/bin/ceph: stdout osd_crush_chooseleaf_type = 0
2024-04-25T13:47:43.509 INFO:teuthology.orchestra.run.smithi007.stdout:/usr/bin/ceph: stdout
2024-04-25T13:47:43.509 INFO:teuthology.orchestra.run.smithi007.stdout:/usr/bin/ceph: stdout [mgr]
2024-04-25T13:47:43.509 INFO:teuthology.orchestra.run.smithi007.stdout:/usr/bin/ceph: stdout mgr/telemetry/nag = false
2024-04-25T13:47:43.509 INFO:teuthology.orchestra.run.smithi007.stdout:/usr/bin/ceph: stdout
2024-04-25T13:47:43.509 INFO:teuthology.orchestra.run.smithi007.stdout:/usr/bin/ceph: stdout [osd]
2024-04-25T13:47:43.509 INFO:teuthology.orchestra.run.smithi007.stdout:/usr/bin/ceph: stdout bdev_async_discard = True
2024-04-25T13:47:43.509 INFO:teuthology.orchestra.run.smithi007.stdout:/usr/bin/ceph: stdout mon_osd_backfillfull_ratio = 0.85
2024-04-25T13:47:43.509 INFO:teuthology.orchestra.run.smithi007.stdout:/usr/bin/ceph: stdout mon_osd_full_ratio = 0.9
2024-04-25T13:47:43.509 INFO:teuthology.orchestra.run.smithi007.stdout:/usr/bin/ceph: stdout mon_osd_nearfull_ratio = 0.8
2024-04-25T13:47:43.509 INFO:teuthology.orchestra.run.smithi007.stdout:/usr/bin/ceph: stdout osd_map_max_advance = 10
2024-04-25T13:47:43.509 INFO:teuthology.orchestra.run.smithi007.stdout:/usr/bin/ceph: stdout osd_sloppy_crc = true
2024-04-25T13:47:43.509 INFO:teuthology.orchestra.run.smithi007.stdout:/usr/bin/ceph: stderr
2024-04-25T13:47:42.695+0000 7f1fde851700 1 Processor -- start
2024-04-25T13:47:43.510 INFO:teuthology.orchestra.run.smithi007.stdout:/usr/bin/ceph: stderr
2024-04-25T13:47:42.695+0000 7f1fde851700 1 -- start start
2024-04-25T13:47:43.510 INFO:teuthology.orchestra.run.smithi007.stdout:/usr/bin/ceph: stderr
2024-04-25T13:47:42.696+0000 7f1fde851700 1 --2- >> [v2:172.21.15.7:3300/0,v1:172.21.15.7:6789/0] conn(0x7f1fd810a4a0 0x7f1fd810c8c0 unknown :-1 s=NONE pgs=0 cs=0 l=0 rev1=0 crypto rx=0 tx=0 comp rx=0 tx=0).connect
2024-04-25T13:47:43.510 INFO:teuthology.orchestra.run.smithi007.stdout:/usr/bin/ceph: stderr
2024-04-25T13:47:42.696+0000 7f1fde851700 1 -- --> [v2:172.21.15.7:3300/0,v1:172.21.15.7:6789/0] -- mon_getmap magic: 0 -- 0x7f1fd807cea0 con 0x7f1fd810a4a0
2024-04-25T13:47:43.510 INFO:teuthology.orchestra.run.smithi007.stdout:/usr/bin/ceph: stderr
2024-04-25T13:47:42.696+0000 7f1fd7fff700 1 --2- >> [v2:172.21.15.7:3300/0,v1:172.21.15.7:6789/0] conn(0x7f1fd810a4a0 0x7f1fd810c8c0 unknown :-1 s=BANNER_CONNECTING pgs=0 cs=0 l=0 rev1=0 crypto rx=0 tx=0 comp rx=0 tx=0)._handle_peer_banner_payload supported=3 required=0
2024-04-25T13:47:43.510 INFO:teuthology.orchestra.run.smithi007.stdout:/usr/bin/ceph: stderr
2024-04-25T13:47:42.696+0000 7f1fd7fff700 1 --2- >> [v2:172.21.15.7:3300/0,v1:172.21.15.7:6789/0] conn(0x7f1fd810a4a0 0x7f1fd810c8c0 unknown :-1 s=HELLO_CONNECTING pgs=0 cs=0 l=0 rev1=1 crypto rx=0 tx=0 comp rx=0 tx=0).handle_hello peer v2:172.21.15.7:3300/0 says I am v2:172.21.15.7:55836/0 (socket says 172.21.15.7:55836)
2024-04-25T13:47:43.510 INFO:teuthology.orchestra.run.smithi007.stdout:/usr/bin/ceph: stderr
2024-04-25T13:47:42.696+0000 7f1fd7fff700 1 -- 172.21.15.7:0/50505177 learned_addr learned my addr 172.21.15.7:0/50505177 (peer_addr_for_me v2:172.21.15.7:0/0)
2024-04-25T13:47:43.510 INFO:teuthology.orchestra.run.smithi007.stdout:/usr/bin/ceph: stderr
2024-04-25T13:47:42.696+0000 7f1fd7fff700 1 -- 172.21.15.7:0/50505177 --> [v2:172.21.15.7:3300/0,v1:172.21.15.7:6789/0] -- mon_subscribe({config=0+,monmap=0+}) -- 0x7f1fd810ce00 con 0x7f1fd810a4a0
2024-04-25T13:47:43.511 INFO:teuthology.orchestra.run.smithi007.stdout:/usr/bin/ceph: stderr
2024-04-25T13:47:42.696+0000 7f1fd7fff700 1 --2- 172.21.15.7:0/50505177 >> [v2:172.21.15.7:3300/0,v1:172.21.15.7:6789/0] conn(0x7f1fd810a4a0 0x7f1fd810c8c0 secure :-1 s=READY pgs=20 cs=0 l=1 rev1=1 crypto rx=0x7f1fc80098a0 tx=0x7f1fc8009bb0 comp rx=0 tx=0).ready entity=mon.0 client_cookie=c10dfe4cf72ffe20 server_cookie=0 in_seq=0 out_seq=0
2024-04-25T13:47:43.511 INFO:teuthology.orchestra.run.smithi007.stdout:/usr/bin/ceph: stderr
2024-04-25T13:47:42.696+0000 7f1fd6ffd700 1 -- 172.21.15.7:0/50505177 <== mon.0 v2:172.21.15.7:3300/0 1 ==== mon_map magic: 0 ==== 205+0+0 (secure 0 0 0) 0x7f1fc8004160 con 0x7f1fd810a4a0
2024-04-25T13:47:43.511 INFO:teuthology.orchestra.run.smithi007.stdout:/usr/bin/ceph: stderr
2024-04-25T13:47:42.697+0000 7f1fd6ffd700 1 -- 172.21.15.7:0/50505177 <== mon.0 v2:172.21.15.7:3300/0 2 ==== config(26 keys) ==== 1070+0+0 (secure 0 0 0) 0x7f1fc8004300 con 0x7f1fd810a4a0
2024-04-25T13:47:43.511 INFO:teuthology.orchestra.run.smithi007.stdout:/usr/bin/ceph: stderr
2024-04-25T13:47:42.697+0000 7f1fd6ffd700 1 -- 172.21.15.7:0/50505177 <== mon.0 v2:172.21.15.7:3300/0 3 ==== mon_map magic: 0 ==== 205+0+0 (secure 0 0 0) 0x7f1fc8011af0 con 0x7f1fd810a4a0
2024-04-25T13:47:43.511 INFO:teuthology.orchestra.run.smithi007.stdout:/usr/bin/ceph: stderr
2024-04-25T13:47:42.697+0000 7f1fde851700 1 -- 172.21.15.7:0/50505177 >> [v2:172.21.15.7:3300/0,v1:172.21.15.7:6789/0] conn(0x7f1fd810a4a0 msgr2=0x7f1fd810c8c0 secure :-1 s=STATE_CONNECTION_ESTABLISHED l=1).mark_down
2024-04-25T13:47:43.511 INFO:teuthology.orchestra.run.smithi007.stdout:/usr/bin/ceph: stderr
2024-04-25T13:47:42.697+0000 7f1fde851700 1 --2- 172.21.15.7:0/50505177 >> [v2:172.21.15.7:3300/0,v1:172.21.15.7:6789/0] conn(0x7f1fd810a4a0 0x7f1fd810c8c0 secure :-1 s=READY pgs=20 cs=0 l=1 rev1=1 crypto rx=0x7f1fc80098a0 tx=0x7f1fc8009bb0 comp rx=0 tx=0).stop
2024-04-25T13:47:43.512 INFO:teuthology.orchestra.run.smithi007.stdout:/usr/bin/ceph: stderr
2024-04-25T13:47:42.697+0000 7f1fde851700 1 -- 172.21.15.7:0/50505177 shutdown_connections
2024-04-25T13:47:43.512 INFO:teuthology.orchestra.run.smithi007.stdout:/usr/bin/ceph: stderr
2024-04-25T13:47:42.697+0000 7f1fde851700 1 --2- 172.21.15.7:0/50505177 >> [v2:172.21.15.7:3300/0,v1:172.21.15.7:6789/0] conn(0x7f1fd810a4a0 0x7f1fd810c8c0 unknown :-1 s=CLOSED pgs=20 cs=0 l=1 rev1=1 crypto rx=0 tx=0 comp rx=0 tx=0).stop
2024-04-25T13:47:43.512 INFO:teuthology.orchestra.run.smithi007.stdout:/usr/bin/ceph: stderr
2024-04-25T13:47:42.697+0000 7f1fde851700 1 -- 172.21.15.7:0/50505177 >> 172.21.15.7:0/50505177 conn(0x7f1fd8103f60 msgr2=0x7f1fd81063b0 unknown :-1 s=STATE_NONE l=0).mark_down
2024-04-25T13:47:43.512 INFO:teuthology.orchestra.run.smithi007.stdout:/usr/bin/ceph: stderr
2024-04-25T13:47:42.697+0000 7f1fde851700 1 -- 172.21.15.7:0/50505177 shutdown_connections
2024-04-25T13:47:43.512 INFO:teuthology.orchestra.run.smithi007.stdout:/usr/bin/ceph: stderr
2024-04-25T13:47:42.697+0000 7f1fde851700 1 -- 172.21.15.7:0/50505177 wait complete.
2024-04-25T13:47:43.512 INFO:teuthology.orchestra.run.smithi007.stdout:/usr/bin/ceph: stderr
2024-04-25T13:47:42.698+0000 7f1fde851700 1 Processor -- start
2024-04-25T13:47:43.512 INFO:teuthology.orchestra.run.smithi007.stdout:/usr/bin/ceph: stderr
2024-04-25T13:47:42.698+0000 7f1fde851700 1 -- start start
2024-04-25T13:47:43.512 INFO:teuthology.orchestra.run.smithi007.stdout:/usr/bin/ceph: stderr
2024-04-25T13:47:42.698+0000 7f1fde851700 1 --2- >> [v2:172.21.15.7:3300/0,v1:172.21.15.7:6789/0] conn(0x7f1fd810a4a0 0x7f1fd819ddf0 unknown :-1 s=NONE pgs=0 cs=0 l=1 rev1=0 crypto rx=0 tx=0 comp rx=0 tx=0).connect
2024-04-25T13:47:43.512 INFO:teuthology.orchestra.run.smithi007.stdout:/usr/bin/ceph: stderr
2024-04-25T13:47:42.698+0000 7f1fde851700 1 -- --> [v2:172.21.15.7:3300/0,v1:172.21.15.7:6789/0] -- mon_getmap magic: 0 -- 0x7f1fd810ddc0 con 0x7f1fd810a4a0
2024-04-25T13:47:43.512 INFO:teuthology.orchestra.run.smithi007.stdout:/usr/bin/ceph: stderr
2024-04-25T13:47:42.699+0000 7f1fd7fff700 1 --2- >> [v2:172.21.15.7:3300/0,v1:172.21.15.7:6789/0] conn(0x7f1fd810a4a0 0x7f1fd819ddf0 unknown :-1 s=BANNER_CONNECTING pgs=0 cs=0 l=1 rev1=0 crypto rx=0 tx=0 comp rx=0 tx=0)._handle_peer_banner_payload supported=3 required=0
2024-04-25T13:47:43.512 INFO:teuthology.orchestra.run.smithi007.stdout:/usr/bin/ceph: stderr
2024-04-25T13:47:42.699+0000 7f1fd7fff700 1 --2- >> [v2:172.21.15.7:3300/0,v1:172.21.15.7:6789/0] conn(0x7f1fd810a4a0 0x7f1fd819ddf0 unknown :-1 s=HELLO_CONNECTING pgs=0 cs=0 l=1 rev1=1 crypto rx=0 tx=0 comp rx=0 tx=0).handle_hello peer v2:172.21.15.7:3300/0 says I am v2:172.21.15.7:55842/0 (socket says 172.21.15.7:55842)
2024-04-25T13:47:43.512 INFO:teuthology.orchestra.run.smithi007.stdout:/usr/bin/ceph: stderr
2024-04-25T13:47:42.699+0000 7f1fd7fff700 1 -- 172.21.15.7:0/2160304661 learned_addr learned my addr 172.21.15.7:0/2160304661 (peer_addr_for_me v2:172.21.15.7:0/0)
2024-04-25T13:47:43.513 INFO:teuthology.orchestra.run.smithi007.stdout:/usr/bin/ceph: stderr
2024-04-25T13:47:42.699+0000 7f1fd7fff700 1 -- 172.21.15.7:0/2160304661 --> [v2:172.21.15.7:3300/0,v1:172.21.15.7:6789/0] -- mon_subscribe({config=0+,monmap=0+}) -- 0x7f1fd819e330 con 0x7f1fd810a4a0
2024-04-25T13:47:43.513 INFO:teuthology.orchestra.run.smithi007.stdout:/usr/bin/ceph: stderr
2024-04-25T13:47:42.699+0000 7f1fd7fff700 1 --2- 172.21.15.7:0/2160304661 >> [v2:172.21.15.7:3300/0,v1:172.21.15.7:6789/0] conn(0x7f1fd810a4a0 0x7f1fd819ddf0 secure :-1 s=READY pgs=21 cs=0 l=1 rev1=1 crypto rx=0x7f1fc80117b0 tx=0x7f1fc8011b70 comp rx=0 tx=0).ready entity=mon.0 client_cookie=0 server_cookie=0 in_seq=0 out_seq=0
2024-04-25T13:47:43.513 INFO:teuthology.orchestra.run.smithi007.stdout:/usr/bin/ceph: stderr
2024-04-25T13:47:42.699+0000 7f1fd57fa700 1 -- 172.21.15.7:0/2160304661 <== mon.0 v2:172.21.15.7:3300/0 1 ==== mon_map magic: 0 ==== 205+0+0 (secure 0 0 0) 0x7f1fc8003af0 con 0x7f1fd810a4a0
2024-04-25T13:47:43.513 INFO:teuthology.orchestra.run.smithi007.stdout:/usr/bin/ceph: stderr
2024-04-25T13:47:42.699+0000 7f1fd57fa700 1 -- 172.21.15.7:0/2160304661 <== mon.0 v2:172.21.15.7:3300/0 2 ==== config(26 keys) ==== 1070+0+0 (secure 0 0 0) 0x7f1fc8020070 con 0x7f1fd810a4a0
2024-04-25T13:47:43.513 INFO:teuthology.orchestra.run.smithi007.stdout:/usr/bin/ceph: stderr
2024-04-25T13:47:42.699+0000 7f1fde851700 1 -- 172.21.15.7:0/2160304661 --> [v2:172.21.15.7:3300/0,v1:172.21.15.7:6789/0] -- mon_subscribe({mgrmap=0+}) -- 0x7f1fd819e5c0 con 0x7f1fd810a4a0
2024-04-25T13:47:43.513 INFO:teuthology.orchestra.run.smithi007.stdout:/usr/bin/ceph: stderr
2024-04-25T13:47:42.699+0000 7f1fd57fa700 1 -- 172.21.15.7:0/2160304661 <== mon.0 v2:172.21.15.7:3300/0 3 ==== mon_map magic: 0 ==== 205+0+0 (secure 0 0 0) 0x7f1fc8019630 con 0x7f1fd810a4a0
2024-04-25T13:47:43.513 INFO:teuthology.orchestra.run.smithi007.stdout:/usr/bin/ceph: stderr
2024-04-25T13:47:42.699+0000 7f1fde851700 1 -- 172.21.15.7:0/2160304661 --> [v2:172.21.15.7:3300/0,v1:172.21.15.7:6789/0] -- mon_subscribe({osdmap=0}) -- 0x7f1fd81a1190 con 0x7f1fd810a4a0
2024-04-25T13:47:43.513 INFO:teuthology.orchestra.run.smithi007.stdout:/usr/bin/ceph: stderr
2024-04-25T13:47:42.700+0000 7f1fd57fa700 1 -- 172.21.15.7:0/2160304661 <== mon.0 v2:172.21.15.7:3300/0 4 ==== mgrmap(e 4) ==== 49505+0+0 (secure 0 0 0) 0x7f1fc80198f0 con 0x7f1fd810a4a0
2024-04-25T13:47:43.513 INFO:teuthology.orchestra.run.smithi007.stdout:/usr/bin/ceph: stderr
2024-04-25T13:47:42.700+0000 7f1fde851700 1 -- 172.21.15.7:0/2160304661 --> [v2:172.21.15.7:3300/0,v1:172.21.15.7:6789/0] -- mon_command({"prefix": "get_command_descriptions"} v 0) -- 0x7f1fd8064cf0 con 0x7f1fd810a4a0
2024-04-25T13:47:43.513 INFO:teuthology.orchestra.run.smithi007.stdout:/usr/bin/ceph: stderr
2024-04-25T13:47:42.701+0000 7f1fd57fa700 1 --2- 172.21.15.7:0/2160304661 >> [v2:172.21.15.7:6800/3733732620,v1:172.21.15.7:6801/3733732620] conn(0x7f1fc003d520 0x7f1fc003fa30 unknown :-1 s=NONE pgs=0 cs=0 l=1 rev1=0 crypto rx=0 tx=0 comp rx=0 tx=0).connect
2024-04-25T13:47:43.513 INFO:teuthology.orchestra.run.smithi007.stdout:/usr/bin/ceph: stderr
2024-04-25T13:47:42.701+0000 7f1fd57fa700 1 -- 172.21.15.7:0/2160304661 <== mon.0 v2:172.21.15.7:3300/0 5 ==== osd_map(1..1 src has 1..1) ==== 725+0+0 (secure 0 0 0) 0x7f1fc80528a0 con 0x7f1fd810a4a0
2024-04-25T13:47:43.513 INFO:teuthology.orchestra.run.smithi007.stdout:/usr/bin/ceph: stderr
2024-04-25T13:47:42.701+0000 7f1fd77fe700 1 --2- 172.21.15.7:0/2160304661 >> [v2:172.21.15.7:6800/3733732620,v1:172.21.15.7:6801/3733732620] conn(0x7f1fc003d520 0x7f1fc003fa30 unknown :-1 s=BANNER_CONNECTING pgs=0 cs=0 l=1 rev1=0 crypto rx=0 tx=0 comp rx=0 tx=0)._handle_peer_banner_payload supported=3 required=0
2024-04-25T13:47:43.513 INFO:teuthology.orchestra.run.smithi007.stdout:/usr/bin/ceph: stderr
2024-04-25T13:47:42.701+0000 7f1fd77fe700 1 --2- 172.21.15.7:0/2160304661 >> [v2:172.21.15.7:6800/3733732620,v1:172.21.15.7:6801/3733732620] conn(0x7f1fc003d520 0x7f1fc003fa30 secure :-1 s=READY pgs=7 cs=0 l=1 rev1=1 crypto rx=0x7f1fcc006fd0 tx=0x7f1fcc006e40 comp rx=0 tx=0).ready entity=mgr.14100 client_cookie=0 server_cookie=0 in_seq=0 out_seq=0
2024-04-25T13:47:43.513 INFO:teuthology.orchestra.run.smithi007.stdout:/usr/bin/ceph: stderr
2024-04-25T13:47:42.706+0000 7f1fd57fa700 1 -- 172.21.15.7:0/2160304661 <== mon.0 v2:172.21.15.7:3300/0 6 ==== mon_command_ack([{"prefix": "get_command_descriptions"}]=0 v0) ==== 72+0+188370 (secure 0 0 0) 0x7f1fc8016260 con 0x7f1fd810a4a0
2024-04-25T13:47:43.514 INFO:teuthology.orchestra.run.smithi007.stdout:/usr/bin/ceph: stderr
2024-04-25T13:47:42.912+0000 7f1fde851700 1 -- 172.21.15.7:0/2160304661 --> [v2:172.21.15.7:3300/0,v1:172.21.15.7:6789/0] -- mon_command({"prefix": "config assimilate-conf"} v 0) -- 0x7f1fd81a1360 con 0x7f1fd810a4a0
2024-04-25T13:47:43.514 INFO:teuthology.orchestra.run.smithi007.stdout:/usr/bin/ceph: stderr
2024-04-25T13:47:42.913+0000 7f1fd57fa700 1 -- 172.21.15.7:0/2160304661 <== mon.0 v2:172.21.15.7:3300/0 7 ==== mon_command_ack([{"prefix": "config assimilate-conf"}]=0 v3) ==== 70+0+436 (secure 0 0 0) 0x7f1fc80042a0 con 0x7f1fd810a4a0
2024-04-25T13:47:43.514 INFO:teuthology.orchestra.run.smithi007.stdout:/usr/bin/ceph: stderr
2024-04-25T13:47:42.915+0000 7f1fde851700 1 -- 172.21.15.7:0/2160304661 >> [v2:172.21.15.7:6800/3733732620,v1:172.21.15.7:6801/3733732620] conn(0x7f1fc003d520 msgr2=0x7f1fc003fa30 secure :-1 s=STATE_CONNECTION_ESTABLISHED l=1).mark_down
2024-04-25T13:47:43.514 INFO:teuthology.orchestra.run.smithi007.stdout:/usr/bin/ceph: stderr
2024-04-25T13:47:42.915+0000 7f1fde851700 1 --2- 172.21.15.7:0/2160304661 >> [v2:172.21.15.7:6800/3733732620,v1:172.21.15.7:6801/3733732620] conn(0x7f1fc003d520 0x7f1fc003fa30 secure :-1 s=READY pgs=7 cs=0 l=1 rev1=1 crypto rx=0x7f1fcc006fd0 tx=0x7f1fcc006e40 comp rx=0 tx=0).stop
2024-04-25T13:47:43.514 INFO:teuthology.orchestra.run.smithi007.stdout:/usr/bin/ceph: stderr
2024-04-25T13:47:42.915+0000 7f1fde851700 1 -- 172.21.15.7:0/2160304661 >> [v2:172.21.15.7:3300/0,v1:172.21.15.7:6789/0] conn(0x7f1fd810a4a0 msgr2=0x7f1fd819ddf0 secure :-1 s=STATE_CONNECTION_ESTABLISHED l=1).mark_down
2024-04-25T13:47:43.514 INFO:teuthology.orchestra.run.smithi007.stdout:/usr/bin/ceph: stderr
2024-04-25T13:47:42.915+0000 7f1fde851700 1 --2- 172.21.15.7:0/2160304661 >> [v2:172.21.15.7:3300/0,v1:172.21.15.7:6789/0] conn(0x7f1fd810a4a0 0x7f1fd819ddf0 secure :-1 s=READY pgs=21 cs=0 l=1 rev1=1 crypto rx=0x7f1fc80117b0 tx=0x7f1fc8011b70 comp rx=0 tx=0).stop
2024-04-25T13:47:43.514 INFO:teuthology.orchestra.run.smithi007.stdout:/usr/bin/ceph: stderr
2024-04-25T13:47:42.915+0000 7f1fde851700 1 -- 172.21.15.7:0/2160304661 shutdown_connections
2024-04-25T13:47:43.514 INFO:teuthology.orchestra.run.smithi007.stdout:/usr/bin/ceph: stderr
2024-04-25T13:47:42.915+0000 7f1fde851700 1 --2- 172.21.15.7:0/2160304661 >> [v2:172.21.15.7:6800/3733732620,v1:172.21.15.7:6801/3733732620] conn(0x7f1fc003d520 0x7f1fc003fa30 unknown :-1 s=CLOSED pgs=7 cs=0 l=1 rev1=1 crypto rx=0 tx=0 comp rx=0 tx=0).stop
2024-04-25T13:47:43.514 INFO:teuthology.orchestra.run.smithi007.stdout:/usr/bin/ceph: stderr
2024-04-25T13:47:42.915+0000 7f1fde851700 1 --2- 172.21.15.7:0/2160304661 >> [v2:172.21.15.7:3300/0,v1:172.21.15.7:6789/0] conn(0x7f1fd810a4a0 0x7f1fd819ddf0 unknown :-1 s=CLOSED pgs=21 cs=0 l=1 rev1=1 crypto rx=0 tx=0 comp rx=0 tx=0).stop
2024-04-25T13:47:43.514 INFO:teuthology.orchestra.run.smithi007.stdout:/usr/bin/ceph: stderr
2024-04-25T13:47:42.915+0000 7f1fde851700 1 -- 172.21.15.7:0/2160304661 >> 172.21.15.7:0/2160304661 conn(0x7f1fd8103f60 msgr2=0x7f1fd8104820 unknown :-1 s=STATE_NONE l=0).mark_down
2024-04-25T13:47:43.514 INFO:teuthology.orchestra.run.smithi007.stdout:/usr/bin/ceph: stderr
2024-04-25T13:47:42.915+0000 7f1fde851700 1 -- 172.21.15.7:0/2160304661 shutdown_connections
2024-04-25T13:47:43.514 INFO:teuthology.orchestra.run.smithi007.stdout:/usr/bin/ceph: stderr
2024-04-25T13:47:42.915+0000 7f1fde851700 1 -- 172.21.15.7:0/2160304661 wait complete.
2024-04-25T13:47:43.514 INFO:teuthology.orchestra.run.smithi007.stdout:Enabling cephadm module...
2024-04-25T13:47:43.727 INFO:journalctl@ceph.mon.a.smithi007.stdout:Apr 25 13:47:43 smithi007 ceph-mon[29180]: from='client.? 172.21.15.7:0/2160304661' entity='client.admin' cmd=[{"prefix": "config assimilate-conf"}]: dispatch
2024-04-25T13:47:44.518 INFO:journalctl@ceph.mon.a.smithi007.stdout:Apr 25 13:47:44 smithi007 ceph-mon[29180]: from='client.? 172.21.15.7:0/1763955074' entity='client.admin' cmd=[{"prefix": "mgr module enable", "module": "cephadm"}]: dispatch
2024-04-25T13:47:44.845 INFO:journalctl@ceph.mgr.x.smithi007.stdout:Apr 25 13:47:44 smithi007 ceph-31b13378-030a-11ef-bc93-c7b262605968-mgr-x[29411]: ignoring --setuser ceph since I am not root
2024-04-25T13:47:44.845 INFO:journalctl@ceph.mgr.x.smithi007.stdout:Apr 25 13:47:44 smithi007 ceph-31b13378-030a-11ef-bc93-c7b262605968-mgr-x[29411]: ignoring --setgroup ceph since I am not root
2024-04-25T13:47:44.845 INFO:journalctl@ceph.mgr.x.smithi007.stdout:Apr 25 13:47:44 smithi007 ceph-31b13378-030a-11ef-bc93-c7b262605968-mgr-x[29411]:
2024-04-25T13:47:44.648+0000 7ff14f979200 -1 mgr[py] Module balancer has missing NOTIFY_TYPES member
2024-04-25T13:47:45.069 INFO:teuthology.orchestra.run.smithi007.stdout:/usr/bin/ceph: stderr
2024-04-25T13:47:43.952+0000 7f5f6d700700 1 Processor -- start
2024-04-25T13:47:45.069 INFO:teuthology.orchestra.run.smithi007.stdout:/usr/bin/ceph: stderr
2024-04-25T13:47:43.952+0000 7f5f6d700700 1 -- start start
2024-04-25T13:47:45.070 INFO:teuthology.orchestra.run.smithi007.stdout:/usr/bin/ceph: stderr
2024-04-25T13:47:43.952+0000 7f5f6d700700 1 --2- >> [v2:172.21.15.7:3300/0,v1:172.21.15.7:6789/0] conn(0x7f5f6807ccf0 0x7f5f6810c5b0 unknown :-1 s=NONE pgs=0 cs=0 l=0 rev1=0 crypto rx=0 tx=0 comp rx=0 tx=0).connect
2024-04-25T13:47:45.070 INFO:teuthology.orchestra.run.smithi007.stdout:/usr/bin/ceph: stderr
2024-04-25T13:47:43.952+0000 7f5f6d700700 1 -- --> [v2:172.21.15.7:3300/0,v1:172.21.15.7:6789/0] -- mon_getmap magic: 0 -- 0x7f5f6810cbc0 con 0x7f5f6807ccf0
2024-04-25T13:47:45.070 INFO:teuthology.orchestra.run.smithi007.stdout:/usr/bin/ceph: stderr
2024-04-25T13:47:43.952+0000 7f5f66ffd700 1 --2- >> [v2:172.21.15.7:3300/0,v1:172.21.15.7:6789/0] conn(0x7f5f6807ccf0 0x7f5f6810c5b0 unknown :-1 s=BANNER_CONNECTING pgs=0 cs=0 l=0 rev1=0 crypto rx=0 tx=0 comp rx=0 tx=0)._handle_peer_banner_payload supported=3 required=0
2024-04-25T13:47:45.070 INFO:teuthology.orchestra.run.smithi007.stdout:/usr/bin/ceph: stderr
2024-04-25T13:47:43.952+0000 7f5f66ffd700 1 --2- >> [v2:172.21.15.7:3300/0,v1:172.21.15.7:6789/0] conn(0x7f5f6807ccf0 0x7f5f6810c5b0 unknown :-1 s=HELLO_CONNECTING pgs=0 cs=0 l=0 rev1=1 crypto rx=0 tx=0 comp rx=0 tx=0).handle_hello peer v2:172.21.15.7:3300/0 says I am v2:172.21.15.7:55846/0 (socket says 172.21.15.7:55846)
2024-04-25T13:47:45.070 INFO:teuthology.orchestra.run.smithi007.stdout:/usr/bin/ceph: stderr
2024-04-25T13:47:43.952+0000 7f5f66ffd700 1 -- 172.21.15.7:0/2608175110 learned_addr learned my addr 172.21.15.7:0/2608175110 (peer_addr_for_me v2:172.21.15.7:0/0)
2024-04-25T13:47:45.070 INFO:teuthology.orchestra.run.smithi007.stdout:/usr/bin/ceph: stderr
2024-04-25T13:47:43.953+0000 7f5f66ffd700 1 -- 172.21.15.7:0/2608175110 --> [v2:172.21.15.7:3300/0,v1:172.21.15.7:6789/0] -- mon_subscribe({config=0+,monmap=0+}) -- 0x7f5f6810cd40 con 0x7f5f6807ccf0
2024-04-25T13:47:45.070 INFO:teuthology.orchestra.run.smithi007.stdout:/usr/bin/ceph: stderr
2024-04-25T13:47:43.953+0000 7f5f66ffd700 1 --2- 172.21.15.7:0/2608175110 >> [v2:172.21.15.7:3300/0,v1:172.21.15.7:6789/0] conn(0x7f5f6807ccf0 0x7f5f6810c5b0 secure :-1 s=READY pgs=22 cs=0 l=1 rev1=1 crypto rx=0x7f5f580098a0 tx=0x7f5f58009bb0 comp rx=0 tx=0).ready entity=mon.0 client_cookie=b65344bbd040da8e server_cookie=0 in_seq=0 out_seq=0
2024-04-25T13:47:45.070 INFO:teuthology.orchestra.run.smithi007.stdout:/usr/bin/ceph: stderr
2024-04-25T13:47:43.953+0000 7f5f65ffb700 1 -- 172.21.15.7:0/2608175110 <== mon.0 v2:172.21.15.7:3300/0 1 ==== mon_map magic: 0 ==== 205+0+0 (secure 0 0 0) 0x7f5f58004160 con 0x7f5f6807ccf0
2024-04-25T13:47:45.070 INFO:teuthology.orchestra.run.smithi007.stdout:/usr/bin/ceph: stderr
