2024-04-25T13:47:43.953+0000 7f5f65ffb700 1 -- 172.21.15.7:0/2608175110 <== mon.0 v2:172.21.15.7:3300/0 2 ==== config(26 keys) ==== 1070+0+0 (secure 0 0 0) 0x7f5f58004300 con 0x7f5f6807ccf0
2024-04-25T13:47:45.070 INFO:teuthology.orchestra.run.smithi007.stdout:/usr/bin/ceph: stderr
2024-04-25T13:47:43.953+0000 7f5f65ffb700 1 -- 172.21.15.7:0/2608175110 <== mon.0 v2:172.21.15.7:3300/0 3 ==== mon_map magic: 0 ==== 205+0+0 (secure 0 0 0) 0x7f5f58011af0 con 0x7f5f6807ccf0
2024-04-25T13:47:45.070 INFO:teuthology.orchestra.run.smithi007.stdout:/usr/bin/ceph: stderr
2024-04-25T13:47:43.954+0000 7f5f6d700700 1 -- 172.21.15.7:0/2608175110 >> [v2:172.21.15.7:3300/0,v1:172.21.15.7:6789/0] conn(0x7f5f6807ccf0 msgr2=0x7f5f6810c5b0 secure :-1 s=STATE_CONNECTION_ESTABLISHED l=1).mark_down
2024-04-25T13:47:45.070 INFO:teuthology.orchestra.run.smithi007.stdout:/usr/bin/ceph: stderr
2024-04-25T13:47:43.954+0000 7f5f6d700700 1 --2- 172.21.15.7:0/2608175110 >> [v2:172.21.15.7:3300/0,v1:172.21.15.7:6789/0] conn(0x7f5f6807ccf0 0x7f5f6810c5b0 secure :-1 s=READY pgs=22 cs=0 l=1 rev1=1 crypto rx=0x7f5f580098a0 tx=0x7f5f58009bb0 comp rx=0 tx=0).stop
2024-04-25T13:47:45.070 INFO:teuthology.orchestra.run.smithi007.stdout:/usr/bin/ceph: stderr
2024-04-25T13:47:43.954+0000 7f5f6d700700 1 -- 172.21.15.7:0/2608175110 shutdown_connections
2024-04-25T13:47:45.071 INFO:teuthology.orchestra.run.smithi007.stdout:/usr/bin/ceph: stderr
2024-04-25T13:47:43.954+0000 7f5f6d700700 1 --2- 172.21.15.7:0/2608175110 >> [v2:172.21.15.7:3300/0,v1:172.21.15.7:6789/0] conn(0x7f5f6807ccf0 0x7f5f6810c5b0 unknown :-1 s=CLOSED pgs=22 cs=0 l=1 rev1=1 crypto rx=0 tx=0 comp rx=0 tx=0).stop
2024-04-25T13:47:45.071 INFO:teuthology.orchestra.run.smithi007.stdout:/usr/bin/ceph: stderr
2024-04-25T13:47:43.954+0000 7f5f6d700700 1 -- 172.21.15.7:0/2608175110 >> 172.21.15.7:0/2608175110 conn(0x7f5f68103f60 msgr2=0x7f5f681063d0 unknown :-1 s=STATE_NONE l=0).mark_down
2024-04-25T13:47:45.071 INFO:teuthology.orchestra.run.smithi007.stdout:/usr/bin/ceph: stderr
2024-04-25T13:47:43.954+0000 7f5f6d700700 1 -- 172.21.15.7:0/2608175110 shutdown_connections
2024-04-25T13:47:45.071 INFO:teuthology.orchestra.run.smithi007.stdout:/usr/bin/ceph: stderr
2024-04-25T13:47:43.954+0000 7f5f6d700700 1 -- 172.21.15.7:0/2608175110 wait complete.
2024-04-25T13:47:45.071 INFO:teuthology.orchestra.run.smithi007.stdout:/usr/bin/ceph: stderr
2024-04-25T13:47:43.954+0000 7f5f6d700700 1 Processor -- start
2024-04-25T13:47:45.071 INFO:teuthology.orchestra.run.smithi007.stdout:/usr/bin/ceph: stderr
2024-04-25T13:47:43.955+0000 7f5f6d700700 1 -- start start
2024-04-25T13:47:45.071 INFO:teuthology.orchestra.run.smithi007.stdout:/usr/bin/ceph: stderr
2024-04-25T13:47:43.955+0000 7f5f6d700700 1 --2- >> [v2:172.21.15.7:3300/0,v1:172.21.15.7:6789/0] conn(0x7f5f6807ccf0 0x7f5f6819ddf0 unknown :-1 s=NONE pgs=0 cs=0 l=1 rev1=0 crypto rx=0 tx=0 comp rx=0 tx=0).connect
2024-04-25T13:47:45.071 INFO:teuthology.orchestra.run.smithi007.stdout:/usr/bin/ceph: stderr
2024-04-25T13:47:43.955+0000 7f5f6d700700 1 -- --> [v2:172.21.15.7:3300/0,v1:172.21.15.7:6789/0] -- mon_getmap magic: 0 -- 0x7f5f6810ddc0 con 0x7f5f6807ccf0
2024-04-25T13:47:45.071 INFO:teuthology.orchestra.run.smithi007.stdout:/usr/bin/ceph: stderr
2024-04-25T13:47:43.955+0000 7f5f66ffd700 1 --2- >> [v2:172.21.15.7:3300/0,v1:172.21.15.7:6789/0] conn(0x7f5f6807ccf0 0x7f5f6819ddf0 unknown :-1 s=BANNER_CONNECTING pgs=0 cs=0 l=1 rev1=0 crypto rx=0 tx=0 comp rx=0 tx=0)._handle_peer_banner_payload supported=3 required=0
2024-04-25T13:47:45.071 INFO:teuthology.orchestra.run.smithi007.stdout:/usr/bin/ceph: stderr
2024-04-25T13:47:43.955+0000 7f5f66ffd700 1 --2- >> [v2:172.21.15.7:3300/0,v1:172.21.15.7:6789/0] conn(0x7f5f6807ccf0 0x7f5f6819ddf0 unknown :-1 s=HELLO_CONNECTING pgs=0 cs=0 l=1 rev1=1 crypto rx=0 tx=0 comp rx=0 tx=0).handle_hello peer v2:172.21.15.7:3300/0 says I am v2:172.21.15.7:55854/0 (socket says 172.21.15.7:55854)
2024-04-25T13:47:45.071 INFO:teuthology.orchestra.run.smithi007.stdout:/usr/bin/ceph: stderr
2024-04-25T13:47:43.955+0000 7f5f66ffd700 1 -- 172.21.15.7:0/1763955074 learned_addr learned my addr 172.21.15.7:0/1763955074 (peer_addr_for_me v2:172.21.15.7:0/0)
2024-04-25T13:47:45.071 INFO:teuthology.orchestra.run.smithi007.stdout:/usr/bin/ceph: stderr
2024-04-25T13:47:43.955+0000 7f5f66ffd700 1 -- 172.21.15.7:0/1763955074 --> [v2:172.21.15.7:3300/0,v1:172.21.15.7:6789/0] -- mon_subscribe({config=0+,monmap=0+}) -- 0x7f5f6819e330 con 0x7f5f6807ccf0
2024-04-25T13:47:45.071 INFO:teuthology.orchestra.run.smithi007.stdout:/usr/bin/ceph: stderr
2024-04-25T13:47:43.955+0000 7f5f66ffd700 1 --2- 172.21.15.7:0/1763955074 >> [v2:172.21.15.7:3300/0,v1:172.21.15.7:6789/0] conn(0x7f5f6807ccf0 0x7f5f6819ddf0 secure :-1 s=READY pgs=23 cs=0 l=1 rev1=1 crypto rx=0x7f5f58009fb0 tx=0x7f5f58011940 comp rx=0 tx=0).ready entity=mon.0 client_cookie=0 server_cookie=0 in_seq=0 out_seq=0
2024-04-25T13:47:45.071 INFO:teuthology.orchestra.run.smithi007.stdout:/usr/bin/ceph: stderr
2024-04-25T13:47:43.956+0000 7f5f4ffff700 1 -- 172.21.15.7:0/1763955074 <== mon.0 v2:172.21.15.7:3300/0 1 ==== mon_map magic: 0 ==== 205+0+0 (secure 0 0 0) 0x7f5f580036a0 con 0x7f5f6807ccf0
2024-04-25T13:47:45.072 INFO:teuthology.orchestra.run.smithi007.stdout:/usr/bin/ceph: stderr
2024-04-25T13:47:43.956+0000 7f5f4ffff700 1 -- 172.21.15.7:0/1763955074 <== mon.0 v2:172.21.15.7:3300/0 2 ==== config(26 keys) ==== 1070+0+0 (secure 0 0 0) 0x7f5f5801a430 con 0x7f5f6807ccf0
2024-04-25T13:47:45.072 INFO:teuthology.orchestra.run.smithi007.stdout:/usr/bin/ceph: stderr
2024-04-25T13:47:43.956+0000 7f5f4ffff700 1 -- 172.21.15.7:0/1763955074 <== mon.0 v2:172.21.15.7:3300/0 3 ==== mon_map magic: 0 ==== 205+0+0 (secure 0 0 0) 0x7f5f58019550 con 0x7f5f6807ccf0
2024-04-25T13:47:45.072 INFO:teuthology.orchestra.run.smithi007.stdout:/usr/bin/ceph: stderr
2024-04-25T13:47:43.956+0000 7f5f6d700700 1 -- 172.21.15.7:0/1763955074 --> [v2:172.21.15.7:3300/0,v1:172.21.15.7:6789/0] -- mon_subscribe({mgrmap=0+}) -- 0x7f5f6819e5c0 con 0x7f5f6807ccf0
2024-04-25T13:47:45.072 INFO:teuthology.orchestra.run.smithi007.stdout:/usr/bin/ceph: stderr
2024-04-25T13:47:43.956+0000 7f5f6d700700 1 -- 172.21.15.7:0/1763955074 --> [v2:172.21.15.7:3300/0,v1:172.21.15.7:6789/0] -- mon_subscribe({osdmap=0}) -- 0x7f5f681a11d0 con 0x7f5f6807ccf0
2024-04-25T13:47:45.072 INFO:teuthology.orchestra.run.smithi007.stdout:/usr/bin/ceph: stderr
2024-04-25T13:47:43.957+0000 7f5f6d700700 1 -- 172.21.15.7:0/1763955074 --> [v2:172.21.15.7:3300/0,v1:172.21.15.7:6789/0] -- mon_command({"prefix": "get_command_descriptions"} v 0) -- 0x7f5f68064cf0 con 0x7f5f6807ccf0
2024-04-25T13:47:45.072 INFO:teuthology.orchestra.run.smithi007.stdout:/usr/bin/ceph: stderr
2024-04-25T13:47:43.957+0000 7f5f4ffff700 1 -- 172.21.15.7:0/1763955074 <== mon.0 v2:172.21.15.7:3300/0 4 ==== mgrmap(e 4) ==== 49505+0+0 (secure 0 0 0) 0x7f5f58019800 con 0x7f5f6807ccf0
2024-04-25T13:47:45.072 INFO:teuthology.orchestra.run.smithi007.stdout:/usr/bin/ceph: stderr
2024-04-25T13:47:43.957+0000 7f5f4ffff700 1 --2- 172.21.15.7:0/1763955074 >> [v2:172.21.15.7:6800/3733732620,v1:172.21.15.7:6801/3733732620] conn(0x7f5f5003d520 0x7f5f5003fa30 unknown :-1 s=NONE pgs=0 cs=0 l=1 rev1=0 crypto rx=0 tx=0 comp rx=0 tx=0).connect
2024-04-25T13:47:45.072 INFO:teuthology.orchestra.run.smithi007.stdout:/usr/bin/ceph: stderr
2024-04-25T13:47:43.957+0000 7f5f4ffff700 1 -- 172.21.15.7:0/1763955074 <== mon.0 v2:172.21.15.7:3300/0 5 ==== osd_map(1..1 src has 1..1) ==== 725+0+0 (secure 0 0 0) 0x7f5f58052620 con 0x7f5f6807ccf0
2024-04-25T13:47:45.072 INFO:teuthology.orchestra.run.smithi007.stdout:/usr/bin/ceph: stderr
2024-04-25T13:47:43.957+0000 7f5f667fc700 1 --2- 172.21.15.7:0/1763955074 >> [v2:172.21.15.7:6800/3733732620,v1:172.21.15.7:6801/3733732620] conn(0x7f5f5003d520 0x7f5f5003fa30 unknown :-1 s=BANNER_CONNECTING pgs=0 cs=0 l=1 rev1=0 crypto rx=0 tx=0 comp rx=0 tx=0)._handle_peer_banner_payload supported=3 required=0
2024-04-25T13:47:45.072 INFO:teuthology.orchestra.run.smithi007.stdout:/usr/bin/ceph: stderr
2024-04-25T13:47:43.958+0000 7f5f667fc700 1 --2- 172.21.15.7:0/1763955074 >> [v2:172.21.15.7:6800/3733732620,v1:172.21.15.7:6801/3733732620] conn(0x7f5f5003d520 0x7f5f5003fa30 secure :-1 s=READY pgs=8 cs=0 l=1 rev1=1 crypto rx=0x7f5f5c006fd0 tx=0x7f5f5c006e40 comp rx=0 tx=0).ready entity=mgr.14100 client_cookie=0 server_cookie=0 in_seq=0 out_seq=0
2024-04-25T13:47:45.072 INFO:teuthology.orchestra.run.smithi007.stdout:/usr/bin/ceph: stderr
2024-04-25T13:47:43.962+0000 7f5f4ffff700 1 -- 172.21.15.7:0/1763955074 <== mon.0 v2:172.21.15.7:3300/0 6 ==== mon_command_ack([{"prefix": "get_command_descriptions"}]=0 v0) ==== 72+0+188370 (secure 0 0 0) 0x7f5f58017e90 con 0x7f5f6807ccf0
2024-04-25T13:47:45.072 INFO:teuthology.orchestra.run.smithi007.stdout:/usr/bin/ceph: stderr
2024-04-25T13:47:44.232+0000 7f5f6d700700 1 -- 172.21.15.7:0/1763955074 --> [v2:172.21.15.7:3300/0,v1:172.21.15.7:6789/0] -- mon_command({"prefix": "mgr module enable", "module": "cephadm"} v 0) -- 0x7f5f681a1850 con 0x7f5f6807ccf0
2024-04-25T13:47:45.072 INFO:teuthology.orchestra.run.smithi007.stdout:/usr/bin/ceph: stderr
2024-04-25T13:47:44.440+0000 7f5f4ffff700 1 -- 172.21.15.7:0/1763955074 <== mon.0 v2:172.21.15.7:3300/0 7 ==== mon_command_ack([{"prefix": "mgr module enable", "module": "cephadm"}]=0 v5) ==== 86+0+0 (secure 0 0 0) 0x7f5f58023390 con 0x7f5f6807ccf0
2024-04-25T13:47:45.072 INFO:teuthology.orchestra.run.smithi007.stdout:/usr/bin/ceph: stderr
2024-04-25T13:47:44.442+0000 7f5f4ffff700 1 -- 172.21.15.7:0/1763955074 <== mon.0 v2:172.21.15.7:3300/0 8 ==== mgrmap(e 5) ==== 49516+0+0 (secure 0 0 0) 0x7f5f5800fd80 con 0x7f5f6807ccf0
2024-04-25T13:47:45.073 INFO:teuthology.orchestra.run.smithi007.stdout:/usr/bin/ceph: stderr
2024-04-25T13:47:44.443+0000 7f5f6d700700 1 -- 172.21.15.7:0/1763955074 >> [v2:172.21.15.7:6800/3733732620,v1:172.21.15.7:6801/3733732620] conn(0x7f5f5003d520 msgr2=0x7f5f5003fa30 secure :-1 s=STATE_CONNECTION_ESTABLISHED l=1).mark_down
2024-04-25T13:47:45.073 INFO:teuthology.orchestra.run.smithi007.stdout:/usr/bin/ceph: stderr
2024-04-25T13:47:44.443+0000 7f5f6d700700 1 --2- 172.21.15.7:0/1763955074 >> [v2:172.21.15.7:6800/3733732620,v1:172.21.15.7:6801/3733732620] conn(0x7f5f5003d520 0x7f5f5003fa30 secure :-1 s=READY pgs=8 cs=0 l=1 rev1=1 crypto rx=0x7f5f5c006fd0 tx=0x7f5f5c006e40 comp rx=0 tx=0).stop
2024-04-25T13:47:45.073 INFO:teuthology.orchestra.run.smithi007.stdout:/usr/bin/ceph: stderr
2024-04-25T13:47:44.443+0000 7f5f6d700700 1 -- 172.21.15.7:0/1763955074 >> [v2:172.21.15.7:3300/0,v1:172.21.15.7:6789/0] conn(0x7f5f6807ccf0 msgr2=0x7f5f6819ddf0 secure :-1 s=STATE_CONNECTION_ESTABLISHED l=1).mark_down
2024-04-25T13:47:45.073 INFO:teuthology.orchestra.run.smithi007.stdout:/usr/bin/ceph: stderr
2024-04-25T13:47:44.443+0000 7f5f6d700700 1 --2- 172.21.15.7:0/1763955074 >> [v2:172.21.15.7:3300/0,v1:172.21.15.7:6789/0] conn(0x7f5f6807ccf0 0x7f5f6819ddf0 secure :-1 s=READY pgs=23 cs=0 l=1 rev1=1 crypto rx=0x7f5f58009fb0 tx=0x7f5f58011940 comp rx=0 tx=0).stop
2024-04-25T13:47:45.073 INFO:teuthology.orchestra.run.smithi007.stdout:/usr/bin/ceph: stderr
2024-04-25T13:47:44.443+0000 7f5f6d700700 1 -- 172.21.15.7:0/1763955074 shutdown_connections
2024-04-25T13:47:45.073 INFO:teuthology.orchestra.run.smithi007.stdout:/usr/bin/ceph: stderr
2024-04-25T13:47:44.443+0000 7f5f6d700700 1 --2- 172.21.15.7:0/1763955074 >> [v2:172.21.15.7:6800/3733732620,v1:172.21.15.7:6801/3733732620] conn(0x7f5f5003d520 0x7f5f5003fa30 unknown :-1 s=CLOSED pgs=8 cs=0 l=1 rev1=1 crypto rx=0 tx=0 comp rx=0 tx=0).stop
2024-04-25T13:47:45.073 INFO:teuthology.orchestra.run.smithi007.stdout:/usr/bin/ceph: stderr
2024-04-25T13:47:44.443+0000 7f5f6d700700 1 --2- 172.21.15.7:0/1763955074 >> [v2:172.21.15.7:3300/0,v1:172.21.15.7:6789/0] conn(0x7f5f6807ccf0 0x7f5f6819ddf0 unknown :-1 s=CLOSED pgs=23 cs=0 l=1 rev1=1 crypto rx=0 tx=0 comp rx=0 tx=0).stop
2024-04-25T13:47:45.073 INFO:teuthology.orchestra.run.smithi007.stdout:/usr/bin/ceph: stderr
2024-04-25T13:47:44.443+0000 7f5f6d700700 1 -- 172.21.15.7:0/1763955074 >> 172.21.15.7:0/1763955074 conn(0x7f5f68103f60 msgr2=0x7f5f68104880 unknown :-1 s=STATE_NONE l=0).mark_down
2024-04-25T13:47:45.073 INFO:teuthology.orchestra.run.smithi007.stdout:/usr/bin/ceph: stderr
2024-04-25T13:47:44.443+0000 7f5f6d700700 1 -- 172.21.15.7:0/1763955074 shutdown_connections
2024-04-25T13:47:45.073 INFO:teuthology.orchestra.run.smithi007.stdout:/usr/bin/ceph: stderr
2024-04-25T13:47:44.443+0000 7f5f6d700700 1 -- 172.21.15.7:0/1763955074 wait complete.
2024-04-25T13:47:45.188 INFO:journalctl@ceph.mgr.x.smithi007.stdout:Apr 25 13:47:44 smithi007 ceph-31b13378-030a-11ef-bc93-c7b262605968-mgr-x[29411]:
2024-04-25T13:47:44.848+0000 7ff14f979200 -1 mgr[py] Module orchestrator has missing NOTIFY_TYPES member
2024-04-25T13:47:45.188 INFO:journalctl@ceph.mgr.x.smithi007.stdout:Apr 25 13:47:44 smithi007 ceph-31b13378-030a-11ef-bc93-c7b262605968-mgr-x[29411]:
2024-04-25T13:47:44.957+0000 7ff14f979200 -1 mgr[py] Module snap_schedule has missing NOTIFY_TYPES member
2024-04-25T13:47:45.440 INFO:journalctl@ceph.mgr.x.smithi007.stdout:Apr 25 13:47:45 smithi007 ceph-31b13378-030a-11ef-bc93-c7b262605968-mgr-x[29411]:
2024-04-25T13:47:45.286+0000 7ff14f979200 -1 mgr[py] Module progress has missing NOTIFY_TYPES member
2024-04-25T13:47:45.440 INFO:journalctl@ceph.mgr.x.smithi007.stdout:Apr 25 13:47:45 smithi007 ceph-31b13378-030a-11ef-bc93-c7b262605968-mgr-x[29411]:
2024-04-25T13:47:45.378+0000 7ff14f979200 -1 mgr[py] Module influx has missing NOTIFY_TYPES member
2024-04-25T13:47:45.717 INFO:journalctl@ceph.mon.a.smithi007.stdout:Apr 25 13:47:45 smithi007 ceph-mon[29180]: from='client.? 172.21.15.7:0/1763955074' entity='client.admin' cmd='[{"prefix": "mgr module enable", "module": "cephadm"}]': finished
2024-04-25T13:47:45.717 INFO:journalctl@ceph.mon.a.smithi007.stdout:Apr 25 13:47:45 smithi007 ceph-mon[29180]: mgrmap e5: x(active, since 6s)
2024-04-25T13:47:46.420 INFO:teuthology.orchestra.run.smithi007.stdout:/usr/bin/ceph: stdout {
2024-04-25T13:47:46.420 INFO:teuthology.orchestra.run.smithi007.stdout:/usr/bin/ceph: stdout "epoch": 5,
2024-04-25T13:47:46.420 INFO:teuthology.orchestra.run.smithi007.stdout:/usr/bin/ceph: stdout "available": true,
2024-04-25T13:47:46.421 INFO:teuthology.orchestra.run.smithi007.stdout:/usr/bin/ceph: stdout "active_name": "x",
2024-04-25T13:47:46.421 INFO:teuthology.orchestra.run.smithi007.stdout:/usr/bin/ceph: stdout "num_standby": 0
2024-04-25T13:47:46.421 INFO:teuthology.orchestra.run.smithi007.stdout:/usr/bin/ceph: stdout }
2024-04-25T13:47:46.421 INFO:teuthology.orchestra.run.smithi007.stdout:/usr/bin/ceph: stderr
2024-04-25T13:47:45.510+0000 7f1b301b3700 1 Processor -- start
2024-04-25T13:47:46.421 INFO:teuthology.orchestra.run.smithi007.stdout:/usr/bin/ceph: stderr
2024-04-25T13:47:45.510+0000 7f1b301b3700 1 -- start start
2024-04-25T13:47:46.421 INFO:teuthology.orchestra.run.smithi007.stdout:/usr/bin/ceph: stderr
2024-04-25T13:47:45.510+0000 7f1b301b3700 1 --2- >> [v2:172.21.15.7:3300/0,v1:172.21.15.7:6789/0] conn(0x7f1b2810a5a0 0x7f1b2810c9c0 unknown :-1 s=NONE pgs=0 cs=0 l=0 rev1=0 crypto rx=0 tx=0 comp rx=0 tx=0).connect
2024-04-25T13:47:46.421 INFO:teuthology.orchestra.run.smithi007.stdout:/usr/bin/ceph: stderr
2024-04-25T13:47:45.510+0000 7f1b301b3700 1 -- --> [v2:172.21.15.7:3300/0,v1:172.21.15.7:6789/0] -- mon_getmap magic: 0 -- 0x7f1b28076fc0 con 0x7f1b2810a5a0
2024-04-25T13:47:46.421 INFO:teuthology.orchestra.run.smithi007.stdout:/usr/bin/ceph: stderr
2024-04-25T13:47:45.510+0000 7f1b2df4f700 1 --2- >> [v2:172.21.15.7:3300/0,v1:172.21.15.7:6789/0] conn(0x7f1b2810a5a0 0x7f1b2810c9c0 unknown :-1 s=BANNER_CONNECTING pgs=0 cs=0 l=0 rev1=0 crypto rx=0 tx=0 comp rx=0 tx=0)._handle_peer_banner_payload supported=3 required=0
2024-04-25T13:47:46.421 INFO:teuthology.orchestra.run.smithi007.stdout:/usr/bin/ceph: stderr
2024-04-25T13:47:45.510+0000 7f1b2df4f700 1 --2- >> [v2:172.21.15.7:3300/0,v1:172.21.15.7:6789/0] conn(0x7f1b2810a5a0 0x7f1b2810c9c0 unknown :-1 s=HELLO_CONNECTING pgs=0 cs=0 l=0 rev1=1 crypto rx=0 tx=0 comp rx=0 tx=0).handle_hello peer v2:172.21.15.7:3300/0 says I am v2:172.21.15.7:55892/0 (socket says 172.21.15.7:55892)
2024-04-25T13:47:46.421 INFO:teuthology.orchestra.run.smithi007.stdout:/usr/bin/ceph: stderr
2024-04-25T13:47:45.510+0000 7f1b2df4f700 1 -- 172.21.15.7:0/2477897578 learned_addr learned my addr 172.21.15.7:0/2477897578 (peer_addr_for_me v2:172.21.15.7:0/0)
2024-04-25T13:47:46.421 INFO:teuthology.orchestra.run.smithi007.stdout:/usr/bin/ceph: stderr
2024-04-25T13:47:45.511+0000 7f1b2df4f700 1 -- 172.21.15.7:0/2477897578 --> [v2:172.21.15.7:3300/0,v1:172.21.15.7:6789/0] -- mon_subscribe({config=0+,monmap=0+}) -- 0x7f1b2810cf00 con 0x7f1b2810a5a0
2024-04-25T13:47:46.421 INFO:teuthology.orchestra.run.smithi007.stdout:/usr/bin/ceph: stderr
2024-04-25T13:47:45.511+0000 7f1b2df4f700 1 --2- 172.21.15.7:0/2477897578 >> [v2:172.21.15.7:3300/0,v1:172.21.15.7:6789/0] conn(0x7f1b2810a5a0 0x7f1b2810c9c0 secure :-1 s=READY pgs=26 cs=0 l=1 rev1=1 crypto rx=0x7f1b1c0098a0 tx=0x7f1b1c009bb0 comp rx=0 tx=0).ready entity=mon.0 client_cookie=25f5c56d3d1282be server_cookie=0 in_seq=0 out_seq=0
2024-04-25T13:47:46.422 INFO:teuthology.orchestra.run.smithi007.stdout:/usr/bin/ceph: stderr
2024-04-25T13:47:45.511+0000 7f1b2cf4d700 1 -- 172.21.15.7:0/2477897578 <== mon.0 v2:172.21.15.7:3300/0 1 ==== mon_map magic: 0 ==== 205+0+0 (secure 0 0 0) 0x7f1b1c004160 con 0x7f1b2810a5a0
2024-04-25T13:47:46.422 INFO:teuthology.orchestra.run.smithi007.stdout:/usr/bin/ceph: stderr
2024-04-25T13:47:45.511+0000 7f1b2cf4d700 1 -- 172.21.15.7:0/2477897578 <== mon.0 v2:172.21.15.7:3300/0 2 ==== config(26 keys) ==== 1070+0+0 (secure 0 0 0) 0x7f1b1c004300 con 0x7f1b2810a5a0
2024-04-25T13:47:46.422 INFO:teuthology.orchestra.run.smithi007.stdout:/usr/bin/ceph: stderr
2024-04-25T13:47:45.511+0000 7f1b2cf4d700 1 -- 172.21.15.7:0/2477897578 <== mon.0 v2:172.21.15.7:3300/0 3 ==== mon_map magic: 0 ==== 205+0+0 (secure 0 0 0) 0x7f1b1c011af0 con 0x7f1b2810a5a0
2024-04-25T13:47:46.422 INFO:teuthology.orchestra.run.smithi007.stdout:/usr/bin/ceph: stderr
2024-04-25T13:47:45.512+0000 7f1b301b3700 1 -- 172.21.15.7:0/2477897578 >> [v2:172.21.15.7:3300/0,v1:172.21.15.7:6789/0] conn(0x7f1b2810a5a0 msgr2=0x7f1b2810c9c0 secure :-1 s=STATE_CONNECTION_ESTABLISHED l=1).mark_down
2024-04-25T13:47:46.422 INFO:teuthology.orchestra.run.smithi007.stdout:/usr/bin/ceph: stderr
2024-04-25T13:47:45.512+0000 7f1b301b3700 1 --2- 172.21.15.7:0/2477897578 >> [v2:172.21.15.7:3300/0,v1:172.21.15.7:6789/0] conn(0x7f1b2810a5a0 0x7f1b2810c9c0 secure :-1 s=READY pgs=26 cs=0 l=1 rev1=1 crypto rx=0x7f1b1c0098a0 tx=0x7f1b1c009bb0 comp rx=0 tx=0).stop
2024-04-25T13:47:46.422 INFO:teuthology.orchestra.run.smithi007.stdout:/usr/bin/ceph: stderr
2024-04-25T13:47:45.512+0000 7f1b301b3700 1 -- 172.21.15.7:0/2477897578 shutdown_connections
2024-04-25T13:47:46.422 INFO:teuthology.orchestra.run.smithi007.stdout:/usr/bin/ceph: stderr
2024-04-25T13:47:45.512+0000 7f1b301b3700 1 --2- 172.21.15.7:0/2477897578 >> [v2:172.21.15.7:3300/0,v1:172.21.15.7:6789/0] conn(0x7f1b2810a5a0 0x7f1b2810c9c0 unknown :-1 s=CLOSED pgs=26 cs=0 l=1 rev1=1 crypto rx=0 tx=0 comp rx=0 tx=0).stop
2024-04-25T13:47:46.422 INFO:teuthology.orchestra.run.smithi007.stdout:/usr/bin/ceph: stderr
2024-04-25T13:47:45.512+0000 7f1b301b3700 1 -- 172.21.15.7:0/2477897578 >> 172.21.15.7:0/2477897578 conn(0x7f1b28103fc0 msgr2=0x7f1b28106450 unknown :-1 s=STATE_NONE l=0).mark_down
2024-04-25T13:47:46.422 INFO:teuthology.orchestra.run.smithi007.stdout:/usr/bin/ceph: stderr
2024-04-25T13:47:45.512+0000 7f1b301b3700 1 -- 172.21.15.7:0/2477897578 shutdown_connections
2024-04-25T13:47:46.422 INFO:teuthology.orchestra.run.smithi007.stdout:/usr/bin/ceph: stderr
2024-04-25T13:47:45.512+0000 7f1b301b3700 1 -- 172.21.15.7:0/2477897578 wait complete.
2024-04-25T13:47:46.423 INFO:teuthology.orchestra.run.smithi007.stdout:/usr/bin/ceph: stderr
2024-04-25T13:47:45.513+0000 7f1b301b3700 1 Processor -- start
2024-04-25T13:47:46.423 INFO:teuthology.orchestra.run.smithi007.stdout:/usr/bin/ceph: stderr
2024-04-25T13:47:45.513+0000 7f1b301b3700 1 -- start start
2024-04-25T13:47:46.423 INFO:teuthology.orchestra.run.smithi007.stdout:/usr/bin/ceph: stderr
2024-04-25T13:47:45.513+0000 7f1b301b3700 1 --2- >> [v2:172.21.15.7:3300/0,v1:172.21.15.7:6789/0] conn(0x7f1b2810a5a0 0x7f1b28109d20 unknown :-1 s=NONE pgs=0 cs=0 l=1 rev1=0 crypto rx=0 tx=0 comp rx=0 tx=0).connect
2024-04-25T13:47:46.423 INFO:teuthology.orchestra.run.smithi007.stdout:/usr/bin/ceph: stderr
2024-04-25T13:47:45.513+0000 7f1b301b3700 1 -- --> [v2:172.21.15.7:3300/0,v1:172.21.15.7:6789/0] -- mon_getmap magic: 0 -- 0x7f1b2810de60 con 0x7f1b2810a5a0
2024-04-25T13:47:46.423 INFO:teuthology.orchestra.run.smithi007.stdout:/usr/bin/ceph: stderr
2024-04-25T13:47:45.513+0000 7f1b2df4f700 1 --2- >> [v2:172.21.15.7:3300/0,v1:172.21.15.7:6789/0] conn(0x7f1b2810a5a0 0x7f1b28109d20 unknown :-1 s=BANNER_CONNECTING pgs=0 cs=0 l=1 rev1=0 crypto rx=0 tx=0 comp rx=0 tx=0)._handle_peer_banner_payload supported=3 required=0
2024-04-25T13:47:46.423 INFO:teuthology.orchestra.run.smithi007.stdout:/usr/bin/ceph: stderr
2024-04-25T13:47:45.513+0000 7f1b2df4f700 1 --2- >> [v2:172.21.15.7:3300/0,v1:172.21.15.7:6789/0] conn(0x7f1b2810a5a0 0x7f1b28109d20 unknown :-1 s=HELLO_CONNECTING pgs=0 cs=0 l=1 rev1=1 crypto rx=0 tx=0 comp rx=0 tx=0).handle_hello peer v2:172.21.15.7:3300/0 says I am v2:172.21.15.7:55898/0 (socket says 172.21.15.7:55898)
2024-04-25T13:47:46.423 INFO:teuthology.orchestra.run.smithi007.stdout:/usr/bin/ceph: stderr
2024-04-25T13:47:45.513+0000 7f1b2df4f700 1 -- 172.21.15.7:0/3176823966 learned_addr learned my addr 172.21.15.7:0/3176823966 (peer_addr_for_me v2:172.21.15.7:0/0)
2024-04-25T13:47:46.423 INFO:teuthology.orchestra.run.smithi007.stdout:/usr/bin/ceph: stderr
2024-04-25T13:47:45.513+0000 7f1b2df4f700 1 -- 172.21.15.7:0/3176823966 --> [v2:172.21.15.7:3300/0,v1:172.21.15.7:6789/0] -- mon_subscribe({config=0+,monmap=0+}) -- 0x7f1b2810a260 con 0x7f1b2810a5a0
2024-04-25T13:47:46.423 INFO:teuthology.orchestra.run.smithi007.stdout:/usr/bin/ceph: stderr
2024-04-25T13:47:45.514+0000 7f1b2df4f700 1 --2- 172.21.15.7:0/3176823966 >> [v2:172.21.15.7:3300/0,v1:172.21.15.7:6789/0] conn(0x7f1b2810a5a0 0x7f1b28109d20 secure :-1 s=READY pgs=27 cs=0 l=1 rev1=1 crypto rx=0x7f1b1c009fb0 tx=0x7f1b1c011940 comp rx=0 tx=0).ready entity=mon.0 client_cookie=0 server_cookie=0 in_seq=0 out_seq=0
2024-04-25T13:47:46.423 INFO:teuthology.orchestra.run.smithi007.stdout:/usr/bin/ceph: stderr
2024-04-25T13:47:45.514+0000 7f1b1affd700 1 -- 172.21.15.7:0/3176823966 <== mon.0 v2:172.21.15.7:3300/0 1 ==== mon_map magic: 0 ==== 205+0+0 (secure 0 0 0) 0x7f1b1c0036a0 con 0x7f1b2810a5a0
2024-04-25T13:47:46.423 INFO:teuthology.orchestra.run.smithi007.stdout:/usr/bin/ceph: stderr
2024-04-25T13:47:45.514+0000 7f1b301b3700 1 -- 172.21.15.7:0/3176823966 --> [v2:172.21.15.7:3300/0,v1:172.21.15.7:6789/0] -- mon_subscribe({mgrmap=0+}) -- 0x7f1b281084b0 con 0x7f1b2810a5a0
2024-04-25T13:47:46.424 INFO:teuthology.orchestra.run.smithi007.stdout:/usr/bin/ceph: stderr
2024-04-25T13:47:45.514+0000 7f1b1affd700 1 -- 172.21.15.7:0/3176823966 <== mon.0 v2:172.21.15.7:3300/0 2 ==== config(26 keys) ==== 1070+0+0 (secure 0 0 0) 0x7f1b1c01a430 con 0x7f1b2810a5a0
2024-04-25T13:47:46.424 INFO:teuthology.orchestra.run.smithi007.stdout:/usr/bin/ceph: stderr
2024-04-25T13:47:45.514+0000 7f1b1affd700 1 -- 172.21.15.7:0/3176823966 <== mon.0 v2:172.21.15.7:3300/0 3 ==== mon_map magic: 0 ==== 205+0+0 (secure 0 0 0) 0x7f1b1c019550 con 0x7f1b2810a5a0
2024-04-25T13:47:46.424 INFO:teuthology.orchestra.run.smithi007.stdout:/usr/bin/ceph: stderr
2024-04-25T13:47:45.514+0000 7f1b301b3700 1 -- 172.21.15.7:0/3176823966 --> [v2:172.21.15.7:3300/0,v1:172.21.15.7:6789/0] -- mon_subscribe({osdmap=0}) -- 0x7f1b28108990 con 0x7f1b2810a5a0
2024-04-25T13:47:46.424 INFO:teuthology.orchestra.run.smithi007.stdout:/usr/bin/ceph: stderr
2024-04-25T13:47:45.515+0000 7f1b301b3700 1 -- 172.21.15.7:0/3176823966 --> [v2:172.21.15.7:3300/0,v1:172.21.15.7:6789/0] -- mon_command({"prefix": "get_command_descriptions"} v 0) -- 0x7f1b28064cf0 con 0x7f1b2810a5a0
2024-04-25T13:47:46.424 INFO:teuthology.orchestra.run.smithi007.stdout:/usr/bin/ceph: stderr
2024-04-25T13:47:45.515+0000 7f1b1affd700 1 -- 172.21.15.7:0/3176823966 <== mon.0 v2:172.21.15.7:3300/0 4 ==== mgrmap(e 5) ==== 49516+0+0 (secure 0 0 0) 0x7f1b1c019850 con 0x7f1b2810a5a0
2024-04-25T13:47:46.424 INFO:teuthology.orchestra.run.smithi007.stdout:/usr/bin/ceph: stderr
2024-04-25T13:47:45.515+0000 7f1b1affd700 1 --2- 172.21.15.7:0/3176823966 >> [v2:172.21.15.7:6800/3733732620,v1:172.21.15.7:6801/3733732620] conn(0x7f1b1403d520 0x7f1b1403fa30 unknown :-1 s=NONE pgs=0 cs=0 l=1 rev1=0 crypto rx=0 tx=0 comp rx=0 tx=0).connect
2024-04-25T13:47:46.424 INFO:teuthology.orchestra.run.smithi007.stdout:/usr/bin/ceph: stderr
2024-04-25T13:47:45.516+0000 7f1b1affd700 1 -- 172.21.15.7:0/3176823966 <== mon.0 v2:172.21.15.7:3300/0 5 ==== osd_map(1..1 src has 1..1) ==== 725+0+0 (secure 0 0 0) 0x7f1b1c052820 con 0x7f1b2810a5a0
2024-04-25T13:47:46.424 INFO:teuthology.orchestra.run.smithi007.stdout:/usr/bin/ceph: stderr
2024-04-25T13:47:45.515+0000 7f1b2d74e700 1 -- 172.21.15.7:0/3176823966 >> [v2:172.21.15.7:6800/3733732620,v1:172.21.15.7:6801/3733732620] conn(0x7f1b1403d520 msgr2=0x7f1b1403fa30 unknown :-1 s=STATE_CONNECTING_RE l=1).process reconnect failed to v2:172.21.15.7:6800/3733732620
2024-04-25T13:47:46.424 INFO:teuthology.orchestra.run.smithi007.stdout:/usr/bin/ceph: stderr
2024-04-25T13:47:45.516+0000 7f1b2d74e700 1 --2- 172.21.15.7:0/3176823966 >> [v2:172.21.15.7:6800/3733732620,v1:172.21.15.7:6801/3733732620] conn(0x7f1b1403d520 0x7f1b1403fa30 unknown :-1 s=START_CONNECT pgs=0 cs=0 l=1 rev1=0 crypto rx=0 tx=0 comp rx=0 tx=0)._fault waiting 0.200000
2024-04-25T13:47:46.424 INFO:teuthology.orchestra.run.smithi007.stdout:/usr/bin/ceph: stderr
2024-04-25T13:47:45.521+0000 7f1b1affd700 1 -- 172.21.15.7:0/3176823966 <== mon.0 v2:172.21.15.7:3300/0 6 ==== mon_command_ack([{"prefix": "get_command_descriptions"}]=0 v0) ==== 72+0+188370 (secure 0 0 0) 0x7f1b1c023390 con 0x7f1b2810a5a0
2024-04-25T13:47:46.424 INFO:teuthology.orchestra.run.smithi007.stdout:/usr/bin/ceph: stderr
2024-04-25T13:47:45.717+0000 7f1b2d74e700 1 -- 172.21.15.7:0/3176823966 >> [v2:172.21.15.7:6800/3733732620,v1:172.21.15.7:6801/3733732620] conn(0x7f1b1403d520 msgr2=0x7f1b1403fa30 unknown :-1 s=STATE_CONNECTING_RE l=1).process reconnect failed to v2:172.21.15.7:6800/3733732620
2024-04-25T13:47:46.424 INFO:teuthology.orchestra.run.smithi007.stdout:/usr/bin/ceph: stderr
2024-04-25T13:47:45.717+0000 7f1b2d74e700 1 --2- 172.21.15.7:0/3176823966 >> [v2:172.21.15.7:6800/3733732620,v1:172.21.15.7:6801/3733732620] conn(0x7f1b1403d520 0x7f1b1403fa30 unknown :-1 s=START_CONNECT pgs=0 cs=0 l=1 rev1=0 crypto rx=0 tx=0 comp rx=0 tx=0)._fault waiting 0.400000
2024-04-25T13:47:46.424 INFO:teuthology.orchestra.run.smithi007.stdout:/usr/bin/ceph: stderr
2024-04-25T13:47:45.805+0000 7f1b301b3700 1 -- 172.21.15.7:0/3176823966 --> [v2:172.21.15.7:3300/0,v1:172.21.15.7:6789/0] -- mon_command({"prefix": "mgr stat"} v 0) -- 0x7f1b28109110 con 0x7f1b2810a5a0
2024-04-25T13:47:46.424 INFO:teuthology.orchestra.run.smithi007.stdout:/usr/bin/ceph: stderr
2024-04-25T13:47:45.806+0000 7f1b1affd700 1 -- 172.21.15.7:0/3176823966 <== mon.0 v2:172.21.15.7:3300/0 7 ==== mon_command_ack([{"prefix": "mgr stat"}]=0 v5) ==== 56+0+88 (secure 0 0 0) 0x7f1b1c052240 con 0x7f1b2810a5a0
2024-04-25T13:47:46.425 INFO:teuthology.orchestra.run.smithi007.stdout:/usr/bin/ceph: stderr
2024-04-25T13:47:45.810+0000 7f1b301b3700 1 -- 172.21.15.7:0/3176823966 >> [v2:172.21.15.7:6800/3733732620,v1:172.21.15.7:6801/3733732620] conn(0x7f1b1403d520 msgr2=0x7f1b1403fa30 unknown :-1 s=STATE_CONNECTING l=1).mark_down
2024-04-25T13:47:46.425 INFO:teuthology.orchestra.run.smithi007.stdout:/usr/bin/ceph: stderr
2024-04-25T13:47:45.810+0000 7f1b301b3700 1 --2- 172.21.15.7:0/3176823966 >> [v2:172.21.15.7:6800/3733732620,v1:172.21.15.7:6801/3733732620] conn(0x7f1b1403d520 0x7f1b1403fa30 unknown :-1 s=START_CONNECT pgs=0 cs=0 l=1 rev1=0 crypto rx=0 tx=0 comp rx=0 tx=0).stop
2024-04-25T13:47:46.425 INFO:teuthology.orchestra.run.smithi007.stdout:/usr/bin/ceph: stderr
2024-04-25T13:47:45.810+0000 7f1b301b3700 1 -- 172.21.15.7:0/3176823966 >> [v2:172.21.15.7:3300/0,v1:172.21.15.7:6789/0] conn(0x7f1b2810a5a0 msgr2=0x7f1b28109d20 secure :-1 s=STATE_CONNECTION_ESTABLISHED l=1).mark_down
2024-04-25T13:47:46.425 INFO:teuthology.orchestra.run.smithi007.stdout:/usr/bin/ceph: stderr
2024-04-25T13:47:45.810+0000 7f1b301b3700 1 --2- 172.21.15.7:0/3176823966 >> [v2:172.21.15.7:3300/0,v1:172.21.15.7:6789/0] conn(0x7f1b2810a5a0 0x7f1b28109d20 secure :-1 s=READY pgs=27 cs=0 l=1 rev1=1 crypto rx=0x7f1b1c009fb0 tx=0x7f1b1c011940 comp rx=0 tx=0).stop
2024-04-25T13:47:46.425 INFO:teuthology.orchestra.run.smithi007.stdout:/usr/bin/ceph: stderr
2024-04-25T13:47:45.810+0000 7f1b301b3700 1 -- 172.21.15.7:0/3176823966 shutdown_connections
2024-04-25T13:47:46.425 INFO:teuthology.orchestra.run.smithi007.stdout:/usr/bin/ceph: stderr
2024-04-25T13:47:45.810+0000 7f1b301b3700 1 --2- 172.21.15.7:0/3176823966 >> [v2:172.21.15.7:6800/3733732620,v1:172.21.15.7:6801/3733732620] conn(0x7f1b1403d520 0x7f1b1403fa30 unknown :-1 s=CLOSED pgs=0 cs=0 l=1 rev1=0 crypto rx=0 tx=0 comp rx=0 tx=0).stop
2024-04-25T13:47:46.425 INFO:teuthology.orchestra.run.smithi007.stdout:/usr/bin/ceph: stderr
2024-04-25T13:47:45.810+0000 7f1b301b3700 1 --2- 172.21.15.7:0/3176823966 >> [v2:172.21.15.7:3300/0,v1:172.21.15.7:6789/0] conn(0x7f1b2810a5a0 0x7f1b28109d20 secure :-1 s=CLOSED pgs=27 cs=0 l=1 rev1=1 crypto rx=0x7f1b1c009fb0 tx=0x7f1b1c011940 comp rx=0 tx=0).stop
2024-04-25T13:47:46.425 INFO:teuthology.orchestra.run.smithi007.stdout:/usr/bin/ceph: stderr
2024-04-25T13:47:45.810+0000 7f1b301b3700 1 -- 172.21.15.7:0/3176823966 >> 172.21.15.7:0/3176823966 conn(0x7f1b28103fc0 msgr2=0x7f1b281048f0 unknown :-1 s=STATE_NONE l=0).mark_down
2024-04-25T13:47:46.425 INFO:teuthology.orchestra.run.smithi007.stdout:/usr/bin/ceph: stderr
2024-04-25T13:47:45.811+0000 7f1b301b3700 1 -- 172.21.15.7:0/3176823966 shutdown_connections
2024-04-25T13:47:46.425 INFO:teuthology.orchestra.run.smithi007.stdout:/usr/bin/ceph: stderr
2024-04-25T13:47:45.811+0000 7f1b301b3700 1 -- 172.21.15.7:0/3176823966 wait complete.
2024-04-25T13:47:46.425 INFO:teuthology.orchestra.run.smithi007.stdout:Waiting for the mgr to restart...
2024-04-25T13:47:46.425 INFO:teuthology.orchestra.run.smithi007.stdout:Waiting for mgr epoch 5...
2024-04-25T13:47:46.683 INFO:journalctl@ceph.mon.a.smithi007.stdout:Apr 25 13:47:46 smithi007 ceph-mon[29180]: from='client.? 172.21.15.7:0/3176823966' entity='client.admin' cmd=[{"prefix": "mgr stat"}]: dispatch
2024-04-25T13:47:46.683 INFO:journalctl@ceph.mgr.x.smithi007.stdout:Apr 25 13:47:46 smithi007 ceph-31b13378-030a-11ef-bc93-c7b262605968-mgr-x[29411]:
2024-04-25T13:47:46.654+0000 7ff14f979200 -1 mgr[py] Module telegraf has missing NOTIFY_TYPES member
2024-04-25T13:47:47.019 INFO:journalctl@ceph.mgr.x.smithi007.stdout:Apr 25 13:47:46 smithi007 ceph-31b13378-030a-11ef-bc93-c7b262605968-mgr-x[29411]:
2024-04-25T13:47:46.838+0000 7ff14f979200 -1 mgr[py] Module osd_support has missing NOTIFY_TYPES member
2024-04-25T13:47:47.324 INFO:journalctl@ceph.mgr.x.smithi007.stdout:Apr 25 13:47:47 smithi007 ceph-31b13378-030a-11ef-bc93-c7b262605968-mgr-x[29411]:
2024-04-25T13:47:47.019+0000 7ff14f979200 -1 mgr[py] Module iostat has missing NOTIFY_TYPES member
2024-04-25T13:47:47.595 INFO:journalctl@ceph.mgr.x.smithi007.stdout:Apr 25 13:47:47 smithi007 ceph-31b13378-030a-11ef-bc93-c7b262605968-mgr-x[29411]:
2024-04-25T13:47:47.324+0000 7ff14f979200 -1 mgr[py] Module alerts has missing NOTIFY_TYPES member
2024-04-25T13:47:47.595 INFO:journalctl@ceph.mgr.x.smithi007.stdout:Apr 25 13:47:47 smithi007 ceph-31b13378-030a-11ef-bc93-c7b262605968-mgr-x[29411]:
2024-04-25T13:47:47.421+0000 7ff14f979200 -1 mgr[py] Module selftest has missing NOTIFY_TYPES member
2024-04-25T13:47:48.095 INFO:journalctl@ceph.mgr.x.smithi007.stdout:Apr 25 13:47:47 smithi007 ceph-31b13378-030a-11ef-bc93-c7b262605968-mgr-x[29411]:
2024-04-25T13:47:47.633+0000 7ff14f979200 -1 mgr[py] Module pg_autoscaler has missing NOTIFY_TYPES member
2024-04-25T13:47:48.095 INFO:journalctl@ceph.mgr.x.smithi007.stdout:Apr 25 13:47:47 smithi007 ceph-31b13378-030a-11ef-bc93-c7b262605968-mgr-x[29411]:
2024-04-25T13:47:47.835+0000 7ff14f979200 -1 mgr[py] Module test_orchestrator has missing NOTIFY_TYPES member
2024-04-25T13:47:48.595 INFO:journalctl@ceph.mgr.x.smithi007.stdout:Apr 25 13:47:48 smithi007 ceph-31b13378-030a-11ef-bc93-c7b262605968-mgr-x[29411]:
2024-04-25T13:47:48.468+0000 7ff14f979200 -1 mgr[py] Module rook has missing NOTIFY_TYPES member
2024-04-25T13:47:49.225 INFO:journalctl@ceph.mgr.x.smithi007.stdout:Apr 25 13:47:48 smithi007 ceph-31b13378-030a-11ef-bc93-c7b262605968-mgr-x[29411]:
2024-04-25T13:47:48.912+0000 7ff14f979200 -1 mgr[py] Module volumes has missing NOTIFY_TYPES member
2024-04-25T13:47:49.225 INFO:journalctl@ceph.mgr.x.smithi007.stdout:Apr 25 13:47:49 smithi007 ceph-31b13378-030a-11ef-bc93-c7b262605968-mgr-x[29411]:
2024-04-25T13:47:49.013+0000 7ff14f979200 -1 mgr[py] Module crash has missing NOTIFY_TYPES member
2024-04-25T13:47:49.226 INFO:journalctl@ceph.mgr.x.smithi007.stdout:Apr 25 13:47:49 smithi007 ceph-31b13378-030a-11ef-bc93-c7b262605968-mgr-x[29411]:
2024-04-25T13:47:49.225+0000 7ff14f979200 -1 mgr[py] Module rgw has missing NOTIFY_TYPES member
2024-04-25T13:47:50.095 INFO:journalctl@ceph.mgr.x.smithi007.stdout:Apr 25 13:47:49 smithi007 ceph-31b13378-030a-11ef-bc93-c7b262605968-mgr-x[29411]:
2024-04-25T13:47:49.774+0000 7ff14f979200 -1 mgr[py] Module prometheus has missing NOTIFY_TYPES member
2024-04-25T13:47:50.095 INFO:journalctl@ceph.mgr.x.smithi007.stdout:Apr 25 13:47:49 smithi007 ceph-31b13378-030a-11ef-bc93-c7b262605968-mgr-x[29411]:
2024-04-25T13:47:49.871+0000 7ff14f979200 -1 mgr[py] Module devicehealth has missing NOTIFY_TYPES member
2024-04-25T13:47:50.488 INFO:journalctl@ceph.mgr.x.smithi007.stdout:Apr 25 13:47:50 smithi007 ceph-31b13378-030a-11ef-bc93-c7b262605968-mgr-x[29411]:
2024-04-25T13:47:50.128+0000 7ff14f979200 -1 mgr[py] Module telemetry has missing NOTIFY_TYPES member
2024-04-25T13:47:50.488 INFO:journalctl@ceph.mgr.x.smithi007.stdout:Apr 25 13:47:50 smithi007 ceph-31b13378-030a-11ef-bc93-c7b262605968-mgr-x[29411]:
2024-04-25T13:47:50.269+0000 7ff14f979200 -1 mgr[py] Module diskprediction_local has missing NOTIFY_TYPES member
2024-04-25T13:47:50.488 INFO:journalctl@ceph.mgr.x.smithi007.stdout:Apr 25 13:47:50 smithi007 ceph-31b13378-030a-11ef-bc93-c7b262605968-mgr-x[29411]:
2024-04-25T13:47:50.367+0000 7ff14f979200 -1 mgr[py] Module osd_perf_query has missing NOTIFY_TYPES member
2024-04-25T13:47:50.488 INFO:journalctl@ceph.mgr.x.smithi007.stdout:Apr 25 13:47:50 smithi007 ceph-31b13378-030a-11ef-bc93-c7b262605968-mgr-x[29411]:
2024-04-25T13:47:50.487+0000 7ff14f979200 -1 mgr[py] Module rbd_support has missing NOTIFY_TYPES member
2024-04-25T13:47:51.095 INFO:journalctl@ceph.mgr.x.smithi007.stdout:Apr 25 13:47:50 smithi007 ceph-31b13378-030a-11ef-bc93-c7b262605968-mgr-x[29411]:
2024-04-25T13:47:50.803+0000 7ff14f979200 -1 mgr[py] Module zabbix has missing NOTIFY_TYPES member
2024-04-25T13:47:51.714 INFO:journalctl@ceph.mgr.x.smithi007.stdout:Apr 25 13:47:51 smithi007 ceph-31b13378-030a-11ef-bc93-c7b262605968-mgr-x[29411]:
2024-04-25T13:47:51.434+0000 7ff14f979200 -1 mgr[py] Module status has missing NOTIFY_TYPES member
2024-04-25T13:47:51.714 INFO:journalctl@ceph.mgr.x.smithi007.stdout:Apr 25 13:47:51 smithi007 ceph-31b13378-030a-11ef-bc93-c7b262605968-mgr-x[29411]:
2024-04-25T13:47:51.661+0000 7ff14f979200 -1 mgr[py] Module nfs has missing NOTIFY_TYPES member
2024-04-25T13:47:52.095 INFO:journalctl@ceph.mon.a.smithi007.stdout:Apr 25 13:47:51 smithi007 ceph-mon[29180]: Active manager daemon x restarted
2024-04-25T13:47:52.095 INFO:journalctl@ceph.mon.a.smithi007.stdout:Apr 25 13:47:51 smithi007 ceph-mon[29180]: Activating manager daemon x
2024-04-25T13:47:52.095 INFO:journalctl@ceph.mon.a.smithi007.stdout:Apr 25 13:47:51 smithi007 ceph-mon[29180]: osdmap e2: 0 total, 0 up, 0 in
2024-04-25T13:47:52.095 INFO:journalctl@ceph.mon.a.smithi007.stdout:Apr 25 13:47:51 smithi007 ceph-mon[29180]: mgrmap e6: x(active, starting, since 0.00418249s)
2024-04-25T13:47:52.095 INFO:journalctl@ceph.mon.a.smithi007.stdout:Apr 25 13:47:51 smithi007 ceph-mon[29180]: from='mgr.14120 172.21.15.7:0/2969198557' entity='mgr.x' cmd=[{"prefix": "mon metadata", "id": "a"}]: dispatch
2024-04-25T13:47:52.095 INFO:journalctl@ceph.mon.a.smithi007.stdout:Apr 25 13:47:51 smithi007 ceph-mon[29180]: from='mgr.14120 172.21.15.7:0/2969198557' entity='mgr.x' cmd=[{"prefix": "mgr metadata", "who": "x", "id": "x"}]: dispatch
2024-04-25T13:47:52.095 INFO:journalctl@ceph.mon.a.smithi007.stdout:Apr 25 13:47:51 smithi007 ceph-mon[29180]: from='mgr.14120 172.21.15.7:0/2969198557' entity='mgr.x' cmd=[{"prefix": "mds metadata"}]: dispatch
2024-04-25T13:47:52.096 INFO:journalctl@ceph.mon.a.smithi007.stdout:Apr 25 13:47:51 smithi007 ceph-mon[29180]: from='mgr.14120 172.21.15.7:0/2969198557' entity='mgr.x' cmd=[{"prefix": "osd metadata"}]: dispatch
2024-04-25T13:47:52.096 INFO:journalctl@ceph.mon.a.smithi007.stdout:Apr 25 13:47:51 smithi007 ceph-mon[29180]: from='mgr.14120 172.21.15.7:0/2969198557' entity='mgr.x' cmd=[{"prefix": "mon metadata"}]: dispatch
2024-04-25T13:47:52.096 INFO:journalctl@ceph.mon.a.smithi007.stdout:Apr 25 13:47:51 smithi007 ceph-mon[29180]: Manager daemon x is now available
2024-04-25T13:47:52.096 INFO:journalctl@ceph.mon.a.smithi007.stdout:Apr 25 13:47:51 smithi007 ceph-mon[29180]: from='mgr.14120 172.21.15.7:0/2969198557' entity='mgr.x'
2024-04-25T13:47:52.096 INFO:journalctl@ceph.mon.a.smithi007.stdout:Apr 25 13:47:51 smithi007 ceph-mon[29180]: from='mgr.14120 172.21.15.7:0/2969198557' entity='mgr.x'
2024-04-25T13:47:52.096 INFO:journalctl@ceph.mon.a.smithi007.stdout:Apr 25 13:47:51 smithi007 ceph-mon[29180]: from='mgr.14120 172.21.15.7:0/2969198557' entity='mgr.x' cmd=[{"prefix": "config dump", "format": "json"}]: dispatch
2024-04-25T13:47:52.096 INFO:journalctl@ceph.mon.a.smithi007.stdout:Apr 25 13:47:51 smithi007 ceph-mon[29180]: from='mgr.14120 172.21.15.7:0/2969198557' entity='mgr.x' cmd=[{"prefix": "config dump", "format": "json"}]: dispatch
2024-04-25T13:47:52.974 INFO:journalctl@ceph.mon.a.smithi007.stdout:Apr 25 13:47:52 smithi007 ceph-mon[29180]: Found migration_current of "None". Setting to last migration.
2024-04-25T13:47:52.974 INFO:journalctl@ceph.mon.a.smithi007.stdout:Apr 25 13:47:52 smithi007 ceph-mon[29180]: from='mgr.14120 172.21.15.7:0/2969198557' entity='mgr.x' cmd=[{"prefix":"config rm","who":"mgr","name":"mgr/rbd_support/x/mirror_snapshot_schedule"}]: dispatch
2024-04-25T13:47:52.974 INFO:journalctl@ceph.mon.a.smithi007.stdout:Apr 25 13:47:52 smithi007 ceph-mon[29180]: from='mgr.14120 172.21.15.7:0/2969198557' entity='mgr.x' cmd=[{"prefix":"config rm","who":"mgr","name":"mgr/rbd_support/x/trash_purge_schedule"}]: dispatch
2024-04-25T13:47:52.974 INFO:journalctl@ceph.mon.a.smithi007.stdout:Apr 25 13:47:52 smithi007 ceph-mon[29180]: mgrmap e7: x(active, since 1.007s)
2024-04-25T13:47:53.242 INFO:teuthology.orchestra.run.smithi007.stdout:/usr/bin/ceph: stdout {
2024-04-25T13:47:53.242 INFO:teuthology.orchestra.run.smithi007.stdout:/usr/bin/ceph: stdout "mgrmap_epoch": 7,
2024-04-25T13:47:53.242 INFO:teuthology.orchestra.run.smithi007.stdout:/usr/bin/ceph: stdout "initialized": true
2024-04-25T13:47:53.242 INFO:teuthology.orchestra.run.smithi007.stdout:/usr/bin/ceph: stdout }
2024-04-25T13:47:53.243 INFO:teuthology.orchestra.run.smithi007.stdout:/usr/bin/ceph: stderr
2024-04-25T13:47:46.911+0000 7fc5e2b7c700 1 Processor -- start
2024-04-25T13:47:53.243 INFO:teuthology.orchestra.run.smithi007.stdout:/usr/bin/ceph: stderr
2024-04-25T13:47:46.911+0000 7fc5e2b7c700 1 -- start start
2024-04-25T13:47:53.243 INFO:teuthology.orchestra.run.smithi007.stdout:/usr/bin/ceph: stderr
2024-04-25T13:47:46.911+0000 7fc5e2b7c700 1 --2- >> [v2:172.21.15.7:3300/0,v1:172.21.15.7:6789/0] conn(0x7fc5dc10a490 0x7fc5dc10c8b0 unknown :-1 s=NONE pgs=0 cs=0 l=0 rev1=0 crypto rx=0 tx=0 comp rx=0 tx=0).connect
2024-04-25T13:47:53.243 INFO:teuthology.orchestra.run.smithi007.stdout:/usr/bin/ceph: stderr
2024-04-25T13:47:46.911+0000 7fc5e2b7c700 1 -- --> [v2:172.21.15.7:3300/0,v1:172.21.15.7:6789/0] -- mon_getmap magic: 0 -- 0x7fc5dc07cea0 con 0x7fc5dc10a490
2024-04-25T13:47:53.243 INFO:teuthology.orchestra.run.smithi007.stdout:/usr/bin/ceph: stderr
2024-04-25T13:47:46.912+0000 7fc5e0918700 1 --2- >> [v2:172.21.15.7:3300/0,v1:172.21.15.7:6789/0] conn(0x7fc5dc10a490 0x7fc5dc10c8b0 unknown :-1 s=BANNER_CONNECTING pgs=0 cs=0 l=0 rev1=0 crypto rx=0 tx=0 comp rx=0 tx=0)._handle_peer_banner_payload supported=3 required=0
2024-04-25T13:47:53.243 INFO:teuthology.orchestra.run.smithi007.stdout:/usr/bin/ceph: stderr
2024-04-25T13:47:46.912+0000 7fc5e0918700 1 --2- >> [v2:172.21.15.7:3300/0,v1:172.21.15.7:6789/0] conn(0x7fc5dc10a490 0x7fc5dc10c8b0 unknown :-1 s=HELLO_CONNECTING pgs=0 cs=0 l=0 rev1=1 crypto rx=0 tx=0 comp rx=0 tx=0).handle_hello peer v2:172.21.15.7:3300/0 says I am v2:172.21.15.7:55912/0 (socket says 172.21.15.7:55912)
2024-04-25T13:47:53.243 INFO:teuthology.orchestra.run.smithi007.stdout:/usr/bin/ceph: stderr
2024-04-25T13:47:46.912+0000 7fc5e0918700 1 -- 172.21.15.7:0/89413182 learned_addr learned my addr 172.21.15.7:0/89413182 (peer_addr_for_me v2:172.21.15.7:0/0)
2024-04-25T13:47:53.243 INFO:teuthology.orchestra.run.smithi007.stdout:/usr/bin/ceph: stderr
2024-04-25T13:47:46.912+0000 7fc5e0918700 1 -- 172.21.15.7:0/89413182 --> [v2:172.21.15.7:3300/0,v1:172.21.15.7:6789/0] -- mon_subscribe({config=0+,monmap=0+}) -- 0x7fc5dc10cdf0 con 0x7fc5dc10a490
2024-04-25T13:47:53.243 INFO:teuthology.orchestra.run.smithi007.stdout:/usr/bin/ceph: stderr
2024-04-25T13:47:46.912+0000 7fc5e0918700 1 --2- 172.21.15.7:0/89413182 >> [v2:172.21.15.7:3300/0,v1:172.21.15.7:6789/0] conn(0x7fc5dc10a490 0x7fc5dc10c8b0 secure :-1 s=READY pgs=28 cs=0 l=1 rev1=1 crypto rx=0x7fc5d00098a0 tx=0x7fc5d0009bb0 comp rx=0 tx=0).ready entity=mon.0 client_cookie=a7188abd5c198a38 server_cookie=0 in_seq=0 out_seq=0
2024-04-25T13:47:53.243 INFO:teuthology.orchestra.run.smithi007.stdout:/usr/bin/ceph: stderr
2024-04-25T13:47:46.912+0000 7fc5db7fe700 1 -- 172.21.15.7:0/89413182 <== mon.0 v2:172.21.15.7:3300/0 1 ==== mon_map magic: 0 ==== 205+0+0 (secure 0 0 0) 0x7fc5d0004160 con 0x7fc5dc10a490
2024-04-25T13:47:53.243 INFO:teuthology.orchestra.run.smithi007.stdout:/usr/bin/ceph: stderr
2024-04-25T13:47:46.912+0000 7fc5db7fe700 1 -- 172.21.15.7:0/89413182 <== mon.0 v2:172.21.15.7:3300/0 2 ==== config(26 keys) ==== 1070+0+0 (secure 0 0 0) 0x7fc5d0004300 con 0x7fc5dc10a490
2024-04-25T13:47:53.243 INFO:teuthology.orchestra.run.smithi007.stdout:/usr/bin/ceph: stderr
2024-04-25T13:47:46.913+0000 7fc5db7fe700 1 -- 172.21.15.7:0/89413182 <== mon.0 v2:172.21.15.7:3300/0 3 ==== mon_map magic: 0 ==== 205+0+0 (secure 0 0 0) 0x7fc5d0011af0 con 0x7fc5dc10a490
2024-04-25T13:47:53.243 INFO:teuthology.orchestra.run.smithi007.stdout:/usr/bin/ceph: stderr
2024-04-25T13:47:46.913+0000 7fc5e2b7c700 1 -- 172.21.15.7:0/89413182 >> [v2:172.21.15.7:3300/0,v1:172.21.15.7:6789/0] conn(0x7fc5dc10a490 msgr2=0x7fc5dc10c8b0 secure :-1 s=STATE_CONNECTION_ESTABLISHED l=1).mark_down
2024-04-25T13:47:53.243 INFO:teuthology.orchestra.run.smithi007.stdout:/usr/bin/ceph: stderr
2024-04-25T13:47:46.913+0000 7fc5e2b7c700 1 --2- 172.21.15.7:0/89413182 >> [v2:172.21.15.7:3300/0,v1:172.21.15.7:6789/0] conn(0x7fc5dc10a490 0x7fc5dc10c8b0 secure :-1 s=READY pgs=28 cs=0 l=1 rev1=1 crypto rx=0x7fc5d00098a0 tx=0x7fc5d0009bb0 comp rx=0 tx=0).stop
2024-04-25T13:47:53.244 INFO:teuthology.orchestra.run.smithi007.stdout:/usr/bin/ceph: stderr
2024-04-25T13:47:46.913+0000 7fc5e2b7c700 1 -- 172.21.15.7:0/89413182 shutdown_connections
2024-04-25T13:47:53.244 INFO:teuthology.orchestra.run.smithi007.stdout:/usr/bin/ceph: stderr
2024-04-25T13:47:46.913+0000 7fc5e2b7c700 1 --2- 172.21.15.7:0/89413182 >> [v2:172.21.15.7:3300/0,v1:172.21.15.7:6789/0] conn(0x7fc5dc10a490 0x7fc5dc10c8b0 unknown :-1 s=CLOSED pgs=28 cs=0 l=1 rev1=1 crypto rx=0 tx=0 comp rx=0 tx=0).stop
2024-04-25T13:47:53.244 INFO:teuthology.orchestra.run.smithi007.stdout:/usr/bin/ceph: stderr
2024-04-25T13:47:46.913+0000 7fc5e2b7c700 1 -- 172.21.15.7:0/89413182 >> 172.21.15.7:0/89413182 conn(0x7fc5dc103f30 msgr2=0x7fc5dc1063a0 unknown :-1 s=STATE_NONE l=0).mark_down
2024-04-25T13:47:53.244 INFO:teuthology.orchestra.run.smithi007.stdout:/usr/bin/ceph: stderr
2024-04-25T13:47:46.914+0000 7fc5e2b7c700 1 -- 172.21.15.7:0/89413182 shutdown_connections
2024-04-25T13:47:53.244 INFO:teuthology.orchestra.run.smithi007.stdout:/usr/bin/ceph: stderr
2024-04-25T13:47:46.914+0000 7fc5e2b7c700 1 -- 172.21.15.7:0/89413182 wait complete.
2024-04-25T13:47:53.244 INFO:teuthology.orchestra.run.smithi007.stdout:/usr/bin/ceph: stderr
2024-04-25T13:47:46.914+0000 7fc5e2b7c700 1 Processor -- start
2024-04-25T13:47:53.244 INFO:teuthology.orchestra.run.smithi007.stdout:/usr/bin/ceph: stderr
2024-04-25T13:47:46.915+0000 7fc5e2b7c700 1 -- start start
2024-04-25T13:47:53.244 INFO:teuthology.orchestra.run.smithi007.stdout:/usr/bin/ceph: stderr
2024-04-25T13:47:46.915+0000 7fc5e2b7c700 1 --2- >> [v2:172.21.15.7:3300/0,v1:172.21.15.7:6789/0] conn(0x7fc5dc10a490 0x7fc5dc109c10 unknown :-1 s=NONE pgs=0 cs=0 l=1 rev1=0 crypto rx=0 tx=0 comp rx=0 tx=0).connect
2024-04-25T13:47:53.244 INFO:teuthology.orchestra.run.smithi007.stdout:/usr/bin/ceph: stderr
2024-04-25T13:47:46.915+0000 7fc5e2b7c700 1 -- --> [v2:172.21.15.7:3300/0,v1:172.21.15.7:6789/0] -- mon_getmap magic: 0 -- 0x7fc5dc10ddb0 con 0x7fc5dc10a490
2024-04-25T13:47:53.244 INFO:teuthology.orchestra.run.smithi007.stdout:/usr/bin/ceph: stderr
2024-04-25T13:47:46.915+0000 7fc5e0918700 1 --2- >> [v2:172.21.15.7:3300/0,v1:172.21.15.7:6789/0] conn(0x7fc5dc10a490 0x7fc5dc109c10 unknown :-1 s=BANNER_CONNECTING pgs=0 cs=0 l=1 rev1=0 crypto rx=0 tx=0 comp rx=0 tx=0)._handle_peer_banner_payload supported=3 required=0
2024-04-25T13:47:53.244 INFO:teuthology.orchestra.run.smithi007.stdout:/usr/bin/ceph: stderr
2024-04-25T13:47:46.915+0000 7fc5e0918700 1 --2- >> [v2:172.21.15.7:3300/0,v1:172.21.15.7:6789/0] conn(0x7fc5dc10a490 0x7fc5dc109c10 unknown :-1 s=HELLO_CONNECTING pgs=0 cs=0 l=1 rev1=1 crypto rx=0 tx=0 comp rx=0 tx=0).handle_hello peer v2:172.21.15.7:3300/0 says I am v2:172.21.15.7:55922/0 (socket says 172.21.15.7:55922)
2024-04-25T13:47:53.244 INFO:teuthology.orchestra.run.smithi007.stdout:/usr/bin/ceph: stderr
2024-04-25T13:47:46.915+0000 7fc5e0918700 1 -- 172.21.15.7:0/844272988 learned_addr learned my addr 172.21.15.7:0/844272988 (peer_addr_for_me v2:172.21.15.7:0/0)
2024-04-25T13:47:53.244 INFO:teuthology.orchestra.run.smithi007.stdout:/usr/bin/ceph: stderr
2024-04-25T13:47:46.915+0000 7fc5e0918700 1 -- 172.21.15.7:0/844272988 --> [v2:172.21.15.7:3300/0,v1:172.21.15.7:6789/0] -- mon_subscribe({config=0+,monmap=0+}) -- 0x7fc5dc10a150 con 0x7fc5dc10a490
2024-04-25T13:47:53.244 INFO:teuthology.orchestra.run.smithi007.stdout:/usr/bin/ceph: stderr
2024-04-25T13:47:46.915+0000 7fc5e0918700 1 --2- 172.21.15.7:0/844272988 >> [v2:172.21.15.7:3300/0,v1:172.21.15.7:6789/0] conn(0x7fc5dc10a490 0x7fc5dc109c10 secure :-1 s=READY pgs=29 cs=0 l=1 rev1=1 crypto rx=0x7fc5d0009fb0 tx=0x7fc5d0011890 comp rx=0 tx=0).ready entity=mon.0 client_cookie=0 server_cookie=0 in_seq=0 out_seq=0
2024-04-25T13:47:53.245 INFO:teuthology.orchestra.run.smithi007.stdout:/usr/bin/ceph: stderr
2024-04-25T13:47:46.916+0000 7fc5d9ffb700 1 -- 172.21.15.7:0/844272988 <== mon.0 v2:172.21.15.7:3300/0 1 ==== mon_map magic: 0 ==== 205+0+0 (secure 0 0 0) 0x7fc5d0011bc0 con 0x7fc5dc10a490
2024-04-25T13:47:53.245 INFO:teuthology.orchestra.run.smithi007.stdout:/usr/bin/ceph: stderr
2024-04-25T13:47:46.916+0000 7fc5d9ffb700 1 -- 172.21.15.7:0/844272988 <== mon.0 v2:172.21.15.7:3300/0 2 ==== config(26 keys) ==== 1070+0+0 (secure 0 0 0) 0x7fc5d0024440 con 0x7fc5dc10a490
2024-04-25T13:47:53.245 INFO:teuthology.orchestra.run.smithi007.stdout:/usr/bin/ceph: stderr
2024-04-25T13:47:46.916+0000 7fc5e2b7c700 1 -- 172.21.15.7:0/844272988 --> [v2:172.21.15.7:3300/0,v1:172.21.15.7:6789/0] -- mon_subscribe({mgrmap=0+}) -- 0x7fc5dc1083a0 con 0x7fc5dc10a490
2024-04-25T13:47:53.245 INFO:teuthology.orchestra.run.smithi007.stdout:/usr/bin/ceph: stderr
2024-04-25T13:47:46.916+0000 7fc5d9ffb700 1 -- 172.21.15.7:0/844272988 <== mon.0 v2:172.21.15.7:3300/0 3 ==== mon_map magic: 0 ==== 205+0+0 (secure 0 0 0) 0x7fc5d001a5c0 con 0x7fc5dc10a490
2024-04-25T13:47:53.245 INFO:teuthology.orchestra.run.smithi007.stdout:/usr/bin/ceph: stderr
2024-04-25T13:47:46.916+0000 7fc5e2b7c700 1 -- 172.21.15.7:0/844272988 --> [v2:172.21.15.7:3300/0,v1:172.21.15.7:6789/0] -- mon_subscribe({osdmap=0}) -- 0x7fc5dc108880 con 0x7fc5dc10a490
2024-04-25T13:47:53.245 INFO:teuthology.orchestra.run.smithi007.stdout:/usr/bin/ceph: stderr
2024-04-25T13:47:46.917+0000 7fc5d9ffb700 1 -- 172.21.15.7:0/844272988 <== mon.0 v2:172.21.15.7:3300/0 4 ==== mgrmap(e 5) ==== 49516+0+0 (secure 0 0 0) 0x7fc5d001a830 con 0x7fc5dc10a490
2024-04-25T13:47:53.245 INFO:teuthology.orchestra.run.smithi007.stdout:/usr/bin/ceph: stderr
2024-04-25T13:47:46.917+0000 7fc5d9ffb700 1 --2- 172.21.15.7:0/844272988 >> [v2:172.21.15.7:6800/3733732620,v1:172.21.15.7:6801/3733732620] conn(0x7fc5cc03d570 0x7fc5cc03fa80 unknown :-1 s=NONE pgs=0 cs=0 l=1 rev1=0 crypto rx=0 tx=0 comp rx=0 tx=0).connect
2024-04-25T13:47:53.245 INFO:teuthology.orchestra.run.smithi007.stdout:/usr/bin/ceph: stderr
