2024-04-25T13:48:10.385+0000 7fb5ae558700 1 --2- 172.21.15.7:0/2535168957 >> [v2:172.21.15.7:3300/0,v1:172.21.15.7:6789/0] conn(0x7fb5a8109a70 0x7fb5a8109e80 unknown :-1 s=CLOSED pgs=53 cs=0 l=1 rev1=1 crypto rx=0 tx=0 comp rx=0 tx=0).stop
2024-04-25T13:48:11.161 INFO:teuthology.orchestra.run.smithi007.stdout:/usr/bin/ceph: stderr
2024-04-25T13:48:10.385+0000 7fb5ae558700 1 -- 172.21.15.7:0/2535168957 >> 172.21.15.7:0/2535168957 conn(0x7fb5a81050d0 msgr2=0x7fb5a8107560 unknown :-1 s=STATE_NONE l=0).mark_down
2024-04-25T13:48:11.161 INFO:teuthology.orchestra.run.smithi007.stdout:/usr/bin/ceph: stderr
2024-04-25T13:48:10.385+0000 7fb5ae558700 1 -- 172.21.15.7:0/2535168957 shutdown_connections
2024-04-25T13:48:11.161 INFO:teuthology.orchestra.run.smithi007.stdout:/usr/bin/ceph: stderr
2024-04-25T13:48:10.385+0000 7fb5ae558700 1 -- 172.21.15.7:0/2535168957 wait complete.
2024-04-25T13:48:11.162 INFO:teuthology.orchestra.run.smithi007.stdout:/usr/bin/ceph: stderr
2024-04-25T13:48:10.386+0000 7fb5ae558700 1 Processor -- start
2024-04-25T13:48:11.162 INFO:teuthology.orchestra.run.smithi007.stdout:/usr/bin/ceph: stderr
2024-04-25T13:48:10.386+0000 7fb5ae558700 1 -- start start
2024-04-25T13:48:11.162 INFO:teuthology.orchestra.run.smithi007.stdout:/usr/bin/ceph: stderr
2024-04-25T13:48:10.386+0000 7fb5ae558700 1 --2- >> [v2:172.21.15.7:3300/0,v1:172.21.15.7:6789/0] conn(0x7fb5a8109a70 0x7fb5a819de80 unknown :-1 s=NONE pgs=0 cs=0 l=1 rev1=0 crypto rx=0 tx=0 comp rx=0 tx=0).connect
2024-04-25T13:48:11.162 INFO:teuthology.orchestra.run.smithi007.stdout:/usr/bin/ceph: stderr
2024-04-25T13:48:10.386+0000 7fb5ae558700 1 -- --> [v2:172.21.15.7:3300/0,v1:172.21.15.7:6789/0] -- mon_getmap magic: 0 -- 0x7fb5a810dfa0 con 0x7fb5a8109a70
2024-04-25T13:48:11.162 INFO:teuthology.orchestra.run.smithi007.stdout:/usr/bin/ceph: stderr
2024-04-25T13:48:10.386+0000 7fb5a7fff700 1 --2- >> [v2:172.21.15.7:3300/0,v1:172.21.15.7:6789/0] conn(0x7fb5a8109a70 0x7fb5a819de80 unknown :-1 s=BANNER_CONNECTING pgs=0 cs=0 l=1 rev1=0 crypto rx=0 tx=0 comp rx=0 tx=0)._handle_peer_banner_payload supported=3 required=0
2024-04-25T13:48:11.162 INFO:teuthology.orchestra.run.smithi007.stdout:/usr/bin/ceph: stderr
2024-04-25T13:48:10.386+0000 7fb5a7fff700 1 --2- >> [v2:172.21.15.7:3300/0,v1:172.21.15.7:6789/0] conn(0x7fb5a8109a70 0x7fb5a819de80 unknown :-1 s=HELLO_CONNECTING pgs=0 cs=0 l=1 rev1=1 crypto rx=0 tx=0 comp rx=0 tx=0).handle_hello peer v2:172.21.15.7:3300/0 says I am v2:172.21.15.7:51678/0 (socket says 172.21.15.7:51678)
2024-04-25T13:48:11.162 INFO:teuthology.orchestra.run.smithi007.stdout:/usr/bin/ceph: stderr
2024-04-25T13:48:10.386+0000 7fb5a7fff700 1 -- 172.21.15.7:0/1575266905 learned_addr learned my addr 172.21.15.7:0/1575266905 (peer_addr_for_me v2:172.21.15.7:0/0)
2024-04-25T13:48:11.162 INFO:teuthology.orchestra.run.smithi007.stdout:/usr/bin/ceph: stderr
2024-04-25T13:48:10.387+0000 7fb5a7fff700 1 -- 172.21.15.7:0/1575266905 --> [v2:172.21.15.7:3300/0,v1:172.21.15.7:6789/0] -- mon_subscribe({config=0+,monmap=0+}) -- 0x7fb5a819e3c0 con 0x7fb5a8109a70
2024-04-25T13:48:11.162 INFO:teuthology.orchestra.run.smithi007.stdout:/usr/bin/ceph: stderr
2024-04-25T13:48:10.387+0000 7fb5a7fff700 1 --2- 172.21.15.7:0/1575266905 >> [v2:172.21.15.7:3300/0,v1:172.21.15.7:6789/0] conn(0x7fb5a8109a70 0x7fb5a819de80 secure :-1 s=READY pgs=54 cs=0 l=1 rev1=1 crypto rx=0x7fb598003e70 tx=0x7fb598011aa0 comp rx=0 tx=0).ready entity=mon.0 client_cookie=0 server_cookie=0 in_seq=0 out_seq=0
2024-04-25T13:48:11.162 INFO:teuthology.orchestra.run.smithi007.stdout:/usr/bin/ceph: stderr
2024-04-25T13:48:10.387+0000 7fb5a57fa700 1 -- 172.21.15.7:0/1575266905 <== mon.0 v2:172.21.15.7:3300/0 1 ==== mon_map magic: 0 ==== 205+0+0 (secure 0 0 0) 0x7fb598003aa0 con 0x7fb5a8109a70
2024-04-25T13:48:11.162 INFO:teuthology.orchestra.run.smithi007.stdout:/usr/bin/ceph: stderr
2024-04-25T13:48:10.387+0000 7fb5a57fa700 1 -- 172.21.15.7:0/1575266905 <== mon.0 v2:172.21.15.7:3300/0 2 ==== config(26 keys) ==== 1101+0+0 (secure 0 0 0) 0x7fb59801a8e0 con 0x7fb5a8109a70
2024-04-25T13:48:11.162 INFO:teuthology.orchestra.run.smithi007.stdout:/usr/bin/ceph: stderr
2024-04-25T13:48:10.387+0000 7fb5ae558700 1 -- 172.21.15.7:0/1575266905 --> [v2:172.21.15.7:3300/0,v1:172.21.15.7:6789/0] -- mon_subscribe({mgrmap=0+}) -- 0x7fb5a819e650 con 0x7fb5a8109a70
2024-04-25T13:48:11.163 INFO:teuthology.orchestra.run.smithi007.stdout:/usr/bin/ceph: stderr
2024-04-25T13:48:10.387+0000 7fb5a57fa700 1 -- 172.21.15.7:0/1575266905 <== mon.0 v2:172.21.15.7:3300/0 3 ==== mon_map magic: 0 ==== 205+0+0 (secure 0 0 0) 0x7fb598024870 con 0x7fb5a8109a70
2024-04-25T13:48:11.163 INFO:teuthology.orchestra.run.smithi007.stdout:/usr/bin/ceph: stderr
2024-04-25T13:48:10.387+0000 7fb5ae558700 1 -- 172.21.15.7:0/1575266905 --> [v2:172.21.15.7:3300/0,v1:172.21.15.7:6789/0] -- mon_subscribe({osdmap=0}) -- 0x7fb5a81a1260 con 0x7fb5a8109a70
2024-04-25T13:48:11.163 INFO:teuthology.orchestra.run.smithi007.stdout:/usr/bin/ceph: stderr
2024-04-25T13:48:10.388+0000 7fb5ae558700 1 -- 172.21.15.7:0/1575266905 --> [v2:172.21.15.7:3300/0,v1:172.21.15.7:6789/0] -- mon_command({"prefix": "get_command_descriptions"} v 0) -- 0x7fb5a8064cf0 con 0x7fb5a8109a70
2024-04-25T13:48:11.163 INFO:teuthology.orchestra.run.smithi007.stdout:/usr/bin/ceph: stderr
2024-04-25T13:48:10.388+0000 7fb5a57fa700 1 -- 172.21.15.7:0/1575266905 <== mon.0 v2:172.21.15.7:3300/0 4 ==== mgrmap(e 8) ==== 49516+0+0 (secure 0 0 0) 0x7fb598022020 con 0x7fb5a8109a70
2024-04-25T13:48:11.163 INFO:teuthology.orchestra.run.smithi007.stdout:/usr/bin/ceph: stderr
2024-04-25T13:48:10.389+0000 7fb5a57fa700 1 --2- 172.21.15.7:0/1575266905 >> [v2:172.21.15.7:6800/1227242496,v1:172.21.15.7:6801/1227242496] conn(0x7fb59003d570 0x7fb59003fa80 unknown :-1 s=NONE pgs=0 cs=0 l=1 rev1=0 crypto rx=0 tx=0 comp rx=0 tx=0).connect
2024-04-25T13:48:11.163 INFO:teuthology.orchestra.run.smithi007.stdout:/usr/bin/ceph: stderr
2024-04-25T13:48:10.389+0000 7fb5a57fa700 1 -- 172.21.15.7:0/1575266905 <== mon.0 v2:172.21.15.7:3300/0 5 ==== osd_map(2..2 src has 1..2) ==== 940+0+0 (secure 0 0 0) 0x7fb5980526d0 con 0x7fb5a8109a70
2024-04-25T13:48:11.163 INFO:teuthology.orchestra.run.smithi007.stdout:/usr/bin/ceph: stderr
2024-04-25T13:48:10.389+0000 7fb5a77fe700 1 --2- 172.21.15.7:0/1575266905 >> [v2:172.21.15.7:6800/1227242496,v1:172.21.15.7:6801/1227242496] conn(0x7fb59003d570 0x7fb59003fa80 unknown :-1 s=BANNER_CONNECTING pgs=0 cs=0 l=1 rev1=0 crypto rx=0 tx=0 comp rx=0 tx=0)._handle_peer_banner_payload supported=3 required=0
2024-04-25T13:48:11.163 INFO:teuthology.orchestra.run.smithi007.stdout:/usr/bin/ceph: stderr
2024-04-25T13:48:10.389+0000 7fb5a77fe700 1 --2- 172.21.15.7:0/1575266905 >> [v2:172.21.15.7:6800/1227242496,v1:172.21.15.7:6801/1227242496] conn(0x7fb59003d570 0x7fb59003fa80 secure :-1 s=READY pgs=15 cs=0 l=1 rev1=1 crypto rx=0x7fb59c006fd0 tx=0x7fb59c006e40 comp rx=0 tx=0).ready entity=mgr.14120 client_cookie=0 server_cookie=0 in_seq=0 out_seq=0
2024-04-25T13:48:11.163 INFO:teuthology.orchestra.run.smithi007.stdout:/usr/bin/ceph: stderr
2024-04-25T13:48:10.394+0000 7fb5a57fa700 1 -- 172.21.15.7:0/1575266905 <== mon.0 v2:172.21.15.7:3300/0 6 ==== mon_command_ack([{"prefix": "get_command_descriptions"}]=0 v0) ==== 72+0+188370 (secure 0 0 0) 0x7fb59800e260 con 0x7fb5a8109a70
2024-04-25T13:48:11.163 INFO:teuthology.orchestra.run.smithi007.stdout:/usr/bin/ceph: stderr
2024-04-25T13:48:10.606+0000 7fb5ae558700 1 -- 172.21.15.7:0/1575266905 --> [v2:172.21.15.7:3300/0,v1:172.21.15.7:6789/0] -- mon_command([{prefix=config set, name=mgr/dashboard/ssl_server_port}] v 0) -- 0x7fb5a81a1940 con 0x7fb5a8109a70
2024-04-25T13:48:11.163 INFO:teuthology.orchestra.run.smithi007.stdout:/usr/bin/ceph: stderr
2024-04-25T13:48:10.609+0000 7fb5a57fa700 1 -- 172.21.15.7:0/1575266905 <== mon.0 v2:172.21.15.7:3300/0 7 ==== mon_command_ack([{prefix=config set, name=mgr/dashboard/ssl_server_port}]=0 v8)=0 v8) ==== 130+0+0 (secure 0 0 0) 0x7fb59801aa90 con 0x7fb5a8109a70
2024-04-25T13:48:11.164 INFO:teuthology.orchestra.run.smithi007.stdout:/usr/bin/ceph: stderr
2024-04-25T13:48:10.611+0000 7fb5ae558700 1 -- 172.21.15.7:0/1575266905 >> [v2:172.21.15.7:6800/1227242496,v1:172.21.15.7:6801/1227242496] conn(0x7fb59003d570 msgr2=0x7fb59003fa80 secure :-1 s=STATE_CONNECTION_ESTABLISHED l=1).mark_down
2024-04-25T13:48:11.164 INFO:teuthology.orchestra.run.smithi007.stdout:/usr/bin/ceph: stderr
2024-04-25T13:48:10.612+0000 7fb5ae558700 1 --2- 172.21.15.7:0/1575266905 >> [v2:172.21.15.7:6800/1227242496,v1:172.21.15.7:6801/1227242496] conn(0x7fb59003d570 0x7fb59003fa80 secure :-1 s=READY pgs=15 cs=0 l=1 rev1=1 crypto rx=0x7fb59c006fd0 tx=0x7fb59c006e40 comp rx=0 tx=0).stop
2024-04-25T13:48:11.164 INFO:teuthology.orchestra.run.smithi007.stdout:/usr/bin/ceph: stderr
2024-04-25T13:48:10.612+0000 7fb5ae558700 1 -- 172.21.15.7:0/1575266905 >> [v2:172.21.15.7:3300/0,v1:172.21.15.7:6789/0] conn(0x7fb5a8109a70 msgr2=0x7fb5a819de80 secure :-1 s=STATE_CONNECTION_ESTABLISHED l=1).mark_down
2024-04-25T13:48:11.164 INFO:teuthology.orchestra.run.smithi007.stdout:/usr/bin/ceph: stderr
2024-04-25T13:48:10.612+0000 7fb5ae558700 1 --2- 172.21.15.7:0/1575266905 >> [v2:172.21.15.7:3300/0,v1:172.21.15.7:6789/0] conn(0x7fb5a8109a70 0x7fb5a819de80 secure :-1 s=READY pgs=54 cs=0 l=1 rev1=1 crypto rx=0x7fb598003e70 tx=0x7fb598011aa0 comp rx=0 tx=0).stop
2024-04-25T13:48:11.164 INFO:teuthology.orchestra.run.smithi007.stdout:/usr/bin/ceph: stderr
2024-04-25T13:48:10.612+0000 7fb5ae558700 1 -- 172.21.15.7:0/1575266905 shutdown_connections
2024-04-25T13:48:11.164 INFO:teuthology.orchestra.run.smithi007.stdout:/usr/bin/ceph: stderr
2024-04-25T13:48:10.612+0000 7fb5ae558700 1 --2- 172.21.15.7:0/1575266905 >> [v2:172.21.15.7:6800/1227242496,v1:172.21.15.7:6801/1227242496] conn(0x7fb59003d570 0x7fb59003fa80 unknown :-1 s=CLOSED pgs=15 cs=0 l=1 rev1=1 crypto rx=0 tx=0 comp rx=0 tx=0).stop
2024-04-25T13:48:11.164 INFO:teuthology.orchestra.run.smithi007.stdout:/usr/bin/ceph: stderr
2024-04-25T13:48:10.612+0000 7fb5ae558700 1 --2- 172.21.15.7:0/1575266905 >> [v2:172.21.15.7:3300/0,v1:172.21.15.7:6789/0] conn(0x7fb5a8109a70 0x7fb5a819de80 unknown :-1 s=CLOSED pgs=54 cs=0 l=1 rev1=1 crypto rx=0 tx=0 comp rx=0 tx=0).stop
2024-04-25T13:48:11.164 INFO:teuthology.orchestra.run.smithi007.stdout:/usr/bin/ceph: stderr
2024-04-25T13:48:10.612+0000 7fb5ae558700 1 -- 172.21.15.7:0/1575266905 >> 172.21.15.7:0/1575266905 conn(0x7fb5a81050d0 msgr2=0x7fb5a81059b0 unknown :-1 s=STATE_NONE l=0).mark_down
2024-04-25T13:48:11.164 INFO:teuthology.orchestra.run.smithi007.stdout:/usr/bin/ceph: stderr
2024-04-25T13:48:10.612+0000 7fb5ae558700 1 -- 172.21.15.7:0/1575266905 shutdown_connections
2024-04-25T13:48:11.164 INFO:teuthology.orchestra.run.smithi007.stdout:/usr/bin/ceph: stderr
2024-04-25T13:48:10.612+0000 7fb5ae558700 1 -- 172.21.15.7:0/1575266905 wait complete.
2024-04-25T13:48:11.164 INFO:teuthology.orchestra.run.smithi007.stdout:Enabling the dashboard module...
2024-04-25T13:48:11.595 INFO:journalctl@ceph.mon.a.smithi007.stdout:Apr 25 13:48:11 smithi007 ceph-mon[29180]: from='mgr.14120 172.21.15.7:0/2969198557' entity='mgr.x'
2024-04-25T13:48:11.595 INFO:journalctl@ceph.mon.a.smithi007.stdout:Apr 25 13:48:11 smithi007 ceph-mon[29180]: from='client.? 172.21.15.7:0/1575266905' entity='client.admin'
2024-04-25T13:48:12.761 INFO:journalctl@ceph.mon.a.smithi007.stdout:Apr 25 13:48:12 smithi007 ceph-mon[29180]: pgmap v3: 0 pgs: ; 0 B data, 0 B used, 0 B / 0 B avail
2024-04-25T13:48:12.762 INFO:journalctl@ceph.mon.a.smithi007.stdout:Apr 25 13:48:12 smithi007 ceph-mon[29180]: from='client.? 172.21.15.7:0/1768027609' entity='client.admin' cmd=[{"prefix": "mgr module enable", "module": "dashboard"}]: dispatch
2024-04-25T13:48:13.056 INFO:journalctl@ceph.mgr.x.smithi007.stdout:Apr 25 13:48:12 smithi007 ceph-31b13378-030a-11ef-bc93-c7b262605968-mgr-x[29411]: ignoring --setuser ceph since I am not root
2024-04-25T13:48:13.056 INFO:journalctl@ceph.mgr.x.smithi007.stdout:Apr 25 13:48:12 smithi007 ceph-31b13378-030a-11ef-bc93-c7b262605968-mgr-x[29411]: ignoring --setgroup ceph since I am not root
2024-04-25T13:48:13.056 INFO:journalctl@ceph.mgr.x.smithi007.stdout:Apr 25 13:48:12 smithi007 ceph-31b13378-030a-11ef-bc93-c7b262605968-mgr-x[29411]:
2024-04-25T13:48:12.891+0000 7f7205e3b200 -1 mgr[py] Module balancer has missing NOTIFY_TYPES member
2024-04-25T13:48:13.331 INFO:journalctl@ceph.mgr.x.smithi007.stdout:Apr 25 13:48:13 smithi007 ceph-31b13378-030a-11ef-bc93-c7b262605968-mgr-x[29411]:
2024-04-25T13:48:13.086+0000 7f7205e3b200 -1 mgr[py] Module orchestrator has missing NOTIFY_TYPES member
2024-04-25T13:48:13.332 INFO:journalctl@ceph.mgr.x.smithi007.stdout:Apr 25 13:48:13 smithi007 ceph-31b13378-030a-11ef-bc93-c7b262605968-mgr-x[29411]:
2024-04-25T13:48:13.194+0000 7f7205e3b200 -1 mgr[py] Module snap_schedule has missing NOTIFY_TYPES member
2024-04-25T13:48:13.341 INFO:teuthology.orchestra.run.smithi007.stdout:/usr/bin/ceph: stderr
2024-04-25T13:48:11.635+0000 7fa1ac3a9700 1 Processor -- start
2024-04-25T13:48:13.341 INFO:teuthology.orchestra.run.smithi007.stdout:/usr/bin/ceph: stderr
2024-04-25T13:48:11.635+0000 7fa1ac3a9700 1 -- start start
2024-04-25T13:48:13.341 INFO:teuthology.orchestra.run.smithi007.stdout:/usr/bin/ceph: stderr
2024-04-25T13:48:11.635+0000 7fa1ac3a9700 1 --2- >> [v2:172.21.15.7:3300/0,v1:172.21.15.7:6789/0] conn(0x7fa1a407ee20 0x7fa1a407d2a0 unknown :-1 s=NONE pgs=0 cs=0 l=0 rev1=0 crypto rx=0 tx=0 comp rx=0 tx=0).connect
2024-04-25T13:48:13.341 INFO:teuthology.orchestra.run.smithi007.stdout:/usr/bin/ceph: stderr
2024-04-25T13:48:11.635+0000 7fa1ac3a9700 1 -- --> [v2:172.21.15.7:3300/0,v1:172.21.15.7:6789/0] -- mon_getmap magic: 0 -- 0x7fa1a407d7e0 con 0x7fa1a407ee20
2024-04-25T13:48:13.341 INFO:teuthology.orchestra.run.smithi007.stdout:/usr/bin/ceph: stderr
2024-04-25T13:48:11.635+0000 7fa1aa145700 1 --2- >> [v2:172.21.15.7:3300/0,v1:172.21.15.7:6789/0] conn(0x7fa1a407ee20 0x7fa1a407d2a0 unknown :-1 s=BANNER_CONNECTING pgs=0 cs=0 l=0 rev1=0 crypto rx=0 tx=0 comp rx=0 tx=0)._handle_peer_banner_payload supported=3 required=0
2024-04-25T13:48:13.341 INFO:teuthology.orchestra.run.smithi007.stdout:/usr/bin/ceph: stderr
2024-04-25T13:48:11.635+0000 7fa1aa145700 1 --2- >> [v2:172.21.15.7:3300/0,v1:172.21.15.7:6789/0] conn(0x7fa1a407ee20 0x7fa1a407d2a0 unknown :-1 s=HELLO_CONNECTING pgs=0 cs=0 l=0 rev1=1 crypto rx=0 tx=0 comp rx=0 tx=0).handle_hello peer v2:172.21.15.7:3300/0 says I am v2:172.21.15.7:51682/0 (socket says 172.21.15.7:51682)
2024-04-25T13:48:13.341 INFO:teuthology.orchestra.run.smithi007.stdout:/usr/bin/ceph: stderr
2024-04-25T13:48:11.635+0000 7fa1aa145700 1 -- 172.21.15.7:0/1310018153 learned_addr learned my addr 172.21.15.7:0/1310018153 (peer_addr_for_me v2:172.21.15.7:0/0)
2024-04-25T13:48:13.341 INFO:teuthology.orchestra.run.smithi007.stdout:/usr/bin/ceph: stderr
2024-04-25T13:48:11.636+0000 7fa1aa145700 1 -- 172.21.15.7:0/1310018153 --> [v2:172.21.15.7:3300/0,v1:172.21.15.7:6789/0] -- mon_subscribe({config=0+,monmap=0+}) -- 0x7fa1a407d960 con 0x7fa1a407ee20
2024-04-25T13:48:13.341 INFO:teuthology.orchestra.run.smithi007.stdout:/usr/bin/ceph: stderr
2024-04-25T13:48:11.636+0000 7fa1aa145700 1 --2- 172.21.15.7:0/1310018153 >> [v2:172.21.15.7:3300/0,v1:172.21.15.7:6789/0] conn(0x7fa1a407ee20 0x7fa1a407d2a0 secure :-1 s=READY pgs=55 cs=0 l=1 rev1=1 crypto rx=0x7fa1a00098a0 tx=0x7fa1a0009bb0 comp rx=0 tx=0).ready entity=mon.0 client_cookie=d6fa235c2469fb3e server_cookie=0 in_seq=0 out_seq=0
2024-04-25T13:48:13.341 INFO:teuthology.orchestra.run.smithi007.stdout:/usr/bin/ceph: stderr
2024-04-25T13:48:11.636+0000 7fa1a9143700 1 -- 172.21.15.7:0/1310018153 <== mon.0 v2:172.21.15.7:3300/0 1 ==== mon_map magic: 0 ==== 205+0+0 (secure 0 0 0) 0x7fa1a0004160 con 0x7fa1a407ee20
2024-04-25T13:48:13.341 INFO:teuthology.orchestra.run.smithi007.stdout:/usr/bin/ceph: stderr
2024-04-25T13:48:11.636+0000 7fa1a9143700 1 -- 172.21.15.7:0/1310018153 <== mon.0 v2:172.21.15.7:3300/0 2 ==== config(26 keys) ==== 1101+0+0 (secure 0 0 0) 0x7fa1a0004300 con 0x7fa1a407ee20
2024-04-25T13:48:13.341 INFO:teuthology.orchestra.run.smithi007.stdout:/usr/bin/ceph: stderr
2024-04-25T13:48:11.636+0000 7fa1a9143700 1 -- 172.21.15.7:0/1310018153 <== mon.0 v2:172.21.15.7:3300/0 3 ==== mon_map magic: 0 ==== 205+0+0 (secure 0 0 0) 0x7fa1a0011a20 con 0x7fa1a407ee20
2024-04-25T13:48:13.342 INFO:teuthology.orchestra.run.smithi007.stdout:/usr/bin/ceph: stderr
2024-04-25T13:48:11.637+0000 7fa1ac3a9700 1 -- 172.21.15.7:0/1310018153 >> [v2:172.21.15.7:3300/0,v1:172.21.15.7:6789/0] conn(0x7fa1a407ee20 msgr2=0x7fa1a407d2a0 secure :-1 s=STATE_CONNECTION_ESTABLISHED l=1).mark_down
2024-04-25T13:48:13.342 INFO:teuthology.orchestra.run.smithi007.stdout:/usr/bin/ceph: stderr
2024-04-25T13:48:11.637+0000 7fa1ac3a9700 1 --2- 172.21.15.7:0/1310018153 >> [v2:172.21.15.7:3300/0,v1:172.21.15.7:6789/0] conn(0x7fa1a407ee20 0x7fa1a407d2a0 secure :-1 s=READY pgs=55 cs=0 l=1 rev1=1 crypto rx=0x7fa1a00098a0 tx=0x7fa1a0009bb0 comp rx=0 tx=0).stop
2024-04-25T13:48:13.342 INFO:teuthology.orchestra.run.smithi007.stdout:/usr/bin/ceph: stderr
2024-04-25T13:48:11.637+0000 7fa1ac3a9700 1 -- 172.21.15.7:0/1310018153 shutdown_connections
2024-04-25T13:48:13.342 INFO:teuthology.orchestra.run.smithi007.stdout:/usr/bin/ceph: stderr
2024-04-25T13:48:11.637+0000 7fa1ac3a9700 1 --2- 172.21.15.7:0/1310018153 >> [v2:172.21.15.7:3300/0,v1:172.21.15.7:6789/0] conn(0x7fa1a407ee20 0x7fa1a407d2a0 unknown :-1 s=CLOSED pgs=55 cs=0 l=1 rev1=1 crypto rx=0 tx=0 comp rx=0 tx=0).stop
2024-04-25T13:48:13.342 INFO:teuthology.orchestra.run.smithi007.stdout:/usr/bin/ceph: stderr
2024-04-25T13:48:11.637+0000 7fa1ac3a9700 1 -- 172.21.15.7:0/1310018153 >> 172.21.15.7:0/1310018153 conn(0x7fa1a41050d0 msgr2=0x7fa1a4107560 unknown :-1 s=STATE_NONE l=0).mark_down
2024-04-25T13:48:13.342 INFO:teuthology.orchestra.run.smithi007.stdout:/usr/bin/ceph: stderr
2024-04-25T13:48:11.637+0000 7fa1ac3a9700 1 -- 172.21.15.7:0/1310018153 shutdown_connections
2024-04-25T13:48:13.342 INFO:teuthology.orchestra.run.smithi007.stdout:/usr/bin/ceph: stderr
2024-04-25T13:48:11.637+0000 7fa1ac3a9700 1 -- 172.21.15.7:0/1310018153 wait complete.
2024-04-25T13:48:13.342 INFO:teuthology.orchestra.run.smithi007.stdout:/usr/bin/ceph: stderr
2024-04-25T13:48:11.638+0000 7fa1ac3a9700 1 Processor -- start
2024-04-25T13:48:13.342 INFO:teuthology.orchestra.run.smithi007.stdout:/usr/bin/ceph: stderr
2024-04-25T13:48:11.638+0000 7fa1ac3a9700 1 -- start start
2024-04-25T13:48:13.343 INFO:teuthology.orchestra.run.smithi007.stdout:/usr/bin/ceph: stderr
2024-04-25T13:48:11.638+0000 7fa1ac3a9700 1 --2- >> [v2:172.21.15.7:3300/0,v1:172.21.15.7:6789/0] conn(0x7fa1a407ee20 0x7fa1a41a0010 unknown :-1 s=NONE pgs=0 cs=0 l=1 rev1=0 crypto rx=0 tx=0 comp rx=0 tx=0).connect
2024-04-25T13:48:13.343 INFO:teuthology.orchestra.run.smithi007.stdout:/usr/bin/ceph: stderr
2024-04-25T13:48:11.638+0000 7fa1ac3a9700 1 -- --> [v2:172.21.15.7:3300/0,v1:172.21.15.7:6789/0] -- mon_getmap magic: 0 -- 0x7fa1a4110050 con 0x7fa1a407ee20
2024-04-25T13:48:13.343 INFO:teuthology.orchestra.run.smithi007.stdout:/usr/bin/ceph: stderr
2024-04-25T13:48:11.638+0000 7fa1aa145700 1 --2- >> [v2:172.21.15.7:3300/0,v1:172.21.15.7:6789/0] conn(0x7fa1a407ee20 0x7fa1a41a0010 unknown :-1 s=BANNER_CONNECTING pgs=0 cs=0 l=1 rev1=0 crypto rx=0 tx=0 comp rx=0 tx=0)._handle_peer_banner_payload supported=3 required=0
2024-04-25T13:48:13.343 INFO:teuthology.orchestra.run.smithi007.stdout:/usr/bin/ceph: stderr
2024-04-25T13:48:11.638+0000 7fa1aa145700 1 --2- >> [v2:172.21.15.7:3300/0,v1:172.21.15.7:6789/0] conn(0x7fa1a407ee20 0x7fa1a41a0010 unknown :-1 s=HELLO_CONNECTING pgs=0 cs=0 l=1 rev1=1 crypto rx=0 tx=0 comp rx=0 tx=0).handle_hello peer v2:172.21.15.7:3300/0 says I am v2:172.21.15.7:51690/0 (socket says 172.21.15.7:51690)
2024-04-25T13:48:13.343 INFO:teuthology.orchestra.run.smithi007.stdout:/usr/bin/ceph: stderr
2024-04-25T13:48:11.638+0000 7fa1aa145700 1 -- 172.21.15.7:0/1768027609 learned_addr learned my addr 172.21.15.7:0/1768027609 (peer_addr_for_me v2:172.21.15.7:0/0)
2024-04-25T13:48:13.343 INFO:teuthology.orchestra.run.smithi007.stdout:/usr/bin/ceph: stderr
2024-04-25T13:48:11.638+0000 7fa1aa145700 1 -- 172.21.15.7:0/1768027609 --> [v2:172.21.15.7:3300/0,v1:172.21.15.7:6789/0] -- mon_subscribe({config=0+,monmap=0+}) -- 0x7fa1a41a0550 con 0x7fa1a407ee20
2024-04-25T13:48:13.343 INFO:teuthology.orchestra.run.smithi007.stdout:/usr/bin/ceph: stderr
2024-04-25T13:48:11.638+0000 7fa1aa145700 1 --2- 172.21.15.7:0/1768027609 >> [v2:172.21.15.7:3300/0,v1:172.21.15.7:6789/0] conn(0x7fa1a407ee20 0x7fa1a41a0010 secure :-1 s=READY pgs=56 cs=0 l=1 rev1=1 crypto rx=0x7fa1a0000c00 tx=0x7fa1a0011b10 comp rx=0 tx=0).ready entity=mon.0 client_cookie=0 server_cookie=0 in_seq=0 out_seq=0
2024-04-25T13:48:13.343 INFO:teuthology.orchestra.run.smithi007.stdout:/usr/bin/ceph: stderr
2024-04-25T13:48:11.639+0000 7fa19b7fe700 1 -- 172.21.15.7:0/1768027609 <== mon.0 v2:172.21.15.7:3300/0 1 ==== mon_map magic: 0 ==== 205+0+0 (secure 0 0 0) 0x7fa1a0003b20 con 0x7fa1a407ee20
2024-04-25T13:48:13.343 INFO:teuthology.orchestra.run.smithi007.stdout:/usr/bin/ceph: stderr
2024-04-25T13:48:11.639+0000 7fa19b7fe700 1 -- 172.21.15.7:0/1768027609 <== mon.0 v2:172.21.15.7:3300/0 2 ==== config(26 keys) ==== 1101+0+0 (secure 0 0 0) 0x7fa1a001b8f0 con 0x7fa1a407ee20
2024-04-25T13:48:13.343 INFO:teuthology.orchestra.run.smithi007.stdout:/usr/bin/ceph: stderr
2024-04-25T13:48:11.639+0000 7fa1ac3a9700 1 -- 172.21.15.7:0/1768027609 --> [v2:172.21.15.7:3300/0,v1:172.21.15.7:6789/0] -- mon_subscribe({mgrmap=0+}) -- 0x7fa1a41a07e0 con 0x7fa1a407ee20
2024-04-25T13:48:13.343 INFO:teuthology.orchestra.run.smithi007.stdout:/usr/bin/ceph: stderr
2024-04-25T13:48:11.639+0000 7fa19b7fe700 1 -- 172.21.15.7:0/1768027609 <== mon.0 v2:172.21.15.7:3300/0 3 ==== mon_map magic: 0 ==== 205+0+0 (secure 0 0 0) 0x7fa1a00198d0 con 0x7fa1a407ee20
2024-04-25T13:48:13.344 INFO:teuthology.orchestra.run.smithi007.stdout:/usr/bin/ceph: stderr
2024-04-25T13:48:11.639+0000 7fa1ac3a9700 1 -- 172.21.15.7:0/1768027609 --> [v2:172.21.15.7:3300/0,v1:172.21.15.7:6789/0] -- mon_subscribe({osdmap=0}) -- 0x7fa1a41a33f0 con 0x7fa1a407ee20
2024-04-25T13:48:13.344 INFO:teuthology.orchestra.run.smithi007.stdout:/usr/bin/ceph: stderr
2024-04-25T13:48:11.640+0000 7fa1ac3a9700 1 -- 172.21.15.7:0/1768027609 --> [v2:172.21.15.7:3300/0,v1:172.21.15.7:6789/0] -- mon_command({"prefix": "get_command_descriptions"} v 0) -- 0x7fa1a4064cf0 con 0x7fa1a407ee20
2024-04-25T13:48:13.344 INFO:teuthology.orchestra.run.smithi007.stdout:/usr/bin/ceph: stderr
2024-04-25T13:48:11.640+0000 7fa19b7fe700 1 -- 172.21.15.7:0/1768027609 <== mon.0 v2:172.21.15.7:3300/0 4 ==== mgrmap(e 8) ==== 49516+0+0 (secure 0 0 0) 0x7fa1a0019b00 con 0x7fa1a407ee20
2024-04-25T13:48:13.344 INFO:teuthology.orchestra.run.smithi007.stdout:/usr/bin/ceph: stderr
2024-04-25T13:48:11.640+0000 7fa19b7fe700 1 --2- 172.21.15.7:0/1768027609 >> [v2:172.21.15.7:6800/1227242496,v1:172.21.15.7:6801/1227242496] conn(0x7fa19003d570 0x7fa19003fa80 unknown :-1 s=NONE pgs=0 cs=0 l=1 rev1=0 crypto rx=0 tx=0 comp rx=0 tx=0).connect
2024-04-25T13:48:13.344 INFO:teuthology.orchestra.run.smithi007.stdout:/usr/bin/ceph: stderr
2024-04-25T13:48:11.640+0000 7fa19b7fe700 1 -- 172.21.15.7:0/1768027609 <== mon.0 v2:172.21.15.7:3300/0 5 ==== osd_map(2..2 src has 1..2) ==== 940+0+0 (secure 0 0 0) 0x7fa1a0052d60 con 0x7fa1a407ee20
2024-04-25T13:48:13.344 INFO:teuthology.orchestra.run.smithi007.stdout:/usr/bin/ceph: stderr
2024-04-25T13:48:11.640+0000 7fa1a9944700 1 --2- 172.21.15.7:0/1768027609 >> [v2:172.21.15.7:6800/1227242496,v1:172.21.15.7:6801/1227242496] conn(0x7fa19003d570 0x7fa19003fa80 unknown :-1 s=BANNER_CONNECTING pgs=0 cs=0 l=1 rev1=0 crypto rx=0 tx=0 comp rx=0 tx=0)._handle_peer_banner_payload supported=3 required=0
2024-04-25T13:48:13.344 INFO:teuthology.orchestra.run.smithi007.stdout:/usr/bin/ceph: stderr
2024-04-25T13:48:11.640+0000 7fa1a9944700 1 --2- 172.21.15.7:0/1768027609 >> [v2:172.21.15.7:6800/1227242496,v1:172.21.15.7:6801/1227242496] conn(0x7fa19003d570 0x7fa19003fa80 secure :-1 s=READY pgs=16 cs=0 l=1 rev1=1 crypto rx=0x7fa194006fd0 tx=0x7fa194006e40 comp rx=0 tx=0).ready entity=mgr.14120 client_cookie=0 server_cookie=0 in_seq=0 out_seq=0
2024-04-25T13:48:13.344 INFO:teuthology.orchestra.run.smithi007.stdout:/usr/bin/ceph: stderr
2024-04-25T13:48:11.646+0000 7fa19b7fe700 1 -- 172.21.15.7:0/1768027609 <== mon.0 v2:172.21.15.7:3300/0 6 ==== mon_command_ack([{"prefix": "get_command_descriptions"}]=0 v0) ==== 72+0+188370 (secure 0 0 0) 0x7fa1a001f030 con 0x7fa1a407ee20
2024-04-25T13:48:13.344 INFO:teuthology.orchestra.run.smithi007.stdout:/usr/bin/ceph: stderr
2024-04-25T13:48:11.931+0000 7fa1ac3a9700 1 -- 172.21.15.7:0/1768027609 --> [v2:172.21.15.7:3300/0,v1:172.21.15.7:6789/0] -- mon_command({"prefix": "mgr module enable", "module": "dashboard"} v 0) -- 0x7fa1a41a35c0 con 0x7fa1a407ee20
2024-04-25T13:48:13.344 INFO:teuthology.orchestra.run.smithi007.stdout:/usr/bin/ceph: stderr
2024-04-25T13:48:12.675+0000 7fa19b7fe700 1 -- 172.21.15.7:0/1768027609 <== mon.0 v2:172.21.15.7:3300/0 7 ==== mon_command_ack([{"prefix": "mgr module enable", "module": "dashboard"}]=0 v9) ==== 88+0+0 (secure 0 0 0) 0x7fa1a002be20 con 0x7fa1a407ee20
2024-04-25T13:48:13.344 INFO:teuthology.orchestra.run.smithi007.stdout:/usr/bin/ceph: stderr
2024-04-25T13:48:12.677+0000 7fa19b7fe700 1 -- 172.21.15.7:0/1768027609 <== mon.0 v2:172.21.15.7:3300/0 8 ==== mgrmap(e 9) ==== 49529+0+0 (secure 0 0 0) 0x7fa1a0058020 con 0x7fa1a407ee20
2024-04-25T13:48:13.344 INFO:teuthology.orchestra.run.smithi007.stdout:/usr/bin/ceph: stderr
2024-04-25T13:48:12.679+0000 7fa1ac3a9700 1 -- 172.21.15.7:0/1768027609 >> [v2:172.21.15.7:6800/1227242496,v1:172.21.15.7:6801/1227242496] conn(0x7fa19003d570 msgr2=0x7fa19003fa80 secure :-1 s=STATE_CONNECTION_ESTABLISHED l=1).mark_down
2024-04-25T13:48:13.344 INFO:teuthology.orchestra.run.smithi007.stdout:/usr/bin/ceph: stderr
2024-04-25T13:48:12.679+0000 7fa1ac3a9700 1 --2- 172.21.15.7:0/1768027609 >> [v2:172.21.15.7:6800/1227242496,v1:172.21.15.7:6801/1227242496] conn(0x7fa19003d570 0x7fa19003fa80 secure :-1 s=READY pgs=16 cs=0 l=1 rev1=1 crypto rx=0x7fa194006fd0 tx=0x7fa194006e40 comp rx=0 tx=0).stop
2024-04-25T13:48:13.344 INFO:teuthology.orchestra.run.smithi007.stdout:/usr/bin/ceph: stderr
2024-04-25T13:48:12.679+0000 7fa1ac3a9700 1 -- 172.21.15.7:0/1768027609 >> [v2:172.21.15.7:3300/0,v1:172.21.15.7:6789/0] conn(0x7fa1a407ee20 msgr2=0x7fa1a41a0010 secure :-1 s=STATE_CONNECTION_ESTABLISHED l=1).mark_down
2024-04-25T13:48:13.345 INFO:teuthology.orchestra.run.smithi007.stdout:/usr/bin/ceph: stderr
2024-04-25T13:48:12.679+0000 7fa1ac3a9700 1 --2- 172.21.15.7:0/1768027609 >> [v2:172.21.15.7:3300/0,v1:172.21.15.7:6789/0] conn(0x7fa1a407ee20 0x7fa1a41a0010 secure :-1 s=READY pgs=56 cs=0 l=1 rev1=1 crypto rx=0x7fa1a0000c00 tx=0x7fa1a0011b10 comp rx=0 tx=0).stop
2024-04-25T13:48:13.345 INFO:teuthology.orchestra.run.smithi007.stdout:/usr/bin/ceph: stderr
2024-04-25T13:48:12.679+0000 7fa1ac3a9700 1 -- 172.21.15.7:0/1768027609 shutdown_connections
2024-04-25T13:48:13.345 INFO:teuthology.orchestra.run.smithi007.stdout:/usr/bin/ceph: stderr
2024-04-25T13:48:12.679+0000 7fa1ac3a9700 1 --2- 172.21.15.7:0/1768027609 >> [v2:172.21.15.7:6800/1227242496,v1:172.21.15.7:6801/1227242496] conn(0x7fa19003d570 0x7fa19003fa80 unknown :-1 s=CLOSED pgs=16 cs=0 l=1 rev1=1 crypto rx=0 tx=0 comp rx=0 tx=0).stop
2024-04-25T13:48:13.345 INFO:teuthology.orchestra.run.smithi007.stdout:/usr/bin/ceph: stderr
2024-04-25T13:48:12.679+0000 7fa1ac3a9700 1 --2- 172.21.15.7:0/1768027609 >> [v2:172.21.15.7:3300/0,v1:172.21.15.7:6789/0] conn(0x7fa1a407ee20 0x7fa1a41a0010 unknown :-1 s=CLOSED pgs=56 cs=0 l=1 rev1=1 crypto rx=0 tx=0 comp rx=0 tx=0).stop
2024-04-25T13:48:13.345 INFO:teuthology.orchestra.run.smithi007.stdout:/usr/bin/ceph: stderr
2024-04-25T13:48:12.679+0000 7fa1ac3a9700 1 -- 172.21.15.7:0/1768027609 >> 172.21.15.7:0/1768027609 conn(0x7fa1a41050d0 msgr2=0x7fa1a4105a20 unknown :-1 s=STATE_NONE l=0).mark_down
2024-04-25T13:48:13.345 INFO:teuthology.orchestra.run.smithi007.stdout:/usr/bin/ceph: stderr
2024-04-25T13:48:12.679+0000 7fa1ac3a9700 1 -- 172.21.15.7:0/1768027609 shutdown_connections
2024-04-25T13:48:13.345 INFO:teuthology.orchestra.run.smithi007.stdout:/usr/bin/ceph: stderr
2024-04-25T13:48:12.679+0000 7fa1ac3a9700 1 -- 172.21.15.7:0/1768027609 wait complete.
2024-04-25T13:48:13.595 INFO:journalctl@ceph.mgr.x.smithi007.stdout:Apr 25 13:48:13 smithi007 ceph-31b13378-030a-11ef-bc93-c7b262605968-mgr-x[29411]:
2024-04-25T13:48:13.529+0000 7f7205e3b200 -1 mgr[py] Module progress has missing NOTIFY_TYPES member
2024-04-25T13:48:13.903 INFO:journalctl@ceph.mon.a.smithi007.stdout:Apr 25 13:48:13 smithi007 ceph-mon[29180]: from='client.? 172.21.15.7:0/1768027609' entity='client.admin' cmd='[{"prefix": "mgr module enable", "module": "dashboard"}]': finished
2024-04-25T13:48:13.903 INFO:journalctl@ceph.mon.a.smithi007.stdout:Apr 25 13:48:13 smithi007 ceph-mon[29180]: mgrmap e9: x(active, since 21s)
2024-04-25T13:48:13.903 INFO:journalctl@ceph.mgr.x.smithi007.stdout:Apr 25 13:48:13 smithi007 ceph-31b13378-030a-11ef-bc93-c7b262605968-mgr-x[29411]:
2024-04-25T13:48:13.622+0000 7f7205e3b200 -1 mgr[py] Module influx has missing NOTIFY_TYPES member
2024-04-25T13:48:14.831 INFO:journalctl@ceph.mon.a.smithi007.stdout:Apr 25 13:48:14 smithi007 ceph-mon[29180]: from='client.? 172.21.15.7:0/1574489304' entity='client.admin' cmd=[{"prefix": "mgr stat"}]: dispatch
2024-04-25T13:48:14.840 INFO:teuthology.orchestra.run.smithi007.stdout:/usr/bin/ceph: stdout {
2024-04-25T13:48:14.840 INFO:teuthology.orchestra.run.smithi007.stdout:/usr/bin/ceph: stdout "epoch": 9,
2024-04-25T13:48:14.840 INFO:teuthology.orchestra.run.smithi007.stdout:/usr/bin/ceph: stdout "available": true,
2024-04-25T13:48:14.840 INFO:teuthology.orchestra.run.smithi007.stdout:/usr/bin/ceph: stdout "active_name": "x",
2024-04-25T13:48:14.840 INFO:teuthology.orchestra.run.smithi007.stdout:/usr/bin/ceph: stdout "num_standby": 0
2024-04-25T13:48:14.840 INFO:teuthology.orchestra.run.smithi007.stdout:/usr/bin/ceph: stdout }
2024-04-25T13:48:14.840 INFO:teuthology.orchestra.run.smithi007.stdout:/usr/bin/ceph: stderr
2024-04-25T13:48:13.933+0000 7fb7508cf700 1 Processor -- start
2024-04-25T13:48:14.840 INFO:teuthology.orchestra.run.smithi007.stdout:/usr/bin/ceph: stderr
2024-04-25T13:48:13.933+0000 7fb7508cf700 1 -- start start
2024-04-25T13:48:14.840 INFO:teuthology.orchestra.run.smithi007.stdout:/usr/bin/ceph: stderr
2024-04-25T13:48:13.933+0000 7fb7508cf700 1 --2- >> [v2:172.21.15.7:3300/0,v1:172.21.15.7:6789/0] conn(0x7fb74c10a500 0x7fb74c10c920 unknown :-1 s=NONE pgs=0 cs=0 l=0 rev1=0 crypto rx=0 tx=0 comp rx=0 tx=0).connect
2024-04-25T13:48:14.840 INFO:teuthology.orchestra.run.smithi007.stdout:/usr/bin/ceph: stderr
2024-04-25T13:48:13.933+0000 7fb7508cf700 1 -- --> [v2:172.21.15.7:3300/0,v1:172.21.15.7:6789/0] -- mon_getmap magic: 0 -- 0x7fb74c077020 con 0x7fb74c10a500
2024-04-25T13:48:14.841 INFO:teuthology.orchestra.run.smithi007.stdout:/usr/bin/ceph: stderr
2024-04-25T13:48:13.933+0000 7fb74a59c700 1 --2- >> [v2:172.21.15.7:3300/0,v1:172.21.15.7:6789/0] conn(0x7fb74c10a500 0x7fb74c10c920 unknown :-1 s=BANNER_CONNECTING pgs=0 cs=0 l=0 rev1=0 crypto rx=0 tx=0 comp rx=0 tx=0)._handle_peer_banner_payload supported=3 required=0
2024-04-25T13:48:14.841 INFO:teuthology.orchestra.run.smithi007.stdout:/usr/bin/ceph: stderr
2024-04-25T13:48:13.933+0000 7fb74a59c700 1 --2- >> [v2:172.21.15.7:3300/0,v1:172.21.15.7:6789/0] conn(0x7fb74c10a500 0x7fb74c10c920 unknown :-1 s=HELLO_CONNECTING pgs=0 cs=0 l=0 rev1=1 crypto rx=0 tx=0 comp rx=0 tx=0).handle_hello peer v2:172.21.15.7:3300/0 says I am v2:172.21.15.7:51710/0 (socket says 172.21.15.7:51710)
2024-04-25T13:48:14.841 INFO:teuthology.orchestra.run.smithi007.stdout:/usr/bin/ceph: stderr
2024-04-25T13:48:13.933+0000 7fb74a59c700 1 -- 172.21.15.7:0/3153186371 learned_addr learned my addr 172.21.15.7:0/3153186371 (peer_addr_for_me v2:172.21.15.7:0/0)
2024-04-25T13:48:14.841 INFO:teuthology.orchestra.run.smithi007.stdout:/usr/bin/ceph: stderr
2024-04-25T13:48:13.934+0000 7fb74a59c700 1 -- 172.21.15.7:0/3153186371 --> [v2:172.21.15.7:3300/0,v1:172.21.15.7:6789/0] -- mon_subscribe({config=0+,monmap=0+}) -- 0x7fb74c10ce60 con 0x7fb74c10a500
2024-04-25T13:48:14.841 INFO:teuthology.orchestra.run.smithi007.stdout:/usr/bin/ceph: stderr
2024-04-25T13:48:13.934+0000 7fb74a59c700 1 --2- 172.21.15.7:0/3153186371 >> [v2:172.21.15.7:3300/0,v1:172.21.15.7:6789/0] conn(0x7fb74c10a500 0x7fb74c10c920 secure :-1 s=READY pgs=59 cs=0 l=1 rev1=1 crypto rx=0x7fb73c0098a0 tx=0x7fb73c009bb0 comp rx=0 tx=0).ready entity=mon.0 client_cookie=9584947e90520cfa server_cookie=0 in_seq=0 out_seq=0
2024-04-25T13:48:14.841 INFO:teuthology.orchestra.run.smithi007.stdout:/usr/bin/ceph: stderr
2024-04-25T13:48:13.934+0000 7fb74959a700 1 -- 172.21.15.7:0/3153186371 <== mon.0 v2:172.21.15.7:3300/0 1 ==== mon_map magic: 0 ==== 205+0+0 (secure 0 0 0) 0x7fb73c004160 con 0x7fb74c10a500
2024-04-25T13:48:14.841 INFO:teuthology.orchestra.run.smithi007.stdout:/usr/bin/ceph: stderr
2024-04-25T13:48:13.934+0000 7fb74959a700 1 -- 172.21.15.7:0/3153186371 <== mon.0 v2:172.21.15.7:3300/0 2 ==== config(26 keys) ==== 1101+0+0 (secure 0 0 0) 0x7fb73c004300 con 0x7fb74c10a500
2024-04-25T13:48:14.841 INFO:teuthology.orchestra.run.smithi007.stdout:/usr/bin/ceph: stderr
2024-04-25T13:48:13.934+0000 7fb74959a700 1 -- 172.21.15.7:0/3153186371 <== mon.0 v2:172.21.15.7:3300/0 3 ==== mon_map magic: 0 ==== 205+0+0 (secure 0 0 0) 0x7fb73c011a20 con 0x7fb74c10a500
2024-04-25T13:48:14.841 INFO:teuthology.orchestra.run.smithi007.stdout:/usr/bin/ceph: stderr
2024-04-25T13:48:13.935+0000 7fb7508cf700 1 -- 172.21.15.7:0/3153186371 >> [v2:172.21.15.7:3300/0,v1:172.21.15.7:6789/0] conn(0x7fb74c10a500 msgr2=0x7fb74c10c920 secure :-1 s=STATE_CONNECTION_ESTABLISHED l=1).mark_down
2024-04-25T13:48:14.841 INFO:teuthology.orchestra.run.smithi007.stdout:/usr/bin/ceph: stderr
2024-04-25T13:48:13.935+0000 7fb7508cf700 1 --2- 172.21.15.7:0/3153186371 >> [v2:172.21.15.7:3300/0,v1:172.21.15.7:6789/0] conn(0x7fb74c10a500 0x7fb74c10c920 secure :-1 s=READY pgs=59 cs=0 l=1 rev1=1 crypto rx=0x7fb73c0098a0 tx=0x7fb73c009bb0 comp rx=0 tx=0).stop
2024-04-25T13:48:14.841 INFO:teuthology.orchestra.run.smithi007.stdout:/usr/bin/ceph: stderr
2024-04-25T13:48:13.935+0000 7fb7508cf700 1 -- 172.21.15.7:0/3153186371 shutdown_connections
2024-04-25T13:48:14.841 INFO:teuthology.orchestra.run.smithi007.stdout:/usr/bin/ceph: stderr
2024-04-25T13:48:13.935+0000 7fb7508cf700 1 --2- 172.21.15.7:0/3153186371 >> [v2:172.21.15.7:3300/0,v1:172.21.15.7:6789/0] conn(0x7fb74c10a500 0x7fb74c10c920 unknown :-1 s=CLOSED pgs=59 cs=0 l=1 rev1=1 crypto rx=0 tx=0 comp rx=0 tx=0).stop
2024-04-25T13:48:14.841 INFO:teuthology.orchestra.run.smithi007.stdout:/usr/bin/ceph: stderr
2024-04-25T13:48:13.935+0000 7fb7508cf700 1 -- 172.21.15.7:0/3153186371 >> 172.21.15.7:0/3153186371 conn(0x7fb74c103fa0 msgr2=0x7fb74c106410 unknown :-1 s=STATE_NONE l=0).mark_down
2024-04-25T13:48:14.841 INFO:teuthology.orchestra.run.smithi007.stdout:/usr/bin/ceph: stderr
2024-04-25T13:48:13.935+0000 7fb7508cf700 1 -- 172.21.15.7:0/3153186371 shutdown_connections
2024-04-25T13:48:14.841 INFO:teuthology.orchestra.run.smithi007.stdout:/usr/bin/ceph: stderr
2024-04-25T13:48:13.935+0000 7fb7508cf700 1 -- 172.21.15.7:0/3153186371 wait complete.
2024-04-25T13:48:14.841 INFO:teuthology.orchestra.run.smithi007.stdout:/usr/bin/ceph: stderr
2024-04-25T13:48:13.936+0000 7fb7508cf700 1 Processor -- start
2024-04-25T13:48:14.842 INFO:teuthology.orchestra.run.smithi007.stdout:/usr/bin/ceph: stderr
2024-04-25T13:48:13.936+0000 7fb7508cf700 1 -- start start
2024-04-25T13:48:14.842 INFO:teuthology.orchestra.run.smithi007.stdout:/usr/bin/ceph: stderr
2024-04-25T13:48:13.936+0000 7fb7508cf700 1 --2- >> [v2:172.21.15.7:3300/0,v1:172.21.15.7:6789/0] conn(0x7fb74c10a500 0x7fb74c109c80 unknown :-1 s=NONE pgs=0 cs=0 l=1 rev1=0 crypto rx=0 tx=0 comp rx=0 tx=0).connect
2024-04-25T13:48:14.842 INFO:teuthology.orchestra.run.smithi007.stdout:/usr/bin/ceph: stderr
2024-04-25T13:48:13.936+0000 7fb7508cf700 1 -- --> [v2:172.21.15.7:3300/0,v1:172.21.15.7:6789/0] -- mon_getmap magic: 0 -- 0x7fb74c10de60 con 0x7fb74c10a500
2024-04-25T13:48:14.842 INFO:teuthology.orchestra.run.smithi007.stdout:/usr/bin/ceph: stderr
2024-04-25T13:48:13.936+0000 7fb74a59c700 1 --2- >> [v2:172.21.15.7:3300/0,v1:172.21.15.7:6789/0] conn(0x7fb74c10a500 0x7fb74c109c80 unknown :-1 s=BANNER_CONNECTING pgs=0 cs=0 l=1 rev1=0 crypto rx=0 tx=0 comp rx=0 tx=0)._handle_peer_banner_payload supported=3 required=0
2024-04-25T13:48:14.842 INFO:teuthology.orchestra.run.smithi007.stdout:/usr/bin/ceph: stderr
2024-04-25T13:48:13.936+0000 7fb74a59c700 1 --2- >> [v2:172.21.15.7:3300/0,v1:172.21.15.7:6789/0] conn(0x7fb74c10a500 0x7fb74c109c80 unknown :-1 s=HELLO_CONNECTING pgs=0 cs=0 l=1 rev1=1 crypto rx=0 tx=0 comp rx=0 tx=0).handle_hello peer v2:172.21.15.7:3300/0 says I am v2:172.21.15.7:51722/0 (socket says 172.21.15.7:51722)
2024-04-25T13:48:14.842 INFO:teuthology.orchestra.run.smithi007.stdout:/usr/bin/ceph: stderr
2024-04-25T13:48:13.936+0000 7fb74a59c700 1 -- 172.21.15.7:0/1574489304 learned_addr learned my addr 172.21.15.7:0/1574489304 (peer_addr_for_me v2:172.21.15.7:0/0)
2024-04-25T13:48:14.842 INFO:teuthology.orchestra.run.smithi007.stdout:/usr/bin/ceph: stderr
2024-04-25T13:48:13.937+0000 7fb74a59c700 1 -- 172.21.15.7:0/1574489304 --> [v2:172.21.15.7:3300/0,v1:172.21.15.7:6789/0] -- mon_subscribe({config=0+,monmap=0+}) -- 0x7fb74c10a1c0 con 0x7fb74c10a500
2024-04-25T13:48:14.842 INFO:teuthology.orchestra.run.smithi007.stdout:/usr/bin/ceph: stderr
2024-04-25T13:48:13.937+0000 7fb74a59c700 1 --2- 172.21.15.7:0/1574489304 >> [v2:172.21.15.7:3300/0,v1:172.21.15.7:6789/0] conn(0x7fb74c10a500 0x7fb74c109c80 secure :-1 s=READY pgs=60 cs=0 l=1 rev1=1 crypto rx=0x7fb73c0119f0 tx=0x7fb73c011ad0 comp rx=0 tx=0).ready entity=mon.0 client_cookie=0 server_cookie=0 in_seq=0 out_seq=0
2024-04-25T13:48:14.842 INFO:teuthology.orchestra.run.smithi007.stdout:/usr/bin/ceph: stderr
2024-04-25T13:48:13.937+0000 7fb73b7fe700 1 -- 172.21.15.7:0/1574489304 <== mon.0 v2:172.21.15.7:3300/0 1 ==== mon_map magic: 0 ==== 205+0+0 (secure 0 0 0) 0x7fb73c0039e0 con 0x7fb74c10a500
2024-04-25T13:48:14.842 INFO:teuthology.orchestra.run.smithi007.stdout:/usr/bin/ceph: stderr
2024-04-25T13:48:13.937+0000 7fb7508cf700 1 -- 172.21.15.7:0/1574489304 --> [v2:172.21.15.7:3300/0,v1:172.21.15.7:6789/0] -- mon_subscribe({mgrmap=0+}) -- 0x7fb74c108410 con 0x7fb74c10a500
2024-04-25T13:48:14.842 INFO:teuthology.orchestra.run.smithi007.stdout:/usr/bin/ceph: stderr
2024-04-25T13:48:13.937+0000 7fb7508cf700 1 -- 172.21.15.7:0/1574489304 --> [v2:172.21.15.7:3300/0,v1:172.21.15.7:6789/0] -- mon_subscribe({osdmap=0}) -- 0x7fb74c1088f0 con 0x7fb74c10a500
2024-04-25T13:48:14.842 INFO:teuthology.orchestra.run.smithi007.stdout:/usr/bin/ceph: stderr
2024-04-25T13:48:13.937+0000 7fb73b7fe700 1 -- 172.21.15.7:0/1574489304 <== mon.0 v2:172.21.15.7:3300/0 2 ==== config(26 keys) ==== 1101+0+0 (secure 0 0 0) 0x7fb73c01b8f0 con 0x7fb74c10a500
2024-04-25T13:48:14.842 INFO:teuthology.orchestra.run.smithi007.stdout:/usr/bin/ceph: stderr
2024-04-25T13:48:13.937+0000 7fb73b7fe700 1 -- 172.21.15.7:0/1574489304 <== mon.0 v2:172.21.15.7:3300/0 3 ==== mon_map magic: 0 ==== 205+0+0 (secure 0 0 0) 0x7fb73c0237a0 con 0x7fb74c10a500
2024-04-25T13:48:14.843 INFO:teuthology.orchestra.run.smithi007.stdout:/usr/bin/ceph: stderr
2024-04-25T13:48:13.938+0000 7fb7508cf700 1 -- 172.21.15.7:0/1574489304 --> [v2:172.21.15.7:3300/0,v1:172.21.15.7:6789/0] -- mon_command({"prefix": "get_command_descriptions"} v 0) -- 0x7fb74c064cf0 con 0x7fb74c10a500
2024-04-25T13:48:14.843 INFO:teuthology.orchestra.run.smithi007.stdout:/usr/bin/ceph: stderr
2024-04-25T13:48:13.938+0000 7fb73b7fe700 1 -- 172.21.15.7:0/1574489304 <== mon.0 v2:172.21.15.7:3300/0 4 ==== mgrmap(e 9) ==== 49529+0+0 (secure 0 0 0) 0x7fb73c02c3f0 con 0x7fb74c10a500
2024-04-25T13:48:14.843 INFO:teuthology.orchestra.run.smithi007.stdout:/usr/bin/ceph: stderr
2024-04-25T13:48:13.938+0000 7fb73b7fe700 1 --2- 172.21.15.7:0/1574489304 >> [v2:172.21.15.7:6800/1227242496,v1:172.21.15.7:6801/1227242496] conn(0x7fb73403d5d0 0x7fb73403fae0 unknown :-1 s=NONE pgs=0 cs=0 l=1 rev1=0 crypto rx=0 tx=0 comp rx=0 tx=0).connect
2024-04-25T13:48:14.843 INFO:teuthology.orchestra.run.smithi007.stdout:/usr/bin/ceph: stderr
2024-04-25T13:48:13.938+0000 7fb73b7fe700 1 -- 172.21.15.7:0/1574489304 <== mon.0 v2:172.21.15.7:3300/0 5 ==== osd_map(2..2 src has 1..2) ==== 940+0+0 (secure 0 0 0) 0x7fb73c052c30 con 0x7fb74c10a500
2024-04-25T13:48:14.843 INFO:teuthology.orchestra.run.smithi007.stdout:/usr/bin/ceph: stderr
2024-04-25T13:48:13.938+0000 7fb749d9b700 1 -- 172.21.15.7:0/1574489304 >> [v2:172.21.15.7:6800/1227242496,v1:172.21.15.7:6801/1227242496] conn(0x7fb73403d5d0 msgr2=0x7fb73403fae0 unknown :-1 s=STATE_CONNECTING_RE l=1).process reconnect failed to v2:172.21.15.7:6800/1227242496
2024-04-25T13:48:14.843 INFO:teuthology.orchestra.run.smithi007.stdout:/usr/bin/ceph: stderr
2024-04-25T13:48:13.939+0000 7fb749d9b700 1 --2- 172.21.15.7:0/1574489304 >> [v2:172.21.15.7:6800/1227242496,v1:172.21.15.7:6801/1227242496] conn(0x7fb73403d5d0 0x7fb73403fae0 unknown :-1 s=START_CONNECT pgs=0 cs=0 l=1 rev1=0 crypto rx=0 tx=0 comp rx=0 tx=0)._fault waiting 0.200000
2024-04-25T13:48:14.843 INFO:teuthology.orchestra.run.smithi007.stdout:/usr/bin/ceph: stderr
2024-04-25T13:48:13.943+0000 7fb73b7fe700 1 -- 172.21.15.7:0/1574489304 <== mon.0 v2:172.21.15.7:3300/0 6 ==== mon_command_ack([{"prefix": "get_command_descriptions"}]=0 v0) ==== 72+0+188370 (secure 0 0 0) 0x7fb73c01f030 con 0x7fb74c10a500
2024-04-25T13:48:14.843 INFO:teuthology.orchestra.run.smithi007.stdout:/usr/bin/ceph: stderr
2024-04-25T13:48:14.140+0000 7fb749d9b700 1 -- 172.21.15.7:0/1574489304 >> [v2:172.21.15.7:6800/1227242496,v1:172.21.15.7:6801/1227242496] conn(0x7fb73403d5d0 msgr2=0x7fb73403fae0 unknown :-1 s=STATE_CONNECTING_RE l=1).process reconnect failed to v2:172.21.15.7:6800/1227242496
2024-04-25T13:48:14.843 INFO:teuthology.orchestra.run.smithi007.stdout:/usr/bin/ceph: stderr
2024-04-25T13:48:14.140+0000 7fb749d9b700 1 --2- 172.21.15.7:0/1574489304 >> [v2:172.21.15.7:6800/1227242496,v1:172.21.15.7:6801/1227242496] conn(0x7fb73403d5d0 0x7fb73403fae0 unknown :-1 s=START_CONNECT pgs=0 cs=0 l=1 rev1=0 crypto rx=0 tx=0 comp rx=0 tx=0)._fault waiting 0.400000
2024-04-25T13:48:14.843 INFO:teuthology.orchestra.run.smithi007.stdout:/usr/bin/ceph: stderr
2024-04-25T13:48:14.256+0000 7fb7508cf700 1 -- 172.21.15.7:0/1574489304 --> [v2:172.21.15.7:3300/0,v1:172.21.15.7:6789/0] -- mon_command({"prefix": "mgr stat"} v 0) -- 0x7fb74c108fc0 con 0x7fb74c10a500
2024-04-25T13:48:14.843 INFO:teuthology.orchestra.run.smithi007.stdout:/usr/bin/ceph: stderr
2024-04-25T13:48:14.256+0000 7fb73b7fe700 1 -- 172.21.15.7:0/1574489304 <== mon.0 v2:172.21.15.7:3300/0 7 ==== mon_command_ack([{"prefix": "mgr stat"}]=0 v9) ==== 56+0+88 (secure 0 0 0) 0x7fb73c016df0 con 0x7fb74c10a500
2024-04-25T13:48:14.843 INFO:teuthology.orchestra.run.smithi007.stdout:/usr/bin/ceph: stderr
2024-04-25T13:48:14.259+0000 7fb7508cf700 1 -- 172.21.15.7:0/1574489304 >> [v2:172.21.15.7:6800/1227242496,v1:172.21.15.7:6801/1227242496] conn(0x7fb73403d5d0 msgr2=0x7fb73403fae0 unknown :-1 s=STATE_CONNECTING l=1).mark_down
2024-04-25T13:48:14.843 INFO:teuthology.orchestra.run.smithi007.stdout:/usr/bin/ceph: stderr
2024-04-25T13:48:14.259+0000 7fb7508cf700 1 --2- 172.21.15.7:0/1574489304 >> [v2:172.21.15.7:6800/1227242496,v1:172.21.15.7:6801/1227242496] conn(0x7fb73403d5d0 0x7fb73403fae0 unknown :-1 s=START_CONNECT pgs=0 cs=0 l=1 rev1=0 crypto rx=0 tx=0 comp rx=0 tx=0).stop
2024-04-25T13:48:14.843 INFO:teuthology.orchestra.run.smithi007.stdout:/usr/bin/ceph: stderr
2024-04-25T13:48:14.259+0000 7fb7508cf700 1 -- 172.21.15.7:0/1574489304 >> [v2:172.21.15.7:3300/0,v1:172.21.15.7:6789/0] conn(0x7fb74c10a500 msgr2=0x7fb74c109c80 secure :-1 s=STATE_CONNECTION_ESTABLISHED l=1).mark_down
2024-04-25T13:48:14.844 INFO:teuthology.orchestra.run.smithi007.stdout:/usr/bin/ceph: stderr
2024-04-25T13:48:14.259+0000 7fb7508cf700 1 --2- 172.21.15.7:0/1574489304 >> [v2:172.21.15.7:3300/0,v1:172.21.15.7:6789/0] conn(0x7fb74c10a500 0x7fb74c109c80 secure :-1 s=READY pgs=60 cs=0 l=1 rev1=1 crypto rx=0x7fb73c0119f0 tx=0x7fb73c011ad0 comp rx=0 tx=0).stop
2024-04-25T13:48:14.844 INFO:teuthology.orchestra.run.smithi007.stdout:/usr/bin/ceph: stderr
2024-04-25T13:48:14.260+0000 7fb7508cf700 1 -- 172.21.15.7:0/1574489304 shutdown_connections
2024-04-25T13:48:14.844 INFO:teuthology.orchestra.run.smithi007.stdout:/usr/bin/ceph: stderr
2024-04-25T13:48:14.260+0000 7fb7508cf700 1 --2- 172.21.15.7:0/1574489304 >> [v2:172.21.15.7:6800/1227242496,v1:172.21.15.7:6801/1227242496] conn(0x7fb73403d5d0 0x7fb73403fae0 unknown :-1 s=CLOSED pgs=0 cs=0 l=1 rev1=0 crypto rx=0 tx=0 comp rx=0 tx=0).stop
2024-04-25T13:48:14.844 INFO:teuthology.orchestra.run.smithi007.stdout:/usr/bin/ceph: stderr
2024-04-25T13:48:14.260+0000 7fb7508cf700 1 --2- 172.21.15.7:0/1574489304 >> [v2:172.21.15.7:3300/0,v1:172.21.15.7:6789/0] conn(0x7fb74c10a500 0x7fb74c109c80 unknown :-1 s=CLOSED pgs=60 cs=0 l=1 rev1=1 crypto rx=0 tx=0 comp rx=0 tx=0).stop
2024-04-25T13:48:14.844 INFO:teuthology.orchestra.run.smithi007.stdout:/usr/bin/ceph: stderr
2024-04-25T13:48:14.260+0000 7fb7508cf700 1 -- 172.21.15.7:0/1574489304 >> 172.21.15.7:0/1574489304 conn(0x7fb74c103fa0 msgr2=0x7fb74c1047e0 unknown :-1 s=STATE_NONE l=0).mark_down
2024-04-25T13:48:14.844 INFO:teuthology.orchestra.run.smithi007.stdout:/usr/bin/ceph: stderr
2024-04-25T13:48:14.260+0000 7fb7508cf700 1 -- 172.21.15.7:0/1574489304 shutdown_connections
2024-04-25T13:48:14.844 INFO:teuthology.orchestra.run.smithi007.stdout:/usr/bin/ceph: stderr
2024-04-25T13:48:14.260+0000 7fb7508cf700 1 -- 172.21.15.7:0/1574489304 wait complete.
2024-04-25T13:48:14.844 INFO:teuthology.orchestra.run.smithi007.stdout:Waiting for the mgr to restart...
2024-04-25T13:48:14.844 INFO:teuthology.orchestra.run.smithi007.stdout:Waiting for mgr epoch 9...
2024-04-25T13:48:15.082 INFO:journalctl@ceph.mgr.x.smithi007.stdout:Apr 25 13:48:14 smithi007 ceph-31b13378-030a-11ef-bc93-c7b262605968-mgr-x[29411]:
2024-04-25T13:48:14.899+0000 7f7205e3b200 -1 mgr[py] Module telegraf has missing NOTIFY_TYPES member
2024-04-25T13:48:15.082 INFO:journalctl@ceph.mgr.x.smithi007.stdout:Apr 25 13:48:15 smithi007 ceph-31b13378-030a-11ef-bc93-c7b262605968-mgr-x[29411]:
2024-04-25T13:48:15.082+0000 7f7205e3b200 -1 mgr[py] Module osd_support has missing NOTIFY_TYPES member
2024-04-25T13:48:15.345 INFO:journalctl@ceph.mgr.x.smithi007.stdout:Apr 25 13:48:15 smithi007 ceph-31b13378-030a-11ef-bc93-c7b262605968-mgr-x[29411]:
2024-04-25T13:48:15.265+0000 7f7205e3b200 -1 mgr[py] Module iostat has missing NOTIFY_TYPES member
2024-04-25T13:48:15.845 INFO:journalctl@ceph.mgr.x.smithi007.stdout:Apr 25 13:48:15 smithi007 ceph-31b13378-030a-11ef-bc93-c7b262605968-mgr-x[29411]:
2024-04-25T13:48:15.574+0000 7f7205e3b200 -1 mgr[py] Module alerts has missing NOTIFY_TYPES member
2024-04-25T13:48:15.845 INFO:journalctl@ceph.mgr.x.smithi007.stdout:Apr 25 13:48:15 smithi007 ceph-31b13378-030a-11ef-bc93-c7b262605968-mgr-x[29411]:
2024-04-25T13:48:15.671+0000 7f7205e3b200 -1 mgr[py] Module selftest has missing NOTIFY_TYPES member
2024-04-25T13:48:16.345 INFO:journalctl@ceph.mgr.x.smithi007.stdout:Apr 25 13:48:15 smithi007 ceph-31b13378-030a-11ef-bc93-c7b262605968-mgr-x[29411]:
2024-04-25T13:48:15.883+0000 7f7205e3b200 -1 mgr[py] Module pg_autoscaler has missing NOTIFY_TYPES member
2024-04-25T13:48:16.345 INFO:journalctl@ceph.mgr.x.smithi007.stdout:Apr 25 13:48:16 smithi007 ceph-31b13378-030a-11ef-bc93-c7b262605968-mgr-x[29411]:
2024-04-25T13:48:16.085+0000 7f7205e3b200 -1 mgr[py] Module test_orchestrator has missing NOTIFY_TYPES member
2024-04-25T13:48:17.095 INFO:journalctl@ceph.mgr.x.smithi007.stdout:Apr 25 13:48:16 smithi007 ceph-31b13378-030a-11ef-bc93-c7b262605968-mgr-x[29411]:
2024-04-25T13:48:16.714+0000 7f7205e3b200 -1 mgr[py] Module rook has missing NOTIFY_TYPES member
2024-04-25T13:48:17.475 INFO:journalctl@ceph.mgr.x.smithi007.stdout:Apr 25 13:48:17 smithi007 ceph-31b13378-030a-11ef-bc93-c7b262605968-mgr-x[29411]:
2024-04-25T13:48:17.161+0000 7f7205e3b200 -1 mgr[py] Module volumes has missing NOTIFY_TYPES member
2024-04-25T13:48:17.475 INFO:journalctl@ceph.mgr.x.smithi007.stdout:Apr 25 13:48:17 smithi007 ceph-31b13378-030a-11ef-bc93-c7b262605968-mgr-x[29411]:
2024-04-25T13:48:17.263+0000 7f7205e3b200 -1 mgr[py] Module crash has missing NOTIFY_TYPES member
2024-04-25T13:48:17.476 INFO:journalctl@ceph.mgr.x.smithi007.stdout:Apr 25 13:48:17 smithi007 ceph-31b13378-030a-11ef-bc93-c7b262605968-mgr-x[29411]:
2024-04-25T13:48:17.475+0000 7f7205e3b200 -1 mgr[py] Module rgw has missing NOTIFY_TYPES member
2024-04-25T13:48:18.334 INFO:journalctl@ceph.mgr.x.smithi007.stdout:Apr 25 13:48:18 smithi007 ceph-31b13378-030a-11ef-bc93-c7b262605968-mgr-x[29411]:
2024-04-25T13:48:18.020+0000 7f7205e3b200 -1 mgr[py] Module prometheus has missing NOTIFY_TYPES member
2024-04-25T13:48:18.334 INFO:journalctl@ceph.mgr.x.smithi007.stdout:Apr 25 13:48:18 smithi007 ceph-31b13378-030a-11ef-bc93-c7b262605968-mgr-x[29411]:
2024-04-25T13:48:18.117+0000 7f7205e3b200 -1 mgr[py] Module devicehealth has missing NOTIFY_TYPES member
2024-04-25T13:48:18.595 INFO:journalctl@ceph.mgr.x.smithi007.stdout:Apr 25 13:48:18 smithi007 ceph-31b13378-030a-11ef-bc93-c7b262605968-mgr-x[29411]:
2024-04-25T13:48:18.374+0000 7f7205e3b200 -1 mgr[py] Module telemetry has missing NOTIFY_TYPES member
2024-04-25T13:48:18.595 INFO:journalctl@ceph.mgr.x.smithi007.stdout:Apr 25 13:48:18 smithi007 ceph-31b13378-030a-11ef-bc93-c7b262605968-mgr-x[29411]:
