2024-04-25T13:59:58.313 INFO:journalctl@ceph.mon.a.smithi016.stdout:Apr 25 13:59:58 smithi016 ceph-mon[29191]: from='mgr.14152 172.21.15.16:0/4063930744' entity='mgr.x' cmd=[{"prefix":"config rm","who":"mgr","name":"mgr/rbd_support/x/mirror_snapshot_schedule"}]: dispatch
2024-04-25T13:59:58.313 INFO:journalctl@ceph.mon.a.smithi016.stdout:Apr 25 13:59:58 smithi016 ceph-mon[29191]: from='mgr.14152 172.21.15.16:0/4063930744' entity='mgr.x' cmd=[{"prefix":"config rm","who":"mgr","name":"mgr/rbd_support/x/trash_purge_schedule"}]: dispatch
2024-04-25T13:59:58.313 INFO:journalctl@ceph.mon.a.smithi016.stdout:Apr 25 13:59:58 smithi016 ceph-mon[29191]: mgrmap e11: x(active, since 1.00747s)
2024-04-25T13:59:59.246 INFO:teuthology.orchestra.run.smithi016.stdout:/usr/bin/ceph: stdout {
2024-04-25T13:59:59.247 INFO:teuthology.orchestra.run.smithi016.stdout:/usr/bin/ceph: stdout "mgrmap_epoch": 11,
2024-04-25T13:59:59.247 INFO:teuthology.orchestra.run.smithi016.stdout:/usr/bin/ceph: stdout "initialized": true
2024-04-25T13:59:59.247 INFO:teuthology.orchestra.run.smithi016.stdout:/usr/bin/ceph: stdout }
2024-04-25T13:59:59.247 INFO:teuthology.orchestra.run.smithi016.stdout:/usr/bin/ceph: stderr
2024-04-25T13:59:52.832+0000 7f844279d700 1 Processor -- start
2024-04-25T13:59:59.247 INFO:teuthology.orchestra.run.smithi016.stdout:/usr/bin/ceph: stderr
2024-04-25T13:59:52.832+0000 7f844279d700 1 -- start start
2024-04-25T13:59:59.247 INFO:teuthology.orchestra.run.smithi016.stdout:/usr/bin/ceph: stderr
2024-04-25T13:59:52.832+0000 7f844279d700 1 --2- >> [v2:172.21.15.16:3300/0,v1:172.21.15.16:6789/0] conn(0x7f843c108890 0x7f843c108ca0 unknown :-1 s=NONE pgs=0 cs=0 l=0 rev1=0 crypto rx=0 tx=0 comp rx=0 tx=0).connect
2024-04-25T13:59:59.247 INFO:teuthology.orchestra.run.smithi016.stdout:/usr/bin/ceph: stderr
2024-04-25T13:59:52.832+0000 7f844279d700 1 -- --> [v2:172.21.15.16:3300/0,v1:172.21.15.16:6789/0] -- mon_getmap magic: 0 -- 0x7f843c109290 con 0x7f843c108890
2024-04-25T13:59:59.247 INFO:teuthology.orchestra.run.smithi016.stdout:/usr/bin/ceph: stderr
2024-04-25T13:59:52.832+0000 7f844179b700 1 --2- >> [v2:172.21.15.16:3300/0,v1:172.21.15.16:6789/0] conn(0x7f843c108890 0x7f843c108ca0 unknown :-1 s=BANNER_CONNECTING pgs=0 cs=0 l=0 rev1=0 crypto rx=0 tx=0 comp rx=0 tx=0)._handle_peer_banner_payload supported=3 required=0
2024-04-25T13:59:59.247 INFO:teuthology.orchestra.run.smithi016.stdout:/usr/bin/ceph: stderr
2024-04-25T13:59:52.833+0000 7f844179b700 1 --2- >> [v2:172.21.15.16:3300/0,v1:172.21.15.16:6789/0] conn(0x7f843c108890 0x7f843c108ca0 unknown :-1 s=HELLO_CONNECTING pgs=0 cs=0 l=0 rev1=1 crypto rx=0 tx=0 comp rx=0 tx=0).handle_hello peer v2:172.21.15.16:3300/0 says I am v2:172.21.15.16:36674/0 (socket says 172.21.15.16:36674)
2024-04-25T13:59:59.247 INFO:teuthology.orchestra.run.smithi016.stdout:/usr/bin/ceph: stderr
2024-04-25T13:59:52.833+0000 7f844179b700 1 -- 172.21.15.16:0/3821299114 learned_addr learned my addr 172.21.15.16:0/3821299114 (peer_addr_for_me v2:172.21.15.16:0/0)
2024-04-25T13:59:59.247 INFO:teuthology.orchestra.run.smithi016.stdout:/usr/bin/ceph: stderr
2024-04-25T13:59:52.833+0000 7f844179b700 1 -- 172.21.15.16:0/3821299114 --> [v2:172.21.15.16:3300/0,v1:172.21.15.16:6789/0] -- mon_subscribe({config=0+,monmap=0+}) -- 0x7f843c109a60 con 0x7f843c108890
2024-04-25T13:59:59.247 INFO:teuthology.orchestra.run.smithi016.stdout:/usr/bin/ceph: stderr
2024-04-25T13:59:52.833+0000 7f844179b700 1 --2- 172.21.15.16:0/3821299114 >> [v2:172.21.15.16:3300/0,v1:172.21.15.16:6789/0] conn(0x7f843c108890 0x7f843c108ca0 secure :-1 s=READY pgs=61 cs=0 l=1 rev1=1 crypto rx=0x7f84380098a0 tx=0x7f8438009bb0 comp rx=0 tx=0).ready entity=mon.0 client_cookie=be619f72fcd3441 server_cookie=0 in_seq=0 out_seq=0
2024-04-25T13:59:59.248 INFO:teuthology.orchestra.run.smithi016.stdout:/usr/bin/ceph: stderr
2024-04-25T13:59:52.833+0000 7f8433fff700 1 -- 172.21.15.16:0/3821299114 <== mon.0 v2:172.21.15.16:3300/0 1 ==== mon_map magic: 0 ==== 205+0+0 (secure 0 0 0) 0x7f8438004160 con 0x7f843c108890
2024-04-25T13:59:59.248 INFO:teuthology.orchestra.run.smithi016.stdout:/usr/bin/ceph: stderr
2024-04-25T13:59:52.833+0000 7f8433fff700 1 -- 172.21.15.16:0/3821299114 <== mon.0 v2:172.21.15.16:3300/0 2 ==== config(26 keys) ==== 1101+0+0 (secure 0 0 0) 0x7f8438004300 con 0x7f843c108890
2024-04-25T13:59:59.248 INFO:teuthology.orchestra.run.smithi016.stdout:/usr/bin/ceph: stderr
2024-04-25T13:59:52.833+0000 7f8433fff700 1 -- 172.21.15.16:0/3821299114 <== mon.0 v2:172.21.15.16:3300/0 3 ==== mon_map magic: 0 ==== 205+0+0 (secure 0 0 0) 0x7f8438011a20 con 0x7f843c108890
2024-04-25T13:59:59.248 INFO:teuthology.orchestra.run.smithi016.stdout:/usr/bin/ceph: stderr
2024-04-25T13:59:52.834+0000 7f844279d700 1 -- 172.21.15.16:0/3821299114 >> [v2:172.21.15.16:3300/0,v1:172.21.15.16:6789/0] conn(0x7f843c108890 msgr2=0x7f843c108ca0 secure :-1 s=STATE_CONNECTION_ESTABLISHED l=1).mark_down
2024-04-25T13:59:59.248 INFO:teuthology.orchestra.run.smithi016.stdout:/usr/bin/ceph: stderr
2024-04-25T13:59:52.834+0000 7f844279d700 1 --2- 172.21.15.16:0/3821299114 >> [v2:172.21.15.16:3300/0,v1:172.21.15.16:6789/0] conn(0x7f843c108890 0x7f843c108ca0 secure :-1 s=READY pgs=61 cs=0 l=1 rev1=1 crypto rx=0x7f84380098a0 tx=0x7f8438009bb0 comp rx=0 tx=0).stop
2024-04-25T13:59:59.248 INFO:teuthology.orchestra.run.smithi016.stdout:/usr/bin/ceph: stderr
2024-04-25T13:59:52.834+0000 7f844279d700 1 -- 172.21.15.16:0/3821299114 shutdown_connections
2024-04-25T13:59:59.248 INFO:teuthology.orchestra.run.smithi016.stdout:/usr/bin/ceph: stderr
2024-04-25T13:59:52.834+0000 7f844279d700 1 --2- 172.21.15.16:0/3821299114 >> [v2:172.21.15.16:3300/0,v1:172.21.15.16:6789/0] conn(0x7f843c108890 0x7f843c108ca0 unknown :-1 s=CLOSED pgs=61 cs=0 l=1 rev1=1 crypto rx=0 tx=0 comp rx=0 tx=0).stop
2024-04-25T13:59:59.248 INFO:teuthology.orchestra.run.smithi016.stdout:/usr/bin/ceph: stderr
2024-04-25T13:59:52.834+0000 7f844279d700 1 -- 172.21.15.16:0/3821299114 >> 172.21.15.16:0/3821299114 conn(0x7f843c103f10 msgr2=0x7f843c106380 unknown :-1 s=STATE_NONE l=0).mark_down
2024-04-25T13:59:59.248 INFO:teuthology.orchestra.run.smithi016.stdout:/usr/bin/ceph: stderr
2024-04-25T13:59:52.834+0000 7f844279d700 1 -- 172.21.15.16:0/3821299114 shutdown_connections
2024-04-25T13:59:59.248 INFO:teuthology.orchestra.run.smithi016.stdout:/usr/bin/ceph: stderr
2024-04-25T13:59:52.834+0000 7f844279d700 1 -- 172.21.15.16:0/3821299114 wait complete.
2024-04-25T13:59:59.248 INFO:teuthology.orchestra.run.smithi016.stdout:/usr/bin/ceph: stderr
2024-04-25T13:59:52.835+0000 7f844279d700 1 Processor -- start
2024-04-25T13:59:59.248 INFO:teuthology.orchestra.run.smithi016.stdout:/usr/bin/ceph: stderr
2024-04-25T13:59:52.835+0000 7f844279d700 1 -- start start
2024-04-25T13:59:59.248 INFO:teuthology.orchestra.run.smithi016.stdout:/usr/bin/ceph: stderr
2024-04-25T13:59:52.835+0000 7f844279d700 1 --2- >> [v2:172.21.15.16:3300/0,v1:172.21.15.16:6789/0] conn(0x7f843c108890 0x7f843c19dd90 unknown :-1 s=NONE pgs=0 cs=0 l=1 rev1=0 crypto rx=0 tx=0 comp rx=0 tx=0).connect
2024-04-25T13:59:59.248 INFO:teuthology.orchestra.run.smithi016.stdout:/usr/bin/ceph: stderr
2024-04-25T13:59:52.835+0000 7f844279d700 1 -- --> [v2:172.21.15.16:3300/0,v1:172.21.15.16:6789/0] -- mon_getmap magic: 0 -- 0x7f843c10ce10 con 0x7f843c108890
2024-04-25T13:59:59.248 INFO:teuthology.orchestra.run.smithi016.stdout:/usr/bin/ceph: stderr
2024-04-25T13:59:52.835+0000 7f844179b700 1 --2- >> [v2:172.21.15.16:3300/0,v1:172.21.15.16:6789/0] conn(0x7f843c108890 0x7f843c19dd90 unknown :-1 s=BANNER_CONNECTING pgs=0 cs=0 l=1 rev1=0 crypto rx=0 tx=0 comp rx=0 tx=0)._handle_peer_banner_payload supported=3 required=0
2024-04-25T13:59:59.249 INFO:teuthology.orchestra.run.smithi016.stdout:/usr/bin/ceph: stderr
2024-04-25T13:59:52.835+0000 7f844179b700 1 --2- >> [v2:172.21.15.16:3300/0,v1:172.21.15.16:6789/0] conn(0x7f843c108890 0x7f843c19dd90 unknown :-1 s=HELLO_CONNECTING pgs=0 cs=0 l=1 rev1=1 crypto rx=0 tx=0 comp rx=0 tx=0).handle_hello peer v2:172.21.15.16:3300/0 says I am v2:172.21.15.16:36688/0 (socket says 172.21.15.16:36688)
2024-04-25T13:59:59.249 INFO:teuthology.orchestra.run.smithi016.stdout:/usr/bin/ceph: stderr
2024-04-25T13:59:52.835+0000 7f844179b700 1 -- 172.21.15.16:0/2513202563 learned_addr learned my addr 172.21.15.16:0/2513202563 (peer_addr_for_me v2:172.21.15.16:0/0)
2024-04-25T13:59:59.249 INFO:teuthology.orchestra.run.smithi016.stdout:/usr/bin/ceph: stderr
2024-04-25T13:59:52.836+0000 7f844179b700 1 -- 172.21.15.16:0/2513202563 --> [v2:172.21.15.16:3300/0,v1:172.21.15.16:6789/0] -- mon_subscribe({config=0+,monmap=0+}) -- 0x7f843c19e2d0 con 0x7f843c108890
2024-04-25T13:59:59.249 INFO:teuthology.orchestra.run.smithi016.stdout:/usr/bin/ceph: stderr
2024-04-25T13:59:52.836+0000 7f844179b700 1 --2- 172.21.15.16:0/2513202563 >> [v2:172.21.15.16:3300/0,v1:172.21.15.16:6789/0] conn(0x7f843c108890 0x7f843c19dd90 secure :-1 s=READY pgs=62 cs=0 l=1 rev1=1 crypto rx=0x7f8438011a20 tx=0x7f8438011b00 comp rx=0 tx=0).ready entity=mon.0 client_cookie=0 server_cookie=0 in_seq=0 out_seq=0
2024-04-25T13:59:59.249 INFO:teuthology.orchestra.run.smithi016.stdout:/usr/bin/ceph: stderr
2024-04-25T13:59:52.836+0000 7f84327fc700 1 -- 172.21.15.16:0/2513202563 <== mon.0 v2:172.21.15.16:3300/0 1 ==== mon_map magic: 0 ==== 205+0+0 (secure 0 0 0) 0x7f84380039c0 con 0x7f843c108890
2024-04-25T13:59:59.249 INFO:teuthology.orchestra.run.smithi016.stdout:/usr/bin/ceph: stderr
2024-04-25T13:59:52.836+0000 7f84327fc700 1 -- 172.21.15.16:0/2513202563 <== mon.0 v2:172.21.15.16:3300/0 2 ==== config(26 keys) ==== 1101+0+0 (secure 0 0 0) 0x7f8438003b60 con 0x7f843c108890
2024-04-25T13:59:59.249 INFO:teuthology.orchestra.run.smithi016.stdout:/usr/bin/ceph: stderr
2024-04-25T13:59:52.836+0000 7f844279d700 1 -- 172.21.15.16:0/2513202563 --> [v2:172.21.15.16:3300/0,v1:172.21.15.16:6789/0] -- mon_subscribe({mgrmap=0+}) -- 0x7f843c19e560 con 0x7f843c108890
2024-04-25T13:59:59.249 INFO:teuthology.orchestra.run.smithi016.stdout:/usr/bin/ceph: stderr
2024-04-25T13:59:52.836+0000 7f84327fc700 1 -- 172.21.15.16:0/2513202563 <== mon.0 v2:172.21.15.16:3300/0 3 ==== mon_map magic: 0 ==== 205+0+0 (secure 0 0 0) 0x7f8438019700 con 0x7f843c108890
2024-04-25T13:59:59.249 INFO:teuthology.orchestra.run.smithi016.stdout:/usr/bin/ceph: stderr
2024-04-25T13:59:52.836+0000 7f844279d700 1 -- 172.21.15.16:0/2513202563 --> [v2:172.21.15.16:3300/0,v1:172.21.15.16:6789/0] -- mon_subscribe({osdmap=0}) -- 0x7f843c1a1170 con 0x7f843c108890
2024-04-25T13:59:59.249 INFO:teuthology.orchestra.run.smithi016.stdout:/usr/bin/ceph: stderr
2024-04-25T13:59:52.837+0000 7f84327fc700 1 -- 172.21.15.16:0/2513202563 <== mon.0 v2:172.21.15.16:3300/0 4 ==== mgrmap(e 9) ==== 49529+0+0 (secure 0 0 0) 0x7f84380199d0 con 0x7f843c108890
2024-04-25T13:59:59.249 INFO:teuthology.orchestra.run.smithi016.stdout:/usr/bin/ceph: stderr
2024-04-25T13:59:52.837+0000 7f84327fc700 1 --2- 172.21.15.16:0/2513202563 >> [v2:172.21.15.16:6800/1652607275,v1:172.21.15.16:6801/1652607275] conn(0x7f842803d5d0 0x7f842803fae0 unknown :-1 s=NONE pgs=0 cs=0 l=1 rev1=0 crypto rx=0 tx=0 comp rx=0 tx=0).connect
2024-04-25T13:59:59.249 INFO:teuthology.orchestra.run.smithi016.stdout:/usr/bin/ceph: stderr
2024-04-25T13:59:52.837+0000 7f84327fc700 1 -- 172.21.15.16:0/2513202563 --> [v2:172.21.15.16:6800/1652607275,v1:172.21.15.16:6801/1652607275] -- command(tid 0: {"prefix": "get_command_descriptions"}) -- 0x7f84280401f0 con 0x7f842803d5d0
2024-04-25T13:59:59.249 INFO:teuthology.orchestra.run.smithi016.stdout:/usr/bin/ceph: stderr
2024-04-25T13:59:52.838+0000 7f84327fc700 1 -- 172.21.15.16:0/2513202563 <== mon.0 v2:172.21.15.16:3300/0 5 ==== osd_map(2..2 src has 1..2) ==== 940+0+0 (secure 0 0 0) 0x7f84380529d0 con 0x7f843c108890
2024-04-25T13:59:59.249 INFO:teuthology.orchestra.run.smithi016.stdout:/usr/bin/ceph: stderr
2024-04-25T13:59:52.838+0000 7f8440f9a700 1 -- 172.21.15.16:0/2513202563 >> [v2:172.21.15.16:6800/1652607275,v1:172.21.15.16:6801/1652607275] conn(0x7f842803d5d0 msgr2=0x7f842803fae0 unknown :-1 s=STATE_CONNECTING_RE l=1).process reconnect failed to v2:172.21.15.16:6800/1652607275
2024-04-25T13:59:59.250 INFO:teuthology.orchestra.run.smithi016.stdout:/usr/bin/ceph: stderr
2024-04-25T13:59:52.838+0000 7f8440f9a700 1 --2- 172.21.15.16:0/2513202563 >> [v2:172.21.15.16:6800/1652607275,v1:172.21.15.16:6801/1652607275] conn(0x7f842803d5d0 0x7f842803fae0 unknown :-1 s=START_CONNECT pgs=0 cs=0 l=1 rev1=0 crypto rx=0 tx=0 comp rx=0 tx=0)._fault waiting 0.200000
2024-04-25T13:59:59.250 INFO:teuthology.orchestra.run.smithi016.stdout:/usr/bin/ceph: stderr
2024-04-25T13:59:53.039+0000 7f8440f9a700 1 -- 172.21.15.16:0/2513202563 >> [v2:172.21.15.16:6800/1652607275,v1:172.21.15.16:6801/1652607275] conn(0x7f842803d5d0 msgr2=0x7f842803fae0 unknown :-1 s=STATE_CONNECTING_RE l=1).process reconnect failed to v2:172.21.15.16:6800/1652607275
2024-04-25T13:59:59.250 INFO:teuthology.orchestra.run.smithi016.stdout:/usr/bin/ceph: stderr
2024-04-25T13:59:53.039+0000 7f8440f9a700 1 --2- 172.21.15.16:0/2513202563 >> [v2:172.21.15.16:6800/1652607275,v1:172.21.15.16:6801/1652607275] conn(0x7f842803d5d0 0x7f842803fae0 unknown :-1 s=START_CONNECT pgs=0 cs=0 l=1 rev1=0 crypto rx=0 tx=0 comp rx=0 tx=0)._fault waiting 0.400000
2024-04-25T13:59:59.250 INFO:teuthology.orchestra.run.smithi016.stdout:/usr/bin/ceph: stderr
2024-04-25T13:59:53.440+0000 7f8440f9a700 1 -- 172.21.15.16:0/2513202563 >> [v2:172.21.15.16:6800/1652607275,v1:172.21.15.16:6801/1652607275] conn(0x7f842803d5d0 msgr2=0x7f842803fae0 unknown :-1 s=STATE_CONNECTING_RE l=1).process reconnect failed to v2:172.21.15.16:6800/1652607275
2024-04-25T13:59:59.250 INFO:teuthology.orchestra.run.smithi016.stdout:/usr/bin/ceph: stderr
2024-04-25T13:59:53.440+0000 7f8440f9a700 1 --2- 172.21.15.16:0/2513202563 >> [v2:172.21.15.16:6800/1652607275,v1:172.21.15.16:6801/1652607275] conn(0x7f842803d5d0 0x7f842803fae0 unknown :-1 s=START_CONNECT pgs=0 cs=0 l=1 rev1=0 crypto rx=0 tx=0 comp rx=0 tx=0)._fault waiting 0.800000
2024-04-25T13:59:59.250 INFO:teuthology.orchestra.run.smithi016.stdout:/usr/bin/ceph: stderr
2024-04-25T13:59:54.241+0000 7f8440f9a700 1 -- 172.21.15.16:0/2513202563 >> [v2:172.21.15.16:6800/1652607275,v1:172.21.15.16:6801/1652607275] conn(0x7f842803d5d0 msgr2=0x7f842803fae0 unknown :-1 s=STATE_CONNECTING_RE l=1).process reconnect failed to v2:172.21.15.16:6800/1652607275
2024-04-25T13:59:59.250 INFO:teuthology.orchestra.run.smithi016.stdout:/usr/bin/ceph: stderr
2024-04-25T13:59:54.241+0000 7f8440f9a700 1 --2- 172.21.15.16:0/2513202563 >> [v2:172.21.15.16:6800/1652607275,v1:172.21.15.16:6801/1652607275] conn(0x7f842803d5d0 0x7f842803fae0 unknown :-1 s=START_CONNECT pgs=0 cs=0 l=1 rev1=0 crypto rx=0 tx=0 comp rx=0 tx=0)._fault waiting 1.600000
2024-04-25T13:59:59.250 INFO:teuthology.orchestra.run.smithi016.stdout:/usr/bin/ceph: stderr
2024-04-25T13:59:55.842+0000 7f8440f9a700 1 -- 172.21.15.16:0/2513202563 >> [v2:172.21.15.16:6800/1652607275,v1:172.21.15.16:6801/1652607275] conn(0x7f842803d5d0 msgr2=0x7f842803fae0 unknown :-1 s=STATE_CONNECTING_RE l=1).process reconnect failed to v2:172.21.15.16:6800/1652607275
2024-04-25T13:59:59.250 INFO:teuthology.orchestra.run.smithi016.stdout:/usr/bin/ceph: stderr
2024-04-25T13:59:55.842+0000 7f8440f9a700 1 --2- 172.21.15.16:0/2513202563 >> [v2:172.21.15.16:6800/1652607275,v1:172.21.15.16:6801/1652607275] conn(0x7f842803d5d0 0x7f842803fae0 unknown :-1 s=START_CONNECT pgs=0 cs=0 l=1 rev1=0 crypto rx=0 tx=0 comp rx=0 tx=0)._fault waiting 3.200000
2024-04-25T13:59:59.250 INFO:teuthology.orchestra.run.smithi016.stdout:/usr/bin/ceph: stderr
2024-04-25T13:59:57.106+0000 7f84327fc700 1 -- 172.21.15.16:0/2513202563 <== mon.0 v2:172.21.15.16:3300/0 6 ==== mgrmap(e 10) ==== 49296+0+0 (secure 0 0 0) 0x7f843802d430 con 0x7f843c108890
2024-04-25T13:59:59.250 INFO:teuthology.orchestra.run.smithi016.stdout:/usr/bin/ceph: stderr
2024-04-25T13:59:57.106+0000 7f84327fc700 1 -- 172.21.15.16:0/2513202563 >> [v2:172.21.15.16:6800/1652607275,v1:172.21.15.16:6801/1652607275] conn(0x7f842803d5d0 msgr2=0x7f842803fae0 unknown :-1 s=STATE_CONNECTING l=1).mark_down
2024-04-25T13:59:59.250 INFO:teuthology.orchestra.run.smithi016.stdout:/usr/bin/ceph: stderr
2024-04-25T13:59:57.106+0000 7f84327fc700 1 --2- 172.21.15.16:0/2513202563 >> [v2:172.21.15.16:6800/1652607275,v1:172.21.15.16:6801/1652607275] conn(0x7f842803d5d0 0x7f842803fae0 unknown :-1 s=START_CONNECT pgs=0 cs=0 l=1 rev1=0 crypto rx=0 tx=0 comp rx=0 tx=0).stop
2024-04-25T13:59:59.250 INFO:teuthology.orchestra.run.smithi016.stdout:/usr/bin/ceph: stderr
2024-04-25T13:59:58.108+0000 7f84327fc700 1 -- 172.21.15.16:0/2513202563 <== mon.0 v2:172.21.15.16:3300/0 7 ==== mgrmap(e 11) ==== 49423+0+0 (secure 0 0 0) 0x7f8438054470 con 0x7f843c108890
2024-04-25T13:59:59.251 INFO:teuthology.orchestra.run.smithi016.stdout:/usr/bin/ceph: stderr
2024-04-25T13:59:58.108+0000 7f84327fc700 1 --2- 172.21.15.16:0/2513202563 >> [v2:172.21.15.16:6800/1775922091,v1:172.21.15.16:6801/1775922091] conn(0x7f843802d020 0x7f8428042fc0 unknown :-1 s=NONE pgs=0 cs=0 l=1 rev1=0 crypto rx=0 tx=0 comp rx=0 tx=0).connect
2024-04-25T13:59:59.251 INFO:teuthology.orchestra.run.smithi016.stdout:/usr/bin/ceph: stderr
2024-04-25T13:59:58.108+0000 7f84327fc700 1 -- 172.21.15.16:0/2513202563 --> [v2:172.21.15.16:6800/1775922091,v1:172.21.15.16:6801/1775922091] -- command(tid 0: {"prefix": "get_command_descriptions"}) -- 0x7f843801ce50 con 0x7f843802d020
2024-04-25T13:59:59.251 INFO:teuthology.orchestra.run.smithi016.stdout:/usr/bin/ceph: stderr
2024-04-25T13:59:58.110+0000 7f8440f9a700 1 --2- 172.21.15.16:0/2513202563 >> [v2:172.21.15.16:6800/1775922091,v1:172.21.15.16:6801/1775922091] conn(0x7f843802d020 0x7f8428042fc0 unknown :-1 s=BANNER_CONNECTING pgs=0 cs=0 l=1 rev1=0 crypto rx=0 tx=0 comp rx=0 tx=0)._handle_peer_banner_payload supported=3 required=0
2024-04-25T13:59:59.251 INFO:teuthology.orchestra.run.smithi016.stdout:/usr/bin/ceph: stderr
2024-04-25T13:59:58.110+0000 7f8440f9a700 1 --2- 172.21.15.16:0/2513202563 >> [v2:172.21.15.16:6800/1775922091,v1:172.21.15.16:6801/1775922091] conn(0x7f843802d020 0x7f8428042fc0 secure :-1 s=READY pgs=2 cs=0 l=1 rev1=1 crypto rx=0x7f842c003a10 tx=0x7f842c009270 comp rx=0 tx=0).ready entity=mgr.14152 client_cookie=0 server_cookie=0 in_seq=0 out_seq=0
2024-04-25T13:59:59.251 INFO:teuthology.orchestra.run.smithi016.stdout:/usr/bin/ceph: stderr
2024-04-25T13:59:58.111+0000 7f84327fc700 1 -- 172.21.15.16:0/2513202563 <== mgr.14152 v2:172.21.15.16:6800/1775922091 1 ==== command_reply(tid 0: 0 ) ==== 8+0+9564 (secure 0 0 0) 0x7f843801ce50 con 0x7f843802d020
2024-04-25T13:59:59.251 INFO:teuthology.orchestra.run.smithi016.stdout:/usr/bin/ceph: stderr
2024-04-25T13:59:58.127+0000 7f844279d700 1 -- 172.21.15.16:0/2513202563 --> [v2:172.21.15.16:6800/1775922091,v1:172.21.15.16:6801/1775922091] -- command(tid 1: {"prefix": "mgr_status"}) -- 0x7f843c064cf0 con 0x7f843802d020
2024-04-25T13:59:59.251 INFO:teuthology.orchestra.run.smithi016.stdout:/usr/bin/ceph: stderr
2024-04-25T13:59:58.128+0000 7f84327fc700 1 -- 172.21.15.16:0/2513202563 <== mgr.14152 v2:172.21.15.16:6800/1775922091 2 ==== command_reply(tid 1: 0 ) ==== 8+0+52 (secure 0 0 0) 0x7f843c064cf0 con 0x7f843802d020
2024-04-25T13:59:59.251 INFO:teuthology.orchestra.run.smithi016.stdout:/usr/bin/ceph: stderr
2024-04-25T13:59:58.128+0000 7f844279d700 1 -- 172.21.15.16:0/2513202563 >> [v2:172.21.15.16:6800/1775922091,v1:172.21.15.16:6801/1775922091] conn(0x7f843802d020 msgr2=0x7f8428042fc0 secure :-1 s=STATE_CONNECTION_ESTABLISHED l=1).mark_down
2024-04-25T13:59:59.251 INFO:teuthology.orchestra.run.smithi016.stdout:/usr/bin/ceph: stderr
2024-04-25T13:59:58.128+0000 7f844279d700 1 --2- 172.21.15.16:0/2513202563 >> [v2:172.21.15.16:6800/1775922091,v1:172.21.15.16:6801/1775922091] conn(0x7f843802d020 0x7f8428042fc0 secure :-1 s=READY pgs=2 cs=0 l=1 rev1=1 crypto rx=0x7f842c003a10 tx=0x7f842c009270 comp rx=0 tx=0).stop
2024-04-25T13:59:59.251 INFO:teuthology.orchestra.run.smithi016.stdout:/usr/bin/ceph: stderr
2024-04-25T13:59:58.128+0000 7f844279d700 1 -- 172.21.15.16:0/2513202563 >> [v2:172.21.15.16:3300/0,v1:172.21.15.16:6789/0] conn(0x7f843c108890 msgr2=0x7f843c19dd90 secure :-1 s=STATE_CONNECTION_ESTABLISHED l=1).mark_down
2024-04-25T13:59:59.251 INFO:teuthology.orchestra.run.smithi016.stdout:/usr/bin/ceph: stderr
2024-04-25T13:59:58.128+0000 7f844279d700 1 --2- 172.21.15.16:0/2513202563 >> [v2:172.21.15.16:3300/0,v1:172.21.15.16:6789/0] conn(0x7f843c108890 0x7f843c19dd90 secure :-1 s=READY pgs=62 cs=0 l=1 rev1=1 crypto rx=0x7f8438011a20 tx=0x7f8438011b00 comp rx=0 tx=0).stop
2024-04-25T13:59:59.251 INFO:teuthology.orchestra.run.smithi016.stdout:/usr/bin/ceph: stderr
2024-04-25T13:59:58.128+0000 7f844279d700 1 -- 172.21.15.16:0/2513202563 shutdown_connections
2024-04-25T13:59:59.251 INFO:teuthology.orchestra.run.smithi016.stdout:/usr/bin/ceph: stderr
2024-04-25T13:59:58.128+0000 7f844279d700 1 --2- 172.21.15.16:0/2513202563 >> [v2:172.21.15.16:6800/1775922091,v1:172.21.15.16:6801/1775922091] conn(0x7f843802d020 0x7f8428042fc0 unknown :-1 s=CLOSED pgs=2 cs=0 l=1 rev1=1 crypto rx=0 tx=0 comp rx=0 tx=0).stop
2024-04-25T13:59:59.251 INFO:teuthology.orchestra.run.smithi016.stdout:/usr/bin/ceph: stderr
2024-04-25T13:59:58.128+0000 7f844279d700 1 --2- 172.21.15.16:0/2513202563 >> [v2:172.21.15.16:3300/0,v1:172.21.15.16:6789/0] conn(0x7f843c108890 0x7f843c19dd90 unknown :-1 s=CLOSED pgs=62 cs=0 l=1 rev1=1 crypto rx=0 tx=0 comp rx=0 tx=0).stop
2024-04-25T13:59:59.251 INFO:teuthology.orchestra.run.smithi016.stdout:/usr/bin/ceph: stderr
2024-04-25T13:59:58.128+0000 7f844279d700 1 --2- 172.21.15.16:0/2513202563 >> [v2:172.21.15.16:6800/1652607275,v1:172.21.15.16:6801/1652607275] conn(0x7f842803d5d0 0x7f842803fae0 unknown :-1 s=CLOSED pgs=0 cs=0 l=1 rev1=0 crypto rx=0 tx=0 comp rx=0 tx=0).stop
2024-04-25T13:59:59.252 INFO:teuthology.orchestra.run.smithi016.stdout:/usr/bin/ceph: stderr
2024-04-25T13:59:58.128+0000 7f844279d700 1 -- 172.21.15.16:0/2513202563 >> 172.21.15.16:0/2513202563 conn(0x7f843c103f10 msgr2=0x7f843c194310 unknown :-1 s=STATE_NONE l=0).mark_down
2024-04-25T13:59:59.252 INFO:teuthology.orchestra.run.smithi016.stdout:/usr/bin/ceph: stderr
2024-04-25T13:59:58.128+0000 7f844279d700 1 -- 172.21.15.16:0/2513202563 shutdown_connections
2024-04-25T13:59:59.252 INFO:teuthology.orchestra.run.smithi016.stdout:/usr/bin/ceph: stderr
2024-04-25T13:59:58.128+0000 7f844279d700 1 -- 172.21.15.16:0/2513202563 wait complete.
2024-04-25T13:59:59.252 INFO:teuthology.orchestra.run.smithi016.stdout:mgr epoch 9 is available
2024-04-25T13:59:59.252 INFO:teuthology.orchestra.run.smithi016.stdout:Generating a dashboard self-signed certificate...
2024-04-25T13:59:59.830 INFO:journalctl@ceph.mon.a.smithi016.stdout:Apr 25 13:59:59 smithi016 ceph-mon[29191]: [25/Apr/2024:13:59:58] ENGINE Bus STARTING
2024-04-25T13:59:59.830 INFO:journalctl@ceph.mon.a.smithi016.stdout:Apr 25 13:59:59 smithi016 ceph-mon[29191]: [25/Apr/2024:13:59:58] ENGINE Serving on https://172.21.15.16:7150
2024-04-25T13:59:59.830 INFO:journalctl@ceph.mon.a.smithi016.stdout:Apr 25 13:59:59 smithi016 ceph-mon[29191]: [25/Apr/2024:13:59:58] ENGINE Serving on http://172.21.15.16:8765
2024-04-25T13:59:59.830 INFO:journalctl@ceph.mon.a.smithi016.stdout:Apr 25 13:59:59 smithi016 ceph-mon[29191]: [25/Apr/2024:13:59:58] ENGINE Bus STARTED
2024-04-25T13:59:59.830 INFO:journalctl@ceph.mon.a.smithi016.stdout:Apr 25 13:59:59 smithi016 ceph-mon[29191]: from='mgr.14152 172.21.15.16:0/4063930744' entity='mgr.x'
2024-04-25T14:00:00.664 INFO:teuthology.orchestra.run.smithi016.stdout:/usr/bin/ceph: stdout Self-signed certificate created
2024-04-25T14:00:00.664 INFO:teuthology.orchestra.run.smithi016.stdout:/usr/bin/ceph: stderr
2024-04-25T13:59:59.710+0000 7fa65c3e7700 1 Processor -- start
2024-04-25T14:00:00.664 INFO:teuthology.orchestra.run.smithi016.stdout:/usr/bin/ceph: stderr
2024-04-25T13:59:59.710+0000 7fa65c3e7700 1 -- start start
2024-04-25T14:00:00.664 INFO:teuthology.orchestra.run.smithi016.stdout:/usr/bin/ceph: stderr
2024-04-25T13:59:59.710+0000 7fa65c3e7700 1 --2- >> [v2:172.21.15.16:3300/0,v1:172.21.15.16:6789/0] conn(0x7fa65410a740 0x7fa65410cb60 unknown :-1 s=NONE pgs=0 cs=0 l=0 rev1=0 crypto rx=0 tx=0 comp rx=0 tx=0).connect
2024-04-25T14:00:00.664 INFO:teuthology.orchestra.run.smithi016.stdout:/usr/bin/ceph: stderr
2024-04-25T13:59:59.710+0000 7fa65c3e7700 1 -- --> [v2:172.21.15.16:3300/0,v1:172.21.15.16:6789/0] -- mon_getmap magic: 0 -- 0x7fa654076fc0 con 0x7fa65410a740
2024-04-25T14:00:00.664 INFO:teuthology.orchestra.run.smithi016.stdout:/usr/bin/ceph: stderr
2024-04-25T13:59:59.711+0000 7fa65a183700 1 --2- >> [v2:172.21.15.16:3300/0,v1:172.21.15.16:6789/0] conn(0x7fa65410a740 0x7fa65410cb60 unknown :-1 s=BANNER_CONNECTING pgs=0 cs=0 l=0 rev1=0 crypto rx=0 tx=0 comp rx=0 tx=0)._handle_peer_banner_payload supported=3 required=0
2024-04-25T14:00:00.664 INFO:teuthology.orchestra.run.smithi016.stdout:/usr/bin/ceph: stderr
2024-04-25T13:59:59.711+0000 7fa65a183700 1 --2- >> [v2:172.21.15.16:3300/0,v1:172.21.15.16:6789/0] conn(0x7fa65410a740 0x7fa65410cb60 unknown :-1 s=HELLO_CONNECTING pgs=0 cs=0 l=0 rev1=1 crypto rx=0 tx=0 comp rx=0 tx=0).handle_hello peer v2:172.21.15.16:3300/0 says I am v2:172.21.15.16:56056/0 (socket says 172.21.15.16:56056)
2024-04-25T14:00:00.664 INFO:teuthology.orchestra.run.smithi016.stdout:/usr/bin/ceph: stderr
2024-04-25T13:59:59.711+0000 7fa65a183700 1 -- 172.21.15.16:0/2608120654 learned_addr learned my addr 172.21.15.16:0/2608120654 (peer_addr_for_me v2:172.21.15.16:0/0)
2024-04-25T14:00:00.664 INFO:teuthology.orchestra.run.smithi016.stdout:/usr/bin/ceph: stderr
2024-04-25T13:59:59.711+0000 7fa65a183700 1 -- 172.21.15.16:0/2608120654 --> [v2:172.21.15.16:3300/0,v1:172.21.15.16:6789/0] -- mon_subscribe({config=0+,monmap=0+}) -- 0x7fa65410d0a0 con 0x7fa65410a740
2024-04-25T14:00:00.665 INFO:teuthology.orchestra.run.smithi016.stdout:/usr/bin/ceph: stderr
2024-04-25T13:59:59.711+0000 7fa65a183700 1 --2- 172.21.15.16:0/2608120654 >> [v2:172.21.15.16:3300/0,v1:172.21.15.16:6789/0] conn(0x7fa65410a740 0x7fa65410cb60 secure :-1 s=READY pgs=70 cs=0 l=1 rev1=1 crypto rx=0x7fa6500098a0 tx=0x7fa650009bb0 comp rx=0 tx=0).ready entity=mon.0 client_cookie=57b9ae835ffb1d18 server_cookie=0 in_seq=0 out_seq=0
2024-04-25T14:00:00.665 INFO:teuthology.orchestra.run.smithi016.stdout:/usr/bin/ceph: stderr
2024-04-25T13:59:59.711+0000 7fa659181700 1 -- 172.21.15.16:0/2608120654 <== mon.0 v2:172.21.15.16:3300/0 1 ==== mon_map magic: 0 ==== 205+0+0 (secure 0 0 0) 0x7fa650004160 con 0x7fa65410a740
2024-04-25T14:00:00.665 INFO:teuthology.orchestra.run.smithi016.stdout:/usr/bin/ceph: stderr
2024-04-25T13:59:59.711+0000 7fa659181700 1 -- 172.21.15.16:0/2608120654 <== mon.0 v2:172.21.15.16:3300/0 2 ==== config(26 keys) ==== 1101+0+0 (secure 0 0 0) 0x7fa650004300 con 0x7fa65410a740
2024-04-25T14:00:00.665 INFO:teuthology.orchestra.run.smithi016.stdout:/usr/bin/ceph: stderr
2024-04-25T13:59:59.711+0000 7fa659181700 1 -- 172.21.15.16:0/2608120654 <== mon.0 v2:172.21.15.16:3300/0 3 ==== mon_map magic: 0 ==== 205+0+0 (secure 0 0 0) 0x7fa650011a20 con 0x7fa65410a740
2024-04-25T14:00:00.665 INFO:teuthology.orchestra.run.smithi016.stdout:/usr/bin/ceph: stderr
2024-04-25T13:59:59.712+0000 7fa65c3e7700 1 -- 172.21.15.16:0/2608120654 >> [v2:172.21.15.16:3300/0,v1:172.21.15.16:6789/0] conn(0x7fa65410a740 msgr2=0x7fa65410cb60 secure :-1 s=STATE_CONNECTION_ESTABLISHED l=1).mark_down
2024-04-25T14:00:00.665 INFO:teuthology.orchestra.run.smithi016.stdout:/usr/bin/ceph: stderr
2024-04-25T13:59:59.712+0000 7fa65c3e7700 1 --2- 172.21.15.16:0/2608120654 >> [v2:172.21.15.16:3300/0,v1:172.21.15.16:6789/0] conn(0x7fa65410a740 0x7fa65410cb60 secure :-1 s=READY pgs=70 cs=0 l=1 rev1=1 crypto rx=0x7fa6500098a0 tx=0x7fa650009bb0 comp rx=0 tx=0).stop
2024-04-25T14:00:00.665 INFO:teuthology.orchestra.run.smithi016.stdout:/usr/bin/ceph: stderr
2024-04-25T13:59:59.713+0000 7fa65c3e7700 1 -- 172.21.15.16:0/2608120654 shutdown_connections
2024-04-25T14:00:00.665 INFO:teuthology.orchestra.run.smithi016.stdout:/usr/bin/ceph: stderr
2024-04-25T13:59:59.713+0000 7fa65c3e7700 1 --2- 172.21.15.16:0/2608120654 >> [v2:172.21.15.16:3300/0,v1:172.21.15.16:6789/0] conn(0x7fa65410a740 0x7fa65410cb60 unknown :-1 s=CLOSED pgs=70 cs=0 l=1 rev1=1 crypto rx=0 tx=0 comp rx=0 tx=0).stop
2024-04-25T14:00:00.665 INFO:teuthology.orchestra.run.smithi016.stdout:/usr/bin/ceph: stderr
2024-04-25T13:59:59.713+0000 7fa65c3e7700 1 -- 172.21.15.16:0/2608120654 >> 172.21.15.16:0/2608120654 conn(0x7fa654104120 msgr2=0x7fa6541065d0 unknown :-1 s=STATE_NONE l=0).mark_down
2024-04-25T14:00:00.665 INFO:teuthology.orchestra.run.smithi016.stdout:/usr/bin/ceph: stderr
2024-04-25T13:59:59.713+0000 7fa65c3e7700 1 -- 172.21.15.16:0/2608120654 shutdown_connections
2024-04-25T14:00:00.665 INFO:teuthology.orchestra.run.smithi016.stdout:/usr/bin/ceph: stderr
2024-04-25T13:59:59.713+0000 7fa65c3e7700 1 -- 172.21.15.16:0/2608120654 wait complete.
2024-04-25T14:00:00.665 INFO:teuthology.orchestra.run.smithi016.stdout:/usr/bin/ceph: stderr
2024-04-25T13:59:59.714+0000 7fa65c3e7700 1 Processor -- start
2024-04-25T14:00:00.665 INFO:teuthology.orchestra.run.smithi016.stdout:/usr/bin/ceph: stderr
2024-04-25T13:59:59.714+0000 7fa65c3e7700 1 -- start start
2024-04-25T14:00:00.665 INFO:teuthology.orchestra.run.smithi016.stdout:/usr/bin/ceph: stderr
2024-04-25T13:59:59.714+0000 7fa65c3e7700 1 --2- >> [v2:172.21.15.16:3300/0,v1:172.21.15.16:6789/0] conn(0x7fa65410a740 0x7fa654109ec0 unknown :-1 s=NONE pgs=0 cs=0 l=1 rev1=0 crypto rx=0 tx=0 comp rx=0 tx=0).connect
2024-04-25T14:00:00.666 INFO:teuthology.orchestra.run.smithi016.stdout:/usr/bin/ceph: stderr
2024-04-25T13:59:59.714+0000 7fa65c3e7700 1 -- --> [v2:172.21.15.16:3300/0,v1:172.21.15.16:6789/0] -- mon_getmap magic: 0 -- 0x7fa65410e040 con 0x7fa65410a740
2024-04-25T14:00:00.666 INFO:teuthology.orchestra.run.smithi016.stdout:/usr/bin/ceph: stderr
2024-04-25T13:59:59.714+0000 7fa65a183700 1 --2- >> [v2:172.21.15.16:3300/0,v1:172.21.15.16:6789/0] conn(0x7fa65410a740 0x7fa654109ec0 unknown :-1 s=BANNER_CONNECTING pgs=0 cs=0 l=1 rev1=0 crypto rx=0 tx=0 comp rx=0 tx=0)._handle_peer_banner_payload supported=3 required=0
2024-04-25T14:00:00.666 INFO:teuthology.orchestra.run.smithi016.stdout:/usr/bin/ceph: stderr
2024-04-25T13:59:59.714+0000 7fa65a183700 1 --2- >> [v2:172.21.15.16:3300/0,v1:172.21.15.16:6789/0] conn(0x7fa65410a740 0x7fa654109ec0 unknown :-1 s=HELLO_CONNECTING pgs=0 cs=0 l=1 rev1=1 crypto rx=0 tx=0 comp rx=0 tx=0).handle_hello peer v2:172.21.15.16:3300/0 says I am v2:172.21.15.16:56062/0 (socket says 172.21.15.16:56062)
2024-04-25T14:00:00.666 INFO:teuthology.orchestra.run.smithi016.stdout:/usr/bin/ceph: stderr
2024-04-25T13:59:59.714+0000 7fa65a183700 1 -- 172.21.15.16:0/3443845619 learned_addr learned my addr 172.21.15.16:0/3443845619 (peer_addr_for_me v2:172.21.15.16:0/0)
2024-04-25T14:00:00.666 INFO:teuthology.orchestra.run.smithi016.stdout:/usr/bin/ceph: stderr
2024-04-25T13:59:59.714+0000 7fa65a183700 1 -- 172.21.15.16:0/3443845619 --> [v2:172.21.15.16:3300/0,v1:172.21.15.16:6789/0] -- mon_subscribe({config=0+,monmap=0+}) -- 0x7fa65410a400 con 0x7fa65410a740
2024-04-25T14:00:00.666 INFO:teuthology.orchestra.run.smithi016.stdout:/usr/bin/ceph: stderr
2024-04-25T13:59:59.715+0000 7fa65a183700 1 --2- 172.21.15.16:0/3443845619 >> [v2:172.21.15.16:3300/0,v1:172.21.15.16:6789/0] conn(0x7fa65410a740 0x7fa654109ec0 secure :-1 s=READY pgs=71 cs=0 l=1 rev1=1 crypto rx=0x7fa650009520 tx=0x7fa650011aa0 comp rx=0 tx=0).ready entity=mon.0 client_cookie=0 server_cookie=0 in_seq=0 out_seq=0
2024-04-25T14:00:00.666 INFO:teuthology.orchestra.run.smithi016.stdout:/usr/bin/ceph: stderr
2024-04-25T13:59:59.716+0000 7fa64b7fe700 1 -- 172.21.15.16:0/3443845619 <== mon.0 v2:172.21.15.16:3300/0 1 ==== mon_map magic: 0 ==== 205+0+0 (secure 0 0 0) 0x7fa6500039e0 con 0x7fa65410a740
2024-04-25T14:00:00.666 INFO:teuthology.orchestra.run.smithi016.stdout:/usr/bin/ceph: stderr
2024-04-25T13:59:59.716+0000 7fa64b7fe700 1 -- 172.21.15.16:0/3443845619 <== mon.0 v2:172.21.15.16:3300/0 2 ==== config(26 keys) ==== 1101+0+0 (secure 0 0 0) 0x7fa65001b8f0 con 0x7fa65410a740
2024-04-25T14:00:00.666 INFO:teuthology.orchestra.run.smithi016.stdout:/usr/bin/ceph: stderr
2024-04-25T13:59:59.716+0000 7fa65c3e7700 1 -- 172.21.15.16:0/3443845619 --> [v2:172.21.15.16:3300/0,v1:172.21.15.16:6789/0] -- mon_subscribe({mgrmap=0+}) -- 0x7fa654108650 con 0x7fa65410a740
2024-04-25T14:00:00.667 INFO:teuthology.orchestra.run.smithi016.stdout:/usr/bin/ceph: stderr
2024-04-25T13:59:59.717+0000 7fa64b7fe700 1 -- 172.21.15.16:0/3443845619 <== mon.0 v2:172.21.15.16:3300/0 3 ==== mon_map magic: 0 ==== 205+0+0 (secure 0 0 0) 0x7fa6500197d0 con 0x7fa65410a740
2024-04-25T14:00:00.667 INFO:teuthology.orchestra.run.smithi016.stdout:/usr/bin/ceph: stderr
2024-04-25T13:59:59.717+0000 7fa65c3e7700 1 -- 172.21.15.16:0/3443845619 --> [v2:172.21.15.16:3300/0,v1:172.21.15.16:6789/0] -- mon_subscribe({osdmap=0}) -- 0x7fa654108b30 con 0x7fa65410a740
2024-04-25T14:00:00.667 INFO:teuthology.orchestra.run.smithi016.stdout:/usr/bin/ceph: stderr
2024-04-25T13:59:59.718+0000 7fa65c3e7700 1 -- 172.21.15.16:0/3443845619 --> [v2:172.21.15.16:3300/0,v1:172.21.15.16:6789/0] -- mon_command({"prefix": "get_command_descriptions"} v 0) -- 0x7fa654064cf0 con 0x7fa65410a740
2024-04-25T14:00:00.667 INFO:teuthology.orchestra.run.smithi016.stdout:/usr/bin/ceph: stderr
2024-04-25T13:59:59.720+0000 7fa64b7fe700 1 -- 172.21.15.16:0/3443845619 <== mon.0 v2:172.21.15.16:3300/0 4 ==== mgrmap(e 12) ==== 49529+0+0 (secure 0 0 0) 0x7fa65001b440 con 0x7fa65410a740
2024-04-25T14:00:00.667 INFO:teuthology.orchestra.run.smithi016.stdout:/usr/bin/ceph: stderr
2024-04-25T13:59:59.721+0000 7fa64b7fe700 1 --2- 172.21.15.16:0/3443845619 >> [v2:172.21.15.16:6800/1775922091,v1:172.21.15.16:6801/1775922091] conn(0x7fa64003d620 0x7fa64003fb30 unknown :-1 s=NONE pgs=0 cs=0 l=1 rev1=0 crypto rx=0 tx=0 comp rx=0 tx=0).connect
2024-04-25T14:00:00.667 INFO:teuthology.orchestra.run.smithi016.stdout:/usr/bin/ceph: stderr
2024-04-25T13:59:59.721+0000 7fa64b7fe700 1 -- 172.21.15.16:0/3443845619 <== mon.0 v2:172.21.15.16:3300/0 5 ==== osd_map(3..3 src has 1..3) ==== 1155+0+0 (secure 0 0 0) 0x7fa650052f20 con 0x7fa65410a740
2024-04-25T14:00:00.667 INFO:teuthology.orchestra.run.smithi016.stdout:/usr/bin/ceph: stderr
2024-04-25T13:59:59.721+0000 7fa659982700 1 --2- 172.21.15.16:0/3443845619 >> [v2:172.21.15.16:6800/1775922091,v1:172.21.15.16:6801/1775922091] conn(0x7fa64003d620 0x7fa64003fb30 unknown :-1 s=BANNER_CONNECTING pgs=0 cs=0 l=1 rev1=0 crypto rx=0 tx=0 comp rx=0 tx=0)._handle_peer_banner_payload supported=3 required=0
2024-04-25T14:00:00.667 INFO:teuthology.orchestra.run.smithi016.stdout:/usr/bin/ceph: stderr
2024-04-25T13:59:59.721+0000 7fa659982700 1 --2- 172.21.15.16:0/3443845619 >> [v2:172.21.15.16:6800/1775922091,v1:172.21.15.16:6801/1775922091] conn(0x7fa64003d620 0x7fa64003fb30 secure :-1 s=READY pgs=7 cs=0 l=1 rev1=1 crypto rx=0x7fa644006fd0 tx=0x7fa644006e40 comp rx=0 tx=0).ready entity=mgr.14152 client_cookie=0 server_cookie=0 in_seq=0 out_seq=0
2024-04-25T14:00:00.667 INFO:teuthology.orchestra.run.smithi016.stdout:/usr/bin/ceph: stderr
2024-04-25T13:59:59.726+0000 7fa64b7fe700 1 -- 172.21.15.16:0/3443845619 <== mon.0 v2:172.21.15.16:3300/0 6 ==== mon_command_ack([{"prefix": "get_command_descriptions"}]=0 v0) ==== 72+0+188370 (secure 0 0 0) 0x7fa65001f030 con 0x7fa65410a740
2024-04-25T14:00:00.667 INFO:teuthology.orchestra.run.smithi016.stdout:/usr/bin/ceph: stderr
2024-04-25T13:59:59.945+0000 7fa65c3e7700 1 -- 172.21.15.16:0/3443845619 --> [v2:172.21.15.16:6800/1775922091,v1:172.21.15.16:6801/1775922091] -- mgr_command(tid 0: {"prefix": "dashboard create-self-signed-cert", "target": ["mon-mgr", ""]}) -- 0x7fa654109250 con 0x7fa64003d620
2024-04-25T14:00:00.667 INFO:teuthology.orchestra.run.smithi016.stdout:/usr/bin/ceph: stderr
2024-04-25T14:00:00.084+0000 7fa64b7fe700 1 -- 172.21.15.16:0/3443845619 <== mgr.14152 v2:172.21.15.16:6800/1775922091 1 ==== mgr_command_reply(tid 0: 0 ) ==== 8+0+32 (secure 0 0 0) 0x7fa654109250 con 0x7fa64003d620
2024-04-25T14:00:00.667 INFO:teuthology.orchestra.run.smithi016.stdout:/usr/bin/ceph: stderr
2024-04-25T14:00:00.087+0000 7fa65c3e7700 1 -- 172.21.15.16:0/3443845619 >> [v2:172.21.15.16:6800/1775922091,v1:172.21.15.16:6801/1775922091] conn(0x7fa64003d620 msgr2=0x7fa64003fb30 secure :-1 s=STATE_CONNECTION_ESTABLISHED l=1).mark_down
2024-04-25T14:00:00.667 INFO:teuthology.orchestra.run.smithi016.stdout:/usr/bin/ceph: stderr
2024-04-25T14:00:00.087+0000 7fa65c3e7700 1 --2- 172.21.15.16:0/3443845619 >> [v2:172.21.15.16:6800/1775922091,v1:172.21.15.16:6801/1775922091] conn(0x7fa64003d620 0x7fa64003fb30 secure :-1 s=READY pgs=7 cs=0 l=1 rev1=1 crypto rx=0x7fa644006fd0 tx=0x7fa644006e40 comp rx=0 tx=0).stop
2024-04-25T14:00:00.667 INFO:teuthology.orchestra.run.smithi016.stdout:/usr/bin/ceph: stderr
2024-04-25T14:00:00.087+0000 7fa65c3e7700 1 -- 172.21.15.16:0/3443845619 >> [v2:172.21.15.16:3300/0,v1:172.21.15.16:6789/0] conn(0x7fa65410a740 msgr2=0x7fa654109ec0 secure :-1 s=STATE_CONNECTION_ESTABLISHED l=1).mark_down
2024-04-25T14:00:00.668 INFO:teuthology.orchestra.run.smithi016.stdout:/usr/bin/ceph: stderr
2024-04-25T14:00:00.087+0000 7fa65c3e7700 1 --2- 172.21.15.16:0/3443845619 >> [v2:172.21.15.16:3300/0,v1:172.21.15.16:6789/0] conn(0x7fa65410a740 0x7fa654109ec0 secure :-1 s=READY pgs=71 cs=0 l=1 rev1=1 crypto rx=0x7fa650009520 tx=0x7fa650011aa0 comp rx=0 tx=0).stop
2024-04-25T14:00:00.668 INFO:teuthology.orchestra.run.smithi016.stdout:/usr/bin/ceph: stderr
2024-04-25T14:00:00.087+0000 7fa65c3e7700 1 -- 172.21.15.16:0/3443845619 shutdown_connections
2024-04-25T14:00:00.668 INFO:teuthology.orchestra.run.smithi016.stdout:/usr/bin/ceph: stderr
2024-04-25T14:00:00.087+0000 7fa65c3e7700 1 --2- 172.21.15.16:0/3443845619 >> [v2:172.21.15.16:6800/1775922091,v1:172.21.15.16:6801/1775922091] conn(0x7fa64003d620 0x7fa64003fb30 unknown :-1 s=CLOSED pgs=7 cs=0 l=1 rev1=1 crypto rx=0 tx=0 comp rx=0 tx=0).stop
2024-04-25T14:00:00.668 INFO:teuthology.orchestra.run.smithi016.stdout:/usr/bin/ceph: stderr
2024-04-25T14:00:00.087+0000 7fa65c3e7700 1 --2- 172.21.15.16:0/3443845619 >> [v2:172.21.15.16:3300/0,v1:172.21.15.16:6789/0] conn(0x7fa65410a740 0x7fa654109ec0 unknown :-1 s=CLOSED pgs=71 cs=0 l=1 rev1=1 crypto rx=0 tx=0 comp rx=0 tx=0).stop
2024-04-25T14:00:00.668 INFO:teuthology.orchestra.run.smithi016.stdout:/usr/bin/ceph: stderr
2024-04-25T14:00:00.087+0000 7fa65c3e7700 1 -- 172.21.15.16:0/3443845619 >> 172.21.15.16:0/3443845619 conn(0x7fa654104120 msgr2=0x7fa654104a40 unknown :-1 s=STATE_NONE l=0).mark_down
2024-04-25T14:00:00.668 INFO:teuthology.orchestra.run.smithi016.stdout:/usr/bin/ceph: stderr
2024-04-25T14:00:00.087+0000 7fa65c3e7700 1 -- 172.21.15.16:0/3443845619 shutdown_connections
2024-04-25T14:00:00.668 INFO:teuthology.orchestra.run.smithi016.stdout:/usr/bin/ceph: stderr
2024-04-25T14:00:00.087+0000 7fa65c3e7700 1 -- 172.21.15.16:0/3443845619 wait complete.
2024-04-25T14:00:00.668 INFO:teuthology.orchestra.run.smithi016.stdout:Creating initial admin user...
2024-04-25T14:00:00.984 INFO:journalctl@ceph.mon.a.smithi016.stdout:Apr 25 14:00:00 smithi016 ceph-mon[29191]: mgrmap e12: x(active, since 2s)
2024-04-25T14:00:00.984 INFO:journalctl@ceph.mon.a.smithi016.stdout:Apr 25 14:00:00 smithi016 ceph-mon[29191]: from='client.14164 -' entity='client.admin' cmd=[{"prefix": "dashboard create-self-signed-cert", "target": ["mon-mgr", ""]}]: dispatch
2024-04-25T14:00:00.984 INFO:journalctl@ceph.mon.a.smithi016.stdout:Apr 25 14:00:00 smithi016 ceph-mon[29191]: from='mgr.14152 172.21.15.16:0/4063930744' entity='mgr.x'
2024-04-25T14:00:00.985 INFO:journalctl@ceph.mon.a.smithi016.stdout:Apr 25 14:00:00 smithi016 ceph-mon[29191]: from='mgr.14152 172.21.15.16:0/4063930744' entity='mgr.x'
2024-04-25T14:00:00.985 INFO:journalctl@ceph.mon.a.smithi016.stdout:Apr 25 14:00:00 smithi016 ceph-mon[29191]: from='mgr.14152 172.21.15.16:0/4063930744' entity='mgr.x'
2024-04-25T14:00:02.584 INFO:teuthology.orchestra.run.smithi016.stdout:/usr/bin/ceph: stdout {"username": "admin", "password": "$2b$12$7UkR8zISM7j/GpHNnNa7e.cBLs9Ch0dGj7XkSW.gOXOkawvW4hoLG", "roles": ["administrator"], "name": null, "email": null, "lastUpdate": 1714053601, "enabled": true, "pwdExpirationDate": null, "pwdUpdateRequired": true}
2024-04-25T14:00:02.584 INFO:teuthology.orchestra.run.smithi016.stdout:/usr/bin/ceph: stderr
2024-04-25T14:00:01.103+0000 7f4c26c2a700 1 Processor -- start
2024-04-25T14:00:02.584 INFO:teuthology.orchestra.run.smithi016.stdout:/usr/bin/ceph: stderr
2024-04-25T14:00:01.103+0000 7f4c26c2a700 1 -- start start
2024-04-25T14:00:02.584 INFO:teuthology.orchestra.run.smithi016.stdout:/usr/bin/ceph: stderr
2024-04-25T14:00:01.103+0000 7f4c26c2a700 1 --2- >> [v2:172.21.15.16:3300/0,v1:172.21.15.16:6789/0] conn(0x7f4c2010a690 0x7f4c2010cab0 unknown :-1 s=NONE pgs=0 cs=0 l=0 rev1=0 crypto rx=0 tx=0 comp rx=0 tx=0).connect
2024-04-25T14:00:02.584 INFO:teuthology.orchestra.run.smithi016.stdout:/usr/bin/ceph: stderr
2024-04-25T14:00:01.103+0000 7f4c26c2a700 1 -- --> [v2:172.21.15.16:3300/0,v1:172.21.15.16:6789/0] -- mon_getmap magic: 0 -- 0x7f4c2007ce10 con 0x7f4c2010a690
2024-04-25T14:00:02.584 INFO:teuthology.orchestra.run.smithi016.stdout:/usr/bin/ceph: stderr
2024-04-25T14:00:01.104+0000 7f4c249c6700 1 --2- >> [v2:172.21.15.16:3300/0,v1:172.21.15.16:6789/0] conn(0x7f4c2010a690 0x7f4c2010cab0 unknown :-1 s=BANNER_CONNECTING pgs=0 cs=0 l=0 rev1=0 crypto rx=0 tx=0 comp rx=0 tx=0)._handle_peer_banner_payload supported=3 required=0
2024-04-25T14:00:02.584 INFO:teuthology.orchestra.run.smithi016.stdout:/usr/bin/ceph: stderr
2024-04-25T14:00:01.104+0000 7f4c249c6700 1 --2- >> [v2:172.21.15.16:3300/0,v1:172.21.15.16:6789/0] conn(0x7f4c2010a690 0x7f4c2010cab0 unknown :-1 s=HELLO_CONNECTING pgs=0 cs=0 l=0 rev1=1 crypto rx=0 tx=0 comp rx=0 tx=0).handle_hello peer v2:172.21.15.16:3300/0 says I am v2:172.21.15.16:56066/0 (socket says 172.21.15.16:56066)
2024-04-25T14:00:02.584 INFO:teuthology.orchestra.run.smithi016.stdout:/usr/bin/ceph: stderr
2024-04-25T14:00:01.104+0000 7f4c249c6700 1 -- 172.21.15.16:0/66285164 learned_addr learned my addr 172.21.15.16:0/66285164 (peer_addr_for_me v2:172.21.15.16:0/0)
2024-04-25T14:00:02.584 INFO:teuthology.orchestra.run.smithi016.stdout:/usr/bin/ceph: stderr
2024-04-25T14:00:01.104+0000 7f4c249c6700 1 -- 172.21.15.16:0/66285164 --> [v2:172.21.15.16:3300/0,v1:172.21.15.16:6789/0] -- mon_subscribe({config=0+,monmap=0+}) -- 0x7f4c2010cff0 con 0x7f4c2010a690
2024-04-25T14:00:02.584 INFO:teuthology.orchestra.run.smithi016.stdout:/usr/bin/ceph: stderr
2024-04-25T14:00:01.104+0000 7f4c249c6700 1 --2- 172.21.15.16:0/66285164 >> [v2:172.21.15.16:3300/0,v1:172.21.15.16:6789/0] conn(0x7f4c2010a690 0x7f4c2010cab0 secure :-1 s=READY pgs=72 cs=0 l=1 rev1=1 crypto rx=0x7f4c100098a0 tx=0x7f4c10009bb0 comp rx=0 tx=0).ready entity=mon.0 client_cookie=7b69afbdc17ccdc2 server_cookie=0 in_seq=0 out_seq=0
2024-04-25T14:00:02.585 INFO:teuthology.orchestra.run.smithi016.stdout:/usr/bin/ceph: stderr
2024-04-25T14:00:01.104+0000 7f4c1f7fe700 1 -- 172.21.15.16:0/66285164 <== mon.0 v2:172.21.15.16:3300/0 1 ==== mon_map magic: 0 ==== 205+0+0 (secure 0 0 0) 0x7f4c10004160 con 0x7f4c2010a690
2024-04-25T14:00:02.585 INFO:teuthology.orchestra.run.smithi016.stdout:/usr/bin/ceph: stderr
2024-04-25T14:00:01.104+0000 7f4c1f7fe700 1 -- 172.21.15.16:0/66285164 <== mon.0 v2:172.21.15.16:3300/0 2 ==== config(26 keys) ==== 1101+0+0 (secure 0 0 0) 0x7f4c10004300 con 0x7f4c2010a690
2024-04-25T14:00:02.585 INFO:teuthology.orchestra.run.smithi016.stdout:/usr/bin/ceph: stderr
2024-04-25T14:00:01.104+0000 7f4c1f7fe700 1 -- 172.21.15.16:0/66285164 <== mon.0 v2:172.21.15.16:3300/0 3 ==== mon_map magic: 0 ==== 205+0+0 (secure 0 0 0) 0x7f4c10011a20 con 0x7f4c2010a690
2024-04-25T14:00:02.585 INFO:teuthology.orchestra.run.smithi016.stdout:/usr/bin/ceph: stderr
2024-04-25T14:00:01.105+0000 7f4c26c2a700 1 -- 172.21.15.16:0/66285164 >> [v2:172.21.15.16:3300/0,v1:172.21.15.16:6789/0] conn(0x7f4c2010a690 msgr2=0x7f4c2010cab0 secure :-1 s=STATE_CONNECTION_ESTABLISHED l=1).mark_down
2024-04-25T14:00:02.585 INFO:teuthology.orchestra.run.smithi016.stdout:/usr/bin/ceph: stderr
2024-04-25T14:00:01.105+0000 7f4c26c2a700 1 --2- 172.21.15.16:0/66285164 >> [v2:172.21.15.16:3300/0,v1:172.21.15.16:6789/0] conn(0x7f4c2010a690 0x7f4c2010cab0 secure :-1 s=READY pgs=72 cs=0 l=1 rev1=1 crypto rx=0x7f4c100098a0 tx=0x7f4c10009bb0 comp rx=0 tx=0).stop
2024-04-25T14:00:02.585 INFO:teuthology.orchestra.run.smithi016.stdout:/usr/bin/ceph: stderr
2024-04-25T14:00:01.105+0000 7f4c26c2a700 1 -- 172.21.15.16:0/66285164 shutdown_connections
2024-04-25T14:00:02.585 INFO:teuthology.orchestra.run.smithi016.stdout:/usr/bin/ceph: stderr
2024-04-25T14:00:01.105+0000 7f4c26c2a700 1 --2- 172.21.15.16:0/66285164 >> [v2:172.21.15.16:3300/0,v1:172.21.15.16:6789/0] conn(0x7f4c2010a690 0x7f4c2010cab0 unknown :-1 s=CLOSED pgs=72 cs=0 l=1 rev1=1 crypto rx=0 tx=0 comp rx=0 tx=0).stop
2024-04-25T14:00:02.585 INFO:teuthology.orchestra.run.smithi016.stdout:/usr/bin/ceph: stderr
2024-04-25T14:00:01.105+0000 7f4c26c2a700 1 -- 172.21.15.16:0/66285164 >> 172.21.15.16:0/66285164 conn(0x7f4c201040f0 msgr2=0x7f4c20106540 unknown :-1 s=STATE_NONE l=0).mark_down
2024-04-25T14:00:02.585 INFO:teuthology.orchestra.run.smithi016.stdout:/usr/bin/ceph: stderr
2024-04-25T14:00:01.105+0000 7f4c26c2a700 1 -- 172.21.15.16:0/66285164 shutdown_connections
2024-04-25T14:00:02.585 INFO:teuthology.orchestra.run.smithi016.stdout:/usr/bin/ceph: stderr
2024-04-25T14:00:01.105+0000 7f4c26c2a700 1 -- 172.21.15.16:0/66285164 wait complete.
2024-04-25T14:00:02.585 INFO:teuthology.orchestra.run.smithi016.stdout:/usr/bin/ceph: stderr
2024-04-25T14:00:01.106+0000 7f4c26c2a700 1 Processor -- start
2024-04-25T14:00:02.585 INFO:teuthology.orchestra.run.smithi016.stdout:/usr/bin/ceph: stderr
2024-04-25T14:00:01.106+0000 7f4c26c2a700 1 -- start start
2024-04-25T14:00:02.585 INFO:teuthology.orchestra.run.smithi016.stdout:/usr/bin/ceph: stderr
2024-04-25T14:00:01.106+0000 7f4c26c2a700 1 --2- >> [v2:172.21.15.16:3300/0,v1:172.21.15.16:6789/0] conn(0x7f4c2010a690 0x7f4c2019dea0 unknown :-1 s=NONE pgs=0 cs=0 l=1 rev1=0 crypto rx=0 tx=0 comp rx=0 tx=0).connect
2024-04-25T14:00:02.585 INFO:teuthology.orchestra.run.smithi016.stdout:/usr/bin/ceph: stderr
2024-04-25T14:00:01.106+0000 7f4c26c2a700 1 -- --> [v2:172.21.15.16:3300/0,v1:172.21.15.16:6789/0] -- mon_getmap magic: 0 -- 0x7f4c2010df90 con 0x7f4c2010a690
2024-04-25T14:00:02.586 INFO:teuthology.orchestra.run.smithi016.stdout:/usr/bin/ceph: stderr
2024-04-25T14:00:01.106+0000 7f4c249c6700 1 --2- >> [v2:172.21.15.16:3300/0,v1:172.21.15.16:6789/0] conn(0x7f4c2010a690 0x7f4c2019dea0 unknown :-1 s=BANNER_CONNECTING pgs=0 cs=0 l=1 rev1=0 crypto rx=0 tx=0 comp rx=0 tx=0)._handle_peer_banner_payload supported=3 required=0
2024-04-25T14:00:02.586 INFO:teuthology.orchestra.run.smithi016.stdout:/usr/bin/ceph: stderr
2024-04-25T14:00:01.106+0000 7f4c249c6700 1 --2- >> [v2:172.21.15.16:3300/0,v1:172.21.15.16:6789/0] conn(0x7f4c2010a690 0x7f4c2019dea0 unknown :-1 s=HELLO_CONNECTING pgs=0 cs=0 l=1 rev1=1 crypto rx=0 tx=0 comp rx=0 tx=0).handle_hello peer v2:172.21.15.16:3300/0 says I am v2:172.21.15.16:56078/0 (socket says 172.21.15.16:56078)
2024-04-25T14:00:02.586 INFO:teuthology.orchestra.run.smithi016.stdout:/usr/bin/ceph: stderr
2024-04-25T14:00:01.106+0000 7f4c249c6700 1 -- 172.21.15.16:0/1885708466 learned_addr learned my addr 172.21.15.16:0/1885708466 (peer_addr_for_me v2:172.21.15.16:0/0)
2024-04-25T14:00:02.586 INFO:teuthology.orchestra.run.smithi016.stdout:/usr/bin/ceph: stderr
2024-04-25T14:00:01.106+0000 7f4c249c6700 1 -- 172.21.15.16:0/1885708466 --> [v2:172.21.15.16:3300/0,v1:172.21.15.16:6789/0] -- mon_subscribe({config=0+,monmap=0+}) -- 0x7f4c2019e3e0 con 0x7f4c2010a690
2024-04-25T14:00:02.586 INFO:teuthology.orchestra.run.smithi016.stdout:/usr/bin/ceph: stderr
2024-04-25T14:00:01.107+0000 7f4c249c6700 1 --2- 172.21.15.16:0/1885708466 >> [v2:172.21.15.16:3300/0,v1:172.21.15.16:6789/0] conn(0x7f4c2010a690 0x7f4c2019dea0 secure :-1 s=READY pgs=73 cs=0 l=1 rev1=1 crypto rx=0x7f4c10004660 tx=0x7f4c10011aa0 comp rx=0 tx=0).ready entity=mon.0 client_cookie=0 server_cookie=0 in_seq=0 out_seq=0
2024-04-25T14:00:02.586 INFO:teuthology.orchestra.run.smithi016.stdout:/usr/bin/ceph: stderr
2024-04-25T14:00:01.107+0000 7f4c1dffb700 1 -- 172.21.15.16:0/1885708466 <== mon.0 v2:172.21.15.16:3300/0 1 ==== mon_map magic: 0 ==== 205+0+0 (secure 0 0 0) 0x7f4c10003a60 con 0x7f4c2010a690
2024-04-25T14:00:02.586 INFO:teuthology.orchestra.run.smithi016.stdout:/usr/bin/ceph: stderr
2024-04-25T14:00:01.107+0000 7f4c1dffb700 1 -- 172.21.15.16:0/1885708466 <== mon.0 v2:172.21.15.16:3300/0 2 ==== config(26 keys) ==== 1101+0+0 (secure 0 0 0) 0x7f4c1001b8f0 con 0x7f4c2010a690
2024-04-25T14:00:02.586 INFO:teuthology.orchestra.run.smithi016.stdout:/usr/bin/ceph: stderr
2024-04-25T14:00:01.107+0000 7f4c26c2a700 1 -- 172.21.15.16:0/1885708466 --> [v2:172.21.15.16:3300/0,v1:172.21.15.16:6789/0] -- mon_subscribe({mgrmap=0+}) -- 0x7f4c2019e670 con 0x7f4c2010a690
2024-04-25T14:00:02.586 INFO:teuthology.orchestra.run.smithi016.stdout:/usr/bin/ceph: stderr
2024-04-25T14:00:01.107+0000 7f4c1dffb700 1 -- 172.21.15.16:0/1885708466 <== mon.0 v2:172.21.15.16:3300/0 3 ==== mon_map magic: 0 ==== 205+0+0 (secure 0 0 0) 0x7f4c10023890 con 0x7f4c2010a690
2024-04-25T14:00:02.586 INFO:teuthology.orchestra.run.smithi016.stdout:/usr/bin/ceph: stderr
2024-04-25T14:00:01.107+0000 7f4c26c2a700 1 -- 172.21.15.16:0/1885708466 --> [v2:172.21.15.16:3300/0,v1:172.21.15.16:6789/0] -- mon_subscribe({osdmap=0}) -- 0x7f4c201a1280 con 0x7f4c2010a690
2024-04-25T14:00:02.586 INFO:teuthology.orchestra.run.smithi016.stdout:/usr/bin/ceph: stderr
