2024-04-25T14:09:53.169 INFO:journalctl@ceph.mon.a.smithi044.stdout:Apr 25 14:09:53 smithi044 ceph-mon[28073]: from='mgr.14152 172.21.15.44:0/4092336750' entity='mgr.x'
2024-04-25T14:09:54.413 INFO:journalctl@ceph.mon.a.smithi044.stdout:Apr 25 14:09:54 smithi044 ceph-mon[28073]: from='client.? 172.21.15.44:0/3243780198' entity='client.admin' cmd=[{"prefix": "config get", "who": "mgr", "key": "mgr/dashboard/ssl_server_port"}]: dispatch
2024-04-25T14:09:55.104 INFO:teuthology.orchestra.run.smithi044.stdout:/usr/bin/ceph: stdout 8443
2024-04-25T14:09:55.104 INFO:teuthology.orchestra.run.smithi044.stdout:/usr/bin/ceph: stderr
2024-04-25T14:09:53.535+0000 7fc89d800700 1 Processor -- start
2024-04-25T14:09:55.104 INFO:teuthology.orchestra.run.smithi044.stdout:/usr/bin/ceph: stderr
2024-04-25T14:09:53.535+0000 7fc89d800700 1 -- start start
2024-04-25T14:09:55.104 INFO:teuthology.orchestra.run.smithi044.stdout:/usr/bin/ceph: stderr
2024-04-25T14:09:53.536+0000 7fc89d800700 1 --2- >> [v2:172.21.15.44:3300/0,v1:172.21.15.44:6789/0] conn(0x7fc8981118a0 0x7fc898111cb0 unknown :-1 s=NONE pgs=0 cs=0 l=0 rev1=0 crypto rx=0 tx=0 comp rx=0 tx=0).connect
2024-04-25T14:09:55.105 INFO:teuthology.orchestra.run.smithi044.stdout:/usr/bin/ceph: stderr
2024-04-25T14:09:53.536+0000 7fc89d800700 1 -- --> [v2:172.21.15.44:3300/0,v1:172.21.15.44:6789/0] -- mon_getmap magic: 0 -- 0x7fc898112280 con 0x7fc8981118a0
2024-04-25T14:09:55.105 INFO:teuthology.orchestra.run.smithi044.stdout:/usr/bin/ceph: stderr
2024-04-25T14:09:53.536+0000 7fc896a00700 1 --2- >> [v2:172.21.15.44:3300/0,v1:172.21.15.44:6789/0] conn(0x7fc8981118a0 0x7fc898111cb0 unknown :-1 s=BANNER_CONNECTING pgs=0 cs=0 l=0 rev1=0 crypto rx=0 tx=0 comp rx=0 tx=0)._handle_peer_banner_payload supported=3 required=0
2024-04-25T14:09:55.105 INFO:teuthology.orchestra.run.smithi044.stdout:/usr/bin/ceph: stderr
2024-04-25T14:09:53.536+0000 7fc896a00700 1 --2- >> [v2:172.21.15.44:3300/0,v1:172.21.15.44:6789/0] conn(0x7fc8981118a0 0x7fc898111cb0 unknown :-1 s=HELLO_CONNECTING pgs=0 cs=0 l=0 rev1=1 crypto rx=0 tx=0 comp rx=0 tx=0).handle_hello peer v2:172.21.15.44:3300/0 says I am v2:172.21.15.44:37402/0 (socket says 172.21.15.44:37402)
2024-04-25T14:09:55.105 INFO:teuthology.orchestra.run.smithi044.stdout:/usr/bin/ceph: stderr
2024-04-25T14:09:53.536+0000 7fc896a00700 1 -- 172.21.15.44:0/162591294 learned_addr learned my addr 172.21.15.44:0/162591294 (peer_addr_for_me v2:172.21.15.44:0/0)
2024-04-25T14:09:55.110 INFO:teuthology.orchestra.run.smithi044.stdout:/usr/bin/ceph: stderr
2024-04-25T14:09:53.537+0000 7fc896a00700 1 -- 172.21.15.44:0/162591294 --> [v2:172.21.15.44:3300/0,v1:172.21.15.44:6789/0] -- mon_subscribe({config=0+,monmap=0+}) -- 0x7fc898110570 con 0x7fc8981118a0
2024-04-25T14:09:55.110 INFO:teuthology.orchestra.run.smithi044.stdout:/usr/bin/ceph: stderr
2024-04-25T14:09:53.537+0000 7fc896a00700 1 --2- 172.21.15.44:0/162591294 >> [v2:172.21.15.44:3300/0,v1:172.21.15.44:6789/0] conn(0x7fc8981118a0 0x7fc898111cb0 secure :-1 s=READY pgs=74 cs=0 l=1 rev1=1 crypto rx=0x7fc8880098a0 tx=0x7fc888009bb0 comp rx=0 tx=0).ready entity=mon.0 client_cookie=dbda4af14176b050 server_cookie=0 in_seq=0 out_seq=0
2024-04-25T14:09:55.110 INFO:teuthology.orchestra.run.smithi044.stdout:/usr/bin/ceph: stderr
2024-04-25T14:09:53.537+0000 7fc896000700 1 -- 172.21.15.44:0/162591294 <== mon.0 v2:172.21.15.44:3300/0 1 ==== mon_map magic: 0 ==== 205+0+0 (secure 0 0 0) 0x7fc888004160 con 0x7fc8981118a0
2024-04-25T14:09:55.110 INFO:teuthology.orchestra.run.smithi044.stdout:/usr/bin/ceph: stderr
2024-04-25T14:09:53.538+0000 7fc896000700 1 -- 172.21.15.44:0/162591294 <== mon.0 v2:172.21.15.44:3300/0 2 ==== config(28 keys) ==== 1170+0+0 (secure 0 0 0) 0x7fc888004300 con 0x7fc8981118a0
2024-04-25T14:09:55.110 INFO:teuthology.orchestra.run.smithi044.stdout:/usr/bin/ceph: stderr
2024-04-25T14:09:53.538+0000 7fc896000700 1 -- 172.21.15.44:0/162591294 <== mon.0 v2:172.21.15.44:3300/0 3 ==== mon_map magic: 0 ==== 205+0+0 (secure 0 0 0) 0x7fc888011c20 con 0x7fc8981118a0
2024-04-25T14:09:55.110 INFO:teuthology.orchestra.run.smithi044.stdout:/usr/bin/ceph: stderr
2024-04-25T14:09:53.538+0000 7fc89d800700 1 -- 172.21.15.44:0/162591294 >> [v2:172.21.15.44:3300/0,v1:172.21.15.44:6789/0] conn(0x7fc8981118a0 msgr2=0x7fc898111cb0 secure :-1 s=STATE_CONNECTION_ESTABLISHED l=1).mark_down
2024-04-25T14:09:55.110 INFO:teuthology.orchestra.run.smithi044.stdout:/usr/bin/ceph: stderr
2024-04-25T14:09:53.538+0000 7fc89d800700 1 --2- 172.21.15.44:0/162591294 >> [v2:172.21.15.44:3300/0,v1:172.21.15.44:6789/0] conn(0x7fc8981118a0 0x7fc898111cb0 secure :-1 s=READY pgs=74 cs=0 l=1 rev1=1 crypto rx=0x7fc8880098a0 tx=0x7fc888009bb0 comp rx=0 tx=0).stop
2024-04-25T14:09:55.110 INFO:teuthology.orchestra.run.smithi044.stdout:/usr/bin/ceph: stderr
2024-04-25T14:09:53.539+0000 7fc89d800700 1 -- 172.21.15.44:0/162591294 shutdown_connections
2024-04-25T14:09:55.110 INFO:teuthology.orchestra.run.smithi044.stdout:/usr/bin/ceph: stderr
2024-04-25T14:09:53.539+0000 7fc89d800700 1 --2- 172.21.15.44:0/162591294 >> [v2:172.21.15.44:3300/0,v1:172.21.15.44:6789/0] conn(0x7fc8981118a0 0x7fc898111cb0 unknown :-1 s=CLOSED pgs=74 cs=0 l=1 rev1=1 crypto rx=0 tx=0 comp rx=0 tx=0).stop
2024-04-25T14:09:55.110 INFO:teuthology.orchestra.run.smithi044.stdout:/usr/bin/ceph: stderr
2024-04-25T14:09:53.539+0000 7fc89d800700 1 -- 172.21.15.44:0/162591294 >> 172.21.15.44:0/162591294 conn(0x7fc89807f590 msgr2=0x7fc898081a40 unknown :-1 s=STATE_NONE l=0).mark_down
2024-04-25T14:09:55.110 INFO:teuthology.orchestra.run.smithi044.stdout:/usr/bin/ceph: stderr
2024-04-25T14:09:53.539+0000 7fc89d800700 1 -- 172.21.15.44:0/162591294 shutdown_connections
2024-04-25T14:09:55.111 INFO:teuthology.orchestra.run.smithi044.stdout:/usr/bin/ceph: stderr
2024-04-25T14:09:53.539+0000 7fc89d800700 1 -- 172.21.15.44:0/162591294 wait complete.
2024-04-25T14:09:55.111 INFO:teuthology.orchestra.run.smithi044.stdout:/usr/bin/ceph: stderr
2024-04-25T14:09:53.540+0000 7fc89d800700 1 Processor -- start
2024-04-25T14:09:55.111 INFO:teuthology.orchestra.run.smithi044.stdout:/usr/bin/ceph: stderr
2024-04-25T14:09:53.540+0000 7fc89d800700 1 -- start start
2024-04-25T14:09:55.111 INFO:teuthology.orchestra.run.smithi044.stdout:/usr/bin/ceph: stderr
2024-04-25T14:09:53.540+0000 7fc89d800700 1 --2- >> [v2:172.21.15.44:3300/0,v1:172.21.15.44:6789/0] conn(0x7fc8981118a0 0x7fc8981a4960 unknown :-1 s=NONE pgs=0 cs=0 l=1 rev1=0 crypto rx=0 tx=0 comp rx=0 tx=0).connect
2024-04-25T14:09:55.111 INFO:teuthology.orchestra.run.smithi044.stdout:/usr/bin/ceph: stderr
2024-04-25T14:09:53.540+0000 7fc89d800700 1 -- --> [v2:172.21.15.44:3300/0,v1:172.21.15.44:6789/0] -- mon_getmap magic: 0 -- 0x7fc8981147b0 con 0x7fc8981118a0
2024-04-25T14:09:55.111 INFO:teuthology.orchestra.run.smithi044.stdout:/usr/bin/ceph: stderr
2024-04-25T14:09:53.541+0000 7fc896a00700 1 --2- >> [v2:172.21.15.44:3300/0,v1:172.21.15.44:6789/0] conn(0x7fc8981118a0 0x7fc8981a4960 unknown :-1 s=BANNER_CONNECTING pgs=0 cs=0 l=1 rev1=0 crypto rx=0 tx=0 comp rx=0 tx=0)._handle_peer_banner_payload supported=3 required=0
2024-04-25T14:09:55.111 INFO:teuthology.orchestra.run.smithi044.stdout:/usr/bin/ceph: stderr
2024-04-25T14:09:53.541+0000 7fc896a00700 1 --2- >> [v2:172.21.15.44:3300/0,v1:172.21.15.44:6789/0] conn(0x7fc8981118a0 0x7fc8981a4960 unknown :-1 s=HELLO_CONNECTING pgs=0 cs=0 l=1 rev1=1 crypto rx=0 tx=0 comp rx=0 tx=0).handle_hello peer v2:172.21.15.44:3300/0 says I am v2:172.21.15.44:37418/0 (socket says 172.21.15.44:37418)
2024-04-25T14:09:55.111 INFO:teuthology.orchestra.run.smithi044.stdout:/usr/bin/ceph: stderr
2024-04-25T14:09:53.541+0000 7fc896a00700 1 -- 172.21.15.44:0/3243780198 learned_addr learned my addr 172.21.15.44:0/3243780198 (peer_addr_for_me v2:172.21.15.44:0/0)
2024-04-25T14:09:55.111 INFO:teuthology.orchestra.run.smithi044.stdout:/usr/bin/ceph: stderr
2024-04-25T14:09:53.541+0000 7fc896a00700 1 -- 172.21.15.44:0/3243780198 --> [v2:172.21.15.44:3300/0,v1:172.21.15.44:6789/0] -- mon_subscribe({config=0+,monmap=0+}) -- 0x7fc8981a4ea0 con 0x7fc8981118a0
2024-04-25T14:09:55.111 INFO:teuthology.orchestra.run.smithi044.stdout:/usr/bin/ceph: stderr
2024-04-25T14:09:53.541+0000 7fc896a00700 1 --2- 172.21.15.44:0/3243780198 >> [v2:172.21.15.44:3300/0,v1:172.21.15.44:6789/0] conn(0x7fc8981118a0 0x7fc8981a4960 secure :-1 s=READY pgs=75 cs=0 l=1 rev1=1 crypto rx=0x7fc8880118e0 tx=0x7fc888011de0 comp rx=0 tx=0).ready entity=mon.0 client_cookie=0 server_cookie=0 in_seq=0 out_seq=0
2024-04-25T14:09:55.111 INFO:teuthology.orchestra.run.smithi044.stdout:/usr/bin/ceph: stderr
2024-04-25T14:09:53.542+0000 7fc88f400700 1 -- 172.21.15.44:0/3243780198 <== mon.0 v2:172.21.15.44:3300/0 1 ==== mon_map magic: 0 ==== 205+0+0 (secure 0 0 0) 0x7fc888003bf0 con 0x7fc8981118a0
2024-04-25T14:09:55.111 INFO:teuthology.orchestra.run.smithi044.stdout:/usr/bin/ceph: stderr
2024-04-25T14:09:53.542+0000 7fc88f400700 1 -- 172.21.15.44:0/3243780198 <== mon.0 v2:172.21.15.44:3300/0 2 ==== config(28 keys) ==== 1170+0+0 (secure 0 0 0) 0x7fc88801a430 con 0x7fc8981118a0
2024-04-25T14:09:55.111 INFO:teuthology.orchestra.run.smithi044.stdout:/usr/bin/ceph: stderr
2024-04-25T14:09:53.542+0000 7fc88f400700 1 -- 172.21.15.44:0/3243780198 <== mon.0 v2:172.21.15.44:3300/0 3 ==== mon_map magic: 0 ==== 205+0+0 (secure 0 0 0) 0x7fc8880193c0 con 0x7fc8981118a0
2024-04-25T14:09:55.112 INFO:teuthology.orchestra.run.smithi044.stdout:/usr/bin/ceph: stderr
2024-04-25T14:09:53.542+0000 7fc89d800700 1 -- 172.21.15.44:0/3243780198 --> [v2:172.21.15.44:3300/0,v1:172.21.15.44:6789/0] -- mon_subscribe({mgrmap=0+}) -- 0x7fc8981a5130 con 0x7fc8981118a0
2024-04-25T14:09:55.112 INFO:teuthology.orchestra.run.smithi044.stdout:/usr/bin/ceph: stderr
2024-04-25T14:09:53.542+0000 7fc89d800700 1 -- 172.21.15.44:0/3243780198 --> [v2:172.21.15.44:3300/0,v1:172.21.15.44:6789/0] -- mon_subscribe({osdmap=0}) -- 0x7fc8981a7d40 con 0x7fc8981118a0
2024-04-25T14:09:55.112 INFO:teuthology.orchestra.run.smithi044.stdout:/usr/bin/ceph: stderr
2024-04-25T14:09:53.543+0000 7fc88f400700 1 -- 172.21.15.44:0/3243780198 <== mon.0 v2:172.21.15.44:3300/0 4 ==== mgrmap(e 12) ==== 49529+0+0 (secure 0 0 0) 0x7fc88801a9b0 con 0x7fc8981118a0
2024-04-25T14:09:55.112 INFO:teuthology.orchestra.run.smithi044.stdout:/usr/bin/ceph: stderr
2024-04-25T14:09:53.543+0000 7fc89d800700 1 -- 172.21.15.44:0/3243780198 --> [v2:172.21.15.44:3300/0,v1:172.21.15.44:6789/0] -- mon_command({"prefix": "get_command_descriptions"} v 0) -- 0x7fc898064cf0 con 0x7fc8981118a0
2024-04-25T14:09:55.112 INFO:teuthology.orchestra.run.smithi044.stdout:/usr/bin/ceph: stderr
2024-04-25T14:09:53.544+0000 7fc88f400700 1 --2- 172.21.15.44:0/3243780198 >> [v2:172.21.15.44:6800/1744636754,v1:172.21.15.44:6801/1744636754] conn(0x7fc87c03d610 0x7fc87c03fb20 unknown :-1 s=NONE pgs=0 cs=0 l=1 rev1=0 crypto rx=0 tx=0 comp rx=0 tx=0).connect
2024-04-25T14:09:55.112 INFO:teuthology.orchestra.run.smithi044.stdout:/usr/bin/ceph: stderr
2024-04-25T14:09:53.544+0000 7fc88f400700 1 -- 172.21.15.44:0/3243780198 <== mon.0 v2:172.21.15.44:3300/0 5 ==== osd_map(3..3 src has 1..3) ==== 1155+0+0 (secure 0 0 0) 0x7fc8880525f0 con 0x7fc8981118a0
2024-04-25T14:09:55.112 INFO:teuthology.orchestra.run.smithi044.stdout:/usr/bin/ceph: stderr
2024-04-25T14:09:53.544+0000 7fc88fe00700 1 --2- 172.21.15.44:0/3243780198 >> [v2:172.21.15.44:6800/1744636754,v1:172.21.15.44:6801/1744636754] conn(0x7fc87c03d610 0x7fc87c03fb20 unknown :-1 s=BANNER_CONNECTING pgs=0 cs=0 l=1 rev1=0 crypto rx=0 tx=0 comp rx=0 tx=0)._handle_peer_banner_payload supported=3 required=0
2024-04-25T14:09:55.112 INFO:teuthology.orchestra.run.smithi044.stdout:/usr/bin/ceph: stderr
2024-04-25T14:09:53.545+0000 7fc88fe00700 1 --2- 172.21.15.44:0/3243780198 >> [v2:172.21.15.44:6800/1744636754,v1:172.21.15.44:6801/1744636754] conn(0x7fc87c03d610 0x7fc87c03fb20 secure :-1 s=READY pgs=9 cs=0 l=1 rev1=1 crypto rx=0x7fc880006fd0 tx=0x7fc880006e40 comp rx=0 tx=0).ready entity=mgr.14152 client_cookie=0 server_cookie=0 in_seq=0 out_seq=0
2024-04-25T14:09:55.112 INFO:teuthology.orchestra.run.smithi044.stdout:/usr/bin/ceph: stderr
2024-04-25T14:09:53.550+0000 7fc88f400700 1 -- 172.21.15.44:0/3243780198 <== mon.0 v2:172.21.15.44:3300/0 6 ==== mon_command_ack([{"prefix": "get_command_descriptions"}]=0 v0) ==== 72+0+188370 (secure 0 0 0) 0x7fc888029d50 con 0x7fc8981118a0
2024-04-25T14:09:55.112 INFO:teuthology.orchestra.run.smithi044.stdout:/usr/bin/ceph: stderr
2024-04-25T14:09:53.791+0000 7fc89d800700 1 -- 172.21.15.44:0/3243780198 --> [v2:172.21.15.44:3300/0,v1:172.21.15.44:6789/0] -- mon_command({"prefix": "config get", "who": "mgr", "key": "mgr/dashboard/ssl_server_port"} v 0) -- 0x7fc898114930 con 0x7fc8981118a0
2024-04-25T14:09:55.112 INFO:teuthology.orchestra.run.smithi044.stdout:/usr/bin/ceph: stderr
2024-04-25T14:09:53.792+0000 7fc88f400700 1 -- 172.21.15.44:0/3243780198 <== mon.0 v2:172.21.15.44:3300/0 7 ==== mon_command_ack([{"prefix": "config get", "who": "mgr", "key": "mgr/dashboard/ssl_server_port"}]=0 v8) ==== 112+0+5 (secure 0 0 0) 0x7fc888003d90 con 0x7fc8981118a0
2024-04-25T14:09:55.112 INFO:teuthology.orchestra.run.smithi044.stdout:/usr/bin/ceph: stderr
2024-04-25T14:09:53.795+0000 7fc89d800700 1 -- 172.21.15.44:0/3243780198 >> [v2:172.21.15.44:6800/1744636754,v1:172.21.15.44:6801/1744636754] conn(0x7fc87c03d610 msgr2=0x7fc87c03fb20 secure :-1 s=STATE_CONNECTION_ESTABLISHED l=1).mark_down
2024-04-25T14:09:55.112 INFO:teuthology.orchestra.run.smithi044.stdout:/usr/bin/ceph: stderr
2024-04-25T14:09:53.795+0000 7fc89d800700 1 --2- 172.21.15.44:0/3243780198 >> [v2:172.21.15.44:6800/1744636754,v1:172.21.15.44:6801/1744636754] conn(0x7fc87c03d610 0x7fc87c03fb20 secure :-1 s=READY pgs=9 cs=0 l=1 rev1=1 crypto rx=0x7fc880006fd0 tx=0x7fc880006e40 comp rx=0 tx=0).stop
2024-04-25T14:09:55.112 INFO:teuthology.orchestra.run.smithi044.stdout:/usr/bin/ceph: stderr
2024-04-25T14:09:53.795+0000 7fc89d800700 1 -- 172.21.15.44:0/3243780198 >> [v2:172.21.15.44:3300/0,v1:172.21.15.44:6789/0] conn(0x7fc8981118a0 msgr2=0x7fc8981a4960 secure :-1 s=STATE_CONNECTION_ESTABLISHED l=1).mark_down
2024-04-25T14:09:55.113 INFO:teuthology.orchestra.run.smithi044.stdout:/usr/bin/ceph: stderr
2024-04-25T14:09:53.795+0000 7fc89d800700 1 --2- 172.21.15.44:0/3243780198 >> [v2:172.21.15.44:3300/0,v1:172.21.15.44:6789/0] conn(0x7fc8981118a0 0x7fc8981a4960 secure :-1 s=READY pgs=75 cs=0 l=1 rev1=1 crypto rx=0x7fc8880118e0 tx=0x7fc888011de0 comp rx=0 tx=0).stop
2024-04-25T14:09:55.113 INFO:teuthology.orchestra.run.smithi044.stdout:/usr/bin/ceph: stderr
2024-04-25T14:09:53.795+0000 7fc89d800700 1 -- 172.21.15.44:0/3243780198 shutdown_connections
2024-04-25T14:09:55.113 INFO:teuthology.orchestra.run.smithi044.stdout:/usr/bin/ceph: stderr
2024-04-25T14:09:53.795+0000 7fc89d800700 1 --2- 172.21.15.44:0/3243780198 >> [v2:172.21.15.44:6800/1744636754,v1:172.21.15.44:6801/1744636754] conn(0x7fc87c03d610 0x7fc87c03fb20 unknown :-1 s=CLOSED pgs=9 cs=0 l=1 rev1=1 crypto rx=0 tx=0 comp rx=0 tx=0).stop
2024-04-25T14:09:55.113 INFO:teuthology.orchestra.run.smithi044.stdout:/usr/bin/ceph: stderr
2024-04-25T14:09:53.795+0000 7fc89d800700 1 --2- 172.21.15.44:0/3243780198 >> [v2:172.21.15.44:3300/0,v1:172.21.15.44:6789/0] conn(0x7fc8981118a0 0x7fc8981a4960 unknown :-1 s=CLOSED pgs=75 cs=0 l=1 rev1=1 crypto rx=0 tx=0 comp rx=0 tx=0).stop
2024-04-25T14:09:55.113 INFO:teuthology.orchestra.run.smithi044.stdout:/usr/bin/ceph: stderr
2024-04-25T14:09:53.795+0000 7fc89d800700 1 -- 172.21.15.44:0/3243780198 >> 172.21.15.44:0/3243780198 conn(0x7fc89807f590 msgr2=0x7fc89807ffd0 unknown :-1 s=STATE_NONE l=0).mark_down
2024-04-25T14:09:55.113 INFO:teuthology.orchestra.run.smithi044.stdout:/usr/bin/ceph: stderr
2024-04-25T14:09:53.796+0000 7fc89d800700 1 -- 172.21.15.44:0/3243780198 shutdown_connections
2024-04-25T14:09:55.113 INFO:teuthology.orchestra.run.smithi044.stdout:/usr/bin/ceph: stderr
2024-04-25T14:09:53.796+0000 7fc89d800700 1 -- 172.21.15.44:0/3243780198 wait complete.
2024-04-25T14:09:55.140 INFO:teuthology.orchestra.run.smithi044.stdout:Non-zero exit code 1 from systemctl is-enabled firewalld.service
2024-04-25T14:09:55.140 INFO:teuthology.orchestra.run.smithi044.stdout:systemctl: stdout disabled
2024-04-25T14:09:55.163 INFO:teuthology.orchestra.run.smithi044.stdout:Non-zero exit code 3 from systemctl is-active firewalld.service
2024-04-25T14:09:55.164 INFO:teuthology.orchestra.run.smithi044.stdout:systemctl: stdout inactive
2024-04-25T14:09:55.164 INFO:teuthology.orchestra.run.smithi044.stdout:firewalld.service is not enabled
2024-04-25T14:09:55.164 INFO:teuthology.orchestra.run.smithi044.stdout:Not possible to open ports <[8443]>. firewalld.service is not available
2024-04-25T14:09:55.172 INFO:teuthology.orchestra.run.smithi044.stdout:Ceph Dashboard is now available at:
2024-04-25T14:09:55.172 INFO:teuthology.orchestra.run.smithi044.stdout:
2024-04-25T14:09:55.172 INFO:teuthology.orchestra.run.smithi044.stdout: URL: https://smithi044.front.sepia.ceph.com:8443/
2024-04-25T14:09:55.172 INFO:teuthology.orchestra.run.smithi044.stdout: User: admin
2024-04-25T14:09:55.172 INFO:teuthology.orchestra.run.smithi044.stdout: Password: q2b7n9qiuy
2024-04-25T14:09:55.172 INFO:teuthology.orchestra.run.smithi044.stdout:
2024-04-25T14:09:55.173 INFO:teuthology.orchestra.run.smithi044.stdout:Saving cluster configuration to /var/lib/ceph/279ff7fe-030d-11ef-bc93-c7b262605968/config directory
2024-04-25T14:09:55.175 INFO:teuthology.orchestra.run.smithi044.stdout:Enabling autotune for osd_memory_target
2024-04-25T14:09:55.252 INFO:journalctl@ceph.mon.a.smithi044.stdout:Apr 25 14:09:55 smithi044 ceph-mon[28073]: mgrmap e13: x(active, since 7s)
2024-04-25T14:09:56.750 INFO:teuthology.orchestra.run.smithi044.stdout:/usr/bin/ceph: stderr
2024-04-25T14:09:55.852+0000 7f7ee9400700 1 Processor -- start
2024-04-25T14:09:56.751 INFO:teuthology.orchestra.run.smithi044.stdout:/usr/bin/ceph: stderr
2024-04-25T14:09:55.853+0000 7f7ee9400700 1 -- start start
2024-04-25T14:09:56.751 INFO:teuthology.orchestra.run.smithi044.stdout:/usr/bin/ceph: stderr
2024-04-25T14:09:55.853+0000 7f7ee9400700 1 --2- >> [v2:172.21.15.44:3300/0,v1:172.21.15.44:6789/0] conn(0x7f7ee407f610 0x7f7ee407dae0 unknown :-1 s=NONE pgs=0 cs=0 l=0 rev1=0 crypto rx=0 tx=0 comp rx=0 tx=0).connect
2024-04-25T14:09:56.751 INFO:teuthology.orchestra.run.smithi044.stdout:/usr/bin/ceph: stderr
2024-04-25T14:09:55.853+0000 7f7ee9400700 1 -- --> [v2:172.21.15.44:3300/0,v1:172.21.15.44:6789/0] -- mon_getmap magic: 0 -- 0x7f7ee407e020 con 0x7f7ee407f610
2024-04-25T14:09:56.751 INFO:teuthology.orchestra.run.smithi044.stdout:/usr/bin/ceph: stderr
2024-04-25T14:09:55.854+0000 7f7ee2800700 1 --2- >> [v2:172.21.15.44:3300/0,v1:172.21.15.44:6789/0] conn(0x7f7ee407f610 0x7f7ee407dae0 unknown :-1 s=BANNER_CONNECTING pgs=0 cs=0 l=0 rev1=0 crypto rx=0 tx=0 comp rx=0 tx=0)._handle_peer_banner_payload supported=3 required=0
2024-04-25T14:09:56.751 INFO:teuthology.orchestra.run.smithi044.stdout:/usr/bin/ceph: stderr
2024-04-25T14:09:55.854+0000 7f7ee2800700 1 --2- >> [v2:172.21.15.44:3300/0,v1:172.21.15.44:6789/0] conn(0x7f7ee407f610 0x7f7ee407dae0 unknown :-1 s=HELLO_CONNECTING pgs=0 cs=0 l=0 rev1=1 crypto rx=0 tx=0 comp rx=0 tx=0).handle_hello peer v2:172.21.15.44:3300/0 says I am v2:172.21.15.44:37434/0 (socket says 172.21.15.44:37434)
2024-04-25T14:09:56.752 INFO:teuthology.orchestra.run.smithi044.stdout:/usr/bin/ceph: stderr
2024-04-25T14:09:55.854+0000 7f7ee2800700 1 -- 172.21.15.44:0/246066104 learned_addr learned my addr 172.21.15.44:0/246066104 (peer_addr_for_me v2:172.21.15.44:0/0)
2024-04-25T14:09:56.752 INFO:teuthology.orchestra.run.smithi044.stdout:/usr/bin/ceph: stderr
2024-04-25T14:09:55.854+0000 7f7ee2800700 1 -- 172.21.15.44:0/246066104 --> [v2:172.21.15.44:3300/0,v1:172.21.15.44:6789/0] -- mon_subscribe({config=0+,monmap=0+}) -- 0x7f7ee407e1a0 con 0x7f7ee407f610
2024-04-25T14:09:56.752 INFO:teuthology.orchestra.run.smithi044.stdout:/usr/bin/ceph: stderr
2024-04-25T14:09:55.855+0000 7f7ee2800700 1 --2- 172.21.15.44:0/246066104 >> [v2:172.21.15.44:3300/0,v1:172.21.15.44:6789/0] conn(0x7f7ee407f610 0x7f7ee407dae0 secure :-1 s=READY pgs=76 cs=0 l=1 rev1=1 crypto rx=0x7f7ed40098a0 tx=0x7f7ed4009bb0 comp rx=0 tx=0).ready entity=mon.0 client_cookie=e39fb18d04083561 server_cookie=0 in_seq=0 out_seq=0
2024-04-25T14:09:56.752 INFO:teuthology.orchestra.run.smithi044.stdout:/usr/bin/ceph: stderr
2024-04-25T14:09:55.855+0000 7f7ee1e00700 1 -- 172.21.15.44:0/246066104 <== mon.0 v2:172.21.15.44:3300/0 1 ==== mon_map magic: 0 ==== 205+0+0 (secure 0 0 0) 0x7f7ed4004160 con 0x7f7ee407f610
2024-04-25T14:09:56.752 INFO:teuthology.orchestra.run.smithi044.stdout:/usr/bin/ceph: stderr
2024-04-25T14:09:55.855+0000 7f7ee1e00700 1 -- 172.21.15.44:0/246066104 <== mon.0 v2:172.21.15.44:3300/0 2 ==== config(28 keys) ==== 1170+0+0 (secure 0 0 0) 0x7f7ed4004300 con 0x7f7ee407f610
2024-04-25T14:09:56.752 INFO:teuthology.orchestra.run.smithi044.stdout:/usr/bin/ceph: stderr
2024-04-25T14:09:55.855+0000 7f7ee1e00700 1 -- 172.21.15.44:0/246066104 <== mon.0 v2:172.21.15.44:3300/0 3 ==== mon_map magic: 0 ==== 205+0+0 (secure 0 0 0) 0x7f7ed4011c20 con 0x7f7ee407f610
2024-04-25T14:09:56.754 INFO:teuthology.orchestra.run.smithi044.stdout:/usr/bin/ceph: stderr
2024-04-25T14:09:55.856+0000 7f7ee9400700 1 -- 172.21.15.44:0/246066104 >> [v2:172.21.15.44:3300/0,v1:172.21.15.44:6789/0] conn(0x7f7ee407f610 msgr2=0x7f7ee407dae0 secure :-1 s=STATE_CONNECTION_ESTABLISHED l=1).mark_down
2024-04-25T14:09:56.754 INFO:teuthology.orchestra.run.smithi044.stdout:/usr/bin/ceph: stderr
2024-04-25T14:09:55.856+0000 7f7ee9400700 1 --2- 172.21.15.44:0/246066104 >> [v2:172.21.15.44:3300/0,v1:172.21.15.44:6789/0] conn(0x7f7ee407f610 0x7f7ee407dae0 secure :-1 s=READY pgs=76 cs=0 l=1 rev1=1 crypto rx=0x7f7ed40098a0 tx=0x7f7ed4009bb0 comp rx=0 tx=0).stop
2024-04-25T14:09:56.754 INFO:teuthology.orchestra.run.smithi044.stdout:/usr/bin/ceph: stderr
2024-04-25T14:09:55.856+0000 7f7ee9400700 1 -- 172.21.15.44:0/246066104 shutdown_connections
2024-04-25T14:09:56.755 INFO:teuthology.orchestra.run.smithi044.stdout:/usr/bin/ceph: stderr
2024-04-25T14:09:55.856+0000 7f7ee9400700 1 --2- 172.21.15.44:0/246066104 >> [v2:172.21.15.44:3300/0,v1:172.21.15.44:6789/0] conn(0x7f7ee407f610 0x7f7ee407dae0 unknown :-1 s=CLOSED pgs=76 cs=0 l=1 rev1=1 crypto rx=0 tx=0 comp rx=0 tx=0).stop
2024-04-25T14:09:56.755 INFO:teuthology.orchestra.run.smithi044.stdout:/usr/bin/ceph: stderr
2024-04-25T14:09:55.856+0000 7f7ee9400700 1 -- 172.21.15.44:0/246066104 >> 172.21.15.44:0/246066104 conn(0x7f7ee41054d0 msgr2=0x7f7ee4107920 unknown :-1 s=STATE_NONE l=0).mark_down
2024-04-25T14:09:56.755 INFO:teuthology.orchestra.run.smithi044.stdout:/usr/bin/ceph: stderr
2024-04-25T14:09:55.856+0000 7f7ee9400700 1 -- 172.21.15.44:0/246066104 shutdown_connections
2024-04-25T14:09:56.755 INFO:teuthology.orchestra.run.smithi044.stdout:/usr/bin/ceph: stderr
2024-04-25T14:09:55.856+0000 7f7ee9400700 1 -- 172.21.15.44:0/246066104 wait complete.
2024-04-25T14:09:56.755 INFO:teuthology.orchestra.run.smithi044.stdout:/usr/bin/ceph: stderr
2024-04-25T14:09:55.857+0000 7f7ee9400700 1 Processor -- start
2024-04-25T14:09:56.755 INFO:teuthology.orchestra.run.smithi044.stdout:/usr/bin/ceph: stderr
2024-04-25T14:09:55.858+0000 7f7ee9400700 1 -- start start
2024-04-25T14:09:56.755 INFO:teuthology.orchestra.run.smithi044.stdout:/usr/bin/ceph: stderr
2024-04-25T14:09:55.858+0000 7f7ee9400700 1 --2- >> [v2:172.21.15.44:3300/0,v1:172.21.15.44:6789/0] conn(0x7f7ee407f610 0x7f7ee41a0490 unknown :-1 s=NONE pgs=0 cs=0 l=1 rev1=0 crypto rx=0 tx=0 comp rx=0 tx=0).connect
2024-04-25T14:09:56.755 INFO:teuthology.orchestra.run.smithi044.stdout:/usr/bin/ceph: stderr
2024-04-25T14:09:55.858+0000 7f7ee9400700 1 -- --> [v2:172.21.15.44:3300/0,v1:172.21.15.44:6789/0] -- mon_getmap magic: 0 -- 0x7f7ee4110450 con 0x7f7ee407f610
2024-04-25T14:09:56.755 INFO:teuthology.orchestra.run.smithi044.stdout:/usr/bin/ceph: stderr
2024-04-25T14:09:55.858+0000 7f7ee2800700 1 --2- >> [v2:172.21.15.44:3300/0,v1:172.21.15.44:6789/0] conn(0x7f7ee407f610 0x7f7ee41a0490 unknown :-1 s=BANNER_CONNECTING pgs=0 cs=0 l=1 rev1=0 crypto rx=0 tx=0 comp rx=0 tx=0)._handle_peer_banner_payload supported=3 required=0
2024-04-25T14:09:56.755 INFO:teuthology.orchestra.run.smithi044.stdout:/usr/bin/ceph: stderr
2024-04-25T14:09:55.858+0000 7f7ee2800700 1 --2- >> [v2:172.21.15.44:3300/0,v1:172.21.15.44:6789/0] conn(0x7f7ee407f610 0x7f7ee41a0490 unknown :-1 s=HELLO_CONNECTING pgs=0 cs=0 l=1 rev1=1 crypto rx=0 tx=0 comp rx=0 tx=0).handle_hello peer v2:172.21.15.44:3300/0 says I am v2:172.21.15.44:37450/0 (socket says 172.21.15.44:37450)
2024-04-25T14:09:56.755 INFO:teuthology.orchestra.run.smithi044.stdout:/usr/bin/ceph: stderr
2024-04-25T14:09:55.858+0000 7f7ee2800700 1 -- 172.21.15.44:0/607707619 learned_addr learned my addr 172.21.15.44:0/607707619 (peer_addr_for_me v2:172.21.15.44:0/0)
2024-04-25T14:09:56.755 INFO:teuthology.orchestra.run.smithi044.stdout:/usr/bin/ceph: stderr
2024-04-25T14:09:55.859+0000 7f7ee2800700 1 -- 172.21.15.44:0/607707619 --> [v2:172.21.15.44:3300/0,v1:172.21.15.44:6789/0] -- mon_subscribe({config=0+,monmap=0+}) -- 0x7f7ee41a09d0 con 0x7f7ee407f610
2024-04-25T14:09:56.758 INFO:teuthology.orchestra.run.smithi044.stdout:/usr/bin/ceph: stderr
2024-04-25T14:09:55.859+0000 7f7ee2800700 1 --2- 172.21.15.44:0/607707619 >> [v2:172.21.15.44:3300/0,v1:172.21.15.44:6789/0] conn(0x7f7ee407f610 0x7f7ee41a0490 secure :-1 s=READY pgs=77 cs=0 l=1 rev1=1 crypto rx=0x7f7ed40118e0 tx=0x7f7ed4011a70 comp rx=0 tx=0).ready entity=mon.0 client_cookie=0 server_cookie=0 in_seq=0 out_seq=0
2024-04-25T14:09:56.758 INFO:teuthology.orchestra.run.smithi044.stdout:/usr/bin/ceph: stderr
2024-04-25T14:09:55.859+0000 7f7edb400700 1 -- 172.21.15.44:0/607707619 <== mon.0 v2:172.21.15.44:3300/0 1 ==== mon_map magic: 0 ==== 205+0+0 (secure 0 0 0) 0x7f7ed40038b0 con 0x7f7ee407f610
2024-04-25T14:09:56.758 INFO:teuthology.orchestra.run.smithi044.stdout:/usr/bin/ceph: stderr
2024-04-25T14:09:55.859+0000 7f7edb400700 1 -- 172.21.15.44:0/607707619 <== mon.0 v2:172.21.15.44:3300/0 2 ==== config(28 keys) ==== 1170+0+0 (secure 0 0 0) 0x7f7ed4003a50 con 0x7f7ee407f610
2024-04-25T14:09:56.758 INFO:teuthology.orchestra.run.smithi044.stdout:/usr/bin/ceph: stderr
2024-04-25T14:09:55.859+0000 7f7edb400700 1 -- 172.21.15.44:0/607707619 <== mon.0 v2:172.21.15.44:3300/0 3 ==== mon_map magic: 0 ==== 205+0+0 (secure 0 0 0) 0x7f7ed4019520 con 0x7f7ee407f610
2024-04-25T14:09:56.758 INFO:teuthology.orchestra.run.smithi044.stdout:/usr/bin/ceph: stderr
2024-04-25T14:09:55.859+0000 7f7ee9400700 1 -- 172.21.15.44:0/607707619 --> [v2:172.21.15.44:3300/0,v1:172.21.15.44:6789/0] -- mon_subscribe({mgrmap=0+}) -- 0x7f7ee41a0c60 con 0x7f7ee407f610
2024-04-25T14:09:56.758 INFO:teuthology.orchestra.run.smithi044.stdout:/usr/bin/ceph: stderr
2024-04-25T14:09:55.860+0000 7f7ee9400700 1 -- 172.21.15.44:0/607707619 --> [v2:172.21.15.44:3300/0,v1:172.21.15.44:6789/0] -- mon_subscribe({osdmap=0}) -- 0x7f7ee41a3870 con 0x7f7ee407f610
2024-04-25T14:09:56.758 INFO:teuthology.orchestra.run.smithi044.stdout:/usr/bin/ceph: stderr
2024-04-25T14:09:55.861+0000 7f7ee9400700 1 -- 172.21.15.44:0/607707619 --> [v2:172.21.15.44:3300/0,v1:172.21.15.44:6789/0] -- mon_command({"prefix": "get_command_descriptions"} v 0) -- 0x7f7ee4064cf0 con 0x7f7ee407f610
2024-04-25T14:09:56.758 INFO:teuthology.orchestra.run.smithi044.stdout:/usr/bin/ceph: stderr
2024-04-25T14:09:55.861+0000 7f7edb400700 1 -- 172.21.15.44:0/607707619 <== mon.0 v2:172.21.15.44:3300/0 4 ==== mgrmap(e 13) ==== 49572+0+0 (secure 0 0 0) 0x7f7ed401a9c0 con 0x7f7ee407f610
2024-04-25T14:09:56.758 INFO:teuthology.orchestra.run.smithi044.stdout:/usr/bin/ceph: stderr
2024-04-25T14:09:55.862+0000 7f7edb400700 1 --2- 172.21.15.44:0/607707619 >> [v2:172.21.15.44:6800/1744636754,v1:172.21.15.44:6801/1744636754] conn(0x7f7ec803d6c0 0x7f7ec803fbd0 unknown :-1 s=NONE pgs=0 cs=0 l=1 rev1=0 crypto rx=0 tx=0 comp rx=0 tx=0).connect
2024-04-25T14:09:56.759 INFO:teuthology.orchestra.run.smithi044.stdout:/usr/bin/ceph: stderr
2024-04-25T14:09:55.862+0000 7f7edb400700 1 -- 172.21.15.44:0/607707619 <== mon.0 v2:172.21.15.44:3300/0 5 ==== osd_map(3..3 src has 1..3) ==== 1155+0+0 (secure 0 0 0) 0x7f7ed4052950 con 0x7f7ee407f610
2024-04-25T14:09:56.759 INFO:teuthology.orchestra.run.smithi044.stdout:/usr/bin/ceph: stderr
2024-04-25T14:09:55.862+0000 7f7edbe00700 1 --2- 172.21.15.44:0/607707619 >> [v2:172.21.15.44:6800/1744636754,v1:172.21.15.44:6801/1744636754] conn(0x7f7ec803d6c0 0x7f7ec803fbd0 unknown :-1 s=BANNER_CONNECTING pgs=0 cs=0 l=1 rev1=0 crypto rx=0 tx=0 comp rx=0 tx=0)._handle_peer_banner_payload supported=3 required=0
2024-04-25T14:09:56.759 INFO:teuthology.orchestra.run.smithi044.stdout:/usr/bin/ceph: stderr
2024-04-25T14:09:55.863+0000 7f7edbe00700 1 --2- 172.21.15.44:0/607707619 >> [v2:172.21.15.44:6800/1744636754,v1:172.21.15.44:6801/1744636754] conn(0x7f7ec803d6c0 0x7f7ec803fbd0 secure :-1 s=READY pgs=10 cs=0 l=1 rev1=1 crypto rx=0x7f7ecc006fd0 tx=0x7f7ecc006e40 comp rx=0 tx=0).ready entity=mgr.14152 client_cookie=0 server_cookie=0 in_seq=0 out_seq=0
2024-04-25T14:09:56.759 INFO:teuthology.orchestra.run.smithi044.stdout:/usr/bin/ceph: stderr
2024-04-25T14:09:55.868+0000 7f7edb400700 1 -- 172.21.15.44:0/607707619 <== mon.0 v2:172.21.15.44:3300/0 6 ==== mon_command_ack([{"prefix": "get_command_descriptions"}]=0 v0) ==== 72+0+188370 (secure 0 0 0) 0x7f7ed4003cb0 con 0x7f7ee407f610
2024-04-25T14:09:56.759 INFO:teuthology.orchestra.run.smithi044.stdout:/usr/bin/ceph: stderr
2024-04-25T14:09:56.095+0000 7f7ee9400700 1 -- 172.21.15.44:0/607707619 --> [v2:172.21.15.44:3300/0,v1:172.21.15.44:6789/0] -- mon_command([{prefix=config set, name=osd_memory_target_autotune}] v 0) -- 0x7f7ee41a3a40 con 0x7f7ee407f610
2024-04-25T14:09:56.759 INFO:teuthology.orchestra.run.smithi044.stdout:/usr/bin/ceph: stderr
2024-04-25T14:09:56.096+0000 7f7edb400700 1 -- 172.21.15.44:0/607707619 <== mon.0 v2:172.21.15.44:3300/0 7 ==== mon_command_ack([{prefix=config set, name=osd_memory_target_autotune}]=0 v8)=0 v8) ==== 127+0+0 (secure 0 0 0) 0x7f7ed402cce0 con 0x7f7ee407f610
2024-04-25T14:09:56.759 INFO:teuthology.orchestra.run.smithi044.stdout:/usr/bin/ceph: stderr
2024-04-25T14:09:56.099+0000 7f7ee9400700 1 -- 172.21.15.44:0/607707619 >> [v2:172.21.15.44:6800/1744636754,v1:172.21.15.44:6801/1744636754] conn(0x7f7ec803d6c0 msgr2=0x7f7ec803fbd0 secure :-1 s=STATE_CONNECTION_ESTABLISHED l=1).mark_down
2024-04-25T14:09:56.759 INFO:teuthology.orchestra.run.smithi044.stdout:/usr/bin/ceph: stderr
2024-04-25T14:09:56.099+0000 7f7ee9400700 1 --2- 172.21.15.44:0/607707619 >> [v2:172.21.15.44:6800/1744636754,v1:172.21.15.44:6801/1744636754] conn(0x7f7ec803d6c0 0x7f7ec803fbd0 secure :-1 s=READY pgs=10 cs=0 l=1 rev1=1 crypto rx=0x7f7ecc006fd0 tx=0x7f7ecc006e40 comp rx=0 tx=0).stop
2024-04-25T14:09:56.759 INFO:teuthology.orchestra.run.smithi044.stdout:/usr/bin/ceph: stderr
2024-04-25T14:09:56.099+0000 7f7ee9400700 1 -- 172.21.15.44:0/607707619 >> [v2:172.21.15.44:3300/0,v1:172.21.15.44:6789/0] conn(0x7f7ee407f610 msgr2=0x7f7ee41a0490 secure :-1 s=STATE_CONNECTION_ESTABLISHED l=1).mark_down
2024-04-25T14:09:56.759 INFO:teuthology.orchestra.run.smithi044.stdout:/usr/bin/ceph: stderr
2024-04-25T14:09:56.099+0000 7f7ee9400700 1 --2- 172.21.15.44:0/607707619 >> [v2:172.21.15.44:3300/0,v1:172.21.15.44:6789/0] conn(0x7f7ee407f610 0x7f7ee41a0490 secure :-1 s=READY pgs=77 cs=0 l=1 rev1=1 crypto rx=0x7f7ed40118e0 tx=0x7f7ed4011a70 comp rx=0 tx=0).stop
2024-04-25T14:09:56.759 INFO:teuthology.orchestra.run.smithi044.stdout:/usr/bin/ceph: stderr
2024-04-25T14:09:56.099+0000 7f7ee9400700 1 -- 172.21.15.44:0/607707619 shutdown_connections
2024-04-25T14:09:56.759 INFO:teuthology.orchestra.run.smithi044.stdout:/usr/bin/ceph: stderr
2024-04-25T14:09:56.099+0000 7f7ee9400700 1 --2- 172.21.15.44:0/607707619 >> [v2:172.21.15.44:6800/1744636754,v1:172.21.15.44:6801/1744636754] conn(0x7f7ec803d6c0 0x7f7ec803fbd0 unknown :-1 s=CLOSED pgs=10 cs=0 l=1 rev1=1 crypto rx=0 tx=0 comp rx=0 tx=0).stop
2024-04-25T14:09:56.759 INFO:teuthology.orchestra.run.smithi044.stdout:/usr/bin/ceph: stderr
2024-04-25T14:09:56.099+0000 7f7ee9400700 1 --2- 172.21.15.44:0/607707619 >> [v2:172.21.15.44:3300/0,v1:172.21.15.44:6789/0] conn(0x7f7ee407f610 0x7f7ee41a0490 unknown :-1 s=CLOSED pgs=77 cs=0 l=1 rev1=1 crypto rx=0 tx=0 comp rx=0 tx=0).stop
2024-04-25T14:09:56.759 INFO:teuthology.orchestra.run.smithi044.stdout:/usr/bin/ceph: stderr
2024-04-25T14:09:56.099+0000 7f7ee9400700 1 -- 172.21.15.44:0/607707619 >> 172.21.15.44:0/607707619 conn(0x7f7ee41054d0 msgr2=0x7f7ee4106f30 unknown :-1 s=STATE_NONE l=0).mark_down
2024-04-25T14:09:56.759 INFO:teuthology.orchestra.run.smithi044.stdout:/usr/bin/ceph: stderr
2024-04-25T14:09:56.100+0000 7f7ee9400700 1 -- 172.21.15.44:0/607707619 shutdown_connections
2024-04-25T14:09:56.759 INFO:teuthology.orchestra.run.smithi044.stdout:/usr/bin/ceph: stderr
2024-04-25T14:09:56.100+0000 7f7ee9400700 1 -- 172.21.15.44:0/607707619 wait complete.
2024-04-25T14:09:58.449 INFO:teuthology.orchestra.run.smithi044.stdout:/usr/bin/ceph: stderr
2024-04-25T14:09:57.458+0000 7f8739e00700 1 Processor -- start
2024-04-25T14:09:58.449 INFO:teuthology.orchestra.run.smithi044.stdout:/usr/bin/ceph: stderr
2024-04-25T14:09:57.458+0000 7f8739e00700 1 -- start start
2024-04-25T14:09:58.449 INFO:teuthology.orchestra.run.smithi044.stdout:/usr/bin/ceph: stderr
2024-04-25T14:09:57.458+0000 7f8739e00700 1 --2- >> [v2:172.21.15.44:3300/0,v1:172.21.15.44:6789/0] conn(0x7f873410bfb0 0x7f873410c3e0 unknown :-1 s=NONE pgs=0 cs=0 l=0 rev1=0 crypto rx=0 tx=0 comp rx=0 tx=0).connect
2024-04-25T14:09:58.450 INFO:teuthology.orchestra.run.smithi044.stdout:/usr/bin/ceph: stderr
2024-04-25T14:09:57.459+0000 7f8739e00700 1 -- --> [v2:172.21.15.44:3300/0,v1:172.21.15.44:6789/0] -- mon_getmap magic: 0 -- 0x7f873410c9f0 con 0x7f873410bfb0
2024-04-25T14:09:58.450 INFO:teuthology.orchestra.run.smithi044.stdout:/usr/bin/ceph: stderr
2024-04-25T14:09:57.459+0000 7f8732a00700 1 --2- >> [v2:172.21.15.44:3300/0,v1:172.21.15.44:6789/0] conn(0x7f873410bfb0 0x7f873410c3e0 unknown :-1 s=BANNER_CONNECTING pgs=0 cs=0 l=0 rev1=0 crypto rx=0 tx=0 comp rx=0 tx=0)._handle_peer_banner_payload supported=3 required=0
2024-04-25T14:09:58.450 INFO:teuthology.orchestra.run.smithi044.stdout:/usr/bin/ceph: stderr
2024-04-25T14:09:57.459+0000 7f8732a00700 1 --2- >> [v2:172.21.15.44:3300/0,v1:172.21.15.44:6789/0] conn(0x7f873410bfb0 0x7f873410c3e0 unknown :-1 s=HELLO_CONNECTING pgs=0 cs=0 l=0 rev1=1 crypto rx=0 tx=0 comp rx=0 tx=0).handle_hello peer v2:172.21.15.44:3300/0 says I am v2:172.21.15.44:37458/0 (socket says 172.21.15.44:37458)
2024-04-25T14:09:58.450 INFO:teuthology.orchestra.run.smithi044.stdout:/usr/bin/ceph: stderr
2024-04-25T14:09:57.459+0000 7f8732a00700 1 -- 172.21.15.44:0/2674002846 learned_addr learned my addr 172.21.15.44:0/2674002846 (peer_addr_for_me v2:172.21.15.44:0/0)
2024-04-25T14:09:58.450 INFO:teuthology.orchestra.run.smithi044.stdout:/usr/bin/ceph: stderr
2024-04-25T14:09:57.459+0000 7f8732a00700 1 -- 172.21.15.44:0/2674002846 --> [v2:172.21.15.44:3300/0,v1:172.21.15.44:6789/0] -- mon_subscribe({config=0+,monmap=0+}) -- 0x7f873410d100 con 0x7f873410bfb0
2024-04-25T14:09:58.450 INFO:teuthology.orchestra.run.smithi044.stdout:/usr/bin/ceph: stderr
2024-04-25T14:09:57.460+0000 7f8732a00700 1 --2- 172.21.15.44:0/2674002846 >> [v2:172.21.15.44:3300/0,v1:172.21.15.44:6789/0] conn(0x7f873410bfb0 0x7f873410c3e0 secure :-1 s=READY pgs=78 cs=0 l=1 rev1=1 crypto rx=0x7f87240098a0 tx=0x7f8724009bb0 comp rx=0 tx=0).ready entity=mon.0 client_cookie=825830c7ce768169 server_cookie=0 in_seq=0 out_seq=0
2024-04-25T14:09:58.450 INFO:teuthology.orchestra.run.smithi044.stdout:/usr/bin/ceph: stderr
2024-04-25T14:09:57.460+0000 7f8732000700 1 -- 172.21.15.44:0/2674002846 <== mon.0 v2:172.21.15.44:3300/0 1 ==== mon_map magic: 0 ==== 205+0+0 (secure 0 0 0) 0x7f8724004160 con 0x7f873410bfb0
2024-04-25T14:09:58.450 INFO:teuthology.orchestra.run.smithi044.stdout:/usr/bin/ceph: stderr
2024-04-25T14:09:57.460+0000 7f8732000700 1 -- 172.21.15.44:0/2674002846 <== mon.0 v2:172.21.15.44:3300/0 2 ==== config(28 keys) ==== 1170+0+0 (secure 0 0 0) 0x7f8724004300 con 0x7f873410bfb0
2024-04-25T14:09:58.450 INFO:teuthology.orchestra.run.smithi044.stdout:/usr/bin/ceph: stderr
2024-04-25T14:09:57.460+0000 7f8732000700 1 -- 172.21.15.44:0/2674002846 <== mon.0 v2:172.21.15.44:3300/0 3 ==== mon_map magic: 0 ==== 205+0+0 (secure 0 0 0) 0x7f8724011c20 con 0x7f873410bfb0
2024-04-25T14:09:58.450 INFO:teuthology.orchestra.run.smithi044.stdout:/usr/bin/ceph: stderr
2024-04-25T14:09:57.461+0000 7f8739e00700 1 -- 172.21.15.44:0/2674002846 >> [v2:172.21.15.44:3300/0,v1:172.21.15.44:6789/0] conn(0x7f873410bfb0 msgr2=0x7f873410c3e0 secure :-1 s=STATE_CONNECTION_ESTABLISHED l=1).mark_down
2024-04-25T14:09:58.450 INFO:teuthology.orchestra.run.smithi044.stdout:/usr/bin/ceph: stderr
2024-04-25T14:09:57.461+0000 7f8739e00700 1 --2- 172.21.15.44:0/2674002846 >> [v2:172.21.15.44:3300/0,v1:172.21.15.44:6789/0] conn(0x7f873410bfb0 0x7f873410c3e0 secure :-1 s=READY pgs=78 cs=0 l=1 rev1=1 crypto rx=0x7f87240098a0 tx=0x7f8724009bb0 comp rx=0 tx=0).stop
2024-04-25T14:09:58.451 INFO:teuthology.orchestra.run.smithi044.stdout:/usr/bin/ceph: stderr
2024-04-25T14:09:57.461+0000 7f8739e00700 1 -- 172.21.15.44:0/2674002846 shutdown_connections
2024-04-25T14:09:58.451 INFO:teuthology.orchestra.run.smithi044.stdout:/usr/bin/ceph: stderr
2024-04-25T14:09:57.461+0000 7f8739e00700 1 --2- 172.21.15.44:0/2674002846 >> [v2:172.21.15.44:3300/0,v1:172.21.15.44:6789/0] conn(0x7f873410bfb0 0x7f873410c3e0 unknown :-1 s=CLOSED pgs=78 cs=0 l=1 rev1=1 crypto rx=0 tx=0 comp rx=0 tx=0).stop
2024-04-25T14:09:58.451 INFO:teuthology.orchestra.run.smithi044.stdout:/usr/bin/ceph: stderr
2024-04-25T14:09:57.461+0000 7f8739e00700 1 -- 172.21.15.44:0/2674002846 >> 172.21.15.44:0/2674002846 conn(0x7f873407f590 msgr2=0x7f8734109d70 unknown :-1 s=STATE_NONE l=0).mark_down
2024-04-25T14:09:58.451 INFO:teuthology.orchestra.run.smithi044.stdout:/usr/bin/ceph: stderr
2024-04-25T14:09:57.461+0000 7f8739e00700 1 -- 172.21.15.44:0/2674002846 shutdown_connections
2024-04-25T14:09:58.451 INFO:teuthology.orchestra.run.smithi044.stdout:/usr/bin/ceph: stderr
2024-04-25T14:09:57.461+0000 7f8739e00700 1 -- 172.21.15.44:0/2674002846 wait complete.
2024-04-25T14:09:58.451 INFO:teuthology.orchestra.run.smithi044.stdout:/usr/bin/ceph: stderr
2024-04-25T14:09:57.462+0000 7f8739e00700 1 Processor -- start
2024-04-25T14:09:58.451 INFO:teuthology.orchestra.run.smithi044.stdout:/usr/bin/ceph: stderr
2024-04-25T14:09:57.463+0000 7f8739e00700 1 -- start start
2024-04-25T14:09:58.455 INFO:teuthology.orchestra.run.smithi044.stdout:/usr/bin/ceph: stderr
2024-04-25T14:09:57.463+0000 7f8739e00700 1 --2- >> [v2:172.21.15.44:3300/0,v1:172.21.15.44:6789/0] conn(0x7f873410bfb0 0x7f87341a0420 unknown :-1 s=NONE pgs=0 cs=0 l=1 rev1=0 crypto rx=0 tx=0 comp rx=0 tx=0).connect
2024-04-25T14:09:58.455 INFO:teuthology.orchestra.run.smithi044.stdout:/usr/bin/ceph: stderr
2024-04-25T14:09:57.463+0000 7f8739e00700 1 -- --> [v2:172.21.15.44:3300/0,v1:172.21.15.44:6789/0] -- mon_getmap magic: 0 -- 0x7f87341103c0 con 0x7f873410bfb0
2024-04-25T14:09:58.456 INFO:teuthology.orchestra.run.smithi044.stdout:/usr/bin/ceph: stderr
2024-04-25T14:09:57.463+0000 7f8732a00700 1 --2- >> [v2:172.21.15.44:3300/0,v1:172.21.15.44:6789/0] conn(0x7f873410bfb0 0x7f87341a0420 unknown :-1 s=BANNER_CONNECTING pgs=0 cs=0 l=1 rev1=0 crypto rx=0 tx=0 comp rx=0 tx=0)._handle_peer_banner_payload supported=3 required=0
2024-04-25T14:09:58.456 INFO:teuthology.orchestra.run.smithi044.stdout:/usr/bin/ceph: stderr
2024-04-25T14:09:57.463+0000 7f8732a00700 1 --2- >> [v2:172.21.15.44:3300/0,v1:172.21.15.44:6789/0] conn(0x7f873410bfb0 0x7f87341a0420 unknown :-1 s=HELLO_CONNECTING pgs=0 cs=0 l=1 rev1=1 crypto rx=0 tx=0 comp rx=0 tx=0).handle_hello peer v2:172.21.15.44:3300/0 says I am v2:172.21.15.44:37462/0 (socket says 172.21.15.44:37462)
2024-04-25T14:09:58.456 INFO:teuthology.orchestra.run.smithi044.stdout:/usr/bin/ceph: stderr
2024-04-25T14:09:57.463+0000 7f8732a00700 1 -- 172.21.15.44:0/3726850187 learned_addr learned my addr 172.21.15.44:0/3726850187 (peer_addr_for_me v2:172.21.15.44:0/0)
2024-04-25T14:09:58.456 INFO:teuthology.orchestra.run.smithi044.stdout:/usr/bin/ceph: stderr
2024-04-25T14:09:57.464+0000 7f8732a00700 1 -- 172.21.15.44:0/3726850187 --> [v2:172.21.15.44:3300/0,v1:172.21.15.44:6789/0] -- mon_subscribe({config=0+,monmap=0+}) -- 0x7f87341a0960 con 0x7f873410bfb0
2024-04-25T14:09:58.456 INFO:teuthology.orchestra.run.smithi044.stdout:/usr/bin/ceph: stderr
2024-04-25T14:09:57.464+0000 7f8732a00700 1 --2- 172.21.15.44:0/3726850187 >> [v2:172.21.15.44:3300/0,v1:172.21.15.44:6789/0] conn(0x7f873410bfb0 0x7f87341a0420 secure :-1 s=READY pgs=79 cs=0 l=1 rev1=1 crypto rx=0x7f8724000c00 tx=0x7f8724004280 comp rx=0 tx=0).ready entity=mon.0 client_cookie=0 server_cookie=0 in_seq=0 out_seq=0
2024-04-25T14:09:58.456 INFO:teuthology.orchestra.run.smithi044.stdout:/usr/bin/ceph: stderr
2024-04-25T14:09:57.464+0000 7f8738a00700 1 -- 172.21.15.44:0/3726850187 <== mon.0 v2:172.21.15.44:3300/0 1 ==== mon_map magic: 0 ==== 205+0+0 (secure 0 0 0) 0x7f87240038b0 con 0x7f873410bfb0
2024-04-25T14:09:58.456 INFO:teuthology.orchestra.run.smithi044.stdout:/usr/bin/ceph: stderr
2024-04-25T14:09:57.465+0000 7f8738a00700 1 -- 172.21.15.44:0/3726850187 <== mon.0 v2:172.21.15.44:3300/0 2 ==== config(28 keys) ==== 1170+0+0 (secure 0 0 0) 0x7f8724003a50 con 0x7f873410bfb0
2024-04-25T14:09:58.456 INFO:teuthology.orchestra.run.smithi044.stdout:/usr/bin/ceph: stderr
2024-04-25T14:09:57.465+0000 7f8738a00700 1 -- 172.21.15.44:0/3726850187 <== mon.0 v2:172.21.15.44:3300/0 3 ==== mon_map magic: 0 ==== 205+0+0 (secure 0 0 0) 0x7f8724024430 con 0x7f873410bfb0
2024-04-25T14:09:58.456 INFO:teuthology.orchestra.run.smithi044.stdout:/usr/bin/ceph: stderr
2024-04-25T14:09:57.465+0000 7f8739e00700 1 -- 172.21.15.44:0/3726850187 --> [v2:172.21.15.44:3300/0,v1:172.21.15.44:6789/0] -- mon_subscribe({mgrmap=0+}) -- 0x7f87341a0bf0 con 0x7f873410bfb0
2024-04-25T14:09:58.456 INFO:teuthology.orchestra.run.smithi044.stdout:/usr/bin/ceph: stderr
2024-04-25T14:09:57.465+0000 7f8739e00700 1 -- 172.21.15.44:0/3726850187 --> [v2:172.21.15.44:3300/0,v1:172.21.15.44:6789/0] -- mon_subscribe({osdmap=0}) -- 0x7f87341a3800 con 0x7f873410bfb0
2024-04-25T14:09:58.456 INFO:teuthology.orchestra.run.smithi044.stdout:/usr/bin/ceph: stderr
2024-04-25T14:09:57.466+0000 7f8739e00700 1 -- 172.21.15.44:0/3726850187 --> [v2:172.21.15.44:3300/0,v1:172.21.15.44:6789/0] -- mon_command({"prefix": "get_command_descriptions"} v 0) -- 0x7f8734064cf0 con 0x7f873410bfb0
2024-04-25T14:09:58.456 INFO:teuthology.orchestra.run.smithi044.stdout:/usr/bin/ceph: stderr
2024-04-25T14:09:57.466+0000 7f8738a00700 1 -- 172.21.15.44:0/3726850187 <== mon.0 v2:172.21.15.44:3300/0 4 ==== mgrmap(e 13) ==== 49572+0+0 (secure 0 0 0) 0x7f8724022020 con 0x7f873410bfb0
2024-04-25T14:09:58.457 INFO:teuthology.orchestra.run.smithi044.stdout:/usr/bin/ceph: stderr
2024-04-25T14:09:57.467+0000 7f8738a00700 1 --2- 172.21.15.44:0/3726850187 >> [v2:172.21.15.44:6800/1744636754,v1:172.21.15.44:6801/1744636754] conn(0x7f871803d6c0 0x7f871803fbd0 unknown :-1 s=NONE pgs=0 cs=0 l=1 rev1=0 crypto rx=0 tx=0 comp rx=0 tx=0).connect
2024-04-25T14:09:58.457 INFO:teuthology.orchestra.run.smithi044.stdout:/usr/bin/ceph: stderr
2024-04-25T14:09:57.467+0000 7f8738a00700 1 -- 172.21.15.44:0/3726850187 <== mon.0 v2:172.21.15.44:3300/0 5 ==== osd_map(3..3 src has 1..3) ==== 1155+0+0 (secure 0 0 0) 0x7f8724052550 con 0x7f873410bfb0
2024-04-25T14:09:58.457 INFO:teuthology.orchestra.run.smithi044.stdout:/usr/bin/ceph: stderr
2024-04-25T14:09:57.467+0000 7f872be00700 1 --2- 172.21.15.44:0/3726850187 >> [v2:172.21.15.44:6800/1744636754,v1:172.21.15.44:6801/1744636754] conn(0x7f871803d6c0 0x7f871803fbd0 unknown :-1 s=BANNER_CONNECTING pgs=0 cs=0 l=1 rev1=0 crypto rx=0 tx=0 comp rx=0 tx=0)._handle_peer_banner_payload supported=3 required=0
2024-04-25T14:09:58.457 INFO:teuthology.orchestra.run.smithi044.stdout:/usr/bin/ceph: stderr
2024-04-25T14:09:57.468+0000 7f872be00700 1 --2- 172.21.15.44:0/3726850187 >> [v2:172.21.15.44:6800/1744636754,v1:172.21.15.44:6801/1744636754] conn(0x7f871803d6c0 0x7f871803fbd0 secure :-1 s=READY pgs=11 cs=0 l=1 rev1=1 crypto rx=0x7f871c006fd0 tx=0x7f871c006e40 comp rx=0 tx=0).ready entity=mgr.14152 client_cookie=0 server_cookie=0 in_seq=0 out_seq=0
2024-04-25T14:09:58.457 INFO:teuthology.orchestra.run.smithi044.stdout:/usr/bin/ceph: stderr
2024-04-25T14:09:57.473+0000 7f8738a00700 1 -- 172.21.15.44:0/3726850187 <== mon.0 v2:172.21.15.44:3300/0 6 ==== mon_command_ack([{"prefix": "get_command_descriptions"}]=0 v0) ==== 72+0+188370 (secure 0 0 0) 0x7f8724016260 con 0x7f873410bfb0
2024-04-25T14:09:58.457 INFO:teuthology.orchestra.run.smithi044.stdout:/usr/bin/ceph: stderr
2024-04-25T14:09:57.824+0000 7f8739e00700 1 -- 172.21.15.44:0/3726850187 --> [v2:172.21.15.44:3300/0,v1:172.21.15.44:6789/0] -- mon_command([{prefix=config-key set, key=mgr/dashboard/cluster/status}] v 0) -- 0x7f87341a39d0 con 0x7f873410bfb0
2024-04-25T14:09:58.457 INFO:teuthology.orchestra.run.smithi044.stdout:/usr/bin/ceph: stderr
2024-04-25T14:09:57.828+0000 7f8738a00700 1 -- 172.21.15.44:0/3726850187 <== mon.0 v2:172.21.15.44:3300/0 7 ==== mon_command_ack([{prefix=config-key set, key=mgr/dashboard/cluster/status}]=0 set mgr/dashboard/cluster/status v28)=0 set mgr/dashboard/cluster/status v28) ==== 153+0+0 (secure 0 0 0) 0x7f87341a39d0 con 0x7f873410bfb0
2024-04-25T14:09:58.457 INFO:teuthology.orchestra.run.smithi044.stdout:/usr/bin/ceph: stderr
2024-04-25T14:09:57.831+0000 7f8739e00700 1 -- 172.21.15.44:0/3726850187 >> [v2:172.21.15.44:6800/1744636754,v1:172.21.15.44:6801/1744636754] conn(0x7f871803d6c0 msgr2=0x7f871803fbd0 secure :-1 s=STATE_CONNECTION_ESTABLISHED l=1).mark_down
2024-04-25T14:09:58.457 INFO:teuthology.orchestra.run.smithi044.stdout:/usr/bin/ceph: stderr
2024-04-25T14:09:57.831+0000 7f8739e00700 1 --2- 172.21.15.44:0/3726850187 >> [v2:172.21.15.44:6800/1744636754,v1:172.21.15.44:6801/1744636754] conn(0x7f871803d6c0 0x7f871803fbd0 secure :-1 s=READY pgs=11 cs=0 l=1 rev1=1 crypto rx=0x7f871c006fd0 tx=0x7f871c006e40 comp rx=0 tx=0).stop
2024-04-25T14:09:58.457 INFO:teuthology.orchestra.run.smithi044.stdout:/usr/bin/ceph: stderr
2024-04-25T14:09:57.831+0000 7f8739e00700 1 -- 172.21.15.44:0/3726850187 >> [v2:172.21.15.44:3300/0,v1:172.21.15.44:6789/0] conn(0x7f873410bfb0 msgr2=0x7f87341a0420 secure :-1 s=STATE_CONNECTION_ESTABLISHED l=1).mark_down
2024-04-25T14:09:58.457 INFO:teuthology.orchestra.run.smithi044.stdout:/usr/bin/ceph: stderr
2024-04-25T14:09:57.831+0000 7f8739e00700 1 --2- 172.21.15.44:0/3726850187 >> [v2:172.21.15.44:3300/0,v1:172.21.15.44:6789/0] conn(0x7f873410bfb0 0x7f87341a0420 secure :-1 s=READY pgs=79 cs=0 l=1 rev1=1 crypto rx=0x7f8724000c00 tx=0x7f8724004280 comp rx=0 tx=0).stop
2024-04-25T14:09:58.457 INFO:teuthology.orchestra.run.smithi044.stdout:/usr/bin/ceph: stderr
2024-04-25T14:09:57.831+0000 7f8739e00700 1 -- 172.21.15.44:0/3726850187 shutdown_connections
2024-04-25T14:09:58.458 INFO:teuthology.orchestra.run.smithi044.stdout:/usr/bin/ceph: stderr
2024-04-25T14:09:57.831+0000 7f8739e00700 1 --2- 172.21.15.44:0/3726850187 >> [v2:172.21.15.44:6800/1744636754,v1:172.21.15.44:6801/1744636754] conn(0x7f871803d6c0 0x7f871803fbd0 unknown :-1 s=CLOSED pgs=11 cs=0 l=1 rev1=1 crypto rx=0 tx=0 comp rx=0 tx=0).stop
2024-04-25T14:09:58.458 INFO:teuthology.orchestra.run.smithi044.stdout:/usr/bin/ceph: stderr
2024-04-25T14:09:57.831+0000 7f8739e00700 1 --2- 172.21.15.44:0/3726850187 >> [v2:172.21.15.44:3300/0,v1:172.21.15.44:6789/0] conn(0x7f873410bfb0 0x7f87341a0420 unknown :-1 s=CLOSED pgs=79 cs=0 l=1 rev1=1 crypto rx=0 tx=0 comp rx=0 tx=0).stop
2024-04-25T14:09:58.458 INFO:teuthology.orchestra.run.smithi044.stdout:/usr/bin/ceph: stderr
2024-04-25T14:09:57.831+0000 7f8739e00700 1 -- 172.21.15.44:0/3726850187 >> 172.21.15.44:0/3726850187 conn(0x7f873407f590 msgr2=0x7f87341092f0 unknown :-1 s=STATE_NONE l=0).mark_down
2024-04-25T14:09:58.458 INFO:teuthology.orchestra.run.smithi044.stdout:/usr/bin/ceph: stderr
2024-04-25T14:09:57.831+0000 7f8739e00700 1 -- 172.21.15.44:0/3726850187 shutdown_connections
2024-04-25T14:09:58.458 INFO:teuthology.orchestra.run.smithi044.stdout:/usr/bin/ceph: stderr
2024-04-25T14:09:57.831+0000 7f8739e00700 1 -- 172.21.15.44:0/3726850187 wait complete.
2024-04-25T14:09:58.458 INFO:teuthology.orchestra.run.smithi044.stdout:/usr/bin/ceph: stderr set mgr/dashboard/cluster/status
2024-04-25T14:09:58.458 INFO:teuthology.orchestra.run.smithi044.stdout:You can access the Ceph CLI as following in case of multi-cluster or non-default config:
2024-04-25T14:09:58.458 INFO:teuthology.orchestra.run.smithi044.stdout:
2024-04-25T14:09:58.458 INFO:teuthology.orchestra.run.smithi044.stdout: sudo /home/ubuntu/cephtest/cephadm shell --fsid 279ff7fe-030d-11ef-bc93-c7b262605968 -c /etc/ceph/ceph.conf -k /etc/ceph/ceph.client.admin.keyring
2024-04-25T14:09:58.458 INFO:teuthology.orchestra.run.smithi044.stdout:
2024-04-25T14:09:58.458 INFO:teuthology.orchestra.run.smithi044.stdout:Or, if you are only running a single cluster on this host:
2024-04-25T14:09:58.458 INFO:teuthology.orchestra.run.smithi044.stdout:
2024-04-25T14:09:58.459 INFO:teuthology.orchestra.run.smithi044.stdout: sudo /home/ubuntu/cephtest/cephadm shell
2024-04-25T14:09:58.459 INFO:teuthology.orchestra.run.smithi044.stdout:
2024-04-25T14:09:58.459 INFO:teuthology.orchestra.run.smithi044.stdout:Please consider enabling telemetry to help improve Ceph:
2024-04-25T14:09:58.459 INFO:teuthology.orchestra.run.smithi044.stdout:
2024-04-25T14:09:58.459 INFO:teuthology.orchestra.run.smithi044.stdout: ceph telemetry on
