2024-04-25T14:03:49.731+0000 7f8508ade700 1 -- 172.21.15.96:0/1430036006 --> [v2:172.21.15.96:3300/0,v1:172.21.15.96:6789/0] -- mon_subscribe({mgrmap=0+}) -- 0x7f850419e740 con 0x7f8504107c70
2024-04-25T14:03:55.873 INFO:teuthology.orchestra.run.smithi096.stdout:/usr/bin/ceph: stderr
2024-04-25T14:03:49.731+0000 7f8508ade700 1 -- 172.21.15.96:0/1430036006 --> [v2:172.21.15.96:3300/0,v1:172.21.15.96:6789/0] -- mon_subscribe({osdmap=0}) -- 0x7f85041a1350 con 0x7f8504107c70
2024-04-25T14:03:55.873 INFO:teuthology.orchestra.run.smithi096.stdout:/usr/bin/ceph: stderr
2024-04-25T14:03:49.732+0000 7f84f37fe700 1 -- 172.21.15.96:0/1430036006 <== mon.0 v2:172.21.15.96:3300/0 4 ==== mgrmap(e 5) ==== 49516+0+0 (secure 0 0 0) 0x7f84f4022020 con 0x7f8504107c70
2024-04-25T14:03:55.873 INFO:teuthology.orchestra.run.smithi096.stdout:/usr/bin/ceph: stderr
2024-04-25T14:03:49.732+0000 7f84f37fe700 1 --2- 172.21.15.96:0/1430036006 >> [v2:172.21.15.96:6800/2348397481,v1:172.21.15.96:6801/2348397481] conn(0x7f84ec03d680 0x7f84ec03fb90 unknown :-1 s=NONE pgs=0 cs=0 l=1 rev1=0 crypto rx=0 tx=0 comp rx=0 tx=0).connect
2024-04-25T14:03:55.873 INFO:teuthology.orchestra.run.smithi096.stdout:/usr/bin/ceph: stderr
2024-04-25T14:03:49.732+0000 7f84f37fe700 1 -- 172.21.15.96:0/1430036006 --> [v2:172.21.15.96:6800/2348397481,v1:172.21.15.96:6801/2348397481] -- command(tid 0: {"prefix": "get_command_descriptions"}) -- 0x7f84ec0402a0 con 0x7f84ec03d680
2024-04-25T14:03:55.873 INFO:teuthology.orchestra.run.smithi096.stdout:/usr/bin/ceph: stderr
2024-04-25T14:03:49.732+0000 7f84f37fe700 1 -- 172.21.15.96:0/1430036006 <== mon.0 v2:172.21.15.96:3300/0 5 ==== osd_map(1..1 src has 1..1) ==== 725+0+0 (secure 0 0 0) 0x7f84f4053230 con 0x7f8504107c70
2024-04-25T14:03:55.873 INFO:teuthology.orchestra.run.smithi096.stdout:/usr/bin/ceph: stderr
2024-04-25T14:03:49.732+0000 7f8501d9b700 1 -- 172.21.15.96:0/1430036006 >> [v2:172.21.15.96:6800/2348397481,v1:172.21.15.96:6801/2348397481] conn(0x7f84ec03d680 msgr2=0x7f84ec03fb90 unknown :-1 s=STATE_CONNECTING_RE l=1).process reconnect failed to v2:172.21.15.96:6800/2348397481
2024-04-25T14:03:55.873 INFO:teuthology.orchestra.run.smithi096.stdout:/usr/bin/ceph: stderr
2024-04-25T14:03:49.732+0000 7f8501d9b700 1 --2- 172.21.15.96:0/1430036006 >> [v2:172.21.15.96:6800/2348397481,v1:172.21.15.96:6801/2348397481] conn(0x7f84ec03d680 0x7f84ec03fb90 unknown :-1 s=START_CONNECT pgs=0 cs=0 l=1 rev1=0 crypto rx=0 tx=0 comp rx=0 tx=0)._fault waiting 0.200000
2024-04-25T14:03:55.873 INFO:teuthology.orchestra.run.smithi096.stdout:/usr/bin/ceph: stderr
2024-04-25T14:03:49.933+0000 7f8501d9b700 1 -- 172.21.15.96:0/1430036006 >> [v2:172.21.15.96:6800/2348397481,v1:172.21.15.96:6801/2348397481] conn(0x7f84ec03d680 msgr2=0x7f84ec03fb90 unknown :-1 s=STATE_CONNECTING_RE l=1).process reconnect failed to v2:172.21.15.96:6800/2348397481
2024-04-25T14:03:55.873 INFO:teuthology.orchestra.run.smithi096.stdout:/usr/bin/ceph: stderr
2024-04-25T14:03:49.933+0000 7f8501d9b700 1 --2- 172.21.15.96:0/1430036006 >> [v2:172.21.15.96:6800/2348397481,v1:172.21.15.96:6801/2348397481] conn(0x7f84ec03d680 0x7f84ec03fb90 unknown :-1 s=START_CONNECT pgs=0 cs=0 l=1 rev1=0 crypto rx=0 tx=0 comp rx=0 tx=0)._fault waiting 0.400000
2024-04-25T14:03:55.873 INFO:teuthology.orchestra.run.smithi096.stdout:/usr/bin/ceph: stderr
2024-04-25T14:03:50.334+0000 7f8501d9b700 1 -- 172.21.15.96:0/1430036006 >> [v2:172.21.15.96:6800/2348397481,v1:172.21.15.96:6801/2348397481] conn(0x7f84ec03d680 msgr2=0x7f84ec03fb90 unknown :-1 s=STATE_CONNECTING_RE l=1).process reconnect failed to v2:172.21.15.96:6800/2348397481
2024-04-25T14:03:55.873 INFO:teuthology.orchestra.run.smithi096.stdout:/usr/bin/ceph: stderr
2024-04-25T14:03:50.334+0000 7f8501d9b700 1 --2- 172.21.15.96:0/1430036006 >> [v2:172.21.15.96:6800/2348397481,v1:172.21.15.96:6801/2348397481] conn(0x7f84ec03d680 0x7f84ec03fb90 unknown :-1 s=START_CONNECT pgs=0 cs=0 l=1 rev1=0 crypto rx=0 tx=0 comp rx=0 tx=0)._fault waiting 0.800000
2024-04-25T14:03:55.873 INFO:teuthology.orchestra.run.smithi096.stdout:/usr/bin/ceph: stderr
2024-04-25T14:03:51.135+0000 7f8501d9b700 1 -- 172.21.15.96:0/1430036006 >> [v2:172.21.15.96:6800/2348397481,v1:172.21.15.96:6801/2348397481] conn(0x7f84ec03d680 msgr2=0x7f84ec03fb90 unknown :-1 s=STATE_CONNECTING_RE l=1).process reconnect failed to v2:172.21.15.96:6800/2348397481
2024-04-25T14:03:55.873 INFO:teuthology.orchestra.run.smithi096.stdout:/usr/bin/ceph: stderr
2024-04-25T14:03:51.135+0000 7f8501d9b700 1 --2- 172.21.15.96:0/1430036006 >> [v2:172.21.15.96:6800/2348397481,v1:172.21.15.96:6801/2348397481] conn(0x7f84ec03d680 0x7f84ec03fb90 unknown :-1 s=START_CONNECT pgs=0 cs=0 l=1 rev1=0 crypto rx=0 tx=0 comp rx=0 tx=0)._fault waiting 1.600000
2024-04-25T14:03:55.874 INFO:teuthology.orchestra.run.smithi096.stdout:/usr/bin/ceph: stderr
2024-04-25T14:03:52.736+0000 7f8501d9b700 1 -- 172.21.15.96:0/1430036006 >> [v2:172.21.15.96:6800/2348397481,v1:172.21.15.96:6801/2348397481] conn(0x7f84ec03d680 msgr2=0x7f84ec03fb90 unknown :-1 s=STATE_CONNECTING_RE l=1).process reconnect failed to v2:172.21.15.96:6800/2348397481
2024-04-25T14:03:55.874 INFO:teuthology.orchestra.run.smithi096.stdout:/usr/bin/ceph: stderr
2024-04-25T14:03:52.736+0000 7f8501d9b700 1 --2- 172.21.15.96:0/1430036006 >> [v2:172.21.15.96:6800/2348397481,v1:172.21.15.96:6801/2348397481] conn(0x7f84ec03d680 0x7f84ec03fb90 unknown :-1 s=START_CONNECT pgs=0 cs=0 l=1 rev1=0 crypto rx=0 tx=0 comp rx=0 tx=0)._fault waiting 3.200000
2024-04-25T14:03:55.874 INFO:teuthology.orchestra.run.smithi096.stdout:/usr/bin/ceph: stderr
2024-04-25T14:03:54.251+0000 7f84f37fe700 1 -- 172.21.15.96:0/1430036006 <== mon.0 v2:172.21.15.96:3300/0 6 ==== mgrmap(e 6) ==== 49283+0+0 (secure 0 0 0) 0x7f84f4018350 con 0x7f8504107c70
2024-04-25T14:03:55.874 INFO:teuthology.orchestra.run.smithi096.stdout:/usr/bin/ceph: stderr
2024-04-25T14:03:54.251+0000 7f84f37fe700 1 -- 172.21.15.96:0/1430036006 >> [v2:172.21.15.96:6800/2348397481,v1:172.21.15.96:6801/2348397481] conn(0x7f84ec03d680 msgr2=0x7f84ec03fb90 unknown :-1 s=STATE_CONNECTING l=1).mark_down
2024-04-25T14:03:55.874 INFO:teuthology.orchestra.run.smithi096.stdout:/usr/bin/ceph: stderr
2024-04-25T14:03:54.251+0000 7f84f37fe700 1 --2- 172.21.15.96:0/1430036006 >> [v2:172.21.15.96:6800/2348397481,v1:172.21.15.96:6801/2348397481] conn(0x7f84ec03d680 0x7f84ec03fb90 unknown :-1 s=START_CONNECT pgs=0 cs=0 l=1 rev1=0 crypto rx=0 tx=0 comp rx=0 tx=0).stop
2024-04-25T14:03:55.874 INFO:teuthology.orchestra.run.smithi096.stdout:/usr/bin/ceph: stderr
2024-04-25T14:03:55.252+0000 7f84f37fe700 1 -- 172.21.15.96:0/1430036006 <== mon.0 v2:172.21.15.96:3300/0 7 ==== mgrmap(e 7) ==== 49410+0+0 (secure 0 0 0) 0x7f84f4053da0 con 0x7f8504107c70
2024-04-25T14:03:55.874 INFO:teuthology.orchestra.run.smithi096.stdout:/usr/bin/ceph: stderr
2024-04-25T14:03:55.253+0000 7f84f37fe700 1 --2- 172.21.15.96:0/1430036006 >> [v2:172.21.15.96:6800/433591062,v1:172.21.15.96:6801/433591062] conn(0x7f84ec040fc0 0x7f84ec0433e0 unknown :-1 s=NONE pgs=0 cs=0 l=1 rev1=0 crypto rx=0 tx=0 comp rx=0 tx=0).connect
2024-04-25T14:03:55.874 INFO:teuthology.orchestra.run.smithi096.stdout:/usr/bin/ceph: stderr
2024-04-25T14:03:55.253+0000 7f84f37fe700 1 -- 172.21.15.96:0/1430036006 --> [v2:172.21.15.96:6800/433591062,v1:172.21.15.96:6801/433591062] -- command(tid 0: {"prefix": "get_command_descriptions"}) -- 0x7f84f4029e50 con 0x7f84ec040fc0
2024-04-25T14:03:55.874 INFO:teuthology.orchestra.run.smithi096.stdout:/usr/bin/ceph: stderr
2024-04-25T14:03:55.253+0000 7f8501d9b700 1 --2- 172.21.15.96:0/1430036006 >> [v2:172.21.15.96:6800/433591062,v1:172.21.15.96:6801/433591062] conn(0x7f84ec040fc0 0x7f84ec0433e0 unknown :-1 s=BANNER_CONNECTING pgs=0 cs=0 l=1 rev1=0 crypto rx=0 tx=0 comp rx=0 tx=0)._handle_peer_banner_payload supported=3 required=0
2024-04-25T14:03:55.874 INFO:teuthology.orchestra.run.smithi096.stdout:/usr/bin/ceph: stderr
2024-04-25T14:03:55.254+0000 7f8501d9b700 1 --2- 172.21.15.96:0/1430036006 >> [v2:172.21.15.96:6800/433591062,v1:172.21.15.96:6801/433591062] conn(0x7f84ec040fc0 0x7f84ec0433e0 secure :-1 s=READY pgs=2 cs=0 l=1 rev1=1 crypto rx=0x7f84f8003a10 tx=0x7f84f80092b0 comp rx=0 tx=0).ready entity=mgr.14120 client_cookie=0 server_cookie=0 in_seq=0 out_seq=0
2024-04-25T14:03:55.874 INFO:teuthology.orchestra.run.smithi096.stdout:/usr/bin/ceph: stderr
2024-04-25T14:03:55.254+0000 7f84f37fe700 1 -- 172.21.15.96:0/1430036006 <== mgr.14120 v2:172.21.15.96:6800/433591062 1 ==== command_reply(tid 0: 0 ) ==== 8+0+9564 (secure 0 0 0) 0x7f84f4029e50 con 0x7f84ec040fc0
2024-04-25T14:03:55.874 INFO:teuthology.orchestra.run.smithi096.stdout:/usr/bin/ceph: stderr
2024-04-25T14:03:55.263+0000 7f8508ade700 1 -- 172.21.15.96:0/1430036006 --> [v2:172.21.15.96:6800/433591062,v1:172.21.15.96:6801/433591062] -- command(tid 1: {"prefix": "mgr_status"}) -- 0x7f8504064cf0 con 0x7f84ec040fc0
2024-04-25T14:03:55.874 INFO:teuthology.orchestra.run.smithi096.stdout:/usr/bin/ceph: stderr
2024-04-25T14:03:55.263+0000 7f84f37fe700 1 -- 172.21.15.96:0/1430036006 <== mgr.14120 v2:172.21.15.96:6800/433591062 2 ==== command_reply(tid 1: 0 ) ==== 8+0+51 (secure 0 0 0) 0x7f8504064cf0 con 0x7f84ec040fc0
2024-04-25T14:03:55.875 INFO:teuthology.orchestra.run.smithi096.stdout:/usr/bin/ceph: stderr
2024-04-25T14:03:55.263+0000 7f8508ade700 1 -- 172.21.15.96:0/1430036006 >> [v2:172.21.15.96:6800/433591062,v1:172.21.15.96:6801/433591062] conn(0x7f84ec040fc0 msgr2=0x7f84ec0433e0 secure :-1 s=STATE_CONNECTION_ESTABLISHED l=1).mark_down
2024-04-25T14:03:55.875 INFO:teuthology.orchestra.run.smithi096.stdout:/usr/bin/ceph: stderr
2024-04-25T14:03:55.263+0000 7f8508ade700 1 --2- 172.21.15.96:0/1430036006 >> [v2:172.21.15.96:6800/433591062,v1:172.21.15.96:6801/433591062] conn(0x7f84ec040fc0 0x7f84ec0433e0 secure :-1 s=READY pgs=2 cs=0 l=1 rev1=1 crypto rx=0x7f84f8003a10 tx=0x7f84f80092b0 comp rx=0 tx=0).stop
2024-04-25T14:03:55.875 INFO:teuthology.orchestra.run.smithi096.stdout:/usr/bin/ceph: stderr
2024-04-25T14:03:55.263+0000 7f8508ade700 1 -- 172.21.15.96:0/1430036006 >> [v2:172.21.15.96:3300/0,v1:172.21.15.96:6789/0] conn(0x7f8504107c70 msgr2=0x7f850419df70 secure :-1 s=STATE_CONNECTION_ESTABLISHED l=1).mark_down
2024-04-25T14:03:55.875 INFO:teuthology.orchestra.run.smithi096.stdout:/usr/bin/ceph: stderr
2024-04-25T14:03:55.263+0000 7f8508ade700 1 --2- 172.21.15.96:0/1430036006 >> [v2:172.21.15.96:3300/0,v1:172.21.15.96:6789/0] conn(0x7f8504107c70 0x7f850419df70 secure :-1 s=READY pgs=29 cs=0 l=1 rev1=1 crypto rx=0x7f84f4011890 tx=0x7f84f4011970 comp rx=0 tx=0).stop
2024-04-25T14:03:55.875 INFO:teuthology.orchestra.run.smithi096.stdout:/usr/bin/ceph: stderr
2024-04-25T14:03:55.263+0000 7f8508ade700 1 -- 172.21.15.96:0/1430036006 shutdown_connections
2024-04-25T14:03:55.875 INFO:teuthology.orchestra.run.smithi096.stdout:/usr/bin/ceph: stderr
2024-04-25T14:03:55.263+0000 7f8508ade700 1 --2- 172.21.15.96:0/1430036006 >> [v2:172.21.15.96:6800/433591062,v1:172.21.15.96:6801/433591062] conn(0x7f84ec040fc0 0x7f84ec0433e0 unknown :-1 s=CLOSED pgs=2 cs=0 l=1 rev1=1 crypto rx=0 tx=0 comp rx=0 tx=0).stop
2024-04-25T14:03:55.875 INFO:teuthology.orchestra.run.smithi096.stdout:/usr/bin/ceph: stderr
2024-04-25T14:03:55.263+0000 7f8508ade700 1 --2- 172.21.15.96:0/1430036006 >> [v2:172.21.15.96:3300/0,v1:172.21.15.96:6789/0] conn(0x7f8504107c70 0x7f850419df70 unknown :-1 s=CLOSED pgs=29 cs=0 l=1 rev1=1 crypto rx=0 tx=0 comp rx=0 tx=0).stop
2024-04-25T14:03:55.875 INFO:teuthology.orchestra.run.smithi096.stdout:/usr/bin/ceph: stderr
2024-04-25T14:03:55.263+0000 7f8508ade700 1 --2- 172.21.15.96:0/1430036006 >> [v2:172.21.15.96:6800/2348397481,v1:172.21.15.96:6801/2348397481] conn(0x7f84ec03d680 0x7f84ec03fb90 unknown :-1 s=CLOSED pgs=0 cs=0 l=1 rev1=0 crypto rx=0 tx=0 comp rx=0 tx=0).stop
2024-04-25T14:03:55.875 INFO:teuthology.orchestra.run.smithi096.stdout:/usr/bin/ceph: stderr
2024-04-25T14:03:55.263+0000 7f8508ade700 1 -- 172.21.15.96:0/1430036006 >> 172.21.15.96:0/1430036006 conn(0x7f85041036a0 msgr2=0x7f8504103f80 unknown :-1 s=STATE_NONE l=0).mark_down
2024-04-25T14:03:55.875 INFO:teuthology.orchestra.run.smithi096.stdout:/usr/bin/ceph: stderr
2024-04-25T14:03:55.263+0000 7f8508ade700 1 -- 172.21.15.96:0/1430036006 shutdown_connections
2024-04-25T14:03:55.875 INFO:teuthology.orchestra.run.smithi096.stdout:/usr/bin/ceph: stderr
2024-04-25T14:03:55.263+0000 7f8508ade700 1 -- 172.21.15.96:0/1430036006 wait complete.
2024-04-25T14:03:55.875 INFO:teuthology.orchestra.run.smithi096.stdout:mgr epoch 5 is available
2024-04-25T14:03:55.875 INFO:teuthology.orchestra.run.smithi096.stdout:Setting orchestrator backend to cephadm...
2024-04-25T14:03:56.514 INFO:journalctl@ceph.mon.a.smithi096.stdout:Apr 25 14:03:56 smithi096 ceph-mon[29207]: [25/Apr/2024:14:03:54] ENGINE Bus STARTING
2024-04-25T14:03:56.514 INFO:journalctl@ceph.mon.a.smithi096.stdout:Apr 25 14:03:56 smithi096 ceph-mon[29207]: [25/Apr/2024:14:03:55] ENGINE Serving on http://172.21.15.96:8765
2024-04-25T14:03:56.514 INFO:journalctl@ceph.mon.a.smithi096.stdout:Apr 25 14:03:56 smithi096 ceph-mon[29207]: [25/Apr/2024:14:03:55] ENGINE Serving on https://172.21.15.96:7150
2024-04-25T14:03:56.514 INFO:journalctl@ceph.mon.a.smithi096.stdout:Apr 25 14:03:56 smithi096 ceph-mon[29207]: [25/Apr/2024:14:03:55] ENGINE Bus STARTED
2024-04-25T14:03:56.514 INFO:journalctl@ceph.mon.a.smithi096.stdout:Apr 25 14:03:56 smithi096 ceph-mon[29207]: from='client.14124 -' entity='client.admin' cmd=[{"prefix": "get_command_descriptions"}]: dispatch
2024-04-25T14:03:56.514 INFO:journalctl@ceph.mon.a.smithi096.stdout:Apr 25 14:03:56 smithi096 ceph-mon[29207]: from='client.14124 -' entity='client.admin' cmd=[{"prefix": "mgr_status"}]: dispatch
2024-04-25T14:03:57.066 INFO:teuthology.orchestra.run.smithi096.stdout:/usr/bin/ceph: stderr
2024-04-25T14:03:56.281+0000 7fb45701d700 1 Processor -- start
2024-04-25T14:03:57.066 INFO:teuthology.orchestra.run.smithi096.stdout:/usr/bin/ceph: stderr
2024-04-25T14:03:56.281+0000 7fb45701d700 1 -- start start
2024-04-25T14:03:57.066 INFO:teuthology.orchestra.run.smithi096.stdout:/usr/bin/ceph: stderr
2024-04-25T14:03:56.281+0000 7fb45701d700 1 --2- >> [v2:172.21.15.96:3300/0,v1:172.21.15.96:6789/0] conn(0x7fb45010a470 0x7fb45010c890 unknown :-1 s=NONE pgs=0 cs=0 l=0 rev1=0 crypto rx=0 tx=0 comp rx=0 tx=0).connect
2024-04-25T14:03:57.066 INFO:teuthology.orchestra.run.smithi096.stdout:/usr/bin/ceph: stderr
2024-04-25T14:03:56.281+0000 7fb45701d700 1 -- --> [v2:172.21.15.96:3300/0,v1:172.21.15.96:6789/0] -- mon_getmap magic: 0 -- 0x7fb45007cdc0 con 0x7fb45010a470
2024-04-25T14:03:57.066 INFO:teuthology.orchestra.run.smithi096.stdout:/usr/bin/ceph: stderr
2024-04-25T14:03:56.281+0000 7fb454db9700 1 --2- >> [v2:172.21.15.96:3300/0,v1:172.21.15.96:6789/0] conn(0x7fb45010a470 0x7fb45010c890 unknown :-1 s=BANNER_CONNECTING pgs=0 cs=0 l=0 rev1=0 crypto rx=0 tx=0 comp rx=0 tx=0)._handle_peer_banner_payload supported=3 required=0
2024-04-25T14:03:57.066 INFO:teuthology.orchestra.run.smithi096.stdout:/usr/bin/ceph: stderr
2024-04-25T14:03:56.282+0000 7fb454db9700 1 --2- >> [v2:172.21.15.96:3300/0,v1:172.21.15.96:6789/0] conn(0x7fb45010a470 0x7fb45010c890 unknown :-1 s=HELLO_CONNECTING pgs=0 cs=0 l=0 rev1=1 crypto rx=0 tx=0 comp rx=0 tx=0).handle_hello peer v2:172.21.15.96:3300/0 says I am v2:172.21.15.96:57788/0 (socket says 172.21.15.96:57788)
2024-04-25T14:03:57.066 INFO:teuthology.orchestra.run.smithi096.stdout:/usr/bin/ceph: stderr
2024-04-25T14:03:56.282+0000 7fb454db9700 1 -- 172.21.15.96:0/2618009620 learned_addr learned my addr 172.21.15.96:0/2618009620 (peer_addr_for_me v2:172.21.15.96:0/0)
2024-04-25T14:03:57.066 INFO:teuthology.orchestra.run.smithi096.stdout:/usr/bin/ceph: stderr
2024-04-25T14:03:56.282+0000 7fb454db9700 1 -- 172.21.15.96:0/2618009620 --> [v2:172.21.15.96:3300/0,v1:172.21.15.96:6789/0] -- mon_subscribe({config=0+,monmap=0+}) -- 0x7fb45010cdd0 con 0x7fb45010a470
2024-04-25T14:03:57.066 INFO:teuthology.orchestra.run.smithi096.stdout:/usr/bin/ceph: stderr
2024-04-25T14:03:56.282+0000 7fb454db9700 1 --2- 172.21.15.96:0/2618009620 >> [v2:172.21.15.96:3300/0,v1:172.21.15.96:6789/0] conn(0x7fb45010a470 0x7fb45010c890 secure :-1 s=READY pgs=37 cs=0 l=1 rev1=1 crypto rx=0x7fb4440098a0 tx=0x7fb444009bb0 comp rx=0 tx=0).ready entity=mon.0 client_cookie=d195ca293bc313f8 server_cookie=0 in_seq=0 out_seq=0
2024-04-25T14:03:57.067 INFO:teuthology.orchestra.run.smithi096.stdout:/usr/bin/ceph: stderr
2024-04-25T14:03:56.282+0000 7fb44f7fe700 1 -- 172.21.15.96:0/2618009620 <== mon.0 v2:172.21.15.96:3300/0 1 ==== mon_map magic: 0 ==== 205+0+0 (secure 0 0 0) 0x7fb444004160 con 0x7fb45010a470
2024-04-25T14:03:57.067 INFO:teuthology.orchestra.run.smithi096.stdout:/usr/bin/ceph: stderr
2024-04-25T14:03:56.282+0000 7fb44f7fe700 1 -- 172.21.15.96:0/2618009620 <== mon.0 v2:172.21.15.96:3300/0 2 ==== config(26 keys) ==== 1070+0+0 (secure 0 0 0) 0x7fb444004300 con 0x7fb45010a470
2024-04-25T14:03:57.067 INFO:teuthology.orchestra.run.smithi096.stdout:/usr/bin/ceph: stderr
2024-04-25T14:03:56.282+0000 7fb44f7fe700 1 -- 172.21.15.96:0/2618009620 <== mon.0 v2:172.21.15.96:3300/0 3 ==== mon_map magic: 0 ==== 205+0+0 (secure 0 0 0) 0x7fb444011af0 con 0x7fb45010a470
2024-04-25T14:03:57.067 INFO:teuthology.orchestra.run.smithi096.stdout:/usr/bin/ceph: stderr
2024-04-25T14:03:56.283+0000 7fb45701d700 1 -- 172.21.15.96:0/2618009620 >> [v2:172.21.15.96:3300/0,v1:172.21.15.96:6789/0] conn(0x7fb45010a470 msgr2=0x7fb45010c890 secure :-1 s=STATE_CONNECTION_ESTABLISHED l=1).mark_down
2024-04-25T14:03:57.067 INFO:teuthology.orchestra.run.smithi096.stdout:/usr/bin/ceph: stderr
2024-04-25T14:03:56.283+0000 7fb45701d700 1 --2- 172.21.15.96:0/2618009620 >> [v2:172.21.15.96:3300/0,v1:172.21.15.96:6789/0] conn(0x7fb45010a470 0x7fb45010c890 secure :-1 s=READY pgs=37 cs=0 l=1 rev1=1 crypto rx=0x7fb4440098a0 tx=0x7fb444009bb0 comp rx=0 tx=0).stop
2024-04-25T14:03:57.067 INFO:teuthology.orchestra.run.smithi096.stdout:/usr/bin/ceph: stderr
2024-04-25T14:03:56.283+0000 7fb45701d700 1 -- 172.21.15.96:0/2618009620 shutdown_connections
2024-04-25T14:03:57.067 INFO:teuthology.orchestra.run.smithi096.stdout:/usr/bin/ceph: stderr
2024-04-25T14:03:56.283+0000 7fb45701d700 1 --2- 172.21.15.96:0/2618009620 >> [v2:172.21.15.96:3300/0,v1:172.21.15.96:6789/0] conn(0x7fb45010a470 0x7fb45010c890 unknown :-1 s=CLOSED pgs=37 cs=0 l=1 rev1=1 crypto rx=0 tx=0 comp rx=0 tx=0).stop
2024-04-25T14:03:57.067 INFO:teuthology.orchestra.run.smithi096.stdout:/usr/bin/ceph: stderr
2024-04-25T14:03:56.283+0000 7fb45701d700 1 -- 172.21.15.96:0/2618009620 >> 172.21.15.96:0/2618009620 conn(0x7fb450103ef0 msgr2=0x7fb450106340 unknown :-1 s=STATE_NONE l=0).mark_down
2024-04-25T14:03:57.067 INFO:teuthology.orchestra.run.smithi096.stdout:/usr/bin/ceph: stderr
2024-04-25T14:03:56.283+0000 7fb45701d700 1 -- 172.21.15.96:0/2618009620 shutdown_connections
2024-04-25T14:03:57.067 INFO:teuthology.orchestra.run.smithi096.stdout:/usr/bin/ceph: stderr
2024-04-25T14:03:56.283+0000 7fb45701d700 1 -- 172.21.15.96:0/2618009620 wait complete.
2024-04-25T14:03:57.067 INFO:teuthology.orchestra.run.smithi096.stdout:/usr/bin/ceph: stderr
2024-04-25T14:03:56.284+0000 7fb45701d700 1 Processor -- start
2024-04-25T14:03:57.067 INFO:teuthology.orchestra.run.smithi096.stdout:/usr/bin/ceph: stderr
2024-04-25T14:03:56.284+0000 7fb45701d700 1 -- start start
2024-04-25T14:03:57.067 INFO:teuthology.orchestra.run.smithi096.stdout:/usr/bin/ceph: stderr
2024-04-25T14:03:56.284+0000 7fb45701d700 1 --2- >> [v2:172.21.15.96:3300/0,v1:172.21.15.96:6789/0] conn(0x7fb45010a470 0x7fb450109bf0 unknown :-1 s=NONE pgs=0 cs=0 l=1 rev1=0 crypto rx=0 tx=0 comp rx=0 tx=0).connect
2024-04-25T14:03:57.067 INFO:teuthology.orchestra.run.smithi096.stdout:/usr/bin/ceph: stderr
2024-04-25T14:03:56.284+0000 7fb45701d700 1 -- --> [v2:172.21.15.96:3300/0,v1:172.21.15.96:6789/0] -- mon_getmap magic: 0 -- 0x7fb45010dd30 con 0x7fb45010a470
2024-04-25T14:03:57.068 INFO:teuthology.orchestra.run.smithi096.stdout:/usr/bin/ceph: stderr
2024-04-25T14:03:56.284+0000 7fb454db9700 1 --2- >> [v2:172.21.15.96:3300/0,v1:172.21.15.96:6789/0] conn(0x7fb45010a470 0x7fb450109bf0 unknown :-1 s=BANNER_CONNECTING pgs=0 cs=0 l=1 rev1=0 crypto rx=0 tx=0 comp rx=0 tx=0)._handle_peer_banner_payload supported=3 required=0
2024-04-25T14:03:57.068 INFO:teuthology.orchestra.run.smithi096.stdout:/usr/bin/ceph: stderr
2024-04-25T14:03:56.284+0000 7fb454db9700 1 --2- >> [v2:172.21.15.96:3300/0,v1:172.21.15.96:6789/0] conn(0x7fb45010a470 0x7fb450109bf0 unknown :-1 s=HELLO_CONNECTING pgs=0 cs=0 l=1 rev1=1 crypto rx=0 tx=0 comp rx=0 tx=0).handle_hello peer v2:172.21.15.96:3300/0 says I am v2:172.21.15.96:57794/0 (socket says 172.21.15.96:57794)
2024-04-25T14:03:57.068 INFO:teuthology.orchestra.run.smithi096.stdout:/usr/bin/ceph: stderr
2024-04-25T14:03:56.284+0000 7fb454db9700 1 -- 172.21.15.96:0/349998055 learned_addr learned my addr 172.21.15.96:0/349998055 (peer_addr_for_me v2:172.21.15.96:0/0)
2024-04-25T14:03:57.068 INFO:teuthology.orchestra.run.smithi096.stdout:/usr/bin/ceph: stderr
2024-04-25T14:03:56.284+0000 7fb454db9700 1 -- 172.21.15.96:0/349998055 --> [v2:172.21.15.96:3300/0,v1:172.21.15.96:6789/0] -- mon_subscribe({config=0+,monmap=0+}) -- 0x7fb45010a130 con 0x7fb45010a470
2024-04-25T14:03:57.068 INFO:teuthology.orchestra.run.smithi096.stdout:/usr/bin/ceph: stderr
2024-04-25T14:03:56.285+0000 7fb454db9700 1 --2- 172.21.15.96:0/349998055 >> [v2:172.21.15.96:3300/0,v1:172.21.15.96:6789/0] conn(0x7fb45010a470 0x7fb450109bf0 secure :-1 s=READY pgs=38 cs=0 l=1 rev1=1 crypto rx=0x7fb444009fb0 tx=0x7fb444011940 comp rx=0 tx=0).ready entity=mon.0 client_cookie=0 server_cookie=0 in_seq=0 out_seq=0
2024-04-25T14:03:57.068 INFO:teuthology.orchestra.run.smithi096.stdout:/usr/bin/ceph: stderr
2024-04-25T14:03:56.285+0000 7fb44dffb700 1 -- 172.21.15.96:0/349998055 <== mon.0 v2:172.21.15.96:3300/0 1 ==== mon_map magic: 0 ==== 205+0+0 (secure 0 0 0) 0x7fb4440036a0 con 0x7fb45010a470
2024-04-25T14:03:57.068 INFO:teuthology.orchestra.run.smithi096.stdout:/usr/bin/ceph: stderr
2024-04-25T14:03:56.285+0000 7fb44dffb700 1 -- 172.21.15.96:0/349998055 <== mon.0 v2:172.21.15.96:3300/0 2 ==== config(26 keys) ==== 1070+0+0 (secure 0 0 0) 0x7fb44401a430 con 0x7fb45010a470
2024-04-25T14:03:57.068 INFO:teuthology.orchestra.run.smithi096.stdout:/usr/bin/ceph: stderr
2024-04-25T14:03:56.285+0000 7fb45701d700 1 -- 172.21.15.96:0/349998055 --> [v2:172.21.15.96:3300/0,v1:172.21.15.96:6789/0] -- mon_subscribe({mgrmap=0+}) -- 0x7fb450108380 con 0x7fb45010a470
2024-04-25T14:03:57.068 INFO:teuthology.orchestra.run.smithi096.stdout:/usr/bin/ceph: stderr
2024-04-25T14:03:56.285+0000 7fb44dffb700 1 -- 172.21.15.96:0/349998055 <== mon.0 v2:172.21.15.96:3300/0 3 ==== mon_map magic: 0 ==== 205+0+0 (secure 0 0 0) 0x7fb444019550 con 0x7fb45010a470
2024-04-25T14:03:57.068 INFO:teuthology.orchestra.run.smithi096.stdout:/usr/bin/ceph: stderr
2024-04-25T14:03:56.285+0000 7fb45701d700 1 -- 172.21.15.96:0/349998055 --> [v2:172.21.15.96:3300/0,v1:172.21.15.96:6789/0] -- mon_subscribe({osdmap=0}) -- 0x7fb450108860 con 0x7fb45010a470
2024-04-25T14:03:57.068 INFO:teuthology.orchestra.run.smithi096.stdout:/usr/bin/ceph: stderr
2024-04-25T14:03:56.286+0000 7fb44dffb700 1 -- 172.21.15.96:0/349998055 <== mon.0 v2:172.21.15.96:3300/0 4 ==== mgrmap(e 7) ==== 49410+0+0 (secure 0 0 0) 0x7fb444019800 con 0x7fb45010a470
2024-04-25T14:03:57.068 INFO:teuthology.orchestra.run.smithi096.stdout:/usr/bin/ceph: stderr
2024-04-25T14:03:56.286+0000 7fb44dffb700 1 --2- 172.21.15.96:0/349998055 >> [v2:172.21.15.96:6800/433591062,v1:172.21.15.96:6801/433591062] conn(0x7fb44003d500 0x7fb44003fa10 unknown :-1 s=NONE pgs=0 cs=0 l=1 rev1=0 crypto rx=0 tx=0 comp rx=0 tx=0).connect
2024-04-25T14:03:57.069 INFO:teuthology.orchestra.run.smithi096.stdout:/usr/bin/ceph: stderr
2024-04-25T14:03:56.286+0000 7fb44dffb700 1 -- 172.21.15.96:0/349998055 <== mon.0 v2:172.21.15.96:3300/0 5 ==== osd_map(2..2 src has 1..2) ==== 940+0+0 (secure 0 0 0) 0x7fb444053490 con 0x7fb45010a470
2024-04-25T14:03:57.069 INFO:teuthology.orchestra.run.smithi096.stdout:/usr/bin/ceph: stderr
2024-04-25T14:03:56.286+0000 7fb44ffff700 1 --2- 172.21.15.96:0/349998055 >> [v2:172.21.15.96:6800/433591062,v1:172.21.15.96:6801/433591062] conn(0x7fb44003d500 0x7fb44003fa10 unknown :-1 s=BANNER_CONNECTING pgs=0 cs=0 l=1 rev1=0 crypto rx=0 tx=0 comp rx=0 tx=0)._handle_peer_banner_payload supported=3 required=0
2024-04-25T14:03:57.069 INFO:teuthology.orchestra.run.smithi096.stdout:/usr/bin/ceph: stderr
2024-04-25T14:03:56.286+0000 7fb45701d700 1 -- 172.21.15.96:0/349998055 --> [v2:172.21.15.96:3300/0,v1:172.21.15.96:6789/0] -- mon_command({"prefix": "get_command_descriptions"} v 0) -- 0x7fb450064cf0 con 0x7fb45010a470
2024-04-25T14:03:57.069 INFO:teuthology.orchestra.run.smithi096.stdout:/usr/bin/ceph: stderr
2024-04-25T14:03:56.287+0000 7fb44ffff700 1 --2- 172.21.15.96:0/349998055 >> [v2:172.21.15.96:6800/433591062,v1:172.21.15.96:6801/433591062] conn(0x7fb44003d500 0x7fb44003fa10 secure :-1 s=READY pgs=7 cs=0 l=1 rev1=1 crypto rx=0x7fb43c006fd0 tx=0x7fb43c006e40 comp rx=0 tx=0).ready entity=mgr.14120 client_cookie=0 server_cookie=0 in_seq=0 out_seq=0
2024-04-25T14:03:57.069 INFO:teuthology.orchestra.run.smithi096.stdout:/usr/bin/ceph: stderr
2024-04-25T14:03:56.292+0000 7fb44dffb700 1 -- 172.21.15.96:0/349998055 <== mon.0 v2:172.21.15.96:3300/0 6 ==== mon_command_ack([{"prefix": "get_command_descriptions"}]=0 v0) ==== 72+0+188370 (secure 0 0 0) 0x7fb444017e90 con 0x7fb45010a470
2024-04-25T14:03:57.069 INFO:teuthology.orchestra.run.smithi096.stdout:/usr/bin/ceph: stderr
2024-04-25T14:03:56.307+0000 7fb44dffb700 1 -- 172.21.15.96:0/349998055 <== mon.0 v2:172.21.15.96:3300/0 7 ==== mgrmap(e 8) ==== 49516+0+0 (secure 0 0 0) 0x7fb44400fd80 con 0x7fb45010a470
2024-04-25T14:03:57.069 INFO:teuthology.orchestra.run.smithi096.stdout:/usr/bin/ceph: stderr
2024-04-25T14:03:56.514+0000 7fb45701d700 1 -- 172.21.15.96:0/349998055 --> [v2:172.21.15.96:6800/433591062,v1:172.21.15.96:6801/433591062] -- mgr_command(tid 0: {"prefix": "orch set backend", "module_name": "cephadm", "target": ["mon-mgr", ""]}) -- 0x7fb450108e70 con 0x7fb44003d500
2024-04-25T14:03:57.069 INFO:teuthology.orchestra.run.smithi096.stdout:/usr/bin/ceph: stderr
2024-04-25T14:03:56.519+0000 7fb44dffb700 1 -- 172.21.15.96:0/349998055 <== mgr.14120 v2:172.21.15.96:6800/433591062 1 ==== mgr_command_reply(tid 0: 0 ) ==== 8+0+0 (secure 0 0 0) 0x7fb450108e70 con 0x7fb44003d500
2024-04-25T14:03:57.069 INFO:teuthology.orchestra.run.smithi096.stdout:/usr/bin/ceph: stderr
2024-04-25T14:03:56.521+0000 7fb45701d700 1 -- 172.21.15.96:0/349998055 >> [v2:172.21.15.96:6800/433591062,v1:172.21.15.96:6801/433591062] conn(0x7fb44003d500 msgr2=0x7fb44003fa10 secure :-1 s=STATE_CONNECTION_ESTABLISHED l=1).mark_down
2024-04-25T14:03:57.069 INFO:teuthology.orchestra.run.smithi096.stdout:/usr/bin/ceph: stderr
2024-04-25T14:03:56.521+0000 7fb45701d700 1 --2- 172.21.15.96:0/349998055 >> [v2:172.21.15.96:6800/433591062,v1:172.21.15.96:6801/433591062] conn(0x7fb44003d500 0x7fb44003fa10 secure :-1 s=READY pgs=7 cs=0 l=1 rev1=1 crypto rx=0x7fb43c006fd0 tx=0x7fb43c006e40 comp rx=0 tx=0).stop
2024-04-25T14:03:57.069 INFO:teuthology.orchestra.run.smithi096.stdout:/usr/bin/ceph: stderr
2024-04-25T14:03:56.521+0000 7fb45701d700 1 -- 172.21.15.96:0/349998055 >> [v2:172.21.15.96:3300/0,v1:172.21.15.96:6789/0] conn(0x7fb45010a470 msgr2=0x7fb450109bf0 secure :-1 s=STATE_CONNECTION_ESTABLISHED l=1).mark_down
2024-04-25T14:03:57.069 INFO:teuthology.orchestra.run.smithi096.stdout:/usr/bin/ceph: stderr
2024-04-25T14:03:56.521+0000 7fb45701d700 1 --2- 172.21.15.96:0/349998055 >> [v2:172.21.15.96:3300/0,v1:172.21.15.96:6789/0] conn(0x7fb45010a470 0x7fb450109bf0 secure :-1 s=READY pgs=38 cs=0 l=1 rev1=1 crypto rx=0x7fb444009fb0 tx=0x7fb444011940 comp rx=0 tx=0).stop
2024-04-25T14:03:57.069 INFO:teuthology.orchestra.run.smithi096.stdout:/usr/bin/ceph: stderr
2024-04-25T14:03:56.521+0000 7fb45701d700 1 -- 172.21.15.96:0/349998055 shutdown_connections
2024-04-25T14:03:57.070 INFO:teuthology.orchestra.run.smithi096.stdout:/usr/bin/ceph: stderr
2024-04-25T14:03:56.521+0000 7fb45701d700 1 --2- 172.21.15.96:0/349998055 >> [v2:172.21.15.96:6800/433591062,v1:172.21.15.96:6801/433591062] conn(0x7fb44003d500 0x7fb44003fa10 unknown :-1 s=CLOSED pgs=7 cs=0 l=1 rev1=1 crypto rx=0 tx=0 comp rx=0 tx=0).stop
2024-04-25T14:03:57.070 INFO:teuthology.orchestra.run.smithi096.stdout:/usr/bin/ceph: stderr
2024-04-25T14:03:56.521+0000 7fb45701d700 1 --2- 172.21.15.96:0/349998055 >> [v2:172.21.15.96:3300/0,v1:172.21.15.96:6789/0] conn(0x7fb45010a470 0x7fb450109bf0 unknown :-1 s=CLOSED pgs=38 cs=0 l=1 rev1=1 crypto rx=0 tx=0 comp rx=0 tx=0).stop
2024-04-25T14:03:57.070 INFO:teuthology.orchestra.run.smithi096.stdout:/usr/bin/ceph: stderr
2024-04-25T14:03:56.521+0000 7fb45701d700 1 -- 172.21.15.96:0/349998055 >> 172.21.15.96:0/349998055 conn(0x7fb450103ef0 msgr2=0x7fb450104820 unknown :-1 s=STATE_NONE l=0).mark_down
2024-04-25T14:03:57.070 INFO:teuthology.orchestra.run.smithi096.stdout:/usr/bin/ceph: stderr
2024-04-25T14:03:56.522+0000 7fb45701d700 1 -- 172.21.15.96:0/349998055 shutdown_connections
2024-04-25T14:03:57.070 INFO:teuthology.orchestra.run.smithi096.stdout:/usr/bin/ceph: stderr
2024-04-25T14:03:56.522+0000 7fb45701d700 1 -- 172.21.15.96:0/349998055 wait complete.
2024-04-25T14:03:57.485 INFO:journalctl@ceph.mon.a.smithi096.stdout:Apr 25 14:03:57 smithi096 ceph-mon[29207]: mgrmap e8: x(active, since 2s)
2024-04-25T14:03:57.485 INFO:journalctl@ceph.mon.a.smithi096.stdout:Apr 25 14:03:57 smithi096 ceph-mon[29207]: from='mgr.14120 172.21.15.96:0/4269437437' entity='mgr.x'
2024-04-25T14:03:57.485 INFO:journalctl@ceph.mon.a.smithi096.stdout:Apr 25 14:03:57 smithi096 ceph-mon[29207]: from='mgr.14120 172.21.15.96:0/4269437437' entity='mgr.x' cmd=[{"prefix": "config dump", "format": "json"}]: dispatch
2024-04-25T14:03:58.356 INFO:teuthology.orchestra.run.smithi096.stdout:/usr/bin/ceph: stdout value unchanged
2024-04-25T14:03:58.356 INFO:teuthology.orchestra.run.smithi096.stdout:/usr/bin/ceph: stderr
2024-04-25T14:03:57.520+0000 7ff20f1d1700 1 Processor -- start
2024-04-25T14:03:58.356 INFO:teuthology.orchestra.run.smithi096.stdout:/usr/bin/ceph: stderr
2024-04-25T14:03:57.520+0000 7ff20f1d1700 1 -- start start
2024-04-25T14:03:58.356 INFO:teuthology.orchestra.run.smithi096.stdout:/usr/bin/ceph: stderr
2024-04-25T14:03:57.520+0000 7ff20f1d1700 1 --2- >> [v2:172.21.15.96:3300/0,v1:172.21.15.96:6789/0] conn(0x7ff20810a4a0 0x7ff20810c8c0 unknown :-1 s=NONE pgs=0 cs=0 l=0 rev1=0 crypto rx=0 tx=0 comp rx=0 tx=0).connect
2024-04-25T14:03:58.356 INFO:teuthology.orchestra.run.smithi096.stdout:/usr/bin/ceph: stderr
2024-04-25T14:03:57.520+0000 7ff20f1d1700 1 -- --> [v2:172.21.15.96:3300/0,v1:172.21.15.96:6789/0] -- mon_getmap magic: 0 -- 0x7ff20807cdc0 con 0x7ff20810a4a0
2024-04-25T14:03:58.356 INFO:teuthology.orchestra.run.smithi096.stdout:/usr/bin/ceph: stderr
2024-04-25T14:03:57.521+0000 7ff20cf6d700 1 --2- >> [v2:172.21.15.96:3300/0,v1:172.21.15.96:6789/0] conn(0x7ff20810a4a0 0x7ff20810c8c0 unknown :-1 s=BANNER_CONNECTING pgs=0 cs=0 l=0 rev1=0 crypto rx=0 tx=0 comp rx=0 tx=0)._handle_peer_banner_payload supported=3 required=0
2024-04-25T14:03:58.356 INFO:teuthology.orchestra.run.smithi096.stdout:/usr/bin/ceph: stderr
2024-04-25T14:03:57.521+0000 7ff20cf6d700 1 --2- >> [v2:172.21.15.96:3300/0,v1:172.21.15.96:6789/0] conn(0x7ff20810a4a0 0x7ff20810c8c0 unknown :-1 s=HELLO_CONNECTING pgs=0 cs=0 l=0 rev1=1 crypto rx=0 tx=0 comp rx=0 tx=0).handle_hello peer v2:172.21.15.96:3300/0 says I am v2:172.21.15.96:57800/0 (socket says 172.21.15.96:57800)
2024-04-25T14:03:58.356 INFO:teuthology.orchestra.run.smithi096.stdout:/usr/bin/ceph: stderr
2024-04-25T14:03:57.521+0000 7ff20cf6d700 1 -- 172.21.15.96:0/494296872 learned_addr learned my addr 172.21.15.96:0/494296872 (peer_addr_for_me v2:172.21.15.96:0/0)
2024-04-25T14:03:58.356 INFO:teuthology.orchestra.run.smithi096.stdout:/usr/bin/ceph: stderr
2024-04-25T14:03:57.521+0000 7ff20cf6d700 1 -- 172.21.15.96:0/494296872 --> [v2:172.21.15.96:3300/0,v1:172.21.15.96:6789/0] -- mon_subscribe({config=0+,monmap=0+}) -- 0x7ff20810ce00 con 0x7ff20810a4a0
2024-04-25T14:03:58.357 INFO:teuthology.orchestra.run.smithi096.stdout:/usr/bin/ceph: stderr
2024-04-25T14:03:57.521+0000 7ff20cf6d700 1 --2- 172.21.15.96:0/494296872 >> [v2:172.21.15.96:3300/0,v1:172.21.15.96:6789/0] conn(0x7ff20810a4a0 0x7ff20810c8c0 secure :-1 s=READY pgs=39 cs=0 l=1 rev1=1 crypto rx=0x7ff1f8009e80 tx=0x7ff1f800b330 comp rx=0 tx=0).ready entity=mon.0 client_cookie=b6af438ffe3f0034 server_cookie=0 in_seq=0 out_seq=0
2024-04-25T14:03:58.357 INFO:teuthology.orchestra.run.smithi096.stdout:/usr/bin/ceph: stderr
2024-04-25T14:03:57.521+0000 7ff2077fe700 1 -- 172.21.15.96:0/494296872 <== mon.0 v2:172.21.15.96:3300/0 1 ==== mon_map magic: 0 ==== 205+0+0 (secure 0 0 0) 0x7ff1f8017070 con 0x7ff20810a4a0
2024-04-25T14:03:58.357 INFO:teuthology.orchestra.run.smithi096.stdout:/usr/bin/ceph: stderr
2024-04-25T14:03:57.521+0000 7ff2077fe700 1 -- 172.21.15.96:0/494296872 <== mon.0 v2:172.21.15.96:3300/0 2 ==== config(26 keys) ==== 1070+0+0 (secure 0 0 0) 0x7ff1f800b8c0 con 0x7ff20810a4a0
2024-04-25T14:03:58.357 INFO:teuthology.orchestra.run.smithi096.stdout:/usr/bin/ceph: stderr
2024-04-25T14:03:57.521+0000 7ff2077fe700 1 -- 172.21.15.96:0/494296872 <== mon.0 v2:172.21.15.96:3300/0 3 ==== mon_map magic: 0 ==== 205+0+0 (secure 0 0 0) 0x7ff1f8004490 con 0x7ff20810a4a0
2024-04-25T14:03:58.357 INFO:teuthology.orchestra.run.smithi096.stdout:/usr/bin/ceph: stderr
2024-04-25T14:03:57.522+0000 7ff20f1d1700 1 -- 172.21.15.96:0/494296872 >> [v2:172.21.15.96:3300/0,v1:172.21.15.96:6789/0] conn(0x7ff20810a4a0 msgr2=0x7ff20810c8c0 secure :-1 s=STATE_CONNECTION_ESTABLISHED l=1).mark_down
2024-04-25T14:03:58.357 INFO:teuthology.orchestra.run.smithi096.stdout:/usr/bin/ceph: stderr
2024-04-25T14:03:57.522+0000 7ff20f1d1700 1 --2- 172.21.15.96:0/494296872 >> [v2:172.21.15.96:3300/0,v1:172.21.15.96:6789/0] conn(0x7ff20810a4a0 0x7ff20810c8c0 secure :-1 s=READY pgs=39 cs=0 l=1 rev1=1 crypto rx=0x7ff1f8009e80 tx=0x7ff1f800b330 comp rx=0 tx=0).stop
2024-04-25T14:03:58.357 INFO:teuthology.orchestra.run.smithi096.stdout:/usr/bin/ceph: stderr
2024-04-25T14:03:57.522+0000 7ff20f1d1700 1 -- 172.21.15.96:0/494296872 shutdown_connections
2024-04-25T14:03:58.357 INFO:teuthology.orchestra.run.smithi096.stdout:/usr/bin/ceph: stderr
2024-04-25T14:03:57.522+0000 7ff20f1d1700 1 --2- 172.21.15.96:0/494296872 >> [v2:172.21.15.96:3300/0,v1:172.21.15.96:6789/0] conn(0x7ff20810a4a0 0x7ff20810c8c0 unknown :-1 s=CLOSED pgs=39 cs=0 l=1 rev1=1 crypto rx=0 tx=0 comp rx=0 tx=0).stop
2024-04-25T14:03:58.357 INFO:teuthology.orchestra.run.smithi096.stdout:/usr/bin/ceph: stderr
2024-04-25T14:03:57.522+0000 7ff20f1d1700 1 -- 172.21.15.96:0/494296872 >> 172.21.15.96:0/494296872 conn(0x7ff208103f20 msgr2=0x7ff208106370 unknown :-1 s=STATE_NONE l=0).mark_down
2024-04-25T14:03:58.357 INFO:teuthology.orchestra.run.smithi096.stdout:/usr/bin/ceph: stderr
2024-04-25T14:03:57.522+0000 7ff20f1d1700 1 -- 172.21.15.96:0/494296872 shutdown_connections
2024-04-25T14:03:58.357 INFO:teuthology.orchestra.run.smithi096.stdout:/usr/bin/ceph: stderr
2024-04-25T14:03:57.522+0000 7ff20f1d1700 1 -- 172.21.15.96:0/494296872 wait complete.
2024-04-25T14:03:58.357 INFO:teuthology.orchestra.run.smithi096.stdout:/usr/bin/ceph: stderr
2024-04-25T14:03:57.523+0000 7ff20f1d1700 1 Processor -- start
2024-04-25T14:03:58.357 INFO:teuthology.orchestra.run.smithi096.stdout:/usr/bin/ceph: stderr
2024-04-25T14:03:57.523+0000 7ff20f1d1700 1 -- start start
2024-04-25T14:03:58.357 INFO:teuthology.orchestra.run.smithi096.stdout:/usr/bin/ceph: stderr
2024-04-25T14:03:57.523+0000 7ff20f1d1700 1 --2- >> [v2:172.21.15.96:3300/0,v1:172.21.15.96:6789/0] conn(0x7ff20810a4a0 0x7ff20819dc90 unknown :-1 s=NONE pgs=0 cs=0 l=1 rev1=0 crypto rx=0 tx=0 comp rx=0 tx=0).connect
2024-04-25T14:03:58.358 INFO:teuthology.orchestra.run.smithi096.stdout:/usr/bin/ceph: stderr
2024-04-25T14:03:57.523+0000 7ff20f1d1700 1 -- --> [v2:172.21.15.96:3300/0,v1:172.21.15.96:6789/0] -- mon_getmap magic: 0 -- 0x7ff20810dd60 con 0x7ff20810a4a0
2024-04-25T14:03:58.358 INFO:teuthology.orchestra.run.smithi096.stdout:/usr/bin/ceph: stderr
2024-04-25T14:03:57.523+0000 7ff20cf6d700 1 --2- >> [v2:172.21.15.96:3300/0,v1:172.21.15.96:6789/0] conn(0x7ff20810a4a0 0x7ff20819dc90 unknown :-1 s=BANNER_CONNECTING pgs=0 cs=0 l=1 rev1=0 crypto rx=0 tx=0 comp rx=0 tx=0)._handle_peer_banner_payload supported=3 required=0
2024-04-25T14:03:58.358 INFO:teuthology.orchestra.run.smithi096.stdout:/usr/bin/ceph: stderr
2024-04-25T14:03:57.523+0000 7ff20cf6d700 1 --2- >> [v2:172.21.15.96:3300/0,v1:172.21.15.96:6789/0] conn(0x7ff20810a4a0 0x7ff20819dc90 unknown :-1 s=HELLO_CONNECTING pgs=0 cs=0 l=1 rev1=1 crypto rx=0 tx=0 comp rx=0 tx=0).handle_hello peer v2:172.21.15.96:3300/0 says I am v2:172.21.15.96:57810/0 (socket says 172.21.15.96:57810)
2024-04-25T14:03:58.358 INFO:teuthology.orchestra.run.smithi096.stdout:/usr/bin/ceph: stderr
2024-04-25T14:03:57.523+0000 7ff20cf6d700 1 -- 172.21.15.96:0/965359380 learned_addr learned my addr 172.21.15.96:0/965359380 (peer_addr_for_me v2:172.21.15.96:0/0)
2024-04-25T14:03:58.358 INFO:teuthology.orchestra.run.smithi096.stdout:/usr/bin/ceph: stderr
2024-04-25T14:03:57.523+0000 7ff20cf6d700 1 -- 172.21.15.96:0/965359380 --> [v2:172.21.15.96:3300/0,v1:172.21.15.96:6789/0] -- mon_subscribe({config=0+,monmap=0+}) -- 0x7ff20819e1d0 con 0x7ff20810a4a0
2024-04-25T14:03:58.358 INFO:teuthology.orchestra.run.smithi096.stdout:/usr/bin/ceph: stderr
2024-04-25T14:03:57.523+0000 7ff20cf6d700 1 --2- 172.21.15.96:0/965359380 >> [v2:172.21.15.96:3300/0,v1:172.21.15.96:6789/0] conn(0x7ff20810a4a0 0x7ff20819dc90 secure :-1 s=READY pgs=40 cs=0 l=1 rev1=1 crypto rx=0x7ff1f800b7b0 tx=0x7ff1f800bd50 comp rx=0 tx=0).ready entity=mon.0 client_cookie=0 server_cookie=0 in_seq=0 out_seq=0
2024-04-25T14:03:58.358 INFO:teuthology.orchestra.run.smithi096.stdout:/usr/bin/ceph: stderr
2024-04-25T14:03:57.524+0000 7ff205ffb700 1 -- 172.21.15.96:0/965359380 <== mon.0 v2:172.21.15.96:3300/0 1 ==== mon_map magic: 0 ==== 205+0+0 (secure 0 0 0) 0x7ff1f8020020 con 0x7ff20810a4a0
2024-04-25T14:03:58.358 INFO:teuthology.orchestra.run.smithi096.stdout:/usr/bin/ceph: stderr
2024-04-25T14:03:57.524+0000 7ff205ffb700 1 -- 172.21.15.96:0/965359380 <== mon.0 v2:172.21.15.96:3300/0 2 ==== config(26 keys) ==== 1070+0+0 (secure 0 0 0) 0x7ff1f8012430 con 0x7ff20810a4a0
2024-04-25T14:03:58.358 INFO:teuthology.orchestra.run.smithi096.stdout:/usr/bin/ceph: stderr
2024-04-25T14:03:57.524+0000 7ff205ffb700 1 -- 172.21.15.96:0/965359380 <== mon.0 v2:172.21.15.96:3300/0 3 ==== mon_map magic: 0 ==== 205+0+0 (secure 0 0 0) 0x7ff1f8017040 con 0x7ff20810a4a0
2024-04-25T14:03:58.358 INFO:teuthology.orchestra.run.smithi096.stdout:/usr/bin/ceph: stderr
2024-04-25T14:03:57.524+0000 7ff20f1d1700 1 -- 172.21.15.96:0/965359380 --> [v2:172.21.15.96:3300/0,v1:172.21.15.96:6789/0] -- mon_subscribe({mgrmap=0+}) -- 0x7ff20819e460 con 0x7ff20810a4a0
2024-04-25T14:03:58.358 INFO:teuthology.orchestra.run.smithi096.stdout:/usr/bin/ceph: stderr
2024-04-25T14:03:57.524+0000 7ff20f1d1700 1 -- 172.21.15.96:0/965359380 --> [v2:172.21.15.96:3300/0,v1:172.21.15.96:6789/0] -- mon_subscribe({osdmap=0}) -- 0x7ff2081a1070 con 0x7ff20810a4a0
2024-04-25T14:03:58.358 INFO:teuthology.orchestra.run.smithi096.stdout:/usr/bin/ceph: stderr
2024-04-25T14:03:57.525+0000 7ff205ffb700 1 -- 172.21.15.96:0/965359380 <== mon.0 v2:172.21.15.96:3300/0 4 ==== mgrmap(e 8) ==== 49516+0+0 (secure 0 0 0) 0x7ff1f8023020 con 0x7ff20810a4a0
2024-04-25T14:03:58.358 INFO:teuthology.orchestra.run.smithi096.stdout:/usr/bin/ceph: stderr
2024-04-25T14:03:57.525+0000 7ff20f1d1700 1 -- 172.21.15.96:0/965359380 --> [v2:172.21.15.96:3300/0,v1:172.21.15.96:6789/0] -- mon_command({"prefix": "get_command_descriptions"} v 0) -- 0x7ff208064cf0 con 0x7ff20810a4a0
2024-04-25T14:03:58.358 INFO:teuthology.orchestra.run.smithi096.stdout:/usr/bin/ceph: stderr
2024-04-25T14:03:57.525+0000 7ff205ffb700 1 --2- 172.21.15.96:0/965359380 >> [v2:172.21.15.96:6800/433591062,v1:172.21.15.96:6801/433591062] conn(0x7ff1f403d630 0x7ff1f403fb40 unknown :-1 s=NONE pgs=0 cs=0 l=1 rev1=0 crypto rx=0 tx=0 comp rx=0 tx=0).connect
2024-04-25T14:03:58.359 INFO:teuthology.orchestra.run.smithi096.stdout:/usr/bin/ceph: stderr
2024-04-25T14:03:57.525+0000 7ff205ffb700 1 -- 172.21.15.96:0/965359380 <== mon.0 v2:172.21.15.96:3300/0 5 ==== osd_map(2..2 src has 1..2) ==== 940+0+0 (secure 0 0 0) 0x7ff1f800f050 con 0x7ff20810a4a0
2024-04-25T14:03:58.359 INFO:teuthology.orchestra.run.smithi096.stdout:/usr/bin/ceph: stderr
2024-04-25T14:03:57.525+0000 7ff207fff700 1 --2- 172.21.15.96:0/965359380 >> [v2:172.21.15.96:6800/433591062,v1:172.21.15.96:6801/433591062] conn(0x7ff1f403d630 0x7ff1f403fb40 unknown :-1 s=BANNER_CONNECTING pgs=0 cs=0 l=1 rev1=0 crypto rx=0 tx=0 comp rx=0 tx=0)._handle_peer_banner_payload supported=3 required=0
2024-04-25T14:03:58.359 INFO:teuthology.orchestra.run.smithi096.stdout:/usr/bin/ceph: stderr
2024-04-25T14:03:57.526+0000 7ff207fff700 1 --2- 172.21.15.96:0/965359380 >> [v2:172.21.15.96:6800/433591062,v1:172.21.15.96:6801/433591062] conn(0x7ff1f403d630 0x7ff1f403fb40 secure :-1 s=READY pgs=8 cs=0 l=1 rev1=1 crypto rx=0x7ff1f0006fd0 tx=0x7ff1f0006e40 comp rx=0 tx=0).ready entity=mgr.14120 client_cookie=0 server_cookie=0 in_seq=0 out_seq=0
2024-04-25T14:03:58.359 INFO:teuthology.orchestra.run.smithi096.stdout:/usr/bin/ceph: stderr
2024-04-25T14:03:57.530+0000 7ff205ffb700 1 -- 172.21.15.96:0/965359380 <== mon.0 v2:172.21.15.96:3300/0 6 ==== mon_command_ack([{"prefix": "get_command_descriptions"}]=0 v0) ==== 72+0+188370 (secure 0 0 0) 0x7ff1f802a020 con 0x7ff20810a4a0
2024-04-25T14:03:58.359 INFO:teuthology.orchestra.run.smithi096.stdout:/usr/bin/ceph: stderr
2024-04-25T14:03:57.733+0000 7ff20f1d1700 1 -- 172.21.15.96:0/965359380 --> [v2:172.21.15.96:6800/433591062,v1:172.21.15.96:6801/433591062] -- mgr_command(tid 0: {"prefix": "cephadm set-user", "user": "root", "target": ["mon-mgr", ""]}) -- 0x7ff208104de0 con 0x7ff1f403d630
2024-04-25T14:03:58.359 INFO:teuthology.orchestra.run.smithi096.stdout:/usr/bin/ceph: stderr
2024-04-25T14:03:57.734+0000 7ff205ffb700 1 -- 172.21.15.96:0/965359380 <== mgr.14120 v2:172.21.15.96:6800/433591062 1 ==== mgr_command_reply(tid 0: 0 ) ==== 8+0+16 (secure 0 0 0) 0x7ff208104de0 con 0x7ff1f403d630
2024-04-25T14:03:58.359 INFO:teuthology.orchestra.run.smithi096.stdout:/usr/bin/ceph: stderr
2024-04-25T14:03:57.736+0000 7ff20f1d1700 1 -- 172.21.15.96:0/965359380 >> [v2:172.21.15.96:6800/433591062,v1:172.21.15.96:6801/433591062] conn(0x7ff1f403d630 msgr2=0x7ff1f403fb40 secure :-1 s=STATE_CONNECTION_ESTABLISHED l=1).mark_down
2024-04-25T14:03:58.359 INFO:teuthology.orchestra.run.smithi096.stdout:/usr/bin/ceph: stderr
2024-04-25T14:03:57.736+0000 7ff20f1d1700 1 --2- 172.21.15.96:0/965359380 >> [v2:172.21.15.96:6800/433591062,v1:172.21.15.96:6801/433591062] conn(0x7ff1f403d630 0x7ff1f403fb40 secure :-1 s=READY pgs=8 cs=0 l=1 rev1=1 crypto rx=0x7ff1f0006fd0 tx=0x7ff1f0006e40 comp rx=0 tx=0).stop
2024-04-25T14:03:58.359 INFO:teuthology.orchestra.run.smithi096.stdout:/usr/bin/ceph: stderr
2024-04-25T14:03:57.736+0000 7ff20f1d1700 1 -- 172.21.15.96:0/965359380 >> [v2:172.21.15.96:3300/0,v1:172.21.15.96:6789/0] conn(0x7ff20810a4a0 msgr2=0x7ff20819dc90 secure :-1 s=STATE_CONNECTION_ESTABLISHED l=1).mark_down
2024-04-25T14:03:58.359 INFO:teuthology.orchestra.run.smithi096.stdout:/usr/bin/ceph: stderr
2024-04-25T14:03:57.736+0000 7ff20f1d1700 1 --2- 172.21.15.96:0/965359380 >> [v2:172.21.15.96:3300/0,v1:172.21.15.96:6789/0] conn(0x7ff20810a4a0 0x7ff20819dc90 secure :-1 s=READY pgs=40 cs=0 l=1 rev1=1 crypto rx=0x7ff1f800b7b0 tx=0x7ff1f800bd50 comp rx=0 tx=0).stop
2024-04-25T14:03:58.359 INFO:teuthology.orchestra.run.smithi096.stdout:/usr/bin/ceph: stderr
2024-04-25T14:03:57.736+0000 7ff20f1d1700 1 -- 172.21.15.96:0/965359380 shutdown_connections
2024-04-25T14:03:58.359 INFO:teuthology.orchestra.run.smithi096.stdout:/usr/bin/ceph: stderr
2024-04-25T14:03:57.736+0000 7ff20f1d1700 1 --2- 172.21.15.96:0/965359380 >> [v2:172.21.15.96:6800/433591062,v1:172.21.15.96:6801/433591062] conn(0x7ff1f403d630 0x7ff1f403fb40 unknown :-1 s=CLOSED pgs=8 cs=0 l=1 rev1=1 crypto rx=0 tx=0 comp rx=0 tx=0).stop
2024-04-25T14:03:58.359 INFO:teuthology.orchestra.run.smithi096.stdout:/usr/bin/ceph: stderr
2024-04-25T14:03:57.736+0000 7ff20f1d1700 1 --2- 172.21.15.96:0/965359380 >> [v2:172.21.15.96:3300/0,v1:172.21.15.96:6789/0] conn(0x7ff20810a4a0 0x7ff20819dc90 unknown :-1 s=CLOSED pgs=40 cs=0 l=1 rev1=1 crypto rx=0 tx=0 comp rx=0 tx=0).stop
2024-04-25T14:03:58.360 INFO:teuthology.orchestra.run.smithi096.stdout:/usr/bin/ceph: stderr
2024-04-25T14:03:57.736+0000 7ff20f1d1700 1 -- 172.21.15.96:0/965359380 >> 172.21.15.96:0/965359380 conn(0x7ff208103f20 msgr2=0x7ff2081046d0 unknown :-1 s=STATE_NONE l=0).mark_down
2024-04-25T14:03:58.360 INFO:teuthology.orchestra.run.smithi096.stdout:/usr/bin/ceph: stderr
2024-04-25T14:03:57.736+0000 7ff20f1d1700 1 -- 172.21.15.96:0/965359380 shutdown_connections
2024-04-25T14:03:58.360 INFO:teuthology.orchestra.run.smithi096.stdout:/usr/bin/ceph: stderr
2024-04-25T14:03:57.736+0000 7ff20f1d1700 1 -- 172.21.15.96:0/965359380 wait complete.
2024-04-25T14:03:58.360 INFO:teuthology.orchestra.run.smithi096.stdout:Generating ssh key...
2024-04-25T14:03:58.560 INFO:journalctl@ceph.mon.a.smithi096.stdout:Apr 25 14:03:58 smithi096 ceph-mon[29207]: from='client.14132 -' entity='client.admin' cmd=[{"prefix": "orch set backend", "module_name": "cephadm", "target": ["mon-mgr", ""]}]: dispatch
2024-04-25T14:03:59.545 INFO:journalctl@ceph.mon.a.smithi096.stdout:Apr 25 14:03:59 smithi096 ceph-mon[29207]: from='client.14134 -' entity='client.admin' cmd=[{"prefix": "cephadm set-user", "user": "root", "target": ["mon-mgr", ""]}]: dispatch
2024-04-25T14:03:59.545 INFO:journalctl@ceph.mon.a.smithi096.stdout:Apr 25 14:03:59 smithi096 ceph-mon[29207]: from='mgr.14120 172.21.15.96:0/4269437437' entity='mgr.x'
2024-04-25T14:03:59.545 INFO:journalctl@ceph.mon.a.smithi096.stdout:Apr 25 14:03:59 smithi096 ceph-mon[29207]: from='mgr.14120 172.21.15.96:0/4269437437' entity='mgr.x'
2024-04-25T14:03:59.545 INFO:journalctl@ceph.mgr.x.smithi096.stdout:Apr 25 14:03:59 smithi096 ceph-59334182-030c-11ef-bc93-c7b262605968-mgr-x[29442]: Generating public/private rsa key pair.
2024-04-25T14:03:59.545 INFO:journalctl@ceph.mgr.x.smithi096.stdout:Apr 25 14:03:59 smithi096 ceph-59334182-030c-11ef-bc93-c7b262605968-mgr-x[29442]: Your identification has been saved in /tmp/tmpy0e7o8uo/key.
2024-04-25T14:03:59.545 INFO:journalctl@ceph.mgr.x.smithi096.stdout:Apr 25 14:03:59 smithi096 ceph-59334182-030c-11ef-bc93-c7b262605968-mgr-x[29442]: Your public key has been saved in /tmp/tmpy0e7o8uo/key.pub.
2024-04-25T14:03:59.545 INFO:journalctl@ceph.mgr.x.smithi096.stdout:Apr 25 14:03:59 smithi096 ceph-59334182-030c-11ef-bc93-c7b262605968-mgr-x[29442]: The key fingerprint is:
2024-04-25T14:03:59.545 INFO:journalctl@ceph.mgr.x.smithi096.stdout:Apr 25 14:03:59 smithi096 ceph-59334182-030c-11ef-bc93-c7b262605968-mgr-x[29442]: SHA256:4AwyttTRftv61XvH1piOVkhr38B38o5yO6BKqONCMRY ceph-59334182-030c-11ef-bc93-c7b262605968
2024-04-25T14:03:59.545 INFO:journalctl@ceph.mgr.x.smithi096.stdout:Apr 25 14:03:59 smithi096 ceph-59334182-030c-11ef-bc93-c7b262605968-mgr-x[29442]: The key's randomart image is:
2024-04-25T14:03:59.546 INFO:journalctl@ceph.mgr.x.smithi096.stdout:Apr 25 14:03:59 smithi096 ceph-59334182-030c-11ef-bc93-c7b262605968-mgr-x[29442]: +---[RSA 3072]----+
2024-04-25T14:03:59.546 INFO:journalctl@ceph.mgr.x.smithi096.stdout:Apr 25 14:03:59 smithi096 ceph-59334182-030c-11ef-bc93-c7b262605968-mgr-x[29442]: | .. |
2024-04-25T14:03:59.546 INFO:journalctl@ceph.mgr.x.smithi096.stdout:Apr 25 14:03:59 smithi096 ceph-59334182-030c-11ef-bc93-c7b262605968-mgr-x[29442]: | E. .. |
2024-04-25T14:03:59.546 INFO:journalctl@ceph.mgr.x.smithi096.stdout:Apr 25 14:03:59 smithi096 ceph-59334182-030c-11ef-bc93-c7b262605968-mgr-x[29442]: | =.o.. |
2024-04-25T14:03:59.546 INFO:journalctl@ceph.mgr.x.smithi096.stdout:Apr 25 14:03:59 smithi096 ceph-59334182-030c-11ef-bc93-c7b262605968-mgr-x[29442]: | o++ +... . |
2024-04-25T14:03:59.546 INFO:journalctl@ceph.mgr.x.smithi096.stdout:Apr 25 14:03:59 smithi096 ceph-59334182-030c-11ef-bc93-c7b262605968-mgr-x[29442]: | ..o o.So . + |
2024-04-25T14:03:59.546 INFO:journalctl@ceph.mgr.x.smithi096.stdout:Apr 25 14:03:59 smithi096 ceph-59334182-030c-11ef-bc93-c7b262605968-mgr-x[29442]: | . .. . =.= o|
2024-04-25T14:03:59.546 INFO:journalctl@ceph.mgr.x.smithi096.stdout:Apr 25 14:03:59 smithi096 ceph-59334182-030c-11ef-bc93-c7b262605968-mgr-x[29442]: | . . .. o.+.Xo|
2024-04-25T14:03:59.546 INFO:journalctl@ceph.mgr.x.smithi096.stdout:Apr 25 14:03:59 smithi096 ceph-59334182-030c-11ef-bc93-c7b262605968-mgr-x[29442]: | . .. .. ..o.*oO|
2024-04-25T14:03:59.546 INFO:journalctl@ceph.mgr.x.smithi096.stdout:Apr 25 14:03:59 smithi096 ceph-59334182-030c-11ef-bc93-c7b262605968-mgr-x[29442]: | oo. .o...+=*o|
2024-04-25T14:03:59.546 INFO:journalctl@ceph.mgr.x.smithi096.stdout:Apr 25 14:03:59 smithi096 ceph-59334182-030c-11ef-bc93-c7b262605968-mgr-x[29442]: +----[SHA256]-----+
2024-04-25T14:03:59.847 INFO:teuthology.orchestra.run.smithi096.stdout:/usr/bin/ceph: stderr
2024-04-25T14:03:58.771+0000 7fea4ca9a700 1 Processor -- start
2024-04-25T14:03:59.848 INFO:teuthology.orchestra.run.smithi096.stdout:/usr/bin/ceph: stderr
2024-04-25T14:03:58.771+0000 7fea4ca9a700 1 -- start start
2024-04-25T14:03:59.848 INFO:teuthology.orchestra.run.smithi096.stdout:/usr/bin/ceph: stderr
