2024-04-25T15:36:23.430+0000 7faed77fe700 1 --2- 172.21.15.19:0/1431829657 >> [v2:172.21.15.19:6800/2947666366,v1:172.21.15.19:6801/2947666366] conn(0x7faec003d690 0x7faec003fba0 unknown :-1 s=START_CONNECT pgs=0 cs=0 l=1 rev1=0 crypto rx=0 tx=0 comp rx=0 tx=0)._fault waiting 0.800000
2024-04-25T15:36:29.168 INFO:teuthology.orchestra.run.smithi019.stdout:/usr/bin/ceph: stderr
2024-04-25T15:36:24.231+0000 7faed77fe700 1 -- 172.21.15.19:0/1431829657 >> [v2:172.21.15.19:6800/2947666366,v1:172.21.15.19:6801/2947666366] conn(0x7faec003d690 msgr2=0x7faec003fba0 unknown :-1 s=STATE_CONNECTING_RE l=1).process reconnect failed to v2:172.21.15.19:6800/2947666366
2024-04-25T15:36:29.168 INFO:teuthology.orchestra.run.smithi019.stdout:/usr/bin/ceph: stderr
2024-04-25T15:36:24.231+0000 7faed77fe700 1 --2- 172.21.15.19:0/1431829657 >> [v2:172.21.15.19:6800/2947666366,v1:172.21.15.19:6801/2947666366] conn(0x7faec003d690 0x7faec003fba0 unknown :-1 s=START_CONNECT pgs=0 cs=0 l=1 rev1=0 crypto rx=0 tx=0 comp rx=0 tx=0)._fault waiting 1.600000
2024-04-25T15:36:29.168 INFO:teuthology.orchestra.run.smithi019.stdout:/usr/bin/ceph: stderr
2024-04-25T15:36:25.832+0000 7faed77fe700 1 -- 172.21.15.19:0/1431829657 >> [v2:172.21.15.19:6800/2947666366,v1:172.21.15.19:6801/2947666366] conn(0x7faec003d690 msgr2=0x7faec003fba0 unknown :-1 s=STATE_CONNECTING_RE l=1).process reconnect failed to v2:172.21.15.19:6800/2947666366
2024-04-25T15:36:29.168 INFO:teuthology.orchestra.run.smithi019.stdout:/usr/bin/ceph: stderr
2024-04-25T15:36:25.832+0000 7faed77fe700 1 --2- 172.21.15.19:0/1431829657 >> [v2:172.21.15.19:6800/2947666366,v1:172.21.15.19:6801/2947666366] conn(0x7faec003d690 0x7faec003fba0 unknown :-1 s=START_CONNECT pgs=0 cs=0 l=1 rev1=0 crypto rx=0 tx=0 comp rx=0 tx=0)._fault waiting 3.200000
2024-04-25T15:36:29.168 INFO:teuthology.orchestra.run.smithi019.stdout:/usr/bin/ceph: stderr
2024-04-25T15:36:27.540+0000 7faed57fa700 1 -- 172.21.15.19:0/1431829657 <== mon.0 v2:172.21.15.19:3300/0 6 ==== mgrmap(e 10) ==== 49296+0+0 (secure 0 0 0) 0x7faec802c780 con 0x7faed810a690
2024-04-25T15:36:29.168 INFO:teuthology.orchestra.run.smithi019.stdout:/usr/bin/ceph: stderr
2024-04-25T15:36:27.540+0000 7faed57fa700 1 -- 172.21.15.19:0/1431829657 >> [v2:172.21.15.19:6800/2947666366,v1:172.21.15.19:6801/2947666366] conn(0x7faec003d690 msgr2=0x7faec003fba0 unknown :-1 s=STATE_CONNECTING l=1).mark_down
2024-04-25T15:36:29.168 INFO:teuthology.orchestra.run.smithi019.stdout:/usr/bin/ceph: stderr
2024-04-25T15:36:27.540+0000 7faed57fa700 1 --2- 172.21.15.19:0/1431829657 >> [v2:172.21.15.19:6800/2947666366,v1:172.21.15.19:6801/2947666366] conn(0x7faec003d690 0x7faec003fba0 unknown :-1 s=START_CONNECT pgs=0 cs=0 l=1 rev1=0 crypto rx=0 tx=0 comp rx=0 tx=0).stop
2024-04-25T15:36:29.168 INFO:teuthology.orchestra.run.smithi019.stdout:/usr/bin/ceph: stderr
2024-04-25T15:36:28.541+0000 7faed57fa700 1 -- 172.21.15.19:0/1431829657 <== mon.0 v2:172.21.15.19:3300/0 7 ==== mgrmap(e 11) ==== 49423+0+0 (secure 0 0 0) 0x7faec80548c0 con 0x7faed810a690
2024-04-25T15:36:29.168 INFO:teuthology.orchestra.run.smithi019.stdout:/usr/bin/ceph: stderr
2024-04-25T15:36:28.541+0000 7faed57fa700 1 --2- 172.21.15.19:0/1431829657 >> [v2:172.21.15.19:6800/1223224459,v1:172.21.15.19:6801/1223224459] conn(0x7faec8052930 0x7faec0042fe0 unknown :-1 s=NONE pgs=0 cs=0 l=1 rev1=0 crypto rx=0 tx=0 comp rx=0 tx=0).connect
2024-04-25T15:36:29.169 INFO:teuthology.orchestra.run.smithi019.stdout:/usr/bin/ceph: stderr
2024-04-25T15:36:28.542+0000 7faed57fa700 1 -- 172.21.15.19:0/1431829657 --> [v2:172.21.15.19:6800/1223224459,v1:172.21.15.19:6801/1223224459] -- command(tid 0: {"prefix": "get_command_descriptions"}) -- 0x7faec00402b0 con 0x7faec8052930
2024-04-25T15:36:29.169 INFO:teuthology.orchestra.run.smithi019.stdout:/usr/bin/ceph: stderr
2024-04-25T15:36:28.542+0000 7faed77fe700 1 --2- 172.21.15.19:0/1431829657 >> [v2:172.21.15.19:6800/1223224459,v1:172.21.15.19:6801/1223224459] conn(0x7faec8052930 0x7faec0042fe0 unknown :-1 s=BANNER_CONNECTING pgs=0 cs=0 l=1 rev1=0 crypto rx=0 tx=0 comp rx=0 tx=0)._handle_peer_banner_payload supported=3 required=0
2024-04-25T15:36:29.169 INFO:teuthology.orchestra.run.smithi019.stdout:/usr/bin/ceph: stderr
2024-04-25T15:36:28.543+0000 7faed77fe700 1 --2- 172.21.15.19:0/1431829657 >> [v2:172.21.15.19:6800/1223224459,v1:172.21.15.19:6801/1223224459] conn(0x7faec8052930 0x7faec0042fe0 secure :-1 s=READY pgs=3 cs=0 l=1 rev1=1 crypto rx=0x7faecc003a10 tx=0x7faecc009270 comp rx=0 tx=0).ready entity=mgr.14150 client_cookie=0 server_cookie=0 in_seq=0 out_seq=0
2024-04-25T15:36:29.169 INFO:teuthology.orchestra.run.smithi019.stdout:/usr/bin/ceph: stderr
2024-04-25T15:36:28.543+0000 7faed57fa700 1 -- 172.21.15.19:0/1431829657 <== mgr.14150 v2:172.21.15.19:6800/1223224459 1 ==== command_reply(tid 0: 0 ) ==== 8+0+9564 (secure 0 0 0) 0x7faec00402b0 con 0x7faec8052930
2024-04-25T15:36:29.169 INFO:teuthology.orchestra.run.smithi019.stdout:/usr/bin/ceph: stderr
2024-04-25T15:36:28.551+0000 7faede2c6700 1 -- 172.21.15.19:0/1431829657 --> [v2:172.21.15.19:6800/1223224459,v1:172.21.15.19:6801/1223224459] -- command(tid 1: {"prefix": "mgr_status"}) -- 0x7faed8064cf0 con 0x7faec8052930
2024-04-25T15:36:29.169 INFO:teuthology.orchestra.run.smithi019.stdout:/usr/bin/ceph: stderr
2024-04-25T15:36:28.552+0000 7faed57fa700 1 -- 172.21.15.19:0/1431829657 <== mgr.14150 v2:172.21.15.19:6800/1223224459 2 ==== command_reply(tid 1: 0 ) ==== 8+0+52 (secure 0 0 0) 0x7faed8064cf0 con 0x7faec8052930
2024-04-25T15:36:29.169 INFO:teuthology.orchestra.run.smithi019.stdout:/usr/bin/ceph: stderr
2024-04-25T15:36:28.552+0000 7faede2c6700 1 -- 172.21.15.19:0/1431829657 >> [v2:172.21.15.19:6800/1223224459,v1:172.21.15.19:6801/1223224459] conn(0x7faec8052930 msgr2=0x7faec0042fe0 secure :-1 s=STATE_CONNECTION_ESTABLISHED l=1).mark_down
2024-04-25T15:36:29.169 INFO:teuthology.orchestra.run.smithi019.stdout:/usr/bin/ceph: stderr
2024-04-25T15:36:28.552+0000 7faede2c6700 1 --2- 172.21.15.19:0/1431829657 >> [v2:172.21.15.19:6800/1223224459,v1:172.21.15.19:6801/1223224459] conn(0x7faec8052930 0x7faec0042fe0 secure :-1 s=READY pgs=3 cs=0 l=1 rev1=1 crypto rx=0x7faecc003a10 tx=0x7faecc009270 comp rx=0 tx=0).stop
2024-04-25T15:36:29.169 INFO:teuthology.orchestra.run.smithi019.stdout:/usr/bin/ceph: stderr
2024-04-25T15:36:28.552+0000 7faede2c6700 1 -- 172.21.15.19:0/1431829657 >> [v2:172.21.15.19:3300/0,v1:172.21.15.19:6789/0] conn(0x7faed810a690 msgr2=0x7faed8109e10 secure :-1 s=STATE_CONNECTION_ESTABLISHED l=1).mark_down
2024-04-25T15:36:29.169 INFO:teuthology.orchestra.run.smithi019.stdout:/usr/bin/ceph: stderr
2024-04-25T15:36:28.552+0000 7faede2c6700 1 --2- 172.21.15.19:0/1431829657 >> [v2:172.21.15.19:3300/0,v1:172.21.15.19:6789/0] conn(0x7faed810a690 0x7faed8109e10 secure :-1 s=READY pgs=60 cs=0 l=1 rev1=1 crypto rx=0x7faec8004660 tx=0x7faec8011aa0 comp rx=0 tx=0).stop
2024-04-25T15:36:29.169 INFO:teuthology.orchestra.run.smithi019.stdout:/usr/bin/ceph: stderr
2024-04-25T15:36:28.552+0000 7faede2c6700 1 -- 172.21.15.19:0/1431829657 shutdown_connections
2024-04-25T15:36:29.169 INFO:teuthology.orchestra.run.smithi019.stdout:/usr/bin/ceph: stderr
2024-04-25T15:36:28.552+0000 7faede2c6700 1 --2- 172.21.15.19:0/1431829657 >> [v2:172.21.15.19:3300/0,v1:172.21.15.19:6789/0] conn(0x7faed810a690 0x7faed8109e10 unknown :-1 s=CLOSED pgs=60 cs=0 l=1 rev1=1 crypto rx=0 tx=0 comp rx=0 tx=0).stop
2024-04-25T15:36:29.169 INFO:teuthology.orchestra.run.smithi019.stdout:/usr/bin/ceph: stderr
2024-04-25T15:36:28.552+0000 7faede2c6700 1 --2- 172.21.15.19:0/1431829657 >> [v2:172.21.15.19:6800/1223224459,v1:172.21.15.19:6801/1223224459] conn(0x7faec8052930 0x7faec0042fe0 unknown :-1 s=CLOSED pgs=3 cs=0 l=1 rev1=1 crypto rx=0 tx=0 comp rx=0 tx=0).stop
2024-04-25T15:36:29.169 INFO:teuthology.orchestra.run.smithi019.stdout:/usr/bin/ceph: stderr
2024-04-25T15:36:28.552+0000 7faede2c6700 1 --2- 172.21.15.19:0/1431829657 >> [v2:172.21.15.19:6800/2947666366,v1:172.21.15.19:6801/2947666366] conn(0x7faec003d690 0x7faec003fba0 unknown :-1 s=CLOSED pgs=0 cs=0 l=1 rev1=0 crypto rx=0 tx=0 comp rx=0 tx=0).stop
2024-04-25T15:36:29.170 INFO:teuthology.orchestra.run.smithi019.stdout:/usr/bin/ceph: stderr
2024-04-25T15:36:28.552+0000 7faede2c6700 1 -- 172.21.15.19:0/1431829657 >> 172.21.15.19:0/1431829657 conn(0x7faed8104150 msgr2=0x7faed8105a10 unknown :-1 s=STATE_NONE l=0).mark_down
2024-04-25T15:36:29.170 INFO:teuthology.orchestra.run.smithi019.stdout:/usr/bin/ceph: stderr
2024-04-25T15:36:28.552+0000 7faede2c6700 1 -- 172.21.15.19:0/1431829657 shutdown_connections
2024-04-25T15:36:29.170 INFO:teuthology.orchestra.run.smithi019.stdout:/usr/bin/ceph: stderr
2024-04-25T15:36:28.552+0000 7faede2c6700 1 -- 172.21.15.19:0/1431829657 wait complete.
2024-04-25T15:36:29.170 INFO:teuthology.orchestra.run.smithi019.stdout:mgr epoch 9 is available
2024-04-25T15:36:29.170 INFO:teuthology.orchestra.run.smithi019.stdout:Generating a dashboard self-signed certificate...
2024-04-25T15:36:29.801 INFO:journalctl@ceph.mon.a.smithi019.stdout:Apr 25 15:36:29 smithi019 ceph-mon[29406]: from='client.14154 -' entity='client.admin' cmd=[{"prefix": "get_command_descriptions"}]: dispatch
2024-04-25T15:36:29.801 INFO:journalctl@ceph.mon.a.smithi019.stdout:Apr 25 15:36:29 smithi019 ceph-mon[29406]: from='client.14154 -' entity='client.admin' cmd=[{"prefix": "mgr_status"}]: dispatch
2024-04-25T15:36:30.621 INFO:journalctl@ceph.mon.a.smithi019.stdout:Apr 25 15:36:30 smithi019 ceph-mon[29406]: mgrmap e12: x(active, since 2s)
2024-04-25T15:36:30.621 INFO:journalctl@ceph.mon.a.smithi019.stdout:Apr 25 15:36:30 smithi019 ceph-mon[29406]: from='client.14162 -' entity='client.admin' cmd=[{"prefix": "dashboard create-self-signed-cert", "target": ["mon-mgr", ""]}]: dispatch
2024-04-25T15:36:30.621 INFO:journalctl@ceph.mon.a.smithi019.stdout:Apr 25 15:36:30 smithi019 ceph-mon[29406]: from='mgr.14150 172.21.15.19:0/2810085213' entity='mgr.x'
2024-04-25T15:36:30.621 INFO:journalctl@ceph.mon.a.smithi019.stdout:Apr 25 15:36:30 smithi019 ceph-mon[29406]: from='mgr.14150 172.21.15.19:0/2810085213' entity='mgr.x'
2024-04-25T15:36:30.622 INFO:journalctl@ceph.mon.a.smithi019.stdout:Apr 25 15:36:30 smithi019 ceph-mon[29406]: from='mgr.14150 172.21.15.19:0/2810085213' entity='mgr.x'
2024-04-25T15:36:30.630 INFO:teuthology.orchestra.run.smithi019.stdout:/usr/bin/ceph: stdout Self-signed certificate created
2024-04-25T15:36:30.630 INFO:teuthology.orchestra.run.smithi019.stdout:/usr/bin/ceph: stderr
2024-04-25T15:36:29.575+0000 7fa808760700 1 Processor -- start
2024-04-25T15:36:30.631 INFO:teuthology.orchestra.run.smithi019.stdout:/usr/bin/ceph: stderr
2024-04-25T15:36:29.575+0000 7fa808760700 1 -- start start
2024-04-25T15:36:30.631 INFO:teuthology.orchestra.run.smithi019.stdout:/usr/bin/ceph: stderr
2024-04-25T15:36:29.576+0000 7fa808760700 1 --2- >> [v2:172.21.15.19:3300/0,v1:172.21.15.19:6789/0] conn(0x7fa800108a60 0x7fa800108e70 unknown :-1 s=NONE pgs=0 cs=0 l=0 rev1=0 crypto rx=0 tx=0 comp rx=0 tx=0).connect
2024-04-25T15:36:30.631 INFO:teuthology.orchestra.run.smithi019.stdout:/usr/bin/ceph: stderr
2024-04-25T15:36:29.576+0000 7fa808760700 1 -- --> [v2:172.21.15.19:3300/0,v1:172.21.15.19:6789/0] -- mon_getmap magic: 0 -- 0x7fa800109460 con 0x7fa800108a60
2024-04-25T15:36:30.631 INFO:teuthology.orchestra.run.smithi019.stdout:/usr/bin/ceph: stderr
2024-04-25T15:36:29.576+0000 7fa8064fc700 1 --2- >> [v2:172.21.15.19:3300/0,v1:172.21.15.19:6789/0] conn(0x7fa800108a60 0x7fa800108e70 unknown :-1 s=BANNER_CONNECTING pgs=0 cs=0 l=0 rev1=0 crypto rx=0 tx=0 comp rx=0 tx=0)._handle_peer_banner_payload supported=3 required=0
2024-04-25T15:36:30.631 INFO:teuthology.orchestra.run.smithi019.stdout:/usr/bin/ceph: stderr
2024-04-25T15:36:29.576+0000 7fa8064fc700 1 --2- >> [v2:172.21.15.19:3300/0,v1:172.21.15.19:6789/0] conn(0x7fa800108a60 0x7fa800108e70 unknown :-1 s=HELLO_CONNECTING pgs=0 cs=0 l=0 rev1=1 crypto rx=0 tx=0 comp rx=0 tx=0).handle_hello peer v2:172.21.15.19:3300/0 says I am v2:172.21.15.19:50556/0 (socket says 172.21.15.19:50556)
2024-04-25T15:36:30.631 INFO:teuthology.orchestra.run.smithi019.stdout:/usr/bin/ceph: stderr
2024-04-25T15:36:29.576+0000 7fa8064fc700 1 -- 172.21.15.19:0/4161578612 learned_addr learned my addr 172.21.15.19:0/4161578612 (peer_addr_for_me v2:172.21.15.19:0/0)
2024-04-25T15:36:30.631 INFO:teuthology.orchestra.run.smithi019.stdout:/usr/bin/ceph: stderr
2024-04-25T15:36:29.576+0000 7fa8064fc700 1 -- 172.21.15.19:0/4161578612 --> [v2:172.21.15.19:3300/0,v1:172.21.15.19:6789/0] -- mon_subscribe({config=0+,monmap=0+}) -- 0x7fa800109c30 con 0x7fa800108a60
2024-04-25T15:36:30.631 INFO:teuthology.orchestra.run.smithi019.stdout:/usr/bin/ceph: stderr
2024-04-25T15:36:29.576+0000 7fa8064fc700 1 --2- 172.21.15.19:0/4161578612 >> [v2:172.21.15.19:3300/0,v1:172.21.15.19:6789/0] conn(0x7fa800108a60 0x7fa800108e70 secure :-1 s=READY pgs=68 cs=0 l=1 rev1=1 crypto rx=0x7fa7f40098a0 tx=0x7fa7f4009bb0 comp rx=0 tx=0).ready entity=mon.0 client_cookie=b4ddbd0d3fd9551e server_cookie=0 in_seq=0 out_seq=0
2024-04-25T15:36:30.631 INFO:teuthology.orchestra.run.smithi019.stdout:/usr/bin/ceph: stderr
2024-04-25T15:36:29.577+0000 7fa8054fa700 1 -- 172.21.15.19:0/4161578612 <== mon.0 v2:172.21.15.19:3300/0 1 ==== mon_map magic: 0 ==== 205+0+0 (secure 0 0 0) 0x7fa7f4004160 con 0x7fa800108a60
2024-04-25T15:36:30.631 INFO:teuthology.orchestra.run.smithi019.stdout:/usr/bin/ceph: stderr
2024-04-25T15:36:29.577+0000 7fa8054fa700 1 -- 172.21.15.19:0/4161578612 <== mon.0 v2:172.21.15.19:3300/0 2 ==== config(26 keys) ==== 1101+0+0 (secure 0 0 0) 0x7fa7f4004300 con 0x7fa800108a60
2024-04-25T15:36:30.631 INFO:teuthology.orchestra.run.smithi019.stdout:/usr/bin/ceph: stderr
2024-04-25T15:36:29.577+0000 7fa8054fa700 1 -- 172.21.15.19:0/4161578612 <== mon.0 v2:172.21.15.19:3300/0 3 ==== mon_map magic: 0 ==== 205+0+0 (secure 0 0 0) 0x7fa7f4011a20 con 0x7fa800108a60
2024-04-25T15:36:30.631 INFO:teuthology.orchestra.run.smithi019.stdout:/usr/bin/ceph: stderr
2024-04-25T15:36:29.577+0000 7fa808760700 1 -- 172.21.15.19:0/4161578612 >> [v2:172.21.15.19:3300/0,v1:172.21.15.19:6789/0] conn(0x7fa800108a60 msgr2=0x7fa800108e70 secure :-1 s=STATE_CONNECTION_ESTABLISHED l=1).mark_down
2024-04-25T15:36:30.632 INFO:teuthology.orchestra.run.smithi019.stdout:/usr/bin/ceph: stderr
2024-04-25T15:36:29.577+0000 7fa808760700 1 --2- 172.21.15.19:0/4161578612 >> [v2:172.21.15.19:3300/0,v1:172.21.15.19:6789/0] conn(0x7fa800108a60 0x7fa800108e70 secure :-1 s=READY pgs=68 cs=0 l=1 rev1=1 crypto rx=0x7fa7f40098a0 tx=0x7fa7f4009bb0 comp rx=0 tx=0).stop
2024-04-25T15:36:30.632 INFO:teuthology.orchestra.run.smithi019.stdout:/usr/bin/ceph: stderr
2024-04-25T15:36:29.578+0000 7fa808760700 1 -- 172.21.15.19:0/4161578612 shutdown_connections
2024-04-25T15:36:30.632 INFO:teuthology.orchestra.run.smithi019.stdout:/usr/bin/ceph: stderr
2024-04-25T15:36:29.578+0000 7fa808760700 1 --2- 172.21.15.19:0/4161578612 >> [v2:172.21.15.19:3300/0,v1:172.21.15.19:6789/0] conn(0x7fa800108a60 0x7fa800108e70 unknown :-1 s=CLOSED pgs=68 cs=0 l=1 rev1=1 crypto rx=0 tx=0 comp rx=0 tx=0).stop
2024-04-25T15:36:30.632 INFO:teuthology.orchestra.run.smithi019.stdout:/usr/bin/ceph: stderr
2024-04-25T15:36:29.578+0000 7fa808760700 1 -- 172.21.15.19:0/4161578612 >> 172.21.15.19:0/4161578612 conn(0x7fa800104120 msgr2=0x7fa800106570 unknown :-1 s=STATE_NONE l=0).mark_down
2024-04-25T15:36:30.632 INFO:teuthology.orchestra.run.smithi019.stdout:/usr/bin/ceph: stderr
2024-04-25T15:36:29.578+0000 7fa808760700 1 -- 172.21.15.19:0/4161578612 shutdown_connections
2024-04-25T15:36:30.632 INFO:teuthology.orchestra.run.smithi019.stdout:/usr/bin/ceph: stderr
2024-04-25T15:36:29.578+0000 7fa808760700 1 -- 172.21.15.19:0/4161578612 wait complete.
2024-04-25T15:36:30.632 INFO:teuthology.orchestra.run.smithi019.stdout:/usr/bin/ceph: stderr
2024-04-25T15:36:29.578+0000 7fa808760700 1 Processor -- start
2024-04-25T15:36:30.632 INFO:teuthology.orchestra.run.smithi019.stdout:/usr/bin/ceph: stderr
2024-04-25T15:36:29.578+0000 7fa808760700 1 -- start start
2024-04-25T15:36:30.632 INFO:teuthology.orchestra.run.smithi019.stdout:/usr/bin/ceph: stderr
2024-04-25T15:36:29.578+0000 7fa808760700 1 --2- >> [v2:172.21.15.19:3300/0,v1:172.21.15.19:6789/0] conn(0x7fa800108a60 0x7fa80019ce10 unknown :-1 s=NONE pgs=0 cs=0 l=1 rev1=0 crypto rx=0 tx=0 comp rx=0 tx=0).connect
2024-04-25T15:36:30.632 INFO:teuthology.orchestra.run.smithi019.stdout:/usr/bin/ceph: stderr
2024-04-25T15:36:29.578+0000 7fa808760700 1 -- --> [v2:172.21.15.19:3300/0,v1:172.21.15.19:6789/0] -- mon_getmap magic: 0 -- 0x7fa80010cfe0 con 0x7fa800108a60
2024-04-25T15:36:30.632 INFO:teuthology.orchestra.run.smithi019.stdout:/usr/bin/ceph: stderr
2024-04-25T15:36:29.579+0000 7fa8064fc700 1 --2- >> [v2:172.21.15.19:3300/0,v1:172.21.15.19:6789/0] conn(0x7fa800108a60 0x7fa80019ce10 unknown :-1 s=BANNER_CONNECTING pgs=0 cs=0 l=1 rev1=0 crypto rx=0 tx=0 comp rx=0 tx=0)._handle_peer_banner_payload supported=3 required=0
2024-04-25T15:36:30.632 INFO:teuthology.orchestra.run.smithi019.stdout:/usr/bin/ceph: stderr
2024-04-25T15:36:29.579+0000 7fa8064fc700 1 --2- >> [v2:172.21.15.19:3300/0,v1:172.21.15.19:6789/0] conn(0x7fa800108a60 0x7fa80019ce10 unknown :-1 s=HELLO_CONNECTING pgs=0 cs=0 l=1 rev1=1 crypto rx=0 tx=0 comp rx=0 tx=0).handle_hello peer v2:172.21.15.19:3300/0 says I am v2:172.21.15.19:50558/0 (socket says 172.21.15.19:50558)
2024-04-25T15:36:30.632 INFO:teuthology.orchestra.run.smithi019.stdout:/usr/bin/ceph: stderr
2024-04-25T15:36:29.579+0000 7fa8064fc700 1 -- 172.21.15.19:0/1869457569 learned_addr learned my addr 172.21.15.19:0/1869457569 (peer_addr_for_me v2:172.21.15.19:0/0)
2024-04-25T15:36:30.633 INFO:teuthology.orchestra.run.smithi019.stdout:/usr/bin/ceph: stderr
2024-04-25T15:36:29.579+0000 7fa8064fc700 1 -- 172.21.15.19:0/1869457569 --> [v2:172.21.15.19:3300/0,v1:172.21.15.19:6789/0] -- mon_subscribe({config=0+,monmap=0+}) -- 0x7fa80019d350 con 0x7fa800108a60
2024-04-25T15:36:30.633 INFO:teuthology.orchestra.run.smithi019.stdout:/usr/bin/ceph: stderr
2024-04-25T15:36:29.579+0000 7fa8064fc700 1 --2- 172.21.15.19:0/1869457569 >> [v2:172.21.15.19:3300/0,v1:172.21.15.19:6789/0] conn(0x7fa800108a60 0x7fa80019ce10 secure :-1 s=READY pgs=69 cs=0 l=1 rev1=1 crypto rx=0x7fa7f4011a20 tx=0x7fa7f4011b00 comp rx=0 tx=0).ready entity=mon.0 client_cookie=0 server_cookie=0 in_seq=0 out_seq=0
2024-04-25T15:36:30.633 INFO:teuthology.orchestra.run.smithi019.stdout:/usr/bin/ceph: stderr
2024-04-25T15:36:29.579+0000 7fa7f37fe700 1 -- 172.21.15.19:0/1869457569 <== mon.0 v2:172.21.15.19:3300/0 1 ==== mon_map magic: 0 ==== 205+0+0 (secure 0 0 0) 0x7fa7f40039c0 con 0x7fa800108a60
2024-04-25T15:36:30.633 INFO:teuthology.orchestra.run.smithi019.stdout:/usr/bin/ceph: stderr
2024-04-25T15:36:29.579+0000 7fa7f37fe700 1 -- 172.21.15.19:0/1869457569 <== mon.0 v2:172.21.15.19:3300/0 2 ==== config(26 keys) ==== 1101+0+0 (secure 0 0 0) 0x7fa7f4003b60 con 0x7fa800108a60
2024-04-25T15:36:30.633 INFO:teuthology.orchestra.run.smithi019.stdout:/usr/bin/ceph: stderr
2024-04-25T15:36:29.579+0000 7fa808760700 1 -- 172.21.15.19:0/1869457569 --> [v2:172.21.15.19:3300/0,v1:172.21.15.19:6789/0] -- mon_subscribe({mgrmap=0+}) -- 0x7fa80019d5e0 con 0x7fa800108a60
2024-04-25T15:36:30.633 INFO:teuthology.orchestra.run.smithi019.stdout:/usr/bin/ceph: stderr
2024-04-25T15:36:29.579+0000 7fa7f37fe700 1 -- 172.21.15.19:0/1869457569 <== mon.0 v2:172.21.15.19:3300/0 3 ==== mon_map magic: 0 ==== 205+0+0 (secure 0 0 0) 0x7fa7f4019700 con 0x7fa800108a60
2024-04-25T15:36:30.633 INFO:teuthology.orchestra.run.smithi019.stdout:/usr/bin/ceph: stderr
2024-04-25T15:36:29.579+0000 7fa808760700 1 -- 172.21.15.19:0/1869457569 --> [v2:172.21.15.19:3300/0,v1:172.21.15.19:6789/0] -- mon_subscribe({osdmap=0}) -- 0x7fa8001a01f0 con 0x7fa800108a60
2024-04-25T15:36:30.633 INFO:teuthology.orchestra.run.smithi019.stdout:/usr/bin/ceph: stderr
2024-04-25T15:36:29.580+0000 7fa7f37fe700 1 -- 172.21.15.19:0/1869457569 <== mon.0 v2:172.21.15.19:3300/0 4 ==== mgrmap(e 11) ==== 49423+0+0 (secure 0 0 0) 0x7fa7f4019a00 con 0x7fa800108a60
2024-04-25T15:36:30.633 INFO:teuthology.orchestra.run.smithi019.stdout:/usr/bin/ceph: stderr
2024-04-25T15:36:29.580+0000 7fa808760700 1 -- 172.21.15.19:0/1869457569 --> [v2:172.21.15.19:3300/0,v1:172.21.15.19:6789/0] -- mon_command({"prefix": "get_command_descriptions"} v 0) -- 0x7fa800064cf0 con 0x7fa800108a60
2024-04-25T15:36:30.633 INFO:teuthology.orchestra.run.smithi019.stdout:/usr/bin/ceph: stderr
2024-04-25T15:36:29.580+0000 7fa7f37fe700 1 --2- 172.21.15.19:0/1869457569 >> [v2:172.21.15.19:6800/1223224459,v1:172.21.15.19:6801/1223224459] conn(0x7fa7ec03d520 0x7fa7ec03fa30 unknown :-1 s=NONE pgs=0 cs=0 l=1 rev1=0 crypto rx=0 tx=0 comp rx=0 tx=0).connect
2024-04-25T15:36:30.633 INFO:teuthology.orchestra.run.smithi019.stdout:/usr/bin/ceph: stderr
2024-04-25T15:36:29.580+0000 7fa7f37fe700 1 -- 172.21.15.19:0/1869457569 <== mon.0 v2:172.21.15.19:3300/0 5 ==== osd_map(3..3 src has 1..3) ==== 1155+0+0 (secure 0 0 0) 0x7fa7f4052a80 con 0x7fa800108a60
2024-04-25T15:36:30.633 INFO:teuthology.orchestra.run.smithi019.stdout:/usr/bin/ceph: stderr
2024-04-25T15:36:29.581+0000 7fa805cfb700 1 --2- 172.21.15.19:0/1869457569 >> [v2:172.21.15.19:6800/1223224459,v1:172.21.15.19:6801/1223224459] conn(0x7fa7ec03d520 0x7fa7ec03fa30 unknown :-1 s=BANNER_CONNECTING pgs=0 cs=0 l=1 rev1=0 crypto rx=0 tx=0 comp rx=0 tx=0)._handle_peer_banner_payload supported=3 required=0
2024-04-25T15:36:30.633 INFO:teuthology.orchestra.run.smithi019.stdout:/usr/bin/ceph: stderr
2024-04-25T15:36:29.581+0000 7fa805cfb700 1 --2- 172.21.15.19:0/1869457569 >> [v2:172.21.15.19:6800/1223224459,v1:172.21.15.19:6801/1223224459] conn(0x7fa7ec03d520 0x7fa7ec03fa30 secure :-1 s=READY pgs=7 cs=0 l=1 rev1=1 crypto rx=0x7fa7fc006fd0 tx=0x7fa7fc006e40 comp rx=0 tx=0).ready entity=mgr.14150 client_cookie=0 server_cookie=0 in_seq=0 out_seq=0
2024-04-25T15:36:30.634 INFO:teuthology.orchestra.run.smithi019.stdout:/usr/bin/ceph: stderr
2024-04-25T15:36:29.586+0000 7fa7f37fe700 1 -- 172.21.15.19:0/1869457569 <== mon.0 v2:172.21.15.19:3300/0 6 ==== mon_command_ack([{"prefix": "get_command_descriptions"}]=0 v0) ==== 72+0+188370 (secure 0 0 0) 0x7fa7f4020e20 con 0x7fa800108a60
2024-04-25T15:36:30.634 INFO:teuthology.orchestra.run.smithi019.stdout:/usr/bin/ceph: stderr
2024-04-25T15:36:29.600+0000 7fa7f37fe700 1 -- 172.21.15.19:0/1869457569 <== mon.0 v2:172.21.15.19:3300/0 7 ==== mgrmap(e 12) ==== 49529+0+0 (secure 0 0 0) 0x7fa7f402d430 con 0x7fa800108a60
2024-04-25T15:36:30.634 INFO:teuthology.orchestra.run.smithi019.stdout:/usr/bin/ceph: stderr
2024-04-25T15:36:29.800+0000 7fa808760700 1 -- 172.21.15.19:0/1869457569 --> [v2:172.21.15.19:6800/1223224459,v1:172.21.15.19:6801/1223224459] -- mgr_command(tid 0: {"prefix": "dashboard create-self-signed-cert", "target": ["mon-mgr", ""]}) -- 0x7fa800106040 con 0x7fa7ec03d520
2024-04-25T15:36:30.634 INFO:teuthology.orchestra.run.smithi019.stdout:/usr/bin/ceph: stderr
2024-04-25T15:36:29.962+0000 7fa7f37fe700 1 -- 172.21.15.19:0/1869457569 <== mgr.14150 v2:172.21.15.19:6800/1223224459 1 ==== mgr_command_reply(tid 0: 0 ) ==== 8+0+32 (secure 0 0 0) 0x7fa800106040 con 0x7fa7ec03d520
2024-04-25T15:36:30.634 INFO:teuthology.orchestra.run.smithi019.stdout:/usr/bin/ceph: stderr
2024-04-25T15:36:29.964+0000 7fa808760700 1 -- 172.21.15.19:0/1869457569 >> [v2:172.21.15.19:6800/1223224459,v1:172.21.15.19:6801/1223224459] conn(0x7fa7ec03d520 msgr2=0x7fa7ec03fa30 secure :-1 s=STATE_CONNECTION_ESTABLISHED l=1).mark_down
2024-04-25T15:36:30.634 INFO:teuthology.orchestra.run.smithi019.stdout:/usr/bin/ceph: stderr
2024-04-25T15:36:29.964+0000 7fa808760700 1 --2- 172.21.15.19:0/1869457569 >> [v2:172.21.15.19:6800/1223224459,v1:172.21.15.19:6801/1223224459] conn(0x7fa7ec03d520 0x7fa7ec03fa30 secure :-1 s=READY pgs=7 cs=0 l=1 rev1=1 crypto rx=0x7fa7fc006fd0 tx=0x7fa7fc006e40 comp rx=0 tx=0).stop
2024-04-25T15:36:30.634 INFO:teuthology.orchestra.run.smithi019.stdout:/usr/bin/ceph: stderr
2024-04-25T15:36:29.964+0000 7fa808760700 1 -- 172.21.15.19:0/1869457569 >> [v2:172.21.15.19:3300/0,v1:172.21.15.19:6789/0] conn(0x7fa800108a60 msgr2=0x7fa80019ce10 secure :-1 s=STATE_CONNECTION_ESTABLISHED l=1).mark_down
2024-04-25T15:36:30.634 INFO:teuthology.orchestra.run.smithi019.stdout:/usr/bin/ceph: stderr
2024-04-25T15:36:29.964+0000 7fa808760700 1 --2- 172.21.15.19:0/1869457569 >> [v2:172.21.15.19:3300/0,v1:172.21.15.19:6789/0] conn(0x7fa800108a60 0x7fa80019ce10 secure :-1 s=READY pgs=69 cs=0 l=1 rev1=1 crypto rx=0x7fa7f4011a20 tx=0x7fa7f4011b00 comp rx=0 tx=0).stop
2024-04-25T15:36:30.634 INFO:teuthology.orchestra.run.smithi019.stdout:/usr/bin/ceph: stderr
2024-04-25T15:36:29.964+0000 7fa808760700 1 -- 172.21.15.19:0/1869457569 shutdown_connections
2024-04-25T15:36:30.634 INFO:teuthology.orchestra.run.smithi019.stdout:/usr/bin/ceph: stderr
2024-04-25T15:36:29.964+0000 7fa808760700 1 --2- 172.21.15.19:0/1869457569 >> [v2:172.21.15.19:6800/1223224459,v1:172.21.15.19:6801/1223224459] conn(0x7fa7ec03d520 0x7fa7ec03fa30 unknown :-1 s=CLOSED pgs=7 cs=0 l=1 rev1=1 crypto rx=0 tx=0 comp rx=0 tx=0).stop
2024-04-25T15:36:30.634 INFO:teuthology.orchestra.run.smithi019.stdout:/usr/bin/ceph: stderr
2024-04-25T15:36:29.964+0000 7fa808760700 1 --2- 172.21.15.19:0/1869457569 >> [v2:172.21.15.19:3300/0,v1:172.21.15.19:6789/0] conn(0x7fa800108a60 0x7fa80019ce10 unknown :-1 s=CLOSED pgs=69 cs=0 l=1 rev1=1 crypto rx=0 tx=0 comp rx=0 tx=0).stop
2024-04-25T15:36:30.634 INFO:teuthology.orchestra.run.smithi019.stdout:/usr/bin/ceph: stderr
2024-04-25T15:36:29.964+0000 7fa808760700 1 -- 172.21.15.19:0/1869457569 >> 172.21.15.19:0/1869457569 conn(0x7fa800104120 msgr2=0x7fa800105930 unknown :-1 s=STATE_NONE l=0).mark_down
2024-04-25T15:36:30.634 INFO:teuthology.orchestra.run.smithi019.stdout:/usr/bin/ceph: stderr
2024-04-25T15:36:29.965+0000 7fa808760700 1 -- 172.21.15.19:0/1869457569 shutdown_connections
2024-04-25T15:36:30.635 INFO:teuthology.orchestra.run.smithi019.stdout:/usr/bin/ceph: stderr
2024-04-25T15:36:29.965+0000 7fa808760700 1 -- 172.21.15.19:0/1869457569 wait complete.
2024-04-25T15:36:30.635 INFO:teuthology.orchestra.run.smithi019.stdout:Creating initial admin user...
2024-04-25T15:36:32.136 INFO:teuthology.orchestra.run.smithi019.stdout:/usr/bin/ceph: stdout {"username": "admin", "password": "$2b$12$t7Hk/q.tvgX0htmpD0A.Feh8FaQDIS89a/g8AUd5aYVx0VTG.auiO", "roles": ["administrator"], "name": null, "email": null, "lastUpdate": 1714059391, "enabled": true, "pwdExpirationDate": null, "pwdUpdateRequired": true}
2024-04-25T15:36:32.136 INFO:teuthology.orchestra.run.smithi019.stdout:/usr/bin/ceph: stderr
2024-04-25T15:36:31.110+0000 7f94abf84700 1 Processor -- start
2024-04-25T15:36:32.136 INFO:teuthology.orchestra.run.smithi019.stdout:/usr/bin/ceph: stderr
2024-04-25T15:36:31.111+0000 7f94abf84700 1 -- start start
2024-04-25T15:36:32.137 INFO:teuthology.orchestra.run.smithi019.stdout:/usr/bin/ceph: stderr
2024-04-25T15:36:31.111+0000 7f94abf84700 1 --2- >> [v2:172.21.15.19:3300/0,v1:172.21.15.19:6789/0] conn(0x7f94a4108ac0 0x7f94a4108ed0 unknown :-1 s=NONE pgs=0 cs=0 l=0 rev1=0 crypto rx=0 tx=0 comp rx=0 tx=0).connect
2024-04-25T15:36:32.137 INFO:teuthology.orchestra.run.smithi019.stdout:/usr/bin/ceph: stderr
2024-04-25T15:36:31.111+0000 7f94abf84700 1 -- --> [v2:172.21.15.19:3300/0,v1:172.21.15.19:6789/0] -- mon_getmap magic: 0 -- 0x7f94a41094c0 con 0x7f94a4108ac0
2024-04-25T15:36:32.137 INFO:teuthology.orchestra.run.smithi019.stdout:/usr/bin/ceph: stderr
2024-04-25T15:36:31.111+0000 7f94a9d20700 1 --2- >> [v2:172.21.15.19:3300/0,v1:172.21.15.19:6789/0] conn(0x7f94a4108ac0 0x7f94a4108ed0 unknown :-1 s=BANNER_CONNECTING pgs=0 cs=0 l=0 rev1=0 crypto rx=0 tx=0 comp rx=0 tx=0)._handle_peer_banner_payload supported=3 required=0
2024-04-25T15:36:32.137 INFO:teuthology.orchestra.run.smithi019.stdout:/usr/bin/ceph: stderr
2024-04-25T15:36:31.111+0000 7f94a9d20700 1 --2- >> [v2:172.21.15.19:3300/0,v1:172.21.15.19:6789/0] conn(0x7f94a4108ac0 0x7f94a4108ed0 unknown :-1 s=HELLO_CONNECTING pgs=0 cs=0 l=0 rev1=1 crypto rx=0 tx=0 comp rx=0 tx=0).handle_hello peer v2:172.21.15.19:3300/0 says I am v2:172.21.15.19:50574/0 (socket says 172.21.15.19:50574)
2024-04-25T15:36:32.137 INFO:teuthology.orchestra.run.smithi019.stdout:/usr/bin/ceph: stderr
2024-04-25T15:36:31.111+0000 7f94a9d20700 1 -- 172.21.15.19:0/2806797814 learned_addr learned my addr 172.21.15.19:0/2806797814 (peer_addr_for_me v2:172.21.15.19:0/0)
2024-04-25T15:36:32.137 INFO:teuthology.orchestra.run.smithi019.stdout:/usr/bin/ceph: stderr
2024-04-25T15:36:31.112+0000 7f94a9d20700 1 -- 172.21.15.19:0/2806797814 --> [v2:172.21.15.19:3300/0,v1:172.21.15.19:6789/0] -- mon_subscribe({config=0+,monmap=0+}) -- 0x7f94a4109c90 con 0x7f94a4108ac0
2024-04-25T15:36:32.137 INFO:teuthology.orchestra.run.smithi019.stdout:/usr/bin/ceph: stderr
2024-04-25T15:36:31.112+0000 7f94a9d20700 1 --2- 172.21.15.19:0/2806797814 >> [v2:172.21.15.19:3300/0,v1:172.21.15.19:6789/0] conn(0x7f94a4108ac0 0x7f94a4108ed0 secure :-1 s=READY pgs=70 cs=0 l=1 rev1=1 crypto rx=0x7f949c00d180 tx=0x7f949c00d490 comp rx=0 tx=0).ready entity=mon.0 client_cookie=46fada92625d339b server_cookie=0 in_seq=0 out_seq=0
2024-04-25T15:36:32.137 INFO:teuthology.orchestra.run.smithi019.stdout:/usr/bin/ceph: stderr
2024-04-25T15:36:31.112+0000 7f94a8d1e700 1 -- 172.21.15.19:0/2806797814 <== mon.0 v2:172.21.15.19:3300/0 1 ==== mon_map magic: 0 ==== 205+0+0 (secure 0 0 0) 0x7f949c019070 con 0x7f94a4108ac0
2024-04-25T15:36:32.137 INFO:teuthology.orchestra.run.smithi019.stdout:/usr/bin/ceph: stderr
2024-04-25T15:36:31.112+0000 7f94a8d1e700 1 -- 172.21.15.19:0/2806797814 <== mon.0 v2:172.21.15.19:3300/0 2 ==== config(26 keys) ==== 1101+0+0 (secure 0 0 0) 0x7f949c00de20 con 0x7f94a4108ac0
2024-04-25T15:36:32.137 INFO:teuthology.orchestra.run.smithi019.stdout:/usr/bin/ceph: stderr
2024-04-25T15:36:31.112+0000 7f94a8d1e700 1 -- 172.21.15.19:0/2806797814 <== mon.0 v2:172.21.15.19:3300/0 3 ==== mon_map magic: 0 ==== 205+0+0 (secure 0 0 0) 0x7f949c009a70 con 0x7f94a4108ac0
2024-04-25T15:36:32.137 INFO:teuthology.orchestra.run.smithi019.stdout:/usr/bin/ceph: stderr
2024-04-25T15:36:31.113+0000 7f94abf84700 1 -- 172.21.15.19:0/2806797814 >> [v2:172.21.15.19:3300/0,v1:172.21.15.19:6789/0] conn(0x7f94a4108ac0 msgr2=0x7f94a4108ed0 secure :-1 s=STATE_CONNECTION_ESTABLISHED l=1).mark_down
2024-04-25T15:36:32.138 INFO:teuthology.orchestra.run.smithi019.stdout:/usr/bin/ceph: stderr
2024-04-25T15:36:31.113+0000 7f94abf84700 1 --2- 172.21.15.19:0/2806797814 >> [v2:172.21.15.19:3300/0,v1:172.21.15.19:6789/0] conn(0x7f94a4108ac0 0x7f94a4108ed0 secure :-1 s=READY pgs=70 cs=0 l=1 rev1=1 crypto rx=0x7f949c00d180 tx=0x7f949c00d490 comp rx=0 tx=0).stop
2024-04-25T15:36:32.138 INFO:teuthology.orchestra.run.smithi019.stdout:/usr/bin/ceph: stderr
2024-04-25T15:36:31.113+0000 7f94abf84700 1 -- 172.21.15.19:0/2806797814 shutdown_connections
2024-04-25T15:36:32.138 INFO:teuthology.orchestra.run.smithi019.stdout:/usr/bin/ceph: stderr
2024-04-25T15:36:31.113+0000 7f94abf84700 1 --2- 172.21.15.19:0/2806797814 >> [v2:172.21.15.19:3300/0,v1:172.21.15.19:6789/0] conn(0x7f94a4108ac0 0x7f94a4108ed0 unknown :-1 s=CLOSED pgs=70 cs=0 l=1 rev1=1 crypto rx=0 tx=0 comp rx=0 tx=0).stop
2024-04-25T15:36:32.138 INFO:teuthology.orchestra.run.smithi019.stdout:/usr/bin/ceph: stderr
2024-04-25T15:36:31.113+0000 7f94abf84700 1 -- 172.21.15.19:0/2806797814 >> 172.21.15.19:0/2806797814 conn(0x7f94a4104160 msgr2=0x7f94a41065b0 unknown :-1 s=STATE_NONE l=0).mark_down
2024-04-25T15:36:32.138 INFO:teuthology.orchestra.run.smithi019.stdout:/usr/bin/ceph: stderr
2024-04-25T15:36:31.113+0000 7f94abf84700 1 -- 172.21.15.19:0/2806797814 shutdown_connections
2024-04-25T15:36:32.138 INFO:teuthology.orchestra.run.smithi019.stdout:/usr/bin/ceph: stderr
2024-04-25T15:36:31.113+0000 7f94abf84700 1 -- 172.21.15.19:0/2806797814 wait complete.
2024-04-25T15:36:32.138 INFO:teuthology.orchestra.run.smithi019.stdout:/usr/bin/ceph: stderr
2024-04-25T15:36:31.114+0000 7f94abf84700 1 Processor -- start
2024-04-25T15:36:32.138 INFO:teuthology.orchestra.run.smithi019.stdout:/usr/bin/ceph: stderr
2024-04-25T15:36:31.114+0000 7f94abf84700 1 -- start start
2024-04-25T15:36:32.138 INFO:teuthology.orchestra.run.smithi019.stdout:/usr/bin/ceph: stderr
2024-04-25T15:36:31.114+0000 7f94abf84700 1 --2- >> [v2:172.21.15.19:3300/0,v1:172.21.15.19:6789/0] conn(0x7f94a4108ac0 0x7f94a41a0130 unknown :-1 s=NONE pgs=0 cs=0 l=1 rev1=0 crypto rx=0 tx=0 comp rx=0 tx=0).connect
2024-04-25T15:36:32.138 INFO:teuthology.orchestra.run.smithi019.stdout:/usr/bin/ceph: stderr
2024-04-25T15:36:31.114+0000 7f94abf84700 1 -- --> [v2:172.21.15.19:3300/0,v1:172.21.15.19:6789/0] -- mon_getmap magic: 0 -- 0x7f94a407cb90 con 0x7f94a4108ac0
2024-04-25T15:36:32.138 INFO:teuthology.orchestra.run.smithi019.stdout:/usr/bin/ceph: stderr
2024-04-25T15:36:31.114+0000 7f94a9d20700 1 --2- >> [v2:172.21.15.19:3300/0,v1:172.21.15.19:6789/0] conn(0x7f94a4108ac0 0x7f94a41a0130 unknown :-1 s=BANNER_CONNECTING pgs=0 cs=0 l=1 rev1=0 crypto rx=0 tx=0 comp rx=0 tx=0)._handle_peer_banner_payload supported=3 required=0
2024-04-25T15:36:32.139 INFO:teuthology.orchestra.run.smithi019.stdout:/usr/bin/ceph: stderr
2024-04-25T15:36:31.114+0000 7f94a9d20700 1 --2- >> [v2:172.21.15.19:3300/0,v1:172.21.15.19:6789/0] conn(0x7f94a4108ac0 0x7f94a41a0130 unknown :-1 s=HELLO_CONNECTING pgs=0 cs=0 l=1 rev1=1 crypto rx=0 tx=0 comp rx=0 tx=0).handle_hello peer v2:172.21.15.19:3300/0 says I am v2:172.21.15.19:50582/0 (socket says 172.21.15.19:50582)
2024-04-25T15:36:32.139 INFO:teuthology.orchestra.run.smithi019.stdout:/usr/bin/ceph: stderr
2024-04-25T15:36:31.114+0000 7f94a9d20700 1 -- 172.21.15.19:0/584386999 learned_addr learned my addr 172.21.15.19:0/584386999 (peer_addr_for_me v2:172.21.15.19:0/0)
2024-04-25T15:36:32.139 INFO:teuthology.orchestra.run.smithi019.stdout:/usr/bin/ceph: stderr
2024-04-25T15:36:31.115+0000 7f94a9d20700 1 -- 172.21.15.19:0/584386999 --> [v2:172.21.15.19:3300/0,v1:172.21.15.19:6789/0] -- mon_subscribe({config=0+,monmap=0+}) -- 0x7f94a41a0670 con 0x7f94a4108ac0
2024-04-25T15:36:32.139 INFO:teuthology.orchestra.run.smithi019.stdout:/usr/bin/ceph: stderr
2024-04-25T15:36:31.115+0000 7f94a9d20700 1 --2- 172.21.15.19:0/584386999 >> [v2:172.21.15.19:3300/0,v1:172.21.15.19:6789/0] conn(0x7f94a4108ac0 0x7f94a41a0130 secure :-1 s=READY pgs=71 cs=0 l=1 rev1=1 crypto rx=0x7f949c00f010 tx=0x7f949c00dcf0 comp rx=0 tx=0).ready entity=mon.0 client_cookie=0 server_cookie=0 in_seq=0 out_seq=0
2024-04-25T15:36:32.139 INFO:teuthology.orchestra.run.smithi019.stdout:/usr/bin/ceph: stderr
2024-04-25T15:36:31.115+0000 7f94a2ffd700 1 -- 172.21.15.19:0/584386999 <== mon.0 v2:172.21.15.19:3300/0 1 ==== mon_map magic: 0 ==== 205+0+0 (secure 0 0 0) 0x7f949c019040 con 0x7f94a4108ac0
2024-04-25T15:36:32.139 INFO:teuthology.orchestra.run.smithi019.stdout:/usr/bin/ceph: stderr
2024-04-25T15:36:31.115+0000 7f94a2ffd700 1 -- 172.21.15.19:0/584386999 <== mon.0 v2:172.21.15.19:3300/0 2 ==== config(26 keys) ==== 1101+0+0 (secure 0 0 0) 0x7f949c003c10 con 0x7f94a4108ac0
2024-04-25T15:36:32.139 INFO:teuthology.orchestra.run.smithi019.stdout:/usr/bin/ceph: stderr
2024-04-25T15:36:31.115+0000 7f94a2ffd700 1 -- 172.21.15.19:0/584386999 <== mon.0 v2:172.21.15.19:3300/0 3 ==== mon_map magic: 0 ==== 205+0+0 (secure 0 0 0) 0x7f949c01f5c0 con 0x7f94a4108ac0
2024-04-25T15:36:32.139 INFO:teuthology.orchestra.run.smithi019.stdout:/usr/bin/ceph: stderr
2024-04-25T15:36:31.116+0000 7f94abf84700 1 -- 172.21.15.19:0/584386999 --> [v2:172.21.15.19:3300/0,v1:172.21.15.19:6789/0] -- mon_subscribe({mgrmap=0+}) -- 0x7f94a41a0900 con 0x7f94a4108ac0
2024-04-25T15:36:32.139 INFO:teuthology.orchestra.run.smithi019.stdout:/usr/bin/ceph: stderr
2024-04-25T15:36:31.116+0000 7f94abf84700 1 -- 172.21.15.19:0/584386999 --> [v2:172.21.15.19:3300/0,v1:172.21.15.19:6789/0] -- mon_subscribe({osdmap=0}) -- 0x7f94a41a3510 con 0x7f94a4108ac0
2024-04-25T15:36:32.139 INFO:teuthology.orchestra.run.smithi019.stdout:/usr/bin/ceph: stderr
2024-04-25T15:36:31.117+0000 7f94a2ffd700 1 -- 172.21.15.19:0/584386999 <== mon.0 v2:172.21.15.19:3300/0 4 ==== mgrmap(e 12) ==== 49529+0+0 (secure 0 0 0) 0x7f949c004000 con 0x7f94a4108ac0
2024-04-25T15:36:32.139 INFO:teuthology.orchestra.run.smithi019.stdout:/usr/bin/ceph: stderr
2024-04-25T15:36:31.117+0000 7f94abf84700 1 -- 172.21.15.19:0/584386999 --> [v2:172.21.15.19:3300/0,v1:172.21.15.19:6789/0] -- mon_command({"prefix": "get_command_descriptions"} v 0) -- 0x7f94a4064cf0 con 0x7f94a4108ac0
2024-04-25T15:36:32.140 INFO:teuthology.orchestra.run.smithi019.stdout:/usr/bin/ceph: stderr
2024-04-25T15:36:31.117+0000 7f94a2ffd700 1 --2- 172.21.15.19:0/584386999 >> [v2:172.21.15.19:6800/1223224459,v1:172.21.15.19:6801/1223224459] conn(0x7f948c03d6e0 0x7f948c03fbf0 unknown :-1 s=NONE pgs=0 cs=0 l=1 rev1=0 crypto rx=0 tx=0 comp rx=0 tx=0).connect
2024-04-25T15:36:32.140 INFO:teuthology.orchestra.run.smithi019.stdout:/usr/bin/ceph: stderr
2024-04-25T15:36:31.117+0000 7f94a2ffd700 1 -- 172.21.15.19:0/584386999 <== mon.0 v2:172.21.15.19:3300/0 5 ==== osd_map(3..3 src has 1..3) ==== 1155+0+0 (secure 0 0 0) 0x7f949c011050 con 0x7f94a4108ac0
2024-04-25T15:36:32.140 INFO:teuthology.orchestra.run.smithi019.stdout:/usr/bin/ceph: stderr
2024-04-25T15:36:31.117+0000 7f94a951f700 1 --2- 172.21.15.19:0/584386999 >> [v2:172.21.15.19:6800/1223224459,v1:172.21.15.19:6801/1223224459] conn(0x7f948c03d6e0 0x7f948c03fbf0 unknown :-1 s=BANNER_CONNECTING pgs=0 cs=0 l=1 rev1=0 crypto rx=0 tx=0 comp rx=0 tx=0)._handle_peer_banner_payload supported=3 required=0
2024-04-25T15:36:32.140 INFO:teuthology.orchestra.run.smithi019.stdout:/usr/bin/ceph: stderr
2024-04-25T15:36:31.118+0000 7f94a951f700 1 --2- 172.21.15.19:0/584386999 >> [v2:172.21.15.19:6800/1223224459,v1:172.21.15.19:6801/1223224459] conn(0x7f948c03d6e0 0x7f948c03fbf0 secure :-1 s=READY pgs=8 cs=0 l=1 rev1=1 crypto rx=0x7f9498006fd0 tx=0x7f9498006e40 comp rx=0 tx=0).ready entity=mgr.14150 client_cookie=0 server_cookie=0 in_seq=0 out_seq=0
2024-04-25T15:36:32.140 INFO:teuthology.orchestra.run.smithi019.stdout:/usr/bin/ceph: stderr
2024-04-25T15:36:31.123+0000 7f94a2ffd700 1 -- 172.21.15.19:0/584386999 <== mon.0 v2:172.21.15.19:3300/0 6 ==== mon_command_ack([{"prefix": "get_command_descriptions"}]=0 v0) ==== 72+0+188370 (secure 0 0 0) 0x7f949c02e250 con 0x7f94a4108ac0
2024-04-25T15:36:32.140 INFO:teuthology.orchestra.run.smithi019.stdout:/usr/bin/ceph: stderr
2024-04-25T15:36:31.350+0000 7f94abf84700 1 -- 172.21.15.19:0/584386999 --> [v2:172.21.15.19:6800/1223224459,v1:172.21.15.19:6801/1223224459] -- mgr_command(tid 0: {"prefix": "dashboard ac-user-create", "username": "admin", "rolename": "administrator", "force_password": true, "pwd_update_required": true, "target": ["mon-mgr", ""]}) -- 0x7f94a4193790 con 0x7f948c03d6e0
2024-04-25T15:36:32.140 INFO:teuthology.orchestra.run.smithi019.stdout:/usr/bin/ceph: stderr
2024-04-25T15:36:31.597+0000 7f94a2ffd700 1 -- 172.21.15.19:0/584386999 <== mgr.14150 v2:172.21.15.19:6800/1223224459 1 ==== mgr_command_reply(tid 0: 0 ) ==== 8+0+252 (secure 0 0 0) 0x7f94a4193790 con 0x7f948c03d6e0
2024-04-25T15:36:32.140 INFO:teuthology.orchestra.run.smithi019.stdout:/usr/bin/ceph: stderr
2024-04-25T15:36:31.599+0000 7f94abf84700 1 -- 172.21.15.19:0/584386999 >> [v2:172.21.15.19:6800/1223224459,v1:172.21.15.19:6801/1223224459] conn(0x7f948c03d6e0 msgr2=0x7f948c03fbf0 secure :-1 s=STATE_CONNECTION_ESTABLISHED l=1).mark_down
2024-04-25T15:36:32.140 INFO:teuthology.orchestra.run.smithi019.stdout:/usr/bin/ceph: stderr
2024-04-25T15:36:31.599+0000 7f94abf84700 1 --2- 172.21.15.19:0/584386999 >> [v2:172.21.15.19:6800/1223224459,v1:172.21.15.19:6801/1223224459] conn(0x7f948c03d6e0 0x7f948c03fbf0 secure :-1 s=READY pgs=8 cs=0 l=1 rev1=1 crypto rx=0x7f9498006fd0 tx=0x7f9498006e40 comp rx=0 tx=0).stop
2024-04-25T15:36:32.140 INFO:teuthology.orchestra.run.smithi019.stdout:/usr/bin/ceph: stderr
2024-04-25T15:36:31.599+0000 7f94abf84700 1 -- 172.21.15.19:0/584386999 >> [v2:172.21.15.19:3300/0,v1:172.21.15.19:6789/0] conn(0x7f94a4108ac0 msgr2=0x7f94a41a0130 secure :-1 s=STATE_CONNECTION_ESTABLISHED l=1).mark_down
2024-04-25T15:36:32.140 INFO:teuthology.orchestra.run.smithi019.stdout:/usr/bin/ceph: stderr
2024-04-25T15:36:31.599+0000 7f94abf84700 1 --2- 172.21.15.19:0/584386999 >> [v2:172.21.15.19:3300/0,v1:172.21.15.19:6789/0] conn(0x7f94a4108ac0 0x7f94a41a0130 secure :-1 s=READY pgs=71 cs=0 l=1 rev1=1 crypto rx=0x7f949c00f010 tx=0x7f949c00dcf0 comp rx=0 tx=0).stop
2024-04-25T15:36:32.140 INFO:teuthology.orchestra.run.smithi019.stdout:/usr/bin/ceph: stderr
2024-04-25T15:36:31.599+0000 7f94abf84700 1 -- 172.21.15.19:0/584386999 shutdown_connections
2024-04-25T15:36:32.141 INFO:teuthology.orchestra.run.smithi019.stdout:/usr/bin/ceph: stderr
2024-04-25T15:36:31.599+0000 7f94abf84700 1 --2- 172.21.15.19:0/584386999 >> [v2:172.21.15.19:6800/1223224459,v1:172.21.15.19:6801/1223224459] conn(0x7f948c03d6e0 0x7f948c03fbf0 unknown :-1 s=CLOSED pgs=8 cs=0 l=1 rev1=1 crypto rx=0 tx=0 comp rx=0 tx=0).stop
2024-04-25T15:36:32.141 INFO:teuthology.orchestra.run.smithi019.stdout:/usr/bin/ceph: stderr
2024-04-25T15:36:31.599+0000 7f94abf84700 1 --2- 172.21.15.19:0/584386999 >> [v2:172.21.15.19:3300/0,v1:172.21.15.19:6789/0] conn(0x7f94a4108ac0 0x7f94a41a0130 unknown :-1 s=CLOSED pgs=71 cs=0 l=1 rev1=1 crypto rx=0 tx=0 comp rx=0 tx=0).stop
2024-04-25T15:36:32.141 INFO:teuthology.orchestra.run.smithi019.stdout:/usr/bin/ceph: stderr
2024-04-25T15:36:31.599+0000 7f94abf84700 1 -- 172.21.15.19:0/584386999 >> 172.21.15.19:0/584386999 conn(0x7f94a4104160 msgr2=0x7f94a4191ff0 unknown :-1 s=STATE_NONE l=0).mark_down
2024-04-25T15:36:32.141 INFO:teuthology.orchestra.run.smithi019.stdout:/usr/bin/ceph: stderr
2024-04-25T15:36:31.599+0000 7f94abf84700 1 -- 172.21.15.19:0/584386999 shutdown_connections
2024-04-25T15:36:32.141 INFO:teuthology.orchestra.run.smithi019.stdout:/usr/bin/ceph: stderr
2024-04-25T15:36:31.599+0000 7f94abf84700 1 -- 172.21.15.19:0/584386999 wait complete.
2024-04-25T15:36:32.141 INFO:teuthology.orchestra.run.smithi019.stdout:Fetching dashboard port number...
2024-04-25T15:36:32.455 INFO:journalctl@ceph.mon.a.smithi019.stdout:Apr 25 15:36:32 smithi019 ceph-mon[29406]: from='mgr.14150 172.21.15.19:0/2810085213' entity='mgr.x'
2024-04-25T15:36:32.455 INFO:journalctl@ceph.mon.a.smithi019.stdout:Apr 25 15:36:32 smithi019 ceph-mon[29406]: from='client.14164 -' entity='client.admin' cmd=[{"prefix": "dashboard ac-user-create", "username": "admin", "rolename": "administrator", "force_password": true, "pwd_update_required": true, "target": ["mon-mgr", ""]}]: dispatch
2024-04-25T15:36:32.455 INFO:journalctl@ceph.mon.a.smithi019.stdout:Apr 25 15:36:32 smithi019 ceph-mon[29406]: from='mgr.14150 172.21.15.19:0/2810085213' entity='mgr.x'
2024-04-25T15:36:33.349 INFO:journalctl@ceph.mon.a.smithi019.stdout:Apr 25 15:36:33 smithi019 ceph-mon[29406]: from='client.? 172.21.15.19:0/93207518' entity='client.admin' cmd=[{"prefix": "config get", "who": "mgr", "key": "mgr/dashboard/ssl_server_port"}]: dispatch
2024-04-25T15:36:33.908 INFO:teuthology.orchestra.run.smithi019.stdout:/usr/bin/ceph: stdout 8443
2024-04-25T15:36:33.913 INFO:teuthology.orchestra.run.smithi019.stdout:/usr/bin/ceph: stderr
2024-04-25T15:36:32.575+0000 7f2080b9f700 1 Processor -- start
2024-04-25T15:36:33.913 INFO:teuthology.orchestra.run.smithi019.stdout:/usr/bin/ceph: stderr
2024-04-25T15:36:32.575+0000 7f2080b9f700 1 -- start start
2024-04-25T15:36:33.913 INFO:teuthology.orchestra.run.smithi019.stdout:/usr/bin/ceph: stderr
2024-04-25T15:36:32.575+0000 7f2080b9f700 1 --2- >> [v2:172.21.15.19:3300/0,v1:172.21.15.19:6789/0] conn(0x7f207c10a4d0 0x7f207c10c8f0 unknown :-1 s=NONE pgs=0 cs=0 l=0 rev1=0 crypto rx=0 tx=0 comp rx=0 tx=0).connect
2024-04-25T15:36:33.913 INFO:teuthology.orchestra.run.smithi019.stdout:/usr/bin/ceph: stderr
2024-04-25T15:36:32.575+0000 7f2080b9f700 1 -- --> [v2:172.21.15.19:3300/0,v1:172.21.15.19:6789/0] -- mon_getmap magic: 0 -- 0x7f207c07d880 con 0x7f207c10a4d0
2024-04-25T15:36:33.913 INFO:teuthology.orchestra.run.smithi019.stdout:/usr/bin/ceph: stderr
2024-04-25T15:36:32.576+0000 7f207b7fe700 1 --2- >> [v2:172.21.15.19:3300/0,v1:172.21.15.19:6789/0] conn(0x7f207c10a4d0 0x7f207c10c8f0 unknown :-1 s=BANNER_CONNECTING pgs=0 cs=0 l=0 rev1=0 crypto rx=0 tx=0 comp rx=0 tx=0)._handle_peer_banner_payload supported=3 required=0
2024-04-25T15:36:33.913 INFO:teuthology.orchestra.run.smithi019.stdout:/usr/bin/ceph: stderr
2024-04-25T15:36:32.576+0000 7f207b7fe700 1 --2- >> [v2:172.21.15.19:3300/0,v1:172.21.15.19:6789/0] conn(0x7f207c10a4d0 0x7f207c10c8f0 unknown :-1 s=HELLO_CONNECTING pgs=0 cs=0 l=0 rev1=1 crypto rx=0 tx=0 comp rx=0 tx=0).handle_hello peer v2:172.21.15.19:3300/0 says I am v2:172.21.15.19:50590/0 (socket says 172.21.15.19:50590)
2024-04-25T15:36:33.913 INFO:teuthology.orchestra.run.smithi019.stdout:/usr/bin/ceph: stderr
2024-04-25T15:36:32.576+0000 7f207b7fe700 1 -- 172.21.15.19:0/1649428445 learned_addr learned my addr 172.21.15.19:0/1649428445 (peer_addr_for_me v2:172.21.15.19:0/0)
2024-04-25T15:36:33.914 INFO:teuthology.orchestra.run.smithi019.stdout:/usr/bin/ceph: stderr
2024-04-25T15:36:32.576+0000 7f207b7fe700 1 -- 172.21.15.19:0/1649428445 --> [v2:172.21.15.19:3300/0,v1:172.21.15.19:6789/0] -- mon_subscribe({config=0+,monmap=0+}) -- 0x7f207c10ce30 con 0x7f207c10a4d0
2024-04-25T15:36:33.914 INFO:teuthology.orchestra.run.smithi019.stdout:/usr/bin/ceph: stderr
2024-04-25T15:36:32.576+0000 7f207b7fe700 1 --2- 172.21.15.19:0/1649428445 >> [v2:172.21.15.19:3300/0,v1:172.21.15.19:6789/0] conn(0x7f207c10a4d0 0x7f207c10c8f0 secure :-1 s=READY pgs=72 cs=0 l=1 rev1=1 crypto rx=0x7f206c0098a0 tx=0x7f206c009bb0 comp rx=0 tx=0).ready entity=mon.0 client_cookie=b872961f73f44dfe server_cookie=0 in_seq=0 out_seq=0
2024-04-25T15:36:33.914 INFO:teuthology.orchestra.run.smithi019.stdout:/usr/bin/ceph: stderr
2024-04-25T15:36:32.576+0000 7f207a7fc700 1 -- 172.21.15.19:0/1649428445 <== mon.0 v2:172.21.15.19:3300/0 1 ==== mon_map magic: 0 ==== 205+0+0 (secure 0 0 0) 0x7f206c004160 con 0x7f207c10a4d0
2024-04-25T15:36:33.914 INFO:teuthology.orchestra.run.smithi019.stdout:/usr/bin/ceph: stderr
2024-04-25T15:36:32.577+0000 7f207a7fc700 1 -- 172.21.15.19:0/1649428445 <== mon.0 v2:172.21.15.19:3300/0 2 ==== config(26 keys) ==== 1101+0+0 (secure 0 0 0) 0x7f206c004300 con 0x7f207c10a4d0
2024-04-25T15:36:33.914 INFO:teuthology.orchestra.run.smithi019.stdout:/usr/bin/ceph: stderr
2024-04-25T15:36:32.577+0000 7f207a7fc700 1 -- 172.21.15.19:0/1649428445 <== mon.0 v2:172.21.15.19:3300/0 3 ==== mon_map magic: 0 ==== 205+0+0 (secure 0 0 0) 0x7f206c011a20 con 0x7f207c10a4d0
2024-04-25T15:36:33.914 INFO:teuthology.orchestra.run.smithi019.stdout:/usr/bin/ceph: stderr
2024-04-25T15:36:32.578+0000 7f2080b9f700 1 -- 172.21.15.19:0/1649428445 >> [v2:172.21.15.19:3300/0,v1:172.21.15.19:6789/0] conn(0x7f207c10a4d0 msgr2=0x7f207c10c8f0 secure :-1 s=STATE_CONNECTION_ESTABLISHED l=1).mark_down
2024-04-25T15:36:33.914 INFO:teuthology.orchestra.run.smithi019.stdout:/usr/bin/ceph: stderr
2024-04-25T15:36:32.578+0000 7f2080b9f700 1 --2- 172.21.15.19:0/1649428445 >> [v2:172.21.15.19:3300/0,v1:172.21.15.19:6789/0] conn(0x7f207c10a4d0 0x7f207c10c8f0 secure :-1 s=READY pgs=72 cs=0 l=1 rev1=1 crypto rx=0x7f206c0098a0 tx=0x7f206c009bb0 comp rx=0 tx=0).stop
2024-04-25T15:36:33.914 INFO:teuthology.orchestra.run.smithi019.stdout:/usr/bin/ceph: stderr
2024-04-25T15:36:32.578+0000 7f2080b9f700 1 -- 172.21.15.19:0/1649428445 shutdown_connections
2024-04-25T15:36:33.914 INFO:teuthology.orchestra.run.smithi019.stdout:/usr/bin/ceph: stderr
2024-04-25T15:36:32.578+0000 7f2080b9f700 1 --2- 172.21.15.19:0/1649428445 >> [v2:172.21.15.19:3300/0,v1:172.21.15.19:6789/0] conn(0x7f207c10a4d0 0x7f207c10c8f0 unknown :-1 s=CLOSED pgs=72 cs=0 l=1 rev1=1 crypto rx=0 tx=0 comp rx=0 tx=0).stop
2024-04-25T15:36:33.914 INFO:teuthology.orchestra.run.smithi019.stdout:/usr/bin/ceph: stderr
2024-04-25T15:36:32.578+0000 7f2080b9f700 1 -- 172.21.15.19:0/1649428445 >> 172.21.15.19:0/1649428445 conn(0x7f207c103ef0 msgr2=0x7f207c1063a0 unknown :-1 s=STATE_NONE l=0).mark_down
2024-04-25T15:36:33.914 INFO:teuthology.orchestra.run.smithi019.stdout:/usr/bin/ceph: stderr
2024-04-25T15:36:32.578+0000 7f2080b9f700 1 -- 172.21.15.19:0/1649428445 shutdown_connections
2024-04-25T15:36:33.914 INFO:teuthology.orchestra.run.smithi019.stdout:/usr/bin/ceph: stderr
2024-04-25T15:36:32.578+0000 7f2080b9f700 1 -- 172.21.15.19:0/1649428445 wait complete.
2024-04-25T15:36:33.914 INFO:teuthology.orchestra.run.smithi019.stdout:/usr/bin/ceph: stderr
2024-04-25T15:36:32.579+0000 7f2080b9f700 1 Processor -- start
2024-04-25T15:36:33.915 INFO:teuthology.orchestra.run.smithi019.stdout:/usr/bin/ceph: stderr
2024-04-25T15:36:32.579+0000 7f2080b9f700 1 -- start start
2024-04-25T15:36:33.915 INFO:teuthology.orchestra.run.smithi019.stdout:/usr/bin/ceph: stderr
2024-04-25T15:36:32.579+0000 7f2080b9f700 1 --2- >> [v2:172.21.15.19:3300/0,v1:172.21.15.19:6789/0] conn(0x7f207c10a4d0 0x7f207c19dcf0 unknown :-1 s=NONE pgs=0 cs=0 l=1 rev1=0 crypto rx=0 tx=0 comp rx=0 tx=0).connect
2024-04-25T15:36:33.915 INFO:teuthology.orchestra.run.smithi019.stdout:/usr/bin/ceph: stderr
2024-04-25T15:36:32.579+0000 7f2080b9f700 1 -- --> [v2:172.21.15.19:3300/0,v1:172.21.15.19:6789/0] -- mon_getmap magic: 0 -- 0x7f207c10ddd0 con 0x7f207c10a4d0
2024-04-25T15:36:33.915 INFO:teuthology.orchestra.run.smithi019.stdout:/usr/bin/ceph: stderr
2024-04-25T15:36:32.580+0000 7f207b7fe700 1 --2- >> [v2:172.21.15.19:3300/0,v1:172.21.15.19:6789/0] conn(0x7f207c10a4d0 0x7f207c19dcf0 unknown :-1 s=BANNER_CONNECTING pgs=0 cs=0 l=1 rev1=0 crypto rx=0 tx=0 comp rx=0 tx=0)._handle_peer_banner_payload supported=3 required=0
2024-04-25T15:36:33.915 INFO:teuthology.orchestra.run.smithi019.stdout:/usr/bin/ceph: stderr
