2024-04-25T15:36:05.692+0000 7f04a8de2700 1 --2- 172.21.15.19:0/3925626571 >> [v2:172.21.15.19:3300/0,v1:172.21.15.19:6789/0] conn(0x7f04a4108a80 0x7f04a4108e90 secure :-1 s=READY pgs=41 cs=0 l=1 rev1=1 crypto rx=0x7f049400bb40 tx=0x7f049400be50 comp rx=0 tx=0).stop
2024-04-25T15:36:06.465 INFO:teuthology.orchestra.run.smithi019.stdout:/usr/bin/ceph: stderr
2024-04-25T15:36:05.692+0000 7f04a8de2700 1 -- 172.21.15.19:0/3925626571 shutdown_connections
2024-04-25T15:36:06.465 INFO:teuthology.orchestra.run.smithi019.stdout:/usr/bin/ceph: stderr
2024-04-25T15:36:05.692+0000 7f04a8de2700 1 --2- 172.21.15.19:0/3925626571 >> [v2:172.21.15.19:3300/0,v1:172.21.15.19:6789/0] conn(0x7f04a4108a80 0x7f04a4108e90 unknown :-1 s=CLOSED pgs=41 cs=0 l=1 rev1=1 crypto rx=0 tx=0 comp rx=0 tx=0).stop
2024-04-25T15:36:06.465 INFO:teuthology.orchestra.run.smithi019.stdout:/usr/bin/ceph: stderr
2024-04-25T15:36:05.692+0000 7f04a8de2700 1 -- 172.21.15.19:0/3925626571 >> 172.21.15.19:0/3925626571 conn(0x7f04a4104160 msgr2=0x7f04a41065b0 unknown :-1 s=STATE_NONE l=0).mark_down
2024-04-25T15:36:06.465 INFO:teuthology.orchestra.run.smithi019.stdout:/usr/bin/ceph: stderr
2024-04-25T15:36:05.692+0000 7f04a8de2700 1 -- 172.21.15.19:0/3925626571 shutdown_connections
2024-04-25T15:36:06.465 INFO:teuthology.orchestra.run.smithi019.stdout:/usr/bin/ceph: stderr
2024-04-25T15:36:05.692+0000 7f04a8de2700 1 -- 172.21.15.19:0/3925626571 wait complete.
2024-04-25T15:36:06.465 INFO:teuthology.orchestra.run.smithi019.stdout:/usr/bin/ceph: stderr
2024-04-25T15:36:05.693+0000 7f04a8de2700 1 Processor -- start
2024-04-25T15:36:06.465 INFO:teuthology.orchestra.run.smithi019.stdout:/usr/bin/ceph: stderr
2024-04-25T15:36:05.693+0000 7f04a8de2700 1 -- start start
2024-04-25T15:36:06.466 INFO:teuthology.orchestra.run.smithi019.stdout:/usr/bin/ceph: stderr
2024-04-25T15:36:05.693+0000 7f04a8de2700 1 --2- >> [v2:172.21.15.19:3300/0,v1:172.21.15.19:6789/0] conn(0x7f04a4108a80 0x7f04a419bcc0 unknown :-1 s=NONE pgs=0 cs=0 l=1 rev1=0 crypto rx=0 tx=0 comp rx=0 tx=0).connect
2024-04-25T15:36:06.466 INFO:teuthology.orchestra.run.smithi019.stdout:/usr/bin/ceph: stderr
2024-04-25T15:36:05.693+0000 7f04a8de2700 1 -- --> [v2:172.21.15.19:3300/0,v1:172.21.15.19:6789/0] -- mon_getmap magic: 0 -- 0x7f04a407c9f0 con 0x7f04a4108a80
2024-04-25T15:36:06.466 INFO:teuthology.orchestra.run.smithi019.stdout:/usr/bin/ceph: stderr
2024-04-25T15:36:05.693+0000 7f04a259c700 1 --2- >> [v2:172.21.15.19:3300/0,v1:172.21.15.19:6789/0] conn(0x7f04a4108a80 0x7f04a419bcc0 unknown :-1 s=BANNER_CONNECTING pgs=0 cs=0 l=1 rev1=0 crypto rx=0 tx=0 comp rx=0 tx=0)._handle_peer_banner_payload supported=3 required=0
2024-04-25T15:36:06.466 INFO:teuthology.orchestra.run.smithi019.stdout:/usr/bin/ceph: stderr
2024-04-25T15:36:05.693+0000 7f04a259c700 1 --2- >> [v2:172.21.15.19:3300/0,v1:172.21.15.19:6789/0] conn(0x7f04a4108a80 0x7f04a419bcc0 unknown :-1 s=HELLO_CONNECTING pgs=0 cs=0 l=1 rev1=1 crypto rx=0 tx=0 comp rx=0 tx=0).handle_hello peer v2:172.21.15.19:3300/0 says I am v2:172.21.15.19:53626/0 (socket says 172.21.15.19:53626)
2024-04-25T15:36:06.466 INFO:teuthology.orchestra.run.smithi019.stdout:/usr/bin/ceph: stderr
2024-04-25T15:36:05.693+0000 7f04a259c700 1 -- 172.21.15.19:0/3717342557 learned_addr learned my addr 172.21.15.19:0/3717342557 (peer_addr_for_me v2:172.21.15.19:0/0)
2024-04-25T15:36:06.466 INFO:teuthology.orchestra.run.smithi019.stdout:/usr/bin/ceph: stderr
2024-04-25T15:36:05.693+0000 7f04a259c700 1 -- 172.21.15.19:0/3717342557 --> [v2:172.21.15.19:3300/0,v1:172.21.15.19:6789/0] -- mon_subscribe({config=0+,monmap=0+}) -- 0x7f04a419c200 con 0x7f04a4108a80
2024-04-25T15:36:06.466 INFO:teuthology.orchestra.run.smithi019.stdout:/usr/bin/ceph: stderr
2024-04-25T15:36:05.694+0000 7f04a259c700 1 --2- 172.21.15.19:0/3717342557 >> [v2:172.21.15.19:3300/0,v1:172.21.15.19:6789/0] conn(0x7f04a4108a80 0x7f04a419bcc0 secure :-1 s=READY pgs=42 cs=0 l=1 rev1=1 crypto rx=0x7f049400bb10 tx=0x7f0494003ff0 comp rx=0 tx=0).ready entity=mon.0 client_cookie=0 server_cookie=0 in_seq=0 out_seq=0
2024-04-25T15:36:06.466 INFO:teuthology.orchestra.run.smithi019.stdout:/usr/bin/ceph: stderr
2024-04-25T15:36:05.694+0000 7f049b7fe700 1 -- 172.21.15.19:0/3717342557 <== mon.0 v2:172.21.15.19:3300/0 1 ==== mon_map magic: 0 ==== 205+0+0 (secure 0 0 0) 0x7f0494027070 con 0x7f04a4108a80
2024-04-25T15:36:06.466 INFO:teuthology.orchestra.run.smithi019.stdout:/usr/bin/ceph: stderr
2024-04-25T15:36:05.694+0000 7f049b7fe700 1 -- 172.21.15.19:0/3717342557 <== mon.0 v2:172.21.15.19:3300/0 2 ==== config(26 keys) ==== 1070+0+0 (secure 0 0 0) 0x7f0494010c00 con 0x7f04a4108a80
2024-04-25T15:36:06.466 INFO:teuthology.orchestra.run.smithi019.stdout:/usr/bin/ceph: stderr
2024-04-25T15:36:05.694+0000 7f04a8de2700 1 -- 172.21.15.19:0/3717342557 --> [v2:172.21.15.19:3300/0,v1:172.21.15.19:6789/0] -- mon_subscribe({mgrmap=0+}) -- 0x7f04a419c490 con 0x7f04a4108a80
2024-04-25T15:36:06.466 INFO:teuthology.orchestra.run.smithi019.stdout:/usr/bin/ceph: stderr
2024-04-25T15:36:05.694+0000 7f049b7fe700 1 -- 172.21.15.19:0/3717342557 <== mon.0 v2:172.21.15.19:3300/0 3 ==== mon_map magic: 0 ==== 205+0+0 (secure 0 0 0) 0x7f0494022c50 con 0x7f04a4108a80
2024-04-25T15:36:06.466 INFO:teuthology.orchestra.run.smithi019.stdout:/usr/bin/ceph: stderr
2024-04-25T15:36:05.694+0000 7f04a8de2700 1 -- 172.21.15.19:0/3717342557 --> [v2:172.21.15.19:3300/0,v1:172.21.15.19:6789/0] -- mon_subscribe({osdmap=0}) -- 0x7f04a419f0a0 con 0x7f04a4108a80
2024-04-25T15:36:06.466 INFO:teuthology.orchestra.run.smithi019.stdout:/usr/bin/ceph: stderr
2024-04-25T15:36:05.695+0000 7f049b7fe700 1 -- 172.21.15.19:0/3717342557 <== mon.0 v2:172.21.15.19:3300/0 4 ==== mgrmap(e 8) ==== 49516+0+0 (secure 0 0 0) 0x7f049402a070 con 0x7f04a4108a80
2024-04-25T15:36:06.467 INFO:teuthology.orchestra.run.smithi019.stdout:/usr/bin/ceph: stderr
2024-04-25T15:36:05.695+0000 7f049b7fe700 1 --2- 172.21.15.19:0/3717342557 >> [v2:172.21.15.19:6800/2947666366,v1:172.21.15.19:6801/2947666366] conn(0x7f049003d690 0x7f049003fba0 unknown :-1 s=NONE pgs=0 cs=0 l=1 rev1=0 crypto rx=0 tx=0 comp rx=0 tx=0).connect
2024-04-25T15:36:06.467 INFO:teuthology.orchestra.run.smithi019.stdout:/usr/bin/ceph: stderr
2024-04-25T15:36:05.695+0000 7f049b7fe700 1 -- 172.21.15.19:0/3717342557 <== mon.0 v2:172.21.15.19:3300/0 5 ==== osd_map(2..2 src has 1..2) ==== 940+0+0 (secure 0 0 0) 0x7f049401f070 con 0x7f04a4108a80
2024-04-25T15:36:06.467 INFO:teuthology.orchestra.run.smithi019.stdout:/usr/bin/ceph: stderr
2024-04-25T15:36:05.695+0000 7f04a1d9b700 1 --2- 172.21.15.19:0/3717342557 >> [v2:172.21.15.19:6800/2947666366,v1:172.21.15.19:6801/2947666366] conn(0x7f049003d690 0x7f049003fba0 unknown :-1 s=BANNER_CONNECTING pgs=0 cs=0 l=1 rev1=0 crypto rx=0 tx=0 comp rx=0 tx=0)._handle_peer_banner_payload supported=3 required=0
2024-04-25T15:36:06.467 INFO:teuthology.orchestra.run.smithi019.stdout:/usr/bin/ceph: stderr
2024-04-25T15:36:05.695+0000 7f04a8de2700 1 -- 172.21.15.19:0/3717342557 --> [v2:172.21.15.19:3300/0,v1:172.21.15.19:6789/0] -- mon_command({"prefix": "get_command_descriptions"} v 0) -- 0x7f04a4064cf0 con 0x7f04a4108a80
2024-04-25T15:36:06.467 INFO:teuthology.orchestra.run.smithi019.stdout:/usr/bin/ceph: stderr
2024-04-25T15:36:05.696+0000 7f04a1d9b700 1 --2- 172.21.15.19:0/3717342557 >> [v2:172.21.15.19:6800/2947666366,v1:172.21.15.19:6801/2947666366] conn(0x7f049003d690 0x7f049003fba0 secure :-1 s=READY pgs=10 cs=0 l=1 rev1=1 crypto rx=0x7f048c006fd0 tx=0x7f048c006e40 comp rx=0 tx=0).ready entity=mgr.14118 client_cookie=0 server_cookie=0 in_seq=0 out_seq=0
2024-04-25T15:36:06.467 INFO:teuthology.orchestra.run.smithi019.stdout:/usr/bin/ceph: stderr
2024-04-25T15:36:05.701+0000 7f049b7fe700 1 -- 172.21.15.19:0/3717342557 <== mon.0 v2:172.21.15.19:3300/0 6 ==== mon_command_ack([{"prefix": "get_command_descriptions"}]=0 v0) ==== 72+0+188370 (secure 0 0 0) 0x7f0494015070 con 0x7f04a4108a80
2024-04-25T15:36:06.467 INFO:teuthology.orchestra.run.smithi019.stdout:/usr/bin/ceph: stderr
2024-04-25T15:36:05.912+0000 7f04a8de2700 1 -- 172.21.15.19:0/3717342557 --> [v2:172.21.15.19:6800/2947666366,v1:172.21.15.19:6801/2947666366] -- mgr_command(tid 0: {"prefix": "cephadm get-pub-key", "target": ["mon-mgr", ""]}) -- 0x7f04a4063ad0 con 0x7f049003d690
2024-04-25T15:36:06.467 INFO:teuthology.orchestra.run.smithi019.stdout:/usr/bin/ceph: stderr
2024-04-25T15:36:05.913+0000 7f049b7fe700 1 -- 172.21.15.19:0/3717342557 <== mgr.14118 v2:172.21.15.19:6800/2947666366 1 ==== mgr_command_reply(tid 0: 0 ) ==== 8+0+595 (secure 0 0 0) 0x7f04a4063ad0 con 0x7f049003d690
2024-04-25T15:36:06.467 INFO:teuthology.orchestra.run.smithi019.stdout:/usr/bin/ceph: stderr
2024-04-25T15:36:05.915+0000 7f04a8de2700 1 -- 172.21.15.19:0/3717342557 >> [v2:172.21.15.19:6800/2947666366,v1:172.21.15.19:6801/2947666366] conn(0x7f049003d690 msgr2=0x7f049003fba0 secure :-1 s=STATE_CONNECTION_ESTABLISHED l=1).mark_down
2024-04-25T15:36:06.467 INFO:teuthology.orchestra.run.smithi019.stdout:/usr/bin/ceph: stderr
2024-04-25T15:36:05.915+0000 7f04a8de2700 1 --2- 172.21.15.19:0/3717342557 >> [v2:172.21.15.19:6800/2947666366,v1:172.21.15.19:6801/2947666366] conn(0x7f049003d690 0x7f049003fba0 secure :-1 s=READY pgs=10 cs=0 l=1 rev1=1 crypto rx=0x7f048c006fd0 tx=0x7f048c006e40 comp rx=0 tx=0).stop
2024-04-25T15:36:06.467 INFO:teuthology.orchestra.run.smithi019.stdout:/usr/bin/ceph: stderr
2024-04-25T15:36:05.915+0000 7f04a8de2700 1 -- 172.21.15.19:0/3717342557 >> [v2:172.21.15.19:3300/0,v1:172.21.15.19:6789/0] conn(0x7f04a4108a80 msgr2=0x7f04a419bcc0 secure :-1 s=STATE_CONNECTION_ESTABLISHED l=1).mark_down
2024-04-25T15:36:06.467 INFO:teuthology.orchestra.run.smithi019.stdout:/usr/bin/ceph: stderr
2024-04-25T15:36:05.915+0000 7f04a8de2700 1 --2- 172.21.15.19:0/3717342557 >> [v2:172.21.15.19:3300/0,v1:172.21.15.19:6789/0] conn(0x7f04a4108a80 0x7f04a419bcc0 secure :-1 s=READY pgs=42 cs=0 l=1 rev1=1 crypto rx=0x7f049400bb10 tx=0x7f0494003ff0 comp rx=0 tx=0).stop
2024-04-25T15:36:06.467 INFO:teuthology.orchestra.run.smithi019.stdout:/usr/bin/ceph: stderr
2024-04-25T15:36:05.915+0000 7f04a8de2700 1 -- 172.21.15.19:0/3717342557 shutdown_connections
2024-04-25T15:36:06.467 INFO:teuthology.orchestra.run.smithi019.stdout:/usr/bin/ceph: stderr
2024-04-25T15:36:05.915+0000 7f04a8de2700 1 --2- 172.21.15.19:0/3717342557 >> [v2:172.21.15.19:6800/2947666366,v1:172.21.15.19:6801/2947666366] conn(0x7f049003d690 0x7f049003fba0 unknown :-1 s=CLOSED pgs=10 cs=0 l=1 rev1=1 crypto rx=0 tx=0 comp rx=0 tx=0).stop
2024-04-25T15:36:06.468 INFO:teuthology.orchestra.run.smithi019.stdout:/usr/bin/ceph: stderr
2024-04-25T15:36:05.915+0000 7f04a8de2700 1 --2- 172.21.15.19:0/3717342557 >> [v2:172.21.15.19:3300/0,v1:172.21.15.19:6789/0] conn(0x7f04a4108a80 0x7f04a419bcc0 unknown :-1 s=CLOSED pgs=42 cs=0 l=1 rev1=1 crypto rx=0 tx=0 comp rx=0 tx=0).stop
2024-04-25T15:36:06.468 INFO:teuthology.orchestra.run.smithi019.stdout:/usr/bin/ceph: stderr
2024-04-25T15:36:05.915+0000 7f04a8de2700 1 -- 172.21.15.19:0/3717342557 >> 172.21.15.19:0/3717342557 conn(0x7f04a4104160 msgr2=0x7f04a4191f90 unknown :-1 s=STATE_NONE l=0).mark_down
2024-04-25T15:36:06.468 INFO:teuthology.orchestra.run.smithi019.stdout:/usr/bin/ceph: stderr
2024-04-25T15:36:05.915+0000 7f04a8de2700 1 -- 172.21.15.19:0/3717342557 shutdown_connections
2024-04-25T15:36:06.468 INFO:teuthology.orchestra.run.smithi019.stdout:/usr/bin/ceph: stderr
2024-04-25T15:36:05.915+0000 7f04a8de2700 1 -- 172.21.15.19:0/3717342557 wait complete.
2024-04-25T15:36:06.468 INFO:teuthology.orchestra.run.smithi019.stdout:Wrote public SSH key to /home/ubuntu/cephtest/ceph.pub
2024-04-25T15:36:06.468 INFO:teuthology.orchestra.run.smithi019.stdout:Adding key to root@localhost authorized_keys...
2024-04-25T15:36:06.468 INFO:teuthology.orchestra.run.smithi019.stdout:Adding host smithi019...
2024-04-25T15:36:06.833 INFO:journalctl@ceph.mon.a.smithi019.stdout:Apr 25 15:36:06 smithi019 ceph-mon[29406]: from='client.14136 -' entity='client.admin' cmd=[{"prefix": "cephadm get-pub-key", "target": ["mon-mgr", ""]}]: dispatch
2024-04-25T15:36:07.993 INFO:journalctl@ceph.mon.a.smithi019.stdout:Apr 25 15:36:07 smithi019 ceph-mon[29406]: from='client.14138 -' entity='client.admin' cmd=[{"prefix": "orch host add", "hostname": "smithi019", "addr": "172.21.15.19", "target": ["mon-mgr", ""]}]: dispatch
2024-04-25T15:36:09.154 INFO:journalctl@ceph.mon.a.smithi019.stdout:Apr 25 15:36:08 smithi019 ceph-mon[29406]: Deploying cephadm binary to smithi019
2024-04-25T15:36:11.887 INFO:teuthology.orchestra.run.smithi019.stdout:/usr/bin/ceph: stdout Added host 'smithi019' with addr '172.21.15.19'
2024-04-25T15:36:11.887 INFO:teuthology.orchestra.run.smithi019.stdout:/usr/bin/ceph: stderr
2024-04-25T15:36:06.880+0000 7f1bdc5c8700 1 Processor -- start
2024-04-25T15:36:11.888 INFO:teuthology.orchestra.run.smithi019.stdout:/usr/bin/ceph: stderr
2024-04-25T15:36:06.880+0000 7f1bdc5c8700 1 -- start start
2024-04-25T15:36:11.888 INFO:teuthology.orchestra.run.smithi019.stdout:/usr/bin/ceph: stderr
2024-04-25T15:36:06.880+0000 7f1bdc5c8700 1 --2- >> [v2:172.21.15.19:3300/0,v1:172.21.15.19:6789/0] conn(0x7f1bd410a660 0x7f1bd410ca80 unknown :-1 s=NONE pgs=0 cs=0 l=0 rev1=0 crypto rx=0 tx=0 comp rx=0 tx=0).connect
2024-04-25T15:36:11.888 INFO:teuthology.orchestra.run.smithi019.stdout:/usr/bin/ceph: stderr
2024-04-25T15:36:06.880+0000 7f1bdc5c8700 1 -- --> [v2:172.21.15.19:3300/0,v1:172.21.15.19:6789/0] -- mon_getmap magic: 0 -- 0x7f1bd407d720 con 0x7f1bd410a660
2024-04-25T15:36:11.888 INFO:teuthology.orchestra.run.smithi019.stdout:/usr/bin/ceph: stderr
2024-04-25T15:36:06.880+0000 7f1bda364700 1 --2- >> [v2:172.21.15.19:3300/0,v1:172.21.15.19:6789/0] conn(0x7f1bd410a660 0x7f1bd410ca80 unknown :-1 s=BANNER_CONNECTING pgs=0 cs=0 l=0 rev1=0 crypto rx=0 tx=0 comp rx=0 tx=0)._handle_peer_banner_payload supported=3 required=0
2024-04-25T15:36:11.888 INFO:teuthology.orchestra.run.smithi019.stdout:/usr/bin/ceph: stderr
2024-04-25T15:36:06.880+0000 7f1bda364700 1 --2- >> [v2:172.21.15.19:3300/0,v1:172.21.15.19:6789/0] conn(0x7f1bd410a660 0x7f1bd410ca80 unknown :-1 s=HELLO_CONNECTING pgs=0 cs=0 l=0 rev1=1 crypto rx=0 tx=0 comp rx=0 tx=0).handle_hello peer v2:172.21.15.19:3300/0 says I am v2:172.21.15.19:53638/0 (socket says 172.21.15.19:53638)
2024-04-25T15:36:11.888 INFO:teuthology.orchestra.run.smithi019.stdout:/usr/bin/ceph: stderr
2024-04-25T15:36:06.880+0000 7f1bda364700 1 -- 172.21.15.19:0/3974324595 learned_addr learned my addr 172.21.15.19:0/3974324595 (peer_addr_for_me v2:172.21.15.19:0/0)
2024-04-25T15:36:11.888 INFO:teuthology.orchestra.run.smithi019.stdout:/usr/bin/ceph: stderr
2024-04-25T15:36:06.881+0000 7f1bda364700 1 -- 172.21.15.19:0/3974324595 --> [v2:172.21.15.19:3300/0,v1:172.21.15.19:6789/0] -- mon_subscribe({config=0+,monmap=0+}) -- 0x7f1bd410cfc0 con 0x7f1bd410a660
2024-04-25T15:36:11.888 INFO:teuthology.orchestra.run.smithi019.stdout:/usr/bin/ceph: stderr
2024-04-25T15:36:06.881+0000 7f1bda364700 1 --2- 172.21.15.19:0/3974324595 >> [v2:172.21.15.19:3300/0,v1:172.21.15.19:6789/0] conn(0x7f1bd410a660 0x7f1bd410ca80 secure :-1 s=READY pgs=43 cs=0 l=1 rev1=1 crypto rx=0x7f1bd00098a0 tx=0x7f1bd0009bb0 comp rx=0 tx=0).ready entity=mon.0 client_cookie=821985ceaadbaa2f server_cookie=0 in_seq=0 out_seq=0
2024-04-25T15:36:11.888 INFO:teuthology.orchestra.run.smithi019.stdout:/usr/bin/ceph: stderr
2024-04-25T15:36:06.881+0000 7f1bd9362700 1 -- 172.21.15.19:0/3974324595 <== mon.0 v2:172.21.15.19:3300/0 1 ==== mon_map magic: 0 ==== 205+0+0 (secure 0 0 0) 0x7f1bd0004160 con 0x7f1bd410a660
2024-04-25T15:36:11.888 INFO:teuthology.orchestra.run.smithi019.stdout:/usr/bin/ceph: stderr
2024-04-25T15:36:06.881+0000 7f1bd9362700 1 -- 172.21.15.19:0/3974324595 <== mon.0 v2:172.21.15.19:3300/0 2 ==== config(26 keys) ==== 1070+0+0 (secure 0 0 0) 0x7f1bd0004300 con 0x7f1bd410a660
2024-04-25T15:36:11.888 INFO:teuthology.orchestra.run.smithi019.stdout:/usr/bin/ceph: stderr
2024-04-25T15:36:06.881+0000 7f1bd9362700 1 -- 172.21.15.19:0/3974324595 <== mon.0 v2:172.21.15.19:3300/0 3 ==== mon_map magic: 0 ==== 205+0+0 (secure 0 0 0) 0x7f1bd0011af0 con 0x7f1bd410a660
2024-04-25T15:36:11.888 INFO:teuthology.orchestra.run.smithi019.stdout:/usr/bin/ceph: stderr
2024-04-25T15:36:06.882+0000 7f1bdc5c8700 1 -- 172.21.15.19:0/3974324595 >> [v2:172.21.15.19:3300/0,v1:172.21.15.19:6789/0] conn(0x7f1bd410a660 msgr2=0x7f1bd410ca80 secure :-1 s=STATE_CONNECTION_ESTABLISHED l=1).mark_down
2024-04-25T15:36:11.889 INFO:teuthology.orchestra.run.smithi019.stdout:/usr/bin/ceph: stderr
2024-04-25T15:36:06.882+0000 7f1bdc5c8700 1 --2- 172.21.15.19:0/3974324595 >> [v2:172.21.15.19:3300/0,v1:172.21.15.19:6789/0] conn(0x7f1bd410a660 0x7f1bd410ca80 secure :-1 s=READY pgs=43 cs=0 l=1 rev1=1 crypto rx=0x7f1bd00098a0 tx=0x7f1bd0009bb0 comp rx=0 tx=0).stop
2024-04-25T15:36:11.889 INFO:teuthology.orchestra.run.smithi019.stdout:/usr/bin/ceph: stderr
2024-04-25T15:36:06.882+0000 7f1bdc5c8700 1 -- 172.21.15.19:0/3974324595 shutdown_connections
2024-04-25T15:36:11.889 INFO:teuthology.orchestra.run.smithi019.stdout:/usr/bin/ceph: stderr
2024-04-25T15:36:06.882+0000 7f1bdc5c8700 1 --2- 172.21.15.19:0/3974324595 >> [v2:172.21.15.19:3300/0,v1:172.21.15.19:6789/0] conn(0x7f1bd410a660 0x7f1bd410ca80 unknown :-1 s=CLOSED pgs=43 cs=0 l=1 rev1=1 crypto rx=0 tx=0 comp rx=0 tx=0).stop
2024-04-25T15:36:11.889 INFO:teuthology.orchestra.run.smithi019.stdout:/usr/bin/ceph: stderr
2024-04-25T15:36:06.882+0000 7f1bdc5c8700 1 -- 172.21.15.19:0/3974324595 >> 172.21.15.19:0/3974324595 conn(0x7f1bd4104160 msgr2=0x7f1bd41065b0 unknown :-1 s=STATE_NONE l=0).mark_down
2024-04-25T15:36:11.889 INFO:teuthology.orchestra.run.smithi019.stdout:/usr/bin/ceph: stderr
2024-04-25T15:36:06.882+0000 7f1bdc5c8700 1 -- 172.21.15.19:0/3974324595 shutdown_connections
2024-04-25T15:36:11.889 INFO:teuthology.orchestra.run.smithi019.stdout:/usr/bin/ceph: stderr
2024-04-25T15:36:06.882+0000 7f1bdc5c8700 1 -- 172.21.15.19:0/3974324595 wait complete.
2024-04-25T15:36:11.889 INFO:teuthology.orchestra.run.smithi019.stdout:/usr/bin/ceph: stderr
2024-04-25T15:36:06.882+0000 7f1bdc5c8700 1 Processor -- start
2024-04-25T15:36:11.889 INFO:teuthology.orchestra.run.smithi019.stdout:/usr/bin/ceph: stderr
2024-04-25T15:36:06.883+0000 7f1bdc5c8700 1 -- start start
2024-04-25T15:36:11.889 INFO:teuthology.orchestra.run.smithi019.stdout:/usr/bin/ceph: stderr
2024-04-25T15:36:06.883+0000 7f1bdc5c8700 1 --2- >> [v2:172.21.15.19:3300/0,v1:172.21.15.19:6789/0] conn(0x7f1bd410a660 0x7f1bd4109de0 unknown :-1 s=NONE pgs=0 cs=0 l=1 rev1=0 crypto rx=0 tx=0 comp rx=0 tx=0).connect
2024-04-25T15:36:11.889 INFO:teuthology.orchestra.run.smithi019.stdout:/usr/bin/ceph: stderr
2024-04-25T15:36:06.883+0000 7f1bdc5c8700 1 -- --> [v2:172.21.15.19:3300/0,v1:172.21.15.19:6789/0] -- mon_getmap magic: 0 -- 0x7f1bd410df80 con 0x7f1bd410a660
2024-04-25T15:36:11.889 INFO:teuthology.orchestra.run.smithi019.stdout:/usr/bin/ceph: stderr
2024-04-25T15:36:06.883+0000 7f1bda364700 1 --2- >> [v2:172.21.15.19:3300/0,v1:172.21.15.19:6789/0] conn(0x7f1bd410a660 0x7f1bd4109de0 unknown :-1 s=BANNER_CONNECTING pgs=0 cs=0 l=1 rev1=0 crypto rx=0 tx=0 comp rx=0 tx=0)._handle_peer_banner_payload supported=3 required=0
2024-04-25T15:36:11.889 INFO:teuthology.orchestra.run.smithi019.stdout:/usr/bin/ceph: stderr
2024-04-25T15:36:06.883+0000 7f1bda364700 1 --2- >> [v2:172.21.15.19:3300/0,v1:172.21.15.19:6789/0] conn(0x7f1bd410a660 0x7f1bd4109de0 unknown :-1 s=HELLO_CONNECTING pgs=0 cs=0 l=1 rev1=1 crypto rx=0 tx=0 comp rx=0 tx=0).handle_hello peer v2:172.21.15.19:3300/0 says I am v2:172.21.15.19:53652/0 (socket says 172.21.15.19:53652)
2024-04-25T15:36:11.889 INFO:teuthology.orchestra.run.smithi019.stdout:/usr/bin/ceph: stderr
2024-04-25T15:36:06.883+0000 7f1bda364700 1 -- 172.21.15.19:0/1426318779 learned_addr learned my addr 172.21.15.19:0/1426318779 (peer_addr_for_me v2:172.21.15.19:0/0)
2024-04-25T15:36:11.890 INFO:teuthology.orchestra.run.smithi019.stdout:/usr/bin/ceph: stderr
2024-04-25T15:36:06.883+0000 7f1bda364700 1 -- 172.21.15.19:0/1426318779 --> [v2:172.21.15.19:3300/0,v1:172.21.15.19:6789/0] -- mon_subscribe({config=0+,monmap=0+}) -- 0x7f1bd410a320 con 0x7f1bd410a660
2024-04-25T15:36:11.890 INFO:teuthology.orchestra.run.smithi019.stdout:/usr/bin/ceph: stderr
2024-04-25T15:36:06.883+0000 7f1bda364700 1 --2- 172.21.15.19:0/1426318779 >> [v2:172.21.15.19:3300/0,v1:172.21.15.19:6789/0] conn(0x7f1bd410a660 0x7f1bd4109de0 secure :-1 s=READY pgs=44 cs=0 l=1 rev1=1 crypto rx=0x7f1bd0009fb0 tx=0x7f1bd0011890 comp rx=0 tx=0).ready entity=mon.0 client_cookie=0 server_cookie=0 in_seq=0 out_seq=0
2024-04-25T15:36:11.890 INFO:teuthology.orchestra.run.smithi019.stdout:/usr/bin/ceph: stderr
2024-04-25T15:36:06.883+0000 7f1bc77fe700 1 -- 172.21.15.19:0/1426318779 <== mon.0 v2:172.21.15.19:3300/0 1 ==== mon_map magic: 0 ==== 205+0+0 (secure 0 0 0) 0x7f1bd0011bc0 con 0x7f1bd410a660
2024-04-25T15:36:11.890 INFO:teuthology.orchestra.run.smithi019.stdout:/usr/bin/ceph: stderr
2024-04-25T15:36:06.883+0000 7f1bc77fe700 1 -- 172.21.15.19:0/1426318779 <== mon.0 v2:172.21.15.19:3300/0 2 ==== config(26 keys) ==== 1070+0+0 (secure 0 0 0) 0x7f1bd0024440 con 0x7f1bd410a660
2024-04-25T15:36:11.890 INFO:teuthology.orchestra.run.smithi019.stdout:/usr/bin/ceph: stderr
2024-04-25T15:36:06.883+0000 7f1bdc5c8700 1 -- 172.21.15.19:0/1426318779 --> [v2:172.21.15.19:3300/0,v1:172.21.15.19:6789/0] -- mon_subscribe({mgrmap=0+}) -- 0x7f1bd4108570 con 0x7f1bd410a660
2024-04-25T15:36:11.890 INFO:teuthology.orchestra.run.smithi019.stdout:/usr/bin/ceph: stderr
2024-04-25T15:36:06.883+0000 7f1bc77fe700 1 -- 172.21.15.19:0/1426318779 <== mon.0 v2:172.21.15.19:3300/0 3 ==== mon_map magic: 0 ==== 205+0+0 (secure 0 0 0) 0x7f1bd001a5c0 con 0x7f1bd410a660
2024-04-25T15:36:11.890 INFO:teuthology.orchestra.run.smithi019.stdout:/usr/bin/ceph: stderr
2024-04-25T15:36:06.884+0000 7f1bdc5c8700 1 -- 172.21.15.19:0/1426318779 --> [v2:172.21.15.19:3300/0,v1:172.21.15.19:6789/0] -- mon_subscribe({osdmap=0}) -- 0x7f1bd4108a50 con 0x7f1bd410a660
2024-04-25T15:36:11.890 INFO:teuthology.orchestra.run.smithi019.stdout:/usr/bin/ceph: stderr
2024-04-25T15:36:06.884+0000 7f1bdc5c8700 1 -- 172.21.15.19:0/1426318779 --> [v2:172.21.15.19:3300/0,v1:172.21.15.19:6789/0] -- mon_command({"prefix": "get_command_descriptions"} v 0) -- 0x7f1bd4064cf0 con 0x7f1bd410a660
2024-04-25T15:36:11.890 INFO:teuthology.orchestra.run.smithi019.stdout:/usr/bin/ceph: stderr
2024-04-25T15:36:06.884+0000 7f1bc77fe700 1 -- 172.21.15.19:0/1426318779 <== mon.0 v2:172.21.15.19:3300/0 4 ==== mgrmap(e 8) ==== 49516+0+0 (secure 0 0 0) 0x7f1bd001a830 con 0x7f1bd410a660
2024-04-25T15:36:11.890 INFO:teuthology.orchestra.run.smithi019.stdout:/usr/bin/ceph: stderr
2024-04-25T15:36:06.885+0000 7f1bc77fe700 1 --2- 172.21.15.19:0/1426318779 >> [v2:172.21.15.19:6800/2947666366,v1:172.21.15.19:6801/2947666366] conn(0x7f1bc003d630 0x7f1bc003fb40 unknown :-1 s=NONE pgs=0 cs=0 l=1 rev1=0 crypto rx=0 tx=0 comp rx=0 tx=0).connect
2024-04-25T15:36:11.890 INFO:teuthology.orchestra.run.smithi019.stdout:/usr/bin/ceph: stderr
2024-04-25T15:36:06.885+0000 7f1bc77fe700 1 -- 172.21.15.19:0/1426318779 <== mon.0 v2:172.21.15.19:3300/0 5 ==== osd_map(2..2 src has 1..2) ==== 940+0+0 (secure 0 0 0) 0x7f1bd00525f0 con 0x7f1bd410a660
2024-04-25T15:36:11.890 INFO:teuthology.orchestra.run.smithi019.stdout:/usr/bin/ceph: stderr
2024-04-25T15:36:06.885+0000 7f1bd9b63700 1 --2- 172.21.15.19:0/1426318779 >> [v2:172.21.15.19:6800/2947666366,v1:172.21.15.19:6801/2947666366] conn(0x7f1bc003d630 0x7f1bc003fb40 unknown :-1 s=BANNER_CONNECTING pgs=0 cs=0 l=1 rev1=0 crypto rx=0 tx=0 comp rx=0 tx=0)._handle_peer_banner_payload supported=3 required=0
2024-04-25T15:36:11.890 INFO:teuthology.orchestra.run.smithi019.stdout:/usr/bin/ceph: stderr
2024-04-25T15:36:06.885+0000 7f1bd9b63700 1 --2- 172.21.15.19:0/1426318779 >> [v2:172.21.15.19:6800/2947666366,v1:172.21.15.19:6801/2947666366] conn(0x7f1bc003d630 0x7f1bc003fb40 secure :-1 s=READY pgs=11 cs=0 l=1 rev1=1 crypto rx=0x7f1bc8006fd0 tx=0x7f1bc8006e40 comp rx=0 tx=0).ready entity=mgr.14118 client_cookie=0 server_cookie=0 in_seq=0 out_seq=0
2024-04-25T15:36:11.891 INFO:teuthology.orchestra.run.smithi019.stdout:/usr/bin/ceph: stderr
2024-04-25T15:36:06.890+0000 7f1bc77fe700 1 -- 172.21.15.19:0/1426318779 <== mon.0 v2:172.21.15.19:3300/0 6 ==== mon_command_ack([{"prefix": "get_command_descriptions"}]=0 v0) ==== 72+0+188370 (secure 0 0 0) 0x7f1bd000b3e0 con 0x7f1bd410a660
2024-04-25T15:36:11.891 INFO:teuthology.orchestra.run.smithi019.stdout:/usr/bin/ceph: stderr
2024-04-25T15:36:07.106+0000 7f1bdc5c8700 1 -- 172.21.15.19:0/1426318779 --> [v2:172.21.15.19:6800/2947666366,v1:172.21.15.19:6801/2947666366] -- mgr_command(tid 0: {"prefix": "orch host add", "hostname": "smithi019", "addr": "172.21.15.19", "target": ["mon-mgr", ""]}) -- 0x7f1bd4109240 con 0x7f1bc003d630
2024-04-25T15:36:11.891 INFO:teuthology.orchestra.run.smithi019.stdout:/usr/bin/ceph: stderr
2024-04-25T15:36:11.311+0000 7f1bc77fe700 1 -- 172.21.15.19:0/1426318779 <== mgr.14118 v2:172.21.15.19:6800/2947666366 1 ==== mgr_command_reply(tid 0: 0 ) ==== 8+0+48 (secure 0 0 0) 0x7f1bd4109240 con 0x7f1bc003d630
2024-04-25T15:36:11.891 INFO:teuthology.orchestra.run.smithi019.stdout:/usr/bin/ceph: stderr
2024-04-25T15:36:11.314+0000 7f1bdc5c8700 1 -- 172.21.15.19:0/1426318779 >> [v2:172.21.15.19:6800/2947666366,v1:172.21.15.19:6801/2947666366] conn(0x7f1bc003d630 msgr2=0x7f1bc003fb40 secure :-1 s=STATE_CONNECTION_ESTABLISHED l=1).mark_down
2024-04-25T15:36:11.891 INFO:teuthology.orchestra.run.smithi019.stdout:/usr/bin/ceph: stderr
2024-04-25T15:36:11.314+0000 7f1bdc5c8700 1 --2- 172.21.15.19:0/1426318779 >> [v2:172.21.15.19:6800/2947666366,v1:172.21.15.19:6801/2947666366] conn(0x7f1bc003d630 0x7f1bc003fb40 secure :-1 s=READY pgs=11 cs=0 l=1 rev1=1 crypto rx=0x7f1bc8006fd0 tx=0x7f1bc8006e40 comp rx=0 tx=0).stop
2024-04-25T15:36:11.891 INFO:teuthology.orchestra.run.smithi019.stdout:/usr/bin/ceph: stderr
2024-04-25T15:36:11.314+0000 7f1bdc5c8700 1 -- 172.21.15.19:0/1426318779 >> [v2:172.21.15.19:3300/0,v1:172.21.15.19:6789/0] conn(0x7f1bd410a660 msgr2=0x7f1bd4109de0 secure :-1 s=STATE_CONNECTION_ESTABLISHED l=1).mark_down
2024-04-25T15:36:11.891 INFO:teuthology.orchestra.run.smithi019.stdout:/usr/bin/ceph: stderr
2024-04-25T15:36:11.314+0000 7f1bdc5c8700 1 --2- 172.21.15.19:0/1426318779 >> [v2:172.21.15.19:3300/0,v1:172.21.15.19:6789/0] conn(0x7f1bd410a660 0x7f1bd4109de0 secure :-1 s=READY pgs=44 cs=0 l=1 rev1=1 crypto rx=0x7f1bd0009fb0 tx=0x7f1bd0011890 comp rx=0 tx=0).stop
2024-04-25T15:36:11.891 INFO:teuthology.orchestra.run.smithi019.stdout:/usr/bin/ceph: stderr
2024-04-25T15:36:11.314+0000 7f1bdc5c8700 1 -- 172.21.15.19:0/1426318779 shutdown_connections
2024-04-25T15:36:11.891 INFO:teuthology.orchestra.run.smithi019.stdout:/usr/bin/ceph: stderr
2024-04-25T15:36:11.314+0000 7f1bdc5c8700 1 --2- 172.21.15.19:0/1426318779 >> [v2:172.21.15.19:6800/2947666366,v1:172.21.15.19:6801/2947666366] conn(0x7f1bc003d630 0x7f1bc003fb40 unknown :-1 s=CLOSED pgs=11 cs=0 l=1 rev1=1 crypto rx=0 tx=0 comp rx=0 tx=0).stop
2024-04-25T15:36:11.891 INFO:teuthology.orchestra.run.smithi019.stdout:/usr/bin/ceph: stderr
2024-04-25T15:36:11.314+0000 7f1bdc5c8700 1 --2- 172.21.15.19:0/1426318779 >> [v2:172.21.15.19:3300/0,v1:172.21.15.19:6789/0] conn(0x7f1bd410a660 0x7f1bd4109de0 unknown :-1 s=CLOSED pgs=44 cs=0 l=1 rev1=1 crypto rx=0 tx=0 comp rx=0 tx=0).stop
2024-04-25T15:36:11.891 INFO:teuthology.orchestra.run.smithi019.stdout:/usr/bin/ceph: stderr
2024-04-25T15:36:11.314+0000 7f1bdc5c8700 1 -- 172.21.15.19:0/1426318779 >> 172.21.15.19:0/1426318779 conn(0x7f1bd4104160 msgr2=0x7f1bd4105aa0 unknown :-1 s=STATE_NONE l=0).mark_down
2024-04-25T15:36:11.891 INFO:teuthology.orchestra.run.smithi019.stdout:/usr/bin/ceph: stderr
2024-04-25T15:36:11.314+0000 7f1bdc5c8700 1 -- 172.21.15.19:0/1426318779 shutdown_connections
2024-04-25T15:36:11.891 INFO:teuthology.orchestra.run.smithi019.stdout:/usr/bin/ceph: stderr
2024-04-25T15:36:11.314+0000 7f1bdc5c8700 1 -- 172.21.15.19:0/1426318779 wait complete.
2024-04-25T15:36:11.891 INFO:teuthology.orchestra.run.smithi019.stdout:Deploying unmanaged mon service...
2024-04-25T15:36:12.613 INFO:journalctl@ceph.mon.a.smithi019.stdout:Apr 25 15:36:12 smithi019 ceph-mon[29406]: from='mgr.14118 172.21.15.19:0/4240406316' entity='mgr.x'
2024-04-25T15:36:12.613 INFO:journalctl@ceph.mon.a.smithi019.stdout:Apr 25 15:36:12 smithi019 ceph-mon[29406]: Added host smithi019
2024-04-25T15:36:12.613 INFO:journalctl@ceph.mon.a.smithi019.stdout:Apr 25 15:36:12 smithi019 ceph-mon[29406]: from='mgr.14118 172.21.15.19:0/4240406316' entity='mgr.x' cmd=[{"prefix": "config dump", "format": "json"}]: dispatch
2024-04-25T15:36:13.825 INFO:journalctl@ceph.mon.a.smithi019.stdout:Apr 25 15:36:13 smithi019 ceph-mon[29406]: from='client.14140 -' entity='client.admin' cmd=[{"prefix": "orch apply", "service_type": "mon", "unmanaged": true, "target": ["mon-mgr", ""]}]: dispatch
2024-04-25T15:36:13.825 INFO:journalctl@ceph.mon.a.smithi019.stdout:Apr 25 15:36:13 smithi019 ceph-mon[29406]: Saving service mon spec with placement count:5
2024-04-25T15:36:13.825 INFO:journalctl@ceph.mon.a.smithi019.stdout:Apr 25 15:36:13 smithi019 ceph-mon[29406]: from='mgr.14118 172.21.15.19:0/4240406316' entity='mgr.x'
2024-04-25T15:36:13.825 INFO:journalctl@ceph.mon.a.smithi019.stdout:Apr 25 15:36:13 smithi019 ceph-mon[29406]: from='mgr.14118 172.21.15.19:0/4240406316' entity='mgr.x'
2024-04-25T15:36:14.143 INFO:teuthology.orchestra.run.smithi019.stdout:/usr/bin/ceph: stdout Scheduled mon update...
2024-04-25T15:36:14.143 INFO:teuthology.orchestra.run.smithi019.stdout:/usr/bin/ceph: stderr
2024-04-25T15:36:12.357+0000 7f9e6a64a700 1 Processor -- start
2024-04-25T15:36:14.143 INFO:teuthology.orchestra.run.smithi019.stdout:/usr/bin/ceph: stderr
2024-04-25T15:36:12.357+0000 7f9e6a64a700 1 -- start start
2024-04-25T15:36:14.144 INFO:teuthology.orchestra.run.smithi019.stdout:/usr/bin/ceph: stderr
2024-04-25T15:36:12.357+0000 7f9e6a64a700 1 --2- >> [v2:172.21.15.19:3300/0,v1:172.21.15.19:6789/0] conn(0x7f9e64108aa0 0x7f9e64108eb0 unknown :-1 s=NONE pgs=0 cs=0 l=0 rev1=0 crypto rx=0 tx=0 comp rx=0 tx=0).connect
2024-04-25T15:36:14.144 INFO:teuthology.orchestra.run.smithi019.stdout:/usr/bin/ceph: stderr
2024-04-25T15:36:12.357+0000 7f9e6a64a700 1 -- --> [v2:172.21.15.19:3300/0,v1:172.21.15.19:6789/0] -- mon_getmap magic: 0 -- 0x7f9e641094a0 con 0x7f9e64108aa0
2024-04-25T15:36:14.144 INFO:teuthology.orchestra.run.smithi019.stdout:/usr/bin/ceph: stderr
2024-04-25T15:36:12.358+0000 7f9e63fff700 1 --2- >> [v2:172.21.15.19:3300/0,v1:172.21.15.19:6789/0] conn(0x7f9e64108aa0 0x7f9e64108eb0 unknown :-1 s=BANNER_CONNECTING pgs=0 cs=0 l=0 rev1=0 crypto rx=0 tx=0 comp rx=0 tx=0)._handle_peer_banner_payload supported=3 required=0
2024-04-25T15:36:14.144 INFO:teuthology.orchestra.run.smithi019.stdout:/usr/bin/ceph: stderr
2024-04-25T15:36:12.358+0000 7f9e63fff700 1 --2- >> [v2:172.21.15.19:3300/0,v1:172.21.15.19:6789/0] conn(0x7f9e64108aa0 0x7f9e64108eb0 unknown :-1 s=HELLO_CONNECTING pgs=0 cs=0 l=0 rev1=1 crypto rx=0 tx=0 comp rx=0 tx=0).handle_hello peer v2:172.21.15.19:3300/0 says I am v2:172.21.15.19:57036/0 (socket says 172.21.15.19:57036)
2024-04-25T15:36:14.144 INFO:teuthology.orchestra.run.smithi019.stdout:/usr/bin/ceph: stderr
2024-04-25T15:36:12.358+0000 7f9e63fff700 1 -- 172.21.15.19:0/1474635495 learned_addr learned my addr 172.21.15.19:0/1474635495 (peer_addr_for_me v2:172.21.15.19:0/0)
2024-04-25T15:36:14.144 INFO:teuthology.orchestra.run.smithi019.stdout:/usr/bin/ceph: stderr
2024-04-25T15:36:12.358+0000 7f9e63fff700 1 -- 172.21.15.19:0/1474635495 --> [v2:172.21.15.19:3300/0,v1:172.21.15.19:6789/0] -- mon_subscribe({config=0+,monmap=0+}) -- 0x7f9e64109c70 con 0x7f9e64108aa0
2024-04-25T15:36:14.144 INFO:teuthology.orchestra.run.smithi019.stdout:/usr/bin/ceph: stderr
2024-04-25T15:36:12.358+0000 7f9e63fff700 1 --2- 172.21.15.19:0/1474635495 >> [v2:172.21.15.19:3300/0,v1:172.21.15.19:6789/0] conn(0x7f9e64108aa0 0x7f9e64108eb0 secure :-1 s=READY pgs=45 cs=0 l=1 rev1=1 crypto rx=0x7f9e540098a0 tx=0x7f9e54009bb0 comp rx=0 tx=0).ready entity=mon.0 client_cookie=1a8b8c5d152bcf1 server_cookie=0 in_seq=0 out_seq=0
2024-04-25T15:36:14.144 INFO:teuthology.orchestra.run.smithi019.stdout:/usr/bin/ceph: stderr
2024-04-25T15:36:12.358+0000 7f9e62ffd700 1 -- 172.21.15.19:0/1474635495 <== mon.0 v2:172.21.15.19:3300/0 1 ==== mon_map magic: 0 ==== 205+0+0 (secure 0 0 0) 0x7f9e54004160 con 0x7f9e64108aa0
2024-04-25T15:36:14.144 INFO:teuthology.orchestra.run.smithi019.stdout:/usr/bin/ceph: stderr
2024-04-25T15:36:12.359+0000 7f9e62ffd700 1 -- 172.21.15.19:0/1474635495 <== mon.0 v2:172.21.15.19:3300/0 2 ==== config(26 keys) ==== 1070+0+0 (secure 0 0 0) 0x7f9e54004300 con 0x7f9e64108aa0
2024-04-25T15:36:14.144 INFO:teuthology.orchestra.run.smithi019.stdout:/usr/bin/ceph: stderr
2024-04-25T15:36:12.359+0000 7f9e62ffd700 1 -- 172.21.15.19:0/1474635495 <== mon.0 v2:172.21.15.19:3300/0 3 ==== mon_map magic: 0 ==== 205+0+0 (secure 0 0 0) 0x7f9e54011af0 con 0x7f9e64108aa0
2024-04-25T15:36:14.144 INFO:teuthology.orchestra.run.smithi019.stdout:/usr/bin/ceph: stderr
2024-04-25T15:36:12.359+0000 7f9e6a64a700 1 -- 172.21.15.19:0/1474635495 >> [v2:172.21.15.19:3300/0,v1:172.21.15.19:6789/0] conn(0x7f9e64108aa0 msgr2=0x7f9e64108eb0 secure :-1 s=STATE_CONNECTION_ESTABLISHED l=1).mark_down
2024-04-25T15:36:14.144 INFO:teuthology.orchestra.run.smithi019.stdout:/usr/bin/ceph: stderr
2024-04-25T15:36:12.359+0000 7f9e6a64a700 1 --2- 172.21.15.19:0/1474635495 >> [v2:172.21.15.19:3300/0,v1:172.21.15.19:6789/0] conn(0x7f9e64108aa0 0x7f9e64108eb0 secure :-1 s=READY pgs=45 cs=0 l=1 rev1=1 crypto rx=0x7f9e540098a0 tx=0x7f9e54009bb0 comp rx=0 tx=0).stop
2024-04-25T15:36:14.144 INFO:teuthology.orchestra.run.smithi019.stdout:/usr/bin/ceph: stderr
2024-04-25T15:36:12.359+0000 7f9e6a64a700 1 -- 172.21.15.19:0/1474635495 shutdown_connections
2024-04-25T15:36:14.144 INFO:teuthology.orchestra.run.smithi019.stdout:/usr/bin/ceph: stderr
2024-04-25T15:36:12.359+0000 7f9e6a64a700 1 --2- 172.21.15.19:0/1474635495 >> [v2:172.21.15.19:3300/0,v1:172.21.15.19:6789/0] conn(0x7f9e64108aa0 0x7f9e64108eb0 unknown :-1 s=CLOSED pgs=45 cs=0 l=1 rev1=1 crypto rx=0 tx=0 comp rx=0 tx=0).stop
2024-04-25T15:36:14.145 INFO:teuthology.orchestra.run.smithi019.stdout:/usr/bin/ceph: stderr
2024-04-25T15:36:12.359+0000 7f9e6a64a700 1 -- 172.21.15.19:0/1474635495 >> 172.21.15.19:0/1474635495 conn(0x7f9e64104160 msgr2=0x7f9e641065b0 unknown :-1 s=STATE_NONE l=0).mark_down
2024-04-25T15:36:14.145 INFO:teuthology.orchestra.run.smithi019.stdout:/usr/bin/ceph: stderr
2024-04-25T15:36:12.359+0000 7f9e6a64a700 1 -- 172.21.15.19:0/1474635495 shutdown_connections
2024-04-25T15:36:14.145 INFO:teuthology.orchestra.run.smithi019.stdout:/usr/bin/ceph: stderr
2024-04-25T15:36:12.359+0000 7f9e6a64a700 1 -- 172.21.15.19:0/1474635495 wait complete.
2024-04-25T15:36:14.145 INFO:teuthology.orchestra.run.smithi019.stdout:/usr/bin/ceph: stderr
2024-04-25T15:36:12.360+0000 7f9e6a64a700 1 Processor -- start
2024-04-25T15:36:14.145 INFO:teuthology.orchestra.run.smithi019.stdout:/usr/bin/ceph: stderr
2024-04-25T15:36:12.360+0000 7f9e6a64a700 1 -- start start
2024-04-25T15:36:14.145 INFO:teuthology.orchestra.run.smithi019.stdout:/usr/bin/ceph: stderr
2024-04-25T15:36:12.361+0000 7f9e6a64a700 1 --2- >> [v2:172.21.15.19:3300/0,v1:172.21.15.19:6789/0] conn(0x7f9e64108aa0 0x7f9e6419bd60 unknown :-1 s=NONE pgs=0 cs=0 l=1 rev1=0 crypto rx=0 tx=0 comp rx=0 tx=0).connect
2024-04-25T15:36:14.145 INFO:teuthology.orchestra.run.smithi019.stdout:/usr/bin/ceph: stderr
2024-04-25T15:36:12.361+0000 7f9e6a64a700 1 -- --> [v2:172.21.15.19:3300/0,v1:172.21.15.19:6789/0] -- mon_getmap magic: 0 -- 0x7f9e6407cb90 con 0x7f9e64108aa0
2024-04-25T15:36:14.145 INFO:teuthology.orchestra.run.smithi019.stdout:/usr/bin/ceph: stderr
2024-04-25T15:36:12.361+0000 7f9e63fff700 1 --2- >> [v2:172.21.15.19:3300/0,v1:172.21.15.19:6789/0] conn(0x7f9e64108aa0 0x7f9e6419bd60 unknown :-1 s=BANNER_CONNECTING pgs=0 cs=0 l=1 rev1=0 crypto rx=0 tx=0 comp rx=0 tx=0)._handle_peer_banner_payload supported=3 required=0
2024-04-25T15:36:14.145 INFO:teuthology.orchestra.run.smithi019.stdout:/usr/bin/ceph: stderr
2024-04-25T15:36:12.361+0000 7f9e63fff700 1 --2- >> [v2:172.21.15.19:3300/0,v1:172.21.15.19:6789/0] conn(0x7f9e64108aa0 0x7f9e6419bd60 unknown :-1 s=HELLO_CONNECTING pgs=0 cs=0 l=1 rev1=1 crypto rx=0 tx=0 comp rx=0 tx=0).handle_hello peer v2:172.21.15.19:3300/0 says I am v2:172.21.15.19:57040/0 (socket says 172.21.15.19:57040)
2024-04-25T15:36:14.145 INFO:teuthology.orchestra.run.smithi019.stdout:/usr/bin/ceph: stderr
2024-04-25T15:36:12.361+0000 7f9e63fff700 1 -- 172.21.15.19:0/1115101100 learned_addr learned my addr 172.21.15.19:0/1115101100 (peer_addr_for_me v2:172.21.15.19:0/0)
2024-04-25T15:36:14.145 INFO:teuthology.orchestra.run.smithi019.stdout:/usr/bin/ceph: stderr
2024-04-25T15:36:12.361+0000 7f9e63fff700 1 -- 172.21.15.19:0/1115101100 --> [v2:172.21.15.19:3300/0,v1:172.21.15.19:6789/0] -- mon_subscribe({config=0+,monmap=0+}) -- 0x7f9e6419c2a0 con 0x7f9e64108aa0
2024-04-25T15:36:14.145 INFO:teuthology.orchestra.run.smithi019.stdout:/usr/bin/ceph: stderr
2024-04-25T15:36:12.361+0000 7f9e63fff700 1 --2- 172.21.15.19:0/1115101100 >> [v2:172.21.15.19:3300/0,v1:172.21.15.19:6789/0] conn(0x7f9e64108aa0 0x7f9e6419bd60 secure :-1 s=READY pgs=46 cs=0 l=1 rev1=1 crypto rx=0x7f9e540090e0 tx=0x7f9e54011940 comp rx=0 tx=0).ready entity=mon.0 client_cookie=0 server_cookie=0 in_seq=0 out_seq=0
2024-04-25T15:36:14.145 INFO:teuthology.orchestra.run.smithi019.stdout:/usr/bin/ceph: stderr
2024-04-25T15:36:12.361+0000 7f9e617fa700 1 -- 172.21.15.19:0/1115101100 <== mon.0 v2:172.21.15.19:3300/0 1 ==== mon_map magic: 0 ==== 205+0+0 (secure 0 0 0) 0x7f9e540039e0 con 0x7f9e64108aa0
2024-04-25T15:36:14.146 INFO:teuthology.orchestra.run.smithi019.stdout:/usr/bin/ceph: stderr
2024-04-25T15:36:12.361+0000 7f9e617fa700 1 -- 172.21.15.19:0/1115101100 <== mon.0 v2:172.21.15.19:3300/0 2 ==== config(26 keys) ==== 1070+0+0 (secure 0 0 0) 0x7f9e54003b80 con 0x7f9e64108aa0
2024-04-25T15:36:14.146 INFO:teuthology.orchestra.run.smithi019.stdout:/usr/bin/ceph: stderr
2024-04-25T15:36:12.361+0000 7f9e6a64a700 1 -- 172.21.15.19:0/1115101100 --> [v2:172.21.15.19:3300/0,v1:172.21.15.19:6789/0] -- mon_subscribe({mgrmap=0+}) -- 0x7f9e6419c530 con 0x7f9e64108aa0
2024-04-25T15:36:14.146 INFO:teuthology.orchestra.run.smithi019.stdout:/usr/bin/ceph: stderr
2024-04-25T15:36:12.361+0000 7f9e617fa700 1 -- 172.21.15.19:0/1115101100 <== mon.0 v2:172.21.15.19:3300/0 3 ==== mon_map magic: 0 ==== 205+0+0 (secure 0 0 0) 0x7f9e540246e0 con 0x7f9e64108aa0
2024-04-25T15:36:14.146 INFO:teuthology.orchestra.run.smithi019.stdout:/usr/bin/ceph: stderr
2024-04-25T15:36:12.361+0000 7f9e6a64a700 1 -- 172.21.15.19:0/1115101100 --> [v2:172.21.15.19:3300/0,v1:172.21.15.19:6789/0] -- mon_subscribe({osdmap=0}) -- 0x7f9e6419f130 con 0x7f9e64108aa0
2024-04-25T15:36:14.146 INFO:teuthology.orchestra.run.smithi019.stdout:/usr/bin/ceph: stderr
2024-04-25T15:36:12.362+0000 7f9e6a64a700 1 -- 172.21.15.19:0/1115101100 --> [v2:172.21.15.19:3300/0,v1:172.21.15.19:6789/0] -- mon_command({"prefix": "get_command_descriptions"} v 0) -- 0x7f9e64064cf0 con 0x7f9e64108aa0
2024-04-25T15:36:14.146 INFO:teuthology.orchestra.run.smithi019.stdout:/usr/bin/ceph: stderr
2024-04-25T15:36:12.362+0000 7f9e617fa700 1 -- 172.21.15.19:0/1115101100 <== mon.0 v2:172.21.15.19:3300/0 4 ==== mgrmap(e 8) ==== 49516+0+0 (secure 0 0 0) 0x7f9e54022020 con 0x7f9e64108aa0
2024-04-25T15:36:14.146 INFO:teuthology.orchestra.run.smithi019.stdout:/usr/bin/ceph: stderr
2024-04-25T15:36:12.363+0000 7f9e617fa700 1 --2- 172.21.15.19:0/1115101100 >> [v2:172.21.15.19:6800/2947666366,v1:172.21.15.19:6801/2947666366] conn(0x7f9e4c03f8e0 0x7f9e4c041df0 unknown :-1 s=NONE pgs=0 cs=0 l=1 rev1=0 crypto rx=0 tx=0 comp rx=0 tx=0).connect
2024-04-25T15:36:14.146 INFO:teuthology.orchestra.run.smithi019.stdout:/usr/bin/ceph: stderr
2024-04-25T15:36:12.363+0000 7f9e617fa700 1 -- 172.21.15.19:0/1115101100 <== mon.0 v2:172.21.15.19:3300/0 5 ==== osd_map(2..2 src has 1..2) ==== 940+0+0 (secure 0 0 0) 0x7f9e54052630 con 0x7f9e64108aa0
2024-04-25T15:36:14.149 INFO:teuthology.orchestra.run.smithi019.stdout:/usr/bin/ceph: stderr
2024-04-25T15:36:12.363+0000 7f9e637fe700 1 --2- 172.21.15.19:0/1115101100 >> [v2:172.21.15.19:6800/2947666366,v1:172.21.15.19:6801/2947666366] conn(0x7f9e4c03f8e0 0x7f9e4c041df0 unknown :-1 s=BANNER_CONNECTING pgs=0 cs=0 l=1 rev1=0 crypto rx=0 tx=0 comp rx=0 tx=0)._handle_peer_banner_payload supported=3 required=0
2024-04-25T15:36:14.149 INFO:teuthology.orchestra.run.smithi019.stdout:/usr/bin/ceph: stderr
2024-04-25T15:36:12.363+0000 7f9e637fe700 1 --2- 172.21.15.19:0/1115101100 >> [v2:172.21.15.19:6800/2947666366,v1:172.21.15.19:6801/2947666366] conn(0x7f9e4c03f8e0 0x7f9e4c041df0 secure :-1 s=READY pgs=12 cs=0 l=1 rev1=1 crypto rx=0x7f9e58006fd0 tx=0x7f9e58006e40 comp rx=0 tx=0).ready entity=mgr.14118 client_cookie=0 server_cookie=0 in_seq=0 out_seq=0
2024-04-25T15:36:14.149 INFO:teuthology.orchestra.run.smithi019.stdout:/usr/bin/ceph: stderr
2024-04-25T15:36:12.368+0000 7f9e617fa700 1 -- 172.21.15.19:0/1115101100 <== mon.0 v2:172.21.15.19:3300/0 6 ==== mon_command_ack([{"prefix": "get_command_descriptions"}]=0 v0) ==== 72+0+188370 (secure 0 0 0) 0x7f9e540172b0 con 0x7f9e64108aa0
2024-04-25T15:36:14.149 INFO:teuthology.orchestra.run.smithi019.stdout:/usr/bin/ceph: stderr
2024-04-25T15:36:12.612+0000 7f9e6a64a700 1 -- 172.21.15.19:0/1115101100 --> [v2:172.21.15.19:6800/2947666366,v1:172.21.15.19:6801/2947666366] -- mgr_command(tid 0: {"prefix": "orch apply", "service_type": "mon", "unmanaged": true, "target": ["mon-mgr", ""]}) -- 0x7f9e6419f300 con 0x7f9e4c03f8e0
2024-04-25T15:36:14.149 INFO:teuthology.orchestra.run.smithi019.stdout:/usr/bin/ceph: stderr
2024-04-25T15:36:12.617+0000 7f9e617fa700 1 -- 172.21.15.19:0/1115101100 <== mgr.14118 v2:172.21.15.19:6800/2947666366 1 ==== mgr_command_reply(tid 0: 0 ) ==== 8+0+24 (secure 0 0 0) 0x7f9e6419f300 con 0x7f9e4c03f8e0
2024-04-25T15:36:14.149 INFO:teuthology.orchestra.run.smithi019.stdout:/usr/bin/ceph: stderr
2024-04-25T15:36:12.620+0000 7f9e6a64a700 1 -- 172.21.15.19:0/1115101100 >> [v2:172.21.15.19:6800/2947666366,v1:172.21.15.19:6801/2947666366] conn(0x7f9e4c03f8e0 msgr2=0x7f9e4c041df0 secure :-1 s=STATE_CONNECTION_ESTABLISHED l=1).mark_down
2024-04-25T15:36:14.149 INFO:teuthology.orchestra.run.smithi019.stdout:/usr/bin/ceph: stderr
2024-04-25T15:36:12.620+0000 7f9e6a64a700 1 --2- 172.21.15.19:0/1115101100 >> [v2:172.21.15.19:6800/2947666366,v1:172.21.15.19:6801/2947666366] conn(0x7f9e4c03f8e0 0x7f9e4c041df0 secure :-1 s=READY pgs=12 cs=0 l=1 rev1=1 crypto rx=0x7f9e58006fd0 tx=0x7f9e58006e40 comp rx=0 tx=0).stop
2024-04-25T15:36:14.149 INFO:teuthology.orchestra.run.smithi019.stdout:/usr/bin/ceph: stderr
2024-04-25T15:36:12.620+0000 7f9e6a64a700 1 -- 172.21.15.19:0/1115101100 >> [v2:172.21.15.19:3300/0,v1:172.21.15.19:6789/0] conn(0x7f9e64108aa0 msgr2=0x7f9e6419bd60 secure :-1 s=STATE_CONNECTION_ESTABLISHED l=1).mark_down
2024-04-25T15:36:14.149 INFO:teuthology.orchestra.run.smithi019.stdout:/usr/bin/ceph: stderr
2024-04-25T15:36:12.620+0000 7f9e6a64a700 1 --2- 172.21.15.19:0/1115101100 >> [v2:172.21.15.19:3300/0,v1:172.21.15.19:6789/0] conn(0x7f9e64108aa0 0x7f9e6419bd60 secure :-1 s=READY pgs=46 cs=0 l=1 rev1=1 crypto rx=0x7f9e540090e0 tx=0x7f9e54011940 comp rx=0 tx=0).stop
2024-04-25T15:36:14.149 INFO:teuthology.orchestra.run.smithi019.stdout:/usr/bin/ceph: stderr
2024-04-25T15:36:12.620+0000 7f9e6a64a700 1 -- 172.21.15.19:0/1115101100 shutdown_connections
2024-04-25T15:36:14.150 INFO:teuthology.orchestra.run.smithi019.stdout:/usr/bin/ceph: stderr
2024-04-25T15:36:12.620+0000 7f9e6a64a700 1 --2- 172.21.15.19:0/1115101100 >> [v2:172.21.15.19:6800/2947666366,v1:172.21.15.19:6801/2947666366] conn(0x7f9e4c03f8e0 0x7f9e4c041df0 unknown :-1 s=CLOSED pgs=12 cs=0 l=1 rev1=1 crypto rx=0 tx=0 comp rx=0 tx=0).stop
2024-04-25T15:36:14.150 INFO:teuthology.orchestra.run.smithi019.stdout:/usr/bin/ceph: stderr
2024-04-25T15:36:12.620+0000 7f9e6a64a700 1 --2- 172.21.15.19:0/1115101100 >> [v2:172.21.15.19:3300/0,v1:172.21.15.19:6789/0] conn(0x7f9e64108aa0 0x7f9e6419bd60 unknown :-1 s=CLOSED pgs=46 cs=0 l=1 rev1=1 crypto rx=0 tx=0 comp rx=0 tx=0).stop
2024-04-25T15:36:14.150 INFO:teuthology.orchestra.run.smithi019.stdout:/usr/bin/ceph: stderr
2024-04-25T15:36:12.620+0000 7f9e6a64a700 1 -- 172.21.15.19:0/1115101100 >> 172.21.15.19:0/1115101100 conn(0x7f9e64104160 msgr2=0x7f9e64192030 unknown :-1 s=STATE_NONE l=0).mark_down
2024-04-25T15:36:14.150 INFO:teuthology.orchestra.run.smithi019.stdout:/usr/bin/ceph: stderr
2024-04-25T15:36:12.620+0000 7f9e6a64a700 1 -- 172.21.15.19:0/1115101100 shutdown_connections
2024-04-25T15:36:14.150 INFO:teuthology.orchestra.run.smithi019.stdout:/usr/bin/ceph: stderr
2024-04-25T15:36:12.620+0000 7f9e6a64a700 1 -- 172.21.15.19:0/1115101100 wait complete.
2024-04-25T15:36:14.150 INFO:teuthology.orchestra.run.smithi019.stdout:Deploying unmanaged mgr service...
2024-04-25T15:36:15.500 INFO:journalctl@ceph.mon.a.smithi019.stdout:Apr 25 15:36:15 smithi019 ceph-mon[29406]: from='mgr.14118 172.21.15.19:0/4240406316' entity='mgr.x'
2024-04-25T15:36:15.500 INFO:journalctl@ceph.mon.a.smithi019.stdout:Apr 25 15:36:15 smithi019 ceph-mon[29406]: from='mgr.14118 172.21.15.19:0/4240406316' entity='mgr.x'
2024-04-25T15:36:16.154 INFO:teuthology.orchestra.run.smithi019.stdout:/usr/bin/ceph: stdout Scheduled mgr update...
2024-04-25T15:36:16.155 INFO:teuthology.orchestra.run.smithi019.stdout:/usr/bin/ceph: stderr
2024-04-25T15:36:14.597+0000 7f3501fd6700 1 Processor -- start
2024-04-25T15:36:16.155 INFO:teuthology.orchestra.run.smithi019.stdout:/usr/bin/ceph: stderr
2024-04-25T15:36:14.597+0000 7f3501fd6700 1 -- start start
2024-04-25T15:36:16.155 INFO:teuthology.orchestra.run.smithi019.stdout:/usr/bin/ceph: stderr
2024-04-25T15:36:14.597+0000 7f3501fd6700 1 --2- >> [v2:172.21.15.19:3300/0,v1:172.21.15.19:6789/0] conn(0x7f34fc109050 0x7f34fc109460 unknown :-1 s=NONE pgs=0 cs=0 l=0 rev1=0 crypto rx=0 tx=0 comp rx=0 tx=0).connect
2024-04-25T15:36:16.155 INFO:teuthology.orchestra.run.smithi019.stdout:/usr/bin/ceph: stderr
2024-04-25T15:36:14.597+0000 7f3501fd6700 1 -- --> [v2:172.21.15.19:3300/0,v1:172.21.15.19:6789/0] -- mon_getmap magic: 0 -- 0x7f34fc109a50 con 0x7f34fc109050
2024-04-25T15:36:16.155 INFO:teuthology.orchestra.run.smithi019.stdout:/usr/bin/ceph: stderr
2024-04-25T15:36:14.598+0000 7f34fb7fe700 1 --2- >> [v2:172.21.15.19:3300/0,v1:172.21.15.19:6789/0] conn(0x7f34fc109050 0x7f34fc109460 unknown :-1 s=BANNER_CONNECTING pgs=0 cs=0 l=0 rev1=0 crypto rx=0 tx=0 comp rx=0 tx=0)._handle_peer_banner_payload supported=3 required=0
2024-04-25T15:36:16.155 INFO:teuthology.orchestra.run.smithi019.stdout:/usr/bin/ceph: stderr
2024-04-25T15:36:14.598+0000 7f34fb7fe700 1 --2- >> [v2:172.21.15.19:3300/0,v1:172.21.15.19:6789/0] conn(0x7f34fc109050 0x7f34fc109460 unknown :-1 s=HELLO_CONNECTING pgs=0 cs=0 l=0 rev1=1 crypto rx=0 tx=0 comp rx=0 tx=0).handle_hello peer v2:172.21.15.19:3300/0 says I am v2:172.21.15.19:57048/0 (socket says 172.21.15.19:57048)
2024-04-25T15:36:16.155 INFO:teuthology.orchestra.run.smithi019.stdout:/usr/bin/ceph: stderr
2024-04-25T15:36:14.598+0000 7f34fb7fe700 1 -- 172.21.15.19:0/1421261192 learned_addr learned my addr 172.21.15.19:0/1421261192 (peer_addr_for_me v2:172.21.15.19:0/0)
2024-04-25T15:36:16.155 INFO:teuthology.orchestra.run.smithi019.stdout:/usr/bin/ceph: stderr
2024-04-25T15:36:14.598+0000 7f34fb7fe700 1 -- 172.21.15.19:0/1421261192 --> [v2:172.21.15.19:3300/0,v1:172.21.15.19:6789/0] -- mon_subscribe({config=0+,monmap=0+}) -- 0x7f34fc109bd0 con 0x7f34fc109050
2024-04-25T15:36:16.155 INFO:teuthology.orchestra.run.smithi019.stdout:/usr/bin/ceph: stderr
2024-04-25T15:36:14.598+0000 7f34fb7fe700 1 --2- 172.21.15.19:0/1421261192 >> [v2:172.21.15.19:3300/0,v1:172.21.15.19:6789/0] conn(0x7f34fc109050 0x7f34fc109460 secure :-1 s=READY pgs=47 cs=0 l=1 rev1=1 crypto rx=0x7f34ec0098a0 tx=0x7f34ec009bb0 comp rx=0 tx=0).ready entity=mon.0 client_cookie=2b5bd2f985815865 server_cookie=0 in_seq=0 out_seq=0
2024-04-25T15:36:16.155 INFO:teuthology.orchestra.run.smithi019.stdout:/usr/bin/ceph: stderr
2024-04-25T15:36:14.598+0000 7f34fa7fc700 1 -- 172.21.15.19:0/1421261192 <== mon.0 v2:172.21.15.19:3300/0 1 ==== mon_map magic: 0 ==== 205+0+0 (secure 0 0 0) 0x7f34ec004160 con 0x7f34fc109050
2024-04-25T15:36:16.155 INFO:teuthology.orchestra.run.smithi019.stdout:/usr/bin/ceph: stderr
2024-04-25T15:36:14.599+0000 7f34fa7fc700 1 -- 172.21.15.19:0/1421261192 <== mon.0 v2:172.21.15.19:3300/0 2 ==== config(26 keys) ==== 1101+0+0 (secure 0 0 0) 0x7f34ec004300 con 0x7f34fc109050
2024-04-25T15:36:16.155 INFO:teuthology.orchestra.run.smithi019.stdout:/usr/bin/ceph: stderr
2024-04-25T15:36:14.599+0000 7f34fa7fc700 1 -- 172.21.15.19:0/1421261192 <== mon.0 v2:172.21.15.19:3300/0 3 ==== mon_map magic: 0 ==== 205+0+0 (secure 0 0 0) 0x7f34ec011a20 con 0x7f34fc109050
2024-04-25T15:36:16.156 INFO:teuthology.orchestra.run.smithi019.stdout:/usr/bin/ceph: stderr
2024-04-25T15:36:14.600+0000 7f3501fd6700 1 -- 172.21.15.19:0/1421261192 >> [v2:172.21.15.19:3300/0,v1:172.21.15.19:6789/0] conn(0x7f34fc109050 msgr2=0x7f34fc109460 secure :-1 s=STATE_CONNECTION_ESTABLISHED l=1).mark_down
2024-04-25T15:36:16.156 INFO:teuthology.orchestra.run.smithi019.stdout:/usr/bin/ceph: stderr
2024-04-25T15:36:14.600+0000 7f3501fd6700 1 --2- 172.21.15.19:0/1421261192 >> [v2:172.21.15.19:3300/0,v1:172.21.15.19:6789/0] conn(0x7f34fc109050 0x7f34fc109460 secure :-1 s=READY pgs=47 cs=0 l=1 rev1=1 crypto rx=0x7f34ec0098a0 tx=0x7f34ec009bb0 comp rx=0 tx=0).stop
2024-04-25T15:36:16.156 INFO:teuthology.orchestra.run.smithi019.stdout:/usr/bin/ceph: stderr
