2024-04-25T15:36:32.580+0000 7f207b7fe700 1 --2- >> [v2:172.21.15.19:3300/0,v1:172.21.15.19:6789/0] conn(0x7f207c10a4d0 0x7f207c19dcf0 unknown :-1 s=HELLO_CONNECTING pgs=0 cs=0 l=1 rev1=1 crypto rx=0 tx=0 comp rx=0 tx=0).handle_hello peer v2:172.21.15.19:3300/0 says I am v2:172.21.15.19:50602/0 (socket says 172.21.15.19:50602)
2024-04-25T15:36:33.915 INFO:teuthology.orchestra.run.smithi019.stdout:/usr/bin/ceph: stderr
2024-04-25T15:36:32.580+0000 7f207b7fe700 1 -- 172.21.15.19:0/93207518 learned_addr learned my addr 172.21.15.19:0/93207518 (peer_addr_for_me v2:172.21.15.19:0/0)
2024-04-25T15:36:33.915 INFO:teuthology.orchestra.run.smithi019.stdout:/usr/bin/ceph: stderr
2024-04-25T15:36:32.580+0000 7f207b7fe700 1 -- 172.21.15.19:0/93207518 --> [v2:172.21.15.19:3300/0,v1:172.21.15.19:6789/0] -- mon_subscribe({config=0+,monmap=0+}) -- 0x7f207c19e230 con 0x7f207c10a4d0
2024-04-25T15:36:33.915 INFO:teuthology.orchestra.run.smithi019.stdout:/usr/bin/ceph: stderr
2024-04-25T15:36:32.580+0000 7f207b7fe700 1 --2- 172.21.15.19:0/93207518 >> [v2:172.21.15.19:3300/0,v1:172.21.15.19:6789/0] conn(0x7f207c10a4d0 0x7f207c19dcf0 secure :-1 s=READY pgs=73 cs=0 l=1 rev1=1 crypto rx=0x7f206c004660 tx=0x7f206c011aa0 comp rx=0 tx=0).ready entity=mon.0 client_cookie=0 server_cookie=0 in_seq=0 out_seq=0
2024-04-25T15:36:33.915 INFO:teuthology.orchestra.run.smithi019.stdout:/usr/bin/ceph: stderr
2024-04-25T15:36:32.580+0000 7f2078ff9700 1 -- 172.21.15.19:0/93207518 <== mon.0 v2:172.21.15.19:3300/0 1 ==== mon_map magic: 0 ==== 205+0+0 (secure 0 0 0) 0x7f206c003a60 con 0x7f207c10a4d0
2024-04-25T15:36:33.915 INFO:teuthology.orchestra.run.smithi019.stdout:/usr/bin/ceph: stderr
2024-04-25T15:36:32.581+0000 7f2078ff9700 1 -- 172.21.15.19:0/93207518 <== mon.0 v2:172.21.15.19:3300/0 2 ==== config(26 keys) ==== 1101+0+0 (secure 0 0 0) 0x7f206c01b8f0 con 0x7f207c10a4d0
2024-04-25T15:36:33.915 INFO:teuthology.orchestra.run.smithi019.stdout:/usr/bin/ceph: stderr
2024-04-25T15:36:32.581+0000 7f2080b9f700 1 -- 172.21.15.19:0/93207518 --> [v2:172.21.15.19:3300/0,v1:172.21.15.19:6789/0] -- mon_subscribe({mgrmap=0+}) -- 0x7f207c19e4c0 con 0x7f207c10a4d0
2024-04-25T15:36:33.915 INFO:teuthology.orchestra.run.smithi019.stdout:/usr/bin/ceph: stderr
2024-04-25T15:36:32.581+0000 7f2078ff9700 1 -- 172.21.15.19:0/93207518 <== mon.0 v2:172.21.15.19:3300/0 3 ==== mon_map magic: 0 ==== 205+0+0 (secure 0 0 0) 0x7f206c023890 con 0x7f207c10a4d0
2024-04-25T15:36:33.915 INFO:teuthology.orchestra.run.smithi019.stdout:/usr/bin/ceph: stderr
2024-04-25T15:36:32.581+0000 7f2080b9f700 1 -- 172.21.15.19:0/93207518 --> [v2:172.21.15.19:3300/0,v1:172.21.15.19:6789/0] -- mon_subscribe({osdmap=0}) -- 0x7f207c1a10d0 con 0x7f207c10a4d0
2024-04-25T15:36:33.915 INFO:teuthology.orchestra.run.smithi019.stdout:/usr/bin/ceph: stderr
2024-04-25T15:36:32.582+0000 7f2078ff9700 1 -- 172.21.15.19:0/93207518 <== mon.0 v2:172.21.15.19:3300/0 4 ==== mgrmap(e 12) ==== 49529+0+0 (secure 0 0 0) 0x7f206c02c3f0 con 0x7f207c10a4d0
2024-04-25T15:36:33.916 INFO:teuthology.orchestra.run.smithi019.stdout:/usr/bin/ceph: stderr
2024-04-25T15:36:32.582+0000 7f2080b9f700 1 -- 172.21.15.19:0/93207518 --> [v2:172.21.15.19:3300/0,v1:172.21.15.19:6789/0] -- mon_command({"prefix": "get_command_descriptions"} v 0) -- 0x7f207c064cf0 con 0x7f207c10a4d0
2024-04-25T15:36:33.916 INFO:teuthology.orchestra.run.smithi019.stdout:/usr/bin/ceph: stderr
2024-04-25T15:36:32.582+0000 7f2078ff9700 1 --2- 172.21.15.19:0/93207518 >> [v2:172.21.15.19:6800/1223224459,v1:172.21.15.19:6801/1223224459] conn(0x7f206403d690 0x7f206403fba0 unknown :-1 s=NONE pgs=0 cs=0 l=1 rev1=0 crypto rx=0 tx=0 comp rx=0 tx=0).connect
2024-04-25T15:36:33.916 INFO:teuthology.orchestra.run.smithi019.stdout:/usr/bin/ceph: stderr
2024-04-25T15:36:32.582+0000 7f2078ff9700 1 -- 172.21.15.19:0/93207518 <== mon.0 v2:172.21.15.19:3300/0 5 ==== osd_map(3..3 src has 1..3) ==== 1155+0+0 (secure 0 0 0) 0x7f206c052fc0 con 0x7f207c10a4d0
2024-04-25T15:36:33.916 INFO:teuthology.orchestra.run.smithi019.stdout:/usr/bin/ceph: stderr
2024-04-25T15:36:32.582+0000 7f207affd700 1 --2- 172.21.15.19:0/93207518 >> [v2:172.21.15.19:6800/1223224459,v1:172.21.15.19:6801/1223224459] conn(0x7f206403d690 0x7f206403fba0 unknown :-1 s=BANNER_CONNECTING pgs=0 cs=0 l=1 rev1=0 crypto rx=0 tx=0 comp rx=0 tx=0)._handle_peer_banner_payload supported=3 required=0
2024-04-25T15:36:33.916 INFO:teuthology.orchestra.run.smithi019.stdout:/usr/bin/ceph: stderr
2024-04-25T15:36:32.583+0000 7f207affd700 1 --2- 172.21.15.19:0/93207518 >> [v2:172.21.15.19:6800/1223224459,v1:172.21.15.19:6801/1223224459] conn(0x7f206403d690 0x7f206403fba0 secure :-1 s=READY pgs=9 cs=0 l=1 rev1=1 crypto rx=0x7f2070006fd0 tx=0x7f2070006e40 comp rx=0 tx=0).ready entity=mgr.14150 client_cookie=0 server_cookie=0 in_seq=0 out_seq=0
2024-04-25T15:36:33.916 INFO:teuthology.orchestra.run.smithi019.stdout:/usr/bin/ceph: stderr
2024-04-25T15:36:32.589+0000 7f2078ff9700 1 -- 172.21.15.19:0/93207518 <== mon.0 v2:172.21.15.19:3300/0 6 ==== mon_command_ack([{"prefix": "get_command_descriptions"}]=0 v0) ==== 72+0+188370 (secure 0 0 0) 0x7f206c01f030 con 0x7f207c10a4d0
2024-04-25T15:36:33.916 INFO:teuthology.orchestra.run.smithi019.stdout:/usr/bin/ceph: stderr
2024-04-25T15:36:32.802+0000 7f2080b9f700 1 -- 172.21.15.19:0/93207518 --> [v2:172.21.15.19:3300/0,v1:172.21.15.19:6789/0] -- mon_command({"prefix": "config get", "who": "mgr", "key": "mgr/dashboard/ssl_server_port"} v 0) -- 0x7f207c1082c0 con 0x7f207c10a4d0
2024-04-25T15:36:33.916 INFO:teuthology.orchestra.run.smithi019.stdout:/usr/bin/ceph: stderr
2024-04-25T15:36:32.803+0000 7f2078ff9700 1 -- 172.21.15.19:0/93207518 <== mon.0 v2:172.21.15.19:3300/0 7 ==== mon_command_ack([{"prefix": "config get", "who": "mgr", "key": "mgr/dashboard/ssl_server_port"}]=0 v8) ==== 112+0+5 (secure 0 0 0) 0x7f206c018e60 con 0x7f207c10a4d0
2024-04-25T15:36:33.916 INFO:teuthology.orchestra.run.smithi019.stdout:/usr/bin/ceph: stderr
2024-04-25T15:36:32.805+0000 7f2080b9f700 1 -- 172.21.15.19:0/93207518 >> [v2:172.21.15.19:6800/1223224459,v1:172.21.15.19:6801/1223224459] conn(0x7f206403d690 msgr2=0x7f206403fba0 secure :-1 s=STATE_CONNECTION_ESTABLISHED l=1).mark_down
2024-04-25T15:36:33.916 INFO:teuthology.orchestra.run.smithi019.stdout:/usr/bin/ceph: stderr
2024-04-25T15:36:32.805+0000 7f2080b9f700 1 --2- 172.21.15.19:0/93207518 >> [v2:172.21.15.19:6800/1223224459,v1:172.21.15.19:6801/1223224459] conn(0x7f206403d690 0x7f206403fba0 secure :-1 s=READY pgs=9 cs=0 l=1 rev1=1 crypto rx=0x7f2070006fd0 tx=0x7f2070006e40 comp rx=0 tx=0).stop
2024-04-25T15:36:33.916 INFO:teuthology.orchestra.run.smithi019.stdout:/usr/bin/ceph: stderr
2024-04-25T15:36:32.805+0000 7f2080b9f700 1 -- 172.21.15.19:0/93207518 >> [v2:172.21.15.19:3300/0,v1:172.21.15.19:6789/0] conn(0x7f207c10a4d0 msgr2=0x7f207c19dcf0 secure :-1 s=STATE_CONNECTION_ESTABLISHED l=1).mark_down
2024-04-25T15:36:33.916 INFO:teuthology.orchestra.run.smithi019.stdout:/usr/bin/ceph: stderr
2024-04-25T15:36:32.805+0000 7f2080b9f700 1 --2- 172.21.15.19:0/93207518 >> [v2:172.21.15.19:3300/0,v1:172.21.15.19:6789/0] conn(0x7f207c10a4d0 0x7f207c19dcf0 secure :-1 s=READY pgs=73 cs=0 l=1 rev1=1 crypto rx=0x7f206c004660 tx=0x7f206c011aa0 comp rx=0 tx=0).stop
2024-04-25T15:36:33.917 INFO:teuthology.orchestra.run.smithi019.stdout:/usr/bin/ceph: stderr
2024-04-25T15:36:32.805+0000 7f2080b9f700 1 -- 172.21.15.19:0/93207518 shutdown_connections
2024-04-25T15:36:33.917 INFO:teuthology.orchestra.run.smithi019.stdout:/usr/bin/ceph: stderr
2024-04-25T15:36:32.805+0000 7f2080b9f700 1 --2- 172.21.15.19:0/93207518 >> [v2:172.21.15.19:6800/1223224459,v1:172.21.15.19:6801/1223224459] conn(0x7f206403d690 0x7f206403fba0 unknown :-1 s=CLOSED pgs=9 cs=0 l=1 rev1=1 crypto rx=0 tx=0 comp rx=0 tx=0).stop
2024-04-25T15:36:33.917 INFO:teuthology.orchestra.run.smithi019.stdout:/usr/bin/ceph: stderr
2024-04-25T15:36:32.805+0000 7f2080b9f700 1 --2- 172.21.15.19:0/93207518 >> [v2:172.21.15.19:3300/0,v1:172.21.15.19:6789/0] conn(0x7f207c10a4d0 0x7f207c19dcf0 unknown :-1 s=CLOSED pgs=73 cs=0 l=1 rev1=1 crypto rx=0 tx=0 comp rx=0 tx=0).stop
2024-04-25T15:36:33.917 INFO:teuthology.orchestra.run.smithi019.stdout:/usr/bin/ceph: stderr
2024-04-25T15:36:32.805+0000 7f2080b9f700 1 -- 172.21.15.19:0/93207518 >> 172.21.15.19:0/93207518 conn(0x7f207c103ef0 msgr2=0x7f207c104770 unknown :-1 s=STATE_NONE l=0).mark_down
2024-04-25T15:36:33.917 INFO:teuthology.orchestra.run.smithi019.stdout:/usr/bin/ceph: stderr
2024-04-25T15:36:32.805+0000 7f2080b9f700 1 -- 172.21.15.19:0/93207518 shutdown_connections
2024-04-25T15:36:33.917 INFO:teuthology.orchestra.run.smithi019.stdout:/usr/bin/ceph: stderr
2024-04-25T15:36:32.805+0000 7f2080b9f700 1 -- 172.21.15.19:0/93207518 wait complete.
2024-04-25T15:36:33.922 INFO:teuthology.orchestra.run.smithi019.stdout:Non-zero exit code 1 from systemctl is-enabled firewalld.service
2024-04-25T15:36:33.922 INFO:teuthology.orchestra.run.smithi019.stdout:systemctl: stdout disabled
2024-04-25T15:36:33.930 INFO:teuthology.orchestra.run.smithi019.stdout:Non-zero exit code 3 from systemctl is-active firewalld.service
2024-04-25T15:36:33.930 INFO:teuthology.orchestra.run.smithi019.stdout:systemctl: stdout inactive
2024-04-25T15:36:33.930 INFO:teuthology.orchestra.run.smithi019.stdout:firewalld.service is not enabled
2024-04-25T15:36:33.931 INFO:teuthology.orchestra.run.smithi019.stdout:Not possible to open ports <[8443]>. firewalld.service is not available
2024-04-25T15:36:33.932 INFO:teuthology.orchestra.run.smithi019.stdout:Ceph Dashboard is now available at:
2024-04-25T15:36:33.932 INFO:teuthology.orchestra.run.smithi019.stdout:
2024-04-25T15:36:33.932 INFO:teuthology.orchestra.run.smithi019.stdout: URL: https://smithi019:8443/
2024-04-25T15:36:33.932 INFO:teuthology.orchestra.run.smithi019.stdout: User: admin
2024-04-25T15:36:33.933 INFO:teuthology.orchestra.run.smithi019.stdout: Password: io98q3bctg
2024-04-25T15:36:33.933 INFO:teuthology.orchestra.run.smithi019.stdout:
2024-04-25T15:36:33.933 INFO:teuthology.orchestra.run.smithi019.stdout:Saving cluster configuration to /var/lib/ceph/45a7b3ac-0319-11ef-bc93-c7b262605968/config directory
2024-04-25T15:36:33.933 INFO:teuthology.orchestra.run.smithi019.stdout:Enabling autotune for osd_memory_target
2024-04-25T15:36:35.322 INFO:journalctl@ceph.mon.a.smithi019.stdout:Apr 25 15:36:35 smithi019 ceph-mon[29406]: mgrmap e13: x(active, since 6s)
2024-04-25T15:36:35.331 INFO:teuthology.orchestra.run.smithi019.stdout:/usr/bin/ceph: stderr
2024-04-25T15:36:34.394+0000 7fb06708b700 1 Processor -- start
2024-04-25T15:36:35.331 INFO:teuthology.orchestra.run.smithi019.stdout:/usr/bin/ceph: stderr
2024-04-25T15:36:34.394+0000 7fb06708b700 1 -- start start
2024-04-25T15:36:35.331 INFO:teuthology.orchestra.run.smithi019.stdout:/usr/bin/ceph: stderr
2024-04-25T15:36:34.394+0000 7fb06708b700 1 --2- >> [v2:172.21.15.19:3300/0,v1:172.21.15.19:6789/0] conn(0x7fb06010a640 0x7fb06010ca60 unknown :-1 s=NONE pgs=0 cs=0 l=0 rev1=0 crypto rx=0 tx=0 comp rx=0 tx=0).connect
2024-04-25T15:36:35.331 INFO:teuthology.orchestra.run.smithi019.stdout:/usr/bin/ceph: stderr
2024-04-25T15:36:34.394+0000 7fb06708b700 1 -- --> [v2:172.21.15.19:3300/0,v1:172.21.15.19:6789/0] -- mon_getmap magic: 0 -- 0x7fb06007d720 con 0x7fb06010a640
2024-04-25T15:36:35.331 INFO:teuthology.orchestra.run.smithi019.stdout:/usr/bin/ceph: stderr
2024-04-25T15:36:34.395+0000 7fb064e27700 1 --2- >> [v2:172.21.15.19:3300/0,v1:172.21.15.19:6789/0] conn(0x7fb06010a640 0x7fb06010ca60 unknown :-1 s=BANNER_CONNECTING pgs=0 cs=0 l=0 rev1=0 crypto rx=0 tx=0 comp rx=0 tx=0)._handle_peer_banner_payload supported=3 required=0
2024-04-25T15:36:35.332 INFO:teuthology.orchestra.run.smithi019.stdout:/usr/bin/ceph: stderr
2024-04-25T15:36:34.395+0000 7fb064e27700 1 --2- >> [v2:172.21.15.19:3300/0,v1:172.21.15.19:6789/0] conn(0x7fb06010a640 0x7fb06010ca60 unknown :-1 s=HELLO_CONNECTING pgs=0 cs=0 l=0 rev1=1 crypto rx=0 tx=0 comp rx=0 tx=0).handle_hello peer v2:172.21.15.19:3300/0 says I am v2:172.21.15.19:50616/0 (socket says 172.21.15.19:50616)
2024-04-25T15:36:35.332 INFO:teuthology.orchestra.run.smithi019.stdout:/usr/bin/ceph: stderr
2024-04-25T15:36:34.395+0000 7fb064e27700 1 -- 172.21.15.19:0/915319060 learned_addr learned my addr 172.21.15.19:0/915319060 (peer_addr_for_me v2:172.21.15.19:0/0)
2024-04-25T15:36:35.332 INFO:teuthology.orchestra.run.smithi019.stdout:/usr/bin/ceph: stderr
2024-04-25T15:36:34.395+0000 7fb064e27700 1 -- 172.21.15.19:0/915319060 --> [v2:172.21.15.19:3300/0,v1:172.21.15.19:6789/0] -- mon_subscribe({config=0+,monmap=0+}) -- 0x7fb06010cfa0 con 0x7fb06010a640
2024-04-25T15:36:35.332 INFO:teuthology.orchestra.run.smithi019.stdout:/usr/bin/ceph: stderr
2024-04-25T15:36:34.395+0000 7fb064e27700 1 --2- 172.21.15.19:0/915319060 >> [v2:172.21.15.19:3300/0,v1:172.21.15.19:6789/0] conn(0x7fb06010a640 0x7fb06010ca60 secure :-1 s=READY pgs=74 cs=0 l=1 rev1=1 crypto rx=0x7fb0540098a0 tx=0x7fb054009bb0 comp rx=0 tx=0).ready entity=mon.0 client_cookie=966e3631619964a8 server_cookie=0 in_seq=0 out_seq=0
2024-04-25T15:36:35.332 INFO:teuthology.orchestra.run.smithi019.stdout:/usr/bin/ceph: stderr
2024-04-25T15:36:34.395+0000 7fb05f7fe700 1 -- 172.21.15.19:0/915319060 <== mon.0 v2:172.21.15.19:3300/0 1 ==== mon_map magic: 0 ==== 205+0+0 (secure 0 0 0) 0x7fb054004160 con 0x7fb06010a640
2024-04-25T15:36:35.332 INFO:teuthology.orchestra.run.smithi019.stdout:/usr/bin/ceph: stderr
2024-04-25T15:36:34.395+0000 7fb05f7fe700 1 -- 172.21.15.19:0/915319060 <== mon.0 v2:172.21.15.19:3300/0 2 ==== config(26 keys) ==== 1101+0+0 (secure 0 0 0) 0x7fb054004300 con 0x7fb06010a640
2024-04-25T15:36:35.332 INFO:teuthology.orchestra.run.smithi019.stdout:/usr/bin/ceph: stderr
2024-04-25T15:36:34.395+0000 7fb05f7fe700 1 -- 172.21.15.19:0/915319060 <== mon.0 v2:172.21.15.19:3300/0 3 ==== mon_map magic: 0 ==== 205+0+0 (secure 0 0 0) 0x7fb054011a20 con 0x7fb06010a640
2024-04-25T15:36:35.332 INFO:teuthology.orchestra.run.smithi019.stdout:/usr/bin/ceph: stderr
2024-04-25T15:36:34.396+0000 7fb06708b700 1 -- 172.21.15.19:0/915319060 >> [v2:172.21.15.19:3300/0,v1:172.21.15.19:6789/0] conn(0x7fb06010a640 msgr2=0x7fb06010ca60 secure :-1 s=STATE_CONNECTION_ESTABLISHED l=1).mark_down
2024-04-25T15:36:35.332 INFO:teuthology.orchestra.run.smithi019.stdout:/usr/bin/ceph: stderr
2024-04-25T15:36:34.396+0000 7fb06708b700 1 --2- 172.21.15.19:0/915319060 >> [v2:172.21.15.19:3300/0,v1:172.21.15.19:6789/0] conn(0x7fb06010a640 0x7fb06010ca60 secure :-1 s=READY pgs=74 cs=0 l=1 rev1=1 crypto rx=0x7fb0540098a0 tx=0x7fb054009bb0 comp rx=0 tx=0).stop
2024-04-25T15:36:35.332 INFO:teuthology.orchestra.run.smithi019.stdout:/usr/bin/ceph: stderr
2024-04-25T15:36:34.396+0000 7fb06708b700 1 -- 172.21.15.19:0/915319060 shutdown_connections
2024-04-25T15:36:35.332 INFO:teuthology.orchestra.run.smithi019.stdout:/usr/bin/ceph: stderr
2024-04-25T15:36:34.396+0000 7fb06708b700 1 --2- 172.21.15.19:0/915319060 >> [v2:172.21.15.19:3300/0,v1:172.21.15.19:6789/0] conn(0x7fb06010a640 0x7fb06010ca60 unknown :-1 s=CLOSED pgs=74 cs=0 l=1 rev1=1 crypto rx=0 tx=0 comp rx=0 tx=0).stop
2024-04-25T15:36:35.332 INFO:teuthology.orchestra.run.smithi019.stdout:/usr/bin/ceph: stderr
2024-04-25T15:36:34.396+0000 7fb06708b700 1 -- 172.21.15.19:0/915319060 >> 172.21.15.19:0/915319060 conn(0x7fb060104120 msgr2=0x7fb060106570 unknown :-1 s=STATE_NONE l=0).mark_down
2024-04-25T15:36:35.332 INFO:teuthology.orchestra.run.smithi019.stdout:/usr/bin/ceph: stderr
2024-04-25T15:36:34.396+0000 7fb06708b700 1 -- 172.21.15.19:0/915319060 shutdown_connections
2024-04-25T15:36:35.333 INFO:teuthology.orchestra.run.smithi019.stdout:/usr/bin/ceph: stderr
2024-04-25T15:36:34.396+0000 7fb06708b700 1 -- 172.21.15.19:0/915319060 wait complete.
2024-04-25T15:36:35.333 INFO:teuthology.orchestra.run.smithi019.stdout:/usr/bin/ceph: stderr
2024-04-25T15:36:34.397+0000 7fb06708b700 1 Processor -- start
2024-04-25T15:36:35.333 INFO:teuthology.orchestra.run.smithi019.stdout:/usr/bin/ceph: stderr
2024-04-25T15:36:34.397+0000 7fb06708b700 1 -- start start
2024-04-25T15:36:35.333 INFO:teuthology.orchestra.run.smithi019.stdout:/usr/bin/ceph: stderr
2024-04-25T15:36:34.397+0000 7fb06708b700 1 --2- >> [v2:172.21.15.19:3300/0,v1:172.21.15.19:6789/0] conn(0x7fb06010a640 0x7fb060109dc0 unknown :-1 s=NONE pgs=0 cs=0 l=1 rev1=0 crypto rx=0 tx=0 comp rx=0 tx=0).connect
2024-04-25T15:36:35.333 INFO:teuthology.orchestra.run.smithi019.stdout:/usr/bin/ceph: stderr
2024-04-25T15:36:34.397+0000 7fb06708b700 1 -- --> [v2:172.21.15.19:3300/0,v1:172.21.15.19:6789/0] -- mon_getmap magic: 0 -- 0x7fb06010dfa0 con 0x7fb06010a640
2024-04-25T15:36:35.333 INFO:teuthology.orchestra.run.smithi019.stdout:/usr/bin/ceph: stderr
2024-04-25T15:36:34.397+0000 7fb064e27700 1 --2- >> [v2:172.21.15.19:3300/0,v1:172.21.15.19:6789/0] conn(0x7fb06010a640 0x7fb060109dc0 unknown :-1 s=BANNER_CONNECTING pgs=0 cs=0 l=1 rev1=0 crypto rx=0 tx=0 comp rx=0 tx=0)._handle_peer_banner_payload supported=3 required=0
2024-04-25T15:36:35.333 INFO:teuthology.orchestra.run.smithi019.stdout:/usr/bin/ceph: stderr
2024-04-25T15:36:34.398+0000 7fb064e27700 1 --2- >> [v2:172.21.15.19:3300/0,v1:172.21.15.19:6789/0] conn(0x7fb06010a640 0x7fb060109dc0 unknown :-1 s=HELLO_CONNECTING pgs=0 cs=0 l=1 rev1=1 crypto rx=0 tx=0 comp rx=0 tx=0).handle_hello peer v2:172.21.15.19:3300/0 says I am v2:172.21.15.19:50624/0 (socket says 172.21.15.19:50624)
2024-04-25T15:36:35.333 INFO:teuthology.orchestra.run.smithi019.stdout:/usr/bin/ceph: stderr
2024-04-25T15:36:34.398+0000 7fb064e27700 1 -- 172.21.15.19:0/3145050669 learned_addr learned my addr 172.21.15.19:0/3145050669 (peer_addr_for_me v2:172.21.15.19:0/0)
2024-04-25T15:36:35.333 INFO:teuthology.orchestra.run.smithi019.stdout:/usr/bin/ceph: stderr
2024-04-25T15:36:34.398+0000 7fb064e27700 1 -- 172.21.15.19:0/3145050669 --> [v2:172.21.15.19:3300/0,v1:172.21.15.19:6789/0] -- mon_subscribe({config=0+,monmap=0+}) -- 0x7fb06010a300 con 0x7fb06010a640
2024-04-25T15:36:35.333 INFO:teuthology.orchestra.run.smithi019.stdout:/usr/bin/ceph: stderr
2024-04-25T15:36:34.398+0000 7fb064e27700 1 --2- 172.21.15.19:0/3145050669 >> [v2:172.21.15.19:3300/0,v1:172.21.15.19:6789/0] conn(0x7fb06010a640 0x7fb060109dc0 secure :-1 s=READY pgs=75 cs=0 l=1 rev1=1 crypto rx=0x7fb054004660 tx=0x7fb054011aa0 comp rx=0 tx=0).ready entity=mon.0 client_cookie=0 server_cookie=0 in_seq=0 out_seq=0
2024-04-25T15:36:35.333 INFO:teuthology.orchestra.run.smithi019.stdout:/usr/bin/ceph: stderr
2024-04-25T15:36:34.398+0000 7fb05dffb700 1 -- 172.21.15.19:0/3145050669 <== mon.0 v2:172.21.15.19:3300/0 1 ==== mon_map magic: 0 ==== 205+0+0 (secure 0 0 0) 0x7fb054003a60 con 0x7fb06010a640
2024-04-25T15:36:35.333 INFO:teuthology.orchestra.run.smithi019.stdout:/usr/bin/ceph: stderr
2024-04-25T15:36:34.398+0000 7fb06708b700 1 -- 172.21.15.19:0/3145050669 --> [v2:172.21.15.19:3300/0,v1:172.21.15.19:6789/0] -- mon_subscribe({mgrmap=0+}) -- 0x7fb060108550 con 0x7fb06010a640
2024-04-25T15:36:35.333 INFO:teuthology.orchestra.run.smithi019.stdout:/usr/bin/ceph: stderr
2024-04-25T15:36:34.398+0000 7fb05dffb700 1 -- 172.21.15.19:0/3145050669 <== mon.0 v2:172.21.15.19:3300/0 2 ==== config(26 keys) ==== 1101+0+0 (secure 0 0 0) 0x7fb05401b8f0 con 0x7fb06010a640
2024-04-25T15:36:35.333 INFO:teuthology.orchestra.run.smithi019.stdout:/usr/bin/ceph: stderr
2024-04-25T15:36:34.398+0000 7fb05dffb700 1 -- 172.21.15.19:0/3145050669 <== mon.0 v2:172.21.15.19:3300/0 3 ==== mon_map magic: 0 ==== 205+0+0 (secure 0 0 0) 0x7fb054023890 con 0x7fb06010a640
2024-04-25T15:36:35.333 INFO:teuthology.orchestra.run.smithi019.stdout:/usr/bin/ceph: stderr
2024-04-25T15:36:34.399+0000 7fb06708b700 1 -- 172.21.15.19:0/3145050669 --> [v2:172.21.15.19:3300/0,v1:172.21.15.19:6789/0] -- mon_subscribe({osdmap=0}) -- 0x7fb060108a30 con 0x7fb06010a640
2024-04-25T15:36:35.334 INFO:teuthology.orchestra.run.smithi019.stdout:/usr/bin/ceph: stderr
2024-04-25T15:36:34.400+0000 7fb06708b700 1 -- 172.21.15.19:0/3145050669 --> [v2:172.21.15.19:3300/0,v1:172.21.15.19:6789/0] -- mon_command({"prefix": "get_command_descriptions"} v 0) -- 0x7fb060064cf0 con 0x7fb06010a640
2024-04-25T15:36:35.334 INFO:teuthology.orchestra.run.smithi019.stdout:/usr/bin/ceph: stderr
2024-04-25T15:36:34.400+0000 7fb05dffb700 1 -- 172.21.15.19:0/3145050669 <== mon.0 v2:172.21.15.19:3300/0 4 ==== mgrmap(e 13) ==== 49572+0+0 (secure 0 0 0) 0x7fb05402c3f0 con 0x7fb06010a640
2024-04-25T15:36:35.334 INFO:teuthology.orchestra.run.smithi019.stdout:/usr/bin/ceph: stderr
2024-04-25T15:36:34.400+0000 7fb05dffb700 1 --2- 172.21.15.19:0/3145050669 >> [v2:172.21.15.19:6800/1223224459,v1:172.21.15.19:6801/1223224459] conn(0x7fb05003d6d0 0x7fb05003fbe0 unknown :-1 s=NONE pgs=0 cs=0 l=1 rev1=0 crypto rx=0 tx=0 comp rx=0 tx=0).connect
2024-04-25T15:36:35.334 INFO:teuthology.orchestra.run.smithi019.stdout:/usr/bin/ceph: stderr
2024-04-25T15:36:34.400+0000 7fb05dffb700 1 -- 172.21.15.19:0/3145050669 <== mon.0 v2:172.21.15.19:3300/0 5 ==== osd_map(3..3 src has 1..3) ==== 1155+0+0 (secure 0 0 0) 0x7fb054052fe0 con 0x7fb06010a640
2024-04-25T15:36:35.334 INFO:teuthology.orchestra.run.smithi019.stdout:/usr/bin/ceph: stderr
2024-04-25T15:36:34.400+0000 7fb05ffff700 1 --2- 172.21.15.19:0/3145050669 >> [v2:172.21.15.19:6800/1223224459,v1:172.21.15.19:6801/1223224459] conn(0x7fb05003d6d0 0x7fb05003fbe0 unknown :-1 s=BANNER_CONNECTING pgs=0 cs=0 l=1 rev1=0 crypto rx=0 tx=0 comp rx=0 tx=0)._handle_peer_banner_payload supported=3 required=0
2024-04-25T15:36:35.334 INFO:teuthology.orchestra.run.smithi019.stdout:/usr/bin/ceph: stderr
2024-04-25T15:36:34.401+0000 7fb05ffff700 1 --2- 172.21.15.19:0/3145050669 >> [v2:172.21.15.19:6800/1223224459,v1:172.21.15.19:6801/1223224459] conn(0x7fb05003d6d0 0x7fb05003fbe0 secure :-1 s=READY pgs=10 cs=0 l=1 rev1=1 crypto rx=0x7fb04c006fd0 tx=0x7fb04c006e40 comp rx=0 tx=0).ready entity=mgr.14150 client_cookie=0 server_cookie=0 in_seq=0 out_seq=0
2024-04-25T15:36:35.334 INFO:teuthology.orchestra.run.smithi019.stdout:/usr/bin/ceph: stderr
2024-04-25T15:36:34.406+0000 7fb05dffb700 1 -- 172.21.15.19:0/3145050669 <== mon.0 v2:172.21.15.19:3300/0 6 ==== mon_command_ack([{"prefix": "get_command_descriptions"}]=0 v0) ==== 72+0+188370 (secure 0 0 0) 0x7fb05401f030 con 0x7fb06010a640
2024-04-25T15:36:35.334 INFO:teuthology.orchestra.run.smithi019.stdout:/usr/bin/ceph: stderr
2024-04-25T15:36:34.612+0000 7fb06708b700 1 -- 172.21.15.19:0/3145050669 --> [v2:172.21.15.19:3300/0,v1:172.21.15.19:6789/0] -- mon_command([{prefix=config set, name=osd_memory_target_autotune}] v 0) -- 0x7fb060109150 con 0x7fb06010a640
2024-04-25T15:36:35.334 INFO:teuthology.orchestra.run.smithi019.stdout:/usr/bin/ceph: stderr
2024-04-25T15:36:34.612+0000 7fb05dffb700 1 -- 172.21.15.19:0/3145050669 <== mon.0 v2:172.21.15.19:3300/0 7 ==== mon_command_ack([{prefix=config set, name=osd_memory_target_autotune}]=0 v8)=0 v8) ==== 127+0+0 (secure 0 0 0) 0x7fb05401bda0 con 0x7fb06010a640
2024-04-25T15:36:35.334 INFO:teuthology.orchestra.run.smithi019.stdout:/usr/bin/ceph: stderr
2024-04-25T15:36:34.614+0000 7fb06708b700 1 -- 172.21.15.19:0/3145050669 >> [v2:172.21.15.19:6800/1223224459,v1:172.21.15.19:6801/1223224459] conn(0x7fb05003d6d0 msgr2=0x7fb05003fbe0 secure :-1 s=STATE_CONNECTION_ESTABLISHED l=1).mark_down
2024-04-25T15:36:35.334 INFO:teuthology.orchestra.run.smithi019.stdout:/usr/bin/ceph: stderr
2024-04-25T15:36:34.614+0000 7fb06708b700 1 --2- 172.21.15.19:0/3145050669 >> [v2:172.21.15.19:6800/1223224459,v1:172.21.15.19:6801/1223224459] conn(0x7fb05003d6d0 0x7fb05003fbe0 secure :-1 s=READY pgs=10 cs=0 l=1 rev1=1 crypto rx=0x7fb04c006fd0 tx=0x7fb04c006e40 comp rx=0 tx=0).stop
2024-04-25T15:36:35.334 INFO:teuthology.orchestra.run.smithi019.stdout:/usr/bin/ceph: stderr
2024-04-25T15:36:34.614+0000 7fb06708b700 1 -- 172.21.15.19:0/3145050669 >> [v2:172.21.15.19:3300/0,v1:172.21.15.19:6789/0] conn(0x7fb06010a640 msgr2=0x7fb060109dc0 secure :-1 s=STATE_CONNECTION_ESTABLISHED l=1).mark_down
2024-04-25T15:36:35.335 INFO:teuthology.orchestra.run.smithi019.stdout:/usr/bin/ceph: stderr
2024-04-25T15:36:34.614+0000 7fb06708b700 1 --2- 172.21.15.19:0/3145050669 >> [v2:172.21.15.19:3300/0,v1:172.21.15.19:6789/0] conn(0x7fb06010a640 0x7fb060109dc0 secure :-1 s=READY pgs=75 cs=0 l=1 rev1=1 crypto rx=0x7fb054004660 tx=0x7fb054011aa0 comp rx=0 tx=0).stop
2024-04-25T15:36:35.335 INFO:teuthology.orchestra.run.smithi019.stdout:/usr/bin/ceph: stderr
2024-04-25T15:36:34.614+0000 7fb06708b700 1 -- 172.21.15.19:0/3145050669 shutdown_connections
2024-04-25T15:36:35.335 INFO:teuthology.orchestra.run.smithi019.stdout:/usr/bin/ceph: stderr
2024-04-25T15:36:34.614+0000 7fb06708b700 1 --2- 172.21.15.19:0/3145050669 >> [v2:172.21.15.19:6800/1223224459,v1:172.21.15.19:6801/1223224459] conn(0x7fb05003d6d0 0x7fb05003fbe0 unknown :-1 s=CLOSED pgs=10 cs=0 l=1 rev1=1 crypto rx=0 tx=0 comp rx=0 tx=0).stop
2024-04-25T15:36:35.335 INFO:teuthology.orchestra.run.smithi019.stdout:/usr/bin/ceph: stderr
2024-04-25T15:36:34.614+0000 7fb06708b700 1 --2- 172.21.15.19:0/3145050669 >> [v2:172.21.15.19:3300/0,v1:172.21.15.19:6789/0] conn(0x7fb06010a640 0x7fb060109dc0 unknown :-1 s=CLOSED pgs=75 cs=0 l=1 rev1=1 crypto rx=0 tx=0 comp rx=0 tx=0).stop
2024-04-25T15:36:35.335 INFO:teuthology.orchestra.run.smithi019.stdout:/usr/bin/ceph: stderr
2024-04-25T15:36:34.614+0000 7fb06708b700 1 -- 172.21.15.19:0/3145050669 >> 172.21.15.19:0/3145050669 conn(0x7fb060104120 msgr2=0x7fb060105a40 unknown :-1 s=STATE_NONE l=0).mark_down
2024-04-25T15:36:35.335 INFO:teuthology.orchestra.run.smithi019.stdout:/usr/bin/ceph: stderr
2024-04-25T15:36:34.615+0000 7fb06708b700 1 -- 172.21.15.19:0/3145050669 shutdown_connections
2024-04-25T15:36:35.335 INFO:teuthology.orchestra.run.smithi019.stdout:/usr/bin/ceph: stderr
2024-04-25T15:36:34.615+0000 7fb06708b700 1 -- 172.21.15.19:0/3145050669 wait complete.
2024-04-25T15:36:36.729 INFO:teuthology.orchestra.run.smithi019.stdout:/usr/bin/ceph: stderr
2024-04-25T15:36:35.781+0000 7f4daed7e700 1 Processor -- start
2024-04-25T15:36:36.729 INFO:teuthology.orchestra.run.smithi019.stdout:/usr/bin/ceph: stderr
2024-04-25T15:36:35.781+0000 7f4daed7e700 1 -- start start
2024-04-25T15:36:36.729 INFO:teuthology.orchestra.run.smithi019.stdout:/usr/bin/ceph: stderr
2024-04-25T15:36:35.781+0000 7f4daed7e700 1 --2- >> [v2:172.21.15.19:3300/0,v1:172.21.15.19:6789/0] conn(0x7f4da810a680 0x7f4da810caa0 unknown :-1 s=NONE pgs=0 cs=0 l=0 rev1=0 crypto rx=0 tx=0 comp rx=0 tx=0).connect
2024-04-25T15:36:36.729 INFO:teuthology.orchestra.run.smithi019.stdout:/usr/bin/ceph: stderr
2024-04-25T15:36:35.782+0000 7f4daed7e700 1 -- --> [v2:172.21.15.19:3300/0,v1:172.21.15.19:6789/0] -- mon_getmap magic: 0 -- 0x7f4da807ce50 con 0x7f4da810a680
2024-04-25T15:36:36.729 INFO:teuthology.orchestra.run.smithi019.stdout:/usr/bin/ceph: stderr
2024-04-25T15:36:35.782+0000 7f4dacb1a700 1 --2- >> [v2:172.21.15.19:3300/0,v1:172.21.15.19:6789/0] conn(0x7f4da810a680 0x7f4da810caa0 unknown :-1 s=BANNER_CONNECTING pgs=0 cs=0 l=0 rev1=0 crypto rx=0 tx=0 comp rx=0 tx=0)._handle_peer_banner_payload supported=3 required=0
2024-04-25T15:36:36.729 INFO:teuthology.orchestra.run.smithi019.stdout:/usr/bin/ceph: stderr
2024-04-25T15:36:35.782+0000 7f4dacb1a700 1 --2- >> [v2:172.21.15.19:3300/0,v1:172.21.15.19:6789/0] conn(0x7f4da810a680 0x7f4da810caa0 unknown :-1 s=HELLO_CONNECTING pgs=0 cs=0 l=0 rev1=1 crypto rx=0 tx=0 comp rx=0 tx=0).handle_hello peer v2:172.21.15.19:3300/0 says I am v2:172.21.15.19:50634/0 (socket says 172.21.15.19:50634)
2024-04-25T15:36:36.729 INFO:teuthology.orchestra.run.smithi019.stdout:/usr/bin/ceph: stderr
2024-04-25T15:36:35.782+0000 7f4dacb1a700 1 -- 172.21.15.19:0/3598026254 learned_addr learned my addr 172.21.15.19:0/3598026254 (peer_addr_for_me v2:172.21.15.19:0/0)
2024-04-25T15:36:36.730 INFO:teuthology.orchestra.run.smithi019.stdout:/usr/bin/ceph: stderr
2024-04-25T15:36:35.782+0000 7f4dacb1a700 1 -- 172.21.15.19:0/3598026254 --> [v2:172.21.15.19:3300/0,v1:172.21.15.19:6789/0] -- mon_subscribe({config=0+,monmap=0+}) -- 0x7f4da810cfe0 con 0x7f4da810a680
2024-04-25T15:36:36.730 INFO:teuthology.orchestra.run.smithi019.stdout:/usr/bin/ceph: stderr
2024-04-25T15:36:35.782+0000 7f4dacb1a700 1 --2- 172.21.15.19:0/3598026254 >> [v2:172.21.15.19:3300/0,v1:172.21.15.19:6789/0] conn(0x7f4da810a680 0x7f4da810caa0 secure :-1 s=READY pgs=76 cs=0 l=1 rev1=1 crypto rx=0x7f4da0009e80 tx=0x7f4da000b330 comp rx=0 tx=0).ready entity=mon.0 client_cookie=14d428a79621cdef server_cookie=0 in_seq=0 out_seq=0
2024-04-25T15:36:36.730 INFO:teuthology.orchestra.run.smithi019.stdout:/usr/bin/ceph: stderr
2024-04-25T15:36:35.782+0000 7f4da77fe700 1 -- 172.21.15.19:0/3598026254 <== mon.0 v2:172.21.15.19:3300/0 1 ==== mon_map magic: 0 ==== 205+0+0 (secure 0 0 0) 0x7f4da0017070 con 0x7f4da810a680
2024-04-25T15:36:36.730 INFO:teuthology.orchestra.run.smithi019.stdout:/usr/bin/ceph: stderr
2024-04-25T15:36:35.782+0000 7f4da77fe700 1 -- 172.21.15.19:0/3598026254 <== mon.0 v2:172.21.15.19:3300/0 2 ==== config(26 keys) ==== 1101+0+0 (secure 0 0 0) 0x7f4da000b8c0 con 0x7f4da810a680
2024-04-25T15:36:36.730 INFO:teuthology.orchestra.run.smithi019.stdout:/usr/bin/ceph: stderr
2024-04-25T15:36:35.782+0000 7f4da77fe700 1 -- 172.21.15.19:0/3598026254 <== mon.0 v2:172.21.15.19:3300/0 3 ==== mon_map magic: 0 ==== 205+0+0 (secure 0 0 0) 0x7f4da0004490 con 0x7f4da810a680
2024-04-25T15:36:36.730 INFO:teuthology.orchestra.run.smithi019.stdout:/usr/bin/ceph: stderr
2024-04-25T15:36:35.783+0000 7f4daed7e700 1 -- 172.21.15.19:0/3598026254 >> [v2:172.21.15.19:3300/0,v1:172.21.15.19:6789/0] conn(0x7f4da810a680 msgr2=0x7f4da810caa0 secure :-1 s=STATE_CONNECTION_ESTABLISHED l=1).mark_down
2024-04-25T15:36:36.730 INFO:teuthology.orchestra.run.smithi019.stdout:/usr/bin/ceph: stderr
2024-04-25T15:36:35.783+0000 7f4daed7e700 1 --2- 172.21.15.19:0/3598026254 >> [v2:172.21.15.19:3300/0,v1:172.21.15.19:6789/0] conn(0x7f4da810a680 0x7f4da810caa0 secure :-1 s=READY pgs=76 cs=0 l=1 rev1=1 crypto rx=0x7f4da0009e80 tx=0x7f4da000b330 comp rx=0 tx=0).stop
2024-04-25T15:36:36.730 INFO:teuthology.orchestra.run.smithi019.stdout:/usr/bin/ceph: stderr
2024-04-25T15:36:35.783+0000 7f4daed7e700 1 -- 172.21.15.19:0/3598026254 shutdown_connections
2024-04-25T15:36:36.730 INFO:teuthology.orchestra.run.smithi019.stdout:/usr/bin/ceph: stderr
2024-04-25T15:36:35.783+0000 7f4daed7e700 1 --2- 172.21.15.19:0/3598026254 >> [v2:172.21.15.19:3300/0,v1:172.21.15.19:6789/0] conn(0x7f4da810a680 0x7f4da810caa0 unknown :-1 s=CLOSED pgs=76 cs=0 l=1 rev1=1 crypto rx=0 tx=0 comp rx=0 tx=0).stop
2024-04-25T15:36:36.730 INFO:teuthology.orchestra.run.smithi019.stdout:/usr/bin/ceph: stderr
2024-04-25T15:36:35.783+0000 7f4daed7e700 1 -- 172.21.15.19:0/3598026254 >> 172.21.15.19:0/3598026254 conn(0x7f4da81041a0 msgr2=0x7f4da81065f0 unknown :-1 s=STATE_NONE l=0).mark_down
2024-04-25T15:36:36.730 INFO:teuthology.orchestra.run.smithi019.stdout:/usr/bin/ceph: stderr
2024-04-25T15:36:35.783+0000 7f4daed7e700 1 -- 172.21.15.19:0/3598026254 shutdown_connections
2024-04-25T15:36:36.730 INFO:teuthology.orchestra.run.smithi019.stdout:/usr/bin/ceph: stderr
2024-04-25T15:36:35.783+0000 7f4daed7e700 1 -- 172.21.15.19:0/3598026254 wait complete.
2024-04-25T15:36:36.730 INFO:teuthology.orchestra.run.smithi019.stdout:/usr/bin/ceph: stderr
2024-04-25T15:36:35.784+0000 7f4daed7e700 1 Processor -- start
2024-04-25T15:36:36.731 INFO:teuthology.orchestra.run.smithi019.stdout:/usr/bin/ceph: stderr
2024-04-25T15:36:35.784+0000 7f4daed7e700 1 -- start start
2024-04-25T15:36:36.731 INFO:teuthology.orchestra.run.smithi019.stdout:/usr/bin/ceph: stderr
2024-04-25T15:36:35.784+0000 7f4daed7e700 1 --2- >> [v2:172.21.15.19:3300/0,v1:172.21.15.19:6789/0] conn(0x7f4da810a680 0x7f4da819dea0 unknown :-1 s=NONE pgs=0 cs=0 l=1 rev1=0 crypto rx=0 tx=0 comp rx=0 tx=0).connect
2024-04-25T15:36:36.731 INFO:teuthology.orchestra.run.smithi019.stdout:/usr/bin/ceph: stderr
2024-04-25T15:36:35.784+0000 7f4daed7e700 1 -- --> [v2:172.21.15.19:3300/0,v1:172.21.15.19:6789/0] -- mon_getmap magic: 0 -- 0x7f4da810df80 con 0x7f4da810a680
2024-04-25T15:36:36.731 INFO:teuthology.orchestra.run.smithi019.stdout:/usr/bin/ceph: stderr
2024-04-25T15:36:35.784+0000 7f4dacb1a700 1 --2- >> [v2:172.21.15.19:3300/0,v1:172.21.15.19:6789/0] conn(0x7f4da810a680 0x7f4da819dea0 unknown :-1 s=BANNER_CONNECTING pgs=0 cs=0 l=1 rev1=0 crypto rx=0 tx=0 comp rx=0 tx=0)._handle_peer_banner_payload supported=3 required=0
2024-04-25T15:36:36.731 INFO:teuthology.orchestra.run.smithi019.stdout:/usr/bin/ceph: stderr
2024-04-25T15:36:35.784+0000 7f4dacb1a700 1 --2- >> [v2:172.21.15.19:3300/0,v1:172.21.15.19:6789/0] conn(0x7f4da810a680 0x7f4da819dea0 unknown :-1 s=HELLO_CONNECTING pgs=0 cs=0 l=1 rev1=1 crypto rx=0 tx=0 comp rx=0 tx=0).handle_hello peer v2:172.21.15.19:3300/0 says I am v2:172.21.15.19:50650/0 (socket says 172.21.15.19:50650)
2024-04-25T15:36:36.731 INFO:teuthology.orchestra.run.smithi019.stdout:/usr/bin/ceph: stderr
2024-04-25T15:36:35.784+0000 7f4dacb1a700 1 -- 172.21.15.19:0/3025048159 learned_addr learned my addr 172.21.15.19:0/3025048159 (peer_addr_for_me v2:172.21.15.19:0/0)
2024-04-25T15:36:36.731 INFO:teuthology.orchestra.run.smithi019.stdout:/usr/bin/ceph: stderr
2024-04-25T15:36:35.785+0000 7f4dacb1a700 1 -- 172.21.15.19:0/3025048159 --> [v2:172.21.15.19:3300/0,v1:172.21.15.19:6789/0] -- mon_subscribe({config=0+,monmap=0+}) -- 0x7f4da819e3e0 con 0x7f4da810a680
2024-04-25T15:36:36.731 INFO:teuthology.orchestra.run.smithi019.stdout:/usr/bin/ceph: stderr
2024-04-25T15:36:35.785+0000 7f4dacb1a700 1 --2- 172.21.15.19:0/3025048159 >> [v2:172.21.15.19:3300/0,v1:172.21.15.19:6789/0] conn(0x7f4da810a680 0x7f4da819dea0 secure :-1 s=READY pgs=77 cs=0 l=1 rev1=1 crypto rx=0x7f4da000b7b0 tx=0x7f4da000bd30 comp rx=0 tx=0).ready entity=mon.0 client_cookie=0 server_cookie=0 in_seq=0 out_seq=0
2024-04-25T15:36:36.731 INFO:teuthology.orchestra.run.smithi019.stdout:/usr/bin/ceph: stderr
2024-04-25T15:36:35.785+0000 7f4da5ffb700 1 -- 172.21.15.19:0/3025048159 <== mon.0 v2:172.21.15.19:3300/0 1 ==== mon_map magic: 0 ==== 205+0+0 (secure 0 0 0) 0x7f4da0020020 con 0x7f4da810a680
2024-04-25T15:36:36.731 INFO:teuthology.orchestra.run.smithi019.stdout:/usr/bin/ceph: stderr
2024-04-25T15:36:35.785+0000 7f4da5ffb700 1 -- 172.21.15.19:0/3025048159 <== mon.0 v2:172.21.15.19:3300/0 2 ==== config(26 keys) ==== 1101+0+0 (secure 0 0 0) 0x7f4da0012430 con 0x7f4da810a680
2024-04-25T15:36:36.731 INFO:teuthology.orchestra.run.smithi019.stdout:/usr/bin/ceph: stderr
2024-04-25T15:36:35.785+0000 7f4daed7e700 1 -- 172.21.15.19:0/3025048159 --> [v2:172.21.15.19:3300/0,v1:172.21.15.19:6789/0] -- mon_subscribe({mgrmap=0+}) -- 0x7f4da819e670 con 0x7f4da810a680
2024-04-25T15:36:36.731 INFO:teuthology.orchestra.run.smithi019.stdout:/usr/bin/ceph: stderr
2024-04-25T15:36:35.785+0000 7f4da5ffb700 1 -- 172.21.15.19:0/3025048159 <== mon.0 v2:172.21.15.19:3300/0 3 ==== mon_map magic: 0 ==== 205+0+0 (secure 0 0 0) 0x7f4da0017040 con 0x7f4da810a680
2024-04-25T15:36:36.731 INFO:teuthology.orchestra.run.smithi019.stdout:/usr/bin/ceph: stderr
2024-04-25T15:36:35.785+0000 7f4daed7e700 1 -- 172.21.15.19:0/3025048159 --> [v2:172.21.15.19:3300/0,v1:172.21.15.19:6789/0] -- mon_subscribe({osdmap=0}) -- 0x7f4da81a1280 con 0x7f4da810a680
2024-04-25T15:36:36.731 INFO:teuthology.orchestra.run.smithi019.stdout:/usr/bin/ceph: stderr
2024-04-25T15:36:35.786+0000 7f4da5ffb700 1 -- 172.21.15.19:0/3025048159 <== mon.0 v2:172.21.15.19:3300/0 4 ==== mgrmap(e 13) ==== 49572+0+0 (secure 0 0 0) 0x7f4da0023020 con 0x7f4da810a680
2024-04-25T15:36:36.732 INFO:teuthology.orchestra.run.smithi019.stdout:/usr/bin/ceph: stderr
2024-04-25T15:36:35.786+0000 7f4daed7e700 1 -- 172.21.15.19:0/3025048159 --> [v2:172.21.15.19:3300/0,v1:172.21.15.19:6789/0] -- mon_command({"prefix": "get_command_descriptions"} v 0) -- 0x7f4da8064cf0 con 0x7f4da810a680
2024-04-25T15:36:36.732 INFO:teuthology.orchestra.run.smithi019.stdout:/usr/bin/ceph: stderr
2024-04-25T15:36:35.786+0000 7f4da5ffb700 1 --2- 172.21.15.19:0/3025048159 >> [v2:172.21.15.19:6800/1223224459,v1:172.21.15.19:6801/1223224459] conn(0x7f4d9003d770 0x7f4d9003fc80 unknown :-1 s=NONE pgs=0 cs=0 l=1 rev1=0 crypto rx=0 tx=0 comp rx=0 tx=0).connect
2024-04-25T15:36:36.732 INFO:teuthology.orchestra.run.smithi019.stdout:/usr/bin/ceph: stderr
2024-04-25T15:36:35.786+0000 7f4da5ffb700 1 -- 172.21.15.19:0/3025048159 <== mon.0 v2:172.21.15.19:3300/0 5 ==== osd_map(3..3 src has 1..3) ==== 1155+0+0 (secure 0 0 0) 0x7f4da000f050 con 0x7f4da810a680
2024-04-25T15:36:36.732 INFO:teuthology.orchestra.run.smithi019.stdout:/usr/bin/ceph: stderr
2024-04-25T15:36:35.787+0000 7f4da7fff700 1 --2- 172.21.15.19:0/3025048159 >> [v2:172.21.15.19:6800/1223224459,v1:172.21.15.19:6801/1223224459] conn(0x7f4d9003d770 0x7f4d9003fc80 unknown :-1 s=BANNER_CONNECTING pgs=0 cs=0 l=1 rev1=0 crypto rx=0 tx=0 comp rx=0 tx=0)._handle_peer_banner_payload supported=3 required=0
2024-04-25T15:36:36.732 INFO:teuthology.orchestra.run.smithi019.stdout:/usr/bin/ceph: stderr
2024-04-25T15:36:35.787+0000 7f4da7fff700 1 --2- 172.21.15.19:0/3025048159 >> [v2:172.21.15.19:6800/1223224459,v1:172.21.15.19:6801/1223224459] conn(0x7f4d9003d770 0x7f4d9003fc80 secure :-1 s=READY pgs=11 cs=0 l=1 rev1=1 crypto rx=0x7f4d9c006fd0 tx=0x7f4d9c006e40 comp rx=0 tx=0).ready entity=mgr.14150 client_cookie=0 server_cookie=0 in_seq=0 out_seq=0
2024-04-25T15:36:36.732 INFO:teuthology.orchestra.run.smithi019.stdout:/usr/bin/ceph: stderr
2024-04-25T15:36:35.792+0000 7f4da5ffb700 1 -- 172.21.15.19:0/3025048159 <== mon.0 v2:172.21.15.19:3300/0 6 ==== mon_command_ack([{"prefix": "get_command_descriptions"}]=0 v0) ==== 72+0+188370 (secure 0 0 0) 0x7f4da002a020 con 0x7f4da810a680
2024-04-25T15:36:36.732 INFO:teuthology.orchestra.run.smithi019.stdout:/usr/bin/ceph: stderr
2024-04-25T15:36:36.111+0000 7f4daed7e700 1 -- 172.21.15.19:0/3025048159 --> [v2:172.21.15.19:3300/0,v1:172.21.15.19:6789/0] -- mon_command([{prefix=config-key set, key=mgr/dashboard/cluster/status}] v 0) -- 0x7f4da81a1450 con 0x7f4da810a680
2024-04-25T15:36:36.732 INFO:teuthology.orchestra.run.smithi019.stdout:/usr/bin/ceph: stderr
2024-04-25T15:36:36.114+0000 7f4da5ffb700 1 -- 172.21.15.19:0/3025048159 <== mon.0 v2:172.21.15.19:3300/0 7 ==== mon_command_ack([{prefix=config-key set, key=mgr/dashboard/cluster/status}]=0 set mgr/dashboard/cluster/status v28)=0 set mgr/dashboard/cluster/status v28) ==== 153+0+0 (secure 0 0 0) 0x7f4da81a1450 con 0x7f4da810a680
2024-04-25T15:36:36.732 INFO:teuthology.orchestra.run.smithi019.stdout:/usr/bin/ceph: stderr
2024-04-25T15:36:36.116+0000 7f4daed7e700 1 -- 172.21.15.19:0/3025048159 >> [v2:172.21.15.19:6800/1223224459,v1:172.21.15.19:6801/1223224459] conn(0x7f4d9003d770 msgr2=0x7f4d9003fc80 secure :-1 s=STATE_CONNECTION_ESTABLISHED l=1).mark_down
2024-04-25T15:36:36.732 INFO:teuthology.orchestra.run.smithi019.stdout:/usr/bin/ceph: stderr
2024-04-25T15:36:36.116+0000 7f4daed7e700 1 --2- 172.21.15.19:0/3025048159 >> [v2:172.21.15.19:6800/1223224459,v1:172.21.15.19:6801/1223224459] conn(0x7f4d9003d770 0x7f4d9003fc80 secure :-1 s=READY pgs=11 cs=0 l=1 rev1=1 crypto rx=0x7f4d9c006fd0 tx=0x7f4d9c006e40 comp rx=0 tx=0).stop
2024-04-25T15:36:36.732 INFO:teuthology.orchestra.run.smithi019.stdout:/usr/bin/ceph: stderr
2024-04-25T15:36:36.116+0000 7f4daed7e700 1 -- 172.21.15.19:0/3025048159 >> [v2:172.21.15.19:3300/0,v1:172.21.15.19:6789/0] conn(0x7f4da810a680 msgr2=0x7f4da819dea0 secure :-1 s=STATE_CONNECTION_ESTABLISHED l=1).mark_down
2024-04-25T15:36:36.732 INFO:teuthology.orchestra.run.smithi019.stdout:/usr/bin/ceph: stderr
2024-04-25T15:36:36.116+0000 7f4daed7e700 1 --2- 172.21.15.19:0/3025048159 >> [v2:172.21.15.19:3300/0,v1:172.21.15.19:6789/0] conn(0x7f4da810a680 0x7f4da819dea0 secure :-1 s=READY pgs=77 cs=0 l=1 rev1=1 crypto rx=0x7f4da000b7b0 tx=0x7f4da000bd30 comp rx=0 tx=0).stop
2024-04-25T15:36:36.732 INFO:teuthology.orchestra.run.smithi019.stdout:/usr/bin/ceph: stderr
2024-04-25T15:36:36.116+0000 7f4daed7e700 1 -- 172.21.15.19:0/3025048159 shutdown_connections
2024-04-25T15:36:36.733 INFO:teuthology.orchestra.run.smithi019.stdout:/usr/bin/ceph: stderr
2024-04-25T15:36:36.116+0000 7f4daed7e700 1 --2- 172.21.15.19:0/3025048159 >> [v2:172.21.15.19:6800/1223224459,v1:172.21.15.19:6801/1223224459] conn(0x7f4d9003d770 0x7f4d9003fc80 unknown :-1 s=CLOSED pgs=11 cs=0 l=1 rev1=1 crypto rx=0 tx=0 comp rx=0 tx=0).stop
2024-04-25T15:36:36.733 INFO:teuthology.orchestra.run.smithi019.stdout:/usr/bin/ceph: stderr
2024-04-25T15:36:36.116+0000 7f4daed7e700 1 --2- 172.21.15.19:0/3025048159 >> [v2:172.21.15.19:3300/0,v1:172.21.15.19:6789/0] conn(0x7f4da810a680 0x7f4da819dea0 unknown :-1 s=CLOSED pgs=77 cs=0 l=1 rev1=1 crypto rx=0 tx=0 comp rx=0 tx=0).stop
2024-04-25T15:36:36.733 INFO:teuthology.orchestra.run.smithi019.stdout:/usr/bin/ceph: stderr
2024-04-25T15:36:36.116+0000 7f4daed7e700 1 -- 172.21.15.19:0/3025048159 >> 172.21.15.19:0/3025048159 conn(0x7f4da81041a0 msgr2=0x7f4da8105a40 unknown :-1 s=STATE_NONE l=0).mark_down
2024-04-25T15:36:36.733 INFO:teuthology.orchestra.run.smithi019.stdout:/usr/bin/ceph: stderr
2024-04-25T15:36:36.116+0000 7f4daed7e700 1 -- 172.21.15.19:0/3025048159 shutdown_connections
2024-04-25T15:36:36.733 INFO:teuthology.orchestra.run.smithi019.stdout:/usr/bin/ceph: stderr
2024-04-25T15:36:36.116+0000 7f4daed7e700 1 -- 172.21.15.19:0/3025048159 wait complete.
2024-04-25T15:36:36.733 INFO:teuthology.orchestra.run.smithi019.stdout:/usr/bin/ceph: stderr set mgr/dashboard/cluster/status
2024-04-25T15:36:36.733 INFO:teuthology.orchestra.run.smithi019.stdout:You can access the Ceph CLI as following in case of multi-cluster or non-default config:
2024-04-25T15:36:36.733 INFO:teuthology.orchestra.run.smithi019.stdout:
2024-04-25T15:36:36.733 INFO:teuthology.orchestra.run.smithi019.stdout: sudo /home/ubuntu/cephtest/cephadm shell --fsid 45a7b3ac-0319-11ef-bc93-c7b262605968 -c /etc/ceph/ceph.conf -k /etc/ceph/ceph.client.admin.keyring
2024-04-25T15:36:36.733 INFO:teuthology.orchestra.run.smithi019.stdout:
2024-04-25T15:36:36.733 INFO:teuthology.orchestra.run.smithi019.stdout:Or, if you are only running a single cluster on this host:
2024-04-25T15:36:36.733 INFO:teuthology.orchestra.run.smithi019.stdout:
2024-04-25T15:36:36.733 INFO:teuthology.orchestra.run.smithi019.stdout: sudo /home/ubuntu/cephtest/cephadm shell
2024-04-25T15:36:36.733 INFO:teuthology.orchestra.run.smithi019.stdout:
2024-04-25T15:36:36.733 INFO:teuthology.orchestra.run.smithi019.stdout:Please consider enabling telemetry to help improve Ceph:
2024-04-25T15:36:36.734 INFO:teuthology.orchestra.run.smithi019.stdout:
2024-04-25T15:36:36.734 INFO:teuthology.orchestra.run.smithi019.stdout: ceph telemetry on
2024-04-25T15:36:36.734 INFO:teuthology.orchestra.run.smithi019.stdout:
2024-04-25T15:36:36.734 INFO:teuthology.orchestra.run.smithi019.stdout:For more information see:
2024-04-25T15:36:36.734 INFO:teuthology.orchestra.run.smithi019.stdout:
2024-04-25T15:36:36.734 INFO:teuthology.orchestra.run.smithi019.stdout: https://docs.ceph.com/en/latest/mgr/telemetry/
2024-04-25T15:36:36.734 INFO:teuthology.orchestra.run.smithi019.stdout:
2024-04-25T15:36:36.734 INFO:teuthology.orchestra.run.smithi019.stdout:Bootstrap complete.
2024-04-25T15:36:36.774 INFO:tasks.cephadm:Fetching config...
2024-04-25T15:36:36.775 DEBUG:teuthology.orchestra.run.smithi019:> set -ex
2024-04-25T15:36:36.775 DEBUG:teuthology.orchestra.run.smithi019:> dd if=/etc/ceph/ceph.conf of=/dev/stdout
2024-04-25T15:36:36.792 INFO:tasks.cephadm:Fetching client.admin keyring...
2024-04-25T15:36:36.792 DEBUG:teuthology.orchestra.run.smithi019:> set -ex
2024-04-25T15:36:36.792 DEBUG:teuthology.orchestra.run.smithi019:> dd if=/etc/ceph/ceph.client.admin.keyring of=/dev/stdout
2024-04-25T15:36:36.848 INFO:tasks.cephadm:Fetching mon keyring...
2024-04-25T15:36:36.849 DEBUG:teuthology.orchestra.run.smithi019:> set -ex
2024-04-25T15:36:36.849 DEBUG:teuthology.orchestra.run.smithi019:> sudo dd if=/var/lib/ceph/45a7b3ac-0319-11ef-bc93-c7b262605968/mon.a/keyring of=/dev/stdout
2024-04-25T15:36:36.914 INFO:tasks.cephadm:Fetching pub ssh key...
2024-04-25T15:36:36.914 DEBUG:teuthology.orchestra.run.smithi019:> set -ex
2024-04-25T15:36:36.914 DEBUG:teuthology.orchestra.run.smithi019:> dd if=/home/ubuntu/cephtest/ceph.pub of=/dev/stdout
2024-04-25T15:36:36.970 INFO:tasks.cephadm:Installing pub ssh key for root users...
2024-04-25T15:36:36.971 DEBUG:teuthology.orchestra.run.smithi019:> sudo install -d -m 0700 /root/.ssh && echo 'ssh-rsa AAAAB3NzaC1yc2EAAAADAQABAAABgQCsCzU+MC6pWcPXXFdWmEVue0EmKkwOrfZOFIf9wwivI46GoRAidu8F4vcvLC7SgRXiSA8+EMBl9xKfZCHpueZcmtgRgx75WmtnwcicY0ufpcMkCeHMCkmQQGls4kLVZ1defjzzzl8bazk9y3Z4MW1DkhRK5so/gWfCoQL68bTOkezxRhc0VLmmhGqyqjdMIJ43RREUZwQf9G07GjQ3U0um8YC3RGmjWeVWgGr/JJP3+uYFN2hZ3/MlUjAkhF7do3t6KekcC63Y5fhyCJocfoilri9PCVpC6einUPaKMdsMCBitLpiISNkykMQl/9dvn9VAgqzlo0YeViN5k1OXp6dhmkr+MgZNrc6TBNOTdS9U6rgsb/wxaePdIuHYxHzHekps8KbuiqXSktLBtkbD7LAbXe/F2Et/v6peKe/Oi9kBBFv/WKUeXfGlUMAkX8qSfYMlkEvqw1QvF+KcTZo1iqoQwRSACGBhf2in6DBDB6eWeXQoDB3Xj1NCMYfQ6z66wok= ceph-45a7b3ac-0319-11ef-bc93-c7b262605968' | sudo tee -a /root/.ssh/authorized_keys && sudo chmod 0600 /root/.ssh/authorized_keys
2024-04-25T15:36:37.045 INFO:teuthology.orchestra.run.smithi019.stdout:ssh-rsa AAAAB3NzaC1yc2EAAAADAQABAAABgQCsCzU+MC6pWcPXXFdWmEVue0EmKkwOrfZOFIf9wwivI46GoRAidu8F4vcvLC7SgRXiSA8+EMBl9xKfZCHpueZcmtgRgx75WmtnwcicY0ufpcMkCeHMCkmQQGls4kLVZ1defjzzzl8bazk9y3Z4MW1DkhRK5so/gWfCoQL68bTOkezxRhc0VLmmhGqyqjdMIJ43RREUZwQf9G07GjQ3U0um8YC3RGmjWeVWgGr/JJP3+uYFN2hZ3/MlUjAkhF7do3t6KekcC63Y5fhyCJocfoilri9PCVpC6einUPaKMdsMCBitLpiISNkykMQl/9dvn9VAgqzlo0YeViN5k1OXp6dhmkr+MgZNrc6TBNOTdS9U6rgsb/wxaePdIuHYxHzHekps8KbuiqXSktLBtkbD7LAbXe/F2Et/v6peKe/Oi9kBBFv/WKUeXfGlUMAkX8qSfYMlkEvqw1QvF+KcTZo1iqoQwRSACGBhf2in6DBDB6eWeXQoDB3Xj1NCMYfQ6z66wok= ceph-45a7b3ac-0319-11ef-bc93-c7b262605968
2024-04-25T15:36:37.056 DEBUG:teuthology.orchestra.run.smithi044:> sudo install -d -m 0700 /root/.ssh && echo 'ssh-rsa AAAAB3NzaC1yc2EAAAADAQABAAABgQCsCzU+MC6pWcPXXFdWmEVue0EmKkwOrfZOFIf9wwivI46GoRAidu8F4vcvLC7SgRXiSA8+EMBl9xKfZCHpueZcmtgRgx75WmtnwcicY0ufpcMkCeHMCkmQQGls4kLVZ1defjzzzl8bazk9y3Z4MW1DkhRK5so/gWfCoQL68bTOkezxRhc0VLmmhGqyqjdMIJ43RREUZwQf9G07GjQ3U0um8YC3RGmjWeVWgGr/JJP3+uYFN2hZ3/MlUjAkhF7do3t6KekcC63Y5fhyCJocfoilri9PCVpC6einUPaKMdsMCBitLpiISNkykMQl/9dvn9VAgqzlo0YeViN5k1OXp6dhmkr+MgZNrc6TBNOTdS9U6rgsb/wxaePdIuHYxHzHekps8KbuiqXSktLBtkbD7LAbXe/F2Et/v6peKe/Oi9kBBFv/WKUeXfGlUMAkX8qSfYMlkEvqw1QvF+KcTZo1iqoQwRSACGBhf2in6DBDB6eWeXQoDB3Xj1NCMYfQ6z66wok= ceph-45a7b3ac-0319-11ef-bc93-c7b262605968' | sudo tee -a /root/.ssh/authorized_keys && sudo chmod 0600 /root/.ssh/authorized_keys
2024-04-25T15:36:37.097 INFO:teuthology.orchestra.run.smithi044.stdout:ssh-rsa AAAAB3NzaC1yc2EAAAADAQABAAABgQCsCzU+MC6pWcPXXFdWmEVue0EmKkwOrfZOFIf9wwivI46GoRAidu8F4vcvLC7SgRXiSA8+EMBl9xKfZCHpueZcmtgRgx75WmtnwcicY0ufpcMkCeHMCkmQQGls4kLVZ1defjzzzl8bazk9y3Z4MW1DkhRK5so/gWfCoQL68bTOkezxRhc0VLmmhGqyqjdMIJ43RREUZwQf9G07GjQ3U0um8YC3RGmjWeVWgGr/JJP3+uYFN2hZ3/MlUjAkhF7do3t6KekcC63Y5fhyCJocfoilri9PCVpC6einUPaKMdsMCBitLpiISNkykMQl/9dvn9VAgqzlo0YeViN5k1OXp6dhmkr+MgZNrc6TBNOTdS9U6rgsb/wxaePdIuHYxHzHekps8KbuiqXSktLBtkbD7LAbXe/F2Et/v6peKe/Oi9kBBFv/WKUeXfGlUMAkX8qSfYMlkEvqw1QvF+KcTZo1iqoQwRSACGBhf2in6DBDB6eWeXQoDB3Xj1NCMYfQ6z66wok= ceph-45a7b3ac-0319-11ef-bc93-c7b262605968
2024-04-25T15:36:37.109 DEBUG:teuthology.orchestra.run.smithi083:> sudo install -d -m 0700 /root/.ssh && echo 'ssh-rsa AAAAB3NzaC1yc2EAAAADAQABAAABgQCsCzU+MC6pWcPXXFdWmEVue0EmKkwOrfZOFIf9wwivI46GoRAidu8F4vcvLC7SgRXiSA8+EMBl9xKfZCHpueZcmtgRgx75WmtnwcicY0ufpcMkCeHMCkmQQGls4kLVZ1defjzzzl8bazk9y3Z4MW1DkhRK5so/gWfCoQL68bTOkezxRhc0VLmmhGqyqjdMIJ43RREUZwQf9G07GjQ3U0um8YC3RGmjWeVWgGr/JJP3+uYFN2hZ3/MlUjAkhF7do3t6KekcC63Y5fhyCJocfoilri9PCVpC6einUPaKMdsMCBitLpiISNkykMQl/9dvn9VAgqzlo0YeViN5k1OXp6dhmkr+MgZNrc6TBNOTdS9U6rgsb/wxaePdIuHYxHzHekps8KbuiqXSktLBtkbD7LAbXe/F2Et/v6peKe/Oi9kBBFv/WKUeXfGlUMAkX8qSfYMlkEvqw1QvF+KcTZo1iqoQwRSACGBhf2in6DBDB6eWeXQoDB3Xj1NCMYfQ6z66wok= ceph-45a7b3ac-0319-11ef-bc93-c7b262605968' | sudo tee -a /root/.ssh/authorized_keys && sudo chmod 0600 /root/.ssh/authorized_keys
2024-04-25T15:36:37.150 INFO:teuthology.orchestra.run.smithi083.stdout:ssh-rsa AAAAB3NzaC1yc2EAAAADAQABAAABgQCsCzU+MC6pWcPXXFdWmEVue0EmKkwOrfZOFIf9wwivI46GoRAidu8F4vcvLC7SgRXiSA8+EMBl9xKfZCHpueZcmtgRgx75WmtnwcicY0ufpcMkCeHMCkmQQGls4kLVZ1defjzzzl8bazk9y3Z4MW1DkhRK5so/gWfCoQL68bTOkezxRhc0VLmmhGqyqjdMIJ43RREUZwQf9G07GjQ3U0um8YC3RGmjWeVWgGr/JJP3+uYFN2hZ3/MlUjAkhF7do3t6KekcC63Y5fhyCJocfoilri9PCVpC6einUPaKMdsMCBitLpiISNkykMQl/9dvn9VAgqzlo0YeViN5k1OXp6dhmkr+MgZNrc6TBNOTdS9U6rgsb/wxaePdIuHYxHzHekps8KbuiqXSktLBtkbD7LAbXe/F2Et/v6peKe/Oi9kBBFv/WKUeXfGlUMAkX8qSfYMlkEvqw1QvF+KcTZo1iqoQwRSACGBhf2in6DBDB6eWeXQoDB3Xj1NCMYfQ6z66wok= ceph-45a7b3ac-0319-11ef-bc93-c7b262605968
2024-04-25T15:36:37.161 DEBUG:teuthology.orchestra.run.smithi019:> sudo /home/ubuntu/cephtest/cephadm --image quay-quay-quay.apps.os.sepia.ceph.com/ceph-ci/ceph:994e2f20102a20fa9a27966c14b625cc01884df8 shell -c /etc/ceph/ceph.conf -k /etc/ceph/ceph.client.admin.keyring --fsid 45a7b3ac-0319-11ef-bc93-c7b262605968 -- ceph config set mgr mgr/cephadm/allow_ptrace true
2024-04-25T15:36:37.404 INFO:journalctl@ceph.mon.a.smithi019.stdout:Apr 25 15:36:37 smithi019 ceph-mon[29406]: from='client.? 172.21.15.19:0/3025048159' entity='client.admin'
2024-04-25T15:36:37.404 INFO:teuthology.orchestra.run.smithi019.stderr:Inferring config /var/lib/ceph/45a7b3ac-0319-11ef-bc93-c7b262605968/mon.a/config
2024-04-25T15:36:39.686 INFO:teuthology.orchestra.run.smithi019.stderr:2024-04-25T15:36:39.685+0000 7ff0bddf2700 1 -- 172.21.15.19:0/3163972278 >> [v2:172.21.15.19:3300/0,v1:172.21.15.19:6789/0] conn(0x7ff0b8104580 msgr2=0x7ff0b81069a0 secure :-1 s=STATE_CONNECTION_ESTABLISHED l=1).mark_down
