2024-04-25T15:40:23.913+0000 7f4b70341700 1 -- 172.21.15.82:0/3999611308 shutdown_connections
2024-04-25T15:40:24.810 INFO:teuthology.orchestra.run.smithi082.stdout:/usr/bin/ceph: stderr
2024-04-25T15:40:23.913+0000 7f4b70341700 1 -- 172.21.15.82:0/3999611308 wait complete.
2024-04-25T15:40:24.810 INFO:teuthology.orchestra.run.smithi082.stdout:/usr/bin/ceph: stderr
2024-04-25T15:40:23.914+0000 7f4b70341700 1 Processor -- start
2024-04-25T15:40:24.810 INFO:teuthology.orchestra.run.smithi082.stdout:/usr/bin/ceph: stderr
2024-04-25T15:40:23.914+0000 7f4b70341700 1 -- start start
2024-04-25T15:40:24.810 INFO:teuthology.orchestra.run.smithi082.stdout:/usr/bin/ceph: stderr
2024-04-25T15:40:23.914+0000 7f4b70341700 1 --2- >> [v2:172.21.15.82:3300/0,v1:172.21.15.82:6789/0] conn(0x7f4b681082f0 0x7f4b681a0010 unknown :-1 s=NONE pgs=0 cs=0 l=1 rev1=0 crypto rx=0 tx=0 comp rx=0 tx=0).connect
2024-04-25T15:40:24.810 INFO:teuthology.orchestra.run.smithi082.stdout:/usr/bin/ceph: stderr
2024-04-25T15:40:23.914+0000 7f4b70341700 1 -- --> [v2:172.21.15.82:3300/0,v1:172.21.15.82:6789/0] -- mon_getmap magic: 0 -- 0x7f4b68109cc0 con 0x7f4b681082f0
2024-04-25T15:40:24.811 INFO:teuthology.orchestra.run.smithi082.stdout:/usr/bin/ceph: stderr
2024-04-25T15:40:23.914+0000 7f4b6e0dd700 1 --2- >> [v2:172.21.15.82:3300/0,v1:172.21.15.82:6789/0] conn(0x7f4b681082f0 0x7f4b681a0010 unknown :-1 s=BANNER_CONNECTING pgs=0 cs=0 l=1 rev1=0 crypto rx=0 tx=0 comp rx=0 tx=0)._handle_peer_banner_payload supported=3 required=0
2024-04-25T15:40:24.811 INFO:teuthology.orchestra.run.smithi082.stdout:/usr/bin/ceph: stderr
2024-04-25T15:40:23.914+0000 7f4b6e0dd700 1 --2- >> [v2:172.21.15.82:3300/0,v1:172.21.15.82:6789/0] conn(0x7f4b681082f0 0x7f4b681a0010 unknown :-1 s=HELLO_CONNECTING pgs=0 cs=0 l=1 rev1=1 crypto rx=0 tx=0 comp rx=0 tx=0).handle_hello peer v2:172.21.15.82:3300/0 says I am v2:172.21.15.82:42756/0 (socket says 172.21.15.82:42756)
2024-04-25T15:40:24.811 INFO:teuthology.orchestra.run.smithi082.stdout:/usr/bin/ceph: stderr
2024-04-25T15:40:23.914+0000 7f4b6e0dd700 1 -- 172.21.15.82:0/3751656135 learned_addr learned my addr 172.21.15.82:0/3751656135 (peer_addr_for_me v2:172.21.15.82:0/0)
2024-04-25T15:40:24.811 INFO:teuthology.orchestra.run.smithi082.stdout:/usr/bin/ceph: stderr
2024-04-25T15:40:23.915+0000 7f4b6e0dd700 1 -- 172.21.15.82:0/3751656135 --> [v2:172.21.15.82:3300/0,v1:172.21.15.82:6789/0] -- mon_subscribe({config=0+,monmap=0+}) -- 0x7f4b681a0550 con 0x7f4b681082f0
2024-04-25T15:40:24.811 INFO:teuthology.orchestra.run.smithi082.stdout:/usr/bin/ceph: stderr
2024-04-25T15:40:23.915+0000 7f4b6e0dd700 1 --2- 172.21.15.82:0/3751656135 >> [v2:172.21.15.82:3300/0,v1:172.21.15.82:6789/0] conn(0x7f4b681082f0 0x7f4b681a0010 secure :-1 s=READY pgs=48 cs=0 l=1 rev1=1 crypto rx=0x7f4b58009fb0 tx=0x7f4b58011940 comp rx=0 tx=0).ready entity=mon.0 client_cookie=0 server_cookie=0 in_seq=0 out_seq=0
2024-04-25T15:40:24.811 INFO:teuthology.orchestra.run.smithi082.stdout:/usr/bin/ceph: stderr
2024-04-25T15:40:23.915+0000 7f4b5f7fe700 1 -- 172.21.15.82:0/3751656135 <== mon.0 v2:172.21.15.82:3300/0 1 ==== mon_map magic: 0 ==== 205+0+0 (secure 0 0 0) 0x7f4b580036a0 con 0x7f4b681082f0
2024-04-25T15:40:24.811 INFO:teuthology.orchestra.run.smithi082.stdout:/usr/bin/ceph: stderr
2024-04-25T15:40:23.915+0000 7f4b5f7fe700 1 -- 172.21.15.82:0/3751656135 <== mon.0 v2:172.21.15.82:3300/0 2 ==== config(26 keys) ==== 1070+0+0 (secure 0 0 0) 0x7f4b5801a430 con 0x7f4b681082f0
2024-04-25T15:40:24.811 INFO:teuthology.orchestra.run.smithi082.stdout:/usr/bin/ceph: stderr
2024-04-25T15:40:23.915+0000 7f4b5f7fe700 1 -- 172.21.15.82:0/3751656135 <== mon.0 v2:172.21.15.82:3300/0 3 ==== mon_map magic: 0 ==== 205+0+0 (secure 0 0 0) 0x7f4b58019550 con 0x7f4b681082f0
2024-04-25T15:40:24.811 INFO:teuthology.orchestra.run.smithi082.stdout:/usr/bin/ceph: stderr
2024-04-25T15:40:23.915+0000 7f4b70341700 1 -- 172.21.15.82:0/3751656135 --> [v2:172.21.15.82:3300/0,v1:172.21.15.82:6789/0] -- mon_subscribe({mgrmap=0+}) -- 0x7f4b681a07e0 con 0x7f4b681082f0
2024-04-25T15:40:24.811 INFO:teuthology.orchestra.run.smithi082.stdout:/usr/bin/ceph: stderr
2024-04-25T15:40:23.915+0000 7f4b70341700 1 -- 172.21.15.82:0/3751656135 --> [v2:172.21.15.82:3300/0,v1:172.21.15.82:6789/0] -- mon_subscribe({osdmap=0}) -- 0x7f4b681a1220 con 0x7f4b681082f0
2024-04-25T15:40:24.811 INFO:teuthology.orchestra.run.smithi082.stdout:/usr/bin/ceph: stderr
2024-04-25T15:40:23.916+0000 7f4b70341700 1 -- 172.21.15.82:0/3751656135 --> [v2:172.21.15.82:3300/0,v1:172.21.15.82:6789/0] -- mon_command({"prefix": "get_command_descriptions"} v 0) -- 0x7f4b68064cf0 con 0x7f4b681082f0
2024-04-25T15:40:24.811 INFO:teuthology.orchestra.run.smithi082.stdout:/usr/bin/ceph: stderr
2024-04-25T15:40:23.916+0000 7f4b5f7fe700 1 -- 172.21.15.82:0/3751656135 <== mon.0 v2:172.21.15.82:3300/0 4 ==== mgrmap(e 8) ==== 49516+0+0 (secure 0 0 0) 0x7f4b58019800 con 0x7f4b681082f0
2024-04-25T15:40:24.811 INFO:teuthology.orchestra.run.smithi082.stdout:/usr/bin/ceph: stderr
2024-04-25T15:40:23.916+0000 7f4b5f7fe700 1 --2- 172.21.15.82:0/3751656135 >> [v2:172.21.15.82:6800/3379670979,v1:172.21.15.82:6801/3379670979] conn(0x7f4b5403d630 0x7f4b5403fb40 unknown :-1 s=NONE pgs=0 cs=0 l=1 rev1=0 crypto rx=0 tx=0 comp rx=0 tx=0).connect
2024-04-25T15:40:24.811 INFO:teuthology.orchestra.run.smithi082.stdout:/usr/bin/ceph: stderr
2024-04-25T15:40:23.916+0000 7f4b5f7fe700 1 -- 172.21.15.82:0/3751656135 <== mon.0 v2:172.21.15.82:3300/0 5 ==== osd_map(2..2 src has 1..2) ==== 940+0+0 (secure 0 0 0) 0x7f4b58052770 con 0x7f4b681082f0
2024-04-25T15:40:24.811 INFO:teuthology.orchestra.run.smithi082.stdout:/usr/bin/ceph: stderr
2024-04-25T15:40:23.916+0000 7f4b6d8dc700 1 --2- 172.21.15.82:0/3751656135 >> [v2:172.21.15.82:6800/3379670979,v1:172.21.15.82:6801/3379670979] conn(0x7f4b5403d630 0x7f4b5403fb40 unknown :-1 s=BANNER_CONNECTING pgs=0 cs=0 l=1 rev1=0 crypto rx=0 tx=0 comp rx=0 tx=0)._handle_peer_banner_payload supported=3 required=0
2024-04-25T15:40:24.812 INFO:teuthology.orchestra.run.smithi082.stdout:/usr/bin/ceph: stderr
2024-04-25T15:40:23.917+0000 7f4b6d8dc700 1 --2- 172.21.15.82:0/3751656135 >> [v2:172.21.15.82:6800/3379670979,v1:172.21.15.82:6801/3379670979] conn(0x7f4b5403d630 0x7f4b5403fb40 secure :-1 s=READY pgs=12 cs=0 l=1 rev1=1 crypto rx=0x7f4b64006fd0 tx=0x7f4b64006e40 comp rx=0 tx=0).ready entity=mgr.14120 client_cookie=0 server_cookie=0 in_seq=0 out_seq=0
2024-04-25T15:40:24.812 INFO:teuthology.orchestra.run.smithi082.stdout:/usr/bin/ceph: stderr
2024-04-25T15:40:23.921+0000 7f4b5f7fe700 1 -- 172.21.15.82:0/3751656135 <== mon.0 v2:172.21.15.82:3300/0 6 ==== mon_command_ack([{"prefix": "get_command_descriptions"}]=0 v0) ==== 72+0+188370 (secure 0 0 0) 0x7f4b58023390 con 0x7f4b681082f0
2024-04-25T15:40:24.812 INFO:teuthology.orchestra.run.smithi082.stdout:/usr/bin/ceph: stderr
2024-04-25T15:40:24.149+0000 7f4b70341700 1 -- 172.21.15.82:0/3751656135 --> [v2:172.21.15.82:6800/3379670979,v1:172.21.15.82:6801/3379670979] -- mgr_command(tid 0: {"prefix": "orch apply", "service_type": "mon", "unmanaged": true, "target": ["mon-mgr", ""]}) -- 0x7f4b680008d0 con 0x7f4b5403d630
2024-04-25T15:40:24.812 INFO:teuthology.orchestra.run.smithi082.stdout:/usr/bin/ceph: stderr
2024-04-25T15:40:24.157+0000 7f4b5f7fe700 1 -- 172.21.15.82:0/3751656135 <== mgr.14120 v2:172.21.15.82:6800/3379670979 1 ==== mgr_command_reply(tid 0: 0 ) ==== 8+0+24 (secure 0 0 0) 0x7f4b680008d0 con 0x7f4b5403d630
2024-04-25T15:40:24.812 INFO:teuthology.orchestra.run.smithi082.stdout:/usr/bin/ceph: stderr
2024-04-25T15:40:24.159+0000 7f4b70341700 1 -- 172.21.15.82:0/3751656135 >> [v2:172.21.15.82:6800/3379670979,v1:172.21.15.82:6801/3379670979] conn(0x7f4b5403d630 msgr2=0x7f4b5403fb40 secure :-1 s=STATE_CONNECTION_ESTABLISHED l=1).mark_down
2024-04-25T15:40:24.812 INFO:teuthology.orchestra.run.smithi082.stdout:/usr/bin/ceph: stderr
2024-04-25T15:40:24.159+0000 7f4b70341700 1 --2- 172.21.15.82:0/3751656135 >> [v2:172.21.15.82:6800/3379670979,v1:172.21.15.82:6801/3379670979] conn(0x7f4b5403d630 0x7f4b5403fb40 secure :-1 s=READY pgs=12 cs=0 l=1 rev1=1 crypto rx=0x7f4b64006fd0 tx=0x7f4b64006e40 comp rx=0 tx=0).stop
2024-04-25T15:40:24.812 INFO:teuthology.orchestra.run.smithi082.stdout:/usr/bin/ceph: stderr
2024-04-25T15:40:24.159+0000 7f4b70341700 1 -- 172.21.15.82:0/3751656135 >> [v2:172.21.15.82:3300/0,v1:172.21.15.82:6789/0] conn(0x7f4b681082f0 msgr2=0x7f4b681a0010 secure :-1 s=STATE_CONNECTION_ESTABLISHED l=1).mark_down
2024-04-25T15:40:24.812 INFO:teuthology.orchestra.run.smithi082.stdout:/usr/bin/ceph: stderr
2024-04-25T15:40:24.159+0000 7f4b70341700 1 --2- 172.21.15.82:0/3751656135 >> [v2:172.21.15.82:3300/0,v1:172.21.15.82:6789/0] conn(0x7f4b681082f0 0x7f4b681a0010 secure :-1 s=READY pgs=48 cs=0 l=1 rev1=1 crypto rx=0x7f4b58009fb0 tx=0x7f4b58011940 comp rx=0 tx=0).stop
2024-04-25T15:40:24.812 INFO:teuthology.orchestra.run.smithi082.stdout:/usr/bin/ceph: stderr
2024-04-25T15:40:24.159+0000 7f4b70341700 1 -- 172.21.15.82:0/3751656135 shutdown_connections
2024-04-25T15:40:24.812 INFO:teuthology.orchestra.run.smithi082.stdout:/usr/bin/ceph: stderr
2024-04-25T15:40:24.159+0000 7f4b70341700 1 --2- 172.21.15.82:0/3751656135 >> [v2:172.21.15.82:6800/3379670979,v1:172.21.15.82:6801/3379670979] conn(0x7f4b5403d630 0x7f4b5403fb40 unknown :-1 s=CLOSED pgs=12 cs=0 l=1 rev1=1 crypto rx=0 tx=0 comp rx=0 tx=0).stop
2024-04-25T15:40:24.812 INFO:teuthology.orchestra.run.smithi082.stdout:/usr/bin/ceph: stderr
2024-04-25T15:40:24.159+0000 7f4b70341700 1 --2- 172.21.15.82:0/3751656135 >> [v2:172.21.15.82:3300/0,v1:172.21.15.82:6789/0] conn(0x7f4b681082f0 0x7f4b681a0010 unknown :-1 s=CLOSED pgs=48 cs=0 l=1 rev1=1 crypto rx=0 tx=0 comp rx=0 tx=0).stop
2024-04-25T15:40:24.812 INFO:teuthology.orchestra.run.smithi082.stdout:/usr/bin/ceph: stderr
2024-04-25T15:40:24.159+0000 7f4b70341700 1 -- 172.21.15.82:0/3751656135 >> 172.21.15.82:0/3751656135 conn(0x7f4b68103f20 msgr2=0x7f4b68193f60 unknown :-1 s=STATE_NONE l=0).mark_down
2024-04-25T15:40:24.812 INFO:teuthology.orchestra.run.smithi082.stdout:/usr/bin/ceph: stderr
2024-04-25T15:40:24.159+0000 7f4b70341700 1 -- 172.21.15.82:0/3751656135 shutdown_connections
2024-04-25T15:40:24.812 INFO:teuthology.orchestra.run.smithi082.stdout:/usr/bin/ceph: stderr
2024-04-25T15:40:24.159+0000 7f4b70341700 1 -- 172.21.15.82:0/3751656135 wait complete.
2024-04-25T15:40:24.812 INFO:teuthology.orchestra.run.smithi082.stdout:Deploying unmanaged mgr service...
2024-04-25T15:40:25.429 INFO:journalctl@ceph.mon.a.smithi082.stdout:Apr 25 15:40:25 smithi082 ceph-mon[29143]: from='client.14142 -' entity='client.admin' cmd=[{"prefix": "orch apply", "service_type": "mon", "unmanaged": true, "target": ["mon-mgr", ""]}]: dispatch
2024-04-25T15:40:25.429 INFO:journalctl@ceph.mon.a.smithi082.stdout:Apr 25 15:40:25 smithi082 ceph-mon[29143]: Saving service mon spec with placement count:5
2024-04-25T15:40:25.429 INFO:journalctl@ceph.mon.a.smithi082.stdout:Apr 25 15:40:25 smithi082 ceph-mon[29143]: from='mgr.14120 172.21.15.82:0/1099186728' entity='mgr.x'
2024-04-25T15:40:26.602 INFO:journalctl@ceph.mon.a.smithi082.stdout:Apr 25 15:40:26 smithi082 ceph-mon[29143]: from='client.14144 -' entity='client.admin' cmd=[{"prefix": "orch apply", "service_type": "mgr", "unmanaged": true, "target": ["mon-mgr", ""]}]: dispatch
2024-04-25T15:40:26.603 INFO:journalctl@ceph.mon.a.smithi082.stdout:Apr 25 15:40:26 smithi082 ceph-mon[29143]: Saving service mgr spec with placement count:2
2024-04-25T15:40:26.603 INFO:journalctl@ceph.mon.a.smithi082.stdout:Apr 25 15:40:26 smithi082 ceph-mon[29143]: from='mgr.14120 172.21.15.82:0/1099186728' entity='mgr.x'
2024-04-25T15:40:26.603 INFO:journalctl@ceph.mon.a.smithi082.stdout:Apr 25 15:40:26 smithi082 ceph-mon[29143]: from='mgr.14120 172.21.15.82:0/1099186728' entity='mgr.x'
2024-04-25T15:40:26.610 INFO:teuthology.orchestra.run.smithi082.stdout:/usr/bin/ceph: stdout Scheduled mgr update...
2024-04-25T15:40:26.610 INFO:teuthology.orchestra.run.smithi082.stdout:/usr/bin/ceph: stderr
2024-04-25T15:40:25.238+0000 7fad7160b700 1 Processor -- start
2024-04-25T15:40:26.610 INFO:teuthology.orchestra.run.smithi082.stdout:/usr/bin/ceph: stderr
2024-04-25T15:40:25.239+0000 7fad7160b700 1 -- start start
2024-04-25T15:40:26.610 INFO:teuthology.orchestra.run.smithi082.stdout:/usr/bin/ceph: stderr
2024-04-25T15:40:25.239+0000 7fad7160b700 1 --2- >> [v2:172.21.15.82:3300/0,v1:172.21.15.82:6789/0] conn(0x7fad6c10a490 0x7fad6c10c8b0 unknown :-1 s=NONE pgs=0 cs=0 l=0 rev1=0 crypto rx=0 tx=0 comp rx=0 tx=0).connect
2024-04-25T15:40:26.610 INFO:teuthology.orchestra.run.smithi082.stdout:/usr/bin/ceph: stderr
2024-04-25T15:40:25.239+0000 7fad7160b700 1 -- --> [v2:172.21.15.82:3300/0,v1:172.21.15.82:6789/0] -- mon_getmap magic: 0 -- 0x7fad6c07cdd0 con 0x7fad6c10a490
2024-04-25T15:40:26.610 INFO:teuthology.orchestra.run.smithi082.stdout:/usr/bin/ceph: stderr
2024-04-25T15:40:25.239+0000 7fad6affd700 1 --2- >> [v2:172.21.15.82:3300/0,v1:172.21.15.82:6789/0] conn(0x7fad6c10a490 0x7fad6c10c8b0 unknown :-1 s=BANNER_CONNECTING pgs=0 cs=0 l=0 rev1=0 crypto rx=0 tx=0 comp rx=0 tx=0)._handle_peer_banner_payload supported=3 required=0
2024-04-25T15:40:26.610 INFO:teuthology.orchestra.run.smithi082.stdout:/usr/bin/ceph: stderr
2024-04-25T15:40:25.239+0000 7fad6affd700 1 --2- >> [v2:172.21.15.82:3300/0,v1:172.21.15.82:6789/0] conn(0x7fad6c10a490 0x7fad6c10c8b0 unknown :-1 s=HELLO_CONNECTING pgs=0 cs=0 l=0 rev1=1 crypto rx=0 tx=0 comp rx=0 tx=0).handle_hello peer v2:172.21.15.82:3300/0 says I am v2:172.21.15.82:42766/0 (socket says 172.21.15.82:42766)
2024-04-25T15:40:26.611 INFO:teuthology.orchestra.run.smithi082.stdout:/usr/bin/ceph: stderr
2024-04-25T15:40:25.239+0000 7fad6affd700 1 -- 172.21.15.82:0/704911389 learned_addr learned my addr 172.21.15.82:0/704911389 (peer_addr_for_me v2:172.21.15.82:0/0)
2024-04-25T15:40:26.611 INFO:teuthology.orchestra.run.smithi082.stdout:/usr/bin/ceph: stderr
2024-04-25T15:40:25.239+0000 7fad6affd700 1 -- 172.21.15.82:0/704911389 --> [v2:172.21.15.82:3300/0,v1:172.21.15.82:6789/0] -- mon_subscribe({config=0+,monmap=0+}) -- 0x7fad6c10cdf0 con 0x7fad6c10a490
2024-04-25T15:40:26.611 INFO:teuthology.orchestra.run.smithi082.stdout:/usr/bin/ceph: stderr
2024-04-25T15:40:25.239+0000 7fad6affd700 1 --2- 172.21.15.82:0/704911389 >> [v2:172.21.15.82:3300/0,v1:172.21.15.82:6789/0] conn(0x7fad6c10a490 0x7fad6c10c8b0 secure :-1 s=READY pgs=49 cs=0 l=1 rev1=1 crypto rx=0x7fad5c0098a0 tx=0x7fad5c009bb0 comp rx=0 tx=0).ready entity=mon.0 client_cookie=f2d482f0f073bce server_cookie=0 in_seq=0 out_seq=0
2024-04-25T15:40:26.611 INFO:teuthology.orchestra.run.smithi082.stdout:/usr/bin/ceph: stderr
2024-04-25T15:40:25.240+0000 7fad69ffb700 1 -- 172.21.15.82:0/704911389 <== mon.0 v2:172.21.15.82:3300/0 1 ==== mon_map magic: 0 ==== 205+0+0 (secure 0 0 0) 0x7fad5c004160 con 0x7fad6c10a490
2024-04-25T15:40:26.611 INFO:teuthology.orchestra.run.smithi082.stdout:/usr/bin/ceph: stderr
2024-04-25T15:40:25.240+0000 7fad69ffb700 1 -- 172.21.15.82:0/704911389 <== mon.0 v2:172.21.15.82:3300/0 2 ==== config(26 keys) ==== 1070+0+0 (secure 0 0 0) 0x7fad5c004300 con 0x7fad6c10a490
2024-04-25T15:40:26.611 INFO:teuthology.orchestra.run.smithi082.stdout:/usr/bin/ceph: stderr
2024-04-25T15:40:25.240+0000 7fad69ffb700 1 -- 172.21.15.82:0/704911389 <== mon.0 v2:172.21.15.82:3300/0 3 ==== mon_map magic: 0 ==== 205+0+0 (secure 0 0 0) 0x7fad5c011af0 con 0x7fad6c10a490
2024-04-25T15:40:26.611 INFO:teuthology.orchestra.run.smithi082.stdout:/usr/bin/ceph: stderr
2024-04-25T15:40:25.240+0000 7fad7160b700 1 -- 172.21.15.82:0/704911389 >> [v2:172.21.15.82:3300/0,v1:172.21.15.82:6789/0] conn(0x7fad6c10a490 msgr2=0x7fad6c10c8b0 secure :-1 s=STATE_CONNECTION_ESTABLISHED l=1).mark_down
2024-04-25T15:40:26.611 INFO:teuthology.orchestra.run.smithi082.stdout:/usr/bin/ceph: stderr
2024-04-25T15:40:25.240+0000 7fad7160b700 1 --2- 172.21.15.82:0/704911389 >> [v2:172.21.15.82:3300/0,v1:172.21.15.82:6789/0] conn(0x7fad6c10a490 0x7fad6c10c8b0 secure :-1 s=READY pgs=49 cs=0 l=1 rev1=1 crypto rx=0x7fad5c0098a0 tx=0x7fad5c009bb0 comp rx=0 tx=0).stop
2024-04-25T15:40:26.611 INFO:teuthology.orchestra.run.smithi082.stdout:/usr/bin/ceph: stderr
2024-04-25T15:40:25.240+0000 7fad7160b700 1 -- 172.21.15.82:0/704911389 shutdown_connections
2024-04-25T15:40:26.611 INFO:teuthology.orchestra.run.smithi082.stdout:/usr/bin/ceph: stderr
2024-04-25T15:40:25.240+0000 7fad7160b700 1 --2- 172.21.15.82:0/704911389 >> [v2:172.21.15.82:3300/0,v1:172.21.15.82:6789/0] conn(0x7fad6c10a490 0x7fad6c10c8b0 unknown :-1 s=CLOSED pgs=49 cs=0 l=1 rev1=1 crypto rx=0 tx=0 comp rx=0 tx=0).stop
2024-04-25T15:40:26.611 INFO:teuthology.orchestra.run.smithi082.stdout:/usr/bin/ceph: stderr
2024-04-25T15:40:25.240+0000 7fad7160b700 1 -- 172.21.15.82:0/704911389 >> 172.21.15.82:0/704911389 conn(0x7fad6c103ed0 msgr2=0x7fad6c106360 unknown :-1 s=STATE_NONE l=0).mark_down
2024-04-25T15:40:26.611 INFO:teuthology.orchestra.run.smithi082.stdout:/usr/bin/ceph: stderr
2024-04-25T15:40:25.240+0000 7fad7160b700 1 -- 172.21.15.82:0/704911389 shutdown_connections
2024-04-25T15:40:26.611 INFO:teuthology.orchestra.run.smithi082.stdout:/usr/bin/ceph: stderr
2024-04-25T15:40:25.240+0000 7fad7160b700 1 -- 172.21.15.82:0/704911389 wait complete.
2024-04-25T15:40:26.611 INFO:teuthology.orchestra.run.smithi082.stdout:/usr/bin/ceph: stderr
2024-04-25T15:40:25.241+0000 7fad7160b700 1 Processor -- start
2024-04-25T15:40:26.612 INFO:teuthology.orchestra.run.smithi082.stdout:/usr/bin/ceph: stderr
2024-04-25T15:40:25.241+0000 7fad7160b700 1 -- start start
2024-04-25T15:40:26.612 INFO:teuthology.orchestra.run.smithi082.stdout:/usr/bin/ceph: stderr
2024-04-25T15:40:25.241+0000 7fad7160b700 1 --2- >> [v2:172.21.15.82:3300/0,v1:172.21.15.82:6789/0] conn(0x7fad6c10a490 0x7fad6c19dd10 unknown :-1 s=NONE pgs=0 cs=0 l=1 rev1=0 crypto rx=0 tx=0 comp rx=0 tx=0).connect
2024-04-25T15:40:26.612 INFO:teuthology.orchestra.run.smithi082.stdout:/usr/bin/ceph: stderr
2024-04-25T15:40:25.241+0000 7fad7160b700 1 -- --> [v2:172.21.15.82:3300/0,v1:172.21.15.82:6789/0] -- mon_getmap magic: 0 -- 0x7fad6c10dd50 con 0x7fad6c10a490
2024-04-25T15:40:26.612 INFO:teuthology.orchestra.run.smithi082.stdout:/usr/bin/ceph: stderr
2024-04-25T15:40:25.241+0000 7fad6affd700 1 --2- >> [v2:172.21.15.82:3300/0,v1:172.21.15.82:6789/0] conn(0x7fad6c10a490 0x7fad6c19dd10 unknown :-1 s=BANNER_CONNECTING pgs=0 cs=0 l=1 rev1=0 crypto rx=0 tx=0 comp rx=0 tx=0)._handle_peer_banner_payload supported=3 required=0
2024-04-25T15:40:26.612 INFO:teuthology.orchestra.run.smithi082.stdout:/usr/bin/ceph: stderr
2024-04-25T15:40:25.241+0000 7fad6affd700 1 --2- >> [v2:172.21.15.82:3300/0,v1:172.21.15.82:6789/0] conn(0x7fad6c10a490 0x7fad6c19dd10 unknown :-1 s=HELLO_CONNECTING pgs=0 cs=0 l=1 rev1=1 crypto rx=0 tx=0 comp rx=0 tx=0).handle_hello peer v2:172.21.15.82:3300/0 says I am v2:172.21.15.82:42780/0 (socket says 172.21.15.82:42780)
2024-04-25T15:40:26.612 INFO:teuthology.orchestra.run.smithi082.stdout:/usr/bin/ceph: stderr
2024-04-25T15:40:25.241+0000 7fad6affd700 1 -- 172.21.15.82:0/4160701111 learned_addr learned my addr 172.21.15.82:0/4160701111 (peer_addr_for_me v2:172.21.15.82:0/0)
2024-04-25T15:40:26.612 INFO:teuthology.orchestra.run.smithi082.stdout:/usr/bin/ceph: stderr
2024-04-25T15:40:25.242+0000 7fad6affd700 1 -- 172.21.15.82:0/4160701111 --> [v2:172.21.15.82:3300/0,v1:172.21.15.82:6789/0] -- mon_subscribe({config=0+,monmap=0+}) -- 0x7fad6c19e250 con 0x7fad6c10a490
2024-04-25T15:40:26.612 INFO:teuthology.orchestra.run.smithi082.stdout:/usr/bin/ceph: stderr
2024-04-25T15:40:25.242+0000 7fad6affd700 1 --2- 172.21.15.82:0/4160701111 >> [v2:172.21.15.82:3300/0,v1:172.21.15.82:6789/0] conn(0x7fad6c10a490 0x7fad6c19dd10 secure :-1 s=READY pgs=50 cs=0 l=1 rev1=1 crypto rx=0x7fad5c0117b0 tx=0x7fad5c011b70 comp rx=0 tx=0).ready entity=mon.0 client_cookie=0 server_cookie=0 in_seq=0 out_seq=0
2024-04-25T15:40:26.612 INFO:teuthology.orchestra.run.smithi082.stdout:/usr/bin/ceph: stderr
2024-04-25T15:40:25.242+0000 7fad63fff700 1 -- 172.21.15.82:0/4160701111 <== mon.0 v2:172.21.15.82:3300/0 1 ==== mon_map magic: 0 ==== 205+0+0 (secure 0 0 0) 0x7fad5c003af0 con 0x7fad6c10a490
2024-04-25T15:40:26.612 INFO:teuthology.orchestra.run.smithi082.stdout:/usr/bin/ceph: stderr
2024-04-25T15:40:25.242+0000 7fad7160b700 1 -- 172.21.15.82:0/4160701111 --> [v2:172.21.15.82:3300/0,v1:172.21.15.82:6789/0] -- mon_subscribe({mgrmap=0+}) -- 0x7fad6c19e4e0 con 0x7fad6c10a490
2024-04-25T15:40:26.612 INFO:teuthology.orchestra.run.smithi082.stdout:/usr/bin/ceph: stderr
2024-04-25T15:40:25.242+0000 7fad63fff700 1 -- 172.21.15.82:0/4160701111 <== mon.0 v2:172.21.15.82:3300/0 2 ==== config(26 keys) ==== 1070+0+0 (secure 0 0 0) 0x7fad5c020070 con 0x7fad6c10a490
2024-04-25T15:40:26.612 INFO:teuthology.orchestra.run.smithi082.stdout:/usr/bin/ceph: stderr
2024-04-25T15:40:25.242+0000 7fad63fff700 1 -- 172.21.15.82:0/4160701111 <== mon.0 v2:172.21.15.82:3300/0 3 ==== mon_map magic: 0 ==== 205+0+0 (secure 0 0 0) 0x7fad5c019630 con 0x7fad6c10a490
2024-04-25T15:40:26.612 INFO:teuthology.orchestra.run.smithi082.stdout:/usr/bin/ceph: stderr
2024-04-25T15:40:25.242+0000 7fad7160b700 1 -- 172.21.15.82:0/4160701111 --> [v2:172.21.15.82:3300/0,v1:172.21.15.82:6789/0] -- mon_subscribe({osdmap=0}) -- 0x7fad6c1a10e0 con 0x7fad6c10a490
2024-04-25T15:40:26.612 INFO:teuthology.orchestra.run.smithi082.stdout:/usr/bin/ceph: stderr
2024-04-25T15:40:25.243+0000 7fad7160b700 1 -- 172.21.15.82:0/4160701111 --> [v2:172.21.15.82:3300/0,v1:172.21.15.82:6789/0] -- mon_command({"prefix": "get_command_descriptions"} v 0) -- 0x7fad6c064cf0 con 0x7fad6c10a490
2024-04-25T15:40:26.613 INFO:teuthology.orchestra.run.smithi082.stdout:/usr/bin/ceph: stderr
2024-04-25T15:40:25.243+0000 7fad63fff700 1 -- 172.21.15.82:0/4160701111 <== mon.0 v2:172.21.15.82:3300/0 4 ==== mgrmap(e 8) ==== 49516+0+0 (secure 0 0 0) 0x7fad5c0198f0 con 0x7fad6c10a490
2024-04-25T15:40:26.613 INFO:teuthology.orchestra.run.smithi082.stdout:/usr/bin/ceph: stderr
2024-04-25T15:40:25.243+0000 7fad63fff700 1 --2- 172.21.15.82:0/4160701111 >> [v2:172.21.15.82:6800/3379670979,v1:172.21.15.82:6801/3379670979] conn(0x7fad5803d630 0x7fad5803fb40 unknown :-1 s=NONE pgs=0 cs=0 l=1 rev1=0 crypto rx=0 tx=0 comp rx=0 tx=0).connect
2024-04-25T15:40:26.613 INFO:teuthology.orchestra.run.smithi082.stdout:/usr/bin/ceph: stderr
2024-04-25T15:40:25.243+0000 7fad63fff700 1 -- 172.21.15.82:0/4160701111 <== mon.0 v2:172.21.15.82:3300/0 5 ==== osd_map(2..2 src has 1..2) ==== 940+0+0 (secure 0 0 0) 0x7fad5c052910 con 0x7fad6c10a490
2024-04-25T15:40:26.613 INFO:teuthology.orchestra.run.smithi082.stdout:/usr/bin/ceph: stderr
2024-04-25T15:40:25.243+0000 7fad6a7fc700 1 --2- 172.21.15.82:0/4160701111 >> [v2:172.21.15.82:6800/3379670979,v1:172.21.15.82:6801/3379670979] conn(0x7fad5803d630 0x7fad5803fb40 unknown :-1 s=BANNER_CONNECTING pgs=0 cs=0 l=1 rev1=0 crypto rx=0 tx=0 comp rx=0 tx=0)._handle_peer_banner_payload supported=3 required=0
2024-04-25T15:40:26.613 INFO:teuthology.orchestra.run.smithi082.stdout:/usr/bin/ceph: stderr
2024-04-25T15:40:25.244+0000 7fad6a7fc700 1 --2- 172.21.15.82:0/4160701111 >> [v2:172.21.15.82:6800/3379670979,v1:172.21.15.82:6801/3379670979] conn(0x7fad5803d630 0x7fad5803fb40 secure :-1 s=READY pgs=13 cs=0 l=1 rev1=1 crypto rx=0x7fad54006fd0 tx=0x7fad54006e40 comp rx=0 tx=0).ready entity=mgr.14120 client_cookie=0 server_cookie=0 in_seq=0 out_seq=0
2024-04-25T15:40:26.613 INFO:teuthology.orchestra.run.smithi082.stdout:/usr/bin/ceph: stderr
2024-04-25T15:40:25.249+0000 7fad63fff700 1 -- 172.21.15.82:0/4160701111 <== mon.0 v2:172.21.15.82:3300/0 6 ==== mon_command_ack([{"prefix": "get_command_descriptions"}]=0 v0) ==== 72+0+188370 (secure 0 0 0) 0x7fad5c016260 con 0x7fad6c10a490
2024-04-25T15:40:26.613 INFO:teuthology.orchestra.run.smithi082.stdout:/usr/bin/ceph: stderr
2024-04-25T15:40:25.468+0000 7fad7160b700 1 -- 172.21.15.82:0/4160701111 --> [v2:172.21.15.82:6800/3379670979,v1:172.21.15.82:6801/3379670979] -- mgr_command(tid 0: {"prefix": "orch apply", "service_type": "mgr", "unmanaged": true, "target": ["mon-mgr", ""]}) -- 0x7fad6c104e30 con 0x7fad5803d630
2024-04-25T15:40:26.613 INFO:teuthology.orchestra.run.smithi082.stdout:/usr/bin/ceph: stderr
2024-04-25T15:40:25.474+0000 7fad63fff700 1 -- 172.21.15.82:0/4160701111 <== mgr.14120 v2:172.21.15.82:6800/3379670979 1 ==== mgr_command_reply(tid 0: 0 ) ==== 8+0+24 (secure 0 0 0) 0x7fad6c104e30 con 0x7fad5803d630
2024-04-25T15:40:26.613 INFO:teuthology.orchestra.run.smithi082.stdout:/usr/bin/ceph: stderr
2024-04-25T15:40:25.476+0000 7fad7160b700 1 -- 172.21.15.82:0/4160701111 >> [v2:172.21.15.82:6800/3379670979,v1:172.21.15.82:6801/3379670979] conn(0x7fad5803d630 msgr2=0x7fad5803fb40 secure :-1 s=STATE_CONNECTION_ESTABLISHED l=1).mark_down
2024-04-25T15:40:26.613 INFO:teuthology.orchestra.run.smithi082.stdout:/usr/bin/ceph: stderr
2024-04-25T15:40:25.476+0000 7fad7160b700 1 --2- 172.21.15.82:0/4160701111 >> [v2:172.21.15.82:6800/3379670979,v1:172.21.15.82:6801/3379670979] conn(0x7fad5803d630 0x7fad5803fb40 secure :-1 s=READY pgs=13 cs=0 l=1 rev1=1 crypto rx=0x7fad54006fd0 tx=0x7fad54006e40 comp rx=0 tx=0).stop
2024-04-25T15:40:26.613 INFO:teuthology.orchestra.run.smithi082.stdout:/usr/bin/ceph: stderr
2024-04-25T15:40:25.476+0000 7fad7160b700 1 -- 172.21.15.82:0/4160701111 >> [v2:172.21.15.82:3300/0,v1:172.21.15.82:6789/0] conn(0x7fad6c10a490 msgr2=0x7fad6c19dd10 secure :-1 s=STATE_CONNECTION_ESTABLISHED l=1).mark_down
2024-04-25T15:40:26.613 INFO:teuthology.orchestra.run.smithi082.stdout:/usr/bin/ceph: stderr
2024-04-25T15:40:25.476+0000 7fad7160b700 1 --2- 172.21.15.82:0/4160701111 >> [v2:172.21.15.82:3300/0,v1:172.21.15.82:6789/0] conn(0x7fad6c10a490 0x7fad6c19dd10 secure :-1 s=READY pgs=50 cs=0 l=1 rev1=1 crypto rx=0x7fad5c0117b0 tx=0x7fad5c011b70 comp rx=0 tx=0).stop
2024-04-25T15:40:26.613 INFO:teuthology.orchestra.run.smithi082.stdout:/usr/bin/ceph: stderr
2024-04-25T15:40:25.476+0000 7fad7160b700 1 -- 172.21.15.82:0/4160701111 shutdown_connections
2024-04-25T15:40:26.614 INFO:teuthology.orchestra.run.smithi082.stdout:/usr/bin/ceph: stderr
2024-04-25T15:40:25.476+0000 7fad7160b700 1 --2- 172.21.15.82:0/4160701111 >> [v2:172.21.15.82:6800/3379670979,v1:172.21.15.82:6801/3379670979] conn(0x7fad5803d630 0x7fad5803fb40 unknown :-1 s=CLOSED pgs=13 cs=0 l=1 rev1=1 crypto rx=0 tx=0 comp rx=0 tx=0).stop
2024-04-25T15:40:26.614 INFO:teuthology.orchestra.run.smithi082.stdout:/usr/bin/ceph: stderr
2024-04-25T15:40:25.476+0000 7fad7160b700 1 --2- 172.21.15.82:0/4160701111 >> [v2:172.21.15.82:3300/0,v1:172.21.15.82:6789/0] conn(0x7fad6c10a490 0x7fad6c19dd10 unknown :-1 s=CLOSED pgs=50 cs=0 l=1 rev1=1 crypto rx=0 tx=0 comp rx=0 tx=0).stop
2024-04-25T15:40:26.614 INFO:teuthology.orchestra.run.smithi082.stdout:/usr/bin/ceph: stderr
2024-04-25T15:40:25.476+0000 7fad7160b700 1 -- 172.21.15.82:0/4160701111 >> 172.21.15.82:0/4160701111 conn(0x7fad6c103ed0 msgr2=0x7fad6c104720 unknown :-1 s=STATE_NONE l=0).mark_down
2024-04-25T15:40:26.614 INFO:teuthology.orchestra.run.smithi082.stdout:/usr/bin/ceph: stderr
2024-04-25T15:40:25.476+0000 7fad7160b700 1 -- 172.21.15.82:0/4160701111 shutdown_connections
2024-04-25T15:40:26.614 INFO:teuthology.orchestra.run.smithi082.stdout:/usr/bin/ceph: stderr
2024-04-25T15:40:25.476+0000 7fad7160b700 1 -- 172.21.15.82:0/4160701111 wait complete.
2024-04-25T15:40:27.915 INFO:journalctl@ceph.mon.a.smithi082.stdout:Apr 25 15:40:27 smithi082 ceph-mon[29143]: from='mgr.14120 172.21.15.82:0/1099186728' entity='mgr.x'
2024-04-25T15:40:27.915 INFO:journalctl@ceph.mon.a.smithi082.stdout:Apr 25 15:40:27 smithi082 ceph-mon[29143]: from='client.? 172.21.15.82:0/1074300877' entity='client.admin'
2024-04-25T15:40:28.436 INFO:teuthology.orchestra.run.smithi082.stdout:/usr/bin/ceph: stderr
2024-04-25T15:40:27.043+0000 7f060f09f700 1 Processor -- start
2024-04-25T15:40:28.437 INFO:teuthology.orchestra.run.smithi082.stdout:/usr/bin/ceph: stderr
2024-04-25T15:40:27.043+0000 7f060f09f700 1 -- start start
2024-04-25T15:40:28.437 INFO:teuthology.orchestra.run.smithi082.stdout:/usr/bin/ceph: stderr
2024-04-25T15:40:27.044+0000 7f060f09f700 1 --2- >> [v2:172.21.15.82:3300/0,v1:172.21.15.82:6789/0] conn(0x7f060810a4c0 0x7f060810c8e0 unknown :-1 s=NONE pgs=0 cs=0 l=0 rev1=0 crypto rx=0 tx=0 comp rx=0 tx=0).connect
2024-04-25T15:40:28.437 INFO:teuthology.orchestra.run.smithi082.stdout:/usr/bin/ceph: stderr
2024-04-25T15:40:27.044+0000 7f060f09f700 1 -- --> [v2:172.21.15.82:3300/0,v1:172.21.15.82:6789/0] -- mon_getmap magic: 0 -- 0x7f060807cdd0 con 0x7f060810a4c0
2024-04-25T15:40:28.437 INFO:teuthology.orchestra.run.smithi082.stdout:/usr/bin/ceph: stderr
2024-04-25T15:40:27.044+0000 7f060ce3b700 1 --2- >> [v2:172.21.15.82:3300/0,v1:172.21.15.82:6789/0] conn(0x7f060810a4c0 0x7f060810c8e0 unknown :-1 s=BANNER_CONNECTING pgs=0 cs=0 l=0 rev1=0 crypto rx=0 tx=0 comp rx=0 tx=0)._handle_peer_banner_payload supported=3 required=0
2024-04-25T15:40:28.437 INFO:teuthology.orchestra.run.smithi082.stdout:/usr/bin/ceph: stderr
2024-04-25T15:40:27.044+0000 7f060ce3b700 1 --2- >> [v2:172.21.15.82:3300/0,v1:172.21.15.82:6789/0] conn(0x7f060810a4c0 0x7f060810c8e0 unknown :-1 s=HELLO_CONNECTING pgs=0 cs=0 l=0 rev1=1 crypto rx=0 tx=0 comp rx=0 tx=0).handle_hello peer v2:172.21.15.82:3300/0 says I am v2:172.21.15.82:42948/0 (socket says 172.21.15.82:42948)
2024-04-25T15:40:28.437 INFO:teuthology.orchestra.run.smithi082.stdout:/usr/bin/ceph: stderr
2024-04-25T15:40:27.044+0000 7f060ce3b700 1 -- 172.21.15.82:0/3470013744 learned_addr learned my addr 172.21.15.82:0/3470013744 (peer_addr_for_me v2:172.21.15.82:0/0)
2024-04-25T15:40:28.437 INFO:teuthology.orchestra.run.smithi082.stdout:/usr/bin/ceph: stderr
2024-04-25T15:40:27.044+0000 7f060ce3b700 1 -- 172.21.15.82:0/3470013744 --> [v2:172.21.15.82:3300/0,v1:172.21.15.82:6789/0] -- mon_subscribe({config=0+,monmap=0+}) -- 0x7f060810ce20 con 0x7f060810a4c0
2024-04-25T15:40:28.437 INFO:teuthology.orchestra.run.smithi082.stdout:/usr/bin/ceph: stderr
2024-04-25T15:40:27.044+0000 7f060ce3b700 1 --2- 172.21.15.82:0/3470013744 >> [v2:172.21.15.82:3300/0,v1:172.21.15.82:6789/0] conn(0x7f060810a4c0 0x7f060810c8e0 secure :-1 s=READY pgs=51 cs=0 l=1 rev1=1 crypto rx=0x7f05fc0098a0 tx=0x7f05fc009bb0 comp rx=0 tx=0).ready entity=mon.0 client_cookie=878349ebdac9371e server_cookie=0 in_seq=0 out_seq=0
2024-04-25T15:40:28.437 INFO:teuthology.orchestra.run.smithi082.stdout:/usr/bin/ceph: stderr
2024-04-25T15:40:27.044+0000 7f06077fe700 1 -- 172.21.15.82:0/3470013744 <== mon.0 v2:172.21.15.82:3300/0 1 ==== mon_map magic: 0 ==== 205+0+0 (secure 0 0 0) 0x7f05fc004160 con 0x7f060810a4c0
2024-04-25T15:40:28.437 INFO:teuthology.orchestra.run.smithi082.stdout:/usr/bin/ceph: stderr
2024-04-25T15:40:27.045+0000 7f06077fe700 1 -- 172.21.15.82:0/3470013744 <== mon.0 v2:172.21.15.82:3300/0 2 ==== config(26 keys) ==== 1101+0+0 (secure 0 0 0) 0x7f05fc004300 con 0x7f060810a4c0
2024-04-25T15:40:28.437 INFO:teuthology.orchestra.run.smithi082.stdout:/usr/bin/ceph: stderr
2024-04-25T15:40:27.045+0000 7f06077fe700 1 -- 172.21.15.82:0/3470013744 <== mon.0 v2:172.21.15.82:3300/0 3 ==== mon_map magic: 0 ==== 205+0+0 (secure 0 0 0) 0x7f05fc011a20 con 0x7f060810a4c0
2024-04-25T15:40:28.437 INFO:teuthology.orchestra.run.smithi082.stdout:/usr/bin/ceph: stderr
2024-04-25T15:40:27.045+0000 7f060f09f700 1 -- 172.21.15.82:0/3470013744 >> [v2:172.21.15.82:3300/0,v1:172.21.15.82:6789/0] conn(0x7f060810a4c0 msgr2=0x7f060810c8e0 secure :-1 s=STATE_CONNECTION_ESTABLISHED l=1).mark_down
2024-04-25T15:40:28.437 INFO:teuthology.orchestra.run.smithi082.stdout:/usr/bin/ceph: stderr
2024-04-25T15:40:27.045+0000 7f060f09f700 1 --2- 172.21.15.82:0/3470013744 >> [v2:172.21.15.82:3300/0,v1:172.21.15.82:6789/0] conn(0x7f060810a4c0 0x7f060810c8e0 secure :-1 s=READY pgs=51 cs=0 l=1 rev1=1 crypto rx=0x7f05fc0098a0 tx=0x7f05fc009bb0 comp rx=0 tx=0).stop
2024-04-25T15:40:28.438 INFO:teuthology.orchestra.run.smithi082.stdout:/usr/bin/ceph: stderr
2024-04-25T15:40:27.045+0000 7f060f09f700 1 -- 172.21.15.82:0/3470013744 shutdown_connections
2024-04-25T15:40:28.438 INFO:teuthology.orchestra.run.smithi082.stdout:/usr/bin/ceph: stderr
2024-04-25T15:40:27.045+0000 7f060f09f700 1 --2- 172.21.15.82:0/3470013744 >> [v2:172.21.15.82:3300/0,v1:172.21.15.82:6789/0] conn(0x7f060810a4c0 0x7f060810c8e0 unknown :-1 s=CLOSED pgs=51 cs=0 l=1 rev1=1 crypto rx=0 tx=0 comp rx=0 tx=0).stop
2024-04-25T15:40:28.438 INFO:teuthology.orchestra.run.smithi082.stdout:/usr/bin/ceph: stderr
2024-04-25T15:40:27.045+0000 7f060f09f700 1 -- 172.21.15.82:0/3470013744 >> 172.21.15.82:0/3470013744 conn(0x7f0608103f40 msgr2=0x7f0608106390 unknown :-1 s=STATE_NONE l=0).mark_down
2024-04-25T15:40:28.438 INFO:teuthology.orchestra.run.smithi082.stdout:/usr/bin/ceph: stderr
2024-04-25T15:40:27.045+0000 7f060f09f700 1 -- 172.21.15.82:0/3470013744 shutdown_connections
2024-04-25T15:40:28.438 INFO:teuthology.orchestra.run.smithi082.stdout:/usr/bin/ceph: stderr
2024-04-25T15:40:27.045+0000 7f060f09f700 1 -- 172.21.15.82:0/3470013744 wait complete.
2024-04-25T15:40:28.438 INFO:teuthology.orchestra.run.smithi082.stdout:/usr/bin/ceph: stderr
2024-04-25T15:40:27.046+0000 7f060f09f700 1 Processor -- start
2024-04-25T15:40:28.438 INFO:teuthology.orchestra.run.smithi082.stdout:/usr/bin/ceph: stderr
2024-04-25T15:40:27.046+0000 7f060f09f700 1 -- start start
2024-04-25T15:40:28.438 INFO:teuthology.orchestra.run.smithi082.stdout:/usr/bin/ceph: stderr
2024-04-25T15:40:27.046+0000 7f060f09f700 1 --2- >> [v2:172.21.15.82:3300/0,v1:172.21.15.82:6789/0] conn(0x7f060810a4c0 0x7f0608109c40 unknown :-1 s=NONE pgs=0 cs=0 l=1 rev1=0 crypto rx=0 tx=0 comp rx=0 tx=0).connect
2024-04-25T15:40:28.438 INFO:teuthology.orchestra.run.smithi082.stdout:/usr/bin/ceph: stderr
2024-04-25T15:40:27.046+0000 7f060f09f700 1 -- --> [v2:172.21.15.82:3300/0,v1:172.21.15.82:6789/0] -- mon_getmap magic: 0 -- 0x7f060810ddc0 con 0x7f060810a4c0
2024-04-25T15:40:28.438 INFO:teuthology.orchestra.run.smithi082.stdout:/usr/bin/ceph: stderr
2024-04-25T15:40:27.047+0000 7f060ce3b700 1 --2- >> [v2:172.21.15.82:3300/0,v1:172.21.15.82:6789/0] conn(0x7f060810a4c0 0x7f0608109c40 unknown :-1 s=BANNER_CONNECTING pgs=0 cs=0 l=1 rev1=0 crypto rx=0 tx=0 comp rx=0 tx=0)._handle_peer_banner_payload supported=3 required=0
2024-04-25T15:40:28.438 INFO:teuthology.orchestra.run.smithi082.stdout:/usr/bin/ceph: stderr
2024-04-25T15:40:27.047+0000 7f060ce3b700 1 --2- >> [v2:172.21.15.82:3300/0,v1:172.21.15.82:6789/0] conn(0x7f060810a4c0 0x7f0608109c40 unknown :-1 s=HELLO_CONNECTING pgs=0 cs=0 l=1 rev1=1 crypto rx=0 tx=0 comp rx=0 tx=0).handle_hello peer v2:172.21.15.82:3300/0 says I am v2:172.21.15.82:42952/0 (socket says 172.21.15.82:42952)
2024-04-25T15:40:28.438 INFO:teuthology.orchestra.run.smithi082.stdout:/usr/bin/ceph: stderr
2024-04-25T15:40:27.047+0000 7f060ce3b700 1 -- 172.21.15.82:0/1074300877 learned_addr learned my addr 172.21.15.82:0/1074300877 (peer_addr_for_me v2:172.21.15.82:0/0)
2024-04-25T15:40:28.438 INFO:teuthology.orchestra.run.smithi082.stdout:/usr/bin/ceph: stderr
2024-04-25T15:40:27.047+0000 7f060ce3b700 1 -- 172.21.15.82:0/1074300877 --> [v2:172.21.15.82:3300/0,v1:172.21.15.82:6789/0] -- mon_subscribe({config=0+,monmap=0+}) -- 0x7f060810a180 con 0x7f060810a4c0
2024-04-25T15:40:28.438 INFO:teuthology.orchestra.run.smithi082.stdout:/usr/bin/ceph: stderr
2024-04-25T15:40:27.047+0000 7f060ce3b700 1 --2- 172.21.15.82:0/1074300877 >> [v2:172.21.15.82:3300/0,v1:172.21.15.82:6789/0] conn(0x7f060810a4c0 0x7f0608109c40 secure :-1 s=READY pgs=52 cs=0 l=1 rev1=1 crypto rx=0x7f05fc000c00 tx=0x7f05fc011aa0 comp rx=0 tx=0).ready entity=mon.0 client_cookie=0 server_cookie=0 in_seq=0 out_seq=0
2024-04-25T15:40:28.439 INFO:teuthology.orchestra.run.smithi082.stdout:/usr/bin/ceph: stderr
2024-04-25T15:40:27.047+0000 7f0605ffb700 1 -- 172.21.15.82:0/1074300877 <== mon.0 v2:172.21.15.82:3300/0 1 ==== mon_map magic: 0 ==== 205+0+0 (secure 0 0 0) 0x7f05fc003aa0 con 0x7f060810a4c0
2024-04-25T15:40:28.439 INFO:teuthology.orchestra.run.smithi082.stdout:/usr/bin/ceph: stderr
2024-04-25T15:40:27.047+0000 7f0605ffb700 1 -- 172.21.15.82:0/1074300877 <== mon.0 v2:172.21.15.82:3300/0 2 ==== config(26 keys) ==== 1101+0+0 (secure 0 0 0) 0x7f05fc01b8f0 con 0x7f060810a4c0
2024-04-25T15:40:28.439 INFO:teuthology.orchestra.run.smithi082.stdout:/usr/bin/ceph: stderr
2024-04-25T15:40:27.047+0000 7f0605ffb700 1 -- 172.21.15.82:0/1074300877 <== mon.0 v2:172.21.15.82:3300/0 3 ==== mon_map magic: 0 ==== 205+0+0 (secure 0 0 0) 0x7f05fc023890 con 0x7f060810a4c0
2024-04-25T15:40:28.439 INFO:teuthology.orchestra.run.smithi082.stdout:/usr/bin/ceph: stderr
2024-04-25T15:40:27.047+0000 7f060f09f700 1 -- 172.21.15.82:0/1074300877 --> [v2:172.21.15.82:3300/0,v1:172.21.15.82:6789/0] -- mon_subscribe({mgrmap=0+}) -- 0x7f06081083d0 con 0x7f060810a4c0
2024-04-25T15:40:28.439 INFO:teuthology.orchestra.run.smithi082.stdout:/usr/bin/ceph: stderr
2024-04-25T15:40:27.048+0000 7f060f09f700 1 -- 172.21.15.82:0/1074300877 --> [v2:172.21.15.82:3300/0,v1:172.21.15.82:6789/0] -- mon_subscribe({osdmap=0}) -- 0x7f06081088b0 con 0x7f060810a4c0
2024-04-25T15:40:28.439 INFO:teuthology.orchestra.run.smithi082.stdout:/usr/bin/ceph: stderr
2024-04-25T15:40:27.049+0000 7f060f09f700 1 -- 172.21.15.82:0/1074300877 --> [v2:172.21.15.82:3300/0,v1:172.21.15.82:6789/0] -- mon_command({"prefix": "get_command_descriptions"} v 0) -- 0x7f0608064cf0 con 0x7f060810a4c0
2024-04-25T15:40:28.439 INFO:teuthology.orchestra.run.smithi082.stdout:/usr/bin/ceph: stderr
2024-04-25T15:40:27.049+0000 7f0605ffb700 1 -- 172.21.15.82:0/1074300877 <== mon.0 v2:172.21.15.82:3300/0 4 ==== mgrmap(e 8) ==== 49516+0+0 (secure 0 0 0) 0x7f05fc02c3f0 con 0x7f060810a4c0
2024-04-25T15:40:28.439 INFO:teuthology.orchestra.run.smithi082.stdout:/usr/bin/ceph: stderr
2024-04-25T15:40:27.049+0000 7f0605ffb700 1 --2- 172.21.15.82:0/1074300877 >> [v2:172.21.15.82:6800/3379670979,v1:172.21.15.82:6801/3379670979] conn(0x7f05f803d630 0x7f05f803fb40 unknown :-1 s=NONE pgs=0 cs=0 l=1 rev1=0 crypto rx=0 tx=0 comp rx=0 tx=0).connect
2024-04-25T15:40:28.439 INFO:teuthology.orchestra.run.smithi082.stdout:/usr/bin/ceph: stderr
2024-04-25T15:40:27.049+0000 7f0605ffb700 1 -- 172.21.15.82:0/1074300877 <== mon.0 v2:172.21.15.82:3300/0 5 ==== osd_map(2..2 src has 1..2) ==== 940+0+0 (secure 0 0 0) 0x7f05fc052c00 con 0x7f060810a4c0
2024-04-25T15:40:28.439 INFO:teuthology.orchestra.run.smithi082.stdout:/usr/bin/ceph: stderr
2024-04-25T15:40:27.049+0000 7f0607fff700 1 --2- 172.21.15.82:0/1074300877 >> [v2:172.21.15.82:6800/3379670979,v1:172.21.15.82:6801/3379670979] conn(0x7f05f803d630 0x7f05f803fb40 unknown :-1 s=BANNER_CONNECTING pgs=0 cs=0 l=1 rev1=0 crypto rx=0 tx=0 comp rx=0 tx=0)._handle_peer_banner_payload supported=3 required=0
2024-04-25T15:40:28.439 INFO:teuthology.orchestra.run.smithi082.stdout:/usr/bin/ceph: stderr
2024-04-25T15:40:27.050+0000 7f0607fff700 1 --2- 172.21.15.82:0/1074300877 >> [v2:172.21.15.82:6800/3379670979,v1:172.21.15.82:6801/3379670979] conn(0x7f05f803d630 0x7f05f803fb40 secure :-1 s=READY pgs=14 cs=0 l=1 rev1=1 crypto rx=0x7f05f4006fd0 tx=0x7f05f4006e40 comp rx=0 tx=0).ready entity=mgr.14120 client_cookie=0 server_cookie=0 in_seq=0 out_seq=0
2024-04-25T15:40:28.439 INFO:teuthology.orchestra.run.smithi082.stdout:/usr/bin/ceph: stderr
2024-04-25T15:40:27.054+0000 7f0605ffb700 1 -- 172.21.15.82:0/1074300877 <== mon.0 v2:172.21.15.82:3300/0 6 ==== mon_command_ack([{"prefix": "get_command_descriptions"}]=0 v0) ==== 72+0+188370 (secure 0 0 0) 0x7f05fc059080 con 0x7f060810a4c0
2024-04-25T15:40:28.439 INFO:teuthology.orchestra.run.smithi082.stdout:/usr/bin/ceph: stderr
2024-04-25T15:40:27.266+0000 7f060f09f700 1 -- 172.21.15.82:0/1074300877 --> [v2:172.21.15.82:3300/0,v1:172.21.15.82:6789/0] -- mon_command([{prefix=config set, name=mgr/cephadm/container_init}] v 0) -- 0x7f0608108fa0 con 0x7f060810a4c0
2024-04-25T15:40:28.439 INFO:teuthology.orchestra.run.smithi082.stdout:/usr/bin/ceph: stderr
2024-04-25T15:40:27.269+0000 7f0605ffb700 1 -- 172.21.15.82:0/1074300877 <== mon.0 v2:172.21.15.82:3300/0 7 ==== mon_command_ack([{prefix=config set, name=mgr/cephadm/container_init}]=0 v7)=0 v7) ==== 142+0+0 (secure 0 0 0) 0x7f05fc01f030 con 0x7f060810a4c0
2024-04-25T15:40:28.440 INFO:teuthology.orchestra.run.smithi082.stdout:/usr/bin/ceph: stderr
2024-04-25T15:40:27.272+0000 7f060f09f700 1 -- 172.21.15.82:0/1074300877 >> [v2:172.21.15.82:6800/3379670979,v1:172.21.15.82:6801/3379670979] conn(0x7f05f803d630 msgr2=0x7f05f803fb40 secure :-1 s=STATE_CONNECTION_ESTABLISHED l=1).mark_down
2024-04-25T15:40:28.440 INFO:teuthology.orchestra.run.smithi082.stdout:/usr/bin/ceph: stderr
2024-04-25T15:40:27.272+0000 7f060f09f700 1 --2- 172.21.15.82:0/1074300877 >> [v2:172.21.15.82:6800/3379670979,v1:172.21.15.82:6801/3379670979] conn(0x7f05f803d630 0x7f05f803fb40 secure :-1 s=READY pgs=14 cs=0 l=1 rev1=1 crypto rx=0x7f05f4006fd0 tx=0x7f05f4006e40 comp rx=0 tx=0).stop
2024-04-25T15:40:28.440 INFO:teuthology.orchestra.run.smithi082.stdout:/usr/bin/ceph: stderr
2024-04-25T15:40:27.272+0000 7f060f09f700 1 -- 172.21.15.82:0/1074300877 >> [v2:172.21.15.82:3300/0,v1:172.21.15.82:6789/0] conn(0x7f060810a4c0 msgr2=0x7f0608109c40 secure :-1 s=STATE_CONNECTION_ESTABLISHED l=1).mark_down
2024-04-25T15:40:28.440 INFO:teuthology.orchestra.run.smithi082.stdout:/usr/bin/ceph: stderr
2024-04-25T15:40:27.272+0000 7f060f09f700 1 --2- 172.21.15.82:0/1074300877 >> [v2:172.21.15.82:3300/0,v1:172.21.15.82:6789/0] conn(0x7f060810a4c0 0x7f0608109c40 secure :-1 s=READY pgs=52 cs=0 l=1 rev1=1 crypto rx=0x7f05fc000c00 tx=0x7f05fc011aa0 comp rx=0 tx=0).stop
2024-04-25T15:40:28.440 INFO:teuthology.orchestra.run.smithi082.stdout:/usr/bin/ceph: stderr
2024-04-25T15:40:27.272+0000 7f060f09f700 1 -- 172.21.15.82:0/1074300877 shutdown_connections
2024-04-25T15:40:28.440 INFO:teuthology.orchestra.run.smithi082.stdout:/usr/bin/ceph: stderr
2024-04-25T15:40:27.272+0000 7f060f09f700 1 --2- 172.21.15.82:0/1074300877 >> [v2:172.21.15.82:6800/3379670979,v1:172.21.15.82:6801/3379670979] conn(0x7f05f803d630 0x7f05f803fb40 unknown :-1 s=CLOSED pgs=14 cs=0 l=1 rev1=1 crypto rx=0 tx=0 comp rx=0 tx=0).stop
2024-04-25T15:40:28.440 INFO:teuthology.orchestra.run.smithi082.stdout:/usr/bin/ceph: stderr
2024-04-25T15:40:27.272+0000 7f060f09f700 1 --2- 172.21.15.82:0/1074300877 >> [v2:172.21.15.82:3300/0,v1:172.21.15.82:6789/0] conn(0x7f060810a4c0 0x7f0608109c40 unknown :-1 s=CLOSED pgs=52 cs=0 l=1 rev1=1 crypto rx=0 tx=0 comp rx=0 tx=0).stop
2024-04-25T15:40:28.440 INFO:teuthology.orchestra.run.smithi082.stdout:/usr/bin/ceph: stderr
2024-04-25T15:40:27.272+0000 7f060f09f700 1 -- 172.21.15.82:0/1074300877 >> 172.21.15.82:0/1074300877 conn(0x7f0608103f40 msgr2=0x7f0608104730 unknown :-1 s=STATE_NONE l=0).mark_down
2024-04-25T15:40:28.440 INFO:teuthology.orchestra.run.smithi082.stdout:/usr/bin/ceph: stderr
2024-04-25T15:40:27.272+0000 7f060f09f700 1 -- 172.21.15.82:0/1074300877 shutdown_connections
2024-04-25T15:40:28.440 INFO:teuthology.orchestra.run.smithi082.stdout:/usr/bin/ceph: stderr
2024-04-25T15:40:27.272+0000 7f060f09f700 1 -- 172.21.15.82:0/1074300877 wait complete.
2024-04-25T15:40:29.089 INFO:journalctl@ceph.mon.a.smithi082.stdout:Apr 25 15:40:28 smithi082 ceph-mon[29143]: from='mgr.14120 172.21.15.82:0/1099186728' entity='mgr.x'
2024-04-25T15:40:29.727 INFO:teuthology.orchestra.run.smithi082.stdout:/usr/bin/ceph: stderr
2024-04-25T15:40:28.870+0000 7fe4242fb700 1 Processor -- start
2024-04-25T15:40:29.727 INFO:teuthology.orchestra.run.smithi082.stdout:/usr/bin/ceph: stderr
2024-04-25T15:40:28.870+0000 7fe4242fb700 1 -- start start
2024-04-25T15:40:29.727 INFO:teuthology.orchestra.run.smithi082.stdout:/usr/bin/ceph: stderr
2024-04-25T15:40:28.870+0000 7fe4242fb700 1 --2- >> [v2:172.21.15.82:3300/0,v1:172.21.15.82:6789/0] conn(0x7fe41c10a490 0x7fe41c10c8b0 unknown :-1 s=NONE pgs=0 cs=0 l=0 rev1=0 crypto rx=0 tx=0 comp rx=0 tx=0).connect
2024-04-25T15:40:29.727 INFO:teuthology.orchestra.run.smithi082.stdout:/usr/bin/ceph: stderr
2024-04-25T15:40:28.870+0000 7fe4242fb700 1 -- --> [v2:172.21.15.82:3300/0,v1:172.21.15.82:6789/0] -- mon_getmap magic: 0 -- 0x7fe41c07cdd0 con 0x7fe41c10a490
2024-04-25T15:40:29.727 INFO:teuthology.orchestra.run.smithi082.stdout:/usr/bin/ceph: stderr
2024-04-25T15:40:28.871+0000 7fe422097700 1 --2- >> [v2:172.21.15.82:3300/0,v1:172.21.15.82:6789/0] conn(0x7fe41c10a490 0x7fe41c10c8b0 unknown :-1 s=BANNER_CONNECTING pgs=0 cs=0 l=0 rev1=0 crypto rx=0 tx=0 comp rx=0 tx=0)._handle_peer_banner_payload supported=3 required=0
2024-04-25T15:40:29.727 INFO:teuthology.orchestra.run.smithi082.stdout:/usr/bin/ceph: stderr
2024-04-25T15:40:28.871+0000 7fe422097700 1 --2- >> [v2:172.21.15.82:3300/0,v1:172.21.15.82:6789/0] conn(0x7fe41c10a490 0x7fe41c10c8b0 unknown :-1 s=HELLO_CONNECTING pgs=0 cs=0 l=0 rev1=1 crypto rx=0 tx=0 comp rx=0 tx=0).handle_hello peer v2:172.21.15.82:3300/0 says I am v2:172.21.15.82:42962/0 (socket says 172.21.15.82:42962)
2024-04-25T15:40:29.728 INFO:teuthology.orchestra.run.smithi082.stdout:/usr/bin/ceph: stderr
2024-04-25T15:40:28.871+0000 7fe422097700 1 -- 172.21.15.82:0/2444448426 learned_addr learned my addr 172.21.15.82:0/2444448426 (peer_addr_for_me v2:172.21.15.82:0/0)
2024-04-25T15:40:29.728 INFO:teuthology.orchestra.run.smithi082.stdout:/usr/bin/ceph: stderr
2024-04-25T15:40:28.871+0000 7fe422097700 1 -- 172.21.15.82:0/2444448426 --> [v2:172.21.15.82:3300/0,v1:172.21.15.82:6789/0] -- mon_subscribe({config=0+,monmap=0+}) -- 0x7fe41c10cdf0 con 0x7fe41c10a490
2024-04-25T15:40:29.728 INFO:teuthology.orchestra.run.smithi082.stdout:/usr/bin/ceph: stderr
2024-04-25T15:40:28.871+0000 7fe422097700 1 --2- 172.21.15.82:0/2444448426 >> [v2:172.21.15.82:3300/0,v1:172.21.15.82:6789/0] conn(0x7fe41c10a490 0x7fe41c10c8b0 secure :-1 s=READY pgs=53 cs=0 l=1 rev1=1 crypto rx=0x7fe414009e80 tx=0x7fe41400b330 comp rx=0 tx=0).ready entity=mon.0 client_cookie=f922dbac5a80970d server_cookie=0 in_seq=0 out_seq=0
2024-04-25T15:40:29.728 INFO:teuthology.orchestra.run.smithi082.stdout:/usr/bin/ceph: stderr
2024-04-25T15:40:28.871+0000 7fe421095700 1 -- 172.21.15.82:0/2444448426 <== mon.0 v2:172.21.15.82:3300/0 1 ==== mon_map magic: 0 ==== 205+0+0 (secure 0 0 0) 0x7fe414017070 con 0x7fe41c10a490
2024-04-25T15:40:29.728 INFO:teuthology.orchestra.run.smithi082.stdout:/usr/bin/ceph: stderr
2024-04-25T15:40:28.871+0000 7fe421095700 1 -- 172.21.15.82:0/2444448426 <== mon.0 v2:172.21.15.82:3300/0 2 ==== config(26 keys) ==== 1101+0+0 (secure 0 0 0) 0x7fe41400b8c0 con 0x7fe41c10a490
2024-04-25T15:40:29.728 INFO:teuthology.orchestra.run.smithi082.stdout:/usr/bin/ceph: stderr
2024-04-25T15:40:28.871+0000 7fe421095700 1 -- 172.21.15.82:0/2444448426 <== mon.0 v2:172.21.15.82:3300/0 3 ==== mon_map magic: 0 ==== 205+0+0 (secure 0 0 0) 0x7fe414004490 con 0x7fe41c10a490
2024-04-25T15:40:29.728 INFO:teuthology.orchestra.run.smithi082.stdout:/usr/bin/ceph: stderr
2024-04-25T15:40:28.872+0000 7fe4242fb700 1 -- 172.21.15.82:0/2444448426 >> [v2:172.21.15.82:3300/0,v1:172.21.15.82:6789/0] conn(0x7fe41c10a490 msgr2=0x7fe41c10c8b0 secure :-1 s=STATE_CONNECTION_ESTABLISHED l=1).mark_down
2024-04-25T15:40:29.728 INFO:teuthology.orchestra.run.smithi082.stdout:/usr/bin/ceph: stderr
2024-04-25T15:40:28.872+0000 7fe4242fb700 1 --2- 172.21.15.82:0/2444448426 >> [v2:172.21.15.82:3300/0,v1:172.21.15.82:6789/0] conn(0x7fe41c10a490 0x7fe41c10c8b0 secure :-1 s=READY pgs=53 cs=0 l=1 rev1=1 crypto rx=0x7fe414009e80 tx=0x7fe41400b330 comp rx=0 tx=0).stop
2024-04-25T15:40:29.728 INFO:teuthology.orchestra.run.smithi082.stdout:/usr/bin/ceph: stderr
2024-04-25T15:40:28.872+0000 7fe4242fb700 1 -- 172.21.15.82:0/2444448426 shutdown_connections
2024-04-25T15:40:29.728 INFO:teuthology.orchestra.run.smithi082.stdout:/usr/bin/ceph: stderr
2024-04-25T15:40:28.872+0000 7fe4242fb700 1 --2- 172.21.15.82:0/2444448426 >> [v2:172.21.15.82:3300/0,v1:172.21.15.82:6789/0] conn(0x7fe41c10a490 0x7fe41c10c8b0 unknown :-1 s=CLOSED pgs=53 cs=0 l=1 rev1=1 crypto rx=0 tx=0 comp rx=0 tx=0).stop
2024-04-25T15:40:29.728 INFO:teuthology.orchestra.run.smithi082.stdout:/usr/bin/ceph: stderr
2024-04-25T15:40:28.872+0000 7fe4242fb700 1 -- 172.21.15.82:0/2444448426 >> 172.21.15.82:0/2444448426 conn(0x7fe41c103ed0 msgr2=0x7fe41c106360 unknown :-1 s=STATE_NONE l=0).mark_down
2024-04-25T15:40:29.728 INFO:teuthology.orchestra.run.smithi082.stdout:/usr/bin/ceph: stderr
2024-04-25T15:40:28.872+0000 7fe4242fb700 1 -- 172.21.15.82:0/2444448426 shutdown_connections
2024-04-25T15:40:29.728 INFO:teuthology.orchestra.run.smithi082.stdout:/usr/bin/ceph: stderr
2024-04-25T15:40:28.872+0000 7fe4242fb700 1 -- 172.21.15.82:0/2444448426 wait complete.
2024-04-25T15:40:29.729 INFO:teuthology.orchestra.run.smithi082.stdout:/usr/bin/ceph: stderr
2024-04-25T15:40:28.873+0000 7fe4242fb700 1 Processor -- start
2024-04-25T15:40:29.729 INFO:teuthology.orchestra.run.smithi082.stdout:/usr/bin/ceph: stderr
2024-04-25T15:40:28.873+0000 7fe4242fb700 1 -- start start
2024-04-25T15:40:29.729 INFO:teuthology.orchestra.run.smithi082.stdout:/usr/bin/ceph: stderr
2024-04-25T15:40:28.873+0000 7fe4242fb700 1 --2- >> [v2:172.21.15.82:3300/0,v1:172.21.15.82:6789/0] conn(0x7fe41c10a490 0x7fe41c109c10 unknown :-1 s=NONE pgs=0 cs=0 l=1 rev1=0 crypto rx=0 tx=0 comp rx=0 tx=0).connect
2024-04-25T15:40:29.729 INFO:teuthology.orchestra.run.smithi082.stdout:/usr/bin/ceph: stderr
2024-04-25T15:40:28.873+0000 7fe4242fb700 1 -- --> [v2:172.21.15.82:3300/0,v1:172.21.15.82:6789/0] -- mon_getmap magic: 0 -- 0x7fe41c10dd90 con 0x7fe41c10a490
2024-04-25T15:40:29.729 INFO:teuthology.orchestra.run.smithi082.stdout:/usr/bin/ceph: stderr
2024-04-25T15:40:28.873+0000 7fe422097700 1 --2- >> [v2:172.21.15.82:3300/0,v1:172.21.15.82:6789/0] conn(0x7fe41c10a490 0x7fe41c109c10 unknown :-1 s=BANNER_CONNECTING pgs=0 cs=0 l=1 rev1=0 crypto rx=0 tx=0 comp rx=0 tx=0)._handle_peer_banner_payload supported=3 required=0
