2024-04-25T15:40:29.729 INFO:teuthology.orchestra.run.smithi082.stdout:/usr/bin/ceph: stderr
2024-04-25T15:40:28.873+0000 7fe422097700 1 --2- >> [v2:172.21.15.82:3300/0,v1:172.21.15.82:6789/0] conn(0x7fe41c10a490 0x7fe41c109c10 unknown :-1 s=HELLO_CONNECTING pgs=0 cs=0 l=1 rev1=1 crypto rx=0 tx=0 comp rx=0 tx=0).handle_hello peer v2:172.21.15.82:3300/0 says I am v2:172.21.15.82:42970/0 (socket says 172.21.15.82:42970)
2024-04-25T15:40:29.729 INFO:teuthology.orchestra.run.smithi082.stdout:/usr/bin/ceph: stderr
2024-04-25T15:40:28.873+0000 7fe422097700 1 -- 172.21.15.82:0/4210825926 learned_addr learned my addr 172.21.15.82:0/4210825926 (peer_addr_for_me v2:172.21.15.82:0/0)
2024-04-25T15:40:29.729 INFO:teuthology.orchestra.run.smithi082.stdout:/usr/bin/ceph: stderr
2024-04-25T15:40:28.874+0000 7fe422097700 1 -- 172.21.15.82:0/4210825926 --> [v2:172.21.15.82:3300/0,v1:172.21.15.82:6789/0] -- mon_subscribe({config=0+,monmap=0+}) -- 0x7fe41c10a150 con 0x7fe41c10a490
2024-04-25T15:40:29.729 INFO:teuthology.orchestra.run.smithi082.stdout:/usr/bin/ceph: stderr
2024-04-25T15:40:28.874+0000 7fe422097700 1 --2- 172.21.15.82:0/4210825926 >> [v2:172.21.15.82:3300/0,v1:172.21.15.82:6789/0] conn(0x7fe41c10a490 0x7fe41c109c10 secure :-1 s=READY pgs=54 cs=0 l=1 rev1=1 crypto rx=0x7fe41400bca0 tx=0x7fe41400bd80 comp rx=0 tx=0).ready entity=mon.0 client_cookie=0 server_cookie=0 in_seq=0 out_seq=0
2024-04-25T15:40:29.729 INFO:teuthology.orchestra.run.smithi082.stdout:/usr/bin/ceph: stderr
2024-04-25T15:40:28.874+0000 7fe4137fe700 1 -- 172.21.15.82:0/4210825926 <== mon.0 v2:172.21.15.82:3300/0 1 ==== mon_map magic: 0 ==== 205+0+0 (secure 0 0 0) 0x7fe414020020 con 0x7fe41c10a490
2024-04-25T15:40:29.729 INFO:teuthology.orchestra.run.smithi082.stdout:/usr/bin/ceph: stderr
2024-04-25T15:40:28.874+0000 7fe4137fe700 1 -- 172.21.15.82:0/4210825926 <== mon.0 v2:172.21.15.82:3300/0 2 ==== config(26 keys) ==== 1101+0+0 (secure 0 0 0) 0x7fe414003b50 con 0x7fe41c10a490
2024-04-25T15:40:29.729 INFO:teuthology.orchestra.run.smithi082.stdout:/usr/bin/ceph: stderr
2024-04-25T15:40:28.874+0000 7fe4242fb700 1 -- 172.21.15.82:0/4210825926 --> [v2:172.21.15.82:3300/0,v1:172.21.15.82:6789/0] -- mon_subscribe({mgrmap=0+}) -- 0x7fe41c1083a0 con 0x7fe41c10a490
2024-04-25T15:40:29.729 INFO:teuthology.orchestra.run.smithi082.stdout:/usr/bin/ceph: stderr
2024-04-25T15:40:28.874+0000 7fe4137fe700 1 -- 172.21.15.82:0/4210825926 <== mon.0 v2:172.21.15.82:3300/0 3 ==== mon_map magic: 0 ==== 205+0+0 (secure 0 0 0) 0x7fe414017040 con 0x7fe41c10a490
2024-04-25T15:40:29.729 INFO:teuthology.orchestra.run.smithi082.stdout:/usr/bin/ceph: stderr
2024-04-25T15:40:28.874+0000 7fe4242fb700 1 -- 172.21.15.82:0/4210825926 --> [v2:172.21.15.82:3300/0,v1:172.21.15.82:6789/0] -- mon_subscribe({osdmap=0}) -- 0x7fe41c1088e0 con 0x7fe41c10a490
2024-04-25T15:40:29.729 INFO:teuthology.orchestra.run.smithi082.stdout:/usr/bin/ceph: stderr
2024-04-25T15:40:28.875+0000 7fe4137fe700 1 -- 172.21.15.82:0/4210825926 <== mon.0 v2:172.21.15.82:3300/0 4 ==== mgrmap(e 8) ==== 49516+0+0 (secure 0 0 0) 0x7fe414023020 con 0x7fe41c10a490
2024-04-25T15:40:29.730 INFO:teuthology.orchestra.run.smithi082.stdout:/usr/bin/ceph: stderr
2024-04-25T15:40:28.875+0000 7fe4242fb700 1 -- 172.21.15.82:0/4210825926 --> [v2:172.21.15.82:3300/0,v1:172.21.15.82:6789/0] -- mon_command({"prefix": "get_command_descriptions"} v 0) -- 0x7fe41c064cf0 con 0x7fe41c10a490
2024-04-25T15:40:29.730 INFO:teuthology.orchestra.run.smithi082.stdout:/usr/bin/ceph: stderr
2024-04-25T15:40:28.875+0000 7fe4137fe700 1 --2- 172.21.15.82:0/4210825926 >> [v2:172.21.15.82:6800/3379670979,v1:172.21.15.82:6801/3379670979] conn(0x7fe40803d630 0x7fe40803fb40 unknown :-1 s=NONE pgs=0 cs=0 l=1 rev1=0 crypto rx=0 tx=0 comp rx=0 tx=0).connect
2024-04-25T15:40:29.730 INFO:teuthology.orchestra.run.smithi082.stdout:/usr/bin/ceph: stderr
2024-04-25T15:40:28.875+0000 7fe4137fe700 1 -- 172.21.15.82:0/4210825926 <== mon.0 v2:172.21.15.82:3300/0 5 ==== osd_map(2..2 src has 1..2) ==== 940+0+0 (secure 0 0 0) 0x7fe41400f050 con 0x7fe41c10a490
2024-04-25T15:40:29.730 INFO:teuthology.orchestra.run.smithi082.stdout:/usr/bin/ceph: stderr
2024-04-25T15:40:28.875+0000 7fe421896700 1 --2- 172.21.15.82:0/4210825926 >> [v2:172.21.15.82:6800/3379670979,v1:172.21.15.82:6801/3379670979] conn(0x7fe40803d630 0x7fe40803fb40 unknown :-1 s=BANNER_CONNECTING pgs=0 cs=0 l=1 rev1=0 crypto rx=0 tx=0 comp rx=0 tx=0)._handle_peer_banner_payload supported=3 required=0
2024-04-25T15:40:29.730 INFO:teuthology.orchestra.run.smithi082.stdout:/usr/bin/ceph: stderr
2024-04-25T15:40:28.876+0000 7fe421896700 1 --2- 172.21.15.82:0/4210825926 >> [v2:172.21.15.82:6800/3379670979,v1:172.21.15.82:6801/3379670979] conn(0x7fe40803d630 0x7fe40803fb40 secure :-1 s=READY pgs=15 cs=0 l=1 rev1=1 crypto rx=0x7fe40c006fd0 tx=0x7fe40c006e40 comp rx=0 tx=0).ready entity=mgr.14120 client_cookie=0 server_cookie=0 in_seq=0 out_seq=0
2024-04-25T15:40:29.730 INFO:teuthology.orchestra.run.smithi082.stdout:/usr/bin/ceph: stderr
2024-04-25T15:40:28.881+0000 7fe4137fe700 1 -- 172.21.15.82:0/4210825926 <== mon.0 v2:172.21.15.82:3300/0 6 ==== mon_command_ack([{"prefix": "get_command_descriptions"}]=0 v0) ==== 72+0+188370 (secure 0 0 0) 0x7fe41402a020 con 0x7fe41c10a490
2024-04-25T15:40:29.730 INFO:teuthology.orchestra.run.smithi082.stdout:/usr/bin/ceph: stderr
2024-04-25T15:40:29.088+0000 7fe4242fb700 1 -- 172.21.15.82:0/4210825926 --> [v2:172.21.15.82:3300/0,v1:172.21.15.82:6789/0] -- mon_command([{prefix=config set, name=mgr/dashboard/ssl_server_port}] v 0) -- 0x7fe41c109070 con 0x7fe41c10a490
2024-04-25T15:40:29.730 INFO:teuthology.orchestra.run.smithi082.stdout:/usr/bin/ceph: stderr
2024-04-25T15:40:29.092+0000 7fe4137fe700 1 -- 172.21.15.82:0/4210825926 <== mon.0 v2:172.21.15.82:3300/0 7 ==== mon_command_ack([{prefix=config set, name=mgr/dashboard/ssl_server_port}]=0 v8)=0 v8) ==== 130+0+0 (secure 0 0 0) 0x7fe41402b260 con 0x7fe41c10a490
2024-04-25T15:40:29.730 INFO:teuthology.orchestra.run.smithi082.stdout:/usr/bin/ceph: stderr
2024-04-25T15:40:29.094+0000 7fe4242fb700 1 -- 172.21.15.82:0/4210825926 >> [v2:172.21.15.82:6800/3379670979,v1:172.21.15.82:6801/3379670979] conn(0x7fe40803d630 msgr2=0x7fe40803fb40 secure :-1 s=STATE_CONNECTION_ESTABLISHED l=1).mark_down
2024-04-25T15:40:29.730 INFO:teuthology.orchestra.run.smithi082.stdout:/usr/bin/ceph: stderr
2024-04-25T15:40:29.094+0000 7fe4242fb700 1 --2- 172.21.15.82:0/4210825926 >> [v2:172.21.15.82:6800/3379670979,v1:172.21.15.82:6801/3379670979] conn(0x7fe40803d630 0x7fe40803fb40 secure :-1 s=READY pgs=15 cs=0 l=1 rev1=1 crypto rx=0x7fe40c006fd0 tx=0x7fe40c006e40 comp rx=0 tx=0).stop
2024-04-25T15:40:29.730 INFO:teuthology.orchestra.run.smithi082.stdout:/usr/bin/ceph: stderr
2024-04-25T15:40:29.094+0000 7fe4242fb700 1 -- 172.21.15.82:0/4210825926 >> [v2:172.21.15.82:3300/0,v1:172.21.15.82:6789/0] conn(0x7fe41c10a490 msgr2=0x7fe41c109c10 secure :-1 s=STATE_CONNECTION_ESTABLISHED l=1).mark_down
2024-04-25T15:40:29.730 INFO:teuthology.orchestra.run.smithi082.stdout:/usr/bin/ceph: stderr
2024-04-25T15:40:29.094+0000 7fe4242fb700 1 --2- 172.21.15.82:0/4210825926 >> [v2:172.21.15.82:3300/0,v1:172.21.15.82:6789/0] conn(0x7fe41c10a490 0x7fe41c109c10 secure :-1 s=READY pgs=54 cs=0 l=1 rev1=1 crypto rx=0x7fe41400bca0 tx=0x7fe41400bd80 comp rx=0 tx=0).stop
2024-04-25T15:40:29.730 INFO:teuthology.orchestra.run.smithi082.stdout:/usr/bin/ceph: stderr
2024-04-25T15:40:29.094+0000 7fe4242fb700 1 -- 172.21.15.82:0/4210825926 shutdown_connections
2024-04-25T15:40:29.731 INFO:teuthology.orchestra.run.smithi082.stdout:/usr/bin/ceph: stderr
2024-04-25T15:40:29.094+0000 7fe4242fb700 1 --2- 172.21.15.82:0/4210825926 >> [v2:172.21.15.82:6800/3379670979,v1:172.21.15.82:6801/3379670979] conn(0x7fe40803d630 0x7fe40803fb40 unknown :-1 s=CLOSED pgs=15 cs=0 l=1 rev1=1 crypto rx=0 tx=0 comp rx=0 tx=0).stop
2024-04-25T15:40:29.731 INFO:teuthology.orchestra.run.smithi082.stdout:/usr/bin/ceph: stderr
2024-04-25T15:40:29.094+0000 7fe4242fb700 1 --2- 172.21.15.82:0/4210825926 >> [v2:172.21.15.82:3300/0,v1:172.21.15.82:6789/0] conn(0x7fe41c10a490 0x7fe41c109c10 unknown :-1 s=CLOSED pgs=54 cs=0 l=1 rev1=1 crypto rx=0 tx=0 comp rx=0 tx=0).stop
2024-04-25T15:40:29.731 INFO:teuthology.orchestra.run.smithi082.stdout:/usr/bin/ceph: stderr
2024-04-25T15:40:29.094+0000 7fe4242fb700 1 -- 172.21.15.82:0/4210825926 >> 172.21.15.82:0/4210825926 conn(0x7fe41c103ed0 msgr2=0x7fe41c104700 unknown :-1 s=STATE_NONE l=0).mark_down
2024-04-25T15:40:29.731 INFO:teuthology.orchestra.run.smithi082.stdout:/usr/bin/ceph: stderr
2024-04-25T15:40:29.094+0000 7fe4242fb700 1 -- 172.21.15.82:0/4210825926 shutdown_connections
2024-04-25T15:40:29.731 INFO:teuthology.orchestra.run.smithi082.stdout:/usr/bin/ceph: stderr
2024-04-25T15:40:29.094+0000 7fe4242fb700 1 -- 172.21.15.82:0/4210825926 wait complete.
2024-04-25T15:40:29.731 INFO:teuthology.orchestra.run.smithi082.stdout:Enabling the dashboard module...
2024-04-25T15:40:30.344 INFO:journalctl@ceph.mon.a.smithi082.stdout:Apr 25 15:40:30 smithi082 ceph-mon[29143]: from='client.? 172.21.15.82:0/4210825926' entity='client.admin'
2024-04-25T15:40:30.345 INFO:journalctl@ceph.mon.a.smithi082.stdout:Apr 25 15:40:30 smithi082 ceph-mon[29143]: from='mgr.14120 172.21.15.82:0/1099186728' entity='mgr.x'
2024-04-25T15:40:31.432 INFO:journalctl@ceph.mon.a.smithi082.stdout:Apr 25 15:40:31 smithi082 ceph-mon[29143]: from='client.? 172.21.15.82:0/3510239231' entity='client.admin' cmd=[{"prefix": "mgr module enable", "module": "dashboard"}]: dispatch
2024-04-25T15:40:31.433 INFO:journalctl@ceph.mgr.x.smithi082.stdout:Apr 25 15:40:31 smithi082 ceph-d6cb15a4-0319-11ef-bc93-c7b262605968-mgr-x[29369]: ignoring --setuser ceph since I am not root
2024-04-25T15:40:31.433 INFO:journalctl@ceph.mgr.x.smithi082.stdout:Apr 25 15:40:31 smithi082 ceph-d6cb15a4-0319-11ef-bc93-c7b262605968-mgr-x[29369]: ignoring --setgroup ceph since I am not root
2024-04-25T15:40:31.433 INFO:journalctl@ceph.mgr.x.smithi082.stdout:Apr 25 15:40:31 smithi082 ceph-d6cb15a4-0319-11ef-bc93-c7b262605968-mgr-x[29369]:
2024-04-25T15:40:31.302+0000 7f8147835200 -1 mgr[py] Module balancer has missing NOTIFY_TYPES member
2024-04-25T15:40:31.807 INFO:journalctl@ceph.mgr.x.smithi082.stdout:Apr 25 15:40:31 smithi082 ceph-d6cb15a4-0319-11ef-bc93-c7b262605968-mgr-x[29369]:
2024-04-25T15:40:31.500+0000 7f8147835200 -1 mgr[py] Module orchestrator has missing NOTIFY_TYPES member
2024-04-25T15:40:31.807 INFO:journalctl@ceph.mgr.x.smithi082.stdout:Apr 25 15:40:31 smithi082 ceph-d6cb15a4-0319-11ef-bc93-c7b262605968-mgr-x[29369]:
2024-04-25T15:40:31.615+0000 7f8147835200 -1 mgr[py] Module snap_schedule has missing NOTIFY_TYPES member
2024-04-25T15:40:31.814 INFO:teuthology.orchestra.run.smithi082.stdout:/usr/bin/ceph: stderr
2024-04-25T15:40:30.160+0000 7f41db3bb700 1 Processor -- start
2024-04-25T15:40:31.814 INFO:teuthology.orchestra.run.smithi082.stdout:/usr/bin/ceph: stderr
2024-04-25T15:40:30.160+0000 7f41db3bb700 1 -- start start
2024-04-25T15:40:31.815 INFO:teuthology.orchestra.run.smithi082.stdout:/usr/bin/ceph: stderr
2024-04-25T15:40:30.160+0000 7f41db3bb700 1 --2- >> [v2:172.21.15.82:3300/0,v1:172.21.15.82:6789/0] conn(0x7f41d41099a0 0x7f41d4109db0 unknown :-1 s=NONE pgs=0 cs=0 l=0 rev1=0 crypto rx=0 tx=0 comp rx=0 tx=0).connect
2024-04-25T15:40:31.815 INFO:teuthology.orchestra.run.smithi082.stdout:/usr/bin/ceph: stderr
2024-04-25T15:40:30.160+0000 7f41db3bb700 1 -- --> [v2:172.21.15.82:3300/0,v1:172.21.15.82:6789/0] -- mon_getmap magic: 0 -- 0x7f41d410a3a0 con 0x7f41d41099a0
2024-04-25T15:40:31.815 INFO:teuthology.orchestra.run.smithi082.stdout:/usr/bin/ceph: stderr
2024-04-25T15:40:30.161+0000 7f41d9157700 1 --2- >> [v2:172.21.15.82:3300/0,v1:172.21.15.82:6789/0] conn(0x7f41d41099a0 0x7f41d4109db0 unknown :-1 s=BANNER_CONNECTING pgs=0 cs=0 l=0 rev1=0 crypto rx=0 tx=0 comp rx=0 tx=0)._handle_peer_banner_payload supported=3 required=0
2024-04-25T15:40:31.815 INFO:teuthology.orchestra.run.smithi082.stdout:/usr/bin/ceph: stderr
2024-04-25T15:40:30.161+0000 7f41d9157700 1 --2- >> [v2:172.21.15.82:3300/0,v1:172.21.15.82:6789/0] conn(0x7f41d41099a0 0x7f41d4109db0 unknown :-1 s=HELLO_CONNECTING pgs=0 cs=0 l=0 rev1=1 crypto rx=0 tx=0 comp rx=0 tx=0).handle_hello peer v2:172.21.15.82:3300/0 says I am v2:172.21.15.82:42982/0 (socket says 172.21.15.82:42982)
2024-04-25T15:40:31.815 INFO:teuthology.orchestra.run.smithi082.stdout:/usr/bin/ceph: stderr
2024-04-25T15:40:30.161+0000 7f41d9157700 1 -- 172.21.15.82:0/465836640 learned_addr learned my addr 172.21.15.82:0/465836640 (peer_addr_for_me v2:172.21.15.82:0/0)
2024-04-25T15:40:31.815 INFO:teuthology.orchestra.run.smithi082.stdout:/usr/bin/ceph: stderr
2024-04-25T15:40:30.161+0000 7f41d9157700 1 -- 172.21.15.82:0/465836640 --> [v2:172.21.15.82:3300/0,v1:172.21.15.82:6789/0] -- mon_subscribe({config=0+,monmap=0+}) -- 0x7f41d410ab70 con 0x7f41d41099a0
2024-04-25T15:40:31.815 INFO:teuthology.orchestra.run.smithi082.stdout:/usr/bin/ceph: stderr
2024-04-25T15:40:30.161+0000 7f41d9157700 1 --2- 172.21.15.82:0/465836640 >> [v2:172.21.15.82:3300/0,v1:172.21.15.82:6789/0] conn(0x7f41d41099a0 0x7f41d4109db0 secure :-1 s=READY pgs=55 cs=0 l=1 rev1=1 crypto rx=0x7f41d00098a0 tx=0x7f41d0009bb0 comp rx=0 tx=0).ready entity=mon.0 client_cookie=97c4ce2d9466c5a server_cookie=0 in_seq=0 out_seq=0
2024-04-25T15:40:31.815 INFO:teuthology.orchestra.run.smithi082.stdout:/usr/bin/ceph: stderr
2024-04-25T15:40:30.161+0000 7f41cbfff700 1 -- 172.21.15.82:0/465836640 <== mon.0 v2:172.21.15.82:3300/0 1 ==== mon_map magic: 0 ==== 205+0+0 (secure 0 0 0) 0x7f41d0004160 con 0x7f41d41099a0
2024-04-25T15:40:31.815 INFO:teuthology.orchestra.run.smithi082.stdout:/usr/bin/ceph: stderr
2024-04-25T15:40:30.162+0000 7f41cbfff700 1 -- 172.21.15.82:0/465836640 <== mon.0 v2:172.21.15.82:3300/0 2 ==== config(26 keys) ==== 1101+0+0 (secure 0 0 0) 0x7f41d0004300 con 0x7f41d41099a0
2024-04-25T15:40:31.815 INFO:teuthology.orchestra.run.smithi082.stdout:/usr/bin/ceph: stderr
2024-04-25T15:40:30.162+0000 7f41cbfff700 1 -- 172.21.15.82:0/465836640 <== mon.0 v2:172.21.15.82:3300/0 3 ==== mon_map magic: 0 ==== 205+0+0 (secure 0 0 0) 0x7f41d0011a20 con 0x7f41d41099a0
2024-04-25T15:40:31.815 INFO:teuthology.orchestra.run.smithi082.stdout:/usr/bin/ceph: stderr
2024-04-25T15:40:30.162+0000 7f41db3bb700 1 -- 172.21.15.82:0/465836640 >> [v2:172.21.15.82:3300/0,v1:172.21.15.82:6789/0] conn(0x7f41d41099a0 msgr2=0x7f41d4109db0 secure :-1 s=STATE_CONNECTION_ESTABLISHED l=1).mark_down
2024-04-25T15:40:31.815 INFO:teuthology.orchestra.run.smithi082.stdout:/usr/bin/ceph: stderr
2024-04-25T15:40:30.162+0000 7f41db3bb700 1 --2- 172.21.15.82:0/465836640 >> [v2:172.21.15.82:3300/0,v1:172.21.15.82:6789/0] conn(0x7f41d41099a0 0x7f41d4109db0 secure :-1 s=READY pgs=55 cs=0 l=1 rev1=1 crypto rx=0x7f41d00098a0 tx=0x7f41d0009bb0 comp rx=0 tx=0).stop
2024-04-25T15:40:31.815 INFO:teuthology.orchestra.run.smithi082.stdout:/usr/bin/ceph: stderr
2024-04-25T15:40:30.162+0000 7f41db3bb700 1 -- 172.21.15.82:0/465836640 shutdown_connections
2024-04-25T15:40:31.816 INFO:teuthology.orchestra.run.smithi082.stdout:/usr/bin/ceph: stderr
2024-04-25T15:40:30.162+0000 7f41db3bb700 1 --2- 172.21.15.82:0/465836640 >> [v2:172.21.15.82:3300/0,v1:172.21.15.82:6789/0] conn(0x7f41d41099a0 0x7f41d4109db0 unknown :-1 s=CLOSED pgs=55 cs=0 l=1 rev1=1 crypto rx=0 tx=0 comp rx=0 tx=0).stop
2024-04-25T15:40:31.816 INFO:teuthology.orchestra.run.smithi082.stdout:/usr/bin/ceph: stderr
2024-04-25T15:40:30.162+0000 7f41db3bb700 1 -- 172.21.15.82:0/465836640 >> 172.21.15.82:0/465836640 conn(0x7f41d4105000 msgr2=0x7f41d4107490 unknown :-1 s=STATE_NONE l=0).mark_down
2024-04-25T15:40:31.816 INFO:teuthology.orchestra.run.smithi082.stdout:/usr/bin/ceph: stderr
2024-04-25T15:40:30.163+0000 7f41db3bb700 1 -- 172.21.15.82:0/465836640 shutdown_connections
2024-04-25T15:40:31.816 INFO:teuthology.orchestra.run.smithi082.stdout:/usr/bin/ceph: stderr
2024-04-25T15:40:30.163+0000 7f41db3bb700 1 -- 172.21.15.82:0/465836640 wait complete.
2024-04-25T15:40:31.816 INFO:teuthology.orchestra.run.smithi082.stdout:/usr/bin/ceph: stderr
2024-04-25T15:40:30.163+0000 7f41db3bb700 1 Processor -- start
2024-04-25T15:40:31.816 INFO:teuthology.orchestra.run.smithi082.stdout:/usr/bin/ceph: stderr
2024-04-25T15:40:30.163+0000 7f41db3bb700 1 -- start start
2024-04-25T15:40:31.816 INFO:teuthology.orchestra.run.smithi082.stdout:/usr/bin/ceph: stderr
2024-04-25T15:40:30.164+0000 7f41db3bb700 1 --2- >> [v2:172.21.15.82:3300/0,v1:172.21.15.82:6789/0] conn(0x7f41d41099a0 0x7f41d419dcd0 unknown :-1 s=NONE pgs=0 cs=0 l=1 rev1=0 crypto rx=0 tx=0 comp rx=0 tx=0).connect
2024-04-25T15:40:31.816 INFO:teuthology.orchestra.run.smithi082.stdout:/usr/bin/ceph: stderr
2024-04-25T15:40:30.164+0000 7f41db3bb700 1 -- --> [v2:172.21.15.82:3300/0,v1:172.21.15.82:6789/0] -- mon_getmap magic: 0 -- 0x7f41d410df20 con 0x7f41d41099a0
2024-04-25T15:40:31.816 INFO:teuthology.orchestra.run.smithi082.stdout:/usr/bin/ceph: stderr
2024-04-25T15:40:30.164+0000 7f41d9157700 1 --2- >> [v2:172.21.15.82:3300/0,v1:172.21.15.82:6789/0] conn(0x7f41d41099a0 0x7f41d419dcd0 unknown :-1 s=BANNER_CONNECTING pgs=0 cs=0 l=1 rev1=0 crypto rx=0 tx=0 comp rx=0 tx=0)._handle_peer_banner_payload supported=3 required=0
2024-04-25T15:40:31.816 INFO:teuthology.orchestra.run.smithi082.stdout:/usr/bin/ceph: stderr
2024-04-25T15:40:30.164+0000 7f41d9157700 1 --2- >> [v2:172.21.15.82:3300/0,v1:172.21.15.82:6789/0] conn(0x7f41d41099a0 0x7f41d419dcd0 unknown :-1 s=HELLO_CONNECTING pgs=0 cs=0 l=1 rev1=1 crypto rx=0 tx=0 comp rx=0 tx=0).handle_hello peer v2:172.21.15.82:3300/0 says I am v2:172.21.15.82:42988/0 (socket says 172.21.15.82:42988)
2024-04-25T15:40:31.816 INFO:teuthology.orchestra.run.smithi082.stdout:/usr/bin/ceph: stderr
2024-04-25T15:40:30.164+0000 7f41d9157700 1 -- 172.21.15.82:0/3510239231 learned_addr learned my addr 172.21.15.82:0/3510239231 (peer_addr_for_me v2:172.21.15.82:0/0)
2024-04-25T15:40:31.816 INFO:teuthology.orchestra.run.smithi082.stdout:/usr/bin/ceph: stderr
2024-04-25T15:40:30.164+0000 7f41d9157700 1 -- 172.21.15.82:0/3510239231 --> [v2:172.21.15.82:3300/0,v1:172.21.15.82:6789/0] -- mon_subscribe({config=0+,monmap=0+}) -- 0x7f41d419e210 con 0x7f41d41099a0
2024-04-25T15:40:31.816 INFO:teuthology.orchestra.run.smithi082.stdout:/usr/bin/ceph: stderr
2024-04-25T15:40:30.164+0000 7f41d9157700 1 --2- 172.21.15.82:0/3510239231 >> [v2:172.21.15.82:3300/0,v1:172.21.15.82:6789/0] conn(0x7f41d41099a0 0x7f41d419dcd0 secure :-1 s=READY pgs=56 cs=0 l=1 rev1=1 crypto rx=0x7f41d0003e70 tx=0x7f41d0011aa0 comp rx=0 tx=0).ready entity=mon.0 client_cookie=0 server_cookie=0 in_seq=0 out_seq=0
2024-04-25T15:40:31.816 INFO:teuthology.orchestra.run.smithi082.stdout:/usr/bin/ceph: stderr
2024-04-25T15:40:30.164+0000 7f41ca7fc700 1 -- 172.21.15.82:0/3510239231 <== mon.0 v2:172.21.15.82:3300/0 1 ==== mon_map magic: 0 ==== 205+0+0 (secure 0 0 0) 0x7f41d0003af0 con 0x7f41d41099a0
2024-04-25T15:40:31.816 INFO:teuthology.orchestra.run.smithi082.stdout:/usr/bin/ceph: stderr
2024-04-25T15:40:30.164+0000 7f41ca7fc700 1 -- 172.21.15.82:0/3510239231 <== mon.0 v2:172.21.15.82:3300/0 2 ==== config(26 keys) ==== 1101+0+0 (secure 0 0 0) 0x7f41d001a8e0 con 0x7f41d41099a0
2024-04-25T15:40:31.816 INFO:teuthology.orchestra.run.smithi082.stdout:/usr/bin/ceph: stderr
2024-04-25T15:40:30.164+0000 7f41db3bb700 1 -- 172.21.15.82:0/3510239231 --> [v2:172.21.15.82:3300/0,v1:172.21.15.82:6789/0] -- mon_subscribe({mgrmap=0+}) -- 0x7f41d419e4a0 con 0x7f41d41099a0
2024-04-25T15:40:31.817 INFO:teuthology.orchestra.run.smithi082.stdout:/usr/bin/ceph: stderr
2024-04-25T15:40:30.164+0000 7f41ca7fc700 1 -- 172.21.15.82:0/3510239231 <== mon.0 v2:172.21.15.82:3300/0 3 ==== mon_map magic: 0 ==== 205+0+0 (secure 0 0 0) 0x7f41d0024870 con 0x7f41d41099a0
2024-04-25T15:40:31.817 INFO:teuthology.orchestra.run.smithi082.stdout:/usr/bin/ceph: stderr
2024-04-25T15:40:30.164+0000 7f41db3bb700 1 -- 172.21.15.82:0/3510239231 --> [v2:172.21.15.82:3300/0,v1:172.21.15.82:6789/0] -- mon_subscribe({osdmap=0}) -- 0x7f41d41a10b0 con 0x7f41d41099a0
2024-04-25T15:40:31.817 INFO:teuthology.orchestra.run.smithi082.stdout:/usr/bin/ceph: stderr
2024-04-25T15:40:30.165+0000 7f41db3bb700 1 -- 172.21.15.82:0/3510239231 --> [v2:172.21.15.82:3300/0,v1:172.21.15.82:6789/0] -- mon_command({"prefix": "get_command_descriptions"} v 0) -- 0x7f41d4064cf0 con 0x7f41d41099a0
2024-04-25T15:40:31.817 INFO:teuthology.orchestra.run.smithi082.stdout:/usr/bin/ceph: stderr
2024-04-25T15:40:30.166+0000 7f41ca7fc700 1 -- 172.21.15.82:0/3510239231 <== mon.0 v2:172.21.15.82:3300/0 4 ==== mgrmap(e 8) ==== 49516+0+0 (secure 0 0 0) 0x7f41d0022020 con 0x7f41d41099a0
2024-04-25T15:40:31.817 INFO:teuthology.orchestra.run.smithi082.stdout:/usr/bin/ceph: stderr
2024-04-25T15:40:30.166+0000 7f41ca7fc700 1 --2- 172.21.15.82:0/3510239231 >> [v2:172.21.15.82:6800/3379670979,v1:172.21.15.82:6801/3379670979] conn(0x7f41c003d5e0 0x7f41c003faf0 unknown :-1 s=NONE pgs=0 cs=0 l=1 rev1=0 crypto rx=0 tx=0 comp rx=0 tx=0).connect
2024-04-25T15:40:31.817 INFO:teuthology.orchestra.run.smithi082.stdout:/usr/bin/ceph: stderr
2024-04-25T15:40:30.166+0000 7f41ca7fc700 1 -- 172.21.15.82:0/3510239231 <== mon.0 v2:172.21.15.82:3300/0 5 ==== osd_map(2..2 src has 1..2) ==== 940+0+0 (secure 0 0 0) 0x7f41d0052760 con 0x7f41d41099a0
2024-04-25T15:40:31.817 INFO:teuthology.orchestra.run.smithi082.stdout:/usr/bin/ceph: stderr
2024-04-25T15:40:30.166+0000 7f41d8956700 1 --2- 172.21.15.82:0/3510239231 >> [v2:172.21.15.82:6800/3379670979,v1:172.21.15.82:6801/3379670979] conn(0x7f41c003d5e0 0x7f41c003faf0 unknown :-1 s=BANNER_CONNECTING pgs=0 cs=0 l=1 rev1=0 crypto rx=0 tx=0 comp rx=0 tx=0)._handle_peer_banner_payload supported=3 required=0
2024-04-25T15:40:31.817 INFO:teuthology.orchestra.run.smithi082.stdout:/usr/bin/ceph: stderr
2024-04-25T15:40:30.166+0000 7f41d8956700 1 --2- 172.21.15.82:0/3510239231 >> [v2:172.21.15.82:6800/3379670979,v1:172.21.15.82:6801/3379670979] conn(0x7f41c003d5e0 0x7f41c003faf0 secure :-1 s=READY pgs=16 cs=0 l=1 rev1=1 crypto rx=0x7f41c4006fd0 tx=0x7f41c4006e40 comp rx=0 tx=0).ready entity=mgr.14120 client_cookie=0 server_cookie=0 in_seq=0 out_seq=0
2024-04-25T15:40:31.817 INFO:teuthology.orchestra.run.smithi082.stdout:/usr/bin/ceph: stderr
2024-04-25T15:40:30.171+0000 7f41ca7fc700 1 -- 172.21.15.82:0/3510239231 <== mon.0 v2:172.21.15.82:3300/0 6 ==== mon_command_ack([{"prefix": "get_command_descriptions"}]=0 v0) ==== 72+0+188370 (secure 0 0 0) 0x7f41d000e260 con 0x7f41d41099a0
2024-04-25T15:40:31.817 INFO:teuthology.orchestra.run.smithi082.stdout:/usr/bin/ceph: stderr
2024-04-25T15:40:30.441+0000 7f41db3bb700 1 -- 172.21.15.82:0/3510239231 --> [v2:172.21.15.82:3300/0,v1:172.21.15.82:6789/0] -- mon_command({"prefix": "mgr module enable", "module": "dashboard"} v 0) -- 0x7f41d41a1280 con 0x7f41d41099a0
2024-04-25T15:40:31.817 INFO:teuthology.orchestra.run.smithi082.stdout:/usr/bin/ceph: stderr
2024-04-25T15:40:31.094+0000 7f41ca7fc700 1 -- 172.21.15.82:0/3510239231 <== mon.0 v2:172.21.15.82:3300/0 7 ==== mon_command_ack([{"prefix": "mgr module enable", "module": "dashboard"}]=0 v9) ==== 88+0+0 (secure 0 0 0) 0x7f41d001ad90 con 0x7f41d41099a0
2024-04-25T15:40:31.817 INFO:teuthology.orchestra.run.smithi082.stdout:/usr/bin/ceph: stderr
2024-04-25T15:40:31.096+0000 7f41ca7fc700 1 -- 172.21.15.82:0/3510239231 <== mon.0 v2:172.21.15.82:3300/0 8 ==== mgrmap(e 9) ==== 49529+0+0 (secure 0 0 0) 0x7f41d002dc90 con 0x7f41d41099a0
2024-04-25T15:40:31.817 INFO:teuthology.orchestra.run.smithi082.stdout:/usr/bin/ceph: stderr
2024-04-25T15:40:31.097+0000 7f41db3bb700 1 -- 172.21.15.82:0/3510239231 >> [v2:172.21.15.82:6800/3379670979,v1:172.21.15.82:6801/3379670979] conn(0x7f41c003d5e0 msgr2=0x7f41c003faf0 secure :-1 s=STATE_CONNECTION_ESTABLISHED l=1).mark_down
2024-04-25T15:40:31.817 INFO:teuthology.orchestra.run.smithi082.stdout:/usr/bin/ceph: stderr
2024-04-25T15:40:31.097+0000 7f41db3bb700 1 --2- 172.21.15.82:0/3510239231 >> [v2:172.21.15.82:6800/3379670979,v1:172.21.15.82:6801/3379670979] conn(0x7f41c003d5e0 0x7f41c003faf0 secure :-1 s=READY pgs=16 cs=0 l=1 rev1=1 crypto rx=0x7f41c4006fd0 tx=0x7f41c4006e40 comp rx=0 tx=0).stop
2024-04-25T15:40:31.817 INFO:teuthology.orchestra.run.smithi082.stdout:/usr/bin/ceph: stderr
2024-04-25T15:40:31.097+0000 7f41db3bb700 1 -- 172.21.15.82:0/3510239231 >> [v2:172.21.15.82:3300/0,v1:172.21.15.82:6789/0] conn(0x7f41d41099a0 msgr2=0x7f41d419dcd0 secure :-1 s=STATE_CONNECTION_ESTABLISHED l=1).mark_down
2024-04-25T15:40:31.818 INFO:teuthology.orchestra.run.smithi082.stdout:/usr/bin/ceph: stderr
2024-04-25T15:40:31.097+0000 7f41db3bb700 1 --2- 172.21.15.82:0/3510239231 >> [v2:172.21.15.82:3300/0,v1:172.21.15.82:6789/0] conn(0x7f41d41099a0 0x7f41d419dcd0 secure :-1 s=READY pgs=56 cs=0 l=1 rev1=1 crypto rx=0x7f41d0003e70 tx=0x7f41d0011aa0 comp rx=0 tx=0).stop
2024-04-25T15:40:31.818 INFO:teuthology.orchestra.run.smithi082.stdout:/usr/bin/ceph: stderr
2024-04-25T15:40:31.097+0000 7f41db3bb700 1 -- 172.21.15.82:0/3510239231 shutdown_connections
2024-04-25T15:40:31.818 INFO:teuthology.orchestra.run.smithi082.stdout:/usr/bin/ceph: stderr
2024-04-25T15:40:31.097+0000 7f41db3bb700 1 --2- 172.21.15.82:0/3510239231 >> [v2:172.21.15.82:6800/3379670979,v1:172.21.15.82:6801/3379670979] conn(0x7f41c003d5e0 0x7f41c003faf0 unknown :-1 s=CLOSED pgs=16 cs=0 l=1 rev1=1 crypto rx=0 tx=0 comp rx=0 tx=0).stop
2024-04-25T15:40:31.818 INFO:teuthology.orchestra.run.smithi082.stdout:/usr/bin/ceph: stderr
2024-04-25T15:40:31.097+0000 7f41db3bb700 1 --2- 172.21.15.82:0/3510239231 >> [v2:172.21.15.82:3300/0,v1:172.21.15.82:6789/0] conn(0x7f41d41099a0 0x7f41d419dcd0 unknown :-1 s=CLOSED pgs=56 cs=0 l=1 rev1=1 crypto rx=0 tx=0 comp rx=0 tx=0).stop
2024-04-25T15:40:31.818 INFO:teuthology.orchestra.run.smithi082.stdout:/usr/bin/ceph: stderr
2024-04-25T15:40:31.097+0000 7f41db3bb700 1 -- 172.21.15.82:0/3510239231 >> 172.21.15.82:0/3510239231 conn(0x7f41d4105000 msgr2=0x7f41d4105770 unknown :-1 s=STATE_NONE l=0).mark_down
2024-04-25T15:40:31.818 INFO:teuthology.orchestra.run.smithi082.stdout:/usr/bin/ceph: stderr
2024-04-25T15:40:31.098+0000 7f41db3bb700 1 -- 172.21.15.82:0/3510239231 shutdown_connections
2024-04-25T15:40:31.818 INFO:teuthology.orchestra.run.smithi082.stdout:/usr/bin/ceph: stderr
2024-04-25T15:40:31.098+0000 7f41db3bb700 1 -- 172.21.15.82:0/3510239231 wait complete.
2024-04-25T15:40:32.061 INFO:journalctl@ceph.mgr.x.smithi082.stdout:Apr 25 15:40:31 smithi082 ceph-d6cb15a4-0319-11ef-bc93-c7b262605968-mgr-x[29369]:
2024-04-25T15:40:31.933+0000 7f8147835200 -1 mgr[py] Module progress has missing NOTIFY_TYPES member
2024-04-25T15:40:32.061 INFO:journalctl@ceph.mgr.x.smithi082.stdout:Apr 25 15:40:32 smithi082 ceph-d6cb15a4-0319-11ef-bc93-c7b262605968-mgr-x[29369]:
2024-04-25T15:40:32.021+0000 7f8147835200 -1 mgr[py] Module influx has missing NOTIFY_TYPES member
2024-04-25T15:40:32.432 INFO:journalctl@ceph.mon.a.smithi082.stdout:Apr 25 15:40:32 smithi082 ceph-mon[29143]: from='client.? 172.21.15.82:0/3510239231' entity='client.admin' cmd='[{"prefix": "mgr module enable", "module": "dashboard"}]': finished
2024-04-25T15:40:32.432 INFO:journalctl@ceph.mon.a.smithi082.stdout:Apr 25 15:40:32 smithi082 ceph-mon[29143]: mgrmap e9: x(active, since 19s)
2024-04-25T15:40:33.182 INFO:journalctl@ceph.mon.a.smithi082.stdout:Apr 25 15:40:33 smithi082 ceph-mon[29143]: from='client.? 172.21.15.82:0/2128769259' entity='client.admin' cmd=[{"prefix": "mgr stat"}]: dispatch
2024-04-25T15:40:33.397 INFO:teuthology.orchestra.run.smithi082.stdout:/usr/bin/ceph: stdout {
2024-04-25T15:40:33.397 INFO:teuthology.orchestra.run.smithi082.stdout:/usr/bin/ceph: stdout "epoch": 9,
2024-04-25T15:40:33.397 INFO:teuthology.orchestra.run.smithi082.stdout:/usr/bin/ceph: stdout "available": true,
2024-04-25T15:40:33.397 INFO:teuthology.orchestra.run.smithi082.stdout:/usr/bin/ceph: stdout "active_name": "x",
2024-04-25T15:40:33.397 INFO:teuthology.orchestra.run.smithi082.stdout:/usr/bin/ceph: stdout "num_standby": 0
2024-04-25T15:40:33.397 INFO:teuthology.orchestra.run.smithi082.stdout:/usr/bin/ceph: stdout }
2024-04-25T15:40:33.397 INFO:teuthology.orchestra.run.smithi082.stdout:/usr/bin/ceph: stderr
2024-04-25T15:40:32.245+0000 7f15188c4700 1 Processor -- start
2024-04-25T15:40:33.397 INFO:teuthology.orchestra.run.smithi082.stdout:/usr/bin/ceph: stderr
2024-04-25T15:40:32.245+0000 7f15188c4700 1 -- start start
2024-04-25T15:40:33.397 INFO:teuthology.orchestra.run.smithi082.stdout:/usr/bin/ceph: stderr
2024-04-25T15:40:32.245+0000 7f15188c4700 1 --2- >> [v2:172.21.15.82:3300/0,v1:172.21.15.82:6789/0] conn(0x7f151410a540 0x7f151410c960 unknown :-1 s=NONE pgs=0 cs=0 l=0 rev1=0 crypto rx=0 tx=0 comp rx=0 tx=0).connect
2024-04-25T15:40:33.398 INFO:teuthology.orchestra.run.smithi082.stdout:/usr/bin/ceph: stderr
2024-04-25T15:40:32.245+0000 7f15188c4700 1 -- --> [v2:172.21.15.82:3300/0,v1:172.21.15.82:6789/0] -- mon_getmap magic: 0 -- 0x7f151407cd50 con 0x7f151410a540
2024-04-25T15:40:33.398 INFO:teuthology.orchestra.run.smithi082.stdout:/usr/bin/ceph: stderr
2024-04-25T15:40:32.246+0000 7f151259c700 1 --2- >> [v2:172.21.15.82:3300/0,v1:172.21.15.82:6789/0] conn(0x7f151410a540 0x7f151410c960 unknown :-1 s=BANNER_CONNECTING pgs=0 cs=0 l=0 rev1=0 crypto rx=0 tx=0 comp rx=0 tx=0)._handle_peer_banner_payload supported=3 required=0
2024-04-25T15:40:33.398 INFO:teuthology.orchestra.run.smithi082.stdout:/usr/bin/ceph: stderr
2024-04-25T15:40:32.246+0000 7f151259c700 1 --2- >> [v2:172.21.15.82:3300/0,v1:172.21.15.82:6789/0] conn(0x7f151410a540 0x7f151410c960 unknown :-1 s=HELLO_CONNECTING pgs=0 cs=0 l=0 rev1=1 crypto rx=0 tx=0 comp rx=0 tx=0).handle_hello peer v2:172.21.15.82:3300/0 says I am v2:172.21.15.82:43002/0 (socket says 172.21.15.82:43002)
2024-04-25T15:40:33.398 INFO:teuthology.orchestra.run.smithi082.stdout:/usr/bin/ceph: stderr
2024-04-25T15:40:32.246+0000 7f151259c700 1 -- 172.21.15.82:0/3669314580 learned_addr learned my addr 172.21.15.82:0/3669314580 (peer_addr_for_me v2:172.21.15.82:0/0)
2024-04-25T15:40:33.398 INFO:teuthology.orchestra.run.smithi082.stdout:/usr/bin/ceph: stderr
2024-04-25T15:40:32.246+0000 7f151259c700 1 -- 172.21.15.82:0/3669314580 --> [v2:172.21.15.82:3300/0,v1:172.21.15.82:6789/0] -- mon_subscribe({config=0+,monmap=0+}) -- 0x7f151410cea0 con 0x7f151410a540
2024-04-25T15:40:33.398 INFO:teuthology.orchestra.run.smithi082.stdout:/usr/bin/ceph: stderr
2024-04-25T15:40:32.246+0000 7f151259c700 1 --2- 172.21.15.82:0/3669314580 >> [v2:172.21.15.82:3300/0,v1:172.21.15.82:6789/0] conn(0x7f151410a540 0x7f151410c960 secure :-1 s=READY pgs=59 cs=0 l=1 rev1=1 crypto rx=0x7f15080098a0 tx=0x7f1508009bb0 comp rx=0 tx=0).ready entity=mon.0 client_cookie=bc6523783665b8c5 server_cookie=0 in_seq=0 out_seq=0
2024-04-25T15:40:33.398 INFO:teuthology.orchestra.run.smithi082.stdout:/usr/bin/ceph: stderr
2024-04-25T15:40:32.246+0000 7f151159a700 1 -- 172.21.15.82:0/3669314580 <== mon.0 v2:172.21.15.82:3300/0 1 ==== mon_map magic: 0 ==== 205+0+0 (secure 0 0 0) 0x7f1508004160 con 0x7f151410a540
2024-04-25T15:40:33.398 INFO:teuthology.orchestra.run.smithi082.stdout:/usr/bin/ceph: stderr
2024-04-25T15:40:32.246+0000 7f151159a700 1 -- 172.21.15.82:0/3669314580 <== mon.0 v2:172.21.15.82:3300/0 2 ==== config(26 keys) ==== 1101+0+0 (secure 0 0 0) 0x7f1508004300 con 0x7f151410a540
2024-04-25T15:40:33.398 INFO:teuthology.orchestra.run.smithi082.stdout:/usr/bin/ceph: stderr
2024-04-25T15:40:32.246+0000 7f151159a700 1 -- 172.21.15.82:0/3669314580 <== mon.0 v2:172.21.15.82:3300/0 3 ==== mon_map magic: 0 ==== 205+0+0 (secure 0 0 0) 0x7f1508011a20 con 0x7f151410a540
2024-04-25T15:40:33.398 INFO:teuthology.orchestra.run.smithi082.stdout:/usr/bin/ceph: stderr
2024-04-25T15:40:32.247+0000 7f15188c4700 1 -- 172.21.15.82:0/3669314580 >> [v2:172.21.15.82:3300/0,v1:172.21.15.82:6789/0] conn(0x7f151410a540 msgr2=0x7f151410c960 secure :-1 s=STATE_CONNECTION_ESTABLISHED l=1).mark_down
2024-04-25T15:40:33.398 INFO:teuthology.orchestra.run.smithi082.stdout:/usr/bin/ceph: stderr
2024-04-25T15:40:32.247+0000 7f15188c4700 1 --2- 172.21.15.82:0/3669314580 >> [v2:172.21.15.82:3300/0,v1:172.21.15.82:6789/0] conn(0x7f151410a540 0x7f151410c960 secure :-1 s=READY pgs=59 cs=0 l=1 rev1=1 crypto rx=0x7f15080098a0 tx=0x7f1508009bb0 comp rx=0 tx=0).stop
2024-04-25T15:40:33.398 INFO:teuthology.orchestra.run.smithi082.stdout:/usr/bin/ceph: stderr
2024-04-25T15:40:32.247+0000 7f15188c4700 1 -- 172.21.15.82:0/3669314580 shutdown_connections
2024-04-25T15:40:33.399 INFO:teuthology.orchestra.run.smithi082.stdout:/usr/bin/ceph: stderr
2024-04-25T15:40:32.247+0000 7f15188c4700 1 --2- 172.21.15.82:0/3669314580 >> [v2:172.21.15.82:3300/0,v1:172.21.15.82:6789/0] conn(0x7f151410a540 0x7f151410c960 unknown :-1 s=CLOSED pgs=59 cs=0 l=1 rev1=1 crypto rx=0 tx=0 comp rx=0 tx=0).stop
2024-04-25T15:40:33.399 INFO:teuthology.orchestra.run.smithi082.stdout:/usr/bin/ceph: stderr
2024-04-25T15:40:32.247+0000 7f15188c4700 1 -- 172.21.15.82:0/3669314580 >> 172.21.15.82:0/3669314580 conn(0x7f1514103f40 msgr2=0x7f1514106390 unknown :-1 s=STATE_NONE l=0).mark_down
2024-04-25T15:40:33.399 INFO:teuthology.orchestra.run.smithi082.stdout:/usr/bin/ceph: stderr
2024-04-25T15:40:32.247+0000 7f15188c4700 1 -- 172.21.15.82:0/3669314580 shutdown_connections
2024-04-25T15:40:33.399 INFO:teuthology.orchestra.run.smithi082.stdout:/usr/bin/ceph: stderr
2024-04-25T15:40:32.247+0000 7f15188c4700 1 -- 172.21.15.82:0/3669314580 wait complete.
2024-04-25T15:40:33.399 INFO:teuthology.orchestra.run.smithi082.stdout:/usr/bin/ceph: stderr
2024-04-25T15:40:32.248+0000 7f15188c4700 1 Processor -- start
2024-04-25T15:40:33.399 INFO:teuthology.orchestra.run.smithi082.stdout:/usr/bin/ceph: stderr
2024-04-25T15:40:32.248+0000 7f15188c4700 1 -- start start
2024-04-25T15:40:33.399 INFO:teuthology.orchestra.run.smithi082.stdout:/usr/bin/ceph: stderr
2024-04-25T15:40:32.248+0000 7f15188c4700 1 --2- >> [v2:172.21.15.82:3300/0,v1:172.21.15.82:6789/0] conn(0x7f151410a540 0x7f151419dcb0 unknown :-1 s=NONE pgs=0 cs=0 l=1 rev1=0 crypto rx=0 tx=0 comp rx=0 tx=0).connect
2024-04-25T15:40:33.399 INFO:teuthology.orchestra.run.smithi082.stdout:/usr/bin/ceph: stderr
2024-04-25T15:40:32.248+0000 7f15188c4700 1 -- --> [v2:172.21.15.82:3300/0,v1:172.21.15.82:6789/0] -- mon_getmap magic: 0 -- 0x7f151410dde0 con 0x7f151410a540
2024-04-25T15:40:33.399 INFO:teuthology.orchestra.run.smithi082.stdout:/usr/bin/ceph: stderr
2024-04-25T15:40:32.248+0000 7f151259c700 1 --2- >> [v2:172.21.15.82:3300/0,v1:172.21.15.82:6789/0] conn(0x7f151410a540 0x7f151419dcb0 unknown :-1 s=BANNER_CONNECTING pgs=0 cs=0 l=1 rev1=0 crypto rx=0 tx=0 comp rx=0 tx=0)._handle_peer_banner_payload supported=3 required=0
2024-04-25T15:40:33.399 INFO:teuthology.orchestra.run.smithi082.stdout:/usr/bin/ceph: stderr
2024-04-25T15:40:32.248+0000 7f151259c700 1 --2- >> [v2:172.21.15.82:3300/0,v1:172.21.15.82:6789/0] conn(0x7f151410a540 0x7f151419dcb0 unknown :-1 s=HELLO_CONNECTING pgs=0 cs=0 l=1 rev1=1 crypto rx=0 tx=0 comp rx=0 tx=0).handle_hello peer v2:172.21.15.82:3300/0 says I am v2:172.21.15.82:43008/0 (socket says 172.21.15.82:43008)
2024-04-25T15:40:33.399 INFO:teuthology.orchestra.run.smithi082.stdout:/usr/bin/ceph: stderr
2024-04-25T15:40:32.248+0000 7f151259c700 1 -- 172.21.15.82:0/2128769259 learned_addr learned my addr 172.21.15.82:0/2128769259 (peer_addr_for_me v2:172.21.15.82:0/0)
2024-04-25T15:40:33.399 INFO:teuthology.orchestra.run.smithi082.stdout:/usr/bin/ceph: stderr
2024-04-25T15:40:32.249+0000 7f151259c700 1 -- 172.21.15.82:0/2128769259 --> [v2:172.21.15.82:3300/0,v1:172.21.15.82:6789/0] -- mon_subscribe({config=0+,monmap=0+}) -- 0x7f151419e1f0 con 0x7f151410a540
2024-04-25T15:40:33.399 INFO:teuthology.orchestra.run.smithi082.stdout:/usr/bin/ceph: stderr
2024-04-25T15:40:32.249+0000 7f151259c700 1 --2- 172.21.15.82:0/2128769259 >> [v2:172.21.15.82:3300/0,v1:172.21.15.82:6789/0] conn(0x7f151410a540 0x7f151419dcb0 secure :-1 s=READY pgs=60 cs=0 l=1 rev1=1 crypto rx=0x7f15080119f0 tx=0x7f1508011ad0 comp rx=0 tx=0).ready entity=mon.0 client_cookie=0 server_cookie=0 in_seq=0 out_seq=0
2024-04-25T15:40:33.399 INFO:teuthology.orchestra.run.smithi082.stdout:/usr/bin/ceph: stderr
2024-04-25T15:40:32.249+0000 7f15037fe700 1 -- 172.21.15.82:0/2128769259 <== mon.0 v2:172.21.15.82:3300/0 1 ==== mon_map magic: 0 ==== 205+0+0 (secure 0 0 0) 0x7f15080039e0 con 0x7f151410a540
2024-04-25T15:40:33.400 INFO:teuthology.orchestra.run.smithi082.stdout:/usr/bin/ceph: stderr
2024-04-25T15:40:32.249+0000 7f15037fe700 1 -- 172.21.15.82:0/2128769259 <== mon.0 v2:172.21.15.82:3300/0 2 ==== config(26 keys) ==== 1101+0+0 (secure 0 0 0) 0x7f150801b8f0 con 0x7f151410a540
2024-04-25T15:40:33.400 INFO:teuthology.orchestra.run.smithi082.stdout:/usr/bin/ceph: stderr
2024-04-25T15:40:32.249+0000 7f15188c4700 1 -- 172.21.15.82:0/2128769259 --> [v2:172.21.15.82:3300/0,v1:172.21.15.82:6789/0] -- mon_subscribe({mgrmap=0+}) -- 0x7f151419e480 con 0x7f151410a540
2024-04-25T15:40:33.400 INFO:teuthology.orchestra.run.smithi082.stdout:/usr/bin/ceph: stderr
2024-04-25T15:40:32.249+0000 7f15037fe700 1 -- 172.21.15.82:0/2128769259 <== mon.0 v2:172.21.15.82:3300/0 3 ==== mon_map magic: 0 ==== 205+0+0 (secure 0 0 0) 0x7f15080237a0 con 0x7f151410a540
2024-04-25T15:40:33.400 INFO:teuthology.orchestra.run.smithi082.stdout:/usr/bin/ceph: stderr
2024-04-25T15:40:32.249+0000 7f15188c4700 1 -- 172.21.15.82:0/2128769259 --> [v2:172.21.15.82:3300/0,v1:172.21.15.82:6789/0] -- mon_subscribe({osdmap=0}) -- 0x7f15141a1090 con 0x7f151410a540
2024-04-25T15:40:33.400 INFO:teuthology.orchestra.run.smithi082.stdout:/usr/bin/ceph: stderr
2024-04-25T15:40:32.250+0000 7f15037fe700 1 -- 172.21.15.82:0/2128769259 <== mon.0 v2:172.21.15.82:3300/0 4 ==== mgrmap(e 9) ==== 49529+0+0 (secure 0 0 0) 0x7f150802c3f0 con 0x7f151410a540
2024-04-25T15:40:33.400 INFO:teuthology.orchestra.run.smithi082.stdout:/usr/bin/ceph: stderr
2024-04-25T15:40:32.250+0000 7f15037fe700 1 --2- 172.21.15.82:0/2128769259 >> [v2:172.21.15.82:6800/3379670979,v1:172.21.15.82:6801/3379670979] conn(0x7f14fc03d630 0x7f14fc03fb40 unknown :-1 s=NONE pgs=0 cs=0 l=1 rev1=0 crypto rx=0 tx=0 comp rx=0 tx=0).connect
2024-04-25T15:40:33.400 INFO:teuthology.orchestra.run.smithi082.stdout:/usr/bin/ceph: stderr
2024-04-25T15:40:32.250+0000 7f15188c4700 1 -- 172.21.15.82:0/2128769259 --> [v2:172.21.15.82:3300/0,v1:172.21.15.82:6789/0] -- mon_command({"prefix": "get_command_descriptions"} v 0) -- 0x7f1514064cf0 con 0x7f151410a540
2024-04-25T15:40:33.400 INFO:teuthology.orchestra.run.smithi082.stdout:/usr/bin/ceph: stderr
2024-04-25T15:40:32.250+0000 7f1511d9b700 1 -- 172.21.15.82:0/2128769259 >> [v2:172.21.15.82:6800/3379670979,v1:172.21.15.82:6801/3379670979] conn(0x7f14fc03d630 msgr2=0x7f14fc03fb40 unknown :-1 s=STATE_CONNECTING_RE l=1).process reconnect failed to v2:172.21.15.82:6800/3379670979
2024-04-25T15:40:33.400 INFO:teuthology.orchestra.run.smithi082.stdout:/usr/bin/ceph: stderr
2024-04-25T15:40:32.250+0000 7f15037fe700 1 -- 172.21.15.82:0/2128769259 <== mon.0 v2:172.21.15.82:3300/0 5 ==== osd_map(2..2 src has 1..2) ==== 940+0+0 (secure 0 0 0) 0x7f1508052c90 con 0x7f151410a540
2024-04-25T15:40:33.400 INFO:teuthology.orchestra.run.smithi082.stdout:/usr/bin/ceph: stderr
2024-04-25T15:40:32.250+0000 7f1511d9b700 1 --2- 172.21.15.82:0/2128769259 >> [v2:172.21.15.82:6800/3379670979,v1:172.21.15.82:6801/3379670979] conn(0x7f14fc03d630 0x7f14fc03fb40 unknown :-1 s=START_CONNECT pgs=0 cs=0 l=1 rev1=0 crypto rx=0 tx=0 comp rx=0 tx=0)._fault waiting 0.200000
2024-04-25T15:40:33.400 INFO:teuthology.orchestra.run.smithi082.stdout:/usr/bin/ceph: stderr
2024-04-25T15:40:32.256+0000 7f15037fe700 1 -- 172.21.15.82:0/2128769259 <== mon.0 v2:172.21.15.82:3300/0 6 ==== mon_command_ack([{"prefix": "get_command_descriptions"}]=0 v0) ==== 72+0+188370 (secure 0 0 0) 0x7f150801f030 con 0x7f151410a540
2024-04-25T15:40:33.400 INFO:teuthology.orchestra.run.smithi082.stdout:/usr/bin/ceph: stderr
2024-04-25T15:40:32.452+0000 7f1511d9b700 1 -- 172.21.15.82:0/2128769259 >> [v2:172.21.15.82:6800/3379670979,v1:172.21.15.82:6801/3379670979] conn(0x7f14fc03d630 msgr2=0x7f14fc03fb40 unknown :-1 s=STATE_CONNECTING_RE l=1).process reconnect failed to v2:172.21.15.82:6800/3379670979
2024-04-25T15:40:33.400 INFO:teuthology.orchestra.run.smithi082.stdout:/usr/bin/ceph: stderr
2024-04-25T15:40:32.452+0000 7f1511d9b700 1 --2- 172.21.15.82:0/2128769259 >> [v2:172.21.15.82:6800/3379670979,v1:172.21.15.82:6801/3379670979] conn(0x7f14fc03d630 0x7f14fc03fb40 unknown :-1 s=START_CONNECT pgs=0 cs=0 l=1 rev1=0 crypto rx=0 tx=0 comp rx=0 tx=0)._fault waiting 0.400000
2024-04-25T15:40:33.400 INFO:teuthology.orchestra.run.smithi082.stdout:/usr/bin/ceph: stderr
2024-04-25T15:40:32.585+0000 7f15188c4700 1 -- 172.21.15.82:0/2128769259 --> [v2:172.21.15.82:3300/0,v1:172.21.15.82:6789/0] -- mon_command({"prefix": "mgr stat"} v 0) -- 0x7f15141a1260 con 0x7f151410a540
2024-04-25T15:40:33.401 INFO:teuthology.orchestra.run.smithi082.stdout:/usr/bin/ceph: stderr
2024-04-25T15:40:32.586+0000 7f15037fe700 1 -- 172.21.15.82:0/2128769259 <== mon.0 v2:172.21.15.82:3300/0 7 ==== mon_command_ack([{"prefix": "mgr stat"}]=0 v9) ==== 56+0+88 (secure 0 0 0) 0x7f15080172b0 con 0x7f151410a540
2024-04-25T15:40:33.401 INFO:teuthology.orchestra.run.smithi082.stdout:/usr/bin/ceph: stderr
2024-04-25T15:40:32.588+0000 7f15188c4700 1 -- 172.21.15.82:0/2128769259 >> [v2:172.21.15.82:6800/3379670979,v1:172.21.15.82:6801/3379670979] conn(0x7f14fc03d630 msgr2=0x7f14fc03fb40 unknown :-1 s=STATE_CONNECTING l=1).mark_down
2024-04-25T15:40:33.401 INFO:teuthology.orchestra.run.smithi082.stdout:/usr/bin/ceph: stderr
2024-04-25T15:40:32.588+0000 7f15188c4700 1 --2- 172.21.15.82:0/2128769259 >> [v2:172.21.15.82:6800/3379670979,v1:172.21.15.82:6801/3379670979] conn(0x7f14fc03d630 0x7f14fc03fb40 unknown :-1 s=START_CONNECT pgs=0 cs=0 l=1 rev1=0 crypto rx=0 tx=0 comp rx=0 tx=0).stop
2024-04-25T15:40:33.401 INFO:teuthology.orchestra.run.smithi082.stdout:/usr/bin/ceph: stderr
2024-04-25T15:40:32.588+0000 7f15188c4700 1 -- 172.21.15.82:0/2128769259 >> [v2:172.21.15.82:3300/0,v1:172.21.15.82:6789/0] conn(0x7f151410a540 msgr2=0x7f151419dcb0 secure :-1 s=STATE_CONNECTION_ESTABLISHED l=1).mark_down
2024-04-25T15:40:33.401 INFO:teuthology.orchestra.run.smithi082.stdout:/usr/bin/ceph: stderr
2024-04-25T15:40:32.588+0000 7f15188c4700 1 --2- 172.21.15.82:0/2128769259 >> [v2:172.21.15.82:3300/0,v1:172.21.15.82:6789/0] conn(0x7f151410a540 0x7f151419dcb0 secure :-1 s=READY pgs=60 cs=0 l=1 rev1=1 crypto rx=0x7f15080119f0 tx=0x7f1508011ad0 comp rx=0 tx=0).stop
2024-04-25T15:40:33.401 INFO:teuthology.orchestra.run.smithi082.stdout:/usr/bin/ceph: stderr
2024-04-25T15:40:32.588+0000 7f15188c4700 1 -- 172.21.15.82:0/2128769259 shutdown_connections
2024-04-25T15:40:33.401 INFO:teuthology.orchestra.run.smithi082.stdout:/usr/bin/ceph: stderr
2024-04-25T15:40:32.588+0000 7f15188c4700 1 --2- 172.21.15.82:0/2128769259 >> [v2:172.21.15.82:6800/3379670979,v1:172.21.15.82:6801/3379670979] conn(0x7f14fc03d630 0x7f14fc03fb40 unknown :-1 s=CLOSED pgs=0 cs=0 l=1 rev1=0 crypto rx=0 tx=0 comp rx=0 tx=0).stop
2024-04-25T15:40:33.401 INFO:teuthology.orchestra.run.smithi082.stdout:/usr/bin/ceph: stderr
2024-04-25T15:40:32.588+0000 7f15188c4700 1 --2- 172.21.15.82:0/2128769259 >> [v2:172.21.15.82:3300/0,v1:172.21.15.82:6789/0] conn(0x7f151410a540 0x7f151419dcb0 unknown :-1 s=CLOSED pgs=60 cs=0 l=1 rev1=1 crypto rx=0 tx=0 comp rx=0 tx=0).stop
2024-04-25T15:40:33.401 INFO:teuthology.orchestra.run.smithi082.stdout:/usr/bin/ceph: stderr
2024-04-25T15:40:32.588+0000 7f15188c4700 1 -- 172.21.15.82:0/2128769259 >> 172.21.15.82:0/2128769259 conn(0x7f1514103f40 msgr2=0x7f1514104720 unknown :-1 s=STATE_NONE l=0).mark_down
2024-04-25T15:40:33.401 INFO:teuthology.orchestra.run.smithi082.stdout:/usr/bin/ceph: stderr
2024-04-25T15:40:32.588+0000 7f15188c4700 1 -- 172.21.15.82:0/2128769259 shutdown_connections
2024-04-25T15:40:33.401 INFO:teuthology.orchestra.run.smithi082.stdout:/usr/bin/ceph: stderr
2024-04-25T15:40:32.588+0000 7f15188c4700 1 -- 172.21.15.82:0/2128769259 wait complete.
2024-04-25T15:40:33.401 INFO:teuthology.orchestra.run.smithi082.stdout:Waiting for the mgr to restart...
2024-04-25T15:40:33.401 INFO:teuthology.orchestra.run.smithi082.stdout:Waiting for mgr epoch 9...
2024-04-25T15:40:33.605 INFO:journalctl@ceph.mgr.x.smithi082.stdout:Apr 25 15:40:33 smithi082 ceph-d6cb15a4-0319-11ef-bc93-c7b262605968-mgr-x[29369]:
2024-04-25T15:40:33.293+0000 7f8147835200 -1 mgr[py] Module telegraf has missing NOTIFY_TYPES member
2024-04-25T15:40:33.605 INFO:journalctl@ceph.mgr.x.smithi082.stdout:Apr 25 15:40:33 smithi082 ceph-d6cb15a4-0319-11ef-bc93-c7b262605968-mgr-x[29369]:
2024-04-25T15:40:33.475+0000 7f8147835200 -1 mgr[py] Module osd_support has missing NOTIFY_TYPES member
2024-04-25T15:40:33.932 INFO:journalctl@ceph.mgr.x.smithi082.stdout:Apr 25 15:40:33 smithi082 ceph-d6cb15a4-0319-11ef-bc93-c7b262605968-mgr-x[29369]:
2024-04-25T15:40:33.655+0000 7f8147835200 -1 mgr[py] Module iostat has missing NOTIFY_TYPES member
2024-04-25T15:40:34.258 INFO:journalctl@ceph.mgr.x.smithi082.stdout:Apr 25 15:40:33 smithi082 ceph-d6cb15a4-0319-11ef-bc93-c7b262605968-mgr-x[29369]:
2024-04-25T15:40:33.959+0000 7f8147835200 -1 mgr[py] Module alerts has missing NOTIFY_TYPES member
2024-04-25T15:40:34.258 INFO:journalctl@ceph.mgr.x.smithi082.stdout:Apr 25 15:40:34 smithi082 ceph-d6cb15a4-0319-11ef-bc93-c7b262605968-mgr-x[29369]:
2024-04-25T15:40:34.053+0000 7f8147835200 -1 mgr[py] Module selftest has missing NOTIFY_TYPES member
2024-04-25T15:40:34.258 INFO:journalctl@ceph.mgr.x.smithi082.stdout:Apr 25 15:40:34 smithi082 ceph-d6cb15a4-0319-11ef-bc93-c7b262605968-mgr-x[29369]:
2024-04-25T15:40:34.257+0000 7f8147835200 -1 mgr[py] Module pg_autoscaler has missing NOTIFY_TYPES member
2024-04-25T15:40:34.682 INFO:journalctl@ceph.mgr.x.smithi082.stdout:Apr 25 15:40:34 smithi082 ceph-d6cb15a4-0319-11ef-bc93-c7b262605968-mgr-x[29369]:
2024-04-25T15:40:34.453+0000 7f8147835200 -1 mgr[py] Module test_orchestrator has missing NOTIFY_TYPES member
2024-04-25T15:40:35.432 INFO:journalctl@ceph.mgr.x.smithi082.stdout:Apr 25 15:40:35 smithi082 ceph-d6cb15a4-0319-11ef-bc93-c7b262605968-mgr-x[29369]:
2024-04-25T15:40:35.057+0000 7f8147835200 -1 mgr[py] Module rook has missing NOTIFY_TYPES member
2024-04-25T15:40:35.794 INFO:journalctl@ceph.mgr.x.smithi082.stdout:Apr 25 15:40:35 smithi082 ceph-d6cb15a4-0319-11ef-bc93-c7b262605968-mgr-x[29369]:
2024-04-25T15:40:35.490+0000 7f8147835200 -1 mgr[py] Module volumes has missing NOTIFY_TYPES member
2024-04-25T15:40:35.794 INFO:journalctl@ceph.mgr.x.smithi082.stdout:Apr 25 15:40:35 smithi082 ceph-d6cb15a4-0319-11ef-bc93-c7b262605968-mgr-x[29369]:
2024-04-25T15:40:35.588+0000 7f8147835200 -1 mgr[py] Module crash has missing NOTIFY_TYPES member
2024-04-25T15:40:35.794 INFO:journalctl@ceph.mgr.x.smithi082.stdout:Apr 25 15:40:35 smithi082 ceph-d6cb15a4-0319-11ef-bc93-c7b262605968-mgr-x[29369]:
2024-04-25T15:40:35.793+0000 7f8147835200 -1 mgr[py] Module rgw has missing NOTIFY_TYPES member
2024-04-25T15:40:36.659 INFO:journalctl@ceph.mgr.x.smithi082.stdout:Apr 25 15:40:36 smithi082 ceph-d6cb15a4-0319-11ef-bc93-c7b262605968-mgr-x[29369]:
2024-04-25T15:40:36.315+0000 7f8147835200 -1 mgr[py] Module prometheus has missing NOTIFY_TYPES member
2024-04-25T15:40:36.659 INFO:journalctl@ceph.mgr.x.smithi082.stdout:Apr 25 15:40:36 smithi082 ceph-d6cb15a4-0319-11ef-bc93-c7b262605968-mgr-x[29369]:
2024-04-25T15:40:36.410+0000 7f8147835200 -1 mgr[py] Module devicehealth has missing NOTIFY_TYPES member
2024-04-25T15:40:36.932 INFO:journalctl@ceph.mgr.x.smithi082.stdout:Apr 25 15:40:36 smithi082 ceph-d6cb15a4-0319-11ef-bc93-c7b262605968-mgr-x[29369]:
2024-04-25T15:40:36.658+0000 7f8147835200 -1 mgr[py] Module telemetry has missing NOTIFY_TYPES member
2024-04-25T15:40:36.932 INFO:journalctl@ceph.mgr.x.smithi082.stdout:Apr 25 15:40:36 smithi082 ceph-d6cb15a4-0319-11ef-bc93-c7b262605968-mgr-x[29369]:
2024-04-25T15:40:36.793+0000 7f8147835200 -1 mgr[py] Module diskprediction_local has missing NOTIFY_TYPES member
2024-04-25T15:40:36.933 INFO:journalctl@ceph.mgr.x.smithi082.stdout:Apr 25 15:40:36 smithi082 ceph-d6cb15a4-0319-11ef-bc93-c7b262605968-mgr-x[29369]:
2024-04-25T15:40:36.890+0000 7f8147835200 -1 mgr[py] Module osd_perf_query has missing NOTIFY_TYPES member
2024-04-25T15:40:37.314 INFO:journalctl@ceph.mgr.x.smithi082.stdout:Apr 25 15:40:37 smithi082 ceph-d6cb15a4-0319-11ef-bc93-c7b262605968-mgr-x[29369]:
2024-04-25T15:40:37.009+0000 7f8147835200 -1 mgr[py] Module rbd_support has missing NOTIFY_TYPES member
2024-04-25T15:40:37.682 INFO:journalctl@ceph.mgr.x.smithi082.stdout:Apr 25 15:40:37 smithi082 ceph-d6cb15a4-0319-11ef-bc93-c7b262605968-mgr-x[29369]:
2024-04-25T15:40:37.313+0000 7f8147835200 -1 mgr[py] Module zabbix has missing NOTIFY_TYPES member
2024-04-25T15:40:38.182 INFO:journalctl@ceph.mgr.x.smithi082.stdout:Apr 25 15:40:37 smithi082 ceph-d6cb15a4-0319-11ef-bc93-c7b262605968-mgr-x[29369]:
2024-04-25T15:40:37.919+0000 7f8147835200 -1 mgr[py] Module status has missing NOTIFY_TYPES member
2024-04-25T15:40:38.182 INFO:journalctl@ceph.mgr.x.smithi082.stdout:Apr 25 15:40:38 smithi082 ceph-d6cb15a4-0319-11ef-bc93-c7b262605968-mgr-x[29369]:
2024-04-25T15:40:38.140+0000 7f8147835200 -1 mgr[py] Module nfs has missing NOTIFY_TYPES member
2024-04-25T15:40:38.682 INFO:journalctl@ceph.mon.a.smithi082.stdout:Apr 25 15:40:38 smithi082 ceph-mon[29143]: Active manager daemon x restarted
2024-04-25T15:40:38.683 INFO:journalctl@ceph.mon.a.smithi082.stdout:Apr 25 15:40:38 smithi082 ceph-mon[29143]: Activating manager daemon x
2024-04-25T15:40:38.683 INFO:journalctl@ceph.mon.a.smithi082.stdout:Apr 25 15:40:38 smithi082 ceph-mon[29143]: osdmap e3: 0 total, 0 up, 0 in
2024-04-25T15:40:38.683 INFO:journalctl@ceph.mon.a.smithi082.stdout:Apr 25 15:40:38 smithi082 ceph-mon[29143]: mgrmap e10: x(active, starting, since 0.00475414s)
