2024-04-25T15:40:38.764+0000 7f68c586c700 1 --2- >> [v2:172.21.15.110:3300/0,v1:172.21.15.110:6789/0] conn(0x7f68c0102880 0x7f68c0078c20 unknown :-1 s=HELLO_CONNECTING pgs=0 cs=0 l=1 rev1=1 crypto rx=0 tx=0 comp rx=0 tx=0).handle_hello peer v2:172.21.15.110:3300/0 says I am v2:172.21.15.110:40338/0 (socket says 172.21.15.110:40338)
2024-04-25T15:40:39.562 INFO:teuthology.orchestra.run.smithi110.stdout:/usr/bin/ceph: stderr
2024-04-25T15:40:38.764+0000 7f68c586c700 1 -- 172.21.15.110:0/488445364 learned_addr learned my addr 172.21.15.110:0/488445364 (peer_addr_for_me v2:172.21.15.110:0/0)
2024-04-25T15:40:39.562 INFO:teuthology.orchestra.run.smithi110.stdout:/usr/bin/ceph: stderr
2024-04-25T15:40:38.765+0000 7f68c586c700 1 -- 172.21.15.110:0/488445364 --> [v2:172.21.15.110:3300/0,v1:172.21.15.110:6789/0] -- mon_subscribe({config=0+,monmap=0+}) v3 -- 0x7f68b40094f0 con 0x7f68c0102880
2024-04-25T15:40:39.562 INFO:teuthology.orchestra.run.smithi110.stdout:/usr/bin/ceph: stderr
2024-04-25T15:40:38.765+0000 7f68c586c700 1 --2- 172.21.15.110:0/488445364 >> [v2:172.21.15.110:3300/0,v1:172.21.15.110:6789/0] conn(0x7f68c0102880 0x7f68c0078c20 secure :-1 s=READY pgs=83 cs=0 l=1 rev1=1 crypto rx=0x7f68b40090b0 tx=0x7f68b4009250 comp rx=0 tx=0).ready entity=mon.0 client_cookie=0 server_cookie=0 in_seq=0 out_seq=0
2024-04-25T15:40:39.563 INFO:teuthology.orchestra.run.smithi110.stdout:/usr/bin/ceph: stderr
2024-04-25T15:40:38.765+0000 7f68b27fc700 1 -- 172.21.15.110:0/488445364 <== mon.0 v2:172.21.15.110:3300/0 1 ==== mon_map magic: 0 v1 ==== 229+0+0 (secure 0 0 0) 0x7f68b4010840 con 0x7f68c0102880
2024-04-25T15:40:39.563 INFO:teuthology.orchestra.run.smithi110.stdout:/usr/bin/ceph: stderr
2024-04-25T15:40:38.765+0000 7f68b27fc700 1 -- 172.21.15.110:0/488445364 <== mon.0 v2:172.21.15.110:3300/0 2 ==== config(27 keys) v1 ==== 1109+0+0 (secure 0 0 0) 0x7f68b4010e70 con 0x7f68c0102880
2024-04-25T15:40:39.563 INFO:teuthology.orchestra.run.smithi110.stdout:/usr/bin/ceph: stderr
2024-04-25T15:40:38.765+0000 7f68c7ad0700 1 -- 172.21.15.110:0/488445364 --> [v2:172.21.15.110:3300/0,v1:172.21.15.110:6789/0] -- mon_subscribe({mgrmap=0+}) v3 -- 0x7f68c00771d0 con 0x7f68c0102880
2024-04-25T15:40:39.563 INFO:teuthology.orchestra.run.smithi110.stdout:/usr/bin/ceph: stderr
2024-04-25T15:40:38.765+0000 7f68b27fc700 1 -- 172.21.15.110:0/488445364 <== mon.0 v2:172.21.15.110:3300/0 3 ==== mon_map magic: 0 v1 ==== 229+0+0 (secure 0 0 0) 0x7f68b4024e40 con 0x7f68c0102880
2024-04-25T15:40:39.563 INFO:teuthology.orchestra.run.smithi110.stdout:/usr/bin/ceph: stderr
2024-04-25T15:40:38.765+0000 7f68c7ad0700 1 -- 172.21.15.110:0/488445364 --> [v2:172.21.15.110:3300/0,v1:172.21.15.110:6789/0] -- mon_subscribe({osdmap=0}) v3 -- 0x7f68c00776c0 con 0x7f68c0102880
2024-04-25T15:40:39.563 INFO:teuthology.orchestra.run.smithi110.stdout:/usr/bin/ceph: stderr
2024-04-25T15:40:38.766+0000 7f68b27fc700 1 -- 172.21.15.110:0/488445364 <== mon.0 v2:172.21.15.110:3300/0 4 ==== mgrmap(e 12) v1 ==== 43389+0+0 (secure 0 0 0) 0x7f68b401a530 con 0x7f68c0102880
2024-04-25T15:40:39.563 INFO:teuthology.orchestra.run.smithi110.stdout:/usr/bin/ceph: stderr
2024-04-25T15:40:38.766+0000 7f68b27fc700 1 --2- 172.21.15.110:0/488445364 >> [v2:172.21.15.110:6800/3209979562,v1:172.21.15.110:6801/3209979562] conn(0x7f68ac036850 0x7f68ac038d00 unknown :-1 s=NONE pgs=0 cs=0 l=1 rev1=0 crypto rx=0 tx=0 comp rx=0 tx=0).connect
2024-04-25T15:40:39.563 INFO:teuthology.orchestra.run.smithi110.stdout:/usr/bin/ceph: stderr
2024-04-25T15:40:38.766+0000 7f68b27fc700 1 -- 172.21.15.110:0/488445364 <== mon.0 v2:172.21.15.110:3300/0 5 ==== osd_map(3..3 src has 1..3) v4 ==== 1151+0+0 (secure 0 0 0) 0x7f68b404a9d0 con 0x7f68c0102880
2024-04-25T15:40:39.563 INFO:teuthology.orchestra.run.smithi110.stdout:/usr/bin/ceph: stderr
2024-04-25T15:40:38.766+0000 7f68c506b700 1 --2- 172.21.15.110:0/488445364 >> [v2:172.21.15.110:6800/3209979562,v1:172.21.15.110:6801/3209979562] conn(0x7f68ac036850 0x7f68ac038d00 unknown :-1 s=BANNER_CONNECTING pgs=0 cs=0 l=1 rev1=0 crypto rx=0 tx=0 comp rx=0 tx=0)._handle_peer_banner_payload supported=3 required=0
2024-04-25T15:40:39.563 INFO:teuthology.orchestra.run.smithi110.stdout:/usr/bin/ceph: stderr
2024-04-25T15:40:38.766+0000 7f68c7ad0700 1 -- 172.21.15.110:0/488445364 --> [v2:172.21.15.110:3300/0,v1:172.21.15.110:6789/0] -- mon_command({"prefix": "get_command_descriptions"} v 0) v1 -- 0x7f68c004bed0 con 0x7f68c0102880
2024-04-25T15:40:39.563 INFO:teuthology.orchestra.run.smithi110.stdout:/usr/bin/ceph: stderr
2024-04-25T15:40:38.766+0000 7f68c506b700 1 --2- 172.21.15.110:0/488445364 >> [v2:172.21.15.110:6800/3209979562,v1:172.21.15.110:6801/3209979562] conn(0x7f68ac036850 0x7f68ac038d00 secure :-1 s=READY pgs=9 cs=0 l=1 rev1=1 crypto rx=0x7f68bc009990 tx=0x7f68bc006e40 comp rx=0 tx=0).ready entity=mgr.14160 client_cookie=0 server_cookie=0 in_seq=0 out_seq=0
2024-04-25T15:40:39.563 INFO:teuthology.orchestra.run.smithi110.stdout:/usr/bin/ceph: stderr
2024-04-25T15:40:38.771+0000 7f68b27fc700 1 -- 172.21.15.110:0/488445364 <== mon.0 v2:172.21.15.110:3300/0 6 ==== mon_command_ack([{"prefix": "get_command_descriptions"}]=0 v0) v1 ==== 72+0+176702 (secure 0 0 0) 0x7f68b4018940 con 0x7f68c0102880
2024-04-25T15:40:39.563 INFO:teuthology.orchestra.run.smithi110.stdout:/usr/bin/ceph: stderr
2024-04-25T15:40:38.955+0000 7f68c7ad0700 1 -- 172.21.15.110:0/488445364 --> [v2:172.21.15.110:3300/0,v1:172.21.15.110:6789/0] -- mon_command({"prefix": "config get", "who": "mgr", "key": "mgr/dashboard/ssl_server_port"} v 0) v1 -- 0x7f68c0104620 con 0x7f68c0102880
2024-04-25T15:40:39.563 INFO:teuthology.orchestra.run.smithi110.stdout:/usr/bin/ceph: stderr
2024-04-25T15:40:38.955+0000 7f68b27fc700 1 -- 172.21.15.110:0/488445364 <== mon.0 v2:172.21.15.110:3300/0 7 ==== mon_command_ack([{"prefix": "config get", "who": "mgr", "key": "mgr/dashboard/ssl_server_port"}]=0 v8) v1 ==== 112+0+5 (secure 0 0 0) 0x7f68b4049020 con 0x7f68c0102880
2024-04-25T15:40:39.564 INFO:teuthology.orchestra.run.smithi110.stdout:/usr/bin/ceph: stderr
2024-04-25T15:40:38.957+0000 7f68c7ad0700 1 -- 172.21.15.110:0/488445364 >> [v2:172.21.15.110:6800/3209979562,v1:172.21.15.110:6801/3209979562] conn(0x7f68ac036850 msgr2=0x7f68ac038d00 secure :-1 s=STATE_CONNECTION_ESTABLISHED l=1).mark_down
2024-04-25T15:40:39.564 INFO:teuthology.orchestra.run.smithi110.stdout:/usr/bin/ceph: stderr
2024-04-25T15:40:38.957+0000 7f68c7ad0700 1 --2- 172.21.15.110:0/488445364 >> [v2:172.21.15.110:6800/3209979562,v1:172.21.15.110:6801/3209979562] conn(0x7f68ac036850 0x7f68ac038d00 secure :-1 s=READY pgs=9 cs=0 l=1 rev1=1 crypto rx=0x7f68bc009990 tx=0x7f68bc006e40 comp rx=0 tx=0).stop
2024-04-25T15:40:39.564 INFO:teuthology.orchestra.run.smithi110.stdout:/usr/bin/ceph: stderr
2024-04-25T15:40:38.957+0000 7f68c7ad0700 1 -- 172.21.15.110:0/488445364 >> [v2:172.21.15.110:3300/0,v1:172.21.15.110:6789/0] conn(0x7f68c0102880 msgr2=0x7f68c0078c20 secure :-1 s=STATE_CONNECTION_ESTABLISHED l=1).mark_down
2024-04-25T15:40:39.564 INFO:teuthology.orchestra.run.smithi110.stdout:/usr/bin/ceph: stderr
2024-04-25T15:40:38.957+0000 7f68c7ad0700 1 --2- 172.21.15.110:0/488445364 >> [v2:172.21.15.110:3300/0,v1:172.21.15.110:6789/0] conn(0x7f68c0102880 0x7f68c0078c20 secure :-1 s=READY pgs=83 cs=0 l=1 rev1=1 crypto rx=0x7f68b40090b0 tx=0x7f68b4009250 comp rx=0 tx=0).stop
2024-04-25T15:40:39.564 INFO:teuthology.orchestra.run.smithi110.stdout:/usr/bin/ceph: stderr
2024-04-25T15:40:38.957+0000 7f68c7ad0700 1 -- 172.21.15.110:0/488445364 shutdown_connections
2024-04-25T15:40:39.564 INFO:teuthology.orchestra.run.smithi110.stdout:/usr/bin/ceph: stderr
2024-04-25T15:40:38.957+0000 7f68c7ad0700 1 --2- 172.21.15.110:0/488445364 >> [v2:172.21.15.110:6800/3209979562,v1:172.21.15.110:6801/3209979562] conn(0x7f68ac036850 0x7f68ac038d00 unknown :-1 s=CLOSED pgs=9 cs=0 l=1 rev1=1 crypto rx=0 tx=0 comp rx=0 tx=0).stop
2024-04-25T15:40:39.564 INFO:teuthology.orchestra.run.smithi110.stdout:/usr/bin/ceph: stderr
2024-04-25T15:40:38.957+0000 7f68c7ad0700 1 --2- 172.21.15.110:0/488445364 >> [v2:172.21.15.110:3300/0,v1:172.21.15.110:6789/0] conn(0x7f68c0102880 0x7f68c0078c20 unknown :-1 s=CLOSED pgs=83 cs=0 l=1 rev1=1 crypto rx=0 tx=0 comp rx=0 tx=0).stop
2024-04-25T15:40:39.564 INFO:teuthology.orchestra.run.smithi110.stdout:/usr/bin/ceph: stderr
2024-04-25T15:40:38.957+0000 7f68c7ad0700 1 -- 172.21.15.110:0/488445364 >> 172.21.15.110:0/488445364 conn(0x7f68c00fe060 msgr2=0x7f68c00feb40 unknown :-1 s=STATE_NONE l=0).mark_down
2024-04-25T15:40:39.564 INFO:teuthology.orchestra.run.smithi110.stdout:/usr/bin/ceph: stderr
2024-04-25T15:40:38.957+0000 7f68c7ad0700 1 -- 172.21.15.110:0/488445364 shutdown_connections
2024-04-25T15:40:39.564 INFO:teuthology.orchestra.run.smithi110.stdout:/usr/bin/ceph: stderr
2024-04-25T15:40:38.957+0000 7f68c7ad0700 1 -- 172.21.15.110:0/488445364 wait complete.
2024-04-25T15:40:39.567 INFO:teuthology.orchestra.run.smithi110.stdout:Non-zero exit code 1 from systemctl is-enabled firewalld.service
2024-04-25T15:40:39.567 INFO:teuthology.orchestra.run.smithi110.stdout:systemctl: stdout disabled
2024-04-25T15:40:39.575 INFO:teuthology.orchestra.run.smithi110.stdout:Non-zero exit code 3 from systemctl is-active firewalld.service
2024-04-25T15:40:39.575 INFO:teuthology.orchestra.run.smithi110.stdout:systemctl: stdout inactive
2024-04-25T15:40:39.575 INFO:teuthology.orchestra.run.smithi110.stdout:firewalld.service is not enabled
2024-04-25T15:40:39.575 INFO:teuthology.orchestra.run.smithi110.stdout:Not possible to open ports <[8443]>. firewalld.service is not available
2024-04-25T15:40:39.576 INFO:teuthology.orchestra.run.smithi110.stdout:Ceph Dashboard is now available at:
2024-04-25T15:40:39.576 INFO:teuthology.orchestra.run.smithi110.stdout:
2024-04-25T15:40:39.576 INFO:teuthology.orchestra.run.smithi110.stdout: URL: https://smithi110:8443/
2024-04-25T15:40:39.576 INFO:teuthology.orchestra.run.smithi110.stdout: User: admin
2024-04-25T15:40:39.577 INFO:teuthology.orchestra.run.smithi110.stdout: Password: sp6z0qcwaf
2024-04-25T15:40:39.577 INFO:teuthology.orchestra.run.smithi110.stdout:
2024-04-25T15:40:39.577 INFO:teuthology.orchestra.run.smithi110.stdout:Saving cluster configuration to /var/lib/ceph/e79cc6fc-0319-11ef-bc93-c7b262605968/config directory
2024-04-25T15:40:39.577 INFO:teuthology.orchestra.run.smithi110.stdout:Enabling autotune for osd_memory_target
2024-04-25T15:40:40.164 INFO:journalctl@ceph.mon.smithi110.smithi110.stdout:Apr 25 15:40:40 smithi110 ceph-mon[26344]: mgrmap e13: smithi110.lvgbkf(active, since 6s)
2024-04-25T15:40:40.725 INFO:teuthology.orchestra.run.smithi110.stdout:/usr/bin/ceph: stderr
2024-04-25T15:40:39.968+0000 7fb56d3ad700 1 Processor -- start
2024-04-25T15:40:40.725 INFO:teuthology.orchestra.run.smithi110.stdout:/usr/bin/ceph: stderr
2024-04-25T15:40:39.968+0000 7fb56d3ad700 1 -- start start
2024-04-25T15:40:40.726 INFO:teuthology.orchestra.run.smithi110.stdout:/usr/bin/ceph: stderr
2024-04-25T15:40:39.968+0000 7fb56d3ad700 1 --2- >> [v2:172.21.15.110:3300/0,v1:172.21.15.110:6789/0] conn(0x7fb568101710 0x7fb568101b20 unknown :-1 s=NONE pgs=0 cs=0 l=0 rev1=0 crypto rx=0 tx=0 comp rx=0 tx=0).connect
2024-04-25T15:40:40.726 INFO:teuthology.orchestra.run.smithi110.stdout:/usr/bin/ceph: stderr
2024-04-25T15:40:39.968+0000 7fb56d3ad700 1 -- --> [v2:172.21.15.110:3300/0,v1:172.21.15.110:6789/0] -- mon_getmap magic: 0 v1 -- 0x7fb568102060 con 0x7fb568101710
2024-04-25T15:40:40.726 INFO:teuthology.orchestra.run.smithi110.stdout:/usr/bin/ceph: stderr
2024-04-25T15:40:39.968+0000 7fb566ffd700 1 --2- >> [v2:172.21.15.110:3300/0,v1:172.21.15.110:6789/0] conn(0x7fb568101710 0x7fb568101b20 unknown :-1 s=BANNER_CONNECTING pgs=0 cs=0 l=0 rev1=0 crypto rx=0 tx=0 comp rx=0 tx=0)._handle_peer_banner_payload supported=3 required=0
2024-04-25T15:40:40.726 INFO:teuthology.orchestra.run.smithi110.stdout:/usr/bin/ceph: stderr
2024-04-25T15:40:39.968+0000 7fb566ffd700 1 --2- >> [v2:172.21.15.110:3300/0,v1:172.21.15.110:6789/0] conn(0x7fb568101710 0x7fb568101b20 unknown :-1 s=HELLO_CONNECTING pgs=0 cs=0 l=0 rev1=1 crypto rx=0 tx=0 comp rx=0 tx=0).handle_hello peer v2:172.21.15.110:3300/0 says I am v2:172.21.15.110:36860/0 (socket says 172.21.15.110:36860)
2024-04-25T15:40:40.726 INFO:teuthology.orchestra.run.smithi110.stdout:/usr/bin/ceph: stderr
2024-04-25T15:40:39.968+0000 7fb566ffd700 1 -- 172.21.15.110:0/2959495275 learned_addr learned my addr 172.21.15.110:0/2959495275 (peer_addr_for_me v2:172.21.15.110:0/0)
2024-04-25T15:40:40.726 INFO:teuthology.orchestra.run.smithi110.stdout:/usr/bin/ceph: stderr
2024-04-25T15:40:39.969+0000 7fb566ffd700 1 -- 172.21.15.110:0/2959495275 --> [v2:172.21.15.110:3300/0,v1:172.21.15.110:6789/0] -- mon_subscribe({config=0+,monmap=0+}) v3 -- 0x7fb5681021a0 con 0x7fb568101710
2024-04-25T15:40:40.726 INFO:teuthology.orchestra.run.smithi110.stdout:/usr/bin/ceph: stderr
2024-04-25T15:40:39.969+0000 7fb566ffd700 1 --2- 172.21.15.110:0/2959495275 >> [v2:172.21.15.110:3300/0,v1:172.21.15.110:6789/0] conn(0x7fb568101710 0x7fb568101b20 secure :-1 s=READY pgs=84 cs=0 l=1 rev1=1 crypto rx=0x7fb5580098e0 tx=0x7fb558009250 comp rx=0 tx=0).ready entity=mon.0 client_cookie=179c1603b262c307 server_cookie=0 in_seq=0 out_seq=0
2024-04-25T15:40:40.726 INFO:teuthology.orchestra.run.smithi110.stdout:/usr/bin/ceph: stderr
2024-04-25T15:40:39.969+0000 7fb5667fc700 1 -- 172.21.15.110:0/2959495275 <== mon.0 v2:172.21.15.110:3300/0 1 ==== mon_map magic: 0 v1 ==== 229+0+0 (secure 0 0 0) 0x7fb55800b860 con 0x7fb568101710
2024-04-25T15:40:40.726 INFO:teuthology.orchestra.run.smithi110.stdout:/usr/bin/ceph: stderr
2024-04-25T15:40:39.969+0000 7fb5667fc700 1 -- 172.21.15.110:0/2959495275 <== mon.0 v2:172.21.15.110:3300/0 2 ==== config(27 keys) v1 ==== 1109+0+0 (secure 0 0 0) 0x7fb55800be90 con 0x7fb568101710
2024-04-25T15:40:40.726 INFO:teuthology.orchestra.run.smithi110.stdout:/usr/bin/ceph: stderr
2024-04-25T15:40:39.969+0000 7fb5667fc700 1 -- 172.21.15.110:0/2959495275 <== mon.0 v2:172.21.15.110:3300/0 3 ==== mon_map magic: 0 v1 ==== 229+0+0 (secure 0 0 0) 0x7fb5580103c0 con 0x7fb568101710
2024-04-25T15:40:40.726 INFO:teuthology.orchestra.run.smithi110.stdout:/usr/bin/ceph: stderr
2024-04-25T15:40:39.969+0000 7fb56d3ad700 1 -- 172.21.15.110:0/2959495275 >> [v2:172.21.15.110:3300/0,v1:172.21.15.110:6789/0] conn(0x7fb568101710 msgr2=0x7fb568101b20 secure :-1 s=STATE_CONNECTION_ESTABLISHED l=1).mark_down
2024-04-25T15:40:40.726 INFO:teuthology.orchestra.run.smithi110.stdout:/usr/bin/ceph: stderr
2024-04-25T15:40:39.969+0000 7fb56d3ad700 1 --2- 172.21.15.110:0/2959495275 >> [v2:172.21.15.110:3300/0,v1:172.21.15.110:6789/0] conn(0x7fb568101710 0x7fb568101b20 secure :-1 s=READY pgs=84 cs=0 l=1 rev1=1 crypto rx=0x7fb5580098e0 tx=0x7fb558009250 comp rx=0 tx=0).stop
2024-04-25T15:40:40.727 INFO:teuthology.orchestra.run.smithi110.stdout:/usr/bin/ceph: stderr
2024-04-25T15:40:39.970+0000 7fb56d3ad700 1 -- 172.21.15.110:0/2959495275 shutdown_connections
2024-04-25T15:40:40.727 INFO:teuthology.orchestra.run.smithi110.stdout:/usr/bin/ceph: stderr
2024-04-25T15:40:39.970+0000 7fb56d3ad700 1 --2- 172.21.15.110:0/2959495275 >> [v2:172.21.15.110:3300/0,v1:172.21.15.110:6789/0] conn(0x7fb568101710 0x7fb568101b20 unknown :-1 s=CLOSED pgs=84 cs=0 l=1 rev1=1 crypto rx=0 tx=0 comp rx=0 tx=0).stop
2024-04-25T15:40:40.727 INFO:teuthology.orchestra.run.smithi110.stdout:/usr/bin/ceph: stderr
2024-04-25T15:40:39.970+0000 7fb56d3ad700 1 -- 172.21.15.110:0/2959495275 >> 172.21.15.110:0/2959495275 conn(0x7fb5680fced0 msgr2=0x7fb5680ff2e0 unknown :-1 s=STATE_NONE l=0).mark_down
2024-04-25T15:40:40.727 INFO:teuthology.orchestra.run.smithi110.stdout:/usr/bin/ceph: stderr
2024-04-25T15:40:39.970+0000 7fb56d3ad700 1 -- 172.21.15.110:0/2959495275 shutdown_connections
2024-04-25T15:40:40.727 INFO:teuthology.orchestra.run.smithi110.stdout:/usr/bin/ceph: stderr
2024-04-25T15:40:39.970+0000 7fb56d3ad700 1 -- 172.21.15.110:0/2959495275 wait complete.
2024-04-25T15:40:40.727 INFO:teuthology.orchestra.run.smithi110.stdout:/usr/bin/ceph: stderr
2024-04-25T15:40:39.970+0000 7fb56d3ad700 1 Processor -- start
2024-04-25T15:40:40.727 INFO:teuthology.orchestra.run.smithi110.stdout:/usr/bin/ceph: stderr
2024-04-25T15:40:39.970+0000 7fb56d3ad700 1 -- start start
2024-04-25T15:40:40.727 INFO:teuthology.orchestra.run.smithi110.stdout:/usr/bin/ceph: stderr
2024-04-25T15:40:39.970+0000 7fb56d3ad700 1 --2- >> [v2:172.21.15.110:3300/0,v1:172.21.15.110:6789/0] conn(0x7fb568101710 0x7fb568076b60 unknown :-1 s=NONE pgs=0 cs=0 l=1 rev1=0 crypto rx=0 tx=0 comp rx=0 tx=0).connect
2024-04-25T15:40:40.727 INFO:teuthology.orchestra.run.smithi110.stdout:/usr/bin/ceph: stderr
2024-04-25T15:40:39.970+0000 7fb56d3ad700 1 -- --> [v2:172.21.15.110:3300/0,v1:172.21.15.110:6789/0] -- mon_getmap magic: 0 v1 -- 0x7fb5681142b0 con 0x7fb568101710
2024-04-25T15:40:40.727 INFO:teuthology.orchestra.run.smithi110.stdout:/usr/bin/ceph: stderr
2024-04-25T15:40:39.970+0000 7fb566ffd700 1 --2- >> [v2:172.21.15.110:3300/0,v1:172.21.15.110:6789/0] conn(0x7fb568101710 0x7fb568076b60 unknown :-1 s=BANNER_CONNECTING pgs=0 cs=0 l=1 rev1=0 crypto rx=0 tx=0 comp rx=0 tx=0)._handle_peer_banner_payload supported=3 required=0
2024-04-25T15:40:40.727 INFO:teuthology.orchestra.run.smithi110.stdout:/usr/bin/ceph: stderr
2024-04-25T15:40:39.970+0000 7fb566ffd700 1 --2- >> [v2:172.21.15.110:3300/0,v1:172.21.15.110:6789/0] conn(0x7fb568101710 0x7fb568076b60 unknown :-1 s=HELLO_CONNECTING pgs=0 cs=0 l=1 rev1=1 crypto rx=0 tx=0 comp rx=0 tx=0).handle_hello peer v2:172.21.15.110:3300/0 says I am v2:172.21.15.110:36876/0 (socket says 172.21.15.110:36876)
2024-04-25T15:40:40.727 INFO:teuthology.orchestra.run.smithi110.stdout:/usr/bin/ceph: stderr
2024-04-25T15:40:39.970+0000 7fb566ffd700 1 -- 172.21.15.110:0/477984666 learned_addr learned my addr 172.21.15.110:0/477984666 (peer_addr_for_me v2:172.21.15.110:0/0)
2024-04-25T15:40:40.728 INFO:teuthology.orchestra.run.smithi110.stdout:/usr/bin/ceph: stderr
2024-04-25T15:40:39.971+0000 7fb566ffd700 1 -- 172.21.15.110:0/477984666 --> [v2:172.21.15.110:3300/0,v1:172.21.15.110:6789/0] -- mon_subscribe({config=0+,monmap=0+}) v3 -- 0x7fb5580094f0 con 0x7fb568101710
2024-04-25T15:40:40.728 INFO:teuthology.orchestra.run.smithi110.stdout:/usr/bin/ceph: stderr
2024-04-25T15:40:39.971+0000 7fb566ffd700 1 --2- 172.21.15.110:0/477984666 >> [v2:172.21.15.110:3300/0,v1:172.21.15.110:6789/0] conn(0x7fb568101710 0x7fb568076b60 secure :-1 s=READY pgs=85 cs=0 l=1 rev1=1 crypto rx=0x7fb558011680 tx=0x7fb558009250 comp rx=0 tx=0).ready entity=mon.0 client_cookie=0 server_cookie=0 in_seq=0 out_seq=0
2024-04-25T15:40:40.728 INFO:teuthology.orchestra.run.smithi110.stdout:/usr/bin/ceph: stderr
2024-04-25T15:40:39.971+0000 7fb55f7fe700 1 -- 172.21.15.110:0/477984666 <== mon.0 v2:172.21.15.110:3300/0 1 ==== mon_map magic: 0 v1 ==== 229+0+0 (secure 0 0 0) 0x7fb558010890 con 0x7fb568101710
2024-04-25T15:40:40.728 INFO:teuthology.orchestra.run.smithi110.stdout:/usr/bin/ceph: stderr
2024-04-25T15:40:39.971+0000 7fb55f7fe700 1 -- 172.21.15.110:0/477984666 <== mon.0 v2:172.21.15.110:3300/0 2 ==== config(27 keys) v1 ==== 1109+0+0 (secure 0 0 0) 0x7fb558010ec0 con 0x7fb568101710
2024-04-25T15:40:40.728 INFO:teuthology.orchestra.run.smithi110.stdout:/usr/bin/ceph: stderr
2024-04-25T15:40:39.971+0000 7fb56d3ad700 1 -- 172.21.15.110:0/477984666 --> [v2:172.21.15.110:3300/0,v1:172.21.15.110:6789/0] -- mon_subscribe({mgrmap=0+}) v3 -- 0x7fb5681143f0 con 0x7fb568101710
2024-04-25T15:40:40.728 INFO:teuthology.orchestra.run.smithi110.stdout:/usr/bin/ceph: stderr
2024-04-25T15:40:39.971+0000 7fb55f7fe700 1 -- 172.21.15.110:0/477984666 <== mon.0 v2:172.21.15.110:3300/0 3 ==== mon_map magic: 0 v1 ==== 229+0+0 (secure 0 0 0) 0x7fb5580243f0 con 0x7fb568101710
2024-04-25T15:40:40.728 INFO:teuthology.orchestra.run.smithi110.stdout:/usr/bin/ceph: stderr
2024-04-25T15:40:39.971+0000 7fb56d3ad700 1 -- 172.21.15.110:0/477984666 --> [v2:172.21.15.110:3300/0,v1:172.21.15.110:6789/0] -- mon_subscribe({osdmap=0}) v3 -- 0x7fb5681148e0 con 0x7fb568101710
2024-04-25T15:40:40.728 INFO:teuthology.orchestra.run.smithi110.stdout:/usr/bin/ceph: stderr
2024-04-25T15:40:39.972+0000 7fb55f7fe700 1 -- 172.21.15.110:0/477984666 <== mon.0 v2:172.21.15.110:3300/0 4 ==== mgrmap(e 13) v1 ==== 43433+0+0 (secure 0 0 0) 0x7fb55802d3f0 con 0x7fb568101710
2024-04-25T15:40:40.728 INFO:teuthology.orchestra.run.smithi110.stdout:/usr/bin/ceph: stderr
2024-04-25T15:40:39.972+0000 7fb56d3ad700 1 -- 172.21.15.110:0/477984666 --> [v2:172.21.15.110:3300/0,v1:172.21.15.110:6789/0] -- mon_command({"prefix": "get_command_descriptions"} v 0) v1 -- 0x7fb56804bed0 con 0x7fb568101710
2024-04-25T15:40:40.728 INFO:teuthology.orchestra.run.smithi110.stdout:/usr/bin/ceph: stderr
2024-04-25T15:40:39.972+0000 7fb55f7fe700 1 --2- 172.21.15.110:0/477984666 >> [v2:172.21.15.110:6800/3209979562,v1:172.21.15.110:6801/3209979562] conn(0x7fb554036940 0x7fb554038df0 unknown :-1 s=NONE pgs=0 cs=0 l=1 rev1=0 crypto rx=0 tx=0 comp rx=0 tx=0).connect
2024-04-25T15:40:40.728 INFO:teuthology.orchestra.run.smithi110.stdout:/usr/bin/ceph: stderr
2024-04-25T15:40:39.972+0000 7fb55f7fe700 1 -- 172.21.15.110:0/477984666 <== mon.0 v2:172.21.15.110:3300/0 5 ==== osd_map(3..3 src has 1..3) v4 ==== 1151+0+0 (secure 0 0 0) 0x7fb55804a760 con 0x7fb568101710
2024-04-25T15:40:40.729 INFO:teuthology.orchestra.run.smithi110.stdout:/usr/bin/ceph: stderr
2024-04-25T15:40:39.972+0000 7fb55ffff700 1 --2- 172.21.15.110:0/477984666 >> [v2:172.21.15.110:6800/3209979562,v1:172.21.15.110:6801/3209979562] conn(0x7fb554036940 0x7fb554038df0 unknown :-1 s=BANNER_CONNECTING pgs=0 cs=0 l=1 rev1=0 crypto rx=0 tx=0 comp rx=0 tx=0)._handle_peer_banner_payload supported=3 required=0
2024-04-25T15:40:40.729 INFO:teuthology.orchestra.run.smithi110.stdout:/usr/bin/ceph: stderr
2024-04-25T15:40:39.972+0000 7fb55ffff700 1 --2- 172.21.15.110:0/477984666 >> [v2:172.21.15.110:6800/3209979562,v1:172.21.15.110:6801/3209979562] conn(0x7fb554036940 0x7fb554038df0 secure :-1 s=READY pgs=10 cs=0 l=1 rev1=1 crypto rx=0x7fb550009990 tx=0x7fb550006e40 comp rx=0 tx=0).ready entity=mgr.14160 client_cookie=0 server_cookie=0 in_seq=0 out_seq=0
2024-04-25T15:40:40.729 INFO:teuthology.orchestra.run.smithi110.stdout:/usr/bin/ceph: stderr
2024-04-25T15:40:39.976+0000 7fb55f7fe700 1 -- 172.21.15.110:0/477984666 <== mon.0 v2:172.21.15.110:3300/0 6 ==== mon_command_ack([{"prefix": "get_command_descriptions"}]=0 v0) v1 ==== 72+0+176702 (secure 0 0 0) 0x7fb55802b8e0 con 0x7fb568101710
2024-04-25T15:40:40.729 INFO:teuthology.orchestra.run.smithi110.stdout:/usr/bin/ceph: stderr
2024-04-25T15:40:40.163+0000 7fb56d3ad700 1 -- 172.21.15.110:0/477984666 --> [v2:172.21.15.110:3300/0,v1:172.21.15.110:6789/0] -- mon_command([{prefix=config set, name=osd_memory_target_autotune}] v 0) v1 -- 0x7fb568114b20 con 0x7fb568101710
2024-04-25T15:40:40.729 INFO:teuthology.orchestra.run.smithi110.stdout:/usr/bin/ceph: stderr
2024-04-25T15:40:40.163+0000 7fb55f7fe700 1 -- 172.21.15.110:0/477984666 <== mon.0 v2:172.21.15.110:3300/0 7 ==== mon_command_ack([{prefix=config set, name=osd_memory_target_autotune}]=0 v8)=0 v8) v1 ==== 127+0+0 (secure 0 0 0) 0x7fb558006d70 con 0x7fb568101710
2024-04-25T15:40:40.729 INFO:teuthology.orchestra.run.smithi110.stdout:/usr/bin/ceph: stderr
2024-04-25T15:40:40.165+0000 7fb56d3ad700 1 -- 172.21.15.110:0/477984666 >> [v2:172.21.15.110:6800/3209979562,v1:172.21.15.110:6801/3209979562] conn(0x7fb554036940 msgr2=0x7fb554038df0 secure :-1 s=STATE_CONNECTION_ESTABLISHED l=1).mark_down
2024-04-25T15:40:40.729 INFO:teuthology.orchestra.run.smithi110.stdout:/usr/bin/ceph: stderr
2024-04-25T15:40:40.165+0000 7fb56d3ad700 1 --2- 172.21.15.110:0/477984666 >> [v2:172.21.15.110:6800/3209979562,v1:172.21.15.110:6801/3209979562] conn(0x7fb554036940 0x7fb554038df0 secure :-1 s=READY pgs=10 cs=0 l=1 rev1=1 crypto rx=0x7fb550009990 tx=0x7fb550006e40 comp rx=0 tx=0).stop
2024-04-25T15:40:40.729 INFO:teuthology.orchestra.run.smithi110.stdout:/usr/bin/ceph: stderr
2024-04-25T15:40:40.165+0000 7fb56d3ad700 1 -- 172.21.15.110:0/477984666 >> [v2:172.21.15.110:3300/0,v1:172.21.15.110:6789/0] conn(0x7fb568101710 msgr2=0x7fb568076b60 secure :-1 s=STATE_CONNECTION_ESTABLISHED l=1).mark_down
2024-04-25T15:40:40.729 INFO:teuthology.orchestra.run.smithi110.stdout:/usr/bin/ceph: stderr
2024-04-25T15:40:40.165+0000 7fb56d3ad700 1 --2- 172.21.15.110:0/477984666 >> [v2:172.21.15.110:3300/0,v1:172.21.15.110:6789/0] conn(0x7fb568101710 0x7fb568076b60 secure :-1 s=READY pgs=85 cs=0 l=1 rev1=1 crypto rx=0x7fb558011680 tx=0x7fb558009250 comp rx=0 tx=0).stop
2024-04-25T15:40:40.729 INFO:teuthology.orchestra.run.smithi110.stdout:/usr/bin/ceph: stderr
2024-04-25T15:40:40.165+0000 7fb56d3ad700 1 -- 172.21.15.110:0/477984666 shutdown_connections
2024-04-25T15:40:40.729 INFO:teuthology.orchestra.run.smithi110.stdout:/usr/bin/ceph: stderr
2024-04-25T15:40:40.165+0000 7fb56d3ad700 1 --2- 172.21.15.110:0/477984666 >> [v2:172.21.15.110:6800/3209979562,v1:172.21.15.110:6801/3209979562] conn(0x7fb554036940 0x7fb554038df0 unknown :-1 s=CLOSED pgs=10 cs=0 l=1 rev1=1 crypto rx=0 tx=0 comp rx=0 tx=0).stop
2024-04-25T15:40:40.729 INFO:teuthology.orchestra.run.smithi110.stdout:/usr/bin/ceph: stderr
2024-04-25T15:40:40.165+0000 7fb56d3ad700 1 --2- 172.21.15.110:0/477984666 >> [v2:172.21.15.110:3300/0,v1:172.21.15.110:6789/0] conn(0x7fb568101710 0x7fb568076b60 unknown :-1 s=CLOSED pgs=85 cs=0 l=1 rev1=1 crypto rx=0 tx=0 comp rx=0 tx=0).stop
2024-04-25T15:40:40.729 INFO:teuthology.orchestra.run.smithi110.stdout:/usr/bin/ceph: stderr
2024-04-25T15:40:40.165+0000 7fb56d3ad700 1 -- 172.21.15.110:0/477984666 >> 172.21.15.110:0/477984666 conn(0x7fb5680fced0 msgr2=0x7fb5680fd960 unknown :-1 s=STATE_NONE l=0).mark_down
2024-04-25T15:40:40.729 INFO:teuthology.orchestra.run.smithi110.stdout:/usr/bin/ceph: stderr
2024-04-25T15:40:40.165+0000 7fb56d3ad700 1 -- 172.21.15.110:0/477984666 shutdown_connections
2024-04-25T15:40:40.729 INFO:teuthology.orchestra.run.smithi110.stdout:/usr/bin/ceph: stderr
2024-04-25T15:40:40.165+0000 7fb56d3ad700 1 -- 172.21.15.110:0/477984666 wait complete.
2024-04-25T15:40:42.006 INFO:teuthology.orchestra.run.smithi110.stdout:/usr/bin/ceph: stderr
2024-04-25T15:40:41.147+0000 7f3a4b2ad700 1 Processor -- start
2024-04-25T15:40:42.007 INFO:teuthology.orchestra.run.smithi110.stdout:/usr/bin/ceph: stderr
2024-04-25T15:40:41.148+0000 7f3a4b2ad700 1 -- start start
2024-04-25T15:40:42.007 INFO:teuthology.orchestra.run.smithi110.stdout:/usr/bin/ceph: stderr
2024-04-25T15:40:41.148+0000 7f3a4b2ad700 1 --2- >> [v2:172.21.15.110:3300/0,v1:172.21.15.110:6789/0] conn(0x7f3a44101730 0x7f3a44101b40 unknown :-1 s=NONE pgs=0 cs=0 l=0 rev1=0 crypto rx=0 tx=0 comp rx=0 tx=0).connect
2024-04-25T15:40:42.007 INFO:teuthology.orchestra.run.smithi110.stdout:/usr/bin/ceph: stderr
2024-04-25T15:40:41.148+0000 7f3a4b2ad700 1 -- --> [v2:172.21.15.110:3300/0,v1:172.21.15.110:6789/0] -- mon_getmap magic: 0 v1 -- 0x7f3a44102080 con 0x7f3a44101730
2024-04-25T15:40:42.007 INFO:teuthology.orchestra.run.smithi110.stdout:/usr/bin/ceph: stderr
2024-04-25T15:40:41.148+0000 7f3a49049700 1 --2- >> [v2:172.21.15.110:3300/0,v1:172.21.15.110:6789/0] conn(0x7f3a44101730 0x7f3a44101b40 unknown :-1 s=BANNER_CONNECTING pgs=0 cs=0 l=0 rev1=0 crypto rx=0 tx=0 comp rx=0 tx=0)._handle_peer_banner_payload supported=3 required=0
2024-04-25T15:40:42.007 INFO:teuthology.orchestra.run.smithi110.stdout:/usr/bin/ceph: stderr
2024-04-25T15:40:41.148+0000 7f3a49049700 1 --2- >> [v2:172.21.15.110:3300/0,v1:172.21.15.110:6789/0] conn(0x7f3a44101730 0x7f3a44101b40 unknown :-1 s=HELLO_CONNECTING pgs=0 cs=0 l=0 rev1=1 crypto rx=0 tx=0 comp rx=0 tx=0).handle_hello peer v2:172.21.15.110:3300/0 says I am v2:172.21.15.110:36882/0 (socket says 172.21.15.110:36882)
2024-04-25T15:40:42.007 INFO:teuthology.orchestra.run.smithi110.stdout:/usr/bin/ceph: stderr
2024-04-25T15:40:41.148+0000 7f3a49049700 1 -- 172.21.15.110:0/50037547 learned_addr learned my addr 172.21.15.110:0/50037547 (peer_addr_for_me v2:172.21.15.110:0/0)
2024-04-25T15:40:42.007 INFO:teuthology.orchestra.run.smithi110.stdout:/usr/bin/ceph: stderr
2024-04-25T15:40:41.148+0000 7f3a49049700 1 -- 172.21.15.110:0/50037547 --> [v2:172.21.15.110:3300/0,v1:172.21.15.110:6789/0] -- mon_subscribe({config=0+,monmap=0+}) v3 -- 0x7f3a441021c0 con 0x7f3a44101730
2024-04-25T15:40:42.007 INFO:teuthology.orchestra.run.smithi110.stdout:/usr/bin/ceph: stderr
2024-04-25T15:40:41.148+0000 7f3a49049700 1 --2- 172.21.15.110:0/50037547 >> [v2:172.21.15.110:3300/0,v1:172.21.15.110:6789/0] conn(0x7f3a44101730 0x7f3a44101b40 secure :-1 s=READY pgs=86 cs=0 l=1 rev1=1 crypto rx=0x7f3a3c00d0d0 tx=0x7f3a3c00ba50 comp rx=0 tx=0).ready entity=mon.0 client_cookie=8eec2e602c02e5e5 server_cookie=0 in_seq=0 out_seq=0
2024-04-25T15:40:42.007 INFO:teuthology.orchestra.run.smithi110.stdout:/usr/bin/ceph: stderr
2024-04-25T15:40:41.149+0000 7f3a43fff700 1 -- 172.21.15.110:0/50037547 <== mon.0 v2:172.21.15.110:3300/0 1 ==== mon_map magic: 0 v1 ==== 229+0+0 (secure 0 0 0) 0x7f3a3c00ddf0 con 0x7f3a44101730
2024-04-25T15:40:42.007 INFO:teuthology.orchestra.run.smithi110.stdout:/usr/bin/ceph: stderr
2024-04-25T15:40:41.149+0000 7f3a43fff700 1 -- 172.21.15.110:0/50037547 <== mon.0 v2:172.21.15.110:3300/0 2 ==== config(27 keys) v1 ==== 1109+0+0 (secure 0 0 0) 0x7f3a3c009610 con 0x7f3a44101730
2024-04-25T15:40:42.007 INFO:teuthology.orchestra.run.smithi110.stdout:/usr/bin/ceph: stderr
2024-04-25T15:40:41.149+0000 7f3a43fff700 1 -- 172.21.15.110:0/50037547 <== mon.0 v2:172.21.15.110:3300/0 3 ==== mon_map magic: 0 v1 ==== 229+0+0 (secure 0 0 0) 0x7f3a3c0146c0 con 0x7f3a44101730
2024-04-25T15:40:42.007 INFO:teuthology.orchestra.run.smithi110.stdout:/usr/bin/ceph: stderr
2024-04-25T15:40:41.149+0000 7f3a4b2ad700 1 -- 172.21.15.110:0/50037547 >> [v2:172.21.15.110:3300/0,v1:172.21.15.110:6789/0] conn(0x7f3a44101730 msgr2=0x7f3a44101b40 secure :-1 s=STATE_CONNECTION_ESTABLISHED l=1).mark_down
2024-04-25T15:40:42.007 INFO:teuthology.orchestra.run.smithi110.stdout:/usr/bin/ceph: stderr
2024-04-25T15:40:41.149+0000 7f3a4b2ad700 1 --2- 172.21.15.110:0/50037547 >> [v2:172.21.15.110:3300/0,v1:172.21.15.110:6789/0] conn(0x7f3a44101730 0x7f3a44101b40 secure :-1 s=READY pgs=86 cs=0 l=1 rev1=1 crypto rx=0x7f3a3c00d0d0 tx=0x7f3a3c00ba50 comp rx=0 tx=0).stop
2024-04-25T15:40:42.007 INFO:teuthology.orchestra.run.smithi110.stdout:/usr/bin/ceph: stderr
2024-04-25T15:40:41.149+0000 7f3a4b2ad700 1 -- 172.21.15.110:0/50037547 shutdown_connections
2024-04-25T15:40:42.008 INFO:teuthology.orchestra.run.smithi110.stdout:/usr/bin/ceph: stderr
2024-04-25T15:40:41.149+0000 7f3a4b2ad700 1 --2- 172.21.15.110:0/50037547 >> [v2:172.21.15.110:3300/0,v1:172.21.15.110:6789/0] conn(0x7f3a44101730 0x7f3a44101b40 unknown :-1 s=CLOSED pgs=86 cs=0 l=1 rev1=1 crypto rx=0 tx=0 comp rx=0 tx=0).stop
2024-04-25T15:40:42.008 INFO:teuthology.orchestra.run.smithi110.stdout:/usr/bin/ceph: stderr
2024-04-25T15:40:41.149+0000 7f3a4b2ad700 1 -- 172.21.15.110:0/50037547 >> 172.21.15.110:0/50037547 conn(0x7f3a440fcef0 msgr2=0x7f3a440ff300 unknown :-1 s=STATE_NONE l=0).mark_down
2024-04-25T15:40:42.008 INFO:teuthology.orchestra.run.smithi110.stdout:/usr/bin/ceph: stderr
2024-04-25T15:40:41.149+0000 7f3a4b2ad700 1 -- 172.21.15.110:0/50037547 shutdown_connections
2024-04-25T15:40:42.008 INFO:teuthology.orchestra.run.smithi110.stdout:/usr/bin/ceph: stderr
2024-04-25T15:40:41.149+0000 7f3a4b2ad700 1 -- 172.21.15.110:0/50037547 wait complete.
2024-04-25T15:40:42.008 INFO:teuthology.orchestra.run.smithi110.stdout:/usr/bin/ceph: stderr
2024-04-25T15:40:41.150+0000 7f3a4b2ad700 1 Processor -- start
2024-04-25T15:40:42.008 INFO:teuthology.orchestra.run.smithi110.stdout:/usr/bin/ceph: stderr
2024-04-25T15:40:41.150+0000 7f3a4b2ad700 1 -- start start
2024-04-25T15:40:42.008 INFO:teuthology.orchestra.run.smithi110.stdout:/usr/bin/ceph: stderr
2024-04-25T15:40:41.150+0000 7f3a4b2ad700 1 --2- >> [v2:172.21.15.110:3300/0,v1:172.21.15.110:6789/0] conn(0x7f3a44101730 0x7f3a4410f470 unknown :-1 s=NONE pgs=0 cs=0 l=1 rev1=0 crypto rx=0 tx=0 comp rx=0 tx=0).connect
2024-04-25T15:40:42.008 INFO:teuthology.orchestra.run.smithi110.stdout:/usr/bin/ceph: stderr
2024-04-25T15:40:41.150+0000 7f3a4b2ad700 1 -- --> [v2:172.21.15.110:3300/0,v1:172.21.15.110:6789/0] -- mon_getmap magic: 0 v1 -- 0x7f3a4410f9b0 con 0x7f3a44101730
2024-04-25T15:40:42.008 INFO:teuthology.orchestra.run.smithi110.stdout:/usr/bin/ceph: stderr
2024-04-25T15:40:41.150+0000 7f3a49049700 1 --2- >> [v2:172.21.15.110:3300/0,v1:172.21.15.110:6789/0] conn(0x7f3a44101730 0x7f3a4410f470 unknown :-1 s=BANNER_CONNECTING pgs=0 cs=0 l=1 rev1=0 crypto rx=0 tx=0 comp rx=0 tx=0)._handle_peer_banner_payload supported=3 required=0
2024-04-25T15:40:42.008 INFO:teuthology.orchestra.run.smithi110.stdout:/usr/bin/ceph: stderr
2024-04-25T15:40:41.150+0000 7f3a49049700 1 --2- >> [v2:172.21.15.110:3300/0,v1:172.21.15.110:6789/0] conn(0x7f3a44101730 0x7f3a4410f470 unknown :-1 s=HELLO_CONNECTING pgs=0 cs=0 l=1 rev1=1 crypto rx=0 tx=0 comp rx=0 tx=0).handle_hello peer v2:172.21.15.110:3300/0 says I am v2:172.21.15.110:36896/0 (socket says 172.21.15.110:36896)
2024-04-25T15:40:42.008 INFO:teuthology.orchestra.run.smithi110.stdout:/usr/bin/ceph: stderr
2024-04-25T15:40:41.150+0000 7f3a49049700 1 -- 172.21.15.110:0/2720283887 learned_addr learned my addr 172.21.15.110:0/2720283887 (peer_addr_for_me v2:172.21.15.110:0/0)
2024-04-25T15:40:42.008 INFO:teuthology.orchestra.run.smithi110.stdout:/usr/bin/ceph: stderr
2024-04-25T15:40:41.150+0000 7f3a49049700 1 -- 172.21.15.110:0/2720283887 --> [v2:172.21.15.110:3300/0,v1:172.21.15.110:6789/0] -- mon_subscribe({config=0+,monmap=0+}) v3 -- 0x7f3a3c00bcf0 con 0x7f3a44101730
2024-04-25T15:40:42.008 INFO:teuthology.orchestra.run.smithi110.stdout:/usr/bin/ceph: stderr
2024-04-25T15:40:41.150+0000 7f3a49049700 1 --2- 172.21.15.110:0/2720283887 >> [v2:172.21.15.110:3300/0,v1:172.21.15.110:6789/0] conn(0x7f3a44101730 0x7f3a4410f470 secure :-1 s=READY pgs=87 cs=0 l=1 rev1=1 crypto rx=0x7f3a3c009e20 tx=0x7f3a3c00ba50 comp rx=0 tx=0).ready entity=mon.0 client_cookie=0 server_cookie=0 in_seq=0 out_seq=0
2024-04-25T15:40:42.008 INFO:teuthology.orchestra.run.smithi110.stdout:/usr/bin/ceph: stderr
2024-04-25T15:40:41.151+0000 7f3a41ffb700 1 -- 172.21.15.110:0/2720283887 <== mon.0 v2:172.21.15.110:3300/0 1 ==== mon_map magic: 0 v1 ==== 229+0+0 (secure 0 0 0) 0x7f3a3c00ddf0 con 0x7f3a44101730
2024-04-25T15:40:42.008 INFO:teuthology.orchestra.run.smithi110.stdout:/usr/bin/ceph: stderr
2024-04-25T15:40:41.151+0000 7f3a41ffb700 1 -- 172.21.15.110:0/2720283887 <== mon.0 v2:172.21.15.110:3300/0 2 ==== config(27 keys) v1 ==== 1109+0+0 (secure 0 0 0) 0x7f3a3c014e00 con 0x7f3a44101730
2024-04-25T15:40:42.008 INFO:teuthology.orchestra.run.smithi110.stdout:/usr/bin/ceph: stderr
2024-04-25T15:40:41.151+0000 7f3a4b2ad700 1 -- 172.21.15.110:0/2720283887 --> [v2:172.21.15.110:3300/0,v1:172.21.15.110:6789/0] -- mon_subscribe({mgrmap=0+}) v3 -- 0x7f3a4410fbb0 con 0x7f3a44101730
2024-04-25T15:40:42.009 INFO:teuthology.orchestra.run.smithi110.stdout:/usr/bin/ceph: stderr
2024-04-25T15:40:41.151+0000 7f3a41ffb700 1 -- 172.21.15.110:0/2720283887 <== mon.0 v2:172.21.15.110:3300/0 3 ==== mon_map magic: 0 v1 ==== 229+0+0 (secure 0 0 0) 0x7f3a3c01eaf0 con 0x7f3a44101730
2024-04-25T15:40:42.009 INFO:teuthology.orchestra.run.smithi110.stdout:/usr/bin/ceph: stderr
2024-04-25T15:40:41.151+0000 7f3a4b2ad700 1 -- 172.21.15.110:0/2720283887 --> [v2:172.21.15.110:3300/0,v1:172.21.15.110:6789/0] -- mon_subscribe({osdmap=0}) v3 -- 0x7f3a44110720 con 0x7f3a44101730
2024-04-25T15:40:42.009 INFO:teuthology.orchestra.run.smithi110.stdout:/usr/bin/ceph: stderr
2024-04-25T15:40:41.152+0000 7f3a41ffb700 1 -- 172.21.15.110:0/2720283887 <== mon.0 v2:172.21.15.110:3300/0 4 ==== mgrmap(e 13) v1 ==== 43433+0+0 (secure 0 0 0) 0x7f3a3c01ece0 con 0x7f3a44101730
2024-04-25T15:40:42.009 INFO:teuthology.orchestra.run.smithi110.stdout:/usr/bin/ceph: stderr
2024-04-25T15:40:41.152+0000 7f3a4b2ad700 1 -- 172.21.15.110:0/2720283887 --> [v2:172.21.15.110:3300/0,v1:172.21.15.110:6789/0] -- mon_command({"prefix": "get_command_descriptions"} v 0) v1 -- 0x7f3a4405f5c0 con 0x7f3a44101730
2024-04-25T15:40:42.009 INFO:teuthology.orchestra.run.smithi110.stdout:/usr/bin/ceph: stderr
2024-04-25T15:40:41.152+0000 7f3a41ffb700 1 --2- 172.21.15.110:0/2720283887 >> [v2:172.21.15.110:6800/3209979562,v1:172.21.15.110:6801/3209979562] conn(0x7f3a2c036990 0x7f3a2c038e40 unknown :-1 s=NONE pgs=0 cs=0 l=1 rev1=0 crypto rx=0 tx=0 comp rx=0 tx=0).connect
2024-04-25T15:40:42.009 INFO:teuthology.orchestra.run.smithi110.stdout:/usr/bin/ceph: stderr
2024-04-25T15:40:41.152+0000 7f3a41ffb700 1 -- 172.21.15.110:0/2720283887 <== mon.0 v2:172.21.15.110:3300/0 5 ==== osd_map(3..3 src has 1..3) v4 ==== 1151+0+0 (secure 0 0 0) 0x7f3a3c04c300 con 0x7f3a44101730
2024-04-25T15:40:42.009 INFO:teuthology.orchestra.run.smithi110.stdout:/usr/bin/ceph: stderr
2024-04-25T15:40:41.152+0000 7f3a48848700 1 --2- 172.21.15.110:0/2720283887 >> [v2:172.21.15.110:6800/3209979562,v1:172.21.15.110:6801/3209979562] conn(0x7f3a2c036990 0x7f3a2c038e40 unknown :-1 s=BANNER_CONNECTING pgs=0 cs=0 l=1 rev1=0 crypto rx=0 tx=0 comp rx=0 tx=0)._handle_peer_banner_payload supported=3 required=0
2024-04-25T15:40:42.009 INFO:teuthology.orchestra.run.smithi110.stdout:/usr/bin/ceph: stderr
2024-04-25T15:40:41.152+0000 7f3a48848700 1 --2- 172.21.15.110:0/2720283887 >> [v2:172.21.15.110:6800/3209979562,v1:172.21.15.110:6801/3209979562] conn(0x7f3a2c036990 0x7f3a2c038e40 secure :-1 s=READY pgs=11 cs=0 l=1 rev1=1 crypto rx=0x7f3a38009990 tx=0x7f3a38006e40 comp rx=0 tx=0).ready entity=mgr.14160 client_cookie=0 server_cookie=0 in_seq=0 out_seq=0
2024-04-25T15:40:42.009 INFO:teuthology.orchestra.run.smithi110.stdout:/usr/bin/ceph: stderr
2024-04-25T15:40:41.156+0000 7f3a41ffb700 1 -- 172.21.15.110:0/2720283887 <== mon.0 v2:172.21.15.110:3300/0 6 ==== mon_command_ack([{"prefix": "get_command_descriptions"}]=0 v0) v1 ==== 72+0+176702 (secure 0 0 0) 0x7f3a3c013bd0 con 0x7f3a44101730
2024-04-25T15:40:42.009 INFO:teuthology.orchestra.run.smithi110.stdout:/usr/bin/ceph: stderr
2024-04-25T15:40:41.444+0000 7f3a4b2ad700 1 -- 172.21.15.110:0/2720283887 --> [v2:172.21.15.110:3300/0,v1:172.21.15.110:6789/0] -- mon_command([{prefix=config-key set, key=mgr/dashboard/cluster/status}] v 0) v1 -- 0x7f3a4404bed0 con 0x7f3a44101730
2024-04-25T15:40:42.009 INFO:teuthology.orchestra.run.smithi110.stdout:/usr/bin/ceph: stderr
2024-04-25T15:40:41.447+0000 7f3a41ffb700 1 -- 172.21.15.110:0/2720283887 <== mon.0 v2:172.21.15.110:3300/0 7 ==== mon_command_ack([{prefix=config-key set, key=mgr/dashboard/cluster/status}]=0 set mgr/dashboard/cluster/status v33)=0 set mgr/dashboard/cluster/status v33) v1 ==== 153+0+0 (secure 0 0 0) 0x7f3a3c019070 con 0x7f3a44101730
2024-04-25T15:40:42.009 INFO:teuthology.orchestra.run.smithi110.stdout:/usr/bin/ceph: stderr
2024-04-25T15:40:41.449+0000 7f3a4b2ad700 1 -- 172.21.15.110:0/2720283887 >> [v2:172.21.15.110:6800/3209979562,v1:172.21.15.110:6801/3209979562] conn(0x7f3a2c036990 msgr2=0x7f3a2c038e40 secure :-1 s=STATE_CONNECTION_ESTABLISHED l=1).mark_down
2024-04-25T15:40:42.009 INFO:teuthology.orchestra.run.smithi110.stdout:/usr/bin/ceph: stderr
2024-04-25T15:40:41.449+0000 7f3a4b2ad700 1 --2- 172.21.15.110:0/2720283887 >> [v2:172.21.15.110:6800/3209979562,v1:172.21.15.110:6801/3209979562] conn(0x7f3a2c036990 0x7f3a2c038e40 secure :-1 s=READY pgs=11 cs=0 l=1 rev1=1 crypto rx=0x7f3a38009990 tx=0x7f3a38006e40 comp rx=0 tx=0).stop
2024-04-25T15:40:42.009 INFO:teuthology.orchestra.run.smithi110.stdout:/usr/bin/ceph: stderr
2024-04-25T15:40:41.449+0000 7f3a4b2ad700 1 -- 172.21.15.110:0/2720283887 >> [v2:172.21.15.110:3300/0,v1:172.21.15.110:6789/0] conn(0x7f3a44101730 msgr2=0x7f3a4410f470 secure :-1 s=STATE_CONNECTION_ESTABLISHED l=1).mark_down
2024-04-25T15:40:42.009 INFO:teuthology.orchestra.run.smithi110.stdout:/usr/bin/ceph: stderr
2024-04-25T15:40:41.449+0000 7f3a4b2ad700 1 --2- 172.21.15.110:0/2720283887 >> [v2:172.21.15.110:3300/0,v1:172.21.15.110:6789/0] conn(0x7f3a44101730 0x7f3a4410f470 secure :-1 s=READY pgs=87 cs=0 l=1 rev1=1 crypto rx=0x7f3a3c009e20 tx=0x7f3a3c00ba50 comp rx=0 tx=0).stop
2024-04-25T15:40:42.010 INFO:teuthology.orchestra.run.smithi110.stdout:/usr/bin/ceph: stderr
2024-04-25T15:40:41.449+0000 7f3a4b2ad700 1 -- 172.21.15.110:0/2720283887 shutdown_connections
2024-04-25T15:40:42.010 INFO:teuthology.orchestra.run.smithi110.stdout:/usr/bin/ceph: stderr
2024-04-25T15:40:41.449+0000 7f3a4b2ad700 1 --2- 172.21.15.110:0/2720283887 >> [v2:172.21.15.110:6800/3209979562,v1:172.21.15.110:6801/3209979562] conn(0x7f3a2c036990 0x7f3a2c038e40 unknown :-1 s=CLOSED pgs=11 cs=0 l=1 rev1=1 crypto rx=0 tx=0 comp rx=0 tx=0).stop
2024-04-25T15:40:42.010 INFO:teuthology.orchestra.run.smithi110.stdout:/usr/bin/ceph: stderr
2024-04-25T15:40:41.449+0000 7f3a4b2ad700 1 --2- 172.21.15.110:0/2720283887 >> [v2:172.21.15.110:3300/0,v1:172.21.15.110:6789/0] conn(0x7f3a44101730 0x7f3a4410f470 unknown :-1 s=CLOSED pgs=87 cs=0 l=1 rev1=1 crypto rx=0 tx=0 comp rx=0 tx=0).stop
2024-04-25T15:40:42.010 INFO:teuthology.orchestra.run.smithi110.stdout:/usr/bin/ceph: stderr
2024-04-25T15:40:41.449+0000 7f3a4b2ad700 1 -- 172.21.15.110:0/2720283887 >> 172.21.15.110:0/2720283887 conn(0x7f3a440fcef0 msgr2=0x7f3a44105c60 unknown :-1 s=STATE_NONE l=0).mark_down
2024-04-25T15:40:42.010 INFO:teuthology.orchestra.run.smithi110.stdout:/usr/bin/ceph: stderr
2024-04-25T15:40:41.449+0000 7f3a4b2ad700 1 -- 172.21.15.110:0/2720283887 shutdown_connections
2024-04-25T15:40:42.010 INFO:teuthology.orchestra.run.smithi110.stdout:/usr/bin/ceph: stderr
2024-04-25T15:40:41.449+0000 7f3a4b2ad700 1 -- 172.21.15.110:0/2720283887 wait complete.
2024-04-25T15:40:42.010 INFO:teuthology.orchestra.run.smithi110.stdout:/usr/bin/ceph: stderr set mgr/dashboard/cluster/status
2024-04-25T15:40:42.010 INFO:teuthology.orchestra.run.smithi110.stdout:You can access the Ceph CLI as following in case of multi-cluster or non-default config:
2024-04-25T15:40:42.010 INFO:teuthology.orchestra.run.smithi110.stdout:
2024-04-25T15:40:42.010 INFO:teuthology.orchestra.run.smithi110.stdout: sudo /home/ubuntu/cephtest/cephadm shell --fsid e79cc6fc-0319-11ef-bc93-c7b262605968 -c /etc/ceph/ceph.conf -k /etc/ceph/ceph.client.admin.keyring
2024-04-25T15:40:42.010 INFO:teuthology.orchestra.run.smithi110.stdout:
2024-04-25T15:40:42.010 INFO:teuthology.orchestra.run.smithi110.stdout:Or, if you are only running a single cluster on this host:
2024-04-25T15:40:42.010 INFO:teuthology.orchestra.run.smithi110.stdout:
2024-04-25T15:40:42.010 INFO:teuthology.orchestra.run.smithi110.stdout: sudo /home/ubuntu/cephtest/cephadm shell
2024-04-25T15:40:42.011 INFO:teuthology.orchestra.run.smithi110.stdout:
2024-04-25T15:40:42.011 INFO:teuthology.orchestra.run.smithi110.stdout:Please consider enabling telemetry to help improve Ceph:
2024-04-25T15:40:42.011 INFO:teuthology.orchestra.run.smithi110.stdout:
2024-04-25T15:40:42.011 INFO:teuthology.orchestra.run.smithi110.stdout: ceph telemetry on
2024-04-25T15:40:42.011 INFO:teuthology.orchestra.run.smithi110.stdout:
2024-04-25T15:40:42.011 INFO:teuthology.orchestra.run.smithi110.stdout:For more information see:
2024-04-25T15:40:42.011 INFO:teuthology.orchestra.run.smithi110.stdout:
2024-04-25T15:40:42.011 INFO:teuthology.orchestra.run.smithi110.stdout: https://docs.ceph.com/docs/master/mgr/telemetry/
2024-04-25T15:40:42.011 INFO:teuthology.orchestra.run.smithi110.stdout:
2024-04-25T15:40:42.011 INFO:teuthology.orchestra.run.smithi110.stdout:Bootstrap complete.
2024-04-25T15:40:42.040 INFO:tasks.cephadm:Fetching config...
2024-04-25T15:40:42.041 DEBUG:teuthology.orchestra.run.smithi110:> set -ex
2024-04-25T15:40:42.041 DEBUG:teuthology.orchestra.run.smithi110:> dd if=/etc/ceph/ceph.conf of=/dev/stdout
2024-04-25T15:40:42.056 INFO:tasks.cephadm:Fetching client.admin keyring...
2024-04-25T15:40:42.057 DEBUG:teuthology.orchestra.run.smithi110:> set -ex
2024-04-25T15:40:42.057 DEBUG:teuthology.orchestra.run.smithi110:> dd if=/etc/ceph/ceph.client.admin.keyring of=/dev/stdout
2024-04-25T15:40:42.112 INFO:tasks.cephadm:Fetching mon keyring...
2024-04-25T15:40:42.112 DEBUG:teuthology.orchestra.run.smithi110:> set -ex
2024-04-25T15:40:42.112 DEBUG:teuthology.orchestra.run.smithi110:> sudo dd if=/var/lib/ceph/e79cc6fc-0319-11ef-bc93-c7b262605968/mon.smithi110/keyring of=/dev/stdout
2024-04-25T15:40:42.176 INFO:tasks.cephadm:Fetching pub ssh key...
2024-04-25T15:40:42.176 DEBUG:teuthology.orchestra.run.smithi110:> set -ex
2024-04-25T15:40:42.176 DEBUG:teuthology.orchestra.run.smithi110:> dd if=/home/ubuntu/cephtest/ceph.pub of=/dev/stdout
2024-04-25T15:40:42.232 INFO:tasks.cephadm:Installing pub ssh key for root users...
2024-04-25T15:40:42.232 DEBUG:teuthology.orchestra.run.smithi110:> sudo install -d -m 0700 /root/.ssh && echo 'ssh-rsa AAAAB3NzaC1yc2EAAAADAQABAAABgQDGU63FKYnRaYjybGBNU8fAHoXvTTvDZ0pHE+UIRTeZBFtHxqo/2lr8bfFrx3Usdi9dV2h+ThSRwIz1eGYf2BD8uGbsFJkD4sMQ0ZHJMsuB7pIuAbVDVVus1+TnXvoNfA6vKYETKNfrwk2gX3OEPZwKGSELr+/r2Pqq1nd2oc5p993b7PQQ1/dN8L8KEDGvTAPfHEqNvyo5kydeDdCoTYU+qn6G/O2pYSgQJyM8Y1ha7p5r928y3imOXoagWzSbdhlUa4LaeV1Orhz53kWxGfffkAXonM8hWaBMlmZEt7YPqX4JwX+uwiPwJupg3RjbXuk9QO3e5bfaQIZ5cMyljkwgliuVGsmk7D08yhMmuk1FoposoNLeT7I8+9maSYSUN6VakCOIRSgnkZwlADjTk6ExsPmAQDzxx2+ciBUq6nQC6Vvw9zLXNFMS/Q/CSw6Fu6+tcRZ49pBuRMpzAiHN8CYVqK/BsrJQlSAFJFUJ8bz9Dmnz53FPMjTypCb8PHXubTs= ceph-e79cc6fc-0319-11ef-bc93-c7b262605968' | sudo tee -a /root/.ssh/authorized_keys && sudo chmod 0600 /root/.ssh/authorized_keys
2024-04-25T15:40:42.304 INFO:teuthology.orchestra.run.smithi110.stdout:ssh-rsa AAAAB3NzaC1yc2EAAAADAQABAAABgQDGU63FKYnRaYjybGBNU8fAHoXvTTvDZ0pHE+UIRTeZBFtHxqo/2lr8bfFrx3Usdi9dV2h+ThSRwIz1eGYf2BD8uGbsFJkD4sMQ0ZHJMsuB7pIuAbVDVVus1+TnXvoNfA6vKYETKNfrwk2gX3OEPZwKGSELr+/r2Pqq1nd2oc5p993b7PQQ1/dN8L8KEDGvTAPfHEqNvyo5kydeDdCoTYU+qn6G/O2pYSgQJyM8Y1ha7p5r928y3imOXoagWzSbdhlUa4LaeV1Orhz53kWxGfffkAXonM8hWaBMlmZEt7YPqX4JwX+uwiPwJupg3RjbXuk9QO3e5bfaQIZ5cMyljkwgliuVGsmk7D08yhMmuk1FoposoNLeT7I8+9maSYSUN6VakCOIRSgnkZwlADjTk6ExsPmAQDzxx2+ciBUq6nQC6Vvw9zLXNFMS/Q/CSw6Fu6+tcRZ49pBuRMpzAiHN8CYVqK/BsrJQlSAFJFUJ8bz9Dmnz53FPMjTypCb8PHXubTs= ceph-e79cc6fc-0319-11ef-bc93-c7b262605968
2024-04-25T15:40:42.314 DEBUG:teuthology.orchestra.run.smithi193:> sudo install -d -m 0700 /root/.ssh && echo 'ssh-rsa AAAAB3NzaC1yc2EAAAADAQABAAABgQDGU63FKYnRaYjybGBNU8fAHoXvTTvDZ0pHE+UIRTeZBFtHxqo/2lr8bfFrx3Usdi9dV2h+ThSRwIz1eGYf2BD8uGbsFJkD4sMQ0ZHJMsuB7pIuAbVDVVus1+TnXvoNfA6vKYETKNfrwk2gX3OEPZwKGSELr+/r2Pqq1nd2oc5p993b7PQQ1/dN8L8KEDGvTAPfHEqNvyo5kydeDdCoTYU+qn6G/O2pYSgQJyM8Y1ha7p5r928y3imOXoagWzSbdhlUa4LaeV1Orhz53kWxGfffkAXonM8hWaBMlmZEt7YPqX4JwX+uwiPwJupg3RjbXuk9QO3e5bfaQIZ5cMyljkwgliuVGsmk7D08yhMmuk1FoposoNLeT7I8+9maSYSUN6VakCOIRSgnkZwlADjTk6ExsPmAQDzxx2+ciBUq6nQC6Vvw9zLXNFMS/Q/CSw6Fu6+tcRZ49pBuRMpzAiHN8CYVqK/BsrJQlSAFJFUJ8bz9Dmnz53FPMjTypCb8PHXubTs= ceph-e79cc6fc-0319-11ef-bc93-c7b262605968' | sudo tee -a /root/.ssh/authorized_keys && sudo chmod 0600 /root/.ssh/authorized_keys
2024-04-25T15:40:42.354 INFO:teuthology.orchestra.run.smithi193.stdout:ssh-rsa AAAAB3NzaC1yc2EAAAADAQABAAABgQDGU63FKYnRaYjybGBNU8fAHoXvTTvDZ0pHE+UIRTeZBFtHxqo/2lr8bfFrx3Usdi9dV2h+ThSRwIz1eGYf2BD8uGbsFJkD4sMQ0ZHJMsuB7pIuAbVDVVus1+TnXvoNfA6vKYETKNfrwk2gX3OEPZwKGSELr+/r2Pqq1nd2oc5p993b7PQQ1/dN8L8KEDGvTAPfHEqNvyo5kydeDdCoTYU+qn6G/O2pYSgQJyM8Y1ha7p5r928y3imOXoagWzSbdhlUa4LaeV1Orhz53kWxGfffkAXonM8hWaBMlmZEt7YPqX4JwX+uwiPwJupg3RjbXuk9QO3e5bfaQIZ5cMyljkwgliuVGsmk7D08yhMmuk1FoposoNLeT7I8+9maSYSUN6VakCOIRSgnkZwlADjTk6ExsPmAQDzxx2+ciBUq6nQC6Vvw9zLXNFMS/Q/CSw6Fu6+tcRZ49pBuRMpzAiHN8CYVqK/BsrJQlSAFJFUJ8bz9Dmnz53FPMjTypCb8PHXubTs= ceph-e79cc6fc-0319-11ef-bc93-c7b262605968
2024-04-25T15:40:42.365 DEBUG:teuthology.orchestra.run.smithi110:> sudo /home/ubuntu/cephtest/cephadm --image quay.ceph.io/ceph-ci/ceph:quincy shell -c /etc/ceph/ceph.conf -k /etc/ceph/ceph.client.admin.keyring --fsid e79cc6fc-0319-11ef-bc93-c7b262605968 -- ceph config set mgr mgr/cephadm/allow_ptrace true
2024-04-25T15:40:42.631 INFO:teuthology.orchestra.run.smithi110.stderr:Inferring config /var/lib/ceph/e79cc6fc-0319-11ef-bc93-c7b262605968/mon.smithi110/config
2024-04-25T15:40:42.753 INFO:journalctl@ceph.mon.smithi110.smithi110.stdout:Apr 25 15:40:42 smithi110 ceph-mon[26344]: from='client.? 172.21.15.110:0/2720283887' entity='client.admin'
2024-04-25T15:40:44.839 INFO:teuthology.orchestra.run.smithi110.stderr:2024-04-25T15:40:44.837+0000 7f6ef4a0f700 1 -- 172.21.15.110:0/3444637334 >> [v2:172.21.15.110:3300/0,v1:172.21.15.110:6789/0] conn(0x7f6ef00fd020 msgr2=0x7f6ef00fd430 secure :-1 s=STATE_CONNECTION_ESTABLISHED l=1).mark_down
2024-04-25T15:40:44.839 INFO:teuthology.orchestra.run.smithi110.stderr:2024-04-25T15:40:44.837+0000 7f6ef4a0f700 1 --2- 172.21.15.110:0/3444637334 >> [v2:172.21.15.110:3300/0,v1:172.21.15.110:6789/0] conn(0x7f6ef00fd020 0x7f6ef00fd430 secure :-1 s=READY pgs=88 cs=0 l=1 rev1=1 crypto rx=0x7f6ee00048c0 tx=0x7f6ee0009e30 comp rx=0 tx=0).stop
2024-04-25T15:40:44.839 INFO:teuthology.orchestra.run.smithi110.stderr:2024-04-25T15:40:44.837+0000 7f6ef4a0f700 1 -- 172.21.15.110:0/3444637334 shutdown_connections
2024-04-25T15:40:44.840 INFO:teuthology.orchestra.run.smithi110.stderr:2024-04-25T15:40:44.837+0000 7f6ef4a0f700 1 --2- 172.21.15.110:0/3444637334 >> [v2:172.21.15.110:3300/0,v1:172.21.15.110:6789/0] conn(0x7f6ef00fd020 0x7f6ef00fd430 unknown :-1 s=CLOSED pgs=88 cs=0 l=1 rev1=1 crypto rx=0 tx=0 comp rx=0 tx=0).stop
2024-04-25T15:40:44.840 INFO:teuthology.orchestra.run.smithi110.stderr:2024-04-25T15:40:44.837+0000 7f6ef4a0f700 1 -- 172.21.15.110:0/3444637334 >> 172.21.15.110:0/3444637334 conn(0x7f6ef00f70a0 msgr2=0x7f6ef00f94d0 unknown :-1 s=STATE_NONE l=0).mark_down
2024-04-25T15:40:44.840 INFO:teuthology.orchestra.run.smithi110.stderr:2024-04-25T15:40:44.837+0000 7f6ef4a0f700 1 -- 172.21.15.110:0/3444637334 shutdown_connections
