2024-04-25T15:40:30.261+0000 7f00937fe700 1 --2- 172.21.15.110:0/1945674941 >> [v2:172.21.15.110:6800/1116386591,v1:172.21.15.110:6801/1116386591] conn(0x7f007c0368f0 0x7f007c038da0 unknown :-1 s=START_CONNECT pgs=0 cs=0 l=1 rev1=0 crypto rx=0 tx=0 comp rx=0 tx=0)._fault waiting 1.600000
2024-04-25T15:40:34.641 INFO:teuthology.orchestra.run.smithi110.stdout:/usr/bin/ceph: stderr
2024-04-25T15:40:31.862+0000 7f00937fe700 1 -- 172.21.15.110:0/1945674941 >> [v2:172.21.15.110:6800/1116386591,v1:172.21.15.110:6801/1116386591] conn(0x7f007c0368f0 msgr2=0x7f007c038da0 unknown :-1 s=STATE_CONNECTING_RE l=1).process reconnect failed to v2:172.21.15.110:6800/1116386591
2024-04-25T15:40:34.641 INFO:teuthology.orchestra.run.smithi110.stdout:/usr/bin/ceph: stderr
2024-04-25T15:40:31.862+0000 7f00937fe700 1 --2- 172.21.15.110:0/1945674941 >> [v2:172.21.15.110:6800/1116386591,v1:172.21.15.110:6801/1116386591] conn(0x7f007c0368f0 0x7f007c038da0 unknown :-1 s=START_CONNECT pgs=0 cs=0 l=1 rev1=0 crypto rx=0 tx=0 comp rx=0 tx=0)._fault waiting 3.200000
2024-04-25T15:40:34.642 INFO:teuthology.orchestra.run.smithi110.stdout:/usr/bin/ceph: stderr
2024-04-25T15:40:32.961+0000 7f0090ff9700 1 -- 172.21.15.110:0/1945674941 <== mon.0 v2:172.21.15.110:3300/0 6 ==== mgrmap(e 10) v1 ==== 43156+0+0 (secure 0 0 0) 0x7f008802d740 con 0x7f0094102810
2024-04-25T15:40:34.642 INFO:teuthology.orchestra.run.smithi110.stdout:/usr/bin/ceph: stderr
2024-04-25T15:40:32.961+0000 7f0090ff9700 1 -- 172.21.15.110:0/1945674941 >> [v2:172.21.15.110:6800/1116386591,v1:172.21.15.110:6801/1116386591] conn(0x7f007c0368f0 msgr2=0x7f007c038da0 unknown :-1 s=STATE_CONNECTING l=1).mark_down
2024-04-25T15:40:34.642 INFO:teuthology.orchestra.run.smithi110.stdout:/usr/bin/ceph: stderr
2024-04-25T15:40:32.961+0000 7f0090ff9700 1 --2- 172.21.15.110:0/1945674941 >> [v2:172.21.15.110:6800/1116386591,v1:172.21.15.110:6801/1116386591] conn(0x7f007c0368f0 0x7f007c038da0 unknown :-1 s=START_CONNECT pgs=0 cs=0 l=1 rev1=0 crypto rx=0 tx=0 comp rx=0 tx=0).stop
2024-04-25T15:40:34.642 INFO:teuthology.orchestra.run.smithi110.stdout:/usr/bin/ceph: stderr
2024-04-25T15:40:33.963+0000 7f0090ff9700 1 -- 172.21.15.110:0/1945674941 <== mon.0 v2:172.21.15.110:3300/0 7 ==== mgrmap(e 11) v1 ==== 43283+0+0 (secure 0 0 0) 0x7f008804a850 con 0x7f0094102810
2024-04-25T15:40:34.642 INFO:teuthology.orchestra.run.smithi110.stdout:/usr/bin/ceph: stderr
2024-04-25T15:40:33.963+0000 7f0090ff9700 1 --2- 172.21.15.110:0/1945674941 >> [v2:172.21.15.110:6800/3209979562,v1:172.21.15.110:6801/3209979562] conn(0x7f007c039ff0 0x7f007c03c3d0 unknown :-1 s=NONE pgs=0 cs=0 l=1 rev1=0 crypto rx=0 tx=0 comp rx=0 tx=0).connect
2024-04-25T15:40:34.642 INFO:teuthology.orchestra.run.smithi110.stdout:/usr/bin/ceph: stderr
2024-04-25T15:40:33.963+0000 7f0090ff9700 1 -- 172.21.15.110:0/1945674941 --> [v2:172.21.15.110:6800/3209979562,v1:172.21.15.110:6801/3209979562] -- command(tid 0: {"prefix": "get_command_descriptions"}) v1 -- 0x7f009405f5c0 con 0x7f007c039ff0
2024-04-25T15:40:34.642 INFO:teuthology.orchestra.run.smithi110.stdout:/usr/bin/ceph: stderr
2024-04-25T15:40:33.964+0000 7f00937fe700 1 --2- 172.21.15.110:0/1945674941 >> [v2:172.21.15.110:6800/3209979562,v1:172.21.15.110:6801/3209979562] conn(0x7f007c039ff0 0x7f007c03c3d0 unknown :-1 s=BANNER_CONNECTING pgs=0 cs=0 l=1 rev1=0 crypto rx=0 tx=0 comp rx=0 tx=0)._handle_peer_banner_payload supported=3 required=0
2024-04-25T15:40:34.642 INFO:teuthology.orchestra.run.smithi110.stdout:/usr/bin/ceph: stderr
2024-04-25T15:40:33.964+0000 7f00937fe700 1 --2- 172.21.15.110:0/1945674941 >> [v2:172.21.15.110:6800/3209979562,v1:172.21.15.110:6801/3209979562] conn(0x7f007c039ff0 0x7f007c03c3d0 secure :-1 s=READY pgs=3 cs=0 l=1 rev1=1 crypto rx=0x7f00840039d0 tx=0x7f0084009350 comp rx=0 tx=0).ready entity=mgr.14160 client_cookie=0 server_cookie=0 in_seq=0 out_seq=0
2024-04-25T15:40:34.642 INFO:teuthology.orchestra.run.smithi110.stdout:/usr/bin/ceph: stderr
2024-04-25T15:40:33.965+0000 7f0090ff9700 1 -- 172.21.15.110:0/1945674941 <== mgr.14160 v2:172.21.15.110:6800/3209979562 1 ==== command_reply(tid 0: 0 ) v1 ==== 8+0+6549 (secure 0 0 0) 0x7f009405f5c0 con 0x7f007c039ff0
2024-04-25T15:40:34.642 INFO:teuthology.orchestra.run.smithi110.stdout:/usr/bin/ceph: stderr
2024-04-25T15:40:33.971+0000 7f009a483700 1 -- 172.21.15.110:0/1945674941 --> [v2:172.21.15.110:6800/3209979562,v1:172.21.15.110:6801/3209979562] -- command(tid 1: {"prefix": "mgr_status"}) v1 -- 0x7f0094112290 con 0x7f007c039ff0
2024-04-25T15:40:34.642 INFO:teuthology.orchestra.run.smithi110.stdout:/usr/bin/ceph: stderr
2024-04-25T15:40:33.971+0000 7f0090ff9700 1 -- 172.21.15.110:0/1945674941 <== mgr.14160 v2:172.21.15.110:6800/3209979562 2 ==== command_reply(tid 1: 0 ) v1 ==== 8+0+52 (secure 0 0 0) 0x7f0094112290 con 0x7f007c039ff0
2024-04-25T15:40:34.643 INFO:teuthology.orchestra.run.smithi110.stdout:/usr/bin/ceph: stderr
2024-04-25T15:40:33.971+0000 7f009a483700 1 -- 172.21.15.110:0/1945674941 >> [v2:172.21.15.110:6800/3209979562,v1:172.21.15.110:6801/3209979562] conn(0x7f007c039ff0 msgr2=0x7f007c03c3d0 secure :-1 s=STATE_CONNECTION_ESTABLISHED l=1).mark_down
2024-04-25T15:40:34.643 INFO:teuthology.orchestra.run.smithi110.stdout:/usr/bin/ceph: stderr
2024-04-25T15:40:33.971+0000 7f009a483700 1 --2- 172.21.15.110:0/1945674941 >> [v2:172.21.15.110:6800/3209979562,v1:172.21.15.110:6801/3209979562] conn(0x7f007c039ff0 0x7f007c03c3d0 secure :-1 s=READY pgs=3 cs=0 l=1 rev1=1 crypto rx=0x7f00840039d0 tx=0x7f0084009350 comp rx=0 tx=0).stop
2024-04-25T15:40:34.643 INFO:teuthology.orchestra.run.smithi110.stdout:/usr/bin/ceph: stderr
2024-04-25T15:40:33.971+0000 7f009a483700 1 -- 172.21.15.110:0/1945674941 >> [v2:172.21.15.110:3300/0,v1:172.21.15.110:6789/0] conn(0x7f0094102810 msgr2=0x7f00941116c0 secure :-1 s=STATE_CONNECTION_ESTABLISHED l=1).mark_down
2024-04-25T15:40:34.643 INFO:teuthology.orchestra.run.smithi110.stdout:/usr/bin/ceph: stderr
2024-04-25T15:40:33.971+0000 7f009a483700 1 --2- 172.21.15.110:0/1945674941 >> [v2:172.21.15.110:3300/0,v1:172.21.15.110:6789/0] conn(0x7f0094102810 0x7f00941116c0 secure :-1 s=READY pgs=70 cs=0 l=1 rev1=1 crypto rx=0x7f0088011c10 tx=0x7f0088009250 comp rx=0 tx=0).stop
2024-04-25T15:40:34.643 INFO:teuthology.orchestra.run.smithi110.stdout:/usr/bin/ceph: stderr
2024-04-25T15:40:33.971+0000 7f009a483700 1 -- 172.21.15.110:0/1945674941 shutdown_connections
2024-04-25T15:40:34.643 INFO:teuthology.orchestra.run.smithi110.stdout:/usr/bin/ceph: stderr
2024-04-25T15:40:33.971+0000 7f009a483700 1 --2- 172.21.15.110:0/1945674941 >> [v2:172.21.15.110:3300/0,v1:172.21.15.110:6789/0] conn(0x7f0094102810 0x7f00941116c0 unknown :-1 s=CLOSED pgs=70 cs=0 l=1 rev1=1 crypto rx=0 tx=0 comp rx=0 tx=0).stop
2024-04-25T15:40:34.643 INFO:teuthology.orchestra.run.smithi110.stdout:/usr/bin/ceph: stderr
2024-04-25T15:40:33.971+0000 7f009a483700 1 --2- 172.21.15.110:0/1945674941 >> [v2:172.21.15.110:6800/3209979562,v1:172.21.15.110:6801/3209979562] conn(0x7f007c039ff0 0x7f007c03c3d0 unknown :-1 s=CLOSED pgs=3 cs=0 l=1 rev1=1 crypto rx=0 tx=0 comp rx=0 tx=0).stop
2024-04-25T15:40:34.643 INFO:teuthology.orchestra.run.smithi110.stdout:/usr/bin/ceph: stderr
2024-04-25T15:40:33.971+0000 7f009a483700 1 --2- 172.21.15.110:0/1945674941 >> [v2:172.21.15.110:6800/1116386591,v1:172.21.15.110:6801/1116386591] conn(0x7f007c0368f0 0x7f007c038da0 unknown :-1 s=CLOSED pgs=0 cs=0 l=1 rev1=0 crypto rx=0 tx=0 comp rx=0 tx=0).stop
2024-04-25T15:40:34.643 INFO:teuthology.orchestra.run.smithi110.stdout:/usr/bin/ceph: stderr
2024-04-25T15:40:33.971+0000 7f009a483700 1 -- 172.21.15.110:0/1945674941 >> 172.21.15.110:0/1945674941 conn(0x7f00940fdfd0 msgr2=0x7f00940feb20 unknown :-1 s=STATE_NONE l=0).mark_down
2024-04-25T15:40:34.643 INFO:teuthology.orchestra.run.smithi110.stdout:/usr/bin/ceph: stderr
2024-04-25T15:40:33.971+0000 7f009a483700 1 -- 172.21.15.110:0/1945674941 shutdown_connections
2024-04-25T15:40:34.643 INFO:teuthology.orchestra.run.smithi110.stdout:/usr/bin/ceph: stderr
2024-04-25T15:40:33.971+0000 7f009a483700 1 -- 172.21.15.110:0/1945674941 wait complete.
2024-04-25T15:40:34.643 INFO:teuthology.orchestra.run.smithi110.stdout:mgr epoch 9 is available
2024-04-25T15:40:34.643 INFO:teuthology.orchestra.run.smithi110.stdout:Generating a dashboard self-signed certificate...
2024-04-25T15:40:35.236 INFO:journalctl@ceph.mon.smithi110.smithi110.stdout:Apr 25 15:40:35 smithi110 ceph-mon[26344]: [25/Apr/2024:15:40:33] ENGINE Serving on https://172.21.15.110:7150
2024-04-25T15:40:35.236 INFO:journalctl@ceph.mon.smithi110.smithi110.stdout:Apr 25 15:40:35 smithi110 ceph-mon[26344]: [25/Apr/2024:15:40:33] ENGINE Bus STARTED
2024-04-25T15:40:35.236 INFO:journalctl@ceph.mon.smithi110.smithi110.stdout:Apr 25 15:40:35 smithi110 ceph-mon[26344]: from='client.14164 -' entity='client.admin' cmd=[{"prefix": "get_command_descriptions"}]: dispatch
2024-04-25T15:40:35.236 INFO:journalctl@ceph.mon.smithi110.smithi110.stdout:Apr 25 15:40:35 smithi110 ceph-mon[26344]: from='client.14164 -' entity='client.admin' cmd=[{"prefix": "mgr_status"}]: dispatch
2024-04-25T15:40:35.236 INFO:journalctl@ceph.mon.smithi110.smithi110.stdout:Apr 25 15:40:35 smithi110 ceph-mon[26344]: from='mgr.14160 172.21.15.110:0/3927255674' entity='mgr.smithi110.lvgbkf'
2024-04-25T15:40:36.115 INFO:teuthology.orchestra.run.smithi110.stdout:/usr/bin/ceph: stdout Self-signed certificate created
2024-04-25T15:40:36.116 INFO:teuthology.orchestra.run.smithi110.stdout:/usr/bin/ceph: stderr
2024-04-25T15:40:35.018+0000 7f3ace397700 1 Processor -- start
2024-04-25T15:40:36.116 INFO:teuthology.orchestra.run.smithi110.stdout:/usr/bin/ceph: stderr
2024-04-25T15:40:35.019+0000 7f3ace397700 1 -- start start
2024-04-25T15:40:36.116 INFO:teuthology.orchestra.run.smithi110.stdout:/usr/bin/ceph: stderr
2024-04-25T15:40:35.019+0000 7f3ace397700 1 --2- >> [v2:172.21.15.110:3300/0,v1:172.21.15.110:6789/0] conn(0x7f3ac8076c50 0x7f3ac81053e0 unknown :-1 s=NONE pgs=0 cs=0 l=0 rev1=0 crypto rx=0 tx=0 comp rx=0 tx=0).connect
2024-04-25T15:40:36.116 INFO:teuthology.orchestra.run.smithi110.stdout:/usr/bin/ceph: stderr
2024-04-25T15:40:35.019+0000 7f3ace397700 1 -- --> [v2:172.21.15.110:3300/0,v1:172.21.15.110:6789/0] -- mon_getmap magic: 0 v1 -- 0x7f3ac8105920 con 0x7f3ac8076c50
2024-04-25T15:40:36.116 INFO:teuthology.orchestra.run.smithi110.stdout:/usr/bin/ceph: stderr
2024-04-25T15:40:35.019+0000 7f3ac7fff700 1 --2- >> [v2:172.21.15.110:3300/0,v1:172.21.15.110:6789/0] conn(0x7f3ac8076c50 0x7f3ac81053e0 unknown :-1 s=BANNER_CONNECTING pgs=0 cs=0 l=0 rev1=0 crypto rx=0 tx=0 comp rx=0 tx=0)._handle_peer_banner_payload supported=3 required=0
2024-04-25T15:40:36.116 INFO:teuthology.orchestra.run.smithi110.stdout:/usr/bin/ceph: stderr
2024-04-25T15:40:35.019+0000 7f3ac7fff700 1 --2- >> [v2:172.21.15.110:3300/0,v1:172.21.15.110:6789/0] conn(0x7f3ac8076c50 0x7f3ac81053e0 unknown :-1 s=HELLO_CONNECTING pgs=0 cs=0 l=0 rev1=1 crypto rx=0 tx=0 comp rx=0 tx=0).handle_hello peer v2:172.21.15.110:3300/0 says I am v2:172.21.15.110:40298/0 (socket says 172.21.15.110:40298)
2024-04-25T15:40:36.116 INFO:teuthology.orchestra.run.smithi110.stdout:/usr/bin/ceph: stderr
2024-04-25T15:40:35.019+0000 7f3ac7fff700 1 -- 172.21.15.110:0/1436375510 learned_addr learned my addr 172.21.15.110:0/1436375510 (peer_addr_for_me v2:172.21.15.110:0/0)
2024-04-25T15:40:36.116 INFO:teuthology.orchestra.run.smithi110.stdout:/usr/bin/ceph: stderr
2024-04-25T15:40:35.019+0000 7f3ac7fff700 1 -- 172.21.15.110:0/1436375510 --> [v2:172.21.15.110:3300/0,v1:172.21.15.110:6789/0] -- mon_subscribe({config=0+,monmap=0+}) v3 -- 0x7f3ac8105a60 con 0x7f3ac8076c50
2024-04-25T15:40:36.116 INFO:teuthology.orchestra.run.smithi110.stdout:/usr/bin/ceph: stderr
2024-04-25T15:40:35.019+0000 7f3ac7fff700 1 --2- 172.21.15.110:0/1436375510 >> [v2:172.21.15.110:3300/0,v1:172.21.15.110:6789/0] conn(0x7f3ac8076c50 0x7f3ac81053e0 secure :-1 s=READY pgs=78 cs=0 l=1 rev1=1 crypto rx=0x7f3ab80098e0 tx=0x7f3ab8009250 comp rx=0 tx=0).ready entity=mon.0 client_cookie=2137266ad29a3fa7 server_cookie=0 in_seq=0 out_seq=0
2024-04-25T15:40:36.116 INFO:teuthology.orchestra.run.smithi110.stdout:/usr/bin/ceph: stderr
2024-04-25T15:40:35.019+0000 7f3ac6ffd700 1 -- 172.21.15.110:0/1436375510 <== mon.0 v2:172.21.15.110:3300/0 1 ==== mon_map magic: 0 v1 ==== 229+0+0 (secure 0 0 0) 0x7f3ab800b860 con 0x7f3ac8076c50
2024-04-25T15:40:36.116 INFO:teuthology.orchestra.run.smithi110.stdout:/usr/bin/ceph: stderr
2024-04-25T15:40:35.020+0000 7f3ac6ffd700 1 -- 172.21.15.110:0/1436375510 <== mon.0 v2:172.21.15.110:3300/0 2 ==== config(27 keys) v1 ==== 1109+0+0 (secure 0 0 0) 0x7f3ab800be90 con 0x7f3ac8076c50
2024-04-25T15:40:36.116 INFO:teuthology.orchestra.run.smithi110.stdout:/usr/bin/ceph: stderr
2024-04-25T15:40:35.020+0000 7f3ac6ffd700 1 -- 172.21.15.110:0/1436375510 <== mon.0 v2:172.21.15.110:3300/0 3 ==== mon_map magic: 0 v1 ==== 229+0+0 (secure 0 0 0) 0x7f3ab80103c0 con 0x7f3ac8076c50
2024-04-25T15:40:36.116 INFO:teuthology.orchestra.run.smithi110.stdout:/usr/bin/ceph: stderr
2024-04-25T15:40:35.020+0000 7f3ace397700 1 -- 172.21.15.110:0/1436375510 >> [v2:172.21.15.110:3300/0,v1:172.21.15.110:6789/0] conn(0x7f3ac8076c50 msgr2=0x7f3ac81053e0 secure :-1 s=STATE_CONNECTION_ESTABLISHED l=1).mark_down
2024-04-25T15:40:36.117 INFO:teuthology.orchestra.run.smithi110.stdout:/usr/bin/ceph: stderr
2024-04-25T15:40:35.020+0000 7f3ace397700 1 --2- 172.21.15.110:0/1436375510 >> [v2:172.21.15.110:3300/0,v1:172.21.15.110:6789/0] conn(0x7f3ac8076c50 0x7f3ac81053e0 secure :-1 s=READY pgs=78 cs=0 l=1 rev1=1 crypto rx=0x7f3ab80098e0 tx=0x7f3ab8009250 comp rx=0 tx=0).stop
2024-04-25T15:40:36.117 INFO:teuthology.orchestra.run.smithi110.stdout:/usr/bin/ceph: stderr
2024-04-25T15:40:35.020+0000 7f3ace397700 1 -- 172.21.15.110:0/1436375510 shutdown_connections
2024-04-25T15:40:36.117 INFO:teuthology.orchestra.run.smithi110.stdout:/usr/bin/ceph: stderr
2024-04-25T15:40:35.020+0000 7f3ace397700 1 --2- 172.21.15.110:0/1436375510 >> [v2:172.21.15.110:3300/0,v1:172.21.15.110:6789/0] conn(0x7f3ac8076c50 0x7f3ac81053e0 unknown :-1 s=CLOSED pgs=78 cs=0 l=1 rev1=1 crypto rx=0 tx=0 comp rx=0 tx=0).stop
2024-04-25T15:40:36.117 INFO:teuthology.orchestra.run.smithi110.stdout:/usr/bin/ceph: stderr
2024-04-25T15:40:35.020+0000 7f3ace397700 1 -- 172.21.15.110:0/1436375510 >> 172.21.15.110:0/1436375510 conn(0x7f3ac80fced0 msgr2=0x7f3ac80ff2e0 unknown :-1 s=STATE_NONE l=0).mark_down
2024-04-25T15:40:36.117 INFO:teuthology.orchestra.run.smithi110.stdout:/usr/bin/ceph: stderr
2024-04-25T15:40:35.020+0000 7f3ace397700 1 -- 172.21.15.110:0/1436375510 shutdown_connections
2024-04-25T15:40:36.117 INFO:teuthology.orchestra.run.smithi110.stdout:/usr/bin/ceph: stderr
2024-04-25T15:40:35.020+0000 7f3ace397700 1 -- 172.21.15.110:0/1436375510 wait complete.
2024-04-25T15:40:36.117 INFO:teuthology.orchestra.run.smithi110.stdout:/usr/bin/ceph: stderr
2024-04-25T15:40:35.021+0000 7f3ace397700 1 Processor -- start
2024-04-25T15:40:36.117 INFO:teuthology.orchestra.run.smithi110.stdout:/usr/bin/ceph: stderr
2024-04-25T15:40:35.021+0000 7f3ace397700 1 -- start start
2024-04-25T15:40:36.117 INFO:teuthology.orchestra.run.smithi110.stdout:/usr/bin/ceph: stderr
2024-04-25T15:40:35.021+0000 7f3ace397700 1 --2- >> [v2:172.21.15.110:3300/0,v1:172.21.15.110:6789/0] conn(0x7f3ac8076c50 0x7f3ac8102d30 unknown :-1 s=NONE pgs=0 cs=0 l=1 rev1=0 crypto rx=0 tx=0 comp rx=0 tx=0).connect
2024-04-25T15:40:36.117 INFO:teuthology.orchestra.run.smithi110.stdout:/usr/bin/ceph: stderr
2024-04-25T15:40:35.021+0000 7f3ace397700 1 -- --> [v2:172.21.15.110:3300/0,v1:172.21.15.110:6789/0] -- mon_getmap magic: 0 v1 -- 0x7f3ac8103270 con 0x7f3ac8076c50
2024-04-25T15:40:36.117 INFO:teuthology.orchestra.run.smithi110.stdout:/usr/bin/ceph: stderr
2024-04-25T15:40:35.021+0000 7f3ac7fff700 1 --2- >> [v2:172.21.15.110:3300/0,v1:172.21.15.110:6789/0] conn(0x7f3ac8076c50 0x7f3ac8102d30 unknown :-1 s=BANNER_CONNECTING pgs=0 cs=0 l=1 rev1=0 crypto rx=0 tx=0 comp rx=0 tx=0)._handle_peer_banner_payload supported=3 required=0
2024-04-25T15:40:36.117 INFO:teuthology.orchestra.run.smithi110.stdout:/usr/bin/ceph: stderr
2024-04-25T15:40:35.021+0000 7f3ac7fff700 1 --2- >> [v2:172.21.15.110:3300/0,v1:172.21.15.110:6789/0] conn(0x7f3ac8076c50 0x7f3ac8102d30 unknown :-1 s=HELLO_CONNECTING pgs=0 cs=0 l=1 rev1=1 crypto rx=0 tx=0 comp rx=0 tx=0).handle_hello peer v2:172.21.15.110:3300/0 says I am v2:172.21.15.110:40304/0 (socket says 172.21.15.110:40304)
2024-04-25T15:40:36.117 INFO:teuthology.orchestra.run.smithi110.stdout:/usr/bin/ceph: stderr
2024-04-25T15:40:35.021+0000 7f3ac7fff700 1 -- 172.21.15.110:0/2681302046 learned_addr learned my addr 172.21.15.110:0/2681302046 (peer_addr_for_me v2:172.21.15.110:0/0)
2024-04-25T15:40:36.117 INFO:teuthology.orchestra.run.smithi110.stdout:/usr/bin/ceph: stderr
2024-04-25T15:40:35.022+0000 7f3ac7fff700 1 -- 172.21.15.110:0/2681302046 --> [v2:172.21.15.110:3300/0,v1:172.21.15.110:6789/0] -- mon_subscribe({config=0+,monmap=0+}) v3 -- 0x7f3ab80094f0 con 0x7f3ac8076c50
2024-04-25T15:40:36.117 INFO:teuthology.orchestra.run.smithi110.stdout:/usr/bin/ceph: stderr
2024-04-25T15:40:35.022+0000 7f3ac7fff700 1 --2- 172.21.15.110:0/2681302046 >> [v2:172.21.15.110:3300/0,v1:172.21.15.110:6789/0] conn(0x7f3ac8076c50 0x7f3ac8102d30 secure :-1 s=READY pgs=79 cs=0 l=1 rev1=1 crypto rx=0x7f3ab80094c0 tx=0x7f3ab8009250 comp rx=0 tx=0).ready entity=mon.0 client_cookie=0 server_cookie=0 in_seq=0 out_seq=0
2024-04-25T15:40:36.117 INFO:teuthology.orchestra.run.smithi110.stdout:/usr/bin/ceph: stderr
2024-04-25T15:40:35.022+0000 7f3ac4ff9700 1 -- 172.21.15.110:0/2681302046 <== mon.0 v2:172.21.15.110:3300/0 1 ==== mon_map magic: 0 v1 ==== 229+0+0 (secure 0 0 0) 0x7f3ab8010890 con 0x7f3ac8076c50
2024-04-25T15:40:36.118 INFO:teuthology.orchestra.run.smithi110.stdout:/usr/bin/ceph: stderr
2024-04-25T15:40:35.022+0000 7f3ac4ff9700 1 -- 172.21.15.110:0/2681302046 <== mon.0 v2:172.21.15.110:3300/0 2 ==== config(27 keys) v1 ==== 1109+0+0 (secure 0 0 0) 0x7f3ab8010ec0 con 0x7f3ac8076c50
2024-04-25T15:40:36.118 INFO:teuthology.orchestra.run.smithi110.stdout:/usr/bin/ceph: stderr
2024-04-25T15:40:35.022+0000 7f3ace397700 1 -- 172.21.15.110:0/2681302046 --> [v2:172.21.15.110:3300/0,v1:172.21.15.110:6789/0] -- mon_subscribe({mgrmap=0+}) v3 -- 0x7f3ac81012e0 con 0x7f3ac8076c50
2024-04-25T15:40:36.118 INFO:teuthology.orchestra.run.smithi110.stdout:/usr/bin/ceph: stderr
2024-04-25T15:40:35.022+0000 7f3ac4ff9700 1 -- 172.21.15.110:0/2681302046 <== mon.0 v2:172.21.15.110:3300/0 3 ==== mon_map magic: 0 v1 ==== 229+0+0 (secure 0 0 0) 0x7f3ab80243f0 con 0x7f3ac8076c50
2024-04-25T15:40:36.118 INFO:teuthology.orchestra.run.smithi110.stdout:/usr/bin/ceph: stderr
2024-04-25T15:40:35.022+0000 7f3ace397700 1 -- 172.21.15.110:0/2681302046 --> [v2:172.21.15.110:3300/0,v1:172.21.15.110:6789/0] -- mon_subscribe({osdmap=0}) v3 -- 0x7f3ac81017d0 con 0x7f3ac8076c50
2024-04-25T15:40:36.118 INFO:teuthology.orchestra.run.smithi110.stdout:/usr/bin/ceph: stderr
2024-04-25T15:40:35.023+0000 7f3ac4ff9700 1 -- 172.21.15.110:0/2681302046 <== mon.0 v2:172.21.15.110:3300/0 4 ==== mgrmap(e 11) v1 ==== 43283+0+0 (secure 0 0 0) 0x7f3ab802d3f0 con 0x7f3ac8076c50
2024-04-25T15:40:36.118 INFO:teuthology.orchestra.run.smithi110.stdout:/usr/bin/ceph: stderr
2024-04-25T15:40:35.023+0000 7f3ac4ff9700 1 --2- 172.21.15.110:0/2681302046 >> [v2:172.21.15.110:6800/3209979562,v1:172.21.15.110:6801/3209979562] conn(0x7f3ab0036770 0x7f3ab0038c20 unknown :-1 s=NONE pgs=0 cs=0 l=1 rev1=0 crypto rx=0 tx=0 comp rx=0 tx=0).connect
2024-04-25T15:40:36.118 INFO:teuthology.orchestra.run.smithi110.stdout:/usr/bin/ceph: stderr
2024-04-25T15:40:35.023+0000 7f3ac4ff9700 1 -- 172.21.15.110:0/2681302046 <== mon.0 v2:172.21.15.110:3300/0 5 ==== osd_map(3..3 src has 1..3) v4 ==== 1151+0+0 (secure 0 0 0) 0x7f3ab804b290 con 0x7f3ac8076c50
2024-04-25T15:40:36.118 INFO:teuthology.orchestra.run.smithi110.stdout:/usr/bin/ceph: stderr
2024-04-25T15:40:35.023+0000 7f3ac77fe700 1 --2- 172.21.15.110:0/2681302046 >> [v2:172.21.15.110:6800/3209979562,v1:172.21.15.110:6801/3209979562] conn(0x7f3ab0036770 0x7f3ab0038c20 unknown :-1 s=BANNER_CONNECTING pgs=0 cs=0 l=1 rev1=0 crypto rx=0 tx=0 comp rx=0 tx=0)._handle_peer_banner_payload supported=3 required=0
2024-04-25T15:40:36.118 INFO:teuthology.orchestra.run.smithi110.stdout:/usr/bin/ceph: stderr
2024-04-25T15:40:35.023+0000 7f3ace397700 1 -- 172.21.15.110:0/2681302046 --> [v2:172.21.15.110:3300/0,v1:172.21.15.110:6789/0] -- mon_command({"prefix": "get_command_descriptions"} v 0) v1 -- 0x7f3ac804bed0 con 0x7f3ac8076c50
2024-04-25T15:40:36.118 INFO:teuthology.orchestra.run.smithi110.stdout:/usr/bin/ceph: stderr
2024-04-25T15:40:35.024+0000 7f3ac77fe700 1 --2- 172.21.15.110:0/2681302046 >> [v2:172.21.15.110:6800/3209979562,v1:172.21.15.110:6801/3209979562] conn(0x7f3ab0036770 0x7f3ab0038c20 secure :-1 s=READY pgs=7 cs=0 l=1 rev1=1 crypto rx=0x7f3abc009990 tx=0x7f3abc006e40 comp rx=0 tx=0).ready entity=mgr.14160 client_cookie=0 server_cookie=0 in_seq=0 out_seq=0
2024-04-25T15:40:36.118 INFO:teuthology.orchestra.run.smithi110.stdout:/usr/bin/ceph: stderr
2024-04-25T15:40:35.028+0000 7f3ac4ff9700 1 -- 172.21.15.110:0/2681302046 <== mon.0 v2:172.21.15.110:3300/0 6 ==== mon_command_ack([{"prefix": "get_command_descriptions"}]=0 v0) v1 ==== 72+0+176702 (secure 0 0 0) 0x7f3ab802b8e0 con 0x7f3ac8076c50
2024-04-25T15:40:36.118 INFO:teuthology.orchestra.run.smithi110.stdout:/usr/bin/ceph: stderr
2024-04-25T15:40:35.235+0000 7f3ace397700 1 -- 172.21.15.110:0/2681302046 --> [v2:172.21.15.110:6800/3209979562,v1:172.21.15.110:6801/3209979562] -- mgr_command(tid 0: {"prefix": "dashboard create-self-signed-cert", "target": ["mon-mgr", ""]}) v1 -- 0x7f3ac8101e60 con 0x7f3ab0036770
2024-04-25T15:40:36.118 INFO:teuthology.orchestra.run.smithi110.stdout:/usr/bin/ceph: stderr
2024-04-25T15:40:35.540+0000 7f3ac4ff9700 1 -- 172.21.15.110:0/2681302046 <== mgr.14160 v2:172.21.15.110:6800/3209979562 1 ==== mgr_command_reply(tid 0: 0 ) v1 ==== 8+0+32 (secure 0 0 0) 0x7f3ac8101e60 con 0x7f3ab0036770
2024-04-25T15:40:36.118 INFO:teuthology.orchestra.run.smithi110.stdout:/usr/bin/ceph: stderr
2024-04-25T15:40:35.542+0000 7f3ace397700 1 -- 172.21.15.110:0/2681302046 >> [v2:172.21.15.110:6800/3209979562,v1:172.21.15.110:6801/3209979562] conn(0x7f3ab0036770 msgr2=0x7f3ab0038c20 secure :-1 s=STATE_CONNECTION_ESTABLISHED l=1).mark_down
2024-04-25T15:40:36.119 INFO:teuthology.orchestra.run.smithi110.stdout:/usr/bin/ceph: stderr
2024-04-25T15:40:35.542+0000 7f3ace397700 1 --2- 172.21.15.110:0/2681302046 >> [v2:172.21.15.110:6800/3209979562,v1:172.21.15.110:6801/3209979562] conn(0x7f3ab0036770 0x7f3ab0038c20 secure :-1 s=READY pgs=7 cs=0 l=1 rev1=1 crypto rx=0x7f3abc009990 tx=0x7f3abc006e40 comp rx=0 tx=0).stop
2024-04-25T15:40:36.119 INFO:teuthology.orchestra.run.smithi110.stdout:/usr/bin/ceph: stderr
2024-04-25T15:40:35.542+0000 7f3ace397700 1 -- 172.21.15.110:0/2681302046 >> [v2:172.21.15.110:3300/0,v1:172.21.15.110:6789/0] conn(0x7f3ac8076c50 msgr2=0x7f3ac8102d30 secure :-1 s=STATE_CONNECTION_ESTABLISHED l=1).mark_down
2024-04-25T15:40:36.119 INFO:teuthology.orchestra.run.smithi110.stdout:/usr/bin/ceph: stderr
2024-04-25T15:40:35.542+0000 7f3ace397700 1 --2- 172.21.15.110:0/2681302046 >> [v2:172.21.15.110:3300/0,v1:172.21.15.110:6789/0] conn(0x7f3ac8076c50 0x7f3ac8102d30 secure :-1 s=READY pgs=79 cs=0 l=1 rev1=1 crypto rx=0x7f3ab80094c0 tx=0x7f3ab8009250 comp rx=0 tx=0).stop
2024-04-25T15:40:36.119 INFO:teuthology.orchestra.run.smithi110.stdout:/usr/bin/ceph: stderr
2024-04-25T15:40:35.542+0000 7f3ace397700 1 -- 172.21.15.110:0/2681302046 shutdown_connections
2024-04-25T15:40:36.119 INFO:teuthology.orchestra.run.smithi110.stdout:/usr/bin/ceph: stderr
2024-04-25T15:40:35.542+0000 7f3ace397700 1 --2- 172.21.15.110:0/2681302046 >> [v2:172.21.15.110:6800/3209979562,v1:172.21.15.110:6801/3209979562] conn(0x7f3ab0036770 0x7f3ab0038c20 unknown :-1 s=CLOSED pgs=7 cs=0 l=1 rev1=1 crypto rx=0 tx=0 comp rx=0 tx=0).stop
2024-04-25T15:40:36.119 INFO:teuthology.orchestra.run.smithi110.stdout:/usr/bin/ceph: stderr
2024-04-25T15:40:35.542+0000 7f3ace397700 1 --2- 172.21.15.110:0/2681302046 >> [v2:172.21.15.110:3300/0,v1:172.21.15.110:6789/0] conn(0x7f3ac8076c50 0x7f3ac8102d30 unknown :-1 s=CLOSED pgs=79 cs=0 l=1 rev1=1 crypto rx=0 tx=0 comp rx=0 tx=0).stop
2024-04-25T15:40:36.119 INFO:teuthology.orchestra.run.smithi110.stdout:/usr/bin/ceph: stderr
2024-04-25T15:40:35.542+0000 7f3ace397700 1 -- 172.21.15.110:0/2681302046 >> 172.21.15.110:0/2681302046 conn(0x7f3ac80fced0 msgr2=0x7f3ac80fd9b0 unknown :-1 s=STATE_NONE l=0).mark_down
2024-04-25T15:40:36.119 INFO:teuthology.orchestra.run.smithi110.stdout:/usr/bin/ceph: stderr
2024-04-25T15:40:35.542+0000 7f3ace397700 1 -- 172.21.15.110:0/2681302046 shutdown_connections
2024-04-25T15:40:36.119 INFO:teuthology.orchestra.run.smithi110.stdout:/usr/bin/ceph: stderr
2024-04-25T15:40:35.542+0000 7f3ace397700 1 -- 172.21.15.110:0/2681302046 wait complete.
2024-04-25T15:40:36.119 INFO:teuthology.orchestra.run.smithi110.stdout:Creating initial admin user...
2024-04-25T15:40:36.770 INFO:journalctl@ceph.mon.smithi110.smithi110.stdout:Apr 25 15:40:36 smithi110 ceph-mon[26344]: from='client.14172 -' entity='client.admin' cmd=[{"prefix": "dashboard create-self-signed-cert", "target": ["mon-mgr", ""]}]: dispatch
2024-04-25T15:40:36.770 INFO:journalctl@ceph.mon.smithi110.smithi110.stdout:Apr 25 15:40:36 smithi110 ceph-mon[26344]: from='mgr.14160 172.21.15.110:0/3927255674' entity='mgr.smithi110.lvgbkf'
2024-04-25T15:40:36.770 INFO:journalctl@ceph.mon.smithi110.smithi110.stdout:Apr 25 15:40:36 smithi110 ceph-mon[26344]: from='mgr.14160 172.21.15.110:0/3927255674' entity='mgr.smithi110.lvgbkf'
2024-04-25T15:40:36.771 INFO:journalctl@ceph.mon.smithi110.smithi110.stdout:Apr 25 15:40:36 smithi110 ceph-mon[26344]: from='mgr.14160 172.21.15.110:0/3927255674' entity='mgr.smithi110.lvgbkf'
2024-04-25T15:40:36.771 INFO:journalctl@ceph.mon.smithi110.smithi110.stdout:Apr 25 15:40:36 smithi110 ceph-mon[26344]: mgrmap e12: smithi110.lvgbkf(active, since 2s)
2024-04-25T15:40:38.071 INFO:journalctl@ceph.mon.smithi110.smithi110.stdout:Apr 25 15:40:37 smithi110 ceph-mon[26344]: from='client.14174 -' entity='client.admin' cmd=[{"prefix": "dashboard ac-user-create", "username": "admin", "rolename": "administrator", "force_password": true, "pwd_update_required": true, "target": ["mon-mgr", ""]}]: dispatch
2024-04-25T15:40:38.071 INFO:journalctl@ceph.mon.smithi110.smithi110.stdout:Apr 25 15:40:37 smithi110 ceph-mon[26344]: from='mgr.14160 172.21.15.110:0/3927255674' entity='mgr.smithi110.lvgbkf'
2024-04-25T15:40:38.312 INFO:teuthology.orchestra.run.smithi110.stdout:/usr/bin/ceph: stdout {"username": "admin", "password": "$2b$12$i222kLpz.LhY5Bx7ZmTl0ezpLG5qGUjKNvyehhX3d/K3PeF/x8T9.", "roles": ["administrator"], "name": null, "email": null, "lastUpdate": 1714059636, "enabled": true, "pwdExpirationDate": null, "pwdUpdateRequired": true}
2024-04-25T15:40:38.312 INFO:teuthology.orchestra.run.smithi110.stdout:/usr/bin/ceph: stderr
2024-04-25T15:40:36.550+0000 7f0e0e480700 1 Processor -- start
2024-04-25T15:40:38.312 INFO:teuthology.orchestra.run.smithi110.stdout:/usr/bin/ceph: stderr
2024-04-25T15:40:36.550+0000 7f0e0e480700 1 -- start start
2024-04-25T15:40:38.312 INFO:teuthology.orchestra.run.smithi110.stdout:/usr/bin/ceph: stderr
2024-04-25T15:40:36.550+0000 7f0e0e480700 1 --2- >> [v2:172.21.15.110:3300/0,v1:172.21.15.110:6789/0] conn(0x7f0e08101d40 0x7f0e08102150 unknown :-1 s=NONE pgs=0 cs=0 l=0 rev1=0 crypto rx=0 tx=0 comp rx=0 tx=0).connect
2024-04-25T15:40:38.313 INFO:teuthology.orchestra.run.smithi110.stdout:/usr/bin/ceph: stderr
2024-04-25T15:40:36.550+0000 7f0e0e480700 1 -- --> [v2:172.21.15.110:3300/0,v1:172.21.15.110:6789/0] -- mon_getmap magic: 0 v1 -- 0x7f0e08102690 con 0x7f0e08101d40
2024-04-25T15:40:38.313 INFO:teuthology.orchestra.run.smithi110.stdout:/usr/bin/ceph: stderr
2024-04-25T15:40:36.550+0000 7f0e07fff700 1 --2- >> [v2:172.21.15.110:3300/0,v1:172.21.15.110:6789/0] conn(0x7f0e08101d40 0x7f0e08102150 unknown :-1 s=BANNER_CONNECTING pgs=0 cs=0 l=0 rev1=0 crypto rx=0 tx=0 comp rx=0 tx=0)._handle_peer_banner_payload supported=3 required=0
2024-04-25T15:40:38.313 INFO:teuthology.orchestra.run.smithi110.stdout:/usr/bin/ceph: stderr
2024-04-25T15:40:36.551+0000 7f0e07fff700 1 --2- >> [v2:172.21.15.110:3300/0,v1:172.21.15.110:6789/0] conn(0x7f0e08101d40 0x7f0e08102150 unknown :-1 s=HELLO_CONNECTING pgs=0 cs=0 l=0 rev1=1 crypto rx=0 tx=0 comp rx=0 tx=0).handle_hello peer v2:172.21.15.110:3300/0 says I am v2:172.21.15.110:40308/0 (socket says 172.21.15.110:40308)
2024-04-25T15:40:38.313 INFO:teuthology.orchestra.run.smithi110.stdout:/usr/bin/ceph: stderr
2024-04-25T15:40:36.551+0000 7f0e07fff700 1 -- 172.21.15.110:0/383563649 learned_addr learned my addr 172.21.15.110:0/383563649 (peer_addr_for_me v2:172.21.15.110:0/0)
2024-04-25T15:40:38.313 INFO:teuthology.orchestra.run.smithi110.stdout:/usr/bin/ceph: stderr
2024-04-25T15:40:36.551+0000 7f0e07fff700 1 -- 172.21.15.110:0/383563649 --> [v2:172.21.15.110:3300/0,v1:172.21.15.110:6789/0] -- mon_subscribe({config=0+,monmap=0+}) v3 -- 0x7f0e081027d0 con 0x7f0e08101d40
2024-04-25T15:40:38.313 INFO:teuthology.orchestra.run.smithi110.stdout:/usr/bin/ceph: stderr
2024-04-25T15:40:36.551+0000 7f0e07fff700 1 --2- 172.21.15.110:0/383563649 >> [v2:172.21.15.110:3300/0,v1:172.21.15.110:6789/0] conn(0x7f0e08101d40 0x7f0e08102150 secure :-1 s=READY pgs=80 cs=0 l=1 rev1=1 crypto rx=0x7f0df80098e0 tx=0x7f0df8009250 comp rx=0 tx=0).ready entity=mon.0 client_cookie=99e14451c1161f17 server_cookie=0 in_seq=0 out_seq=0
2024-04-25T15:40:38.313 INFO:teuthology.orchestra.run.smithi110.stdout:/usr/bin/ceph: stderr
2024-04-25T15:40:36.551+0000 7f0e06ffd700 1 -- 172.21.15.110:0/383563649 <== mon.0 v2:172.21.15.110:3300/0 1 ==== mon_map magic: 0 v1 ==== 229+0+0 (secure 0 0 0) 0x7f0df800b860 con 0x7f0e08101d40
2024-04-25T15:40:38.313 INFO:teuthology.orchestra.run.smithi110.stdout:/usr/bin/ceph: stderr
2024-04-25T15:40:36.551+0000 7f0e06ffd700 1 -- 172.21.15.110:0/383563649 <== mon.0 v2:172.21.15.110:3300/0 2 ==== config(27 keys) v1 ==== 1109+0+0 (secure 0 0 0) 0x7f0df800be90 con 0x7f0e08101d40
2024-04-25T15:40:38.313 INFO:teuthology.orchestra.run.smithi110.stdout:/usr/bin/ceph: stderr
2024-04-25T15:40:36.551+0000 7f0e06ffd700 1 -- 172.21.15.110:0/383563649 <== mon.0 v2:172.21.15.110:3300/0 3 ==== mon_map magic: 0 v1 ==== 229+0+0 (secure 0 0 0) 0x7f0df80103c0 con 0x7f0e08101d40
2024-04-25T15:40:38.313 INFO:teuthology.orchestra.run.smithi110.stdout:/usr/bin/ceph: stderr
2024-04-25T15:40:36.552+0000 7f0e0e480700 1 -- 172.21.15.110:0/383563649 >> [v2:172.21.15.110:3300/0,v1:172.21.15.110:6789/0] conn(0x7f0e08101d40 msgr2=0x7f0e08102150 secure :-1 s=STATE_CONNECTION_ESTABLISHED l=1).mark_down
2024-04-25T15:40:38.314 INFO:teuthology.orchestra.run.smithi110.stdout:/usr/bin/ceph: stderr
2024-04-25T15:40:36.552+0000 7f0e0e480700 1 --2- 172.21.15.110:0/383563649 >> [v2:172.21.15.110:3300/0,v1:172.21.15.110:6789/0] conn(0x7f0e08101d40 0x7f0e08102150 secure :-1 s=READY pgs=80 cs=0 l=1 rev1=1 crypto rx=0x7f0df80098e0 tx=0x7f0df8009250 comp rx=0 tx=0).stop
2024-04-25T15:40:38.314 INFO:teuthology.orchestra.run.smithi110.stdout:/usr/bin/ceph: stderr
2024-04-25T15:40:36.552+0000 7f0e0e480700 1 -- 172.21.15.110:0/383563649 shutdown_connections
2024-04-25T15:40:38.314 INFO:teuthology.orchestra.run.smithi110.stdout:/usr/bin/ceph: stderr
2024-04-25T15:40:36.552+0000 7f0e0e480700 1 --2- 172.21.15.110:0/383563649 >> [v2:172.21.15.110:3300/0,v1:172.21.15.110:6789/0] conn(0x7f0e08101d40 0x7f0e08102150 unknown :-1 s=CLOSED pgs=80 cs=0 l=1 rev1=1 crypto rx=0 tx=0 comp rx=0 tx=0).stop
2024-04-25T15:40:38.314 INFO:teuthology.orchestra.run.smithi110.stdout:/usr/bin/ceph: stderr
2024-04-25T15:40:36.552+0000 7f0e0e480700 1 -- 172.21.15.110:0/383563649 >> 172.21.15.110:0/383563649 conn(0x7f0e080fc6f0 msgr2=0x7f0e080feb00 unknown :-1 s=STATE_NONE l=0).mark_down
2024-04-25T15:40:38.314 INFO:teuthology.orchestra.run.smithi110.stdout:/usr/bin/ceph: stderr
2024-04-25T15:40:36.552+0000 7f0e0e480700 1 -- 172.21.15.110:0/383563649 shutdown_connections
2024-04-25T15:40:38.314 INFO:teuthology.orchestra.run.smithi110.stdout:/usr/bin/ceph: stderr
2024-04-25T15:40:36.552+0000 7f0e0e480700 1 -- 172.21.15.110:0/383563649 wait complete.
2024-04-25T15:40:38.314 INFO:teuthology.orchestra.run.smithi110.stdout:/usr/bin/ceph: stderr
2024-04-25T15:40:36.552+0000 7f0e0e480700 1 Processor -- start
2024-04-25T15:40:38.314 INFO:teuthology.orchestra.run.smithi110.stdout:/usr/bin/ceph: stderr
2024-04-25T15:40:36.553+0000 7f0e0e480700 1 -- start start
2024-04-25T15:40:38.314 INFO:teuthology.orchestra.run.smithi110.stdout:/usr/bin/ceph: stderr
2024-04-25T15:40:36.553+0000 7f0e0e480700 1 --2- >> [v2:172.21.15.110:3300/0,v1:172.21.15.110:6789/0] conn(0x7f0e08101d40 0x7f0e08101540 unknown :-1 s=NONE pgs=0 cs=0 l=1 rev1=0 crypto rx=0 tx=0 comp rx=0 tx=0).connect
2024-04-25T15:40:38.314 INFO:teuthology.orchestra.run.smithi110.stdout:/usr/bin/ceph: stderr
2024-04-25T15:40:36.553+0000 7f0e0e480700 1 -- --> [v2:172.21.15.110:3300/0,v1:172.21.15.110:6789/0] -- mon_getmap magic: 0 v1 -- 0x7f0e08114300 con 0x7f0e08101d40
2024-04-25T15:40:38.314 INFO:teuthology.orchestra.run.smithi110.stdout:/usr/bin/ceph: stderr
2024-04-25T15:40:36.553+0000 7f0e07fff700 1 --2- >> [v2:172.21.15.110:3300/0,v1:172.21.15.110:6789/0] conn(0x7f0e08101d40 0x7f0e08101540 unknown :-1 s=BANNER_CONNECTING pgs=0 cs=0 l=1 rev1=0 crypto rx=0 tx=0 comp rx=0 tx=0)._handle_peer_banner_payload supported=3 required=0
2024-04-25T15:40:38.314 INFO:teuthology.orchestra.run.smithi110.stdout:/usr/bin/ceph: stderr
2024-04-25T15:40:36.553+0000 7f0e07fff700 1 --2- >> [v2:172.21.15.110:3300/0,v1:172.21.15.110:6789/0] conn(0x7f0e08101d40 0x7f0e08101540 unknown :-1 s=HELLO_CONNECTING pgs=0 cs=0 l=1 rev1=1 crypto rx=0 tx=0 comp rx=0 tx=0).handle_hello peer v2:172.21.15.110:3300/0 says I am v2:172.21.15.110:40322/0 (socket says 172.21.15.110:40322)
2024-04-25T15:40:38.314 INFO:teuthology.orchestra.run.smithi110.stdout:/usr/bin/ceph: stderr
2024-04-25T15:40:36.553+0000 7f0e07fff700 1 -- 172.21.15.110:0/2161384581 learned_addr learned my addr 172.21.15.110:0/2161384581 (peer_addr_for_me v2:172.21.15.110:0/0)
2024-04-25T15:40:38.314 INFO:teuthology.orchestra.run.smithi110.stdout:/usr/bin/ceph: stderr
2024-04-25T15:40:36.553+0000 7f0e07fff700 1 -- 172.21.15.110:0/2161384581 --> [v2:172.21.15.110:3300/0,v1:172.21.15.110:6789/0] -- mon_subscribe({config=0+,monmap=0+}) v3 -- 0x7f0df80094f0 con 0x7f0e08101d40
2024-04-25T15:40:38.315 INFO:teuthology.orchestra.run.smithi110.stdout:/usr/bin/ceph: stderr
2024-04-25T15:40:36.553+0000 7f0e07fff700 1 --2- 172.21.15.110:0/2161384581 >> [v2:172.21.15.110:3300/0,v1:172.21.15.110:6789/0] conn(0x7f0e08101d40 0x7f0e08101540 secure :-1 s=READY pgs=81 cs=0 l=1 rev1=1 crypto rx=0x7f0df8011680 tx=0x7f0df8009250 comp rx=0 tx=0).ready entity=mon.0 client_cookie=0 server_cookie=0 in_seq=0 out_seq=0
2024-04-25T15:40:38.315 INFO:teuthology.orchestra.run.smithi110.stdout:/usr/bin/ceph: stderr
2024-04-25T15:40:36.553+0000 7f0e04ff9700 1 -- 172.21.15.110:0/2161384581 <== mon.0 v2:172.21.15.110:3300/0 1 ==== mon_map magic: 0 v1 ==== 229+0+0 (secure 0 0 0) 0x7f0df8010890 con 0x7f0e08101d40
2024-04-25T15:40:38.315 INFO:teuthology.orchestra.run.smithi110.stdout:/usr/bin/ceph: stderr
2024-04-25T15:40:36.553+0000 7f0e04ff9700 1 -- 172.21.15.110:0/2161384581 <== mon.0 v2:172.21.15.110:3300/0 2 ==== config(27 keys) v1 ==== 1109+0+0 (secure 0 0 0) 0x7f0df8010ec0 con 0x7f0e08101d40
2024-04-25T15:40:38.315 INFO:teuthology.orchestra.run.smithi110.stdout:/usr/bin/ceph: stderr
2024-04-25T15:40:36.553+0000 7f0e04ff9700 1 -- 172.21.15.110:0/2161384581 <== mon.0 v2:172.21.15.110:3300/0 3 ==== mon_map magic: 0 v1 ==== 229+0+0 (secure 0 0 0) 0x7f0df80243f0 con 0x7f0e08101d40
2024-04-25T15:40:38.315 INFO:teuthology.orchestra.run.smithi110.stdout:/usr/bin/ceph: stderr
2024-04-25T15:40:36.553+0000 7f0e0e480700 1 -- 172.21.15.110:0/2161384581 --> [v2:172.21.15.110:3300/0,v1:172.21.15.110:6789/0] -- mon_subscribe({mgrmap=0+}) v3 -- 0x7f0e08114440 con 0x7f0e08101d40
2024-04-25T15:40:38.315 INFO:teuthology.orchestra.run.smithi110.stdout:/usr/bin/ceph: stderr
2024-04-25T15:40:36.553+0000 7f0e0e480700 1 -- 172.21.15.110:0/2161384581 --> [v2:172.21.15.110:3300/0,v1:172.21.15.110:6789/0] -- mon_subscribe({osdmap=0}) v3 -- 0x7f0e081148d0 con 0x7f0e08101d40
2024-04-25T15:40:38.315 INFO:teuthology.orchestra.run.smithi110.stdout:/usr/bin/ceph: stderr
2024-04-25T15:40:36.554+0000 7f0e04ff9700 1 -- 172.21.15.110:0/2161384581 <== mon.0 v2:172.21.15.110:3300/0 4 ==== mgrmap(e 12) v1 ==== 43389+0+0 (secure 0 0 0) 0x7f0df802d3f0 con 0x7f0e08101d40
2024-04-25T15:40:38.315 INFO:teuthology.orchestra.run.smithi110.stdout:/usr/bin/ceph: stderr
2024-04-25T15:40:36.554+0000 7f0e04ff9700 1 --2- 172.21.15.110:0/2161384581 >> [v2:172.21.15.110:6800/3209979562,v1:172.21.15.110:6801/3209979562] conn(0x7f0df00368a0 0x7f0df0038d50 unknown :-1 s=NONE pgs=0 cs=0 l=1 rev1=0 crypto rx=0 tx=0 comp rx=0 tx=0).connect
2024-04-25T15:40:38.315 INFO:teuthology.orchestra.run.smithi110.stdout:/usr/bin/ceph: stderr
2024-04-25T15:40:36.554+0000 7f0e04ff9700 1 -- 172.21.15.110:0/2161384581 <== mon.0 v2:172.21.15.110:3300/0 5 ==== osd_map(3..3 src has 1..3) v4 ==== 1151+0+0 (secure 0 0 0) 0x7f0df804a3a0 con 0x7f0e08101d40
2024-04-25T15:40:38.315 INFO:teuthology.orchestra.run.smithi110.stdout:/usr/bin/ceph: stderr
2024-04-25T15:40:36.554+0000 7f0e0e480700 1 -- 172.21.15.110:0/2161384581 --> [v2:172.21.15.110:3300/0,v1:172.21.15.110:6789/0] -- mon_command({"prefix": "get_command_descriptions"} v 0) v1 -- 0x7f0e0804bed0 con 0x7f0e08101d40
2024-04-25T15:40:38.315 INFO:teuthology.orchestra.run.smithi110.stdout:/usr/bin/ceph: stderr
2024-04-25T15:40:36.554+0000 7f0e077fe700 1 --2- 172.21.15.110:0/2161384581 >> [v2:172.21.15.110:6800/3209979562,v1:172.21.15.110:6801/3209979562] conn(0x7f0df00368a0 0x7f0df0038d50 unknown :-1 s=BANNER_CONNECTING pgs=0 cs=0 l=1 rev1=0 crypto rx=0 tx=0 comp rx=0 tx=0)._handle_peer_banner_payload supported=3 required=0
2024-04-25T15:40:38.315 INFO:teuthology.orchestra.run.smithi110.stdout:/usr/bin/ceph: stderr
2024-04-25T15:40:36.555+0000 7f0e077fe700 1 --2- 172.21.15.110:0/2161384581 >> [v2:172.21.15.110:6800/3209979562,v1:172.21.15.110:6801/3209979562] conn(0x7f0df00368a0 0x7f0df0038d50 secure :-1 s=READY pgs=8 cs=0 l=1 rev1=1 crypto rx=0x7f0dfc009990 tx=0x7f0dfc006e40 comp rx=0 tx=0).ready entity=mgr.14160 client_cookie=0 server_cookie=0 in_seq=0 out_seq=0
2024-04-25T15:40:38.315 INFO:teuthology.orchestra.run.smithi110.stdout:/usr/bin/ceph: stderr
2024-04-25T15:40:36.559+0000 7f0e04ff9700 1 -- 172.21.15.110:0/2161384581 <== mon.0 v2:172.21.15.110:3300/0 6 ==== mon_command_ack([{"prefix": "get_command_descriptions"}]=0 v0) v1 ==== 72+0+176702 (secure 0 0 0) 0x7f0df802b8e0 con 0x7f0e08101d40
2024-04-25T15:40:38.315 INFO:teuthology.orchestra.run.smithi110.stdout:/usr/bin/ceph: stderr
2024-04-25T15:40:36.774+0000 7f0e0e480700 1 -- 172.21.15.110:0/2161384581 --> [v2:172.21.15.110:6800/3209979562,v1:172.21.15.110:6801/3209979562] -- mgr_command(tid 0: {"prefix": "dashboard ac-user-create", "username": "admin", "rolename": "administrator", "force_password": true, "pwd_update_required": true, "target": ["mon-mgr", ""]}) v1 -- 0x7f0e0805f3b0 con 0x7f0df00368a0
2024-04-25T15:40:38.315 INFO:teuthology.orchestra.run.smithi110.stdout:/usr/bin/ceph: stderr
2024-04-25T15:40:36.997+0000 7f0e04ff9700 1 -- 172.21.15.110:0/2161384581 <== mgr.14160 v2:172.21.15.110:6800/3209979562 1 ==== mgr_command_reply(tid 0: 0 ) v1 ==== 8+0+252 (secure 0 0 0) 0x7f0e0805f3b0 con 0x7f0df00368a0
2024-04-25T15:40:38.316 INFO:teuthology.orchestra.run.smithi110.stdout:/usr/bin/ceph: stderr
2024-04-25T15:40:36.999+0000 7f0e0e480700 1 -- 172.21.15.110:0/2161384581 >> [v2:172.21.15.110:6800/3209979562,v1:172.21.15.110:6801/3209979562] conn(0x7f0df00368a0 msgr2=0x7f0df0038d50 secure :-1 s=STATE_CONNECTION_ESTABLISHED l=1).mark_down
2024-04-25T15:40:38.316 INFO:teuthology.orchestra.run.smithi110.stdout:/usr/bin/ceph: stderr
2024-04-25T15:40:36.999+0000 7f0e0e480700 1 --2- 172.21.15.110:0/2161384581 >> [v2:172.21.15.110:6800/3209979562,v1:172.21.15.110:6801/3209979562] conn(0x7f0df00368a0 0x7f0df0038d50 secure :-1 s=READY pgs=8 cs=0 l=1 rev1=1 crypto rx=0x7f0dfc009990 tx=0x7f0dfc006e40 comp rx=0 tx=0).stop
2024-04-25T15:40:38.316 INFO:teuthology.orchestra.run.smithi110.stdout:/usr/bin/ceph: stderr
2024-04-25T15:40:36.999+0000 7f0e0e480700 1 -- 172.21.15.110:0/2161384581 >> [v2:172.21.15.110:3300/0,v1:172.21.15.110:6789/0] conn(0x7f0e08101d40 msgr2=0x7f0e08101540 secure :-1 s=STATE_CONNECTION_ESTABLISHED l=1).mark_down
2024-04-25T15:40:38.316 INFO:teuthology.orchestra.run.smithi110.stdout:/usr/bin/ceph: stderr
2024-04-25T15:40:36.999+0000 7f0e0e480700 1 --2- 172.21.15.110:0/2161384581 >> [v2:172.21.15.110:3300/0,v1:172.21.15.110:6789/0] conn(0x7f0e08101d40 0x7f0e08101540 secure :-1 s=READY pgs=81 cs=0 l=1 rev1=1 crypto rx=0x7f0df8011680 tx=0x7f0df8009250 comp rx=0 tx=0).stop
2024-04-25T15:40:38.316 INFO:teuthology.orchestra.run.smithi110.stdout:/usr/bin/ceph: stderr
2024-04-25T15:40:36.999+0000 7f0e0e480700 1 -- 172.21.15.110:0/2161384581 shutdown_connections
2024-04-25T15:40:38.316 INFO:teuthology.orchestra.run.smithi110.stdout:/usr/bin/ceph: stderr
2024-04-25T15:40:36.999+0000 7f0e0e480700 1 --2- 172.21.15.110:0/2161384581 >> [v2:172.21.15.110:6800/3209979562,v1:172.21.15.110:6801/3209979562] conn(0x7f0df00368a0 0x7f0df0038d50 unknown :-1 s=CLOSED pgs=8 cs=0 l=1 rev1=1 crypto rx=0 tx=0 comp rx=0 tx=0).stop
2024-04-25T15:40:38.316 INFO:teuthology.orchestra.run.smithi110.stdout:/usr/bin/ceph: stderr
2024-04-25T15:40:36.999+0000 7f0e0e480700 1 --2- 172.21.15.110:0/2161384581 >> [v2:172.21.15.110:3300/0,v1:172.21.15.110:6789/0] conn(0x7f0e08101d40 0x7f0e08101540 unknown :-1 s=CLOSED pgs=81 cs=0 l=1 rev1=1 crypto rx=0 tx=0 comp rx=0 tx=0).stop
2024-04-25T15:40:38.316 INFO:teuthology.orchestra.run.smithi110.stdout:/usr/bin/ceph: stderr
2024-04-25T15:40:37.000+0000 7f0e0e480700 1 -- 172.21.15.110:0/2161384581 >> 172.21.15.110:0/2161384581 conn(0x7f0e080fc6f0 msgr2=0x7f0e080fd130 unknown :-1 s=STATE_NONE l=0).mark_down
2024-04-25T15:40:38.316 INFO:teuthology.orchestra.run.smithi110.stdout:/usr/bin/ceph: stderr
2024-04-25T15:40:37.000+0000 7f0e0e480700 1 -- 172.21.15.110:0/2161384581 shutdown_connections
2024-04-25T15:40:38.316 INFO:teuthology.orchestra.run.smithi110.stdout:/usr/bin/ceph: stderr
2024-04-25T15:40:37.000+0000 7f0e0e480700 1 -- 172.21.15.110:0/2161384581 wait complete.
2024-04-25T15:40:38.316 INFO:teuthology.orchestra.run.smithi110.stdout:Fetching dashboard port number...
2024-04-25T15:40:39.113 INFO:journalctl@ceph.mon.smithi110.smithi110.stdout:Apr 25 15:40:38 smithi110 ceph-mon[26344]: from='client.? 172.21.15.110:0/488445364' entity='client.admin' cmd=[{"prefix": "config get", "who": "mgr", "key": "mgr/dashboard/ssl_server_port"}]: dispatch
2024-04-25T15:40:39.560 INFO:teuthology.orchestra.run.smithi110.stdout:/usr/bin/ceph: stdout 8443
2024-04-25T15:40:39.561 INFO:teuthology.orchestra.run.smithi110.stdout:/usr/bin/ceph: stderr
2024-04-25T15:40:38.762+0000 7f68c7ad0700 1 Processor -- start
2024-04-25T15:40:39.561 INFO:teuthology.orchestra.run.smithi110.stdout:/usr/bin/ceph: stderr
2024-04-25T15:40:38.762+0000 7f68c7ad0700 1 -- start start
2024-04-25T15:40:39.561 INFO:teuthology.orchestra.run.smithi110.stdout:/usr/bin/ceph: stderr
2024-04-25T15:40:38.762+0000 7f68c7ad0700 1 --2- >> [v2:172.21.15.110:3300/0,v1:172.21.15.110:6789/0] conn(0x7f68c0102880 0x7f68c0102c90 unknown :-1 s=NONE pgs=0 cs=0 l=0 rev1=0 crypto rx=0 tx=0 comp rx=0 tx=0).connect
2024-04-25T15:40:39.561 INFO:teuthology.orchestra.run.smithi110.stdout:/usr/bin/ceph: stderr
2024-04-25T15:40:38.762+0000 7f68c7ad0700 1 -- --> [v2:172.21.15.110:3300/0,v1:172.21.15.110:6789/0] -- mon_getmap magic: 0 v1 -- 0x7f68c01031d0 con 0x7f68c0102880
2024-04-25T15:40:39.561 INFO:teuthology.orchestra.run.smithi110.stdout:/usr/bin/ceph: stderr
2024-04-25T15:40:38.762+0000 7f68c586c700 1 --2- >> [v2:172.21.15.110:3300/0,v1:172.21.15.110:6789/0] conn(0x7f68c0102880 0x7f68c0102c90 unknown :-1 s=BANNER_CONNECTING pgs=0 cs=0 l=0 rev1=0 crypto rx=0 tx=0 comp rx=0 tx=0)._handle_peer_banner_payload supported=3 required=0
2024-04-25T15:40:39.561 INFO:teuthology.orchestra.run.smithi110.stdout:/usr/bin/ceph: stderr
2024-04-25T15:40:38.762+0000 7f68c586c700 1 --2- >> [v2:172.21.15.110:3300/0,v1:172.21.15.110:6789/0] conn(0x7f68c0102880 0x7f68c0102c90 unknown :-1 s=HELLO_CONNECTING pgs=0 cs=0 l=0 rev1=1 crypto rx=0 tx=0 comp rx=0 tx=0).handle_hello peer v2:172.21.15.110:3300/0 says I am v2:172.21.15.110:40324/0 (socket says 172.21.15.110:40324)
2024-04-25T15:40:39.561 INFO:teuthology.orchestra.run.smithi110.stdout:/usr/bin/ceph: stderr
2024-04-25T15:40:38.762+0000 7f68c586c700 1 -- 172.21.15.110:0/1607639756 learned_addr learned my addr 172.21.15.110:0/1607639756 (peer_addr_for_me v2:172.21.15.110:0/0)
2024-04-25T15:40:39.561 INFO:teuthology.orchestra.run.smithi110.stdout:/usr/bin/ceph: stderr
2024-04-25T15:40:38.762+0000 7f68c586c700 1 -- 172.21.15.110:0/1607639756 --> [v2:172.21.15.110:3300/0,v1:172.21.15.110:6789/0] -- mon_subscribe({config=0+,monmap=0+}) v3 -- 0x7f68c0103310 con 0x7f68c0102880
2024-04-25T15:40:39.561 INFO:teuthology.orchestra.run.smithi110.stdout:/usr/bin/ceph: stderr
2024-04-25T15:40:38.763+0000 7f68c586c700 1 --2- 172.21.15.110:0/1607639756 >> [v2:172.21.15.110:3300/0,v1:172.21.15.110:6789/0] conn(0x7f68c0102880 0x7f68c0102c90 secure :-1 s=READY pgs=82 cs=0 l=1 rev1=1 crypto rx=0x7f68b40098e0 tx=0x7f68b4009250 comp rx=0 tx=0).ready entity=mon.0 client_cookie=dc0ad925a844a92f server_cookie=0 in_seq=0 out_seq=0
2024-04-25T15:40:39.561 INFO:teuthology.orchestra.run.smithi110.stdout:/usr/bin/ceph: stderr
2024-04-25T15:40:38.763+0000 7f68c486a700 1 -- 172.21.15.110:0/1607639756 <== mon.0 v2:172.21.15.110:3300/0 1 ==== mon_map magic: 0 v1 ==== 229+0+0 (secure 0 0 0) 0x7f68b400b860 con 0x7f68c0102880
2024-04-25T15:40:39.561 INFO:teuthology.orchestra.run.smithi110.stdout:/usr/bin/ceph: stderr
2024-04-25T15:40:38.763+0000 7f68c486a700 1 -- 172.21.15.110:0/1607639756 <== mon.0 v2:172.21.15.110:3300/0 2 ==== config(27 keys) v1 ==== 1109+0+0 (secure 0 0 0) 0x7f68b400be90 con 0x7f68c0102880
2024-04-25T15:40:39.561 INFO:teuthology.orchestra.run.smithi110.stdout:/usr/bin/ceph: stderr
2024-04-25T15:40:38.763+0000 7f68c486a700 1 -- 172.21.15.110:0/1607639756 <== mon.0 v2:172.21.15.110:3300/0 3 ==== mon_map magic: 0 v1 ==== 229+0+0 (secure 0 0 0) 0x7f68b40103c0 con 0x7f68c0102880
2024-04-25T15:40:39.561 INFO:teuthology.orchestra.run.smithi110.stdout:/usr/bin/ceph: stderr
2024-04-25T15:40:38.763+0000 7f68c7ad0700 1 -- 172.21.15.110:0/1607639756 >> [v2:172.21.15.110:3300/0,v1:172.21.15.110:6789/0] conn(0x7f68c0102880 msgr2=0x7f68c0102c90 secure :-1 s=STATE_CONNECTION_ESTABLISHED l=1).mark_down
2024-04-25T15:40:39.561 INFO:teuthology.orchestra.run.smithi110.stdout:/usr/bin/ceph: stderr
2024-04-25T15:40:38.763+0000 7f68c7ad0700 1 --2- 172.21.15.110:0/1607639756 >> [v2:172.21.15.110:3300/0,v1:172.21.15.110:6789/0] conn(0x7f68c0102880 0x7f68c0102c90 secure :-1 s=READY pgs=82 cs=0 l=1 rev1=1 crypto rx=0x7f68b40098e0 tx=0x7f68b4009250 comp rx=0 tx=0).stop
2024-04-25T15:40:39.562 INFO:teuthology.orchestra.run.smithi110.stdout:/usr/bin/ceph: stderr
2024-04-25T15:40:38.763+0000 7f68c7ad0700 1 -- 172.21.15.110:0/1607639756 shutdown_connections
2024-04-25T15:40:39.562 INFO:teuthology.orchestra.run.smithi110.stdout:/usr/bin/ceph: stderr
2024-04-25T15:40:38.763+0000 7f68c7ad0700 1 --2- 172.21.15.110:0/1607639756 >> [v2:172.21.15.110:3300/0,v1:172.21.15.110:6789/0] conn(0x7f68c0102880 0x7f68c0102c90 unknown :-1 s=CLOSED pgs=82 cs=0 l=1 rev1=1 crypto rx=0 tx=0 comp rx=0 tx=0).stop
2024-04-25T15:40:39.562 INFO:teuthology.orchestra.run.smithi110.stdout:/usr/bin/ceph: stderr
2024-04-25T15:40:38.763+0000 7f68c7ad0700 1 -- 172.21.15.110:0/1607639756 >> 172.21.15.110:0/1607639756 conn(0x7f68c00fe060 msgr2=0x7f68c0100470 unknown :-1 s=STATE_NONE l=0).mark_down
2024-04-25T15:40:39.562 INFO:teuthology.orchestra.run.smithi110.stdout:/usr/bin/ceph: stderr
2024-04-25T15:40:38.763+0000 7f68c7ad0700 1 -- 172.21.15.110:0/1607639756 shutdown_connections
2024-04-25T15:40:39.562 INFO:teuthology.orchestra.run.smithi110.stdout:/usr/bin/ceph: stderr
2024-04-25T15:40:38.764+0000 7f68c7ad0700 1 -- 172.21.15.110:0/1607639756 wait complete.
2024-04-25T15:40:39.562 INFO:teuthology.orchestra.run.smithi110.stdout:/usr/bin/ceph: stderr
2024-04-25T15:40:38.764+0000 7f68c7ad0700 1 Processor -- start
2024-04-25T15:40:39.562 INFO:teuthology.orchestra.run.smithi110.stdout:/usr/bin/ceph: stderr
2024-04-25T15:40:38.764+0000 7f68c7ad0700 1 -- start start
2024-04-25T15:40:39.562 INFO:teuthology.orchestra.run.smithi110.stdout:/usr/bin/ceph: stderr
2024-04-25T15:40:38.764+0000 7f68c7ad0700 1 --2- >> [v2:172.21.15.110:3300/0,v1:172.21.15.110:6789/0] conn(0x7f68c0102880 0x7f68c0078c20 unknown :-1 s=NONE pgs=0 cs=0 l=1 rev1=0 crypto rx=0 tx=0 comp rx=0 tx=0).connect
2024-04-25T15:40:39.562 INFO:teuthology.orchestra.run.smithi110.stdout:/usr/bin/ceph: stderr
2024-04-25T15:40:38.764+0000 7f68c7ad0700 1 -- --> [v2:172.21.15.110:3300/0,v1:172.21.15.110:6789/0] -- mon_getmap magic: 0 v1 -- 0x7f68c0079160 con 0x7f68c0102880
2024-04-25T15:40:39.562 INFO:teuthology.orchestra.run.smithi110.stdout:/usr/bin/ceph: stderr
2024-04-25T15:40:38.764+0000 7f68c586c700 1 --2- >> [v2:172.21.15.110:3300/0,v1:172.21.15.110:6789/0] conn(0x7f68c0102880 0x7f68c0078c20 unknown :-1 s=BANNER_CONNECTING pgs=0 cs=0 l=1 rev1=0 crypto rx=0 tx=0 comp rx=0 tx=0)._handle_peer_banner_payload supported=3 required=0
2024-04-25T15:40:39.562 INFO:teuthology.orchestra.run.smithi110.stdout:/usr/bin/ceph: stderr
