2024-04-25T15:40:04.099 INFO:teuthology.orchestra.run.smithi110.stdout:/usr/bin/ceph: stderr
2024-04-25T15:39:58.306+0000 7f057e94f700 1 --2- >> [v2:172.21.15.110:3300/0,v1:172.21.15.110:6789/0] conn(0x7f0578102850 0x7f0578077b10 unknown :-1 s=NONE pgs=0 cs=0 l=1 rev1=0 crypto rx=0 tx=0 comp rx=0 tx=0).connect
2024-04-25T15:40:04.099 INFO:teuthology.orchestra.run.smithi110.stdout:/usr/bin/ceph: stderr
2024-04-25T15:39:58.306+0000 7f057e94f700 1 -- --> [v2:172.21.15.110:3300/0,v1:172.21.15.110:6789/0] -- mon_getmap magic: 0 v1 -- 0x7f0578078050 con 0x7f0578102850
2024-04-25T15:40:04.099 INFO:teuthology.orchestra.run.smithi110.stdout:/usr/bin/ceph: stderr
2024-04-25T15:39:58.306+0000 7f0577fff700 1 --2- >> [v2:172.21.15.110:3300/0,v1:172.21.15.110:6789/0] conn(0x7f0578102850 0x7f0578077b10 unknown :-1 s=BANNER_CONNECTING pgs=0 cs=0 l=1 rev1=0 crypto rx=0 tx=0 comp rx=0 tx=0)._handle_peer_banner_payload supported=3 required=0
2024-04-25T15:40:04.099 INFO:teuthology.orchestra.run.smithi110.stdout:/usr/bin/ceph: stderr
2024-04-25T15:39:58.306+0000 7f0577fff700 1 --2- >> [v2:172.21.15.110:3300/0,v1:172.21.15.110:6789/0] conn(0x7f0578102850 0x7f0578077b10 unknown :-1 s=HELLO_CONNECTING pgs=0 cs=0 l=1 rev1=1 crypto rx=0 tx=0 comp rx=0 tx=0).handle_hello peer v2:172.21.15.110:3300/0 says I am v2:172.21.15.110:51552/0 (socket says 172.21.15.110:51552)
2024-04-25T15:40:04.099 INFO:teuthology.orchestra.run.smithi110.stdout:/usr/bin/ceph: stderr
2024-04-25T15:39:58.306+0000 7f0577fff700 1 -- 172.21.15.110:0/3477311103 learned_addr learned my addr 172.21.15.110:0/3477311103 (peer_addr_for_me v2:172.21.15.110:0/0)
2024-04-25T15:40:04.099 INFO:teuthology.orchestra.run.smithi110.stdout:/usr/bin/ceph: stderr
2024-04-25T15:39:58.306+0000 7f0577fff700 1 -- 172.21.15.110:0/3477311103 --> [v2:172.21.15.110:3300/0,v1:172.21.15.110:6789/0] -- mon_subscribe({config=0+,monmap=0+}) v3 -- 0x7f056c0094f0 con 0x7f0578102850
2024-04-25T15:40:04.099 INFO:teuthology.orchestra.run.smithi110.stdout:/usr/bin/ceph: stderr
2024-04-25T15:39:58.306+0000 7f0577fff700 1 --2- 172.21.15.110:0/3477311103 >> [v2:172.21.15.110:3300/0,v1:172.21.15.110:6789/0] conn(0x7f0578102850 0x7f0578077b10 secure :-1 s=READY pgs=27 cs=0 l=1 rev1=1 crypto rx=0x7f056c000c00 tx=0x7f056c009250 comp rx=0 tx=0).ready entity=mon.0 client_cookie=0 server_cookie=0 in_seq=0 out_seq=0
2024-04-25T15:40:04.099 INFO:teuthology.orchestra.run.smithi110.stdout:/usr/bin/ceph: stderr
2024-04-25T15:39:58.306+0000 7f0574ff9700 1 -- 172.21.15.110:0/3477311103 <== mon.0 v2:172.21.15.110:3300/0 1 ==== mon_map magic: 0 v1 ==== 229+0+0 (secure 0 0 0) 0x7f056c0107c0 con 0x7f0578102850
2024-04-25T15:40:04.099 INFO:teuthology.orchestra.run.smithi110.stdout:/usr/bin/ceph: stderr
2024-04-25T15:39:58.306+0000 7f0574ff9700 1 -- 172.21.15.110:0/3477311103 <== mon.0 v2:172.21.15.110:3300/0 2 ==== config(27 keys) v1 ==== 1044+0+0 (secure 0 0 0) 0x7f056c010db0 con 0x7f0578102850
2024-04-25T15:40:04.099 INFO:teuthology.orchestra.run.smithi110.stdout:/usr/bin/ceph: stderr
2024-04-25T15:39:58.306+0000 7f057e94f700 1 -- 172.21.15.110:0/3477311103 --> [v2:172.21.15.110:3300/0,v1:172.21.15.110:6789/0] -- mon_subscribe({mgrmap=0+}) v3 -- 0x7f05780760c0 con 0x7f0578102850
2024-04-25T15:40:04.099 INFO:teuthology.orchestra.run.smithi110.stdout:/usr/bin/ceph: stderr
2024-04-25T15:39:58.307+0000 7f0574ff9700 1 -- 172.21.15.110:0/3477311103 <== mon.0 v2:172.21.15.110:3300/0 3 ==== mon_map magic: 0 v1 ==== 229+0+0 (secure 0 0 0) 0x7f056c01ad00 con 0x7f0578102850
2024-04-25T15:40:04.100 INFO:teuthology.orchestra.run.smithi110.stdout:/usr/bin/ceph: stderr
2024-04-25T15:39:58.307+0000 7f057e94f700 1 -- 172.21.15.110:0/3477311103 --> [v2:172.21.15.110:3300/0,v1:172.21.15.110:6789/0] -- mon_subscribe({osdmap=0}) v3 -- 0x7f05780765b0 con 0x7f0578102850
2024-04-25T15:40:04.100 INFO:teuthology.orchestra.run.smithi110.stdout:/usr/bin/ceph: stderr
2024-04-25T15:39:58.308+0000 7f0574ff9700 1 -- 172.21.15.110:0/3477311103 <== mon.0 v2:172.21.15.110:3300/0 4 ==== mgrmap(e 5) v1 ==== 43376+0+0 (secure 0 0 0) 0x7f056c01a530 con 0x7f0578102850
2024-04-25T15:40:04.100 INFO:teuthology.orchestra.run.smithi110.stdout:/usr/bin/ceph: stderr
2024-04-25T15:39:58.308+0000 7f0574ff9700 1 --2- 172.21.15.110:0/3477311103 >> [v2:172.21.15.110:6800/1682815503,v1:172.21.15.110:6801/1682815503] conn(0x7f0560036850 0x7f0560038d00 unknown :-1 s=NONE pgs=0 cs=0 l=1 rev1=0 crypto rx=0 tx=0 comp rx=0 tx=0).connect
2024-04-25T15:40:04.100 INFO:teuthology.orchestra.run.smithi110.stdout:/usr/bin/ceph: stderr
2024-04-25T15:39:58.308+0000 7f0574ff9700 1 -- 172.21.15.110:0/3477311103 --> [v2:172.21.15.110:6800/1682815503,v1:172.21.15.110:6801/1682815503] -- command(tid 0: {"prefix": "get_command_descriptions"}) v1 -- 0x7f0560039410 con 0x7f0560036850
2024-04-25T15:40:04.100 INFO:teuthology.orchestra.run.smithi110.stdout:/usr/bin/ceph: stderr
2024-04-25T15:39:58.308+0000 7f0574ff9700 1 -- 172.21.15.110:0/3477311103 <== mon.0 v2:172.21.15.110:3300/0 5 ==== osd_map(1..1 src has 1..1) v4 ==== 721+0+0 (secure 0 0 0) 0x7f056c04a610 con 0x7f0578102850
2024-04-25T15:40:04.100 INFO:teuthology.orchestra.run.smithi110.stdout:/usr/bin/ceph: stderr
2024-04-25T15:39:58.308+0000 7f05777fe700 1 -- 172.21.15.110:0/3477311103 >> [v2:172.21.15.110:6800/1682815503,v1:172.21.15.110:6801/1682815503] conn(0x7f0560036850 msgr2=0x7f0560038d00 unknown :-1 s=STATE_CONNECTING_RE l=1).process reconnect failed to v2:172.21.15.110:6800/1682815503
2024-04-25T15:40:04.100 INFO:teuthology.orchestra.run.smithi110.stdout:/usr/bin/ceph: stderr
2024-04-25T15:39:58.308+0000 7f05777fe700 1 --2- 172.21.15.110:0/3477311103 >> [v2:172.21.15.110:6800/1682815503,v1:172.21.15.110:6801/1682815503] conn(0x7f0560036850 0x7f0560038d00 unknown :-1 s=START_CONNECT pgs=0 cs=0 l=1 rev1=0 crypto rx=0 tx=0 comp rx=0 tx=0)._fault waiting 0.200000
2024-04-25T15:40:04.100 INFO:teuthology.orchestra.run.smithi110.stdout:/usr/bin/ceph: stderr
2024-04-25T15:39:58.509+0000 7f05777fe700 1 -- 172.21.15.110:0/3477311103 >> [v2:172.21.15.110:6800/1682815503,v1:172.21.15.110:6801/1682815503] conn(0x7f0560036850 msgr2=0x7f0560038d00 unknown :-1 s=STATE_CONNECTING_RE l=1).process reconnect failed to v2:172.21.15.110:6800/1682815503
2024-04-25T15:40:04.100 INFO:teuthology.orchestra.run.smithi110.stdout:/usr/bin/ceph: stderr
2024-04-25T15:39:58.509+0000 7f05777fe700 1 --2- 172.21.15.110:0/3477311103 >> [v2:172.21.15.110:6800/1682815503,v1:172.21.15.110:6801/1682815503] conn(0x7f0560036850 0x7f0560038d00 unknown :-1 s=START_CONNECT pgs=0 cs=0 l=1 rev1=0 crypto rx=0 tx=0 comp rx=0 tx=0)._fault waiting 0.400000
2024-04-25T15:40:04.100 INFO:teuthology.orchestra.run.smithi110.stdout:/usr/bin/ceph: stderr
2024-04-25T15:39:58.910+0000 7f05777fe700 1 -- 172.21.15.110:0/3477311103 >> [v2:172.21.15.110:6800/1682815503,v1:172.21.15.110:6801/1682815503] conn(0x7f0560036850 msgr2=0x7f0560038d00 unknown :-1 s=STATE_CONNECTING_RE l=1).process reconnect failed to v2:172.21.15.110:6800/1682815503
2024-04-25T15:40:04.100 INFO:teuthology.orchestra.run.smithi110.stdout:/usr/bin/ceph: stderr
2024-04-25T15:39:58.910+0000 7f05777fe700 1 --2- 172.21.15.110:0/3477311103 >> [v2:172.21.15.110:6800/1682815503,v1:172.21.15.110:6801/1682815503] conn(0x7f0560036850 0x7f0560038d00 unknown :-1 s=START_CONNECT pgs=0 cs=0 l=1 rev1=0 crypto rx=0 tx=0 comp rx=0 tx=0)._fault waiting 0.800000
2024-04-25T15:40:04.100 INFO:teuthology.orchestra.run.smithi110.stdout:/usr/bin/ceph: stderr
2024-04-25T15:39:59.711+0000 7f05777fe700 1 -- 172.21.15.110:0/3477311103 >> [v2:172.21.15.110:6800/1682815503,v1:172.21.15.110:6801/1682815503] conn(0x7f0560036850 msgr2=0x7f0560038d00 unknown :-1 s=STATE_CONNECTING_RE l=1).process reconnect failed to v2:172.21.15.110:6800/1682815503
2024-04-25T15:40:04.100 INFO:teuthology.orchestra.run.smithi110.stdout:/usr/bin/ceph: stderr
2024-04-25T15:39:59.711+0000 7f05777fe700 1 --2- 172.21.15.110:0/3477311103 >> [v2:172.21.15.110:6800/1682815503,v1:172.21.15.110:6801/1682815503] conn(0x7f0560036850 0x7f0560038d00 unknown :-1 s=START_CONNECT pgs=0 cs=0 l=1 rev1=0 crypto rx=0 tx=0 comp rx=0 tx=0)._fault waiting 1.600000
2024-04-25T15:40:04.100 INFO:teuthology.orchestra.run.smithi110.stdout:/usr/bin/ceph: stderr
2024-04-25T15:40:01.312+0000 7f05777fe700 1 -- 172.21.15.110:0/3477311103 >> [v2:172.21.15.110:6800/1682815503,v1:172.21.15.110:6801/1682815503] conn(0x7f0560036850 msgr2=0x7f0560038d00 unknown :-1 s=STATE_CONNECTING_RE l=1).process reconnect failed to v2:172.21.15.110:6800/1682815503
2024-04-25T15:40:04.101 INFO:teuthology.orchestra.run.smithi110.stdout:/usr/bin/ceph: stderr
2024-04-25T15:40:01.312+0000 7f05777fe700 1 --2- 172.21.15.110:0/3477311103 >> [v2:172.21.15.110:6800/1682815503,v1:172.21.15.110:6801/1682815503] conn(0x7f0560036850 0x7f0560038d00 unknown :-1 s=START_CONNECT pgs=0 cs=0 l=1 rev1=0 crypto rx=0 tx=0 comp rx=0 tx=0)._fault waiting 3.200000
2024-04-25T15:40:04.101 INFO:teuthology.orchestra.run.smithi110.stdout:/usr/bin/ceph: stderr
2024-04-25T15:40:02.514+0000 7f0574ff9700 1 -- 172.21.15.110:0/3477311103 <== mon.0 v2:172.21.15.110:3300/0 6 ==== mgrmap(e 6) v1 ==== 43143+0+0 (secure 0 0 0) 0x7f056c016ce0 con 0x7f0578102850
2024-04-25T15:40:04.101 INFO:teuthology.orchestra.run.smithi110.stdout:/usr/bin/ceph: stderr
2024-04-25T15:40:02.514+0000 7f0574ff9700 1 -- 172.21.15.110:0/3477311103 >> [v2:172.21.15.110:6800/1682815503,v1:172.21.15.110:6801/1682815503] conn(0x7f0560036850 msgr2=0x7f0560038d00 unknown :-1 s=STATE_CONNECTING l=1).mark_down
2024-04-25T15:40:04.101 INFO:teuthology.orchestra.run.smithi110.stdout:/usr/bin/ceph: stderr
2024-04-25T15:40:02.514+0000 7f0574ff9700 1 --2- 172.21.15.110:0/3477311103 >> [v2:172.21.15.110:6800/1682815503,v1:172.21.15.110:6801/1682815503] conn(0x7f0560036850 0x7f0560038d00 unknown :-1 s=START_CONNECT pgs=0 cs=0 l=1 rev1=0 crypto rx=0 tx=0 comp rx=0 tx=0).stop
2024-04-25T15:40:04.101 INFO:teuthology.orchestra.run.smithi110.stdout:/usr/bin/ceph: stderr
2024-04-25T15:40:03.515+0000 7f0574ff9700 1 -- 172.21.15.110:0/3477311103 <== mon.0 v2:172.21.15.110:3300/0 7 ==== mgrmap(e 7) v1 ==== 43270+0+0 (secure 0 0 0) 0x7f056c020d20 con 0x7f0578102850
2024-04-25T15:40:04.101 INFO:teuthology.orchestra.run.smithi110.stdout:/usr/bin/ceph: stderr
2024-04-25T15:40:03.515+0000 7f0574ff9700 1 --2- 172.21.15.110:0/3477311103 >> [v2:172.21.15.110:6800/1116386591,v1:172.21.15.110:6801/1116386591] conn(0x7f0560039ff0 0x7f056003c3d0 unknown :-1 s=NONE pgs=0 cs=0 l=1 rev1=0 crypto rx=0 tx=0 comp rx=0 tx=0).connect
2024-04-25T15:40:04.101 INFO:teuthology.orchestra.run.smithi110.stdout:/usr/bin/ceph: stderr
2024-04-25T15:40:03.515+0000 7f0574ff9700 1 -- 172.21.15.110:0/3477311103 --> [v2:172.21.15.110:6800/1116386591,v1:172.21.15.110:6801/1116386591] -- command(tid 0: {"prefix": "get_command_descriptions"}) v1 -- 0x7f0560039410 con 0x7f0560039ff0
2024-04-25T15:40:04.101 INFO:teuthology.orchestra.run.smithi110.stdout:/usr/bin/ceph: stderr
2024-04-25T15:40:03.516+0000 7f05777fe700 1 --2- 172.21.15.110:0/3477311103 >> [v2:172.21.15.110:6800/1116386591,v1:172.21.15.110:6801/1116386591] conn(0x7f0560039ff0 0x7f056003c3d0 unknown :-1 s=BANNER_CONNECTING pgs=0 cs=0 l=1 rev1=0 crypto rx=0 tx=0 comp rx=0 tx=0)._handle_peer_banner_payload supported=3 required=0
2024-04-25T15:40:04.101 INFO:teuthology.orchestra.run.smithi110.stdout:/usr/bin/ceph: stderr
2024-04-25T15:40:03.516+0000 7f05777fe700 1 --2- 172.21.15.110:0/3477311103 >> [v2:172.21.15.110:6800/1116386591,v1:172.21.15.110:6801/1116386591] conn(0x7f0560039ff0 0x7f056003c3d0 secure :-1 s=READY pgs=1 cs=0 l=1 rev1=1 crypto rx=0x7f05680039d0 tx=0x7f0568009350 comp rx=0 tx=0).ready entity=mgr.14118 client_cookie=0 server_cookie=0 in_seq=0 out_seq=0
2024-04-25T15:40:04.101 INFO:teuthology.orchestra.run.smithi110.stdout:/usr/bin/ceph: stderr
2024-04-25T15:40:03.517+0000 7f0574ff9700 1 -- 172.21.15.110:0/3477311103 <== mgr.14118 v2:172.21.15.110:6800/1116386591 1 ==== command_reply(tid 0: 0 ) v1 ==== 8+0+6549 (secure 0 0 0) 0x7f0560039410 con 0x7f0560039ff0
2024-04-25T15:40:04.101 INFO:teuthology.orchestra.run.smithi110.stdout:/usr/bin/ceph: stderr
2024-04-25T15:40:03.523+0000 7f057e94f700 1 -- 172.21.15.110:0/3477311103 --> [v2:172.21.15.110:6800/1116386591,v1:172.21.15.110:6801/1116386591] -- command(tid 1: {"prefix": "mgr_status"}) v1 -- 0x7f057804bed0 con 0x7f0560039ff0
2024-04-25T15:40:04.101 INFO:teuthology.orchestra.run.smithi110.stdout:/usr/bin/ceph: stderr
2024-04-25T15:40:03.523+0000 7f0574ff9700 1 -- 172.21.15.110:0/3477311103 <== mgr.14118 v2:172.21.15.110:6800/1116386591 2 ==== command_reply(tid 1: 0 ) v1 ==== 8+0+51 (secure 0 0 0) 0x7f057804bed0 con 0x7f0560039ff0
2024-04-25T15:40:04.101 INFO:teuthology.orchestra.run.smithi110.stdout:/usr/bin/ceph: stderr
2024-04-25T15:40:03.523+0000 7f057e94f700 1 -- 172.21.15.110:0/3477311103 >> [v2:172.21.15.110:6800/1116386591,v1:172.21.15.110:6801/1116386591] conn(0x7f0560039ff0 msgr2=0x7f056003c3d0 secure :-1 s=STATE_CONNECTION_ESTABLISHED l=1).mark_down
2024-04-25T15:40:04.101 INFO:teuthology.orchestra.run.smithi110.stdout:/usr/bin/ceph: stderr
2024-04-25T15:40:03.523+0000 7f057e94f700 1 --2- 172.21.15.110:0/3477311103 >> [v2:172.21.15.110:6800/1116386591,v1:172.21.15.110:6801/1116386591] conn(0x7f0560039ff0 0x7f056003c3d0 secure :-1 s=READY pgs=1 cs=0 l=1 rev1=1 crypto rx=0x7f05680039d0 tx=0x7f0568009350 comp rx=0 tx=0).stop
2024-04-25T15:40:04.101 INFO:teuthology.orchestra.run.smithi110.stdout:/usr/bin/ceph: stderr
2024-04-25T15:40:03.523+0000 7f057e94f700 1 -- 172.21.15.110:0/3477311103 >> [v2:172.21.15.110:3300/0,v1:172.21.15.110:6789/0] conn(0x7f0578102850 msgr2=0x7f0578077b10 secure :-1 s=STATE_CONNECTION_ESTABLISHED l=1).mark_down
2024-04-25T15:40:04.102 INFO:teuthology.orchestra.run.smithi110.stdout:/usr/bin/ceph: stderr
2024-04-25T15:40:03.523+0000 7f057e94f700 1 --2- 172.21.15.110:0/3477311103 >> [v2:172.21.15.110:3300/0,v1:172.21.15.110:6789/0] conn(0x7f0578102850 0x7f0578077b10 secure :-1 s=READY pgs=27 cs=0 l=1 rev1=1 crypto rx=0x7f056c000c00 tx=0x7f056c009250 comp rx=0 tx=0).stop
2024-04-25T15:40:04.102 INFO:teuthology.orchestra.run.smithi110.stdout:/usr/bin/ceph: stderr
2024-04-25T15:40:03.523+0000 7f057e94f700 1 -- 172.21.15.110:0/3477311103 shutdown_connections
2024-04-25T15:40:04.102 INFO:teuthology.orchestra.run.smithi110.stdout:/usr/bin/ceph: stderr
2024-04-25T15:40:03.523+0000 7f057e94f700 1 --2- 172.21.15.110:0/3477311103 >> [v2:172.21.15.110:6800/1116386591,v1:172.21.15.110:6801/1116386591] conn(0x7f0560039ff0 0x7f056003c3d0 unknown :-1 s=CLOSED pgs=1 cs=0 l=1 rev1=1 crypto rx=0 tx=0 comp rx=0 tx=0).stop
2024-04-25T15:40:04.102 INFO:teuthology.orchestra.run.smithi110.stdout:/usr/bin/ceph: stderr
2024-04-25T15:40:03.523+0000 7f057e94f700 1 --2- 172.21.15.110:0/3477311103 >> [v2:172.21.15.110:3300/0,v1:172.21.15.110:6789/0] conn(0x7f0578102850 0x7f0578077b10 unknown :-1 s=CLOSED pgs=27 cs=0 l=1 rev1=1 crypto rx=0 tx=0 comp rx=0 tx=0).stop
2024-04-25T15:40:04.102 INFO:teuthology.orchestra.run.smithi110.stdout:/usr/bin/ceph: stderr
2024-04-25T15:40:03.523+0000 7f057e94f700 1 --2- 172.21.15.110:0/3477311103 >> [v2:172.21.15.110:6800/1682815503,v1:172.21.15.110:6801/1682815503] conn(0x7f0560036850 0x7f0560038d00 unknown :-1 s=CLOSED pgs=0 cs=0 l=1 rev1=0 crypto rx=0 tx=0 comp rx=0 tx=0).stop
2024-04-25T15:40:04.102 INFO:teuthology.orchestra.run.smithi110.stdout:/usr/bin/ceph: stderr
2024-04-25T15:40:03.523+0000 7f057e94f700 1 -- 172.21.15.110:0/3477311103 >> 172.21.15.110:0/3477311103 conn(0x7f05780fdf90 msgr2=0x7f05780fea40 unknown :-1 s=STATE_NONE l=0).mark_down
2024-04-25T15:40:04.102 INFO:teuthology.orchestra.run.smithi110.stdout:/usr/bin/ceph: stderr
2024-04-25T15:40:03.524+0000 7f057e94f700 1 -- 172.21.15.110:0/3477311103 shutdown_connections
2024-04-25T15:40:04.102 INFO:teuthology.orchestra.run.smithi110.stdout:/usr/bin/ceph: stderr
2024-04-25T15:40:03.524+0000 7f057e94f700 1 -- 172.21.15.110:0/3477311103 wait complete.
2024-04-25T15:40:04.102 INFO:teuthology.orchestra.run.smithi110.stdout:mgr epoch 5 is available
2024-04-25T15:40:04.102 INFO:teuthology.orchestra.run.smithi110.stdout:Setting orchestrator backend to cephadm...
2024-04-25T15:40:04.687 INFO:journalctl@ceph.mon.smithi110.smithi110.stdout:Apr 25 15:40:04 smithi110 ceph-mon[26344]: [25/Apr/2024:15:40:03] ENGINE Bus STARTING
2024-04-25T15:40:04.687 INFO:journalctl@ceph.mon.smithi110.smithi110.stdout:Apr 25 15:40:04 smithi110 ceph-mon[26344]: [25/Apr/2024:15:40:03] ENGINE Serving on https://172.21.15.110:7150
2024-04-25T15:40:04.687 INFO:journalctl@ceph.mon.smithi110.smithi110.stdout:Apr 25 15:40:04 smithi110 ceph-mon[26344]: [25/Apr/2024:15:40:03] ENGINE Bus STARTED
2024-04-25T15:40:04.687 INFO:journalctl@ceph.mon.smithi110.smithi110.stdout:Apr 25 15:40:04 smithi110 ceph-mon[26344]: from='client.14122 -' entity='client.admin' cmd=[{"prefix": "get_command_descriptions"}]: dispatch
2024-04-25T15:40:04.687 INFO:journalctl@ceph.mon.smithi110.smithi110.stdout:Apr 25 15:40:04 smithi110 ceph-mon[26344]: from='client.14122 -' entity='client.admin' cmd=[{"prefix": "mgr_status"}]: dispatch
2024-04-25T15:40:05.251 INFO:teuthology.orchestra.run.smithi110.stdout:/usr/bin/ceph: stderr
2024-04-25T15:40:04.477+0000 7fea72334700 1 Processor -- start
2024-04-25T15:40:05.251 INFO:teuthology.orchestra.run.smithi110.stdout:/usr/bin/ceph: stderr
2024-04-25T15:40:04.477+0000 7fea72334700 1 -- start start
2024-04-25T15:40:05.251 INFO:teuthology.orchestra.run.smithi110.stdout:/usr/bin/ceph: stderr
2024-04-25T15:40:04.477+0000 7fea72334700 1 --2- >> [v2:172.21.15.110:3300/0,v1:172.21.15.110:6789/0] conn(0x7fea6c102880 0x7fea6c102c90 unknown :-1 s=NONE pgs=0 cs=0 l=0 rev1=0 crypto rx=0 tx=0 comp rx=0 tx=0).connect
2024-04-25T15:40:05.251 INFO:teuthology.orchestra.run.smithi110.stdout:/usr/bin/ceph: stderr
2024-04-25T15:40:04.477+0000 7fea72334700 1 -- --> [v2:172.21.15.110:3300/0,v1:172.21.15.110:6789/0] -- mon_getmap magic: 0 v1 -- 0x7fea6c1031d0 con 0x7fea6c102880
2024-04-25T15:40:05.251 INFO:teuthology.orchestra.run.smithi110.stdout:/usr/bin/ceph: stderr
2024-04-25T15:40:04.477+0000 7fea6bfff700 1 --2- >> [v2:172.21.15.110:3300/0,v1:172.21.15.110:6789/0] conn(0x7fea6c102880 0x7fea6c102c90 unknown :-1 s=BANNER_CONNECTING pgs=0 cs=0 l=0 rev1=0 crypto rx=0 tx=0 comp rx=0 tx=0)._handle_peer_banner_payload supported=3 required=0
2024-04-25T15:40:05.251 INFO:teuthology.orchestra.run.smithi110.stdout:/usr/bin/ceph: stderr
2024-04-25T15:40:04.477+0000 7fea6bfff700 1 --2- >> [v2:172.21.15.110:3300/0,v1:172.21.15.110:6789/0] conn(0x7fea6c102880 0x7fea6c102c90 unknown :-1 s=HELLO_CONNECTING pgs=0 cs=0 l=0 rev1=1 crypto rx=0 tx=0 comp rx=0 tx=0).handle_hello peer v2:172.21.15.110:3300/0 says I am v2:172.21.15.110:34172/0 (socket says 172.21.15.110:34172)
2024-04-25T15:40:05.252 INFO:teuthology.orchestra.run.smithi110.stdout:/usr/bin/ceph: stderr
2024-04-25T15:40:04.477+0000 7fea6bfff700 1 -- 172.21.15.110:0/3530915863 learned_addr learned my addr 172.21.15.110:0/3530915863 (peer_addr_for_me v2:172.21.15.110:0/0)
2024-04-25T15:40:05.252 INFO:teuthology.orchestra.run.smithi110.stdout:/usr/bin/ceph: stderr
2024-04-25T15:40:04.478+0000 7fea6bfff700 1 -- 172.21.15.110:0/3530915863 --> [v2:172.21.15.110:3300/0,v1:172.21.15.110:6789/0] -- mon_subscribe({config=0+,monmap=0+}) v3 -- 0x7fea6c103310 con 0x7fea6c102880
2024-04-25T15:40:05.252 INFO:teuthology.orchestra.run.smithi110.stdout:/usr/bin/ceph: stderr
2024-04-25T15:40:04.478+0000 7fea6bfff700 1 --2- 172.21.15.110:0/3530915863 >> [v2:172.21.15.110:3300/0,v1:172.21.15.110:6789/0] conn(0x7fea6c102880 0x7fea6c102c90 secure :-1 s=READY pgs=35 cs=0 l=1 rev1=1 crypto rx=0x7fea5c0098e0 tx=0x7fea5c009250 comp rx=0 tx=0).ready entity=mon.0 client_cookie=e10775df5d7ce86b server_cookie=0 in_seq=0 out_seq=0
2024-04-25T15:40:05.252 INFO:teuthology.orchestra.run.smithi110.stdout:/usr/bin/ceph: stderr
2024-04-25T15:40:04.478+0000 7fea6affd700 1 -- 172.21.15.110:0/3530915863 <== mon.0 v2:172.21.15.110:3300/0 1 ==== mon_map magic: 0 v1 ==== 229+0+0 (secure 0 0 0) 0x7fea5c00b860 con 0x7fea6c102880
2024-04-25T15:40:05.252 INFO:teuthology.orchestra.run.smithi110.stdout:/usr/bin/ceph: stderr
2024-04-25T15:40:04.478+0000 7fea6affd700 1 -- 172.21.15.110:0/3530915863 <== mon.0 v2:172.21.15.110:3300/0 2 ==== config(27 keys) v1 ==== 1044+0+0 (secure 0 0 0) 0x7fea5c00be50 con 0x7fea6c102880
2024-04-25T15:40:05.252 INFO:teuthology.orchestra.run.smithi110.stdout:/usr/bin/ceph: stderr
2024-04-25T15:40:04.478+0000 7fea6affd700 1 -- 172.21.15.110:0/3530915863 <== mon.0 v2:172.21.15.110:3300/0 3 ==== mon_map magic: 0 v1 ==== 229+0+0 (secure 0 0 0) 0x7fea5c010380 con 0x7fea6c102880
2024-04-25T15:40:05.252 INFO:teuthology.orchestra.run.smithi110.stdout:/usr/bin/ceph: stderr
2024-04-25T15:40:04.479+0000 7fea72334700 1 -- 172.21.15.110:0/3530915863 >> [v2:172.21.15.110:3300/0,v1:172.21.15.110:6789/0] conn(0x7fea6c102880 msgr2=0x7fea6c102c90 secure :-1 s=STATE_CONNECTION_ESTABLISHED l=1).mark_down
2024-04-25T15:40:05.252 INFO:teuthology.orchestra.run.smithi110.stdout:/usr/bin/ceph: stderr
2024-04-25T15:40:04.479+0000 7fea72334700 1 --2- 172.21.15.110:0/3530915863 >> [v2:172.21.15.110:3300/0,v1:172.21.15.110:6789/0] conn(0x7fea6c102880 0x7fea6c102c90 secure :-1 s=READY pgs=35 cs=0 l=1 rev1=1 crypto rx=0x7fea5c0098e0 tx=0x7fea5c009250 comp rx=0 tx=0).stop
2024-04-25T15:40:05.252 INFO:teuthology.orchestra.run.smithi110.stdout:/usr/bin/ceph: stderr
2024-04-25T15:40:04.479+0000 7fea72334700 1 -- 172.21.15.110:0/3530915863 shutdown_connections
2024-04-25T15:40:05.252 INFO:teuthology.orchestra.run.smithi110.stdout:/usr/bin/ceph: stderr
2024-04-25T15:40:04.479+0000 7fea72334700 1 --2- 172.21.15.110:0/3530915863 >> [v2:172.21.15.110:3300/0,v1:172.21.15.110:6789/0] conn(0x7fea6c102880 0x7fea6c102c90 unknown :-1 s=CLOSED pgs=35 cs=0 l=1 rev1=1 crypto rx=0 tx=0 comp rx=0 tx=0).stop
2024-04-25T15:40:05.252 INFO:teuthology.orchestra.run.smithi110.stdout:/usr/bin/ceph: stderr
2024-04-25T15:40:04.479+0000 7fea72334700 1 -- 172.21.15.110:0/3530915863 >> 172.21.15.110:0/3530915863 conn(0x7fea6c0fe060 msgr2=0x7fea6c100470 unknown :-1 s=STATE_NONE l=0).mark_down
2024-04-25T15:40:05.252 INFO:teuthology.orchestra.run.smithi110.stdout:/usr/bin/ceph: stderr
2024-04-25T15:40:04.479+0000 7fea72334700 1 -- 172.21.15.110:0/3530915863 shutdown_connections
2024-04-25T15:40:05.252 INFO:teuthology.orchestra.run.smithi110.stdout:/usr/bin/ceph: stderr
2024-04-25T15:40:04.479+0000 7fea72334700 1 -- 172.21.15.110:0/3530915863 wait complete.
2024-04-25T15:40:05.252 INFO:teuthology.orchestra.run.smithi110.stdout:/usr/bin/ceph: stderr
2024-04-25T15:40:04.479+0000 7fea72334700 1 Processor -- start
2024-04-25T15:40:05.252 INFO:teuthology.orchestra.run.smithi110.stdout:/usr/bin/ceph: stderr
2024-04-25T15:40:04.479+0000 7fea72334700 1 -- start start
2024-04-25T15:40:05.253 INFO:teuthology.orchestra.run.smithi110.stdout:/usr/bin/ceph: stderr
2024-04-25T15:40:04.480+0000 7fea72334700 1 --2- >> [v2:172.21.15.110:3300/0,v1:172.21.15.110:6789/0] conn(0x7fea6c102880 0x7fea6c1115f0 unknown :-1 s=NONE pgs=0 cs=0 l=1 rev1=0 crypto rx=0 tx=0 comp rx=0 tx=0).connect
2024-04-25T15:40:05.253 INFO:teuthology.orchestra.run.smithi110.stdout:/usr/bin/ceph: stderr
2024-04-25T15:40:04.480+0000 7fea72334700 1 -- --> [v2:172.21.15.110:3300/0,v1:172.21.15.110:6789/0] -- mon_getmap magic: 0 v1 -- 0x7fea6c111b30 con 0x7fea6c102880
2024-04-25T15:40:05.253 INFO:teuthology.orchestra.run.smithi110.stdout:/usr/bin/ceph: stderr
2024-04-25T15:40:04.480+0000 7fea6bfff700 1 --2- >> [v2:172.21.15.110:3300/0,v1:172.21.15.110:6789/0] conn(0x7fea6c102880 0x7fea6c1115f0 unknown :-1 s=BANNER_CONNECTING pgs=0 cs=0 l=1 rev1=0 crypto rx=0 tx=0 comp rx=0 tx=0)._handle_peer_banner_payload supported=3 required=0
2024-04-25T15:40:05.253 INFO:teuthology.orchestra.run.smithi110.stdout:/usr/bin/ceph: stderr
2024-04-25T15:40:04.480+0000 7fea6bfff700 1 --2- >> [v2:172.21.15.110:3300/0,v1:172.21.15.110:6789/0] conn(0x7fea6c102880 0x7fea6c1115f0 unknown :-1 s=HELLO_CONNECTING pgs=0 cs=0 l=1 rev1=1 crypto rx=0 tx=0 comp rx=0 tx=0).handle_hello peer v2:172.21.15.110:3300/0 says I am v2:172.21.15.110:34174/0 (socket says 172.21.15.110:34174)
2024-04-25T15:40:05.253 INFO:teuthology.orchestra.run.smithi110.stdout:/usr/bin/ceph: stderr
2024-04-25T15:40:04.480+0000 7fea6bfff700 1 -- 172.21.15.110:0/463821359 learned_addr learned my addr 172.21.15.110:0/463821359 (peer_addr_for_me v2:172.21.15.110:0/0)
2024-04-25T15:40:05.253 INFO:teuthology.orchestra.run.smithi110.stdout:/usr/bin/ceph: stderr
2024-04-25T15:40:04.480+0000 7fea6bfff700 1 -- 172.21.15.110:0/463821359 --> [v2:172.21.15.110:3300/0,v1:172.21.15.110:6789/0] -- mon_subscribe({config=0+,monmap=0+}) v3 -- 0x7fea5c0094f0 con 0x7fea6c102880
2024-04-25T15:40:05.253 INFO:teuthology.orchestra.run.smithi110.stdout:/usr/bin/ceph: stderr
2024-04-25T15:40:04.480+0000 7fea6bfff700 1 --2- 172.21.15.110:0/463821359 >> [v2:172.21.15.110:3300/0,v1:172.21.15.110:6789/0] conn(0x7fea6c102880 0x7fea6c1115f0 secure :-1 s=READY pgs=36 cs=0 l=1 rev1=1 crypto rx=0x7fea5c000c00 tx=0x7fea5c009250 comp rx=0 tx=0).ready entity=mon.0 client_cookie=0 server_cookie=0 in_seq=0 out_seq=0
2024-04-25T15:40:05.253 INFO:teuthology.orchestra.run.smithi110.stdout:/usr/bin/ceph: stderr
2024-04-25T15:40:04.480+0000 7fea68ff9700 1 -- 172.21.15.110:0/463821359 <== mon.0 v2:172.21.15.110:3300/0 1 ==== mon_map magic: 0 v1 ==== 229+0+0 (secure 0 0 0) 0x7fea5c0107c0 con 0x7fea6c102880
2024-04-25T15:40:05.253 INFO:teuthology.orchestra.run.smithi110.stdout:/usr/bin/ceph: stderr
2024-04-25T15:40:04.480+0000 7fea72334700 1 -- 172.21.15.110:0/463821359 --> [v2:172.21.15.110:3300/0,v1:172.21.15.110:6789/0] -- mon_subscribe({mgrmap=0+}) v3 -- 0x7fea6c111d30 con 0x7fea6c102880
2024-04-25T15:40:05.253 INFO:teuthology.orchestra.run.smithi110.stdout:/usr/bin/ceph: stderr
2024-04-25T15:40:04.480+0000 7fea68ff9700 1 -- 172.21.15.110:0/463821359 <== mon.0 v2:172.21.15.110:3300/0 2 ==== config(27 keys) v1 ==== 1044+0+0 (secure 0 0 0) 0x7fea5c010db0 con 0x7fea6c102880
2024-04-25T15:40:05.253 INFO:teuthology.orchestra.run.smithi110.stdout:/usr/bin/ceph: stderr
2024-04-25T15:40:04.480+0000 7fea68ff9700 1 -- 172.21.15.110:0/463821359 <== mon.0 v2:172.21.15.110:3300/0 3 ==== mon_map magic: 0 v1 ==== 229+0+0 (secure 0 0 0) 0x7fea5c01ad00 con 0x7fea6c102880
2024-04-25T15:40:05.253 INFO:teuthology.orchestra.run.smithi110.stdout:/usr/bin/ceph: stderr
2024-04-25T15:40:04.480+0000 7fea72334700 1 -- 172.21.15.110:0/463821359 --> [v2:172.21.15.110:3300/0,v1:172.21.15.110:6789/0] -- mon_subscribe({osdmap=0}) v3 -- 0x7fea6c1128a0 con 0x7fea6c102880
2024-04-25T15:40:05.253 INFO:teuthology.orchestra.run.smithi110.stdout:/usr/bin/ceph: stderr
2024-04-25T15:40:04.481+0000 7fea68ff9700 1 -- 172.21.15.110:0/463821359 <== mon.0 v2:172.21.15.110:3300/0 4 ==== mgrmap(e 7) v1 ==== 43270+0+0 (secure 0 0 0) 0x7fea5c0193c0 con 0x7fea6c102880
2024-04-25T15:40:05.253 INFO:teuthology.orchestra.run.smithi110.stdout:/usr/bin/ceph: stderr
2024-04-25T15:40:04.481+0000 7fea72334700 1 -- 172.21.15.110:0/463821359 --> [v2:172.21.15.110:3300/0,v1:172.21.15.110:6789/0] -- mon_command({"prefix": "get_command_descriptions"} v 0) v1 -- 0x7fea6c05f5c0 con 0x7fea6c102880
2024-04-25T15:40:05.253 INFO:teuthology.orchestra.run.smithi110.stdout:/usr/bin/ceph: stderr
2024-04-25T15:40:04.481+0000 7fea68ff9700 1 --2- 172.21.15.110:0/463821359 >> [v2:172.21.15.110:6800/1116386591,v1:172.21.15.110:6801/1116386591] conn(0x7fea54036720 0x7fea54038bd0 unknown :-1 s=NONE pgs=0 cs=0 l=1 rev1=0 crypto rx=0 tx=0 comp rx=0 tx=0).connect
2024-04-25T15:40:05.254 INFO:teuthology.orchestra.run.smithi110.stdout:/usr/bin/ceph: stderr
2024-04-25T15:40:04.481+0000 7fea68ff9700 1 -- 172.21.15.110:0/463821359 <== mon.0 v2:172.21.15.110:3300/0 5 ==== osd_map(2..2 src has 1..2) v4 ==== 936+0+0 (secure 0 0 0) 0x7fea5c04a4d0 con 0x7fea6c102880
2024-04-25T15:40:05.254 INFO:teuthology.orchestra.run.smithi110.stdout:/usr/bin/ceph: stderr
2024-04-25T15:40:04.481+0000 7fea6b7fe700 1 --2- 172.21.15.110:0/463821359 >> [v2:172.21.15.110:6800/1116386591,v1:172.21.15.110:6801/1116386591] conn(0x7fea54036720 0x7fea54038bd0 unknown :-1 s=BANNER_CONNECTING pgs=0 cs=0 l=1 rev1=0 crypto rx=0 tx=0 comp rx=0 tx=0)._handle_peer_banner_payload supported=3 required=0
2024-04-25T15:40:05.254 INFO:teuthology.orchestra.run.smithi110.stdout:/usr/bin/ceph: stderr
2024-04-25T15:40:04.482+0000 7fea6b7fe700 1 --2- 172.21.15.110:0/463821359 >> [v2:172.21.15.110:6800/1116386591,v1:172.21.15.110:6801/1116386591] conn(0x7fea54036720 0x7fea54038bd0 secure :-1 s=READY pgs=7 cs=0 l=1 rev1=1 crypto rx=0x7fea60009990 tx=0x7fea60006e40 comp rx=0 tx=0).ready entity=mgr.14118 client_cookie=0 server_cookie=0 in_seq=0 out_seq=0
2024-04-25T15:40:05.254 INFO:teuthology.orchestra.run.smithi110.stdout:/usr/bin/ceph: stderr
2024-04-25T15:40:04.486+0000 7fea68ff9700 1 -- 172.21.15.110:0/463821359 <== mon.0 v2:172.21.15.110:3300/0 6 ==== mon_command_ack([{"prefix": "get_command_descriptions"}]=0 v0) v1 ==== 72+0+176702 (secure 0 0 0) 0x7fea5c022930 con 0x7fea6c102880
2024-04-25T15:40:05.254 INFO:teuthology.orchestra.run.smithi110.stdout:/usr/bin/ceph: stderr
2024-04-25T15:40:04.569+0000 7fea68ff9700 1 -- 172.21.15.110:0/463821359 <== mon.0 v2:172.21.15.110:3300/0 7 ==== mgrmap(e 8) v1 ==== 43376+0+0 (secure 0 0 0) 0x7fea5c01a530 con 0x7fea6c102880
2024-04-25T15:40:05.254 INFO:teuthology.orchestra.run.smithi110.stdout:/usr/bin/ceph: stderr
2024-04-25T15:40:04.686+0000 7fea72334700 1 -- 172.21.15.110:0/463821359 --> [v2:172.21.15.110:6800/1116386591,v1:172.21.15.110:6801/1116386591] -- mgr_command(tid 0: {"prefix": "orch set backend", "module_name": "cephadm", "target": ["mon-mgr", ""]}) v1 -- 0x7fea6c0ff200 con 0x7fea54036720
2024-04-25T15:40:05.254 INFO:teuthology.orchestra.run.smithi110.stdout:/usr/bin/ceph: stderr
2024-04-25T15:40:04.695+0000 7fea68ff9700 1 -- 172.21.15.110:0/463821359 <== mgr.14118 v2:172.21.15.110:6800/1116386591 1 ==== mgr_command_reply(tid 0: 0 ) v1 ==== 8+0+0 (secure 0 0 0) 0x7fea6c0ff200 con 0x7fea54036720
2024-04-25T15:40:05.254 INFO:teuthology.orchestra.run.smithi110.stdout:/usr/bin/ceph: stderr
2024-04-25T15:40:04.697+0000 7fea72334700 1 -- 172.21.15.110:0/463821359 >> [v2:172.21.15.110:6800/1116386591,v1:172.21.15.110:6801/1116386591] conn(0x7fea54036720 msgr2=0x7fea54038bd0 secure :-1 s=STATE_CONNECTION_ESTABLISHED l=1).mark_down
2024-04-25T15:40:05.254 INFO:teuthology.orchestra.run.smithi110.stdout:/usr/bin/ceph: stderr
2024-04-25T15:40:04.697+0000 7fea72334700 1 --2- 172.21.15.110:0/463821359 >> [v2:172.21.15.110:6800/1116386591,v1:172.21.15.110:6801/1116386591] conn(0x7fea54036720 0x7fea54038bd0 secure :-1 s=READY pgs=7 cs=0 l=1 rev1=1 crypto rx=0x7fea60009990 tx=0x7fea60006e40 comp rx=0 tx=0).stop
2024-04-25T15:40:05.254 INFO:teuthology.orchestra.run.smithi110.stdout:/usr/bin/ceph: stderr
2024-04-25T15:40:04.697+0000 7fea72334700 1 -- 172.21.15.110:0/463821359 >> [v2:172.21.15.110:3300/0,v1:172.21.15.110:6789/0] conn(0x7fea6c102880 msgr2=0x7fea6c1115f0 secure :-1 s=STATE_CONNECTION_ESTABLISHED l=1).mark_down
2024-04-25T15:40:05.254 INFO:teuthology.orchestra.run.smithi110.stdout:/usr/bin/ceph: stderr
2024-04-25T15:40:04.697+0000 7fea72334700 1 --2- 172.21.15.110:0/463821359 >> [v2:172.21.15.110:3300/0,v1:172.21.15.110:6789/0] conn(0x7fea6c102880 0x7fea6c1115f0 secure :-1 s=READY pgs=36 cs=0 l=1 rev1=1 crypto rx=0x7fea5c000c00 tx=0x7fea5c009250 comp rx=0 tx=0).stop
2024-04-25T15:40:05.254 INFO:teuthology.orchestra.run.smithi110.stdout:/usr/bin/ceph: stderr
2024-04-25T15:40:04.697+0000 7fea72334700 1 -- 172.21.15.110:0/463821359 shutdown_connections
2024-04-25T15:40:05.254 INFO:teuthology.orchestra.run.smithi110.stdout:/usr/bin/ceph: stderr
2024-04-25T15:40:04.697+0000 7fea72334700 1 --2- 172.21.15.110:0/463821359 >> [v2:172.21.15.110:6800/1116386591,v1:172.21.15.110:6801/1116386591] conn(0x7fea54036720 0x7fea54038bd0 unknown :-1 s=CLOSED pgs=7 cs=0 l=1 rev1=1 crypto rx=0 tx=0 comp rx=0 tx=0).stop
2024-04-25T15:40:05.254 INFO:teuthology.orchestra.run.smithi110.stdout:/usr/bin/ceph: stderr
2024-04-25T15:40:04.697+0000 7fea72334700 1 --2- 172.21.15.110:0/463821359 >> [v2:172.21.15.110:3300/0,v1:172.21.15.110:6789/0] conn(0x7fea6c102880 0x7fea6c1115f0 unknown :-1 s=CLOSED pgs=36 cs=0 l=1 rev1=1 crypto rx=0 tx=0 comp rx=0 tx=0).stop
2024-04-25T15:40:05.254 INFO:teuthology.orchestra.run.smithi110.stdout:/usr/bin/ceph: stderr
2024-04-25T15:40:04.697+0000 7fea72334700 1 -- 172.21.15.110:0/463821359 >> 172.21.15.110:0/463821359 conn(0x7fea6c0fe060 msgr2=0x7fea6c0feaf0 unknown :-1 s=STATE_NONE l=0).mark_down
2024-04-25T15:40:05.255 INFO:teuthology.orchestra.run.smithi110.stdout:/usr/bin/ceph: stderr
2024-04-25T15:40:04.697+0000 7fea72334700 1 -- 172.21.15.110:0/463821359 shutdown_connections
2024-04-25T15:40:05.255 INFO:teuthology.orchestra.run.smithi110.stdout:/usr/bin/ceph: stderr
2024-04-25T15:40:04.697+0000 7fea72334700 1 -- 172.21.15.110:0/463821359 wait complete.
2024-04-25T15:40:05.863 INFO:journalctl@ceph.mon.smithi110.smithi110.stdout:Apr 25 15:40:05 smithi110 ceph-mon[26344]: mgrmap e8: smithi110.lvgbkf(active, since 2s)
2024-04-25T15:40:05.863 INFO:journalctl@ceph.mon.smithi110.smithi110.stdout:Apr 25 15:40:05 smithi110 ceph-mon[26344]: from='client.14130 -' entity='client.admin' cmd=[{"prefix": "orch set backend", "module_name": "cephadm", "target": ["mon-mgr", ""]}]: dispatch
2024-04-25T15:40:05.863 INFO:journalctl@ceph.mon.smithi110.smithi110.stdout:Apr 25 15:40:05 smithi110 ceph-mon[26344]: from='mgr.14118 172.21.15.110:0/3021288117' entity='mgr.smithi110.lvgbkf'
2024-04-25T15:40:05.863 INFO:journalctl@ceph.mon.smithi110.smithi110.stdout:Apr 25 15:40:05 smithi110 ceph-mon[26344]: from='mgr.14118 172.21.15.110:0/3021288117' entity='mgr.smithi110.lvgbkf' cmd=[{"prefix": "config dump", "format": "json"}]: dispatch
2024-04-25T15:40:06.366 INFO:teuthology.orchestra.run.smithi110.stdout:/usr/bin/ceph: stdout value unchanged
2024-04-25T15:40:06.366 INFO:teuthology.orchestra.run.smithi110.stdout:/usr/bin/ceph: stderr
2024-04-25T15:40:05.680+0000 7f043eb8e700 1 Processor -- start
2024-04-25T15:40:06.366 INFO:teuthology.orchestra.run.smithi110.stdout:/usr/bin/ceph: stderr
2024-04-25T15:40:05.680+0000 7f043eb8e700 1 -- start start
2024-04-25T15:40:06.366 INFO:teuthology.orchestra.run.smithi110.stdout:/usr/bin/ceph: stderr
2024-04-25T15:40:05.680+0000 7f043eb8e700 1 --2- >> [v2:172.21.15.110:3300/0,v1:172.21.15.110:6789/0] conn(0x7f0438076c30 0x7f0438105440 unknown :-1 s=NONE pgs=0 cs=0 l=0 rev1=0 crypto rx=0 tx=0 comp rx=0 tx=0).connect
2024-04-25T15:40:06.366 INFO:teuthology.orchestra.run.smithi110.stdout:/usr/bin/ceph: stderr
2024-04-25T15:40:05.680+0000 7f043eb8e700 1 -- --> [v2:172.21.15.110:3300/0,v1:172.21.15.110:6789/0] -- mon_getmap magic: 0 v1 -- 0x7f0438105980 con 0x7f0438076c30
2024-04-25T15:40:06.366 INFO:teuthology.orchestra.run.smithi110.stdout:/usr/bin/ceph: stderr
2024-04-25T15:40:05.680+0000 7f043c92a700 1 --2- >> [v2:172.21.15.110:3300/0,v1:172.21.15.110:6789/0] conn(0x7f0438076c30 0x7f0438105440 unknown :-1 s=BANNER_CONNECTING pgs=0 cs=0 l=0 rev1=0 crypto rx=0 tx=0 comp rx=0 tx=0)._handle_peer_banner_payload supported=3 required=0
2024-04-25T15:40:06.366 INFO:teuthology.orchestra.run.smithi110.stdout:/usr/bin/ceph: stderr
2024-04-25T15:40:05.680+0000 7f043c92a700 1 --2- >> [v2:172.21.15.110:3300/0,v1:172.21.15.110:6789/0] conn(0x7f0438076c30 0x7f0438105440 unknown :-1 s=HELLO_CONNECTING pgs=0 cs=0 l=0 rev1=1 crypto rx=0 tx=0 comp rx=0 tx=0).handle_hello peer v2:172.21.15.110:3300/0 says I am v2:172.21.15.110:34180/0 (socket says 172.21.15.110:34180)
2024-04-25T15:40:06.366 INFO:teuthology.orchestra.run.smithi110.stdout:/usr/bin/ceph: stderr
2024-04-25T15:40:05.680+0000 7f043c92a700 1 -- 172.21.15.110:0/2462819983 learned_addr learned my addr 172.21.15.110:0/2462819983 (peer_addr_for_me v2:172.21.15.110:0/0)
2024-04-25T15:40:06.366 INFO:teuthology.orchestra.run.smithi110.stdout:/usr/bin/ceph: stderr
2024-04-25T15:40:05.681+0000 7f043c92a700 1 -- 172.21.15.110:0/2462819983 --> [v2:172.21.15.110:3300/0,v1:172.21.15.110:6789/0] -- mon_subscribe({config=0+,monmap=0+}) v3 -- 0x7f0438105ac0 con 0x7f0438076c30
2024-04-25T15:40:06.367 INFO:teuthology.orchestra.run.smithi110.stdout:/usr/bin/ceph: stderr
2024-04-25T15:40:05.681+0000 7f043c92a700 1 --2- 172.21.15.110:0/2462819983 >> [v2:172.21.15.110:3300/0,v1:172.21.15.110:6789/0] conn(0x7f0438076c30 0x7f0438105440 secure :-1 s=READY pgs=37 cs=0 l=1 rev1=1 crypto rx=0x7f042c0098e0 tx=0x7f042c009250 comp rx=0 tx=0).ready entity=mon.0 client_cookie=51540e8585bbdd1c server_cookie=0 in_seq=0 out_seq=0
2024-04-25T15:40:06.367 INFO:teuthology.orchestra.run.smithi110.stdout:/usr/bin/ceph: stderr
2024-04-25T15:40:05.681+0000 7f04377fe700 1 -- 172.21.15.110:0/2462819983 <== mon.0 v2:172.21.15.110:3300/0 1 ==== mon_map magic: 0 v1 ==== 229+0+0 (secure 0 0 0) 0x7f042c00b860 con 0x7f0438076c30
2024-04-25T15:40:06.367 INFO:teuthology.orchestra.run.smithi110.stdout:/usr/bin/ceph: stderr
2024-04-25T15:40:05.681+0000 7f04377fe700 1 -- 172.21.15.110:0/2462819983 <== mon.0 v2:172.21.15.110:3300/0 2 ==== config(27 keys) v1 ==== 1044+0+0 (secure 0 0 0) 0x7f042c00be50 con 0x7f0438076c30
2024-04-25T15:40:06.367 INFO:teuthology.orchestra.run.smithi110.stdout:/usr/bin/ceph: stderr
2024-04-25T15:40:05.681+0000 7f04377fe700 1 -- 172.21.15.110:0/2462819983 <== mon.0 v2:172.21.15.110:3300/0 3 ==== mon_map magic: 0 v1 ==== 229+0+0 (secure 0 0 0) 0x7f042c010380 con 0x7f0438076c30
2024-04-25T15:40:06.367 INFO:teuthology.orchestra.run.smithi110.stdout:/usr/bin/ceph: stderr
2024-04-25T15:40:05.681+0000 7f043eb8e700 1 -- 172.21.15.110:0/2462819983 >> [v2:172.21.15.110:3300/0,v1:172.21.15.110:6789/0] conn(0x7f0438076c30 msgr2=0x7f0438105440 secure :-1 s=STATE_CONNECTION_ESTABLISHED l=1).mark_down
2024-04-25T15:40:06.367 INFO:teuthology.orchestra.run.smithi110.stdout:/usr/bin/ceph: stderr
2024-04-25T15:40:05.681+0000 7f043eb8e700 1 --2- 172.21.15.110:0/2462819983 >> [v2:172.21.15.110:3300/0,v1:172.21.15.110:6789/0] conn(0x7f0438076c30 0x7f0438105440 secure :-1 s=READY pgs=37 cs=0 l=1 rev1=1 crypto rx=0x7f042c0098e0 tx=0x7f042c009250 comp rx=0 tx=0).stop
2024-04-25T15:40:06.367 INFO:teuthology.orchestra.run.smithi110.stdout:/usr/bin/ceph: stderr
2024-04-25T15:40:05.681+0000 7f043eb8e700 1 -- 172.21.15.110:0/2462819983 shutdown_connections
2024-04-25T15:40:06.367 INFO:teuthology.orchestra.run.smithi110.stdout:/usr/bin/ceph: stderr
2024-04-25T15:40:05.681+0000 7f043eb8e700 1 --2- 172.21.15.110:0/2462819983 >> [v2:172.21.15.110:3300/0,v1:172.21.15.110:6789/0] conn(0x7f0438076c30 0x7f0438105440 unknown :-1 s=CLOSED pgs=37 cs=0 l=1 rev1=1 crypto rx=0 tx=0 comp rx=0 tx=0).stop
2024-04-25T15:40:06.367 INFO:teuthology.orchestra.run.smithi110.stdout:/usr/bin/ceph: stderr
2024-04-25T15:40:05.681+0000 7f043eb8e700 1 -- 172.21.15.110:0/2462819983 >> 172.21.15.110:0/2462819983 conn(0x7f04380fcef0 msgr2=0x7f04380ff300 unknown :-1 s=STATE_NONE l=0).mark_down
2024-04-25T15:40:06.367 INFO:teuthology.orchestra.run.smithi110.stdout:/usr/bin/ceph: stderr
2024-04-25T15:40:05.681+0000 7f043eb8e700 1 -- 172.21.15.110:0/2462819983 shutdown_connections
2024-04-25T15:40:06.367 INFO:teuthology.orchestra.run.smithi110.stdout:/usr/bin/ceph: stderr
2024-04-25T15:40:05.681+0000 7f043eb8e700 1 -- 172.21.15.110:0/2462819983 wait complete.
2024-04-25T15:40:06.367 INFO:teuthology.orchestra.run.smithi110.stdout:/usr/bin/ceph: stderr
2024-04-25T15:40:05.682+0000 7f043eb8e700 1 Processor -- start
2024-04-25T15:40:06.367 INFO:teuthology.orchestra.run.smithi110.stdout:/usr/bin/ceph: stderr
2024-04-25T15:40:05.682+0000 7f043eb8e700 1 -- start start
2024-04-25T15:40:06.367 INFO:teuthology.orchestra.run.smithi110.stdout:/usr/bin/ceph: stderr
2024-04-25T15:40:05.682+0000 7f043eb8e700 1 --2- >> [v2:172.21.15.110:3300/0,v1:172.21.15.110:6789/0] conn(0x7f0438076c30 0x7f0438111600 unknown :-1 s=NONE pgs=0 cs=0 l=1 rev1=0 crypto rx=0 tx=0 comp rx=0 tx=0).connect
2024-04-25T15:40:06.367 INFO:teuthology.orchestra.run.smithi110.stdout:/usr/bin/ceph: stderr
2024-04-25T15:40:05.682+0000 7f043eb8e700 1 -- --> [v2:172.21.15.110:3300/0,v1:172.21.15.110:6789/0] -- mon_getmap magic: 0 v1 -- 0x7f0438111b40 con 0x7f0438076c30
2024-04-25T15:40:06.367 INFO:teuthology.orchestra.run.smithi110.stdout:/usr/bin/ceph: stderr
2024-04-25T15:40:05.682+0000 7f043c92a700 1 --2- >> [v2:172.21.15.110:3300/0,v1:172.21.15.110:6789/0] conn(0x7f0438076c30 0x7f0438111600 unknown :-1 s=BANNER_CONNECTING pgs=0 cs=0 l=1 rev1=0 crypto rx=0 tx=0 comp rx=0 tx=0)._handle_peer_banner_payload supported=3 required=0
2024-04-25T15:40:06.368 INFO:teuthology.orchestra.run.smithi110.stdout:/usr/bin/ceph: stderr
2024-04-25T15:40:05.682+0000 7f043c92a700 1 --2- >> [v2:172.21.15.110:3300/0,v1:172.21.15.110:6789/0] conn(0x7f0438076c30 0x7f0438111600 unknown :-1 s=HELLO_CONNECTING pgs=0 cs=0 l=1 rev1=1 crypto rx=0 tx=0 comp rx=0 tx=0).handle_hello peer v2:172.21.15.110:3300/0 says I am v2:172.21.15.110:34194/0 (socket says 172.21.15.110:34194)
2024-04-25T15:40:06.368 INFO:teuthology.orchestra.run.smithi110.stdout:/usr/bin/ceph: stderr
2024-04-25T15:40:05.682+0000 7f043c92a700 1 -- 172.21.15.110:0/921273553 learned_addr learned my addr 172.21.15.110:0/921273553 (peer_addr_for_me v2:172.21.15.110:0/0)
2024-04-25T15:40:06.368 INFO:teuthology.orchestra.run.smithi110.stdout:/usr/bin/ceph: stderr
2024-04-25T15:40:05.683+0000 7f043c92a700 1 -- 172.21.15.110:0/921273553 --> [v2:172.21.15.110:3300/0,v1:172.21.15.110:6789/0] -- mon_subscribe({config=0+,monmap=0+}) v3 -- 0x7f042c0094f0 con 0x7f0438076c30
2024-04-25T15:40:06.368 INFO:teuthology.orchestra.run.smithi110.stdout:/usr/bin/ceph: stderr
2024-04-25T15:40:05.683+0000 7f043c92a700 1 --2- 172.21.15.110:0/921273553 >> [v2:172.21.15.110:3300/0,v1:172.21.15.110:6789/0] conn(0x7f0438076c30 0x7f0438111600 secure :-1 s=READY pgs=38 cs=0 l=1 rev1=1 crypto rx=0x7f042c006b00 tx=0x7f042c009250 comp rx=0 tx=0).ready entity=mon.0 client_cookie=0 server_cookie=0 in_seq=0 out_seq=0
2024-04-25T15:40:06.368 INFO:teuthology.orchestra.run.smithi110.stdout:/usr/bin/ceph: stderr
2024-04-25T15:40:05.683+0000 7f04357fa700 1 -- 172.21.15.110:0/921273553 <== mon.0 v2:172.21.15.110:3300/0 1 ==== mon_map magic: 0 v1 ==== 229+0+0 (secure 0 0 0) 0x7f042c0107c0 con 0x7f0438076c30
2024-04-25T15:40:06.368 INFO:teuthology.orchestra.run.smithi110.stdout:/usr/bin/ceph: stderr
2024-04-25T15:40:05.683+0000 7f043eb8e700 1 -- 172.21.15.110:0/921273553 --> [v2:172.21.15.110:3300/0,v1:172.21.15.110:6789/0] -- mon_subscribe({mgrmap=0+}) v3 -- 0x7f0438111d40 con 0x7f0438076c30
2024-04-25T15:40:06.368 INFO:teuthology.orchestra.run.smithi110.stdout:/usr/bin/ceph: stderr
2024-04-25T15:40:05.683+0000 7f04357fa700 1 -- 172.21.15.110:0/921273553 <== mon.0 v2:172.21.15.110:3300/0 2 ==== config(27 keys) v1 ==== 1044+0+0 (secure 0 0 0) 0x7f042c010db0 con 0x7f0438076c30
2024-04-25T15:40:06.368 INFO:teuthology.orchestra.run.smithi110.stdout:/usr/bin/ceph: stderr
2024-04-25T15:40:05.683+0000 7f04357fa700 1 -- 172.21.15.110:0/921273553 <== mon.0 v2:172.21.15.110:3300/0 3 ==== mon_map magic: 0 v1 ==== 229+0+0 (secure 0 0 0) 0x7f042c01acf0 con 0x7f0438076c30
2024-04-25T15:40:06.368 INFO:teuthology.orchestra.run.smithi110.stdout:/usr/bin/ceph: stderr
2024-04-25T15:40:05.683+0000 7f043eb8e700 1 -- 172.21.15.110:0/921273553 --> [v2:172.21.15.110:3300/0,v1:172.21.15.110:6789/0] -- mon_subscribe({osdmap=0}) v3 -- 0x7f04381128b0 con 0x7f0438076c30
2024-04-25T15:40:06.368 INFO:teuthology.orchestra.run.smithi110.stdout:/usr/bin/ceph: stderr
2024-04-25T15:40:05.684+0000 7f04357fa700 1 -- 172.21.15.110:0/921273553 <== mon.0 v2:172.21.15.110:3300/0 4 ==== mgrmap(e 8) v1 ==== 43376+0+0 (secure 0 0 0) 0x7f042c0193c0 con 0x7f0438076c30
2024-04-25T15:40:06.368 INFO:teuthology.orchestra.run.smithi110.stdout:/usr/bin/ceph: stderr
2024-04-25T15:40:05.684+0000 7f043eb8e700 1 -- 172.21.15.110:0/921273553 --> [v2:172.21.15.110:3300/0,v1:172.21.15.110:6789/0] -- mon_command({"prefix": "get_command_descriptions"} v 0) v1 -- 0x7f043805f5c0 con 0x7f0438076c30
2024-04-25T15:40:06.368 INFO:teuthology.orchestra.run.smithi110.stdout:/usr/bin/ceph: stderr
2024-04-25T15:40:05.684+0000 7f04357fa700 1 --2- 172.21.15.110:0/921273553 >> [v2:172.21.15.110:6800/1116386591,v1:172.21.15.110:6801/1116386591] conn(0x7f04280368a0 0x7f0428038d50 unknown :-1 s=NONE pgs=0 cs=0 l=1 rev1=0 crypto rx=0 tx=0 comp rx=0 tx=0).connect
2024-04-25T15:40:06.368 INFO:teuthology.orchestra.run.smithi110.stdout:/usr/bin/ceph: stderr
2024-04-25T15:40:05.684+0000 7f04357fa700 1 -- 172.21.15.110:0/921273553 <== mon.0 v2:172.21.15.110:3300/0 5 ==== osd_map(2..2 src has 1..2) v4 ==== 936+0+0 (secure 0 0 0) 0x7f042c04a780 con 0x7f0438076c30
2024-04-25T15:40:06.368 INFO:teuthology.orchestra.run.smithi110.stdout:/usr/bin/ceph: stderr
2024-04-25T15:40:05.684+0000 7f0437fff700 1 --2- 172.21.15.110:0/921273553 >> [v2:172.21.15.110:6800/1116386591,v1:172.21.15.110:6801/1116386591] conn(0x7f04280368a0 0x7f0428038d50 unknown :-1 s=BANNER_CONNECTING pgs=0 cs=0 l=1 rev1=0 crypto rx=0 tx=0 comp rx=0 tx=0)._handle_peer_banner_payload supported=3 required=0
2024-04-25T15:40:06.368 INFO:teuthology.orchestra.run.smithi110.stdout:/usr/bin/ceph: stderr
2024-04-25T15:40:05.684+0000 7f0437fff700 1 --2- 172.21.15.110:0/921273553 >> [v2:172.21.15.110:6800/1116386591,v1:172.21.15.110:6801/1116386591] conn(0x7f04280368a0 0x7f0428038d50 secure :-1 s=READY pgs=8 cs=0 l=1 rev1=1 crypto rx=0x7f0424009990 tx=0x7f0424006e40 comp rx=0 tx=0).ready entity=mgr.14118 client_cookie=0 server_cookie=0 in_seq=0 out_seq=0
2024-04-25T15:40:06.369 INFO:teuthology.orchestra.run.smithi110.stdout:/usr/bin/ceph: stderr
2024-04-25T15:40:05.689+0000 7f04357fa700 1 -- 172.21.15.110:0/921273553 <== mon.0 v2:172.21.15.110:3300/0 6 ==== mon_command_ack([{"prefix": "get_command_descriptions"}]=0 v0) v1 ==== 72+0+176702 (secure 0 0 0) 0x7f042c022930 con 0x7f0438076c30
2024-04-25T15:40:06.369 INFO:teuthology.orchestra.run.smithi110.stdout:/usr/bin/ceph: stderr
2024-04-25T15:40:05.877+0000 7f043eb8e700 1 -- 172.21.15.110:0/921273553 --> [v2:172.21.15.110:6800/1116386591,v1:172.21.15.110:6801/1116386591] -- mgr_command(tid 0: {"prefix": "cephadm set-user", "user": "root", "target": ["mon-mgr", ""]}) v1 -- 0x7f04380fe100 con 0x7f04280368a0
2024-04-25T15:40:06.369 INFO:teuthology.orchestra.run.smithi110.stdout:/usr/bin/ceph: stderr
2024-04-25T15:40:05.878+0000 7f04357fa700 1 -- 172.21.15.110:0/921273553 <== mgr.14118 v2:172.21.15.110:6800/1116386591 1 ==== mgr_command_reply(tid 0: 0 ) v1 ==== 8+0+16 (secure 0 0 0) 0x7f04380fe100 con 0x7f04280368a0
2024-04-25T15:40:06.369 INFO:teuthology.orchestra.run.smithi110.stdout:/usr/bin/ceph: stderr
2024-04-25T15:40:05.880+0000 7f043eb8e700 1 -- 172.21.15.110:0/921273553 >> [v2:172.21.15.110:6800/1116386591,v1:172.21.15.110:6801/1116386591] conn(0x7f04280368a0 msgr2=0x7f0428038d50 secure :-1 s=STATE_CONNECTION_ESTABLISHED l=1).mark_down
2024-04-25T15:40:06.369 INFO:teuthology.orchestra.run.smithi110.stdout:/usr/bin/ceph: stderr
2024-04-25T15:40:05.880+0000 7f043eb8e700 1 --2- 172.21.15.110:0/921273553 >> [v2:172.21.15.110:6800/1116386591,v1:172.21.15.110:6801/1116386591] conn(0x7f04280368a0 0x7f0428038d50 secure :-1 s=READY pgs=8 cs=0 l=1 rev1=1 crypto rx=0x7f0424009990 tx=0x7f0424006e40 comp rx=0 tx=0).stop
2024-04-25T15:40:06.369 INFO:teuthology.orchestra.run.smithi110.stdout:/usr/bin/ceph: stderr
2024-04-25T15:40:05.880+0000 7f043eb8e700 1 -- 172.21.15.110:0/921273553 >> [v2:172.21.15.110:3300/0,v1:172.21.15.110:6789/0] conn(0x7f0438076c30 msgr2=0x7f0438111600 secure :-1 s=STATE_CONNECTION_ESTABLISHED l=1).mark_down
2024-04-25T15:40:06.369 INFO:teuthology.orchestra.run.smithi110.stdout:/usr/bin/ceph: stderr
2024-04-25T15:40:05.880+0000 7f043eb8e700 1 --2- 172.21.15.110:0/921273553 >> [v2:172.21.15.110:3300/0,v1:172.21.15.110:6789/0] conn(0x7f0438076c30 0x7f0438111600 secure :-1 s=READY pgs=38 cs=0 l=1 rev1=1 crypto rx=0x7f042c006b00 tx=0x7f042c009250 comp rx=0 tx=0).stop
2024-04-25T15:40:06.369 INFO:teuthology.orchestra.run.smithi110.stdout:/usr/bin/ceph: stderr
2024-04-25T15:40:05.880+0000 7f043eb8e700 1 -- 172.21.15.110:0/921273553 shutdown_connections
2024-04-25T15:40:06.369 INFO:teuthology.orchestra.run.smithi110.stdout:/usr/bin/ceph: stderr
2024-04-25T15:40:05.880+0000 7f043eb8e700 1 --2- 172.21.15.110:0/921273553 >> [v2:172.21.15.110:6800/1116386591,v1:172.21.15.110:6801/1116386591] conn(0x7f04280368a0 0x7f0428038d50 unknown :-1 s=CLOSED pgs=8 cs=0 l=1 rev1=1 crypto rx=0 tx=0 comp rx=0 tx=0).stop
2024-04-25T15:40:06.369 INFO:teuthology.orchestra.run.smithi110.stdout:/usr/bin/ceph: stderr
2024-04-25T15:40:05.880+0000 7f043eb8e700 1 --2- 172.21.15.110:0/921273553 >> [v2:172.21.15.110:3300/0,v1:172.21.15.110:6789/0] conn(0x7f0438076c30 0x7f0438111600 unknown :-1 s=CLOSED pgs=38 cs=0 l=1 rev1=1 crypto rx=0 tx=0 comp rx=0 tx=0).stop
2024-04-25T15:40:06.369 INFO:teuthology.orchestra.run.smithi110.stdout:/usr/bin/ceph: stderr
2024-04-25T15:40:05.880+0000 7f043eb8e700 1 -- 172.21.15.110:0/921273553 >> 172.21.15.110:0/921273553 conn(0x7f04380fcef0 msgr2=0x7f04380fd9f0 unknown :-1 s=STATE_NONE l=0).mark_down
2024-04-25T15:40:06.369 INFO:teuthology.orchestra.run.smithi110.stdout:/usr/bin/ceph: stderr
2024-04-25T15:40:05.880+0000 7f043eb8e700 1 -- 172.21.15.110:0/921273553 shutdown_connections
2024-04-25T15:40:06.369 INFO:teuthology.orchestra.run.smithi110.stdout:/usr/bin/ceph: stderr
2024-04-25T15:40:05.880+0000 7f043eb8e700 1 -- 172.21.15.110:0/921273553 wait complete.
2024-04-25T15:40:06.369 INFO:teuthology.orchestra.run.smithi110.stdout:Generating ssh key...
2024-04-25T15:40:06.613 INFO:journalctl@ceph.mon.smithi110.smithi110.stdout:Apr 25 15:40:06 smithi110 ceph-mon[26344]: from='client.14132 -' entity='client.admin' cmd=[{"prefix": "cephadm set-user", "user": "root", "target": ["mon-mgr", ""]}]: dispatch
2024-04-25T15:40:07.547 INFO:teuthology.orchestra.run.smithi110.stdout:/usr/bin/ceph: stderr
