2024-04-25T15:46:46.623+0000 7fb6d259c700 1 --2- >> [v2:172.21.15.33:3300/0,v1:172.21.15.33:6789/0] conn(0x7fb6d41090c0 0x7fb6d419df50 unknown :-1 s=HELLO_CONNECTING pgs=0 cs=0 l=1 rev1=1 crypto rx=0 tx=0 comp rx=0 tx=0).handle_hello peer v2:172.21.15.33:3300/0 says I am v2:172.21.15.33:55020/0 (socket says 172.21.15.33:55020)
2024-04-25T15:46:47.640 INFO:teuthology.orchestra.run.smithi033.stdout:/usr/bin/ceph: stderr
2024-04-25T15:46:46.623+0000 7fb6d259c700 1 -- 172.21.15.33:0/499696341 learned_addr learned my addr 172.21.15.33:0/499696341 (peer_addr_for_me v2:172.21.15.33:0/0)
2024-04-25T15:46:47.640 INFO:teuthology.orchestra.run.smithi033.stdout:/usr/bin/ceph: stderr
2024-04-25T15:46:46.623+0000 7fb6d259c700 1 -- 172.21.15.33:0/499696341 --> [v2:172.21.15.33:3300/0,v1:172.21.15.33:6789/0] -- mon_subscribe({config=0+,monmap=0+}) -- 0x7fb6d419e490 con 0x7fb6d41090c0
2024-04-25T15:46:47.640 INFO:teuthology.orchestra.run.smithi033.stdout:/usr/bin/ceph: stderr
2024-04-25T15:46:46.623+0000 7fb6d259c700 1 --2- 172.21.15.33:0/499696341 >> [v2:172.21.15.33:3300/0,v1:172.21.15.33:6789/0] conn(0x7fb6d41090c0 0x7fb6d419df50 secure :-1 s=READY pgs=48 cs=0 l=1 rev1=1 crypto rx=0x7fb6c40090e0 tx=0x7fb6c4011940 comp rx=0 tx=0).ready entity=mon.0 client_cookie=0 server_cookie=0 in_seq=0 out_seq=0
2024-04-25T15:46:47.640 INFO:teuthology.orchestra.run.smithi033.stdout:/usr/bin/ceph: stderr
2024-04-25T15:46:46.623+0000 7fb6c37fe700 1 -- 172.21.15.33:0/499696341 <== mon.0 v2:172.21.15.33:3300/0 1 ==== mon_map magic: 0 ==== 205+0+0 (secure 0 0 0) 0x7fb6c40039e0 con 0x7fb6d41090c0
2024-04-25T15:46:47.640 INFO:teuthology.orchestra.run.smithi033.stdout:/usr/bin/ceph: stderr
2024-04-25T15:46:46.623+0000 7fb6d88e5700 1 -- 172.21.15.33:0/499696341 --> [v2:172.21.15.33:3300/0,v1:172.21.15.33:6789/0] -- mon_subscribe({mgrmap=0+}) -- 0x7fb6d419e720 con 0x7fb6d41090c0
2024-04-25T15:46:47.640 INFO:teuthology.orchestra.run.smithi033.stdout:/usr/bin/ceph: stderr
2024-04-25T15:46:46.623+0000 7fb6c37fe700 1 -- 172.21.15.33:0/499696341 <== mon.0 v2:172.21.15.33:3300/0 2 ==== config(26 keys) ==== 1070+0+0 (secure 0 0 0) 0x7fb6c4003b80 con 0x7fb6d41090c0
2024-04-25T15:46:47.640 INFO:teuthology.orchestra.run.smithi033.stdout:/usr/bin/ceph: stderr
2024-04-25T15:46:46.623+0000 7fb6c37fe700 1 -- 172.21.15.33:0/499696341 <== mon.0 v2:172.21.15.33:3300/0 3 ==== mon_map magic: 0 ==== 205+0+0 (secure 0 0 0) 0x7fb6c40246e0 con 0x7fb6d41090c0
2024-04-25T15:46:47.640 INFO:teuthology.orchestra.run.smithi033.stdout:/usr/bin/ceph: stderr
2024-04-25T15:46:46.623+0000 7fb6d88e5700 1 -- 172.21.15.33:0/499696341 --> [v2:172.21.15.33:3300/0,v1:172.21.15.33:6789/0] -- mon_subscribe({osdmap=0}) -- 0x7fb6d41a1330 con 0x7fb6d41090c0
2024-04-25T15:46:47.641 INFO:teuthology.orchestra.run.smithi033.stdout:/usr/bin/ceph: stderr
2024-04-25T15:46:46.624+0000 7fb6c37fe700 1 -- 172.21.15.33:0/499696341 <== mon.0 v2:172.21.15.33:3300/0 4 ==== mgrmap(e 8) ==== 49516+0+0 (secure 0 0 0) 0x7fb6c4022020 con 0x7fb6d41090c0
2024-04-25T15:46:47.641 INFO:teuthology.orchestra.run.smithi033.stdout:/usr/bin/ceph: stderr
2024-04-25T15:46:46.624+0000 7fb6d88e5700 1 -- 172.21.15.33:0/499696341 --> [v2:172.21.15.33:3300/0,v1:172.21.15.33:6789/0] -- mon_command({"prefix": "get_command_descriptions"} v 0) -- 0x7fb6d4064cf0 con 0x7fb6d41090c0
2024-04-25T15:46:47.641 INFO:teuthology.orchestra.run.smithi033.stdout:/usr/bin/ceph: stderr
2024-04-25T15:46:46.624+0000 7fb6c37fe700 1 --2- 172.21.15.33:0/499696341 >> [v2:172.21.15.33:6800/3279218883,v1:172.21.15.33:6801/3279218883] conn(0x7fb6bc03d570 0x7fb6bc03fa80 unknown :-1 s=NONE pgs=0 cs=0 l=1 rev1=0 crypto rx=0 tx=0 comp rx=0 tx=0).connect
2024-04-25T15:46:47.641 INFO:teuthology.orchestra.run.smithi033.stdout:/usr/bin/ceph: stderr
2024-04-25T15:46:46.624+0000 7fb6c37fe700 1 -- 172.21.15.33:0/499696341 <== mon.0 v2:172.21.15.33:3300/0 5 ==== osd_map(2..2 src has 1..2) ==== 940+0+0 (secure 0 0 0) 0x7fb6c4052660 con 0x7fb6d41090c0
2024-04-25T15:46:47.641 INFO:teuthology.orchestra.run.smithi033.stdout:/usr/bin/ceph: stderr
2024-04-25T15:46:46.625+0000 7fb6d1d9b700 1 --2- 172.21.15.33:0/499696341 >> [v2:172.21.15.33:6800/3279218883,v1:172.21.15.33:6801/3279218883] conn(0x7fb6bc03d570 0x7fb6bc03fa80 unknown :-1 s=BANNER_CONNECTING pgs=0 cs=0 l=1 rev1=0 crypto rx=0 tx=0 comp rx=0 tx=0)._handle_peer_banner_payload supported=3 required=0
2024-04-25T15:46:47.641 INFO:teuthology.orchestra.run.smithi033.stdout:/usr/bin/ceph: stderr
2024-04-25T15:46:46.625+0000 7fb6d1d9b700 1 --2- 172.21.15.33:0/499696341 >> [v2:172.21.15.33:6800/3279218883,v1:172.21.15.33:6801/3279218883] conn(0x7fb6bc03d570 0x7fb6bc03fa80 secure :-1 s=READY pgs=12 cs=0 l=1 rev1=1 crypto rx=0x7fb6c8006fd0 tx=0x7fb6c8006e40 comp rx=0 tx=0).ready entity=mgr.14120 client_cookie=0 server_cookie=0 in_seq=0 out_seq=0
2024-04-25T15:46:47.641 INFO:teuthology.orchestra.run.smithi033.stdout:/usr/bin/ceph: stderr
2024-04-25T15:46:46.630+0000 7fb6c37fe700 1 -- 172.21.15.33:0/499696341 <== mon.0 v2:172.21.15.33:3300/0 6 ==== mon_command_ack([{"prefix": "get_command_descriptions"}]=0 v0) ==== 72+0+188370 (secure 0 0 0) 0x7fb6c4005a20 con 0x7fb6d41090c0
2024-04-25T15:46:47.641 INFO:teuthology.orchestra.run.smithi033.stdout:/usr/bin/ceph: stderr
2024-04-25T15:46:46.871+0000 7fb6d88e5700 1 -- 172.21.15.33:0/499696341 --> [v2:172.21.15.33:6800/3279218883,v1:172.21.15.33:6801/3279218883] -- mgr_command(tid 0: {"prefix": "orch apply", "service_type": "mon", "unmanaged": true, "target": ["mon-mgr", ""]}) -- 0x7fb6d402e7f0 con 0x7fb6bc03d570
2024-04-25T15:46:47.641 INFO:teuthology.orchestra.run.smithi033.stdout:/usr/bin/ceph: stderr
2024-04-25T15:46:46.879+0000 7fb6c37fe700 1 -- 172.21.15.33:0/499696341 <== mgr.14120 v2:172.21.15.33:6800/3279218883 1 ==== mgr_command_reply(tid 0: 0 ) ==== 8+0+24 (secure 0 0 0) 0x7fb6d402e7f0 con 0x7fb6bc03d570
2024-04-25T15:46:47.641 INFO:teuthology.orchestra.run.smithi033.stdout:/usr/bin/ceph: stderr
2024-04-25T15:46:46.880+0000 7fb6d88e5700 1 -- 172.21.15.33:0/499696341 >> [v2:172.21.15.33:6800/3279218883,v1:172.21.15.33:6801/3279218883] conn(0x7fb6bc03d570 msgr2=0x7fb6bc03fa80 secure :-1 s=STATE_CONNECTION_ESTABLISHED l=1).mark_down
2024-04-25T15:46:47.641 INFO:teuthology.orchestra.run.smithi033.stdout:/usr/bin/ceph: stderr
2024-04-25T15:46:46.881+0000 7fb6d88e5700 1 --2- 172.21.15.33:0/499696341 >> [v2:172.21.15.33:6800/3279218883,v1:172.21.15.33:6801/3279218883] conn(0x7fb6bc03d570 0x7fb6bc03fa80 secure :-1 s=READY pgs=12 cs=0 l=1 rev1=1 crypto rx=0x7fb6c8006fd0 tx=0x7fb6c8006e40 comp rx=0 tx=0).stop
2024-04-25T15:46:47.641 INFO:teuthology.orchestra.run.smithi033.stdout:/usr/bin/ceph: stderr
2024-04-25T15:46:46.881+0000 7fb6d88e5700 1 -- 172.21.15.33:0/499696341 >> [v2:172.21.15.33:3300/0,v1:172.21.15.33:6789/0] conn(0x7fb6d41090c0 msgr2=0x7fb6d419df50 secure :-1 s=STATE_CONNECTION_ESTABLISHED l=1).mark_down
2024-04-25T15:46:47.641 INFO:teuthology.orchestra.run.smithi033.stdout:/usr/bin/ceph: stderr
2024-04-25T15:46:46.881+0000 7fb6d88e5700 1 --2- 172.21.15.33:0/499696341 >> [v2:172.21.15.33:3300/0,v1:172.21.15.33:6789/0] conn(0x7fb6d41090c0 0x7fb6d419df50 secure :-1 s=READY pgs=48 cs=0 l=1 rev1=1 crypto rx=0x7fb6c40090e0 tx=0x7fb6c4011940 comp rx=0 tx=0).stop
2024-04-25T15:46:47.641 INFO:teuthology.orchestra.run.smithi033.stdout:/usr/bin/ceph: stderr
2024-04-25T15:46:46.881+0000 7fb6d88e5700 1 -- 172.21.15.33:0/499696341 shutdown_connections
2024-04-25T15:46:47.641 INFO:teuthology.orchestra.run.smithi033.stdout:/usr/bin/ceph: stderr
2024-04-25T15:46:46.881+0000 7fb6d88e5700 1 --2- 172.21.15.33:0/499696341 >> [v2:172.21.15.33:6800/3279218883,v1:172.21.15.33:6801/3279218883] conn(0x7fb6bc03d570 0x7fb6bc03fa80 unknown :-1 s=CLOSED pgs=12 cs=0 l=1 rev1=1 crypto rx=0 tx=0 comp rx=0 tx=0).stop
2024-04-25T15:46:47.642 INFO:teuthology.orchestra.run.smithi033.stdout:/usr/bin/ceph: stderr
2024-04-25T15:46:46.881+0000 7fb6d88e5700 1 --2- 172.21.15.33:0/499696341 >> [v2:172.21.15.33:3300/0,v1:172.21.15.33:6789/0] conn(0x7fb6d41090c0 0x7fb6d419df50 unknown :-1 s=CLOSED pgs=48 cs=0 l=1 rev1=1 crypto rx=0 tx=0 comp rx=0 tx=0).stop
2024-04-25T15:46:47.642 INFO:teuthology.orchestra.run.smithi033.stdout:/usr/bin/ceph: stderr
2024-04-25T15:46:46.881+0000 7fb6d88e5700 1 -- 172.21.15.33:0/499696341 >> 172.21.15.33:0/499696341 conn(0x7fb6d41038d0 msgr2=0x7fb6d4194500 unknown :-1 s=STATE_NONE l=0).mark_down
2024-04-25T15:46:47.642 INFO:teuthology.orchestra.run.smithi033.stdout:/usr/bin/ceph: stderr
2024-04-25T15:46:46.881+0000 7fb6d88e5700 1 -- 172.21.15.33:0/499696341 shutdown_connections
2024-04-25T15:46:47.642 INFO:teuthology.orchestra.run.smithi033.stdout:/usr/bin/ceph: stderr
2024-04-25T15:46:46.881+0000 7fb6d88e5700 1 -- 172.21.15.33:0/499696341 wait complete.
2024-04-25T15:46:47.642 INFO:teuthology.orchestra.run.smithi033.stdout:Deploying unmanaged mgr service...
2024-04-25T15:46:48.157 INFO:journalctl@ceph.mon.a.smithi033.stdout:Apr 25 15:46:47 smithi033 ceph-mon[29176]: from='client.14142 -' entity='client.admin' cmd=[{"prefix": "orch apply", "service_type": "mon", "unmanaged": true, "target": ["mon-mgr", ""]}]: dispatch
2024-04-25T15:46:48.157 INFO:journalctl@ceph.mon.a.smithi033.stdout:Apr 25 15:46:47 smithi033 ceph-mon[29176]: Saving service mon spec with placement count:5
2024-04-25T15:46:48.157 INFO:journalctl@ceph.mon.a.smithi033.stdout:Apr 25 15:46:47 smithi033 ceph-mon[29176]: from='mgr.14120 172.21.15.33:0/4190403042' entity='mgr.x'
2024-04-25T15:46:49.360 INFO:teuthology.orchestra.run.smithi033.stdout:/usr/bin/ceph: stdout Scheduled mgr update...
2024-04-25T15:46:49.360 INFO:teuthology.orchestra.run.smithi033.stdout:/usr/bin/ceph: stderr
2024-04-25T15:46:48.178+0000 7f418cad0700 1 Processor -- start
2024-04-25T15:46:49.360 INFO:teuthology.orchestra.run.smithi033.stdout:/usr/bin/ceph: stderr
2024-04-25T15:46:48.178+0000 7f418cad0700 1 -- start start
2024-04-25T15:46:49.360 INFO:teuthology.orchestra.run.smithi033.stdout:/usr/bin/ceph: stderr
2024-04-25T15:46:48.178+0000 7f418cad0700 1 --2- >> [v2:172.21.15.33:3300/0,v1:172.21.15.33:6789/0] conn(0x7f4188108aa0 0x7f4188108eb0 unknown :-1 s=NONE pgs=0 cs=0 l=0 rev1=0 crypto rx=0 tx=0 comp rx=0 tx=0).connect
2024-04-25T15:46:49.360 INFO:teuthology.orchestra.run.smithi033.stdout:/usr/bin/ceph: stderr
2024-04-25T15:46:48.178+0000 7f418cad0700 1 -- --> [v2:172.21.15.33:3300/0,v1:172.21.15.33:6789/0] -- mon_getmap magic: 0 -- 0x7f41881094a0 con 0x7f4188108aa0
2024-04-25T15:46:49.360 INFO:teuthology.orchestra.run.smithi033.stdout:/usr/bin/ceph: stderr
2024-04-25T15:46:48.178+0000 7f418659c700 1 --2- >> [v2:172.21.15.33:3300/0,v1:172.21.15.33:6789/0] conn(0x7f4188108aa0 0x7f4188108eb0 unknown :-1 s=BANNER_CONNECTING pgs=0 cs=0 l=0 rev1=0 crypto rx=0 tx=0 comp rx=0 tx=0)._handle_peer_banner_payload supported=3 required=0
2024-04-25T15:46:49.360 INFO:teuthology.orchestra.run.smithi033.stdout:/usr/bin/ceph: stderr
2024-04-25T15:46:48.178+0000 7f418659c700 1 --2- >> [v2:172.21.15.33:3300/0,v1:172.21.15.33:6789/0] conn(0x7f4188108aa0 0x7f4188108eb0 unknown :-1 s=HELLO_CONNECTING pgs=0 cs=0 l=0 rev1=1 crypto rx=0 tx=0 comp rx=0 tx=0).handle_hello peer v2:172.21.15.33:3300/0 says I am v2:172.21.15.33:55036/0 (socket says 172.21.15.33:55036)
2024-04-25T15:46:49.361 INFO:teuthology.orchestra.run.smithi033.stdout:/usr/bin/ceph: stderr
2024-04-25T15:46:48.178+0000 7f418659c700 1 -- 172.21.15.33:0/3905304636 learned_addr learned my addr 172.21.15.33:0/3905304636 (peer_addr_for_me v2:172.21.15.33:0/0)
2024-04-25T15:46:49.361 INFO:teuthology.orchestra.run.smithi033.stdout:/usr/bin/ceph: stderr
2024-04-25T15:46:48.179+0000 7f418659c700 1 -- 172.21.15.33:0/3905304636 --> [v2:172.21.15.33:3300/0,v1:172.21.15.33:6789/0] -- mon_subscribe({config=0+,monmap=0+}) -- 0x7f4188109c70 con 0x7f4188108aa0
2024-04-25T15:46:49.361 INFO:teuthology.orchestra.run.smithi033.stdout:/usr/bin/ceph: stderr
2024-04-25T15:46:48.179+0000 7f418659c700 1 --2- 172.21.15.33:0/3905304636 >> [v2:172.21.15.33:3300/0,v1:172.21.15.33:6789/0] conn(0x7f4188108aa0 0x7f4188108eb0 secure :-1 s=READY pgs=49 cs=0 l=1 rev1=1 crypto rx=0x7f41780098a0 tx=0x7f4178009bb0 comp rx=0 tx=0).ready entity=mon.0 client_cookie=f10fb0ed361634e9 server_cookie=0 in_seq=0 out_seq=0
2024-04-25T15:46:49.361 INFO:teuthology.orchestra.run.smithi033.stdout:/usr/bin/ceph: stderr
2024-04-25T15:46:48.179+0000 7f418559a700 1 -- 172.21.15.33:0/3905304636 <== mon.0 v2:172.21.15.33:3300/0 1 ==== mon_map magic: 0 ==== 205+0+0 (secure 0 0 0) 0x7f4178004160 con 0x7f4188108aa0
2024-04-25T15:46:49.361 INFO:teuthology.orchestra.run.smithi033.stdout:/usr/bin/ceph: stderr
2024-04-25T15:46:48.179+0000 7f418559a700 1 -- 172.21.15.33:0/3905304636 <== mon.0 v2:172.21.15.33:3300/0 2 ==== config(26 keys) ==== 1070+0+0 (secure 0 0 0) 0x7f4178004300 con 0x7f4188108aa0
2024-04-25T15:46:49.361 INFO:teuthology.orchestra.run.smithi033.stdout:/usr/bin/ceph: stderr
2024-04-25T15:46:48.179+0000 7f418559a700 1 -- 172.21.15.33:0/3905304636 <== mon.0 v2:172.21.15.33:3300/0 3 ==== mon_map magic: 0 ==== 205+0+0 (secure 0 0 0) 0x7f4178011af0 con 0x7f4188108aa0
2024-04-25T15:46:49.361 INFO:teuthology.orchestra.run.smithi033.stdout:/usr/bin/ceph: stderr
2024-04-25T15:46:48.180+0000 7f418cad0700 1 -- 172.21.15.33:0/3905304636 >> [v2:172.21.15.33:3300/0,v1:172.21.15.33:6789/0] conn(0x7f4188108aa0 msgr2=0x7f4188108eb0 secure :-1 s=STATE_CONNECTION_ESTABLISHED l=1).mark_down
2024-04-25T15:46:49.361 INFO:teuthology.orchestra.run.smithi033.stdout:/usr/bin/ceph: stderr
2024-04-25T15:46:48.180+0000 7f418cad0700 1 --2- 172.21.15.33:0/3905304636 >> [v2:172.21.15.33:3300/0,v1:172.21.15.33:6789/0] conn(0x7f4188108aa0 0x7f4188108eb0 secure :-1 s=READY pgs=49 cs=0 l=1 rev1=1 crypto rx=0x7f41780098a0 tx=0x7f4178009bb0 comp rx=0 tx=0).stop
2024-04-25T15:46:49.361 INFO:teuthology.orchestra.run.smithi033.stdout:/usr/bin/ceph: stderr
2024-04-25T15:46:48.180+0000 7f418cad0700 1 -- 172.21.15.33:0/3905304636 shutdown_connections
2024-04-25T15:46:49.361 INFO:teuthology.orchestra.run.smithi033.stdout:/usr/bin/ceph: stderr
2024-04-25T15:46:48.180+0000 7f418cad0700 1 --2- 172.21.15.33:0/3905304636 >> [v2:172.21.15.33:3300/0,v1:172.21.15.33:6789/0] conn(0x7f4188108aa0 0x7f4188108eb0 unknown :-1 s=CLOSED pgs=49 cs=0 l=1 rev1=1 crypto rx=0 tx=0 comp rx=0 tx=0).stop
2024-04-25T15:46:49.361 INFO:teuthology.orchestra.run.smithi033.stdout:/usr/bin/ceph: stderr
2024-04-25T15:46:48.180+0000 7f418cad0700 1 -- 172.21.15.33:0/3905304636 >> 172.21.15.33:0/3905304636 conn(0x7f4188104180 msgr2=0x7f41881065d0 unknown :-1 s=STATE_NONE l=0).mark_down
2024-04-25T15:46:49.361 INFO:teuthology.orchestra.run.smithi033.stdout:/usr/bin/ceph: stderr
2024-04-25T15:46:48.180+0000 7f418cad0700 1 -- 172.21.15.33:0/3905304636 shutdown_connections
2024-04-25T15:46:49.361 INFO:teuthology.orchestra.run.smithi033.stdout:/usr/bin/ceph: stderr
2024-04-25T15:46:48.180+0000 7f418cad0700 1 -- 172.21.15.33:0/3905304636 wait complete.
2024-04-25T15:46:49.362 INFO:teuthology.orchestra.run.smithi033.stdout:/usr/bin/ceph: stderr
2024-04-25T15:46:48.181+0000 7f418cad0700 1 Processor -- start
2024-04-25T15:46:49.362 INFO:teuthology.orchestra.run.smithi033.stdout:/usr/bin/ceph: stderr
2024-04-25T15:46:48.181+0000 7f418cad0700 1 -- start start
2024-04-25T15:46:49.362 INFO:teuthology.orchestra.run.smithi033.stdout:/usr/bin/ceph: stderr
2024-04-25T15:46:48.181+0000 7f418cad0700 1 --2- >> [v2:172.21.15.33:3300/0,v1:172.21.15.33:6789/0] conn(0x7f4188108aa0 0x7f418807c9a0 unknown :-1 s=NONE pgs=0 cs=0 l=1 rev1=0 crypto rx=0 tx=0 comp rx=0 tx=0).connect
2024-04-25T15:46:49.362 INFO:teuthology.orchestra.run.smithi033.stdout:/usr/bin/ceph: stderr
2024-04-25T15:46:48.181+0000 7f418cad0700 1 -- --> [v2:172.21.15.33:3300/0,v1:172.21.15.33:6789/0] -- mon_getmap magic: 0 -- 0x7f418810cea0 con 0x7f4188108aa0
2024-04-25T15:46:49.362 INFO:teuthology.orchestra.run.smithi033.stdout:/usr/bin/ceph: stderr
2024-04-25T15:46:48.181+0000 7f418659c700 1 --2- >> [v2:172.21.15.33:3300/0,v1:172.21.15.33:6789/0] conn(0x7f4188108aa0 0x7f418807c9a0 unknown :-1 s=BANNER_CONNECTING pgs=0 cs=0 l=1 rev1=0 crypto rx=0 tx=0 comp rx=0 tx=0)._handle_peer_banner_payload supported=3 required=0
2024-04-25T15:46:49.362 INFO:teuthology.orchestra.run.smithi033.stdout:/usr/bin/ceph: stderr
2024-04-25T15:46:48.181+0000 7f418659c700 1 --2- >> [v2:172.21.15.33:3300/0,v1:172.21.15.33:6789/0] conn(0x7f4188108aa0 0x7f418807c9a0 unknown :-1 s=HELLO_CONNECTING pgs=0 cs=0 l=1 rev1=1 crypto rx=0 tx=0 comp rx=0 tx=0).handle_hello peer v2:172.21.15.33:3300/0 says I am v2:172.21.15.33:55042/0 (socket says 172.21.15.33:55042)
2024-04-25T15:46:49.362 INFO:teuthology.orchestra.run.smithi033.stdout:/usr/bin/ceph: stderr
2024-04-25T15:46:48.181+0000 7f418659c700 1 -- 172.21.15.33:0/999223506 learned_addr learned my addr 172.21.15.33:0/999223506 (peer_addr_for_me v2:172.21.15.33:0/0)
2024-04-25T15:46:49.362 INFO:teuthology.orchestra.run.smithi033.stdout:/usr/bin/ceph: stderr
2024-04-25T15:46:48.182+0000 7f418659c700 1 -- 172.21.15.33:0/999223506 --> [v2:172.21.15.33:3300/0,v1:172.21.15.33:6789/0] -- mon_subscribe({config=0+,monmap=0+}) -- 0x7f418807cee0 con 0x7f4188108aa0
2024-04-25T15:46:49.362 INFO:teuthology.orchestra.run.smithi033.stdout:/usr/bin/ceph: stderr
2024-04-25T15:46:48.182+0000 7f418659c700 1 --2- 172.21.15.33:0/999223506 >> [v2:172.21.15.33:3300/0,v1:172.21.15.33:6789/0] conn(0x7f4188108aa0 0x7f418807c9a0 secure :-1 s=READY pgs=50 cs=0 l=1 rev1=1 crypto rx=0x7f41780090e0 tx=0x7f4178011940 comp rx=0 tx=0).ready entity=mon.0 client_cookie=0 server_cookie=0 in_seq=0 out_seq=0
2024-04-25T15:46:49.362 INFO:teuthology.orchestra.run.smithi033.stdout:/usr/bin/ceph: stderr
2024-04-25T15:46:48.182+0000 7f41777fe700 1 -- 172.21.15.33:0/999223506 <== mon.0 v2:172.21.15.33:3300/0 1 ==== mon_map magic: 0 ==== 205+0+0 (secure 0 0 0) 0x7f41780039e0 con 0x7f4188108aa0
2024-04-25T15:46:49.362 INFO:teuthology.orchestra.run.smithi033.stdout:/usr/bin/ceph: stderr
2024-04-25T15:46:48.182+0000 7f41777fe700 1 -- 172.21.15.33:0/999223506 <== mon.0 v2:172.21.15.33:3300/0 2 ==== config(26 keys) ==== 1070+0+0 (secure 0 0 0) 0x7f4178003b80 con 0x7f4188108aa0
2024-04-25T15:46:49.362 INFO:teuthology.orchestra.run.smithi033.stdout:/usr/bin/ceph: stderr
2024-04-25T15:46:48.182+0000 7f418cad0700 1 -- 172.21.15.33:0/999223506 --> [v2:172.21.15.33:3300/0,v1:172.21.15.33:6789/0] -- mon_subscribe({mgrmap=0+}) -- 0x7f41881a0c80 con 0x7f4188108aa0
2024-04-25T15:46:49.362 INFO:teuthology.orchestra.run.smithi033.stdout:/usr/bin/ceph: stderr
2024-04-25T15:46:48.182+0000 7f41777fe700 1 -- 172.21.15.33:0/999223506 <== mon.0 v2:172.21.15.33:3300/0 3 ==== mon_map magic: 0 ==== 205+0+0 (secure 0 0 0) 0x7f41780246e0 con 0x7f4188108aa0
2024-04-25T15:46:49.363 INFO:teuthology.orchestra.run.smithi033.stdout:/usr/bin/ceph: stderr
2024-04-25T15:46:48.182+0000 7f418cad0700 1 -- 172.21.15.33:0/999223506 --> [v2:172.21.15.33:3300/0,v1:172.21.15.33:6789/0] -- mon_subscribe({osdmap=0}) -- 0x7f41881a1160 con 0x7f4188108aa0
2024-04-25T15:46:49.363 INFO:teuthology.orchestra.run.smithi033.stdout:/usr/bin/ceph: stderr
2024-04-25T15:46:48.183+0000 7f41777fe700 1 -- 172.21.15.33:0/999223506 <== mon.0 v2:172.21.15.33:3300/0 4 ==== mgrmap(e 8) ==== 49516+0+0 (secure 0 0 0) 0x7f4178022020 con 0x7f4188108aa0
2024-04-25T15:46:49.363 INFO:teuthology.orchestra.run.smithi033.stdout:/usr/bin/ceph: stderr
2024-04-25T15:46:48.183+0000 7f418cad0700 1 -- 172.21.15.33:0/999223506 --> [v2:172.21.15.33:3300/0,v1:172.21.15.33:6789/0] -- mon_command({"prefix": "get_command_descriptions"} v 0) -- 0x7f4188064cf0 con 0x7f4188108aa0
2024-04-25T15:46:49.363 INFO:teuthology.orchestra.run.smithi033.stdout:/usr/bin/ceph: stderr
2024-04-25T15:46:48.183+0000 7f41777fe700 1 --2- 172.21.15.33:0/999223506 >> [v2:172.21.15.33:6800/3279218883,v1:172.21.15.33:6801/3279218883] conn(0x7f417003d5c0 0x7f417003fad0 unknown :-1 s=NONE pgs=0 cs=0 l=1 rev1=0 crypto rx=0 tx=0 comp rx=0 tx=0).connect
2024-04-25T15:46:49.363 INFO:teuthology.orchestra.run.smithi033.stdout:/usr/bin/ceph: stderr
2024-04-25T15:46:48.183+0000 7f41777fe700 1 -- 172.21.15.33:0/999223506 <== mon.0 v2:172.21.15.33:3300/0 5 ==== osd_map(2..2 src has 1..2) ==== 940+0+0 (secure 0 0 0) 0x7f4178052640 con 0x7f4188108aa0
2024-04-25T15:46:49.363 INFO:teuthology.orchestra.run.smithi033.stdout:/usr/bin/ceph: stderr
2024-04-25T15:46:48.184+0000 7f4185d9b700 1 --2- 172.21.15.33:0/999223506 >> [v2:172.21.15.33:6800/3279218883,v1:172.21.15.33:6801/3279218883] conn(0x7f417003d5c0 0x7f417003fad0 unknown :-1 s=BANNER_CONNECTING pgs=0 cs=0 l=1 rev1=0 crypto rx=0 tx=0 comp rx=0 tx=0)._handle_peer_banner_payload supported=3 required=0
2024-04-25T15:46:49.363 INFO:teuthology.orchestra.run.smithi033.stdout:/usr/bin/ceph: stderr
2024-04-25T15:46:48.184+0000 7f4185d9b700 1 --2- 172.21.15.33:0/999223506 >> [v2:172.21.15.33:6800/3279218883,v1:172.21.15.33:6801/3279218883] conn(0x7f417003d5c0 0x7f417003fad0 secure :-1 s=READY pgs=13 cs=0 l=1 rev1=1 crypto rx=0x7f417c006fd0 tx=0x7f417c006e40 comp rx=0 tx=0).ready entity=mgr.14120 client_cookie=0 server_cookie=0 in_seq=0 out_seq=0
2024-04-25T15:46:49.363 INFO:teuthology.orchestra.run.smithi033.stdout:/usr/bin/ceph: stderr
2024-04-25T15:46:48.189+0000 7f41777fe700 1 -- 172.21.15.33:0/999223506 <== mon.0 v2:172.21.15.33:3300/0 6 ==== mon_command_ack([{"prefix": "get_command_descriptions"}]=0 v0) ==== 72+0+188370 (secure 0 0 0) 0x7f417802c350 con 0x7f4188108aa0
2024-04-25T15:46:49.363 INFO:teuthology.orchestra.run.smithi033.stdout:/usr/bin/ceph: stderr
2024-04-25T15:46:48.411+0000 7f418cad0700 1 -- 172.21.15.33:0/999223506 --> [v2:172.21.15.33:6800/3279218883,v1:172.21.15.33:6801/3279218883] -- mgr_command(tid 0: {"prefix": "orch apply", "service_type": "mgr", "unmanaged": true, "target": ["mon-mgr", ""]}) -- 0x7f4188106210 con 0x7f417003d5c0
2024-04-25T15:46:49.363 INFO:teuthology.orchestra.run.smithi033.stdout:/usr/bin/ceph: stderr
2024-04-25T15:46:48.416+0000 7f41777fe700 1 -- 172.21.15.33:0/999223506 <== mgr.14120 v2:172.21.15.33:6800/3279218883 1 ==== mgr_command_reply(tid 0: 0 ) ==== 8+0+24 (secure 0 0 0) 0x7f4188106210 con 0x7f417003d5c0
2024-04-25T15:46:49.364 INFO:teuthology.orchestra.run.smithi033.stdout:/usr/bin/ceph: stderr
2024-04-25T15:46:48.418+0000 7f418cad0700 1 -- 172.21.15.33:0/999223506 >> [v2:172.21.15.33:6800/3279218883,v1:172.21.15.33:6801/3279218883] conn(0x7f417003d5c0 msgr2=0x7f417003fad0 secure :-1 s=STATE_CONNECTION_ESTABLISHED l=1).mark_down
2024-04-25T15:46:49.364 INFO:teuthology.orchestra.run.smithi033.stdout:/usr/bin/ceph: stderr
2024-04-25T15:46:48.418+0000 7f418cad0700 1 --2- 172.21.15.33:0/999223506 >> [v2:172.21.15.33:6800/3279218883,v1:172.21.15.33:6801/3279218883] conn(0x7f417003d5c0 0x7f417003fad0 secure :-1 s=READY pgs=13 cs=0 l=1 rev1=1 crypto rx=0x7f417c006fd0 tx=0x7f417c006e40 comp rx=0 tx=0).stop
2024-04-25T15:46:49.364 INFO:teuthology.orchestra.run.smithi033.stdout:/usr/bin/ceph: stderr
2024-04-25T15:46:48.418+0000 7f418cad0700 1 -- 172.21.15.33:0/999223506 >> [v2:172.21.15.33:3300/0,v1:172.21.15.33:6789/0] conn(0x7f4188108aa0 msgr2=0x7f418807c9a0 secure :-1 s=STATE_CONNECTION_ESTABLISHED l=1).mark_down
2024-04-25T15:46:49.364 INFO:teuthology.orchestra.run.smithi033.stdout:/usr/bin/ceph: stderr
2024-04-25T15:46:48.418+0000 7f418cad0700 1 --2- 172.21.15.33:0/999223506 >> [v2:172.21.15.33:3300/0,v1:172.21.15.33:6789/0] conn(0x7f4188108aa0 0x7f418807c9a0 secure :-1 s=READY pgs=50 cs=0 l=1 rev1=1 crypto rx=0x7f41780090e0 tx=0x7f4178011940 comp rx=0 tx=0).stop
2024-04-25T15:46:49.364 INFO:teuthology.orchestra.run.smithi033.stdout:/usr/bin/ceph: stderr
2024-04-25T15:46:48.418+0000 7f418cad0700 1 -- 172.21.15.33:0/999223506 shutdown_connections
2024-04-25T15:46:49.364 INFO:teuthology.orchestra.run.smithi033.stdout:/usr/bin/ceph: stderr
2024-04-25T15:46:48.418+0000 7f418cad0700 1 --2- 172.21.15.33:0/999223506 >> [v2:172.21.15.33:6800/3279218883,v1:172.21.15.33:6801/3279218883] conn(0x7f417003d5c0 0x7f417003fad0 unknown :-1 s=CLOSED pgs=13 cs=0 l=1 rev1=1 crypto rx=0 tx=0 comp rx=0 tx=0).stop
2024-04-25T15:46:49.364 INFO:teuthology.orchestra.run.smithi033.stdout:/usr/bin/ceph: stderr
2024-04-25T15:46:48.418+0000 7f418cad0700 1 --2- 172.21.15.33:0/999223506 >> [v2:172.21.15.33:3300/0,v1:172.21.15.33:6789/0] conn(0x7f4188108aa0 0x7f418807c9a0 unknown :-1 s=CLOSED pgs=50 cs=0 l=1 rev1=1 crypto rx=0 tx=0 comp rx=0 tx=0).stop
2024-04-25T15:46:49.364 INFO:teuthology.orchestra.run.smithi033.stdout:/usr/bin/ceph: stderr
2024-04-25T15:46:48.418+0000 7f418cad0700 1 -- 172.21.15.33:0/999223506 >> 172.21.15.33:0/999223506 conn(0x7f4188104180 msgr2=0x7f4188105ae0 unknown :-1 s=STATE_NONE l=0).mark_down
2024-04-25T15:46:49.364 INFO:teuthology.orchestra.run.smithi033.stdout:/usr/bin/ceph: stderr
2024-04-25T15:46:48.418+0000 7f418cad0700 1 -- 172.21.15.33:0/999223506 shutdown_connections
2024-04-25T15:46:49.364 INFO:teuthology.orchestra.run.smithi033.stdout:/usr/bin/ceph: stderr
2024-04-25T15:46:48.418+0000 7f418cad0700 1 -- 172.21.15.33:0/999223506 wait complete.
2024-04-25T15:46:49.608 INFO:journalctl@ceph.mon.a.smithi033.stdout:Apr 25 15:46:49 smithi033 ceph-mon[29176]: from='client.14144 -' entity='client.admin' cmd=[{"prefix": "orch apply", "service_type": "mgr", "unmanaged": true, "target": ["mon-mgr", ""]}]: dispatch
2024-04-25T15:46:49.609 INFO:journalctl@ceph.mon.a.smithi033.stdout:Apr 25 15:46:49 smithi033 ceph-mon[29176]: Saving service mgr spec with placement count:2
2024-04-25T15:46:49.609 INFO:journalctl@ceph.mon.a.smithi033.stdout:Apr 25 15:46:49 smithi033 ceph-mon[29176]: from='mgr.14120 172.21.15.33:0/4190403042' entity='mgr.x'
2024-04-25T15:46:49.609 INFO:journalctl@ceph.mon.a.smithi033.stdout:Apr 25 15:46:49 smithi033 ceph-mon[29176]: from='mgr.14120 172.21.15.33:0/4190403042' entity='mgr.x'
2024-04-25T15:46:50.629 INFO:journalctl@ceph.mon.a.smithi033.stdout:Apr 25 15:46:50 smithi033 ceph-mon[29176]: from='mgr.14120 172.21.15.33:0/4190403042' entity='mgr.x'
2024-04-25T15:46:50.629 INFO:journalctl@ceph.mon.a.smithi033.stdout:Apr 25 15:46:50 smithi033 ceph-mon[29176]: from='client.? 172.21.15.33:0/3722638173' entity='client.admin'
2024-04-25T15:46:51.507 INFO:teuthology.orchestra.run.smithi033.stdout:/usr/bin/ceph: stderr
2024-04-25T15:46:49.826+0000 7f021af87700 1 Processor -- start
2024-04-25T15:46:51.507 INFO:teuthology.orchestra.run.smithi033.stdout:/usr/bin/ceph: stderr
2024-04-25T15:46:49.826+0000 7f021af87700 1 -- start start
2024-04-25T15:46:51.507 INFO:teuthology.orchestra.run.smithi033.stdout:/usr/bin/ceph: stderr
2024-04-25T15:46:49.826+0000 7f021af87700 1 --2- >> [v2:172.21.15.33:3300/0,v1:172.21.15.33:6789/0] conn(0x7f021410a700 0x7f021410cb20 unknown :-1 s=NONE pgs=0 cs=0 l=0 rev1=0 crypto rx=0 tx=0 comp rx=0 tx=0).connect
2024-04-25T15:46:51.508 INFO:teuthology.orchestra.run.smithi033.stdout:/usr/bin/ceph: stderr
2024-04-25T15:46:49.826+0000 7f021af87700 1 -- --> [v2:172.21.15.33:3300/0,v1:172.21.15.33:6789/0] -- mon_getmap magic: 0 -- 0x7f0214077000 con 0x7f021410a700
2024-04-25T15:46:51.508 INFO:teuthology.orchestra.run.smithi033.stdout:/usr/bin/ceph: stderr
2024-04-25T15:46:49.826+0000 7f0218d23700 1 --2- >> [v2:172.21.15.33:3300/0,v1:172.21.15.33:6789/0] conn(0x7f021410a700 0x7f021410cb20 unknown :-1 s=BANNER_CONNECTING pgs=0 cs=0 l=0 rev1=0 crypto rx=0 tx=0 comp rx=0 tx=0)._handle_peer_banner_payload supported=3 required=0
2024-04-25T15:46:51.508 INFO:teuthology.orchestra.run.smithi033.stdout:/usr/bin/ceph: stderr
2024-04-25T15:46:49.826+0000 7f0218d23700 1 --2- >> [v2:172.21.15.33:3300/0,v1:172.21.15.33:6789/0] conn(0x7f021410a700 0x7f021410cb20 unknown :-1 s=HELLO_CONNECTING pgs=0 cs=0 l=0 rev1=1 crypto rx=0 tx=0 comp rx=0 tx=0).handle_hello peer v2:172.21.15.33:3300/0 says I am v2:172.21.15.33:55044/0 (socket says 172.21.15.33:55044)
2024-04-25T15:46:51.508 INFO:teuthology.orchestra.run.smithi033.stdout:/usr/bin/ceph: stderr
2024-04-25T15:46:49.826+0000 7f0218d23700 1 -- 172.21.15.33:0/2601301271 learned_addr learned my addr 172.21.15.33:0/2601301271 (peer_addr_for_me v2:172.21.15.33:0/0)
2024-04-25T15:46:51.508 INFO:teuthology.orchestra.run.smithi033.stdout:/usr/bin/ceph: stderr
2024-04-25T15:46:49.826+0000 7f0218d23700 1 -- 172.21.15.33:0/2601301271 --> [v2:172.21.15.33:3300/0,v1:172.21.15.33:6789/0] -- mon_subscribe({config=0+,monmap=0+}) -- 0x7f021410d060 con 0x7f021410a700
2024-04-25T15:46:51.508 INFO:teuthology.orchestra.run.smithi033.stdout:/usr/bin/ceph: stderr
2024-04-25T15:46:49.827+0000 7f0218d23700 1 --2- 172.21.15.33:0/2601301271 >> [v2:172.21.15.33:3300/0,v1:172.21.15.33:6789/0] conn(0x7f021410a700 0x7f021410cb20 secure :-1 s=READY pgs=51 cs=0 l=1 rev1=1 crypto rx=0x7f02080098a0 tx=0x7f0208009bb0 comp rx=0 tx=0).ready entity=mon.0 client_cookie=33338c222d9c9fa5 server_cookie=0 in_seq=0 out_seq=0
2024-04-25T15:46:51.508 INFO:teuthology.orchestra.run.smithi033.stdout:/usr/bin/ceph: stderr
2024-04-25T15:46:49.827+0000 7f02137fe700 1 -- 172.21.15.33:0/2601301271 <== mon.0 v2:172.21.15.33:3300/0 1 ==== mon_map magic: 0 ==== 205+0+0 (secure 0 0 0) 0x7f0208004160 con 0x7f021410a700
2024-04-25T15:46:51.508 INFO:teuthology.orchestra.run.smithi033.stdout:/usr/bin/ceph: stderr
2024-04-25T15:46:49.827+0000 7f02137fe700 1 -- 172.21.15.33:0/2601301271 <== mon.0 v2:172.21.15.33:3300/0 2 ==== config(26 keys) ==== 1101+0+0 (secure 0 0 0) 0x7f0208004300 con 0x7f021410a700
2024-04-25T15:46:51.508 INFO:teuthology.orchestra.run.smithi033.stdout:/usr/bin/ceph: stderr
2024-04-25T15:46:49.827+0000 7f02137fe700 1 -- 172.21.15.33:0/2601301271 <== mon.0 v2:172.21.15.33:3300/0 3 ==== mon_map magic: 0 ==== 205+0+0 (secure 0 0 0) 0x7f0208011a20 con 0x7f021410a700
2024-04-25T15:46:51.508 INFO:teuthology.orchestra.run.smithi033.stdout:/usr/bin/ceph: stderr
2024-04-25T15:46:49.828+0000 7f021af87700 1 -- 172.21.15.33:0/2601301271 >> [v2:172.21.15.33:3300/0,v1:172.21.15.33:6789/0] conn(0x7f021410a700 msgr2=0x7f021410cb20 secure :-1 s=STATE_CONNECTION_ESTABLISHED l=1).mark_down
2024-04-25T15:46:51.508 INFO:teuthology.orchestra.run.smithi033.stdout:/usr/bin/ceph: stderr
2024-04-25T15:46:49.828+0000 7f021af87700 1 --2- 172.21.15.33:0/2601301271 >> [v2:172.21.15.33:3300/0,v1:172.21.15.33:6789/0] conn(0x7f021410a700 0x7f021410cb20 secure :-1 s=READY pgs=51 cs=0 l=1 rev1=1 crypto rx=0x7f02080098a0 tx=0x7f0208009bb0 comp rx=0 tx=0).stop
2024-04-25T15:46:51.508 INFO:teuthology.orchestra.run.smithi033.stdout:/usr/bin/ceph: stderr
2024-04-25T15:46:49.828+0000 7f021af87700 1 -- 172.21.15.33:0/2601301271 shutdown_connections
2024-04-25T15:46:51.508 INFO:teuthology.orchestra.run.smithi033.stdout:/usr/bin/ceph: stderr
2024-04-25T15:46:49.828+0000 7f021af87700 1 --2- 172.21.15.33:0/2601301271 >> [v2:172.21.15.33:3300/0,v1:172.21.15.33:6789/0] conn(0x7f021410a700 0x7f021410cb20 unknown :-1 s=CLOSED pgs=51 cs=0 l=1 rev1=1 crypto rx=0 tx=0 comp rx=0 tx=0).stop
2024-04-25T15:46:51.509 INFO:teuthology.orchestra.run.smithi033.stdout:/usr/bin/ceph: stderr
2024-04-25T15:46:49.828+0000 7f021af87700 1 -- 172.21.15.33:0/2601301271 >> 172.21.15.33:0/2601301271 conn(0x7f0214104120 msgr2=0x7f02141065d0 unknown :-1 s=STATE_NONE l=0).mark_down
2024-04-25T15:46:51.509 INFO:teuthology.orchestra.run.smithi033.stdout:/usr/bin/ceph: stderr
2024-04-25T15:46:49.828+0000 7f021af87700 1 -- 172.21.15.33:0/2601301271 shutdown_connections
2024-04-25T15:46:51.509 INFO:teuthology.orchestra.run.smithi033.stdout:/usr/bin/ceph: stderr
2024-04-25T15:46:49.828+0000 7f021af87700 1 -- 172.21.15.33:0/2601301271 wait complete.
2024-04-25T15:46:51.509 INFO:teuthology.orchestra.run.smithi033.stdout:/usr/bin/ceph: stderr
2024-04-25T15:46:49.828+0000 7f021af87700 1 Processor -- start
2024-04-25T15:46:51.509 INFO:teuthology.orchestra.run.smithi033.stdout:/usr/bin/ceph: stderr
2024-04-25T15:46:49.828+0000 7f021af87700 1 -- start start
2024-04-25T15:46:51.509 INFO:teuthology.orchestra.run.smithi033.stdout:/usr/bin/ceph: stderr
2024-04-25T15:46:49.829+0000 7f021af87700 1 --2- >> [v2:172.21.15.33:3300/0,v1:172.21.15.33:6789/0] conn(0x7f021410a700 0x7f021419ded0 unknown :-1 s=NONE pgs=0 cs=0 l=1 rev1=0 crypto rx=0 tx=0 comp rx=0 tx=0).connect
2024-04-25T15:46:51.509 INFO:teuthology.orchestra.run.smithi033.stdout:/usr/bin/ceph: stderr
2024-04-25T15:46:49.829+0000 7f021af87700 1 -- --> [v2:172.21.15.33:3300/0,v1:172.21.15.33:6789/0] -- mon_getmap magic: 0 -- 0x7f021410e000 con 0x7f021410a700
2024-04-25T15:46:51.509 INFO:teuthology.orchestra.run.smithi033.stdout:/usr/bin/ceph: stderr
2024-04-25T15:46:49.829+0000 7f0218d23700 1 --2- >> [v2:172.21.15.33:3300/0,v1:172.21.15.33:6789/0] conn(0x7f021410a700 0x7f021419ded0 unknown :-1 s=BANNER_CONNECTING pgs=0 cs=0 l=1 rev1=0 crypto rx=0 tx=0 comp rx=0 tx=0)._handle_peer_banner_payload supported=3 required=0
2024-04-25T15:46:51.509 INFO:teuthology.orchestra.run.smithi033.stdout:/usr/bin/ceph: stderr
2024-04-25T15:46:49.829+0000 7f0218d23700 1 --2- >> [v2:172.21.15.33:3300/0,v1:172.21.15.33:6789/0] conn(0x7f021410a700 0x7f021419ded0 unknown :-1 s=HELLO_CONNECTING pgs=0 cs=0 l=1 rev1=1 crypto rx=0 tx=0 comp rx=0 tx=0).handle_hello peer v2:172.21.15.33:3300/0 says I am v2:172.21.15.33:55056/0 (socket says 172.21.15.33:55056)
2024-04-25T15:46:51.509 INFO:teuthology.orchestra.run.smithi033.stdout:/usr/bin/ceph: stderr
2024-04-25T15:46:49.829+0000 7f0218d23700 1 -- 172.21.15.33:0/3722638173 learned_addr learned my addr 172.21.15.33:0/3722638173 (peer_addr_for_me v2:172.21.15.33:0/0)
2024-04-25T15:46:51.509 INFO:teuthology.orchestra.run.smithi033.stdout:/usr/bin/ceph: stderr
2024-04-25T15:46:49.829+0000 7f0218d23700 1 -- 172.21.15.33:0/3722638173 --> [v2:172.21.15.33:3300/0,v1:172.21.15.33:6789/0] -- mon_subscribe({config=0+,monmap=0+}) -- 0x7f021419e410 con 0x7f021410a700
2024-04-25T15:46:51.509 INFO:teuthology.orchestra.run.smithi033.stdout:/usr/bin/ceph: stderr
2024-04-25T15:46:49.829+0000 7f0218d23700 1 --2- 172.21.15.33:0/3722638173 >> [v2:172.21.15.33:3300/0,v1:172.21.15.33:6789/0] conn(0x7f021410a700 0x7f021419ded0 secure :-1 s=READY pgs=52 cs=0 l=1 rev1=1 crypto rx=0x7f0208009520 tx=0x7f0208011aa0 comp rx=0 tx=0).ready entity=mon.0 client_cookie=0 server_cookie=0 in_seq=0 out_seq=0
2024-04-25T15:46:51.509 INFO:teuthology.orchestra.run.smithi033.stdout:/usr/bin/ceph: stderr
2024-04-25T15:46:49.829+0000 7f0211ffb700 1 -- 172.21.15.33:0/3722638173 <== mon.0 v2:172.21.15.33:3300/0 1 ==== mon_map magic: 0 ==== 205+0+0 (secure 0 0 0) 0x7f02080039e0 con 0x7f021410a700
2024-04-25T15:46:51.510 INFO:teuthology.orchestra.run.smithi033.stdout:/usr/bin/ceph: stderr
2024-04-25T15:46:49.829+0000 7f0211ffb700 1 -- 172.21.15.33:0/3722638173 <== mon.0 v2:172.21.15.33:3300/0 2 ==== config(26 keys) ==== 1101+0+0 (secure 0 0 0) 0x7f020801b8f0 con 0x7f021410a700
2024-04-25T15:46:51.510 INFO:teuthology.orchestra.run.smithi033.stdout:/usr/bin/ceph: stderr
2024-04-25T15:46:49.829+0000 7f021af87700 1 -- 172.21.15.33:0/3722638173 --> [v2:172.21.15.33:3300/0,v1:172.21.15.33:6789/0] -- mon_subscribe({mgrmap=0+}) -- 0x7f021419e6a0 con 0x7f021410a700
2024-04-25T15:46:51.510 INFO:teuthology.orchestra.run.smithi033.stdout:/usr/bin/ceph: stderr
2024-04-25T15:46:49.830+0000 7f0211ffb700 1 -- 172.21.15.33:0/3722638173 <== mon.0 v2:172.21.15.33:3300/0 3 ==== mon_map magic: 0 ==== 205+0+0 (secure 0 0 0) 0x7f02080197d0 con 0x7f021410a700
2024-04-25T15:46:51.510 INFO:teuthology.orchestra.run.smithi033.stdout:/usr/bin/ceph: stderr
2024-04-25T15:46:49.830+0000 7f021af87700 1 -- 172.21.15.33:0/3722638173 --> [v2:172.21.15.33:3300/0,v1:172.21.15.33:6789/0] -- mon_subscribe({osdmap=0}) -- 0x7f02141a12b0 con 0x7f021410a700
2024-04-25T15:46:51.510 INFO:teuthology.orchestra.run.smithi033.stdout:/usr/bin/ceph: stderr
2024-04-25T15:46:49.831+0000 7f021af87700 1 -- 172.21.15.33:0/3722638173 --> [v2:172.21.15.33:3300/0,v1:172.21.15.33:6789/0] -- mon_command({"prefix": "get_command_descriptions"} v 0) -- 0x7f0214064cf0 con 0x7f021410a700
2024-04-25T15:46:51.510 INFO:teuthology.orchestra.run.smithi033.stdout:/usr/bin/ceph: stderr
2024-04-25T15:46:49.831+0000 7f0211ffb700 1 -- 172.21.15.33:0/3722638173 <== mon.0 v2:172.21.15.33:3300/0 4 ==== mgrmap(e 8) ==== 49516+0+0 (secure 0 0 0) 0x7f0208019a90 con 0x7f021410a700
2024-04-25T15:46:51.510 INFO:teuthology.orchestra.run.smithi033.stdout:/usr/bin/ceph: stderr
2024-04-25T15:46:49.831+0000 7f0211ffb700 1 --2- 172.21.15.33:0/3722638173 >> [v2:172.21.15.33:6800/3279218883,v1:172.21.15.33:6801/3279218883] conn(0x7f020403d570 0x7f020403fa80 unknown :-1 s=NONE pgs=0 cs=0 l=1 rev1=0 crypto rx=0 tx=0 comp rx=0 tx=0).connect
2024-04-25T15:46:51.510 INFO:teuthology.orchestra.run.smithi033.stdout:/usr/bin/ceph: stderr
2024-04-25T15:46:49.831+0000 7f0211ffb700 1 -- 172.21.15.33:0/3722638173 <== mon.0 v2:172.21.15.33:3300/0 5 ==== osd_map(2..2 src has 1..2) ==== 940+0+0 (secure 0 0 0) 0x7f0208052d90 con 0x7f021410a700
2024-04-25T15:46:51.510 INFO:teuthology.orchestra.run.smithi033.stdout:/usr/bin/ceph: stderr
2024-04-25T15:46:49.831+0000 7f0213fff700 1 --2- 172.21.15.33:0/3722638173 >> [v2:172.21.15.33:6800/3279218883,v1:172.21.15.33:6801/3279218883] conn(0x7f020403d570 0x7f020403fa80 unknown :-1 s=BANNER_CONNECTING pgs=0 cs=0 l=1 rev1=0 crypto rx=0 tx=0 comp rx=0 tx=0)._handle_peer_banner_payload supported=3 required=0
2024-04-25T15:46:51.510 INFO:teuthology.orchestra.run.smithi033.stdout:/usr/bin/ceph: stderr
2024-04-25T15:46:49.832+0000 7f0213fff700 1 --2- 172.21.15.33:0/3722638173 >> [v2:172.21.15.33:6800/3279218883,v1:172.21.15.33:6801/3279218883] conn(0x7f020403d570 0x7f020403fa80 secure :-1 s=READY pgs=14 cs=0 l=1 rev1=1 crypto rx=0x7f0200006fd0 tx=0x7f0200006e40 comp rx=0 tx=0).ready entity=mgr.14120 client_cookie=0 server_cookie=0 in_seq=0 out_seq=0
2024-04-25T15:46:51.510 INFO:teuthology.orchestra.run.smithi033.stdout:/usr/bin/ceph: stderr
2024-04-25T15:46:49.836+0000 7f0211ffb700 1 -- 172.21.15.33:0/3722638173 <== mon.0 v2:172.21.15.33:3300/0 6 ==== mon_command_ack([{"prefix": "get_command_descriptions"}]=0 v0) ==== 72+0+188370 (secure 0 0 0) 0x7f020801f030 con 0x7f021410a700
2024-04-25T15:46:51.510 INFO:teuthology.orchestra.run.smithi033.stdout:/usr/bin/ceph: stderr
2024-04-25T15:46:50.052+0000 7f021af87700 1 -- 172.21.15.33:0/3722638173 --> [v2:172.21.15.33:3300/0,v1:172.21.15.33:6789/0] -- mon_command([{prefix=config set, name=mgr/cephadm/container_init}] v 0) -- 0x7f02141a18d0 con 0x7f021410a700
2024-04-25T15:46:51.510 INFO:teuthology.orchestra.run.smithi033.stdout:/usr/bin/ceph: stderr
2024-04-25T15:46:50.055+0000 7f0211ffb700 1 -- 172.21.15.33:0/3722638173 <== mon.0 v2:172.21.15.33:3300/0 7 ==== mon_command_ack([{prefix=config set, name=mgr/cephadm/container_init}]=0 v7)=0 v7) ==== 142+0+0 (secure 0 0 0) 0x7f020802a350 con 0x7f021410a700
2024-04-25T15:46:51.511 INFO:teuthology.orchestra.run.smithi033.stdout:/usr/bin/ceph: stderr
2024-04-25T15:46:50.058+0000 7f021af87700 1 -- 172.21.15.33:0/3722638173 >> [v2:172.21.15.33:6800/3279218883,v1:172.21.15.33:6801/3279218883] conn(0x7f020403d570 msgr2=0x7f020403fa80 secure :-1 s=STATE_CONNECTION_ESTABLISHED l=1).mark_down
2024-04-25T15:46:51.511 INFO:teuthology.orchestra.run.smithi033.stdout:/usr/bin/ceph: stderr
2024-04-25T15:46:50.058+0000 7f021af87700 1 --2- 172.21.15.33:0/3722638173 >> [v2:172.21.15.33:6800/3279218883,v1:172.21.15.33:6801/3279218883] conn(0x7f020403d570 0x7f020403fa80 secure :-1 s=READY pgs=14 cs=0 l=1 rev1=1 crypto rx=0x7f0200006fd0 tx=0x7f0200006e40 comp rx=0 tx=0).stop
2024-04-25T15:46:51.511 INFO:teuthology.orchestra.run.smithi033.stdout:/usr/bin/ceph: stderr
2024-04-25T15:46:50.058+0000 7f021af87700 1 -- 172.21.15.33:0/3722638173 >> [v2:172.21.15.33:3300/0,v1:172.21.15.33:6789/0] conn(0x7f021410a700 msgr2=0x7f021419ded0 secure :-1 s=STATE_CONNECTION_ESTABLISHED l=1).mark_down
2024-04-25T15:46:51.511 INFO:teuthology.orchestra.run.smithi033.stdout:/usr/bin/ceph: stderr
2024-04-25T15:46:50.058+0000 7f021af87700 1 --2- 172.21.15.33:0/3722638173 >> [v2:172.21.15.33:3300/0,v1:172.21.15.33:6789/0] conn(0x7f021410a700 0x7f021419ded0 secure :-1 s=READY pgs=52 cs=0 l=1 rev1=1 crypto rx=0x7f0208009520 tx=0x7f0208011aa0 comp rx=0 tx=0).stop
2024-04-25T15:46:51.511 INFO:teuthology.orchestra.run.smithi033.stdout:/usr/bin/ceph: stderr
2024-04-25T15:46:50.058+0000 7f021af87700 1 -- 172.21.15.33:0/3722638173 shutdown_connections
2024-04-25T15:46:51.511 INFO:teuthology.orchestra.run.smithi033.stdout:/usr/bin/ceph: stderr
2024-04-25T15:46:50.058+0000 7f021af87700 1 --2- 172.21.15.33:0/3722638173 >> [v2:172.21.15.33:6800/3279218883,v1:172.21.15.33:6801/3279218883] conn(0x7f020403d570 0x7f020403fa80 unknown :-1 s=CLOSED pgs=14 cs=0 l=1 rev1=1 crypto rx=0 tx=0 comp rx=0 tx=0).stop
2024-04-25T15:46:51.511 INFO:teuthology.orchestra.run.smithi033.stdout:/usr/bin/ceph: stderr
2024-04-25T15:46:50.058+0000 7f021af87700 1 --2- 172.21.15.33:0/3722638173 >> [v2:172.21.15.33:3300/0,v1:172.21.15.33:6789/0] conn(0x7f021410a700 0x7f021419ded0 unknown :-1 s=CLOSED pgs=52 cs=0 l=1 rev1=1 crypto rx=0 tx=0 comp rx=0 tx=0).stop
2024-04-25T15:46:51.511 INFO:teuthology.orchestra.run.smithi033.stdout:/usr/bin/ceph: stderr
2024-04-25T15:46:50.058+0000 7f021af87700 1 -- 172.21.15.33:0/3722638173 >> 172.21.15.33:0/3722638173 conn(0x7f0214104120 msgr2=0x7f0214104a40 unknown :-1 s=STATE_NONE l=0).mark_down
2024-04-25T15:46:51.511 INFO:teuthology.orchestra.run.smithi033.stdout:/usr/bin/ceph: stderr
2024-04-25T15:46:50.058+0000 7f021af87700 1 -- 172.21.15.33:0/3722638173 shutdown_connections
2024-04-25T15:46:51.511 INFO:teuthology.orchestra.run.smithi033.stdout:/usr/bin/ceph: stderr
2024-04-25T15:46:50.058+0000 7f021af87700 1 -- 172.21.15.33:0/3722638173 wait complete.
2024-04-25T15:46:52.473 INFO:journalctl@ceph.mon.a.smithi033.stdout:Apr 25 15:46:52 smithi033 ceph-mon[29176]: from='mgr.14120 172.21.15.33:0/4190403042' entity='mgr.x'
2024-04-25T15:46:52.819 INFO:teuthology.orchestra.run.smithi033.stdout:/usr/bin/ceph: stderr
2024-04-25T15:46:51.987+0000 7fbdf285f700 1 Processor -- start
2024-04-25T15:46:52.819 INFO:teuthology.orchestra.run.smithi033.stdout:/usr/bin/ceph: stderr
2024-04-25T15:46:51.988+0000 7fbdf285f700 1 -- start start
2024-04-25T15:46:52.819 INFO:teuthology.orchestra.run.smithi033.stdout:/usr/bin/ceph: stderr
2024-04-25T15:46:51.988+0000 7fbdf285f700 1 --2- >> [v2:172.21.15.33:3300/0,v1:172.21.15.33:6789/0] conn(0x7fbdec108ab0 0x7fbdec108ec0 unknown :-1 s=NONE pgs=0 cs=0 l=0 rev1=0 crypto rx=0 tx=0 comp rx=0 tx=0).connect
2024-04-25T15:46:52.819 INFO:teuthology.orchestra.run.smithi033.stdout:/usr/bin/ceph: stderr
2024-04-25T15:46:51.988+0000 7fbdf285f700 1 -- --> [v2:172.21.15.33:3300/0,v1:172.21.15.33:6789/0] -- mon_getmap magic: 0 -- 0x7fbdec1094b0 con 0x7fbdec108ab0
2024-04-25T15:46:52.820 INFO:teuthology.orchestra.run.smithi033.stdout:/usr/bin/ceph: stderr
2024-04-25T15:46:51.988+0000 7fbdebfff700 1 --2- >> [v2:172.21.15.33:3300/0,v1:172.21.15.33:6789/0] conn(0x7fbdec108ab0 0x7fbdec108ec0 unknown :-1 s=BANNER_CONNECTING pgs=0 cs=0 l=0 rev1=0 crypto rx=0 tx=0 comp rx=0 tx=0)._handle_peer_banner_payload supported=3 required=0
2024-04-25T15:46:52.820 INFO:teuthology.orchestra.run.smithi033.stdout:/usr/bin/ceph: stderr
2024-04-25T15:46:51.988+0000 7fbdebfff700 1 --2- >> [v2:172.21.15.33:3300/0,v1:172.21.15.33:6789/0] conn(0x7fbdec108ab0 0x7fbdec108ec0 unknown :-1 s=HELLO_CONNECTING pgs=0 cs=0 l=0 rev1=1 crypto rx=0 tx=0 comp rx=0 tx=0).handle_hello peer v2:172.21.15.33:3300/0 says I am v2:172.21.15.33:36738/0 (socket says 172.21.15.33:36738)
2024-04-25T15:46:52.820 INFO:teuthology.orchestra.run.smithi033.stdout:/usr/bin/ceph: stderr
2024-04-25T15:46:51.988+0000 7fbdebfff700 1 -- 172.21.15.33:0/4275032876 learned_addr learned my addr 172.21.15.33:0/4275032876 (peer_addr_for_me v2:172.21.15.33:0/0)
2024-04-25T15:46:52.820 INFO:teuthology.orchestra.run.smithi033.stdout:/usr/bin/ceph: stderr
2024-04-25T15:46:51.988+0000 7fbdebfff700 1 -- 172.21.15.33:0/4275032876 --> [v2:172.21.15.33:3300/0,v1:172.21.15.33:6789/0] -- mon_subscribe({config=0+,monmap=0+}) -- 0x7fbdec109c80 con 0x7fbdec108ab0
2024-04-25T15:46:52.820 INFO:teuthology.orchestra.run.smithi033.stdout:/usr/bin/ceph: stderr
2024-04-25T15:46:51.989+0000 7fbdebfff700 1 --2- 172.21.15.33:0/4275032876 >> [v2:172.21.15.33:3300/0,v1:172.21.15.33:6789/0] conn(0x7fbdec108ab0 0x7fbdec108ec0 secure :-1 s=READY pgs=53 cs=0 l=1 rev1=1 crypto rx=0x7fbdd40098a0 tx=0x7fbdd4009bb0 comp rx=0 tx=0).ready entity=mon.0 client_cookie=24572e8e1e06c79f server_cookie=0 in_seq=0 out_seq=0
2024-04-25T15:46:52.820 INFO:teuthology.orchestra.run.smithi033.stdout:/usr/bin/ceph: stderr
2024-04-25T15:46:51.989+0000 7fbdeaffd700 1 -- 172.21.15.33:0/4275032876 <== mon.0 v2:172.21.15.33:3300/0 1 ==== mon_map magic: 0 ==== 205+0+0 (secure 0 0 0) 0x7fbdd4004160 con 0x7fbdec108ab0
2024-04-25T15:46:52.821 INFO:teuthology.orchestra.run.smithi033.stdout:/usr/bin/ceph: stderr
2024-04-25T15:46:51.989+0000 7fbdeaffd700 1 -- 172.21.15.33:0/4275032876 <== mon.0 v2:172.21.15.33:3300/0 2 ==== config(26 keys) ==== 1101+0+0 (secure 0 0 0) 0x7fbdd4004300 con 0x7fbdec108ab0
2024-04-25T15:46:52.821 INFO:teuthology.orchestra.run.smithi033.stdout:/usr/bin/ceph: stderr
2024-04-25T15:46:51.989+0000 7fbdeaffd700 1 -- 172.21.15.33:0/4275032876 <== mon.0 v2:172.21.15.33:3300/0 3 ==== mon_map magic: 0 ==== 205+0+0 (secure 0 0 0) 0x7fbdd4011a20 con 0x7fbdec108ab0
2024-04-25T15:46:52.821 INFO:teuthology.orchestra.run.smithi033.stdout:/usr/bin/ceph: stderr
2024-04-25T15:46:51.990+0000 7fbdf285f700 1 -- 172.21.15.33:0/4275032876 >> [v2:172.21.15.33:3300/0,v1:172.21.15.33:6789/0] conn(0x7fbdec108ab0 msgr2=0x7fbdec108ec0 secure :-1 s=STATE_CONNECTION_ESTABLISHED l=1).mark_down
2024-04-25T15:46:52.821 INFO:teuthology.orchestra.run.smithi033.stdout:/usr/bin/ceph: stderr
2024-04-25T15:46:51.990+0000 7fbdf285f700 1 --2- 172.21.15.33:0/4275032876 >> [v2:172.21.15.33:3300/0,v1:172.21.15.33:6789/0] conn(0x7fbdec108ab0 0x7fbdec108ec0 secure :-1 s=READY pgs=53 cs=0 l=1 rev1=1 crypto rx=0x7fbdd40098a0 tx=0x7fbdd4009bb0 comp rx=0 tx=0).stop
2024-04-25T15:46:52.821 INFO:teuthology.orchestra.run.smithi033.stdout:/usr/bin/ceph: stderr
2024-04-25T15:46:51.990+0000 7fbdf285f700 1 -- 172.21.15.33:0/4275032876 shutdown_connections
2024-04-25T15:46:52.821 INFO:teuthology.orchestra.run.smithi033.stdout:/usr/bin/ceph: stderr
2024-04-25T15:46:51.990+0000 7fbdf285f700 1 --2- 172.21.15.33:0/4275032876 >> [v2:172.21.15.33:3300/0,v1:172.21.15.33:6789/0] conn(0x7fbdec108ab0 0x7fbdec108ec0 unknown :-1 s=CLOSED pgs=53 cs=0 l=1 rev1=1 crypto rx=0 tx=0 comp rx=0 tx=0).stop
2024-04-25T15:46:52.822 INFO:teuthology.orchestra.run.smithi033.stdout:/usr/bin/ceph: stderr
2024-04-25T15:46:51.990+0000 7fbdf285f700 1 -- 172.21.15.33:0/4275032876 >> 172.21.15.33:0/4275032876 conn(0x7fbdec1040d0 msgr2=0x7fbdec1065a0 unknown :-1 s=STATE_NONE l=0).mark_down
2024-04-25T15:46:52.822 INFO:teuthology.orchestra.run.smithi033.stdout:/usr/bin/ceph: stderr
2024-04-25T15:46:51.990+0000 7fbdf285f700 1 -- 172.21.15.33:0/4275032876 shutdown_connections
2024-04-25T15:46:52.822 INFO:teuthology.orchestra.run.smithi033.stdout:/usr/bin/ceph: stderr
2024-04-25T15:46:51.990+0000 7fbdf285f700 1 -- 172.21.15.33:0/4275032876 wait complete.
2024-04-25T15:46:52.822 INFO:teuthology.orchestra.run.smithi033.stdout:/usr/bin/ceph: stderr
2024-04-25T15:46:51.990+0000 7fbdf285f700 1 Processor -- start
2024-04-25T15:46:52.822 INFO:teuthology.orchestra.run.smithi033.stdout:/usr/bin/ceph: stderr
2024-04-25T15:46:51.991+0000 7fbdf285f700 1 -- start start
2024-04-25T15:46:52.822 INFO:teuthology.orchestra.run.smithi033.stdout:/usr/bin/ceph: stderr
2024-04-25T15:46:51.991+0000 7fbdf285f700 1 --2- >> [v2:172.21.15.33:3300/0,v1:172.21.15.33:6789/0] conn(0x7fbdec108ab0 0x7fbdec076b10 unknown :-1 s=NONE pgs=0 cs=0 l=1 rev1=0 crypto rx=0 tx=0 comp rx=0 tx=0).connect
2024-04-25T15:46:52.822 INFO:teuthology.orchestra.run.smithi033.stdout:/usr/bin/ceph: stderr
2024-04-25T15:46:51.991+0000 7fbdf285f700 1 -- --> [v2:172.21.15.33:3300/0,v1:172.21.15.33:6789/0] -- mon_getmap magic: 0 -- 0x7fbdec10d030 con 0x7fbdec108ab0
2024-04-25T15:46:52.823 INFO:teuthology.orchestra.run.smithi033.stdout:/usr/bin/ceph: stderr
2024-04-25T15:46:51.991+0000 7fbdebfff700 1 --2- >> [v2:172.21.15.33:3300/0,v1:172.21.15.33:6789/0] conn(0x7fbdec108ab0 0x7fbdec076b10 unknown :-1 s=BANNER_CONNECTING pgs=0 cs=0 l=1 rev1=0 crypto rx=0 tx=0 comp rx=0 tx=0)._handle_peer_banner_payload supported=3 required=0
2024-04-25T15:46:52.823 INFO:teuthology.orchestra.run.smithi033.stdout:/usr/bin/ceph: stderr
2024-04-25T15:46:51.991+0000 7fbdebfff700 1 --2- >> [v2:172.21.15.33:3300/0,v1:172.21.15.33:6789/0] conn(0x7fbdec108ab0 0x7fbdec076b10 unknown :-1 s=HELLO_CONNECTING pgs=0 cs=0 l=1 rev1=1 crypto rx=0 tx=0 comp rx=0 tx=0).handle_hello peer v2:172.21.15.33:3300/0 says I am v2:172.21.15.33:36744/0 (socket says 172.21.15.33:36744)
2024-04-25T15:46:52.823 INFO:teuthology.orchestra.run.smithi033.stdout:/usr/bin/ceph: stderr
2024-04-25T15:46:51.991+0000 7fbdebfff700 1 -- 172.21.15.33:0/1276504813 learned_addr learned my addr 172.21.15.33:0/1276504813 (peer_addr_for_me v2:172.21.15.33:0/0)
2024-04-25T15:46:52.823 INFO:teuthology.orchestra.run.smithi033.stdout:/usr/bin/ceph: stderr
2024-04-25T15:46:51.991+0000 7fbdebfff700 1 -- 172.21.15.33:0/1276504813 --> [v2:172.21.15.33:3300/0,v1:172.21.15.33:6789/0] -- mon_subscribe({config=0+,monmap=0+}) -- 0x7fbdec077050 con 0x7fbdec108ab0
2024-04-25T15:46:52.823 INFO:teuthology.orchestra.run.smithi033.stdout:/usr/bin/ceph: stderr
2024-04-25T15:46:51.992+0000 7fbdebfff700 1 --2- 172.21.15.33:0/1276504813 >> [v2:172.21.15.33:3300/0,v1:172.21.15.33:6789/0] conn(0x7fbdec108ab0 0x7fbdec076b10 secure :-1 s=READY pgs=54 cs=0 l=1 rev1=1 crypto rx=0x7fbdd4009130 tx=0x7fbdd4011aa0 comp rx=0 tx=0).ready entity=mon.0 client_cookie=0 server_cookie=0 in_seq=0 out_seq=0
2024-04-25T15:46:52.823 INFO:teuthology.orchestra.run.smithi033.stdout:/usr/bin/ceph: stderr
2024-04-25T15:46:51.992+0000 7fbde97fa700 1 -- 172.21.15.33:0/1276504813 <== mon.0 v2:172.21.15.33:3300/0 1 ==== mon_map magic: 0 ==== 205+0+0 (secure 0 0 0) 0x7fbdd4003aa0 con 0x7fbdec108ab0
