2024-04-25T15:51:26.424+0000 7fc100b66700 1 --2- >> [v2:172.21.15.31:3300/0,v1:172.21.15.31:6789/0] conn(0x7fc0fc108010 0x7fc0fc108420 unknown :-1 s=HELLO_CONNECTING pgs=0 cs=0 l=0 rev1=1 crypto rx=0 tx=0 comp rx=0 tx=0).handle_hello peer v2:172.21.15.31:3300/0 says I am v2:172.21.15.31:49932/0 (socket says 172.21.15.31:49932)
2024-04-25T15:51:27.441 INFO:teuthology.orchestra.run.smithi031.stdout:/usr/bin/ceph: stderr
2024-04-25T15:51:26.424+0000 7fc100b66700 1 -- 172.21.15.31:0/321810541 learned_addr learned my addr 172.21.15.31:0/321810541 (peer_addr_for_me v2:172.21.15.31:0/0)
2024-04-25T15:51:27.441 INFO:teuthology.orchestra.run.smithi031.stdout:/usr/bin/ceph: stderr
2024-04-25T15:51:26.424+0000 7fc100b66700 1 -- 172.21.15.31:0/321810541 --> [v2:172.21.15.31:3300/0,v1:172.21.15.31:6789/0] -- mon_subscribe({config=0+,monmap=0+}) -- 0x7fc0fc109140 con 0x7fc0fc108010
2024-04-25T15:51:27.441 INFO:teuthology.orchestra.run.smithi031.stdout:/usr/bin/ceph: stderr
2024-04-25T15:51:26.424+0000 7fc100b66700 1 --2- 172.21.15.31:0/321810541 >> [v2:172.21.15.31:3300/0,v1:172.21.15.31:6789/0] conn(0x7fc0fc108010 0x7fc0fc108420 secure :-1 s=READY pgs=41 cs=0 l=1 rev1=1 crypto rx=0x7fc0ec0098a0 tx=0x7fc0ec009bb0 comp rx=0 tx=0).ready entity=mon.0 client_cookie=edd2c64b1a6978c3 server_cookie=0 in_seq=0 out_seq=0
2024-04-25T15:51:27.441 INFO:teuthology.orchestra.run.smithi031.stdout:/usr/bin/ceph: stderr
2024-04-25T15:51:26.424+0000 7fc0fb7fe700 1 -- 172.21.15.31:0/321810541 <== mon.0 v2:172.21.15.31:3300/0 1 ==== mon_map magic: 0 ==== 205+0+0 (secure 0 0 0) 0x7fc0ec004160 con 0x7fc0fc108010
2024-04-25T15:51:27.441 INFO:teuthology.orchestra.run.smithi031.stdout:/usr/bin/ceph: stderr
2024-04-25T15:51:26.424+0000 7fc0fb7fe700 1 -- 172.21.15.31:0/321810541 <== mon.0 v2:172.21.15.31:3300/0 2 ==== config(26 keys) ==== 1070+0+0 (secure 0 0 0) 0x7fc0ec004300 con 0x7fc0fc108010
2024-04-25T15:51:27.442 INFO:teuthology.orchestra.run.smithi031.stdout:/usr/bin/ceph: stderr
2024-04-25T15:51:26.424+0000 7fc0fb7fe700 1 -- 172.21.15.31:0/321810541 <== mon.0 v2:172.21.15.31:3300/0 3 ==== mon_map magic: 0 ==== 205+0+0 (secure 0 0 0) 0x7fc0ec011af0 con 0x7fc0fc108010
2024-04-25T15:51:27.442 INFO:teuthology.orchestra.run.smithi031.stdout:/usr/bin/ceph: stderr
2024-04-25T15:51:26.425+0000 7fc102dca700 1 -- 172.21.15.31:0/321810541 >> [v2:172.21.15.31:3300/0,v1:172.21.15.31:6789/0] conn(0x7fc0fc108010 msgr2=0x7fc0fc108420 secure :-1 s=STATE_CONNECTION_ESTABLISHED l=1).mark_down
2024-04-25T15:51:27.442 INFO:teuthology.orchestra.run.smithi031.stdout:/usr/bin/ceph: stderr
2024-04-25T15:51:26.425+0000 7fc102dca700 1 --2- 172.21.15.31:0/321810541 >> [v2:172.21.15.31:3300/0,v1:172.21.15.31:6789/0] conn(0x7fc0fc108010 0x7fc0fc108420 secure :-1 s=READY pgs=41 cs=0 l=1 rev1=1 crypto rx=0x7fc0ec0098a0 tx=0x7fc0ec009bb0 comp rx=0 tx=0).stop
2024-04-25T15:51:27.442 INFO:teuthology.orchestra.run.smithi031.stdout:/usr/bin/ceph: stderr
2024-04-25T15:51:26.425+0000 7fc102dca700 1 -- 172.21.15.31:0/321810541 shutdown_connections
2024-04-25T15:51:27.442 INFO:teuthology.orchestra.run.smithi031.stdout:/usr/bin/ceph: stderr
2024-04-25T15:51:26.425+0000 7fc102dca700 1 --2- 172.21.15.31:0/321810541 >> [v2:172.21.15.31:3300/0,v1:172.21.15.31:6789/0] conn(0x7fc0fc108010 0x7fc0fc108420 unknown :-1 s=CLOSED pgs=41 cs=0 l=1 rev1=1 crypto rx=0 tx=0 comp rx=0 tx=0).stop
2024-04-25T15:51:27.442 INFO:teuthology.orchestra.run.smithi031.stdout:/usr/bin/ceph: stderr
2024-04-25T15:51:26.425+0000 7fc102dca700 1 -- 172.21.15.31:0/321810541 >> 172.21.15.31:0/321810541 conn(0x7fc0fc1036f0 msgr2=0x7fc0fc105b40 unknown :-1 s=STATE_NONE l=0).mark_down
2024-04-25T15:51:27.442 INFO:teuthology.orchestra.run.smithi031.stdout:/usr/bin/ceph: stderr
2024-04-25T15:51:26.425+0000 7fc102dca700 1 -- 172.21.15.31:0/321810541 shutdown_connections
2024-04-25T15:51:27.442 INFO:teuthology.orchestra.run.smithi031.stdout:/usr/bin/ceph: stderr
2024-04-25T15:51:26.425+0000 7fc102dca700 1 -- 172.21.15.31:0/321810541 wait complete.
2024-04-25T15:51:27.442 INFO:teuthology.orchestra.run.smithi031.stdout:/usr/bin/ceph: stderr
2024-04-25T15:51:26.426+0000 7fc102dca700 1 Processor -- start
2024-04-25T15:51:27.442 INFO:teuthology.orchestra.run.smithi031.stdout:/usr/bin/ceph: stderr
2024-04-25T15:51:26.426+0000 7fc102dca700 1 -- start start
2024-04-25T15:51:27.442 INFO:teuthology.orchestra.run.smithi031.stdout:/usr/bin/ceph: stderr
2024-04-25T15:51:26.426+0000 7fc102dca700 1 --2- >> [v2:172.21.15.31:3300/0,v1:172.21.15.31:6789/0] conn(0x7fc0fc108010 0x7fc0fc19dd40 unknown :-1 s=NONE pgs=0 cs=0 l=1 rev1=0 crypto rx=0 tx=0 comp rx=0 tx=0).connect
2024-04-25T15:51:27.442 INFO:teuthology.orchestra.run.smithi031.stdout:/usr/bin/ceph: stderr
2024-04-25T15:51:26.426+0000 7fc102dca700 1 -- --> [v2:172.21.15.31:3300/0,v1:172.21.15.31:6789/0] -- mon_getmap magic: 0 -- 0x7fc0fc10c4f0 con 0x7fc0fc108010
2024-04-25T15:51:27.442 INFO:teuthology.orchestra.run.smithi031.stdout:/usr/bin/ceph: stderr
2024-04-25T15:51:26.426+0000 7fc100b66700 1 --2- >> [v2:172.21.15.31:3300/0,v1:172.21.15.31:6789/0] conn(0x7fc0fc108010 0x7fc0fc19dd40 unknown :-1 s=BANNER_CONNECTING pgs=0 cs=0 l=1 rev1=0 crypto rx=0 tx=0 comp rx=0 tx=0)._handle_peer_banner_payload supported=3 required=0
2024-04-25T15:51:27.442 INFO:teuthology.orchestra.run.smithi031.stdout:/usr/bin/ceph: stderr
2024-04-25T15:51:26.426+0000 7fc100b66700 1 --2- >> [v2:172.21.15.31:3300/0,v1:172.21.15.31:6789/0] conn(0x7fc0fc108010 0x7fc0fc19dd40 unknown :-1 s=HELLO_CONNECTING pgs=0 cs=0 l=1 rev1=1 crypto rx=0 tx=0 comp rx=0 tx=0).handle_hello peer v2:172.21.15.31:3300/0 says I am v2:172.21.15.31:49946/0 (socket says 172.21.15.31:49946)
2024-04-25T15:51:27.443 INFO:teuthology.orchestra.run.smithi031.stdout:/usr/bin/ceph: stderr
2024-04-25T15:51:26.426+0000 7fc100b66700 1 -- 172.21.15.31:0/4261533161 learned_addr learned my addr 172.21.15.31:0/4261533161 (peer_addr_for_me v2:172.21.15.31:0/0)
2024-04-25T15:51:27.443 INFO:teuthology.orchestra.run.smithi031.stdout:/usr/bin/ceph: stderr
2024-04-25T15:51:26.427+0000 7fc100b66700 1 -- 172.21.15.31:0/4261533161 --> [v2:172.21.15.31:3300/0,v1:172.21.15.31:6789/0] -- mon_subscribe({config=0+,monmap=0+}) -- 0x7fc0fc19e280 con 0x7fc0fc108010
2024-04-25T15:51:27.443 INFO:teuthology.orchestra.run.smithi031.stdout:/usr/bin/ceph: stderr
2024-04-25T15:51:26.427+0000 7fc100b66700 1 --2- 172.21.15.31:0/4261533161 >> [v2:172.21.15.31:3300/0,v1:172.21.15.31:6789/0] conn(0x7fc0fc108010 0x7fc0fc19dd40 secure :-1 s=READY pgs=42 cs=0 l=1 rev1=1 crypto rx=0x7fc0ec009fb0 tx=0x7fc0ec011890 comp rx=0 tx=0).ready entity=mon.0 client_cookie=0 server_cookie=0 in_seq=0 out_seq=0
2024-04-25T15:51:27.443 INFO:teuthology.orchestra.run.smithi031.stdout:/usr/bin/ceph: stderr
2024-04-25T15:51:26.427+0000 7fc0f9ffb700 1 -- 172.21.15.31:0/4261533161 <== mon.0 v2:172.21.15.31:3300/0 1 ==== mon_map magic: 0 ==== 205+0+0 (secure 0 0 0) 0x7fc0ec0036a0 con 0x7fc0fc108010
2024-04-25T15:51:27.443 INFO:teuthology.orchestra.run.smithi031.stdout:/usr/bin/ceph: stderr
2024-04-25T15:51:26.427+0000 7fc0f9ffb700 1 -- 172.21.15.31:0/4261533161 <== mon.0 v2:172.21.15.31:3300/0 2 ==== config(26 keys) ==== 1070+0+0 (secure 0 0 0) 0x7fc0ec003cd0 con 0x7fc0fc108010
2024-04-25T15:51:27.443 INFO:teuthology.orchestra.run.smithi031.stdout:/usr/bin/ceph: stderr
2024-04-25T15:51:26.427+0000 7fc102dca700 1 -- 172.21.15.31:0/4261533161 --> [v2:172.21.15.31:3300/0,v1:172.21.15.31:6789/0] -- mon_subscribe({mgrmap=0+}) -- 0x7fc0fc19e510 con 0x7fc0fc108010
2024-04-25T15:51:27.443 INFO:teuthology.orchestra.run.smithi031.stdout:/usr/bin/ceph: stderr
2024-04-25T15:51:26.427+0000 7fc0f9ffb700 1 -- 172.21.15.31:0/4261533161 <== mon.0 v2:172.21.15.31:3300/0 3 ==== mon_map magic: 0 ==== 205+0+0 (secure 0 0 0) 0x7fc0ec01a430 con 0x7fc0fc108010
2024-04-25T15:51:27.443 INFO:teuthology.orchestra.run.smithi031.stdout:/usr/bin/ceph: stderr
2024-04-25T15:51:26.427+0000 7fc102dca700 1 -- 172.21.15.31:0/4261533161 --> [v2:172.21.15.31:3300/0,v1:172.21.15.31:6789/0] -- mon_subscribe({osdmap=0}) -- 0x7fc0fc1a1110 con 0x7fc0fc108010
2024-04-25T15:51:27.443 INFO:teuthology.orchestra.run.smithi031.stdout:/usr/bin/ceph: stderr
2024-04-25T15:51:26.428+0000 7fc0f9ffb700 1 -- 172.21.15.31:0/4261533161 <== mon.0 v2:172.21.15.31:3300/0 4 ==== mgrmap(e 8) ==== 49516+0+0 (secure 0 0 0) 0x7fc0ec01a6a0 con 0x7fc0fc108010
2024-04-25T15:51:27.443 INFO:teuthology.orchestra.run.smithi031.stdout:/usr/bin/ceph: stderr
2024-04-25T15:51:26.428+0000 7fc102dca700 1 -- 172.21.15.31:0/4261533161 --> [v2:172.21.15.31:3300/0,v1:172.21.15.31:6789/0] -- mon_command({"prefix": "get_command_descriptions"} v 0) -- 0x7fc0fc064cf0 con 0x7fc0fc108010
2024-04-25T15:51:27.443 INFO:teuthology.orchestra.run.smithi031.stdout:/usr/bin/ceph: stderr
2024-04-25T15:51:26.428+0000 7fc0f9ffb700 1 --2- 172.21.15.31:0/4261533161 >> [v2:172.21.15.31:6800/3023595010,v1:172.21.15.31:6801/3023595010] conn(0x7fc0e403d570 0x7fc0e403fa80 unknown :-1 s=NONE pgs=0 cs=0 l=1 rev1=0 crypto rx=0 tx=0 comp rx=0 tx=0).connect
2024-04-25T15:51:27.443 INFO:teuthology.orchestra.run.smithi031.stdout:/usr/bin/ceph: stderr
2024-04-25T15:51:26.429+0000 7fc0f9ffb700 1 -- 172.21.15.31:0/4261533161 <== mon.0 v2:172.21.15.31:3300/0 5 ==== osd_map(2..2 src has 1..2) ==== 940+0+0 (secure 0 0 0) 0x7fc0ec0525c0 con 0x7fc0fc108010
2024-04-25T15:51:27.443 INFO:teuthology.orchestra.run.smithi031.stdout:/usr/bin/ceph: stderr
2024-04-25T15:51:26.429+0000 7fc0fbfff700 1 --2- 172.21.15.31:0/4261533161 >> [v2:172.21.15.31:6800/3023595010,v1:172.21.15.31:6801/3023595010] conn(0x7fc0e403d570 0x7fc0e403fa80 unknown :-1 s=BANNER_CONNECTING pgs=0 cs=0 l=1 rev1=0 crypto rx=0 tx=0 comp rx=0 tx=0)._handle_peer_banner_payload supported=3 required=0
2024-04-25T15:51:27.444 INFO:teuthology.orchestra.run.smithi031.stdout:/usr/bin/ceph: stderr
2024-04-25T15:51:26.429+0000 7fc0fbfff700 1 --2- 172.21.15.31:0/4261533161 >> [v2:172.21.15.31:6800/3023595010,v1:172.21.15.31:6801/3023595010] conn(0x7fc0e403d570 0x7fc0e403fa80 secure :-1 s=READY pgs=9 cs=0 l=1 rev1=1 crypto rx=0x7fc0f0006fd0 tx=0x7fc0f0006e40 comp rx=0 tx=0).ready entity=mgr.14120 client_cookie=0 server_cookie=0 in_seq=0 out_seq=0
2024-04-25T15:51:27.444 INFO:teuthology.orchestra.run.smithi031.stdout:/usr/bin/ceph: stderr
2024-04-25T15:51:26.434+0000 7fc0f9ffb700 1 -- 172.21.15.31:0/4261533161 <== mon.0 v2:172.21.15.31:3300/0 6 ==== mon_command_ack([{"prefix": "get_command_descriptions"}]=0 v0) ==== 72+0+188370 (secure 0 0 0) 0x7fc0ec02c350 con 0x7fc0fc108010
2024-04-25T15:51:27.444 INFO:teuthology.orchestra.run.smithi031.stdout:/usr/bin/ceph: stderr
2024-04-25T15:51:26.642+0000 7fc102dca700 1 -- 172.21.15.31:0/4261533161 --> [v2:172.21.15.31:6800/3023595010,v1:172.21.15.31:6801/3023595010] -- mgr_command(tid 0: {"prefix": "cephadm generate-key", "target": ["mon-mgr", ""]}) -- 0x7fc0fc02e880 con 0x7fc0e403d570
2024-04-25T15:51:27.444 INFO:teuthology.orchestra.run.smithi031.stdout:/usr/bin/ceph: stderr
2024-04-25T15:51:26.819+0000 7fc0f9ffb700 1 -- 172.21.15.31:0/4261533161 <== mgr.14120 v2:172.21.15.31:6800/3023595010 1 ==== mgr_command_reply(tid 0: 0 ) ==== 8+0+0 (secure 0 0 0) 0x7fc0fc02e880 con 0x7fc0e403d570
2024-04-25T15:51:27.444 INFO:teuthology.orchestra.run.smithi031.stdout:/usr/bin/ceph: stderr
2024-04-25T15:51:26.821+0000 7fc102dca700 1 -- 172.21.15.31:0/4261533161 >> [v2:172.21.15.31:6800/3023595010,v1:172.21.15.31:6801/3023595010] conn(0x7fc0e403d570 msgr2=0x7fc0e403fa80 secure :-1 s=STATE_CONNECTION_ESTABLISHED l=1).mark_down
2024-04-25T15:51:27.444 INFO:teuthology.orchestra.run.smithi031.stdout:/usr/bin/ceph: stderr
2024-04-25T15:51:26.821+0000 7fc102dca700 1 --2- 172.21.15.31:0/4261533161 >> [v2:172.21.15.31:6800/3023595010,v1:172.21.15.31:6801/3023595010] conn(0x7fc0e403d570 0x7fc0e403fa80 secure :-1 s=READY pgs=9 cs=0 l=1 rev1=1 crypto rx=0x7fc0f0006fd0 tx=0x7fc0f0006e40 comp rx=0 tx=0).stop
2024-04-25T15:51:27.444 INFO:teuthology.orchestra.run.smithi031.stdout:/usr/bin/ceph: stderr
2024-04-25T15:51:26.821+0000 7fc102dca700 1 -- 172.21.15.31:0/4261533161 >> [v2:172.21.15.31:3300/0,v1:172.21.15.31:6789/0] conn(0x7fc0fc108010 msgr2=0x7fc0fc19dd40 secure :-1 s=STATE_CONNECTION_ESTABLISHED l=1).mark_down
2024-04-25T15:51:27.444 INFO:teuthology.orchestra.run.smithi031.stdout:/usr/bin/ceph: stderr
2024-04-25T15:51:26.821+0000 7fc102dca700 1 --2- 172.21.15.31:0/4261533161 >> [v2:172.21.15.31:3300/0,v1:172.21.15.31:6789/0] conn(0x7fc0fc108010 0x7fc0fc19dd40 secure :-1 s=READY pgs=42 cs=0 l=1 rev1=1 crypto rx=0x7fc0ec009fb0 tx=0x7fc0ec011890 comp rx=0 tx=0).stop
2024-04-25T15:51:27.444 INFO:teuthology.orchestra.run.smithi031.stdout:/usr/bin/ceph: stderr
2024-04-25T15:51:26.821+0000 7fc102dca700 1 -- 172.21.15.31:0/4261533161 shutdown_connections
2024-04-25T15:51:27.444 INFO:teuthology.orchestra.run.smithi031.stdout:/usr/bin/ceph: stderr
2024-04-25T15:51:26.821+0000 7fc102dca700 1 --2- 172.21.15.31:0/4261533161 >> [v2:172.21.15.31:6800/3023595010,v1:172.21.15.31:6801/3023595010] conn(0x7fc0e403d570 0x7fc0e403fa80 unknown :-1 s=CLOSED pgs=9 cs=0 l=1 rev1=1 crypto rx=0 tx=0 comp rx=0 tx=0).stop
2024-04-25T15:51:27.444 INFO:teuthology.orchestra.run.smithi031.stdout:/usr/bin/ceph: stderr
2024-04-25T15:51:26.821+0000 7fc102dca700 1 --2- 172.21.15.31:0/4261533161 >> [v2:172.21.15.31:3300/0,v1:172.21.15.31:6789/0] conn(0x7fc0fc108010 0x7fc0fc19dd40 unknown :-1 s=CLOSED pgs=42 cs=0 l=1 rev1=1 crypto rx=0 tx=0 comp rx=0 tx=0).stop
2024-04-25T15:51:27.444 INFO:teuthology.orchestra.run.smithi031.stdout:/usr/bin/ceph: stderr
2024-04-25T15:51:26.821+0000 7fc102dca700 1 -- 172.21.15.31:0/4261533161 >> 172.21.15.31:0/4261533161 conn(0x7fc0fc1036f0 msgr2=0x7fc0fc103cc0 unknown :-1 s=STATE_NONE l=0).mark_down
2024-04-25T15:51:27.445 INFO:teuthology.orchestra.run.smithi031.stdout:/usr/bin/ceph: stderr
2024-04-25T15:51:26.822+0000 7fc102dca700 1 -- 172.21.15.31:0/4261533161 shutdown_connections
2024-04-25T15:51:27.445 INFO:teuthology.orchestra.run.smithi031.stdout:/usr/bin/ceph: stderr
2024-04-25T15:51:26.822+0000 7fc102dca700 1 -- 172.21.15.31:0/4261533161 wait complete.
2024-04-25T15:51:28.723 INFO:teuthology.orchestra.run.smithi031.stdout:/usr/bin/ceph: stdout ssh-rsa AAAAB3NzaC1yc2EAAAADAQABAAABgQC/CcJAaZhzxeOyxFMEYBPZ3NuOufE8PGKqsNPDzs00rnat7/9R7kUeuLtDKQwa5HGhFOJwhSCQtiUp1oec8R3Kblal9i9e7WNAl8VWYMkaRp/iZO/vQ+/K+FjkTn0OOSna3NtCpznkJN2uGegPDnHjj6EU/DxZjAjwgIb2tBaFtSRoHZb39lXHIrf6nrYJGIquUh7FjuKt18WnN2PPR1ugsoNxyo9USAaIHqtFy9NBMH1oEg8sE91UkoJs4PLR+GZrrd8XQKFZ21t9EYV8oXnhTxWl7ax/9uW17jh/1UIOrKUvsgE4baBNbVSqCuvn9p9je5Pa8oUaEi+dTNOaAYq6bKKS1379gNWClmvBIoM5uSRUyCoXx7ztOgUjTKdOqwC9QcSm7UCFkmaNMTDfAdDXGezmQqkLdPxDOFVMNLQLh1qIL1XpvmZttKLlbkyqmOL7AliFO5bI6lkXiq/gruXH0KuukhyTWzxOLnAp6cmHLToRm9z/9sy21Np9ZHU+Xm0= ceph-74fd3742-031b-11ef-bc93-c7b262605968
2024-04-25T15:51:28.723 INFO:teuthology.orchestra.run.smithi031.stdout:/usr/bin/ceph: stderr
2024-04-25T15:51:27.911+0000 7f285854a700 1 Processor -- start
2024-04-25T15:51:28.724 INFO:teuthology.orchestra.run.smithi031.stdout:/usr/bin/ceph: stderr
2024-04-25T15:51:27.911+0000 7f285854a700 1 -- start start
2024-04-25T15:51:28.724 INFO:teuthology.orchestra.run.smithi031.stdout:/usr/bin/ceph: stderr
2024-04-25T15:51:27.912+0000 7f285854a700 1 --2- >> [v2:172.21.15.31:3300/0,v1:172.21.15.31:6789/0] conn(0x7f28501099f0 0x7f2850109e00 unknown :-1 s=NONE pgs=0 cs=0 l=0 rev1=0 crypto rx=0 tx=0 comp rx=0 tx=0).connect
2024-04-25T15:51:28.724 INFO:teuthology.orchestra.run.smithi031.stdout:/usr/bin/ceph: stderr
2024-04-25T15:51:27.912+0000 7f285854a700 1 -- --> [v2:172.21.15.31:3300/0,v1:172.21.15.31:6789/0] -- mon_getmap magic: 0 -- 0x7f285010a3f0 con 0x7f28501099f0
2024-04-25T15:51:28.724 INFO:teuthology.orchestra.run.smithi031.stdout:/usr/bin/ceph: stderr
2024-04-25T15:51:27.912+0000 7f28562e6700 1 --2- >> [v2:172.21.15.31:3300/0,v1:172.21.15.31:6789/0] conn(0x7f28501099f0 0x7f2850109e00 unknown :-1 s=BANNER_CONNECTING pgs=0 cs=0 l=0 rev1=0 crypto rx=0 tx=0 comp rx=0 tx=0)._handle_peer_banner_payload supported=3 required=0
2024-04-25T15:51:28.724 INFO:teuthology.orchestra.run.smithi031.stdout:/usr/bin/ceph: stderr
2024-04-25T15:51:27.912+0000 7f28562e6700 1 --2- >> [v2:172.21.15.31:3300/0,v1:172.21.15.31:6789/0] conn(0x7f28501099f0 0x7f2850109e00 unknown :-1 s=HELLO_CONNECTING pgs=0 cs=0 l=0 rev1=1 crypto rx=0 tx=0 comp rx=0 tx=0).handle_hello peer v2:172.21.15.31:3300/0 says I am v2:172.21.15.31:49950/0 (socket says 172.21.15.31:49950)
2024-04-25T15:51:28.724 INFO:teuthology.orchestra.run.smithi031.stdout:/usr/bin/ceph: stderr
2024-04-25T15:51:27.912+0000 7f28562e6700 1 -- 172.21.15.31:0/4020511428 learned_addr learned my addr 172.21.15.31:0/4020511428 (peer_addr_for_me v2:172.21.15.31:0/0)
2024-04-25T15:51:28.724 INFO:teuthology.orchestra.run.smithi031.stdout:/usr/bin/ceph: stderr
2024-04-25T15:51:27.912+0000 7f28562e6700 1 -- 172.21.15.31:0/4020511428 --> [v2:172.21.15.31:3300/0,v1:172.21.15.31:6789/0] -- mon_subscribe({config=0+,monmap=0+}) -- 0x7f285010aad0 con 0x7f28501099f0
2024-04-25T15:51:28.724 INFO:teuthology.orchestra.run.smithi031.stdout:/usr/bin/ceph: stderr
2024-04-25T15:51:27.913+0000 7f28562e6700 1 --2- 172.21.15.31:0/4020511428 >> [v2:172.21.15.31:3300/0,v1:172.21.15.31:6789/0] conn(0x7f28501099f0 0x7f2850109e00 secure :-1 s=READY pgs=43 cs=0 l=1 rev1=1 crypto rx=0x7f28440098a0 tx=0x7f2844009bb0 comp rx=0 tx=0).ready entity=mon.0 client_cookie=5f43f995d25f4fad server_cookie=0 in_seq=0 out_seq=0
2024-04-25T15:51:28.724 INFO:teuthology.orchestra.run.smithi031.stdout:/usr/bin/ceph: stderr
2024-04-25T15:51:27.913+0000 7f28552e4700 1 -- 172.21.15.31:0/4020511428 <== mon.0 v2:172.21.15.31:3300/0 1 ==== mon_map magic: 0 ==== 205+0+0 (secure 0 0 0) 0x7f2844004160 con 0x7f28501099f0
2024-04-25T15:51:28.724 INFO:teuthology.orchestra.run.smithi031.stdout:/usr/bin/ceph: stderr
2024-04-25T15:51:27.913+0000 7f28552e4700 1 -- 172.21.15.31:0/4020511428 <== mon.0 v2:172.21.15.31:3300/0 2 ==== config(26 keys) ==== 1070+0+0 (secure 0 0 0) 0x7f2844004300 con 0x7f28501099f0
2024-04-25T15:51:28.724 INFO:teuthology.orchestra.run.smithi031.stdout:/usr/bin/ceph: stderr
2024-04-25T15:51:27.913+0000 7f28552e4700 1 -- 172.21.15.31:0/4020511428 <== mon.0 v2:172.21.15.31:3300/0 3 ==== mon_map magic: 0 ==== 205+0+0 (secure 0 0 0) 0x7f2844011af0 con 0x7f28501099f0
2024-04-25T15:51:28.724 INFO:teuthology.orchestra.run.smithi031.stdout:/usr/bin/ceph: stderr
2024-04-25T15:51:27.914+0000 7f285854a700 1 -- 172.21.15.31:0/4020511428 >> [v2:172.21.15.31:3300/0,v1:172.21.15.31:6789/0] conn(0x7f28501099f0 msgr2=0x7f2850109e00 secure :-1 s=STATE_CONNECTION_ESTABLISHED l=1).mark_down
2024-04-25T15:51:28.724 INFO:teuthology.orchestra.run.smithi031.stdout:/usr/bin/ceph: stderr
2024-04-25T15:51:27.914+0000 7f285854a700 1 --2- 172.21.15.31:0/4020511428 >> [v2:172.21.15.31:3300/0,v1:172.21.15.31:6789/0] conn(0x7f28501099f0 0x7f2850109e00 secure :-1 s=READY pgs=43 cs=0 l=1 rev1=1 crypto rx=0x7f28440098a0 tx=0x7f2844009bb0 comp rx=0 tx=0).stop
2024-04-25T15:51:28.724 INFO:teuthology.orchestra.run.smithi031.stdout:/usr/bin/ceph: stderr
2024-04-25T15:51:27.914+0000 7f285854a700 1 -- 172.21.15.31:0/4020511428 shutdown_connections
2024-04-25T15:51:28.724 INFO:teuthology.orchestra.run.smithi031.stdout:/usr/bin/ceph: stderr
2024-04-25T15:51:27.914+0000 7f285854a700 1 --2- 172.21.15.31:0/4020511428 >> [v2:172.21.15.31:3300/0,v1:172.21.15.31:6789/0] conn(0x7f28501099f0 0x7f2850109e00 unknown :-1 s=CLOSED pgs=43 cs=0 l=1 rev1=1 crypto rx=0 tx=0 comp rx=0 tx=0).stop
2024-04-25T15:51:28.725 INFO:teuthology.orchestra.run.smithi031.stdout:/usr/bin/ceph: stderr
2024-04-25T15:51:27.914+0000 7f285854a700 1 -- 172.21.15.31:0/4020511428 >> 172.21.15.31:0/4020511428 conn(0x7f2850105070 msgr2=0x7f28501074e0 unknown :-1 s=STATE_NONE l=0).mark_down
2024-04-25T15:51:28.725 INFO:teuthology.orchestra.run.smithi031.stdout:/usr/bin/ceph: stderr
2024-04-25T15:51:27.914+0000 7f285854a700 1 -- 172.21.15.31:0/4020511428 shutdown_connections
2024-04-25T15:51:28.725 INFO:teuthology.orchestra.run.smithi031.stdout:/usr/bin/ceph: stderr
2024-04-25T15:51:27.914+0000 7f285854a700 1 -- 172.21.15.31:0/4020511428 wait complete.
2024-04-25T15:51:28.725 INFO:teuthology.orchestra.run.smithi031.stdout:/usr/bin/ceph: stderr
2024-04-25T15:51:27.914+0000 7f285854a700 1 Processor -- start
2024-04-25T15:51:28.725 INFO:teuthology.orchestra.run.smithi031.stdout:/usr/bin/ceph: stderr
2024-04-25T15:51:27.914+0000 7f285854a700 1 -- start start
2024-04-25T15:51:28.725 INFO:teuthology.orchestra.run.smithi031.stdout:/usr/bin/ceph: stderr
2024-04-25T15:51:27.915+0000 7f285854a700 1 --2- >> [v2:172.21.15.31:3300/0,v1:172.21.15.31:6789/0] conn(0x7f28501099f0 0x7f285019dd80 unknown :-1 s=NONE pgs=0 cs=0 l=1 rev1=0 crypto rx=0 tx=0 comp rx=0 tx=0).connect
2024-04-25T15:51:28.725 INFO:teuthology.orchestra.run.smithi031.stdout:/usr/bin/ceph: stderr
2024-04-25T15:51:27.915+0000 7f285854a700 1 -- --> [v2:172.21.15.31:3300/0,v1:172.21.15.31:6789/0] -- mon_getmap magic: 0 -- 0x7f285010de80 con 0x7f28501099f0
2024-04-25T15:51:28.725 INFO:teuthology.orchestra.run.smithi031.stdout:/usr/bin/ceph: stderr
2024-04-25T15:51:27.915+0000 7f28562e6700 1 --2- >> [v2:172.21.15.31:3300/0,v1:172.21.15.31:6789/0] conn(0x7f28501099f0 0x7f285019dd80 unknown :-1 s=BANNER_CONNECTING pgs=0 cs=0 l=1 rev1=0 crypto rx=0 tx=0 comp rx=0 tx=0)._handle_peer_banner_payload supported=3 required=0
2024-04-25T15:51:28.725 INFO:teuthology.orchestra.run.smithi031.stdout:/usr/bin/ceph: stderr
2024-04-25T15:51:27.915+0000 7f28562e6700 1 --2- >> [v2:172.21.15.31:3300/0,v1:172.21.15.31:6789/0] conn(0x7f28501099f0 0x7f285019dd80 unknown :-1 s=HELLO_CONNECTING pgs=0 cs=0 l=1 rev1=1 crypto rx=0 tx=0 comp rx=0 tx=0).handle_hello peer v2:172.21.15.31:3300/0 says I am v2:172.21.15.31:49954/0 (socket says 172.21.15.31:49954)
2024-04-25T15:51:28.725 INFO:teuthology.orchestra.run.smithi031.stdout:/usr/bin/ceph: stderr
2024-04-25T15:51:27.915+0000 7f28562e6700 1 -- 172.21.15.31:0/3979433194 learned_addr learned my addr 172.21.15.31:0/3979433194 (peer_addr_for_me v2:172.21.15.31:0/0)
2024-04-25T15:51:28.725 INFO:teuthology.orchestra.run.smithi031.stdout:/usr/bin/ceph: stderr
2024-04-25T15:51:27.915+0000 7f28562e6700 1 -- 172.21.15.31:0/3979433194 --> [v2:172.21.15.31:3300/0,v1:172.21.15.31:6789/0] -- mon_subscribe({config=0+,monmap=0+}) -- 0x7f285019e2c0 con 0x7f28501099f0
2024-04-25T15:51:28.725 INFO:teuthology.orchestra.run.smithi031.stdout:/usr/bin/ceph: stderr
2024-04-25T15:51:27.915+0000 7f28562e6700 1 --2- 172.21.15.31:0/3979433194 >> [v2:172.21.15.31:3300/0,v1:172.21.15.31:6789/0] conn(0x7f28501099f0 0x7f285019dd80 secure :-1 s=READY pgs=44 cs=0 l=1 rev1=1 crypto rx=0x7f2844011890 tx=0x7f2844011970 comp rx=0 tx=0).ready entity=mon.0 client_cookie=0 server_cookie=0 in_seq=0 out_seq=0
2024-04-25T15:51:28.725 INFO:teuthology.orchestra.run.smithi031.stdout:/usr/bin/ceph: stderr
2024-04-25T15:51:27.915+0000 7f28437fe700 1 -- 172.21.15.31:0/3979433194 <== mon.0 v2:172.21.15.31:3300/0 1 ==== mon_map magic: 0 ==== 205+0+0 (secure 0 0 0) 0x7f28440039e0 con 0x7f28501099f0
2024-04-25T15:51:28.725 INFO:teuthology.orchestra.run.smithi031.stdout:/usr/bin/ceph: stderr
2024-04-25T15:51:27.916+0000 7f28437fe700 1 -- 172.21.15.31:0/3979433194 <== mon.0 v2:172.21.15.31:3300/0 2 ==== config(26 keys) ==== 1070+0+0 (secure 0 0 0) 0x7f2844003b80 con 0x7f28501099f0
2024-04-25T15:51:28.725 INFO:teuthology.orchestra.run.smithi031.stdout:/usr/bin/ceph: stderr
2024-04-25T15:51:27.916+0000 7f285854a700 1 -- 172.21.15.31:0/3979433194 --> [v2:172.21.15.31:3300/0,v1:172.21.15.31:6789/0] -- mon_subscribe({mgrmap=0+}) -- 0x7f285019e550 con 0x7f28501099f0
2024-04-25T15:51:28.726 INFO:teuthology.orchestra.run.smithi031.stdout:/usr/bin/ceph: stderr
2024-04-25T15:51:27.916+0000 7f28437fe700 1 -- 172.21.15.31:0/3979433194 <== mon.0 v2:172.21.15.31:3300/0 3 ==== mon_map magic: 0 ==== 205+0+0 (secure 0 0 0) 0x7f28440246e0 con 0x7f28501099f0
2024-04-25T15:51:28.726 INFO:teuthology.orchestra.run.smithi031.stdout:/usr/bin/ceph: stderr
2024-04-25T15:51:27.916+0000 7f285854a700 1 -- 172.21.15.31:0/3979433194 --> [v2:172.21.15.31:3300/0,v1:172.21.15.31:6789/0] -- mon_subscribe({osdmap=0}) -- 0x7f28501a1160 con 0x7f28501099f0
2024-04-25T15:51:28.726 INFO:teuthology.orchestra.run.smithi031.stdout:/usr/bin/ceph: stderr
2024-04-25T15:51:27.916+0000 7f285854a700 1 -- 172.21.15.31:0/3979433194 --> [v2:172.21.15.31:3300/0,v1:172.21.15.31:6789/0] -- mon_command({"prefix": "get_command_descriptions"} v 0) -- 0x7f2850064cf0 con 0x7f28501099f0
2024-04-25T15:51:28.726 INFO:teuthology.orchestra.run.smithi031.stdout:/usr/bin/ceph: stderr
2024-04-25T15:51:27.916+0000 7f28437fe700 1 -- 172.21.15.31:0/3979433194 <== mon.0 v2:172.21.15.31:3300/0 4 ==== mgrmap(e 8) ==== 49516+0+0 (secure 0 0 0) 0x7f2844022020 con 0x7f28501099f0
2024-04-25T15:51:28.726 INFO:teuthology.orchestra.run.smithi031.stdout:/usr/bin/ceph: stderr
2024-04-25T15:51:27.917+0000 7f28437fe700 1 --2- 172.21.15.31:0/3979433194 >> [v2:172.21.15.31:6800/3023595010,v1:172.21.15.31:6801/3023595010] conn(0x7f283c03d570 0x7f283c03fa80 unknown :-1 s=NONE pgs=0 cs=0 l=1 rev1=0 crypto rx=0 tx=0 comp rx=0 tx=0).connect
2024-04-25T15:51:28.726 INFO:teuthology.orchestra.run.smithi031.stdout:/usr/bin/ceph: stderr
2024-04-25T15:51:27.917+0000 7f28437fe700 1 -- 172.21.15.31:0/3979433194 <== mon.0 v2:172.21.15.31:3300/0 5 ==== osd_map(2..2 src has 1..2) ==== 940+0+0 (secure 0 0 0) 0x7f28440525d0 con 0x7f28501099f0
2024-04-25T15:51:28.726 INFO:teuthology.orchestra.run.smithi031.stdout:/usr/bin/ceph: stderr
2024-04-25T15:51:27.917+0000 7f2855ae5700 1 --2- 172.21.15.31:0/3979433194 >> [v2:172.21.15.31:6800/3023595010,v1:172.21.15.31:6801/3023595010] conn(0x7f283c03d570 0x7f283c03fa80 unknown :-1 s=BANNER_CONNECTING pgs=0 cs=0 l=1 rev1=0 crypto rx=0 tx=0 comp rx=0 tx=0)._handle_peer_banner_payload supported=3 required=0
2024-04-25T15:51:28.726 INFO:teuthology.orchestra.run.smithi031.stdout:/usr/bin/ceph: stderr
2024-04-25T15:51:27.917+0000 7f2855ae5700 1 --2- 172.21.15.31:0/3979433194 >> [v2:172.21.15.31:6800/3023595010,v1:172.21.15.31:6801/3023595010] conn(0x7f283c03d570 0x7f283c03fa80 secure :-1 s=READY pgs=10 cs=0 l=1 rev1=1 crypto rx=0x7f284c006fd0 tx=0x7f284c006e40 comp rx=0 tx=0).ready entity=mgr.14120 client_cookie=0 server_cookie=0 in_seq=0 out_seq=0
2024-04-25T15:51:28.726 INFO:teuthology.orchestra.run.smithi031.stdout:/usr/bin/ceph: stderr
2024-04-25T15:51:27.922+0000 7f28437fe700 1 -- 172.21.15.31:0/3979433194 <== mon.0 v2:172.21.15.31:3300/0 6 ==== mon_command_ack([{"prefix": "get_command_descriptions"}]=0 v0) ==== 72+0+188370 (secure 0 0 0) 0x7f28440172b0 con 0x7f28501099f0
2024-04-25T15:51:28.726 INFO:teuthology.orchestra.run.smithi031.stdout:/usr/bin/ceph: stderr
2024-04-25T15:51:28.131+0000 7f285854a700 1 -- 172.21.15.31:0/3979433194 --> [v2:172.21.15.31:6800/3023595010,v1:172.21.15.31:6801/3023595010] -- mgr_command(tid 0: {"prefix": "cephadm get-pub-key", "target": ["mon-mgr", ""]}) -- 0x7f2850106020 con 0x7f283c03d570
2024-04-25T15:51:28.726 INFO:teuthology.orchestra.run.smithi031.stdout:/usr/bin/ceph: stderr
2024-04-25T15:51:28.132+0000 7f28437fe700 1 -- 172.21.15.31:0/3979433194 <== mgr.14120 v2:172.21.15.31:6800/3023595010 1 ==== mgr_command_reply(tid 0: 0 ) ==== 8+0+595 (secure 0 0 0) 0x7f2850106020 con 0x7f283c03d570
2024-04-25T15:51:28.726 INFO:teuthology.orchestra.run.smithi031.stdout:/usr/bin/ceph: stderr
2024-04-25T15:51:28.134+0000 7f285854a700 1 -- 172.21.15.31:0/3979433194 >> [v2:172.21.15.31:6800/3023595010,v1:172.21.15.31:6801/3023595010] conn(0x7f283c03d570 msgr2=0x7f283c03fa80 secure :-1 s=STATE_CONNECTION_ESTABLISHED l=1).mark_down
2024-04-25T15:51:28.726 INFO:teuthology.orchestra.run.smithi031.stdout:/usr/bin/ceph: stderr
2024-04-25T15:51:28.134+0000 7f285854a700 1 --2- 172.21.15.31:0/3979433194 >> [v2:172.21.15.31:6800/3023595010,v1:172.21.15.31:6801/3023595010] conn(0x7f283c03d570 0x7f283c03fa80 secure :-1 s=READY pgs=10 cs=0 l=1 rev1=1 crypto rx=0x7f284c006fd0 tx=0x7f284c006e40 comp rx=0 tx=0).stop
2024-04-25T15:51:28.726 INFO:teuthology.orchestra.run.smithi031.stdout:/usr/bin/ceph: stderr
2024-04-25T15:51:28.134+0000 7f285854a700 1 -- 172.21.15.31:0/3979433194 >> [v2:172.21.15.31:3300/0,v1:172.21.15.31:6789/0] conn(0x7f28501099f0 msgr2=0x7f285019dd80 secure :-1 s=STATE_CONNECTION_ESTABLISHED l=1).mark_down
2024-04-25T15:51:28.726 INFO:teuthology.orchestra.run.smithi031.stdout:/usr/bin/ceph: stderr
2024-04-25T15:51:28.134+0000 7f285854a700 1 --2- 172.21.15.31:0/3979433194 >> [v2:172.21.15.31:3300/0,v1:172.21.15.31:6789/0] conn(0x7f28501099f0 0x7f285019dd80 secure :-1 s=READY pgs=44 cs=0 l=1 rev1=1 crypto rx=0x7f2844011890 tx=0x7f2844011970 comp rx=0 tx=0).stop
2024-04-25T15:51:28.727 INFO:teuthology.orchestra.run.smithi031.stdout:/usr/bin/ceph: stderr
2024-04-25T15:51:28.134+0000 7f285854a700 1 -- 172.21.15.31:0/3979433194 shutdown_connections
2024-04-25T15:51:28.727 INFO:teuthology.orchestra.run.smithi031.stdout:/usr/bin/ceph: stderr
2024-04-25T15:51:28.134+0000 7f285854a700 1 --2- 172.21.15.31:0/3979433194 >> [v2:172.21.15.31:6800/3023595010,v1:172.21.15.31:6801/3023595010] conn(0x7f283c03d570 0x7f283c03fa80 unknown :-1 s=CLOSED pgs=10 cs=0 l=1 rev1=1 crypto rx=0 tx=0 comp rx=0 tx=0).stop
2024-04-25T15:51:28.727 INFO:teuthology.orchestra.run.smithi031.stdout:/usr/bin/ceph: stderr
2024-04-25T15:51:28.134+0000 7f285854a700 1 --2- 172.21.15.31:0/3979433194 >> [v2:172.21.15.31:3300/0,v1:172.21.15.31:6789/0] conn(0x7f28501099f0 0x7f285019dd80 unknown :-1 s=CLOSED pgs=44 cs=0 l=1 rev1=1 crypto rx=0 tx=0 comp rx=0 tx=0).stop
2024-04-25T15:51:28.727 INFO:teuthology.orchestra.run.smithi031.stdout:/usr/bin/ceph: stderr
2024-04-25T15:51:28.134+0000 7f285854a700 1 -- 172.21.15.31:0/3979433194 >> 172.21.15.31:0/3979433194 conn(0x7f2850105070 msgr2=0x7f2850105910 unknown :-1 s=STATE_NONE l=0).mark_down
2024-04-25T15:51:28.727 INFO:teuthology.orchestra.run.smithi031.stdout:/usr/bin/ceph: stderr
2024-04-25T15:51:28.134+0000 7f285854a700 1 -- 172.21.15.31:0/3979433194 shutdown_connections
2024-04-25T15:51:28.727 INFO:teuthology.orchestra.run.smithi031.stdout:/usr/bin/ceph: stderr
2024-04-25T15:51:28.134+0000 7f285854a700 1 -- 172.21.15.31:0/3979433194 wait complete.
2024-04-25T15:51:28.727 INFO:teuthology.orchestra.run.smithi031.stdout:Wrote public SSH key to /home/ubuntu/cephtest/ceph.pub
2024-04-25T15:51:28.727 INFO:teuthology.orchestra.run.smithi031.stdout:Adding key to root@localhost authorized_keys...
2024-04-25T15:51:28.727 INFO:teuthology.orchestra.run.smithi031.stdout:Adding host smithi031...
2024-04-25T15:51:28.965 INFO:journalctl@ceph.mon.a.smithi031.stdout:Apr 25 15:51:28 smithi031 ceph-mon[29140]: from='client.14138 -' entity='client.admin' cmd=[{"prefix": "cephadm get-pub-key", "target": ["mon-mgr", ""]}]: dispatch
2024-04-25T15:51:29.949 INFO:journalctl@ceph.mon.a.smithi031.stdout:Apr 25 15:51:29 smithi031 ceph-mon[29140]: from='client.14140 -' entity='client.admin' cmd=[{"prefix": "orch host add", "hostname": "smithi031", "addr": "172.21.15.31", "target": ["mon-mgr", ""]}]: dispatch
2024-04-25T15:51:31.199 INFO:journalctl@ceph.mon.a.smithi031.stdout:Apr 25 15:51:30 smithi031 ceph-mon[29140]: Deploying cephadm binary to smithi031
2024-04-25T15:51:34.254 INFO:teuthology.orchestra.run.smithi031.stdout:/usr/bin/ceph: stdout Added host 'smithi031' with addr '172.21.15.31'
2024-04-25T15:51:34.254 INFO:teuthology.orchestra.run.smithi031.stdout:/usr/bin/ceph: stderr
2024-04-25T15:51:29.182+0000 7f95e768e700 1 Processor -- start
2024-04-25T15:51:34.254 INFO:teuthology.orchestra.run.smithi031.stdout:/usr/bin/ceph: stderr
2024-04-25T15:51:29.182+0000 7f95e768e700 1 -- start start
2024-04-25T15:51:34.254 INFO:teuthology.orchestra.run.smithi031.stdout:/usr/bin/ceph: stderr
2024-04-25T15:51:29.183+0000 7f95e768e700 1 --2- >> [v2:172.21.15.31:3300/0,v1:172.21.15.31:6789/0] conn(0x7f95e01088c0 0x7f95e0108cd0 unknown :-1 s=NONE pgs=0 cs=0 l=0 rev1=0 crypto rx=0 tx=0 comp rx=0 tx=0).connect
2024-04-25T15:51:34.254 INFO:teuthology.orchestra.run.smithi031.stdout:/usr/bin/ceph: stderr
2024-04-25T15:51:29.183+0000 7f95e768e700 1 -- --> [v2:172.21.15.31:3300/0,v1:172.21.15.31:6789/0] -- mon_getmap magic: 0 -- 0x7f95e01092c0 con 0x7f95e01088c0
2024-04-25T15:51:34.254 INFO:teuthology.orchestra.run.smithi031.stdout:/usr/bin/ceph: stderr
2024-04-25T15:51:29.183+0000 7f95e542a700 1 --2- >> [v2:172.21.15.31:3300/0,v1:172.21.15.31:6789/0] conn(0x7f95e01088c0 0x7f95e0108cd0 unknown :-1 s=BANNER_CONNECTING pgs=0 cs=0 l=0 rev1=0 crypto rx=0 tx=0 comp rx=0 tx=0)._handle_peer_banner_payload supported=3 required=0
2024-04-25T15:51:34.254 INFO:teuthology.orchestra.run.smithi031.stdout:/usr/bin/ceph: stderr
2024-04-25T15:51:29.183+0000 7f95e542a700 1 --2- >> [v2:172.21.15.31:3300/0,v1:172.21.15.31:6789/0] conn(0x7f95e01088c0 0x7f95e0108cd0 unknown :-1 s=HELLO_CONNECTING pgs=0 cs=0 l=0 rev1=1 crypto rx=0 tx=0 comp rx=0 tx=0).handle_hello peer v2:172.21.15.31:3300/0 says I am v2:172.21.15.31:49958/0 (socket says 172.21.15.31:49958)
2024-04-25T15:51:34.254 INFO:teuthology.orchestra.run.smithi031.stdout:/usr/bin/ceph: stderr
2024-04-25T15:51:29.183+0000 7f95e542a700 1 -- 172.21.15.31:0/2496378471 learned_addr learned my addr 172.21.15.31:0/2496378471 (peer_addr_for_me v2:172.21.15.31:0/0)
2024-04-25T15:51:34.254 INFO:teuthology.orchestra.run.smithi031.stdout:/usr/bin/ceph: stderr
2024-04-25T15:51:29.183+0000 7f95e542a700 1 -- 172.21.15.31:0/2496378471 --> [v2:172.21.15.31:3300/0,v1:172.21.15.31:6789/0] -- mon_subscribe({config=0+,monmap=0+}) -- 0x7f95e01099f0 con 0x7f95e01088c0
2024-04-25T15:51:34.254 INFO:teuthology.orchestra.run.smithi031.stdout:/usr/bin/ceph: stderr
2024-04-25T15:51:29.183+0000 7f95e542a700 1 --2- 172.21.15.31:0/2496378471 >> [v2:172.21.15.31:3300/0,v1:172.21.15.31:6789/0] conn(0x7f95e01088c0 0x7f95e0108cd0 secure :-1 s=READY pgs=45 cs=0 l=1 rev1=1 crypto rx=0x7f95dc0098a0 tx=0x7f95dc009bb0 comp rx=0 tx=0).ready entity=mon.0 client_cookie=1b037a5d969fd689 server_cookie=0 in_seq=0 out_seq=0
2024-04-25T15:51:34.255 INFO:teuthology.orchestra.run.smithi031.stdout:/usr/bin/ceph: stderr
2024-04-25T15:51:29.183+0000 7f95d7fff700 1 -- 172.21.15.31:0/2496378471 <== mon.0 v2:172.21.15.31:3300/0 1 ==== mon_map magic: 0 ==== 205+0+0 (secure 0 0 0) 0x7f95dc004160 con 0x7f95e01088c0
2024-04-25T15:51:34.255 INFO:teuthology.orchestra.run.smithi031.stdout:/usr/bin/ceph: stderr
2024-04-25T15:51:29.183+0000 7f95d7fff700 1 -- 172.21.15.31:0/2496378471 <== mon.0 v2:172.21.15.31:3300/0 2 ==== config(26 keys) ==== 1070+0+0 (secure 0 0 0) 0x7f95dc004300 con 0x7f95e01088c0
2024-04-25T15:51:34.255 INFO:teuthology.orchestra.run.smithi031.stdout:/usr/bin/ceph: stderr
2024-04-25T15:51:29.184+0000 7f95d7fff700 1 -- 172.21.15.31:0/2496378471 <== mon.0 v2:172.21.15.31:3300/0 3 ==== mon_map magic: 0 ==== 205+0+0 (secure 0 0 0) 0x7f95dc011af0 con 0x7f95e01088c0
2024-04-25T15:51:34.255 INFO:teuthology.orchestra.run.smithi031.stdout:/usr/bin/ceph: stderr
2024-04-25T15:51:29.184+0000 7f95e768e700 1 -- 172.21.15.31:0/2496378471 >> [v2:172.21.15.31:3300/0,v1:172.21.15.31:6789/0] conn(0x7f95e01088c0 msgr2=0x7f95e0108cd0 secure :-1 s=STATE_CONNECTION_ESTABLISHED l=1).mark_down
2024-04-25T15:51:34.255 INFO:teuthology.orchestra.run.smithi031.stdout:/usr/bin/ceph: stderr
2024-04-25T15:51:29.184+0000 7f95e768e700 1 --2- 172.21.15.31:0/2496378471 >> [v2:172.21.15.31:3300/0,v1:172.21.15.31:6789/0] conn(0x7f95e01088c0 0x7f95e0108cd0 secure :-1 s=READY pgs=45 cs=0 l=1 rev1=1 crypto rx=0x7f95dc0098a0 tx=0x7f95dc009bb0 comp rx=0 tx=0).stop
2024-04-25T15:51:34.255 INFO:teuthology.orchestra.run.smithi031.stdout:/usr/bin/ceph: stderr
2024-04-25T15:51:29.184+0000 7f95e768e700 1 -- 172.21.15.31:0/2496378471 shutdown_connections
2024-04-25T15:51:34.255 INFO:teuthology.orchestra.run.smithi031.stdout:/usr/bin/ceph: stderr
2024-04-25T15:51:29.184+0000 7f95e768e700 1 --2- 172.21.15.31:0/2496378471 >> [v2:172.21.15.31:3300/0,v1:172.21.15.31:6789/0] conn(0x7f95e01088c0 0x7f95e0108cd0 unknown :-1 s=CLOSED pgs=45 cs=0 l=1 rev1=1 crypto rx=0 tx=0 comp rx=0 tx=0).stop
2024-04-25T15:51:34.255 INFO:teuthology.orchestra.run.smithi031.stdout:/usr/bin/ceph: stderr
2024-04-25T15:51:29.184+0000 7f95e768e700 1 -- 172.21.15.31:0/2496378471 >> 172.21.15.31:0/2496378471 conn(0x7f95e0103f20 msgr2=0x7f95e01063b0 unknown :-1 s=STATE_NONE l=0).mark_down
2024-04-25T15:51:34.255 INFO:teuthology.orchestra.run.smithi031.stdout:/usr/bin/ceph: stderr
2024-04-25T15:51:29.184+0000 7f95e768e700 1 -- 172.21.15.31:0/2496378471 shutdown_connections
2024-04-25T15:51:34.255 INFO:teuthology.orchestra.run.smithi031.stdout:/usr/bin/ceph: stderr
2024-04-25T15:51:29.184+0000 7f95e768e700 1 -- 172.21.15.31:0/2496378471 wait complete.
2024-04-25T15:51:34.255 INFO:teuthology.orchestra.run.smithi031.stdout:/usr/bin/ceph: stderr
2024-04-25T15:51:29.185+0000 7f95e768e700 1 Processor -- start
2024-04-25T15:51:34.255 INFO:teuthology.orchestra.run.smithi031.stdout:/usr/bin/ceph: stderr
2024-04-25T15:51:29.185+0000 7f95e768e700 1 -- start start
2024-04-25T15:51:34.255 INFO:teuthology.orchestra.run.smithi031.stdout:/usr/bin/ceph: stderr
2024-04-25T15:51:29.185+0000 7f95e768e700 1 --2- >> [v2:172.21.15.31:3300/0,v1:172.21.15.31:6789/0] conn(0x7f95e01088c0 0x7f95e019dda0 unknown :-1 s=NONE pgs=0 cs=0 l=1 rev1=0 crypto rx=0 tx=0 comp rx=0 tx=0).connect
2024-04-25T15:51:34.255 INFO:teuthology.orchestra.run.smithi031.stdout:/usr/bin/ceph: stderr
2024-04-25T15:51:29.185+0000 7f95e768e700 1 -- --> [v2:172.21.15.31:3300/0,v1:172.21.15.31:6789/0] -- mon_getmap magic: 0 -- 0x7f95e010cda0 con 0x7f95e01088c0
2024-04-25T15:51:34.255 INFO:teuthology.orchestra.run.smithi031.stdout:/usr/bin/ceph: stderr
2024-04-25T15:51:29.186+0000 7f95e542a700 1 --2- >> [v2:172.21.15.31:3300/0,v1:172.21.15.31:6789/0] conn(0x7f95e01088c0 0x7f95e019dda0 unknown :-1 s=BANNER_CONNECTING pgs=0 cs=0 l=1 rev1=0 crypto rx=0 tx=0 comp rx=0 tx=0)._handle_peer_banner_payload supported=3 required=0
2024-04-25T15:51:34.256 INFO:teuthology.orchestra.run.smithi031.stdout:/usr/bin/ceph: stderr
2024-04-25T15:51:29.186+0000 7f95e542a700 1 --2- >> [v2:172.21.15.31:3300/0,v1:172.21.15.31:6789/0] conn(0x7f95e01088c0 0x7f95e019dda0 unknown :-1 s=HELLO_CONNECTING pgs=0 cs=0 l=1 rev1=1 crypto rx=0 tx=0 comp rx=0 tx=0).handle_hello peer v2:172.21.15.31:3300/0 says I am v2:172.21.15.31:49972/0 (socket says 172.21.15.31:49972)
2024-04-25T15:51:34.256 INFO:teuthology.orchestra.run.smithi031.stdout:/usr/bin/ceph: stderr
2024-04-25T15:51:29.186+0000 7f95e542a700 1 -- 172.21.15.31:0/1264955644 learned_addr learned my addr 172.21.15.31:0/1264955644 (peer_addr_for_me v2:172.21.15.31:0/0)
2024-04-25T15:51:34.256 INFO:teuthology.orchestra.run.smithi031.stdout:/usr/bin/ceph: stderr
2024-04-25T15:51:29.186+0000 7f95e542a700 1 -- 172.21.15.31:0/1264955644 --> [v2:172.21.15.31:3300/0,v1:172.21.15.31:6789/0] -- mon_subscribe({config=0+,monmap=0+}) -- 0x7f95e019e2e0 con 0x7f95e01088c0
2024-04-25T15:51:34.256 INFO:teuthology.orchestra.run.smithi031.stdout:/usr/bin/ceph: stderr
2024-04-25T15:51:29.186+0000 7f95e542a700 1 --2- 172.21.15.31:0/1264955644 >> [v2:172.21.15.31:3300/0,v1:172.21.15.31:6789/0] conn(0x7f95e01088c0 0x7f95e019dda0 secure :-1 s=READY pgs=46 cs=0 l=1 rev1=1 crypto rx=0x7f95dc011890 tx=0x7f95dc011970 comp rx=0 tx=0).ready entity=mon.0 client_cookie=0 server_cookie=0 in_seq=0 out_seq=0
2024-04-25T15:51:34.256 INFO:teuthology.orchestra.run.smithi031.stdout:/usr/bin/ceph: stderr
2024-04-25T15:51:29.186+0000 7f95d67fc700 1 -- 172.21.15.31:0/1264955644 <== mon.0 v2:172.21.15.31:3300/0 1 ==== mon_map magic: 0 ==== 205+0+0 (secure 0 0 0) 0x7f95dc0039e0 con 0x7f95e01088c0
2024-04-25T15:51:34.256 INFO:teuthology.orchestra.run.smithi031.stdout:/usr/bin/ceph: stderr
2024-04-25T15:51:29.186+0000 7f95d67fc700 1 -- 172.21.15.31:0/1264955644 <== mon.0 v2:172.21.15.31:3300/0 2 ==== config(26 keys) ==== 1070+0+0 (secure 0 0 0) 0x7f95dc003b80 con 0x7f95e01088c0
2024-04-25T15:51:34.256 INFO:teuthology.orchestra.run.smithi031.stdout:/usr/bin/ceph: stderr
2024-04-25T15:51:29.186+0000 7f95e768e700 1 -- 172.21.15.31:0/1264955644 --> [v2:172.21.15.31:3300/0,v1:172.21.15.31:6789/0] -- mon_subscribe({mgrmap=0+}) -- 0x7f95e019e570 con 0x7f95e01088c0
2024-04-25T15:51:34.256 INFO:teuthology.orchestra.run.smithi031.stdout:/usr/bin/ceph: stderr
2024-04-25T15:51:29.186+0000 7f95d67fc700 1 -- 172.21.15.31:0/1264955644 <== mon.0 v2:172.21.15.31:3300/0 3 ==== mon_map magic: 0 ==== 205+0+0 (secure 0 0 0) 0x7f95dc0246e0 con 0x7f95e01088c0
2024-04-25T15:51:34.256 INFO:teuthology.orchestra.run.smithi031.stdout:/usr/bin/ceph: stderr
2024-04-25T15:51:29.186+0000 7f95e768e700 1 -- 172.21.15.31:0/1264955644 --> [v2:172.21.15.31:3300/0,v1:172.21.15.31:6789/0] -- mon_subscribe({osdmap=0}) -- 0x7f95e01a1180 con 0x7f95e01088c0
2024-04-25T15:51:34.256 INFO:teuthology.orchestra.run.smithi031.stdout:/usr/bin/ceph: stderr
2024-04-25T15:51:29.187+0000 7f95d67fc700 1 -- 172.21.15.31:0/1264955644 <== mon.0 v2:172.21.15.31:3300/0 4 ==== mgrmap(e 8) ==== 49516+0+0 (secure 0 0 0) 0x7f95dc022020 con 0x7f95e01088c0
2024-04-25T15:51:34.256 INFO:teuthology.orchestra.run.smithi031.stdout:/usr/bin/ceph: stderr
2024-04-25T15:51:29.187+0000 7f95e768e700 1 -- 172.21.15.31:0/1264955644 --> [v2:172.21.15.31:3300/0,v1:172.21.15.31:6789/0] -- mon_command({"prefix": "get_command_descriptions"} v 0) -- 0x7f95e0064cf0 con 0x7f95e01088c0
2024-04-25T15:51:34.256 INFO:teuthology.orchestra.run.smithi031.stdout:/usr/bin/ceph: stderr
2024-04-25T15:51:29.187+0000 7f95d67fc700 1 --2- 172.21.15.31:0/1264955644 >> [v2:172.21.15.31:6800/3023595010,v1:172.21.15.31:6801/3023595010] conn(0x7f95cc03d5c0 0x7f95cc03fad0 unknown :-1 s=NONE pgs=0 cs=0 l=1 rev1=0 crypto rx=0 tx=0 comp rx=0 tx=0).connect
2024-04-25T15:51:34.256 INFO:teuthology.orchestra.run.smithi031.stdout:/usr/bin/ceph: stderr
2024-04-25T15:51:29.188+0000 7f95d67fc700 1 -- 172.21.15.31:0/1264955644 <== mon.0 v2:172.21.15.31:3300/0 5 ==== osd_map(2..2 src has 1..2) ==== 940+0+0 (secure 0 0 0) 0x7f95dc052770 con 0x7f95e01088c0
2024-04-25T15:51:34.256 INFO:teuthology.orchestra.run.smithi031.stdout:/usr/bin/ceph: stderr
2024-04-25T15:51:29.188+0000 7f95e4c29700 1 --2- 172.21.15.31:0/1264955644 >> [v2:172.21.15.31:6800/3023595010,v1:172.21.15.31:6801/3023595010] conn(0x7f95cc03d5c0 0x7f95cc03fad0 unknown :-1 s=BANNER_CONNECTING pgs=0 cs=0 l=1 rev1=0 crypto rx=0 tx=0 comp rx=0 tx=0)._handle_peer_banner_payload supported=3 required=0
2024-04-25T15:51:34.257 INFO:teuthology.orchestra.run.smithi031.stdout:/usr/bin/ceph: stderr
2024-04-25T15:51:29.188+0000 7f95e4c29700 1 --2- 172.21.15.31:0/1264955644 >> [v2:172.21.15.31:6800/3023595010,v1:172.21.15.31:6801/3023595010] conn(0x7f95cc03d5c0 0x7f95cc03fad0 secure :-1 s=READY pgs=11 cs=0 l=1 rev1=1 crypto rx=0x7f95d0006fd0 tx=0x7f95d0006e40 comp rx=0 tx=0).ready entity=mgr.14120 client_cookie=0 server_cookie=0 in_seq=0 out_seq=0
2024-04-25T15:51:34.257 INFO:teuthology.orchestra.run.smithi031.stdout:/usr/bin/ceph: stderr
2024-04-25T15:51:29.193+0000 7f95d67fc700 1 -- 172.21.15.31:0/1264955644 <== mon.0 v2:172.21.15.31:3300/0 6 ==== mon_command_ack([{"prefix": "get_command_descriptions"}]=0 v0) ==== 72+0+188370 (secure 0 0 0) 0x7f95dc0172b0 con 0x7f95e01088c0
2024-04-25T15:51:34.257 INFO:teuthology.orchestra.run.smithi031.stdout:/usr/bin/ceph: stderr
2024-04-25T15:51:29.406+0000 7f95e768e700 1 -- 172.21.15.31:0/1264955644 --> [v2:172.21.15.31:6800/3023595010,v1:172.21.15.31:6801/3023595010] -- mgr_command(tid 0: {"prefix": "orch host add", "hostname": "smithi031", "addr": "172.21.15.31", "target": ["mon-mgr", ""]}) -- 0x7f95e002e7e0 con 0x7f95cc03d5c0
2024-04-25T15:51:34.257 INFO:teuthology.orchestra.run.smithi031.stdout:/usr/bin/ceph: stderr
2024-04-25T15:51:33.619+0000 7f95d67fc700 1 -- 172.21.15.31:0/1264955644 <== mgr.14120 v2:172.21.15.31:6800/3023595010 1 ==== mgr_command_reply(tid 0: 0 ) ==== 8+0+48 (secure 0 0 0) 0x7f95e002e7e0 con 0x7f95cc03d5c0
2024-04-25T15:51:34.257 INFO:teuthology.orchestra.run.smithi031.stdout:/usr/bin/ceph: stderr
2024-04-25T15:51:33.621+0000 7f95e768e700 1 -- 172.21.15.31:0/1264955644 >> [v2:172.21.15.31:6800/3023595010,v1:172.21.15.31:6801/3023595010] conn(0x7f95cc03d5c0 msgr2=0x7f95cc03fad0 secure :-1 s=STATE_CONNECTION_ESTABLISHED l=1).mark_down
2024-04-25T15:51:34.257 INFO:teuthology.orchestra.run.smithi031.stdout:/usr/bin/ceph: stderr
2024-04-25T15:51:33.621+0000 7f95e768e700 1 --2- 172.21.15.31:0/1264955644 >> [v2:172.21.15.31:6800/3023595010,v1:172.21.15.31:6801/3023595010] conn(0x7f95cc03d5c0 0x7f95cc03fad0 secure :-1 s=READY pgs=11 cs=0 l=1 rev1=1 crypto rx=0x7f95d0006fd0 tx=0x7f95d0006e40 comp rx=0 tx=0).stop
2024-04-25T15:51:34.257 INFO:teuthology.orchestra.run.smithi031.stdout:/usr/bin/ceph: stderr
2024-04-25T15:51:33.621+0000 7f95e768e700 1 -- 172.21.15.31:0/1264955644 >> [v2:172.21.15.31:3300/0,v1:172.21.15.31:6789/0] conn(0x7f95e01088c0 msgr2=0x7f95e019dda0 secure :-1 s=STATE_CONNECTION_ESTABLISHED l=1).mark_down
2024-04-25T15:51:34.257 INFO:teuthology.orchestra.run.smithi031.stdout:/usr/bin/ceph: stderr
2024-04-25T15:51:33.621+0000 7f95e768e700 1 --2- 172.21.15.31:0/1264955644 >> [v2:172.21.15.31:3300/0,v1:172.21.15.31:6789/0] conn(0x7f95e01088c0 0x7f95e019dda0 secure :-1 s=READY pgs=46 cs=0 l=1 rev1=1 crypto rx=0x7f95dc011890 tx=0x7f95dc011970 comp rx=0 tx=0).stop
2024-04-25T15:51:34.257 INFO:teuthology.orchestra.run.smithi031.stdout:/usr/bin/ceph: stderr
2024-04-25T15:51:33.621+0000 7f95e768e700 1 -- 172.21.15.31:0/1264955644 shutdown_connections
2024-04-25T15:51:34.257 INFO:teuthology.orchestra.run.smithi031.stdout:/usr/bin/ceph: stderr
2024-04-25T15:51:33.621+0000 7f95e768e700 1 --2- 172.21.15.31:0/1264955644 >> [v2:172.21.15.31:6800/3023595010,v1:172.21.15.31:6801/3023595010] conn(0x7f95cc03d5c0 0x7f95cc03fad0 unknown :-1 s=CLOSED pgs=11 cs=0 l=1 rev1=1 crypto rx=0 tx=0 comp rx=0 tx=0).stop
2024-04-25T15:51:34.257 INFO:teuthology.orchestra.run.smithi031.stdout:/usr/bin/ceph: stderr
2024-04-25T15:51:33.621+0000 7f95e768e700 1 --2- 172.21.15.31:0/1264955644 >> [v2:172.21.15.31:3300/0,v1:172.21.15.31:6789/0] conn(0x7f95e01088c0 0x7f95e019dda0 unknown :-1 s=CLOSED pgs=46 cs=0 l=1 rev1=1 crypto rx=0 tx=0 comp rx=0 tx=0).stop
2024-04-25T15:51:34.257 INFO:teuthology.orchestra.run.smithi031.stdout:/usr/bin/ceph: stderr
2024-04-25T15:51:33.621+0000 7f95e768e700 1 -- 172.21.15.31:0/1264955644 >> 172.21.15.31:0/1264955644 conn(0x7f95e0103f20 msgr2=0x7f95e01942f0 unknown :-1 s=STATE_NONE l=0).mark_down
2024-04-25T15:51:34.257 INFO:teuthology.orchestra.run.smithi031.stdout:/usr/bin/ceph: stderr
2024-04-25T15:51:33.622+0000 7f95e768e700 1 -- 172.21.15.31:0/1264955644 shutdown_connections
2024-04-25T15:51:34.258 INFO:teuthology.orchestra.run.smithi031.stdout:/usr/bin/ceph: stderr
2024-04-25T15:51:33.622+0000 7f95e768e700 1 -- 172.21.15.31:0/1264955644 wait complete.
2024-04-25T15:51:34.258 INFO:teuthology.orchestra.run.smithi031.stdout:Deploying unmanaged mon service...
2024-04-25T15:51:34.910 INFO:journalctl@ceph.mon.a.smithi031.stdout:Apr 25 15:51:34 smithi031 ceph-mon[29140]: from='mgr.14120 172.21.15.31:0/943537648' entity='mgr.x'
2024-04-25T15:51:34.910 INFO:journalctl@ceph.mon.a.smithi031.stdout:Apr 25 15:51:34 smithi031 ceph-mon[29140]: Added host smithi031
2024-04-25T15:51:34.910 INFO:journalctl@ceph.mon.a.smithi031.stdout:Apr 25 15:51:34 smithi031 ceph-mon[29140]: from='mgr.14120 172.21.15.31:0/943537648' entity='mgr.x' cmd=[{"prefix": "config dump", "format": "json"}]: dispatch
2024-04-25T15:51:35.571 INFO:teuthology.orchestra.run.smithi031.stdout:/usr/bin/ceph: stdout Scheduled mon update...
2024-04-25T15:51:35.571 INFO:teuthology.orchestra.run.smithi031.stdout:/usr/bin/ceph: stderr
2024-04-25T15:51:34.674+0000 7f802f935700 1 Processor -- start
2024-04-25T15:51:35.571 INFO:teuthology.orchestra.run.smithi031.stdout:/usr/bin/ceph: stderr
2024-04-25T15:51:34.674+0000 7f802f935700 1 -- start start
2024-04-25T15:51:35.571 INFO:teuthology.orchestra.run.smithi031.stdout:/usr/bin/ceph: stderr
2024-04-25T15:51:34.675+0000 7f802f935700 1 --2- >> [v2:172.21.15.31:3300/0,v1:172.21.15.31:6789/0] conn(0x7f8028108ce0 0x7f80281090f0 unknown :-1 s=NONE pgs=0 cs=0 l=0 rev1=0 crypto rx=0 tx=0 comp rx=0 tx=0).connect
2024-04-25T15:51:35.572 INFO:teuthology.orchestra.run.smithi031.stdout:/usr/bin/ceph: stderr
2024-04-25T15:51:34.675+0000 7f802f935700 1 -- --> [v2:172.21.15.31:3300/0,v1:172.21.15.31:6789/0] -- mon_getmap magic: 0 -- 0x7f80281096e0 con 0x7f8028108ce0
2024-04-25T15:51:35.572 INFO:teuthology.orchestra.run.smithi031.stdout:/usr/bin/ceph: stderr
2024-04-25T15:51:34.675+0000 7f802d6d1700 1 --2- >> [v2:172.21.15.31:3300/0,v1:172.21.15.31:6789/0] conn(0x7f8028108ce0 0x7f80281090f0 unknown :-1 s=BANNER_CONNECTING pgs=0 cs=0 l=0 rev1=0 crypto rx=0 tx=0 comp rx=0 tx=0)._handle_peer_banner_payload supported=3 required=0
2024-04-25T15:51:35.572 INFO:teuthology.orchestra.run.smithi031.stdout:/usr/bin/ceph: stderr
2024-04-25T15:51:34.675+0000 7f802d6d1700 1 --2- >> [v2:172.21.15.31:3300/0,v1:172.21.15.31:6789/0] conn(0x7f8028108ce0 0x7f80281090f0 unknown :-1 s=HELLO_CONNECTING pgs=0 cs=0 l=0 rev1=1 crypto rx=0 tx=0 comp rx=0 tx=0).handle_hello peer v2:172.21.15.31:3300/0 says I am v2:172.21.15.31:44024/0 (socket says 172.21.15.31:44024)
2024-04-25T15:51:35.572 INFO:teuthology.orchestra.run.smithi031.stdout:/usr/bin/ceph: stderr
2024-04-25T15:51:34.675+0000 7f802d6d1700 1 -- 172.21.15.31:0/64499297 learned_addr learned my addr 172.21.15.31:0/64499297 (peer_addr_for_me v2:172.21.15.31:0/0)
2024-04-25T15:51:35.572 INFO:teuthology.orchestra.run.smithi031.stdout:/usr/bin/ceph: stderr
2024-04-25T15:51:34.675+0000 7f802d6d1700 1 -- 172.21.15.31:0/64499297 --> [v2:172.21.15.31:3300/0,v1:172.21.15.31:6789/0] -- mon_subscribe({config=0+,monmap=0+}) -- 0x7f8028107960 con 0x7f8028108ce0
2024-04-25T15:51:35.572 INFO:teuthology.orchestra.run.smithi031.stdout:/usr/bin/ceph: stderr
