2024-04-25T15:51:34.675+0000 7f802d6d1700 1 --2- 172.21.15.31:0/64499297 >> [v2:172.21.15.31:3300/0,v1:172.21.15.31:6789/0] conn(0x7f8028108ce0 0x7f80281090f0 secure :-1 s=READY pgs=47 cs=0 l=1 rev1=1 crypto rx=0x7f8020009e80 tx=0x7f802000b330 comp rx=0 tx=0).ready entity=mon.0 client_cookie=265a997bf2bb7c7c server_cookie=0 in_seq=0 out_seq=0
2024-04-25T15:51:35.572 INFO:teuthology.orchestra.run.smithi031.stdout:/usr/bin/ceph: stderr
2024-04-25T15:51:34.676+0000 7f801ffff700 1 -- 172.21.15.31:0/64499297 <== mon.0 v2:172.21.15.31:3300/0 1 ==== mon_map magic: 0 ==== 205+0+0 (secure 0 0 0) 0x7f8020017070 con 0x7f8028108ce0
2024-04-25T15:51:35.572 INFO:teuthology.orchestra.run.smithi031.stdout:/usr/bin/ceph: stderr
2024-04-25T15:51:34.676+0000 7f801ffff700 1 -- 172.21.15.31:0/64499297 <== mon.0 v2:172.21.15.31:3300/0 2 ==== config(26 keys) ==== 1070+0+0 (secure 0 0 0) 0x7f802000b8c0 con 0x7f8028108ce0
2024-04-25T15:51:35.572 INFO:teuthology.orchestra.run.smithi031.stdout:/usr/bin/ceph: stderr
2024-04-25T15:51:34.676+0000 7f801ffff700 1 -- 172.21.15.31:0/64499297 <== mon.0 v2:172.21.15.31:3300/0 3 ==== mon_map magic: 0 ==== 205+0+0 (secure 0 0 0) 0x7f8020004490 con 0x7f8028108ce0
2024-04-25T15:51:35.572 INFO:teuthology.orchestra.run.smithi031.stdout:/usr/bin/ceph: stderr
2024-04-25T15:51:34.676+0000 7f802f935700 1 -- 172.21.15.31:0/64499297 >> [v2:172.21.15.31:3300/0,v1:172.21.15.31:6789/0] conn(0x7f8028108ce0 msgr2=0x7f80281090f0 secure :-1 s=STATE_CONNECTION_ESTABLISHED l=1).mark_down
2024-04-25T15:51:35.573 INFO:teuthology.orchestra.run.smithi031.stdout:/usr/bin/ceph: stderr
2024-04-25T15:51:34.676+0000 7f802f935700 1 --2- 172.21.15.31:0/64499297 >> [v2:172.21.15.31:3300/0,v1:172.21.15.31:6789/0] conn(0x7f8028108ce0 0x7f80281090f0 secure :-1 s=READY pgs=47 cs=0 l=1 rev1=1 crypto rx=0x7f8020009e80 tx=0x7f802000b330 comp rx=0 tx=0).stop
2024-04-25T15:51:35.573 INFO:teuthology.orchestra.run.smithi031.stdout:/usr/bin/ceph: stderr
2024-04-25T15:51:34.677+0000 7f802f935700 1 -- 172.21.15.31:0/64499297 shutdown_connections
2024-04-25T15:51:35.573 INFO:teuthology.orchestra.run.smithi031.stdout:/usr/bin/ceph: stderr
2024-04-25T15:51:34.677+0000 7f802f935700 1 --2- 172.21.15.31:0/64499297 >> [v2:172.21.15.31:3300/0,v1:172.21.15.31:6789/0] conn(0x7f8028108ce0 0x7f80281090f0 unknown :-1 s=CLOSED pgs=47 cs=0 l=1 rev1=1 crypto rx=0 tx=0 comp rx=0 tx=0).stop
2024-04-25T15:51:35.573 INFO:teuthology.orchestra.run.smithi031.stdout:/usr/bin/ceph: stderr
2024-04-25T15:51:34.677+0000 7f802f935700 1 -- 172.21.15.31:0/64499297 >> 172.21.15.31:0/64499297 conn(0x7f8028103710 msgr2=0x7f8028105b60 unknown :-1 s=STATE_NONE l=0).mark_down
2024-04-25T15:51:35.573 INFO:teuthology.orchestra.run.smithi031.stdout:/usr/bin/ceph: stderr
2024-04-25T15:51:34.677+0000 7f802f935700 1 -- 172.21.15.31:0/64499297 shutdown_connections
2024-04-25T15:51:35.573 INFO:teuthology.orchestra.run.smithi031.stdout:/usr/bin/ceph: stderr
2024-04-25T15:51:34.677+0000 7f802f935700 1 -- 172.21.15.31:0/64499297 wait complete.
2024-04-25T15:51:35.573 INFO:teuthology.orchestra.run.smithi031.stdout:/usr/bin/ceph: stderr
2024-04-25T15:51:34.677+0000 7f802f935700 1 Processor -- start
2024-04-25T15:51:35.573 INFO:teuthology.orchestra.run.smithi031.stdout:/usr/bin/ceph: stderr
2024-04-25T15:51:34.677+0000 7f802f935700 1 -- start start
2024-04-25T15:51:35.573 INFO:teuthology.orchestra.run.smithi031.stdout:/usr/bin/ceph: stderr
2024-04-25T15:51:34.678+0000 7f802f935700 1 --2- >> [v2:172.21.15.31:3300/0,v1:172.21.15.31:6789/0] conn(0x7f8028108ce0 0x7f80281a42f0 unknown :-1 s=NONE pgs=0 cs=0 l=1 rev1=0 crypto rx=0 tx=0 comp rx=0 tx=0).connect
2024-04-25T15:51:35.573 INFO:teuthology.orchestra.run.smithi031.stdout:/usr/bin/ceph: stderr
2024-04-25T15:51:34.678+0000 7f802f935700 1 -- --> [v2:172.21.15.31:3300/0,v1:172.21.15.31:6789/0] -- mon_getmap magic: 0 -- 0x7f802810bd40 con 0x7f8028108ce0
2024-04-25T15:51:35.573 INFO:teuthology.orchestra.run.smithi031.stdout:/usr/bin/ceph: stderr
2024-04-25T15:51:34.678+0000 7f802d6d1700 1 --2- >> [v2:172.21.15.31:3300/0,v1:172.21.15.31:6789/0] conn(0x7f8028108ce0 0x7f80281a42f0 unknown :-1 s=BANNER_CONNECTING pgs=0 cs=0 l=1 rev1=0 crypto rx=0 tx=0 comp rx=0 tx=0)._handle_peer_banner_payload supported=3 required=0
2024-04-25T15:51:35.573 INFO:teuthology.orchestra.run.smithi031.stdout:/usr/bin/ceph: stderr
2024-04-25T15:51:34.678+0000 7f802d6d1700 1 --2- >> [v2:172.21.15.31:3300/0,v1:172.21.15.31:6789/0] conn(0x7f8028108ce0 0x7f80281a42f0 unknown :-1 s=HELLO_CONNECTING pgs=0 cs=0 l=1 rev1=1 crypto rx=0 tx=0 comp rx=0 tx=0).handle_hello peer v2:172.21.15.31:3300/0 says I am v2:172.21.15.31:44028/0 (socket says 172.21.15.31:44028)
2024-04-25T15:51:35.573 INFO:teuthology.orchestra.run.smithi031.stdout:/usr/bin/ceph: stderr
2024-04-25T15:51:34.678+0000 7f802d6d1700 1 -- 172.21.15.31:0/3747251117 learned_addr learned my addr 172.21.15.31:0/3747251117 (peer_addr_for_me v2:172.21.15.31:0/0)
2024-04-25T15:51:35.574 INFO:teuthology.orchestra.run.smithi031.stdout:/usr/bin/ceph: stderr
2024-04-25T15:51:34.678+0000 7f802d6d1700 1 -- 172.21.15.31:0/3747251117 --> [v2:172.21.15.31:3300/0,v1:172.21.15.31:6789/0] -- mon_subscribe({config=0+,monmap=0+}) -- 0x7f80281a4830 con 0x7f8028108ce0
2024-04-25T15:51:35.574 INFO:teuthology.orchestra.run.smithi031.stdout:/usr/bin/ceph: stderr
2024-04-25T15:51:34.678+0000 7f802d6d1700 1 --2- 172.21.15.31:0/3747251117 >> [v2:172.21.15.31:3300/0,v1:172.21.15.31:6789/0] conn(0x7f8028108ce0 0x7f80281a42f0 secure :-1 s=READY pgs=48 cs=0 l=1 rev1=1 crypto rx=0x7f802000bca0 tx=0x7f802000bd80 comp rx=0 tx=0).ready entity=mon.0 client_cookie=0 server_cookie=0 in_seq=0 out_seq=0
2024-04-25T15:51:35.574 INFO:teuthology.orchestra.run.smithi031.stdout:/usr/bin/ceph: stderr
2024-04-25T15:51:34.678+0000 7f801e7fc700 1 -- 172.21.15.31:0/3747251117 <== mon.0 v2:172.21.15.31:3300/0 1 ==== mon_map magic: 0 ==== 205+0+0 (secure 0 0 0) 0x7f8020020020 con 0x7f8028108ce0
2024-04-25T15:51:35.574 INFO:teuthology.orchestra.run.smithi031.stdout:/usr/bin/ceph: stderr
2024-04-25T15:51:34.678+0000 7f802f935700 1 -- 172.21.15.31:0/3747251117 --> [v2:172.21.15.31:3300/0,v1:172.21.15.31:6789/0] -- mon_subscribe({mgrmap=0+}) -- 0x7f80281a4ac0 con 0x7f8028108ce0
2024-04-25T15:51:35.574 INFO:teuthology.orchestra.run.smithi031.stdout:/usr/bin/ceph: stderr
2024-04-25T15:51:34.678+0000 7f801e7fc700 1 -- 172.21.15.31:0/3747251117 <== mon.0 v2:172.21.15.31:3300/0 2 ==== config(26 keys) ==== 1070+0+0 (secure 0 0 0) 0x7f8020012430 con 0x7f8028108ce0
2024-04-25T15:51:35.574 INFO:teuthology.orchestra.run.smithi031.stdout:/usr/bin/ceph: stderr
2024-04-25T15:51:34.678+0000 7f801e7fc700 1 -- 172.21.15.31:0/3747251117 <== mon.0 v2:172.21.15.31:3300/0 3 ==== mon_map magic: 0 ==== 205+0+0 (secure 0 0 0) 0x7f8020017040 con 0x7f8028108ce0
2024-04-25T15:51:35.574 INFO:teuthology.orchestra.run.smithi031.stdout:/usr/bin/ceph: stderr
2024-04-25T15:51:34.678+0000 7f802f935700 1 -- 172.21.15.31:0/3747251117 --> [v2:172.21.15.31:3300/0,v1:172.21.15.31:6789/0] -- mon_subscribe({osdmap=0}) -- 0x7f80281a76d0 con 0x7f8028108ce0
2024-04-25T15:51:35.574 INFO:teuthology.orchestra.run.smithi031.stdout:/usr/bin/ceph: stderr
2024-04-25T15:51:34.679+0000 7f801e7fc700 1 -- 172.21.15.31:0/3747251117 <== mon.0 v2:172.21.15.31:3300/0 4 ==== mgrmap(e 8) ==== 49516+0+0 (secure 0 0 0) 0x7f8020023020 con 0x7f8028108ce0
2024-04-25T15:51:35.574 INFO:teuthology.orchestra.run.smithi031.stdout:/usr/bin/ceph: stderr
2024-04-25T15:51:34.679+0000 7f802f935700 1 -- 172.21.15.31:0/3747251117 --> [v2:172.21.15.31:3300/0,v1:172.21.15.31:6789/0] -- mon_command({"prefix": "get_command_descriptions"} v 0) -- 0x7f8028064cf0 con 0x7f8028108ce0
2024-04-25T15:51:35.574 INFO:teuthology.orchestra.run.smithi031.stdout:/usr/bin/ceph: stderr
2024-04-25T15:51:34.680+0000 7f801e7fc700 1 --2- 172.21.15.31:0/3747251117 >> [v2:172.21.15.31:6800/3023595010,v1:172.21.15.31:6801/3023595010] conn(0x7f801403d570 0x7f801403fa80 unknown :-1 s=NONE pgs=0 cs=0 l=1 rev1=0 crypto rx=0 tx=0 comp rx=0 tx=0).connect
2024-04-25T15:51:35.574 INFO:teuthology.orchestra.run.smithi031.stdout:/usr/bin/ceph: stderr
2024-04-25T15:51:34.680+0000 7f801e7fc700 1 -- 172.21.15.31:0/3747251117 <== mon.0 v2:172.21.15.31:3300/0 5 ==== osd_map(2..2 src has 1..2) ==== 940+0+0 (secure 0 0 0) 0x7f802000f050 con 0x7f8028108ce0
2024-04-25T15:51:35.575 INFO:teuthology.orchestra.run.smithi031.stdout:/usr/bin/ceph: stderr
2024-04-25T15:51:34.680+0000 7f802ced0700 1 --2- 172.21.15.31:0/3747251117 >> [v2:172.21.15.31:6800/3023595010,v1:172.21.15.31:6801/3023595010] conn(0x7f801403d570 0x7f801403fa80 unknown :-1 s=BANNER_CONNECTING pgs=0 cs=0 l=1 rev1=0 crypto rx=0 tx=0 comp rx=0 tx=0)._handle_peer_banner_payload supported=3 required=0
2024-04-25T15:51:35.575 INFO:teuthology.orchestra.run.smithi031.stdout:/usr/bin/ceph: stderr
2024-04-25T15:51:34.680+0000 7f802ced0700 1 --2- 172.21.15.31:0/3747251117 >> [v2:172.21.15.31:6800/3023595010,v1:172.21.15.31:6801/3023595010] conn(0x7f801403d570 0x7f801403fa80 secure :-1 s=READY pgs=12 cs=0 l=1 rev1=1 crypto rx=0x7f8018006fd0 tx=0x7f8018006e40 comp rx=0 tx=0).ready entity=mgr.14120 client_cookie=0 server_cookie=0 in_seq=0 out_seq=0
2024-04-25T15:51:35.575 INFO:teuthology.orchestra.run.smithi031.stdout:/usr/bin/ceph: stderr
2024-04-25T15:51:34.685+0000 7f801e7fc700 1 -- 172.21.15.31:0/3747251117 <== mon.0 v2:172.21.15.31:3300/0 6 ==== mon_command_ack([{"prefix": "get_command_descriptions"}]=0 v0) ==== 72+0+188370 (secure 0 0 0) 0x7f802002a020 con 0x7f8028108ce0
2024-04-25T15:51:35.575 INFO:teuthology.orchestra.run.smithi031.stdout:/usr/bin/ceph: stderr
2024-04-25T15:51:34.909+0000 7f802f935700 1 -- 172.21.15.31:0/3747251117 --> [v2:172.21.15.31:6800/3023595010,v1:172.21.15.31:6801/3023595010] -- mgr_command(tid 0: {"prefix": "orch apply", "service_type": "mon", "unmanaged": true, "target": ["mon-mgr", ""]}) -- 0x7f802802e880 con 0x7f801403d570
2024-04-25T15:51:35.575 INFO:teuthology.orchestra.run.smithi031.stdout:/usr/bin/ceph: stderr
2024-04-25T15:51:34.916+0000 7f801e7fc700 1 -- 172.21.15.31:0/3747251117 <== mgr.14120 v2:172.21.15.31:6800/3023595010 1 ==== mgr_command_reply(tid 0: 0 ) ==== 8+0+24 (secure 0 0 0) 0x7f802802e880 con 0x7f801403d570
2024-04-25T15:51:35.575 INFO:teuthology.orchestra.run.smithi031.stdout:/usr/bin/ceph: stderr
2024-04-25T15:51:34.918+0000 7f802f935700 1 -- 172.21.15.31:0/3747251117 >> [v2:172.21.15.31:6800/3023595010,v1:172.21.15.31:6801/3023595010] conn(0x7f801403d570 msgr2=0x7f801403fa80 secure :-1 s=STATE_CONNECTION_ESTABLISHED l=1).mark_down
2024-04-25T15:51:35.575 INFO:teuthology.orchestra.run.smithi031.stdout:/usr/bin/ceph: stderr
2024-04-25T15:51:34.918+0000 7f802f935700 1 --2- 172.21.15.31:0/3747251117 >> [v2:172.21.15.31:6800/3023595010,v1:172.21.15.31:6801/3023595010] conn(0x7f801403d570 0x7f801403fa80 secure :-1 s=READY pgs=12 cs=0 l=1 rev1=1 crypto rx=0x7f8018006fd0 tx=0x7f8018006e40 comp rx=0 tx=0).stop
2024-04-25T15:51:35.575 INFO:teuthology.orchestra.run.smithi031.stdout:/usr/bin/ceph: stderr
2024-04-25T15:51:34.918+0000 7f802f935700 1 -- 172.21.15.31:0/3747251117 >> [v2:172.21.15.31:3300/0,v1:172.21.15.31:6789/0] conn(0x7f8028108ce0 msgr2=0x7f80281a42f0 secure :-1 s=STATE_CONNECTION_ESTABLISHED l=1).mark_down
2024-04-25T15:51:35.575 INFO:teuthology.orchestra.run.smithi031.stdout:/usr/bin/ceph: stderr
2024-04-25T15:51:34.918+0000 7f802f935700 1 --2- 172.21.15.31:0/3747251117 >> [v2:172.21.15.31:3300/0,v1:172.21.15.31:6789/0] conn(0x7f8028108ce0 0x7f80281a42f0 secure :-1 s=READY pgs=48 cs=0 l=1 rev1=1 crypto rx=0x7f802000bca0 tx=0x7f802000bd80 comp rx=0 tx=0).stop
2024-04-25T15:51:35.575 INFO:teuthology.orchestra.run.smithi031.stdout:/usr/bin/ceph: stderr
2024-04-25T15:51:34.919+0000 7f802f935700 1 -- 172.21.15.31:0/3747251117 shutdown_connections
2024-04-25T15:51:35.575 INFO:teuthology.orchestra.run.smithi031.stdout:/usr/bin/ceph: stderr
2024-04-25T15:51:34.919+0000 7f802f935700 1 --2- 172.21.15.31:0/3747251117 >> [v2:172.21.15.31:6800/3023595010,v1:172.21.15.31:6801/3023595010] conn(0x7f801403d570 0x7f801403fa80 unknown :-1 s=CLOSED pgs=12 cs=0 l=1 rev1=1 crypto rx=0 tx=0 comp rx=0 tx=0).stop
2024-04-25T15:51:35.575 INFO:teuthology.orchestra.run.smithi031.stdout:/usr/bin/ceph: stderr
2024-04-25T15:51:34.919+0000 7f802f935700 1 --2- 172.21.15.31:0/3747251117 >> [v2:172.21.15.31:3300/0,v1:172.21.15.31:6789/0] conn(0x7f8028108ce0 0x7f80281a42f0 unknown :-1 s=CLOSED pgs=48 cs=0 l=1 rev1=1 crypto rx=0 tx=0 comp rx=0 tx=0).stop
2024-04-25T15:51:35.576 INFO:teuthology.orchestra.run.smithi031.stdout:/usr/bin/ceph: stderr
2024-04-25T15:51:34.919+0000 7f802f935700 1 -- 172.21.15.31:0/3747251117 >> 172.21.15.31:0/3747251117 conn(0x7f8028103710 msgr2=0x7f802810dc40 unknown :-1 s=STATE_NONE l=0).mark_down
2024-04-25T15:51:35.576 INFO:teuthology.orchestra.run.smithi031.stdout:/usr/bin/ceph: stderr
2024-04-25T15:51:34.919+0000 7f802f935700 1 -- 172.21.15.31:0/3747251117 shutdown_connections
2024-04-25T15:51:35.576 INFO:teuthology.orchestra.run.smithi031.stdout:/usr/bin/ceph: stderr
2024-04-25T15:51:34.919+0000 7f802f935700 1 -- 172.21.15.31:0/3747251117 wait complete.
2024-04-25T15:51:35.576 INFO:teuthology.orchestra.run.smithi031.stdout:Deploying unmanaged mgr service...
2024-04-25T15:51:36.090 INFO:journalctl@ceph.mon.a.smithi031.stdout:Apr 25 15:51:35 smithi031 ceph-mon[29140]: from='client.14142 -' entity='client.admin' cmd=[{"prefix": "orch apply", "service_type": "mon", "unmanaged": true, "target": ["mon-mgr", ""]}]: dispatch
2024-04-25T15:51:36.091 INFO:journalctl@ceph.mon.a.smithi031.stdout:Apr 25 15:51:35 smithi031 ceph-mon[29140]: Saving service mon spec with placement count:5
2024-04-25T15:51:36.091 INFO:journalctl@ceph.mon.a.smithi031.stdout:Apr 25 15:51:35 smithi031 ceph-mon[29140]: from='mgr.14120 172.21.15.31:0/943537648' entity='mgr.x'
2024-04-25T15:51:37.624 INFO:journalctl@ceph.mon.a.smithi031.stdout:Apr 25 15:51:37 smithi031 ceph-mon[29140]: from='client.14144 -' entity='client.admin' cmd=[{"prefix": "orch apply", "service_type": "mgr", "unmanaged": true, "target": ["mon-mgr", ""]}]: dispatch
2024-04-25T15:51:37.624 INFO:journalctl@ceph.mon.a.smithi031.stdout:Apr 25 15:51:37 smithi031 ceph-mon[29140]: Saving service mgr spec with placement count:2
2024-04-25T15:51:37.624 INFO:journalctl@ceph.mon.a.smithi031.stdout:Apr 25 15:51:37 smithi031 ceph-mon[29140]: from='mgr.14120 172.21.15.31:0/943537648' entity='mgr.x'
2024-04-25T15:51:37.624 INFO:journalctl@ceph.mon.a.smithi031.stdout:Apr 25 15:51:37 smithi031 ceph-mon[29140]: from='mgr.14120 172.21.15.31:0/943537648' entity='mgr.x'
2024-04-25T15:51:37.631 INFO:teuthology.orchestra.run.smithi031.stdout:/usr/bin/ceph: stdout Scheduled mgr update...
2024-04-25T15:51:37.631 INFO:teuthology.orchestra.run.smithi031.stdout:/usr/bin/ceph: stderr
2024-04-25T15:51:36.090+0000 7fec8743a700 1 Processor -- start
2024-04-25T15:51:37.631 INFO:teuthology.orchestra.run.smithi031.stdout:/usr/bin/ceph: stderr
2024-04-25T15:51:36.090+0000 7fec8743a700 1 -- start start
2024-04-25T15:51:37.632 INFO:teuthology.orchestra.run.smithi031.stdout:/usr/bin/ceph: stderr
2024-04-25T15:51:36.090+0000 7fec8743a700 1 --2- >> [v2:172.21.15.31:3300/0,v1:172.21.15.31:6789/0] conn(0x7fec801088b0 0x7fec80108cc0 unknown :-1 s=NONE pgs=0 cs=0 l=0 rev1=0 crypto rx=0 tx=0 comp rx=0 tx=0).connect
2024-04-25T15:51:37.632 INFO:teuthology.orchestra.run.smithi031.stdout:/usr/bin/ceph: stderr
2024-04-25T15:51:36.090+0000 7fec8743a700 1 -- --> [v2:172.21.15.31:3300/0,v1:172.21.15.31:6789/0] -- mon_getmap magic: 0 -- 0x7fec801092b0 con 0x7fec801088b0
2024-04-25T15:51:37.632 INFO:teuthology.orchestra.run.smithi031.stdout:/usr/bin/ceph: stderr
2024-04-25T15:51:36.090+0000 7fec851d6700 1 --2- >> [v2:172.21.15.31:3300/0,v1:172.21.15.31:6789/0] conn(0x7fec801088b0 0x7fec80108cc0 unknown :-1 s=BANNER_CONNECTING pgs=0 cs=0 l=0 rev1=0 crypto rx=0 tx=0 comp rx=0 tx=0)._handle_peer_banner_payload supported=3 required=0
2024-04-25T15:51:37.632 INFO:teuthology.orchestra.run.smithi031.stdout:/usr/bin/ceph: stderr
2024-04-25T15:51:36.090+0000 7fec851d6700 1 --2- >> [v2:172.21.15.31:3300/0,v1:172.21.15.31:6789/0] conn(0x7fec801088b0 0x7fec80108cc0 unknown :-1 s=HELLO_CONNECTING pgs=0 cs=0 l=0 rev1=1 crypto rx=0 tx=0 comp rx=0 tx=0).handle_hello peer v2:172.21.15.31:3300/0 says I am v2:172.21.15.31:44042/0 (socket says 172.21.15.31:44042)
2024-04-25T15:51:37.632 INFO:teuthology.orchestra.run.smithi031.stdout:/usr/bin/ceph: stderr
2024-04-25T15:51:36.090+0000 7fec851d6700 1 -- 172.21.15.31:0/1840451875 learned_addr learned my addr 172.21.15.31:0/1840451875 (peer_addr_for_me v2:172.21.15.31:0/0)
2024-04-25T15:51:37.632 INFO:teuthology.orchestra.run.smithi031.stdout:/usr/bin/ceph: stderr
2024-04-25T15:51:36.091+0000 7fec851d6700 1 -- 172.21.15.31:0/1840451875 --> [v2:172.21.15.31:3300/0,v1:172.21.15.31:6789/0] -- mon_subscribe({config=0+,monmap=0+}) -- 0x7fec801099e0 con 0x7fec801088b0
2024-04-25T15:51:37.632 INFO:teuthology.orchestra.run.smithi031.stdout:/usr/bin/ceph: stderr
2024-04-25T15:51:36.091+0000 7fec851d6700 1 --2- 172.21.15.31:0/1840451875 >> [v2:172.21.15.31:3300/0,v1:172.21.15.31:6789/0] conn(0x7fec801088b0 0x7fec80108cc0 secure :-1 s=READY pgs=49 cs=0 l=1 rev1=1 crypto rx=0x7fec7c00bb40 tx=0x7fec7c00be50 comp rx=0 tx=0).ready entity=mon.0 client_cookie=ca052e5f0c3d642c server_cookie=0 in_seq=0 out_seq=0
2024-04-25T15:51:37.632 INFO:teuthology.orchestra.run.smithi031.stdout:/usr/bin/ceph: stderr
2024-04-25T15:51:36.091+0000 7fec77fff700 1 -- 172.21.15.31:0/1840451875 <== mon.0 v2:172.21.15.31:3300/0 1 ==== mon_map magic: 0 ==== 205+0+0 (secure 0 0 0) 0x7fec7c00dbe0 con 0x7fec801088b0
2024-04-25T15:51:37.632 INFO:teuthology.orchestra.run.smithi031.stdout:/usr/bin/ceph: stderr
2024-04-25T15:51:36.091+0000 7fec77fff700 1 -- 172.21.15.31:0/1840451875 <== mon.0 v2:172.21.15.31:3300/0 2 ==== config(26 keys) ==== 1070+0+0 (secure 0 0 0) 0x7fec7c0044c0 con 0x7fec801088b0
2024-04-25T15:51:37.632 INFO:teuthology.orchestra.run.smithi031.stdout:/usr/bin/ceph: stderr
2024-04-25T15:51:36.091+0000 7fec77fff700 1 -- 172.21.15.31:0/1840451875 <== mon.0 v2:172.21.15.31:3300/0 3 ==== mon_map magic: 0 ==== 205+0+0 (secure 0 0 0) 0x7fec7c010470 con 0x7fec801088b0
2024-04-25T15:51:37.632 INFO:teuthology.orchestra.run.smithi031.stdout:/usr/bin/ceph: stderr
2024-04-25T15:51:36.092+0000 7fec8743a700 1 -- 172.21.15.31:0/1840451875 >> [v2:172.21.15.31:3300/0,v1:172.21.15.31:6789/0] conn(0x7fec801088b0 msgr2=0x7fec80108cc0 secure :-1 s=STATE_CONNECTION_ESTABLISHED l=1).mark_down
2024-04-25T15:51:37.632 INFO:teuthology.orchestra.run.smithi031.stdout:/usr/bin/ceph: stderr
2024-04-25T15:51:36.092+0000 7fec8743a700 1 --2- 172.21.15.31:0/1840451875 >> [v2:172.21.15.31:3300/0,v1:172.21.15.31:6789/0] conn(0x7fec801088b0 0x7fec80108cc0 secure :-1 s=READY pgs=49 cs=0 l=1 rev1=1 crypto rx=0x7fec7c00bb40 tx=0x7fec7c00be50 comp rx=0 tx=0).stop
2024-04-25T15:51:37.632 INFO:teuthology.orchestra.run.smithi031.stdout:/usr/bin/ceph: stderr
2024-04-25T15:51:36.092+0000 7fec8743a700 1 -- 172.21.15.31:0/1840451875 shutdown_connections
2024-04-25T15:51:37.633 INFO:teuthology.orchestra.run.smithi031.stdout:/usr/bin/ceph: stderr
2024-04-25T15:51:36.092+0000 7fec8743a700 1 --2- 172.21.15.31:0/1840451875 >> [v2:172.21.15.31:3300/0,v1:172.21.15.31:6789/0] conn(0x7fec801088b0 0x7fec80108cc0 unknown :-1 s=CLOSED pgs=49 cs=0 l=1 rev1=1 crypto rx=0 tx=0 comp rx=0 tx=0).stop
2024-04-25T15:51:37.633 INFO:teuthology.orchestra.run.smithi031.stdout:/usr/bin/ceph: stderr
2024-04-25T15:51:36.092+0000 7fec8743a700 1 -- 172.21.15.31:0/1840451875 >> 172.21.15.31:0/1840451875 conn(0x7fec80103f30 msgr2=0x7fec801063a0 unknown :-1 s=STATE_NONE l=0).mark_down
2024-04-25T15:51:37.633 INFO:teuthology.orchestra.run.smithi031.stdout:/usr/bin/ceph: stderr
2024-04-25T15:51:36.092+0000 7fec8743a700 1 -- 172.21.15.31:0/1840451875 shutdown_connections
2024-04-25T15:51:37.633 INFO:teuthology.orchestra.run.smithi031.stdout:/usr/bin/ceph: stderr
2024-04-25T15:51:36.092+0000 7fec8743a700 1 -- 172.21.15.31:0/1840451875 wait complete.
2024-04-25T15:51:37.633 INFO:teuthology.orchestra.run.smithi031.stdout:/usr/bin/ceph: stderr
2024-04-25T15:51:36.093+0000 7fec8743a700 1 Processor -- start
2024-04-25T15:51:37.633 INFO:teuthology.orchestra.run.smithi031.stdout:/usr/bin/ceph: stderr
2024-04-25T15:51:36.093+0000 7fec8743a700 1 -- start start
2024-04-25T15:51:37.633 INFO:teuthology.orchestra.run.smithi031.stdout:/usr/bin/ceph: stderr
2024-04-25T15:51:36.093+0000 7fec8743a700 1 --2- >> [v2:172.21.15.31:3300/0,v1:172.21.15.31:6789/0] conn(0x7fec801088b0 0x7fec8019fe60 unknown :-1 s=NONE pgs=0 cs=0 l=1 rev1=0 crypto rx=0 tx=0 comp rx=0 tx=0).connect
2024-04-25T15:51:37.633 INFO:teuthology.orchestra.run.smithi031.stdout:/usr/bin/ceph: stderr
2024-04-25T15:51:36.093+0000 7fec8743a700 1 -- --> [v2:172.21.15.31:3300/0,v1:172.21.15.31:6789/0] -- mon_getmap magic: 0 -- 0x7fec8007c970 con 0x7fec801088b0
2024-04-25T15:51:37.633 INFO:teuthology.orchestra.run.smithi031.stdout:/usr/bin/ceph: stderr
2024-04-25T15:51:36.093+0000 7fec851d6700 1 --2- >> [v2:172.21.15.31:3300/0,v1:172.21.15.31:6789/0] conn(0x7fec801088b0 0x7fec8019fe60 unknown :-1 s=BANNER_CONNECTING pgs=0 cs=0 l=1 rev1=0 crypto rx=0 tx=0 comp rx=0 tx=0)._handle_peer_banner_payload supported=3 required=0
2024-04-25T15:51:37.633 INFO:teuthology.orchestra.run.smithi031.stdout:/usr/bin/ceph: stderr
2024-04-25T15:51:36.093+0000 7fec851d6700 1 --2- >> [v2:172.21.15.31:3300/0,v1:172.21.15.31:6789/0] conn(0x7fec801088b0 0x7fec8019fe60 unknown :-1 s=HELLO_CONNECTING pgs=0 cs=0 l=1 rev1=1 crypto rx=0 tx=0 comp rx=0 tx=0).handle_hello peer v2:172.21.15.31:3300/0 says I am v2:172.21.15.31:44052/0 (socket says 172.21.15.31:44052)
2024-04-25T15:51:37.633 INFO:teuthology.orchestra.run.smithi031.stdout:/usr/bin/ceph: stderr
2024-04-25T15:51:36.093+0000 7fec851d6700 1 -- 172.21.15.31:0/4226811575 learned_addr learned my addr 172.21.15.31:0/4226811575 (peer_addr_for_me v2:172.21.15.31:0/0)
2024-04-25T15:51:37.633 INFO:teuthology.orchestra.run.smithi031.stdout:/usr/bin/ceph: stderr
2024-04-25T15:51:36.094+0000 7fec851d6700 1 -- 172.21.15.31:0/4226811575 --> [v2:172.21.15.31:3300/0,v1:172.21.15.31:6789/0] -- mon_subscribe({config=0+,monmap=0+}) -- 0x7fec801a03a0 con 0x7fec801088b0
2024-04-25T15:51:37.633 INFO:teuthology.orchestra.run.smithi031.stdout:/usr/bin/ceph: stderr
2024-04-25T15:51:36.094+0000 7fec851d6700 1 --2- 172.21.15.31:0/4226811575 >> [v2:172.21.15.31:3300/0,v1:172.21.15.31:6789/0] conn(0x7fec801088b0 0x7fec8019fe60 secure :-1 s=READY pgs=50 cs=0 l=1 rev1=1 crypto rx=0x7fec7c003b90 tx=0x7fec7c003dc0 comp rx=0 tx=0).ready entity=mon.0 client_cookie=0 server_cookie=0 in_seq=0 out_seq=0
2024-04-25T15:51:37.633 INFO:teuthology.orchestra.run.smithi031.stdout:/usr/bin/ceph: stderr
2024-04-25T15:51:36.094+0000 7fec767fc700 1 -- 172.21.15.31:0/4226811575 <== mon.0 v2:172.21.15.31:3300/0 1 ==== mon_map magic: 0 ==== 205+0+0 (secure 0 0 0) 0x7fec7c010770 con 0x7fec801088b0
2024-04-25T15:51:37.633 INFO:teuthology.orchestra.run.smithi031.stdout:/usr/bin/ceph: stderr
2024-04-25T15:51:36.094+0000 7fec767fc700 1 -- 172.21.15.31:0/4226811575 <== mon.0 v2:172.21.15.31:3300/0 2 ==== config(26 keys) ==== 1070+0+0 (secure 0 0 0) 0x7fec7c01d070 con 0x7fec801088b0
2024-04-25T15:51:37.634 INFO:teuthology.orchestra.run.smithi031.stdout:/usr/bin/ceph: stderr
2024-04-25T15:51:36.094+0000 7fec8743a700 1 -- 172.21.15.31:0/4226811575 --> [v2:172.21.15.31:3300/0,v1:172.21.15.31:6789/0] -- mon_subscribe({mgrmap=0+}) -- 0x7fec801a0630 con 0x7fec801088b0
2024-04-25T15:51:37.634 INFO:teuthology.orchestra.run.smithi031.stdout:/usr/bin/ceph: stderr
2024-04-25T15:51:36.094+0000 7fec767fc700 1 -- 172.21.15.31:0/4226811575 <== mon.0 v2:172.21.15.31:3300/0 3 ==== mon_map magic: 0 ==== 205+0+0 (secure 0 0 0) 0x7fec7c019b70 con 0x7fec801088b0
2024-04-25T15:51:37.634 INFO:teuthology.orchestra.run.smithi031.stdout:/usr/bin/ceph: stderr
2024-04-25T15:51:36.094+0000 7fec8743a700 1 -- 172.21.15.31:0/4226811575 --> [v2:172.21.15.31:3300/0,v1:172.21.15.31:6789/0] -- mon_subscribe({osdmap=0}) -- 0x7fec801a3240 con 0x7fec801088b0
2024-04-25T15:51:37.634 INFO:teuthology.orchestra.run.smithi031.stdout:/usr/bin/ceph: stderr
2024-04-25T15:51:36.095+0000 7fec8743a700 1 -- 172.21.15.31:0/4226811575 --> [v2:172.21.15.31:3300/0,v1:172.21.15.31:6789/0] -- mon_command({"prefix": "get_command_descriptions"} v 0) -- 0x7fec80064cf0 con 0x7fec801088b0
2024-04-25T15:51:37.634 INFO:teuthology.orchestra.run.smithi031.stdout:/usr/bin/ceph: stderr
2024-04-25T15:51:36.095+0000 7fec767fc700 1 -- 172.21.15.31:0/4226811575 <== mon.0 v2:172.21.15.31:3300/0 4 ==== mgrmap(e 8) ==== 49516+0+0 (secure 0 0 0) 0x7fec7c028060 con 0x7fec801088b0
2024-04-25T15:51:37.634 INFO:teuthology.orchestra.run.smithi031.stdout:/usr/bin/ceph: stderr
2024-04-25T15:51:36.095+0000 7fec767fc700 1 --2- 172.21.15.31:0/4226811575 >> [v2:172.21.15.31:6800/3023595010,v1:172.21.15.31:6801/3023595010] conn(0x7fec6c03d570 0x7fec6c03fa80 unknown :-1 s=NONE pgs=0 cs=0 l=1 rev1=0 crypto rx=0 tx=0 comp rx=0 tx=0).connect
2024-04-25T15:51:37.634 INFO:teuthology.orchestra.run.smithi031.stdout:/usr/bin/ceph: stderr
2024-04-25T15:51:36.095+0000 7fec767fc700 1 -- 172.21.15.31:0/4226811575 <== mon.0 v2:172.21.15.31:3300/0 5 ==== osd_map(2..2 src has 1..2) ==== 940+0+0 (secure 0 0 0) 0x7fec7c0527b0 con 0x7fec801088b0
2024-04-25T15:51:37.634 INFO:teuthology.orchestra.run.smithi031.stdout:/usr/bin/ceph: stderr
2024-04-25T15:51:36.095+0000 7fec849d5700 1 --2- 172.21.15.31:0/4226811575 >> [v2:172.21.15.31:6800/3023595010,v1:172.21.15.31:6801/3023595010] conn(0x7fec6c03d570 0x7fec6c03fa80 unknown :-1 s=BANNER_CONNECTING pgs=0 cs=0 l=1 rev1=0 crypto rx=0 tx=0 comp rx=0 tx=0)._handle_peer_banner_payload supported=3 required=0
2024-04-25T15:51:37.634 INFO:teuthology.orchestra.run.smithi031.stdout:/usr/bin/ceph: stderr
2024-04-25T15:51:36.096+0000 7fec849d5700 1 --2- 172.21.15.31:0/4226811575 >> [v2:172.21.15.31:6800/3023595010,v1:172.21.15.31:6801/3023595010] conn(0x7fec6c03d570 0x7fec6c03fa80 secure :-1 s=READY pgs=13 cs=0 l=1 rev1=1 crypto rx=0x7fec70006fd0 tx=0x7fec70006e40 comp rx=0 tx=0).ready entity=mgr.14120 client_cookie=0 server_cookie=0 in_seq=0 out_seq=0
2024-04-25T15:51:37.634 INFO:teuthology.orchestra.run.smithi031.stdout:/usr/bin/ceph: stderr
2024-04-25T15:51:36.100+0000 7fec767fc700 1 -- 172.21.15.31:0/4226811575 <== mon.0 v2:172.21.15.31:3300/0 6 ==== mon_command_ack([{"prefix": "get_command_descriptions"}]=0 v0) ==== 72+0+188370 (secure 0 0 0) 0x7fec7c015070 con 0x7fec801088b0
2024-04-25T15:51:37.634 INFO:teuthology.orchestra.run.smithi031.stdout:/usr/bin/ceph: stderr
2024-04-25T15:51:36.325+0000 7fec8743a700 1 -- 172.21.15.31:0/4226811575 --> [v2:172.21.15.31:6800/3023595010,v1:172.21.15.31:6801/3023595010] -- mgr_command(tid 0: {"prefix": "orch apply", "service_type": "mgr", "unmanaged": true, "target": ["mon-mgr", ""]}) -- 0x7fec80063ad0 con 0x7fec6c03d570
2024-04-25T15:51:37.634 INFO:teuthology.orchestra.run.smithi031.stdout:/usr/bin/ceph: stderr
2024-04-25T15:51:36.333+0000 7fec767fc700 1 -- 172.21.15.31:0/4226811575 <== mgr.14120 v2:172.21.15.31:6800/3023595010 1 ==== mgr_command_reply(tid 0: 0 ) ==== 8+0+24 (secure 0 0 0) 0x7fec80063ad0 con 0x7fec6c03d570
2024-04-25T15:51:37.634 INFO:teuthology.orchestra.run.smithi031.stdout:/usr/bin/ceph: stderr
2024-04-25T15:51:36.335+0000 7fec8743a700 1 -- 172.21.15.31:0/4226811575 >> [v2:172.21.15.31:6800/3023595010,v1:172.21.15.31:6801/3023595010] conn(0x7fec6c03d570 msgr2=0x7fec6c03fa80 secure :-1 s=STATE_CONNECTION_ESTABLISHED l=1).mark_down
2024-04-25T15:51:37.635 INFO:teuthology.orchestra.run.smithi031.stdout:/usr/bin/ceph: stderr
2024-04-25T15:51:36.335+0000 7fec8743a700 1 --2- 172.21.15.31:0/4226811575 >> [v2:172.21.15.31:6800/3023595010,v1:172.21.15.31:6801/3023595010] conn(0x7fec6c03d570 0x7fec6c03fa80 secure :-1 s=READY pgs=13 cs=0 l=1 rev1=1 crypto rx=0x7fec70006fd0 tx=0x7fec70006e40 comp rx=0 tx=0).stop
2024-04-25T15:51:37.635 INFO:teuthology.orchestra.run.smithi031.stdout:/usr/bin/ceph: stderr
2024-04-25T15:51:36.335+0000 7fec8743a700 1 -- 172.21.15.31:0/4226811575 >> [v2:172.21.15.31:3300/0,v1:172.21.15.31:6789/0] conn(0x7fec801088b0 msgr2=0x7fec8019fe60 secure :-1 s=STATE_CONNECTION_ESTABLISHED l=1).mark_down
2024-04-25T15:51:37.635 INFO:teuthology.orchestra.run.smithi031.stdout:/usr/bin/ceph: stderr
2024-04-25T15:51:36.335+0000 7fec8743a700 1 --2- 172.21.15.31:0/4226811575 >> [v2:172.21.15.31:3300/0,v1:172.21.15.31:6789/0] conn(0x7fec801088b0 0x7fec8019fe60 secure :-1 s=READY pgs=50 cs=0 l=1 rev1=1 crypto rx=0x7fec7c003b90 tx=0x7fec7c003dc0 comp rx=0 tx=0).stop
2024-04-25T15:51:37.635 INFO:teuthology.orchestra.run.smithi031.stdout:/usr/bin/ceph: stderr
2024-04-25T15:51:36.335+0000 7fec8743a700 1 -- 172.21.15.31:0/4226811575 shutdown_connections
2024-04-25T15:51:37.635 INFO:teuthology.orchestra.run.smithi031.stdout:/usr/bin/ceph: stderr
2024-04-25T15:51:36.335+0000 7fec8743a700 1 --2- 172.21.15.31:0/4226811575 >> [v2:172.21.15.31:6800/3023595010,v1:172.21.15.31:6801/3023595010] conn(0x7fec6c03d570 0x7fec6c03fa80 unknown :-1 s=CLOSED pgs=13 cs=0 l=1 rev1=1 crypto rx=0 tx=0 comp rx=0 tx=0).stop
2024-04-25T15:51:37.635 INFO:teuthology.orchestra.run.smithi031.stdout:/usr/bin/ceph: stderr
2024-04-25T15:51:36.335+0000 7fec8743a700 1 --2- 172.21.15.31:0/4226811575 >> [v2:172.21.15.31:3300/0,v1:172.21.15.31:6789/0] conn(0x7fec801088b0 0x7fec8019fe60 unknown :-1 s=CLOSED pgs=50 cs=0 l=1 rev1=1 crypto rx=0 tx=0 comp rx=0 tx=0).stop
2024-04-25T15:51:37.635 INFO:teuthology.orchestra.run.smithi031.stdout:/usr/bin/ceph: stderr
2024-04-25T15:51:36.335+0000 7fec8743a700 1 -- 172.21.15.31:0/4226811575 >> 172.21.15.31:0/4226811575 conn(0x7fec80103f30 msgr2=0x7fec80191d20 unknown :-1 s=STATE_NONE l=0).mark_down
2024-04-25T15:51:37.635 INFO:teuthology.orchestra.run.smithi031.stdout:/usr/bin/ceph: stderr
2024-04-25T15:51:36.335+0000 7fec8743a700 1 -- 172.21.15.31:0/4226811575 shutdown_connections
2024-04-25T15:51:37.635 INFO:teuthology.orchestra.run.smithi031.stdout:/usr/bin/ceph: stderr
2024-04-25T15:51:36.335+0000 7fec8743a700 1 -- 172.21.15.31:0/4226811575 wait complete.
2024-04-25T15:51:38.871 INFO:teuthology.orchestra.run.smithi031.stdout:/usr/bin/ceph: stderr
2024-04-25T15:51:38.076+0000 7f51ed65d700 1 Processor -- start
2024-04-25T15:51:38.871 INFO:teuthology.orchestra.run.smithi031.stdout:/usr/bin/ceph: stderr
2024-04-25T15:51:38.077+0000 7f51ed65d700 1 -- start start
2024-04-25T15:51:38.871 INFO:teuthology.orchestra.run.smithi031.stdout:/usr/bin/ceph: stderr
2024-04-25T15:51:38.077+0000 7f51ed65d700 1 --2- >> [v2:172.21.15.31:3300/0,v1:172.21.15.31:6789/0] conn(0x7f51e8109a50 0x7f51e8109e60 unknown :-1 s=NONE pgs=0 cs=0 l=0 rev1=0 crypto rx=0 tx=0 comp rx=0 tx=0).connect
2024-04-25T15:51:38.871 INFO:teuthology.orchestra.run.smithi031.stdout:/usr/bin/ceph: stderr
2024-04-25T15:51:38.077+0000 7f51ed65d700 1 -- --> [v2:172.21.15.31:3300/0,v1:172.21.15.31:6789/0] -- mon_getmap magic: 0 -- 0x7f51e810a450 con 0x7f51e8109a50
2024-04-25T15:51:38.871 INFO:teuthology.orchestra.run.smithi031.stdout:/usr/bin/ceph: stderr
2024-04-25T15:51:38.077+0000 7f51e6ffd700 1 --2- >> [v2:172.21.15.31:3300/0,v1:172.21.15.31:6789/0] conn(0x7f51e8109a50 0x7f51e8109e60 unknown :-1 s=BANNER_CONNECTING pgs=0 cs=0 l=0 rev1=0 crypto rx=0 tx=0 comp rx=0 tx=0)._handle_peer_banner_payload supported=3 required=0
2024-04-25T15:51:38.871 INFO:teuthology.orchestra.run.smithi031.stdout:/usr/bin/ceph: stderr
2024-04-25T15:51:38.077+0000 7f51e6ffd700 1 --2- >> [v2:172.21.15.31:3300/0,v1:172.21.15.31:6789/0] conn(0x7f51e8109a50 0x7f51e8109e60 unknown :-1 s=HELLO_CONNECTING pgs=0 cs=0 l=0 rev1=1 crypto rx=0 tx=0 comp rx=0 tx=0).handle_hello peer v2:172.21.15.31:3300/0 says I am v2:172.21.15.31:44068/0 (socket says 172.21.15.31:44068)
2024-04-25T15:51:38.871 INFO:teuthology.orchestra.run.smithi031.stdout:/usr/bin/ceph: stderr
2024-04-25T15:51:38.077+0000 7f51e6ffd700 1 -- 172.21.15.31:0/1164119660 learned_addr learned my addr 172.21.15.31:0/1164119660 (peer_addr_for_me v2:172.21.15.31:0/0)
2024-04-25T15:51:38.872 INFO:teuthology.orchestra.run.smithi031.stdout:/usr/bin/ceph: stderr
2024-04-25T15:51:38.077+0000 7f51e6ffd700 1 -- 172.21.15.31:0/1164119660 --> [v2:172.21.15.31:3300/0,v1:172.21.15.31:6789/0] -- mon_subscribe({config=0+,monmap=0+}) -- 0x7f51e810ab30 con 0x7f51e8109a50
2024-04-25T15:51:38.872 INFO:teuthology.orchestra.run.smithi031.stdout:/usr/bin/ceph: stderr
2024-04-25T15:51:38.078+0000 7f51e6ffd700 1 --2- 172.21.15.31:0/1164119660 >> [v2:172.21.15.31:3300/0,v1:172.21.15.31:6789/0] conn(0x7f51e8109a50 0x7f51e8109e60 secure :-1 s=READY pgs=51 cs=0 l=1 rev1=1 crypto rx=0x7f51d80098a0 tx=0x7f51d8009bb0 comp rx=0 tx=0).ready entity=mon.0 client_cookie=f22c0ce88b5a7f40 server_cookie=0 in_seq=0 out_seq=0
2024-04-25T15:51:38.872 INFO:teuthology.orchestra.run.smithi031.stdout:/usr/bin/ceph: stderr
2024-04-25T15:51:38.078+0000 7f51e5ffb700 1 -- 172.21.15.31:0/1164119660 <== mon.0 v2:172.21.15.31:3300/0 1 ==== mon_map magic: 0 ==== 205+0+0 (secure 0 0 0) 0x7f51d8004160 con 0x7f51e8109a50
2024-04-25T15:51:38.872 INFO:teuthology.orchestra.run.smithi031.stdout:/usr/bin/ceph: stderr
2024-04-25T15:51:38.078+0000 7f51e5ffb700 1 -- 172.21.15.31:0/1164119660 <== mon.0 v2:172.21.15.31:3300/0 2 ==== config(26 keys) ==== 1101+0+0 (secure 0 0 0) 0x7f51d8004300 con 0x7f51e8109a50
2024-04-25T15:51:38.872 INFO:teuthology.orchestra.run.smithi031.stdout:/usr/bin/ceph: stderr
2024-04-25T15:51:38.078+0000 7f51e5ffb700 1 -- 172.21.15.31:0/1164119660 <== mon.0 v2:172.21.15.31:3300/0 3 ==== mon_map magic: 0 ==== 205+0+0 (secure 0 0 0) 0x7f51d8011a20 con 0x7f51e8109a50
2024-04-25T15:51:38.872 INFO:teuthology.orchestra.run.smithi031.stdout:/usr/bin/ceph: stderr
2024-04-25T15:51:38.079+0000 7f51ed65d700 1 -- 172.21.15.31:0/1164119660 >> [v2:172.21.15.31:3300/0,v1:172.21.15.31:6789/0] conn(0x7f51e8109a50 msgr2=0x7f51e8109e60 secure :-1 s=STATE_CONNECTION_ESTABLISHED l=1).mark_down
2024-04-25T15:51:38.872 INFO:teuthology.orchestra.run.smithi031.stdout:/usr/bin/ceph: stderr
2024-04-25T15:51:38.079+0000 7f51ed65d700 1 --2- 172.21.15.31:0/1164119660 >> [v2:172.21.15.31:3300/0,v1:172.21.15.31:6789/0] conn(0x7f51e8109a50 0x7f51e8109e60 secure :-1 s=READY pgs=51 cs=0 l=1 rev1=1 crypto rx=0x7f51d80098a0 tx=0x7f51d8009bb0 comp rx=0 tx=0).stop
2024-04-25T15:51:38.872 INFO:teuthology.orchestra.run.smithi031.stdout:/usr/bin/ceph: stderr
2024-04-25T15:51:38.079+0000 7f51ed65d700 1 -- 172.21.15.31:0/1164119660 shutdown_connections
2024-04-25T15:51:38.872 INFO:teuthology.orchestra.run.smithi031.stdout:/usr/bin/ceph: stderr
2024-04-25T15:51:38.079+0000 7f51ed65d700 1 --2- 172.21.15.31:0/1164119660 >> [v2:172.21.15.31:3300/0,v1:172.21.15.31:6789/0] conn(0x7f51e8109a50 0x7f51e8109e60 unknown :-1 s=CLOSED pgs=51 cs=0 l=1 rev1=1 crypto rx=0 tx=0 comp rx=0 tx=0).stop
2024-04-25T15:51:38.872 INFO:teuthology.orchestra.run.smithi031.stdout:/usr/bin/ceph: stderr
2024-04-25T15:51:38.079+0000 7f51ed65d700 1 -- 172.21.15.31:0/1164119660 >> 172.21.15.31:0/1164119660 conn(0x7f51e81050b0 msgr2=0x7f51e8107540 unknown :-1 s=STATE_NONE l=0).mark_down
2024-04-25T15:51:38.872 INFO:teuthology.orchestra.run.smithi031.stdout:/usr/bin/ceph: stderr
2024-04-25T15:51:38.079+0000 7f51ed65d700 1 -- 172.21.15.31:0/1164119660 shutdown_connections
2024-04-25T15:51:38.872 INFO:teuthology.orchestra.run.smithi031.stdout:/usr/bin/ceph: stderr
2024-04-25T15:51:38.079+0000 7f51ed65d700 1 -- 172.21.15.31:0/1164119660 wait complete.
2024-04-25T15:51:38.872 INFO:teuthology.orchestra.run.smithi031.stdout:/usr/bin/ceph: stderr
2024-04-25T15:51:38.080+0000 7f51ed65d700 1 Processor -- start
2024-04-25T15:51:38.872 INFO:teuthology.orchestra.run.smithi031.stdout:/usr/bin/ceph: stderr
2024-04-25T15:51:38.080+0000 7f51ed65d700 1 -- start start
2024-04-25T15:51:38.872 INFO:teuthology.orchestra.run.smithi031.stdout:/usr/bin/ceph: stderr
2024-04-25T15:51:38.080+0000 7f51ed65d700 1 --2- >> [v2:172.21.15.31:3300/0,v1:172.21.15.31:6789/0] conn(0x7f51e8109a50 0x7f51e807ea00 unknown :-1 s=NONE pgs=0 cs=0 l=1 rev1=0 crypto rx=0 tx=0 comp rx=0 tx=0).connect
2024-04-25T15:51:38.873 INFO:teuthology.orchestra.run.smithi031.stdout:/usr/bin/ceph: stderr
2024-04-25T15:51:38.080+0000 7f51ed65d700 1 -- --> [v2:172.21.15.31:3300/0,v1:172.21.15.31:6789/0] -- mon_getmap magic: 0 -- 0x7f51e810dee0 con 0x7f51e8109a50
2024-04-25T15:51:38.873 INFO:teuthology.orchestra.run.smithi031.stdout:/usr/bin/ceph: stderr
2024-04-25T15:51:38.080+0000 7f51e6ffd700 1 --2- >> [v2:172.21.15.31:3300/0,v1:172.21.15.31:6789/0] conn(0x7f51e8109a50 0x7f51e807ea00 unknown :-1 s=BANNER_CONNECTING pgs=0 cs=0 l=1 rev1=0 crypto rx=0 tx=0 comp rx=0 tx=0)._handle_peer_banner_payload supported=3 required=0
2024-04-25T15:51:38.873 INFO:teuthology.orchestra.run.smithi031.stdout:/usr/bin/ceph: stderr
2024-04-25T15:51:38.080+0000 7f51e6ffd700 1 --2- >> [v2:172.21.15.31:3300/0,v1:172.21.15.31:6789/0] conn(0x7f51e8109a50 0x7f51e807ea00 unknown :-1 s=HELLO_CONNECTING pgs=0 cs=0 l=1 rev1=1 crypto rx=0 tx=0 comp rx=0 tx=0).handle_hello peer v2:172.21.15.31:3300/0 says I am v2:172.21.15.31:44072/0 (socket says 172.21.15.31:44072)
2024-04-25T15:51:38.873 INFO:teuthology.orchestra.run.smithi031.stdout:/usr/bin/ceph: stderr
2024-04-25T15:51:38.080+0000 7f51e6ffd700 1 -- 172.21.15.31:0/2698660872 learned_addr learned my addr 172.21.15.31:0/2698660872 (peer_addr_for_me v2:172.21.15.31:0/0)
2024-04-25T15:51:38.873 INFO:teuthology.orchestra.run.smithi031.stdout:/usr/bin/ceph: stderr
2024-04-25T15:51:38.081+0000 7f51e6ffd700 1 -- 172.21.15.31:0/2698660872 --> [v2:172.21.15.31:3300/0,v1:172.21.15.31:6789/0] -- mon_subscribe({config=0+,monmap=0+}) -- 0x7f51e807ef40 con 0x7f51e8109a50
2024-04-25T15:51:38.873 INFO:teuthology.orchestra.run.smithi031.stdout:/usr/bin/ceph: stderr
2024-04-25T15:51:38.081+0000 7f51e6ffd700 1 --2- 172.21.15.31:0/2698660872 >> [v2:172.21.15.31:3300/0,v1:172.21.15.31:6789/0] conn(0x7f51e8109a50 0x7f51e807ea00 secure :-1 s=READY pgs=52 cs=0 l=1 rev1=1 crypto rx=0x7f51d8003e70 tx=0x7f51d8011aa0 comp rx=0 tx=0).ready entity=mon.0 client_cookie=0 server_cookie=0 in_seq=0 out_seq=0
2024-04-25T15:51:38.873 INFO:teuthology.orchestra.run.smithi031.stdout:/usr/bin/ceph: stderr
2024-04-25T15:51:38.081+0000 7f51cffff700 1 -- 172.21.15.31:0/2698660872 <== mon.0 v2:172.21.15.31:3300/0 1 ==== mon_map magic: 0 ==== 205+0+0 (secure 0 0 0) 0x7f51d8003af0 con 0x7f51e8109a50
2024-04-25T15:51:38.873 INFO:teuthology.orchestra.run.smithi031.stdout:/usr/bin/ceph: stderr
2024-04-25T15:51:38.081+0000 7f51ed65d700 1 -- 172.21.15.31:0/2698660872 --> [v2:172.21.15.31:3300/0,v1:172.21.15.31:6789/0] -- mon_subscribe({mgrmap=0+}) -- 0x7f51e807d190 con 0x7f51e8109a50
2024-04-25T15:51:38.873 INFO:teuthology.orchestra.run.smithi031.stdout:/usr/bin/ceph: stderr
2024-04-25T15:51:38.081+0000 7f51cffff700 1 -- 172.21.15.31:0/2698660872 <== mon.0 v2:172.21.15.31:3300/0 2 ==== config(26 keys) ==== 1101+0+0 (secure 0 0 0) 0x7f51d801a8e0 con 0x7f51e8109a50
2024-04-25T15:51:38.873 INFO:teuthology.orchestra.run.smithi031.stdout:/usr/bin/ceph: stderr
2024-04-25T15:51:38.081+0000 7f51cffff700 1 -- 172.21.15.31:0/2698660872 <== mon.0 v2:172.21.15.31:3300/0 3 ==== mon_map magic: 0 ==== 205+0+0 (secure 0 0 0) 0x7f51d8024870 con 0x7f51e8109a50
2024-04-25T15:51:38.873 INFO:teuthology.orchestra.run.smithi031.stdout:/usr/bin/ceph: stderr
2024-04-25T15:51:38.081+0000 7f51ed65d700 1 -- 172.21.15.31:0/2698660872 --> [v2:172.21.15.31:3300/0,v1:172.21.15.31:6789/0] -- mon_subscribe({osdmap=0}) -- 0x7f51e807d670 con 0x7f51e8109a50
2024-04-25T15:51:38.873 INFO:teuthology.orchestra.run.smithi031.stdout:/usr/bin/ceph: stderr
2024-04-25T15:51:38.082+0000 7f51cdffb700 1 -- 172.21.15.31:0/2698660872 --> [v2:172.21.15.31:3300/0,v1:172.21.15.31:6789/0] -- mon_command({"prefix": "get_command_descriptions"} v 0) -- 0x7f51c8005330 con 0x7f51e8109a50
2024-04-25T15:51:38.873 INFO:teuthology.orchestra.run.smithi031.stdout:/usr/bin/ceph: stderr
2024-04-25T15:51:38.083+0000 7f51cffff700 1 -- 172.21.15.31:0/2698660872 <== mon.0 v2:172.21.15.31:3300/0 4 ==== mgrmap(e 8) ==== 49516+0+0 (secure 0 0 0) 0x7f51d8022020 con 0x7f51e8109a50
2024-04-25T15:51:38.873 INFO:teuthology.orchestra.run.smithi031.stdout:/usr/bin/ceph: stderr
2024-04-25T15:51:38.083+0000 7f51cffff700 1 --2- 172.21.15.31:0/2698660872 >> [v2:172.21.15.31:6800/3023595010,v1:172.21.15.31:6801/3023595010] conn(0x7f51d003d520 0x7f51d003fa30 unknown :-1 s=NONE pgs=0 cs=0 l=1 rev1=0 crypto rx=0 tx=0 comp rx=0 tx=0).connect
2024-04-25T15:51:38.874 INFO:teuthology.orchestra.run.smithi031.stdout:/usr/bin/ceph: stderr
2024-04-25T15:51:38.083+0000 7f51cffff700 1 -- 172.21.15.31:0/2698660872 <== mon.0 v2:172.21.15.31:3300/0 5 ==== osd_map(2..2 src has 1..2) ==== 940+0+0 (secure 0 0 0) 0x7f51d8052730 con 0x7f51e8109a50
2024-04-25T15:51:38.874 INFO:teuthology.orchestra.run.smithi031.stdout:/usr/bin/ceph: stderr
2024-04-25T15:51:38.083+0000 7f51e67fc700 1 --2- 172.21.15.31:0/2698660872 >> [v2:172.21.15.31:6800/3023595010,v1:172.21.15.31:6801/3023595010] conn(0x7f51d003d520 0x7f51d003fa30 unknown :-1 s=BANNER_CONNECTING pgs=0 cs=0 l=1 rev1=0 crypto rx=0 tx=0 comp rx=0 tx=0)._handle_peer_banner_payload supported=3 required=0
2024-04-25T15:51:38.874 INFO:teuthology.orchestra.run.smithi031.stdout:/usr/bin/ceph: stderr
2024-04-25T15:51:38.084+0000 7f51e67fc700 1 --2- 172.21.15.31:0/2698660872 >> [v2:172.21.15.31:6800/3023595010,v1:172.21.15.31:6801/3023595010] conn(0x7f51d003d520 0x7f51d003fa30 secure :-1 s=READY pgs=14 cs=0 l=1 rev1=1 crypto rx=0x7f51dc006fd0 tx=0x7f51dc006e40 comp rx=0 tx=0).ready entity=mgr.14120 client_cookie=0 server_cookie=0 in_seq=0 out_seq=0
2024-04-25T15:51:38.874 INFO:teuthology.orchestra.run.smithi031.stdout:/usr/bin/ceph: stderr
2024-04-25T15:51:38.088+0000 7f51cffff700 1 -- 172.21.15.31:0/2698660872 <== mon.0 v2:172.21.15.31:3300/0 6 ==== mon_command_ack([{"prefix": "get_command_descriptions"}]=0 v0) ==== 72+0+188370 (secure 0 0 0) 0x7f51d801ad90 con 0x7f51e8109a50
2024-04-25T15:51:38.874 INFO:teuthology.orchestra.run.smithi031.stdout:/usr/bin/ceph: stderr
2024-04-25T15:51:38.316+0000 7f51cdffb700 1 -- 172.21.15.31:0/2698660872 --> [v2:172.21.15.31:3300/0,v1:172.21.15.31:6789/0] -- mon_command([{prefix=config set, name=mgr/cephadm/container_init}] v 0) -- 0x7f51c8005620 con 0x7f51e8109a50
2024-04-25T15:51:38.874 INFO:teuthology.orchestra.run.smithi031.stdout:/usr/bin/ceph: stderr
2024-04-25T15:51:38.319+0000 7f51cffff700 1 -- 172.21.15.31:0/2698660872 <== mon.0 v2:172.21.15.31:3300/0 7 ==== mon_command_ack([{prefix=config set, name=mgr/cephadm/container_init}]=0 v7)=0 v7) ==== 142+0+0 (secure 0 0 0) 0x7f51d8018cd0 con 0x7f51e8109a50
2024-04-25T15:51:38.874 INFO:teuthology.orchestra.run.smithi031.stdout:/usr/bin/ceph: stderr
2024-04-25T15:51:38.322+0000 7f51cdffb700 1 -- 172.21.15.31:0/2698660872 >> [v2:172.21.15.31:6800/3023595010,v1:172.21.15.31:6801/3023595010] conn(0x7f51d003d520 msgr2=0x7f51d003fa30 secure :-1 s=STATE_CONNECTION_ESTABLISHED l=1).mark_down
2024-04-25T15:51:38.874 INFO:teuthology.orchestra.run.smithi031.stdout:/usr/bin/ceph: stderr
2024-04-25T15:51:38.322+0000 7f51cdffb700 1 --2- 172.21.15.31:0/2698660872 >> [v2:172.21.15.31:6800/3023595010,v1:172.21.15.31:6801/3023595010] conn(0x7f51d003d520 0x7f51d003fa30 secure :-1 s=READY pgs=14 cs=0 l=1 rev1=1 crypto rx=0x7f51dc006fd0 tx=0x7f51dc006e40 comp rx=0 tx=0).stop
2024-04-25T15:51:38.874 INFO:teuthology.orchestra.run.smithi031.stdout:/usr/bin/ceph: stderr
2024-04-25T15:51:38.322+0000 7f51cdffb700 1 -- 172.21.15.31:0/2698660872 >> [v2:172.21.15.31:3300/0,v1:172.21.15.31:6789/0] conn(0x7f51e8109a50 msgr2=0x7f51e807ea00 secure :-1 s=STATE_CONNECTION_ESTABLISHED l=1).mark_down
2024-04-25T15:51:38.874 INFO:teuthology.orchestra.run.smithi031.stdout:/usr/bin/ceph: stderr
2024-04-25T15:51:38.322+0000 7f51cdffb700 1 --2- 172.21.15.31:0/2698660872 >> [v2:172.21.15.31:3300/0,v1:172.21.15.31:6789/0] conn(0x7f51e8109a50 0x7f51e807ea00 secure :-1 s=READY pgs=52 cs=0 l=1 rev1=1 crypto rx=0x7f51d8003e70 tx=0x7f51d8011aa0 comp rx=0 tx=0).stop
2024-04-25T15:51:38.874 INFO:teuthology.orchestra.run.smithi031.stdout:/usr/bin/ceph: stderr
2024-04-25T15:51:38.322+0000 7f51cdffb700 1 -- 172.21.15.31:0/2698660872 shutdown_connections
2024-04-25T15:51:38.874 INFO:teuthology.orchestra.run.smithi031.stdout:/usr/bin/ceph: stderr
2024-04-25T15:51:38.322+0000 7f51cdffb700 1 --2- 172.21.15.31:0/2698660872 >> [v2:172.21.15.31:6800/3023595010,v1:172.21.15.31:6801/3023595010] conn(0x7f51d003d520 0x7f51d003fa30 unknown :-1 s=CLOSED pgs=14 cs=0 l=1 rev1=1 crypto rx=0 tx=0 comp rx=0 tx=0).stop
2024-04-25T15:51:38.874 INFO:teuthology.orchestra.run.smithi031.stdout:/usr/bin/ceph: stderr
2024-04-25T15:51:38.322+0000 7f51cdffb700 1 --2- 172.21.15.31:0/2698660872 >> [v2:172.21.15.31:3300/0,v1:172.21.15.31:6789/0] conn(0x7f51e8109a50 0x7f51e807ea00 unknown :-1 s=CLOSED pgs=52 cs=0 l=1 rev1=1 crypto rx=0 tx=0 comp rx=0 tx=0).stop
2024-04-25T15:51:38.874 INFO:teuthology.orchestra.run.smithi031.stdout:/usr/bin/ceph: stderr
2024-04-25T15:51:38.322+0000 7f51cdffb700 1 -- 172.21.15.31:0/2698660872 >> 172.21.15.31:0/2698660872 conn(0x7f51e81050b0 msgr2=0x7f51e81058c0 unknown :-1 s=STATE_NONE l=0).mark_down
2024-04-25T15:51:38.875 INFO:teuthology.orchestra.run.smithi031.stdout:/usr/bin/ceph: stderr
2024-04-25T15:51:38.322+0000 7f51cdffb700 1 -- 172.21.15.31:0/2698660872 shutdown_connections
2024-04-25T15:51:38.875 INFO:teuthology.orchestra.run.smithi031.stdout:/usr/bin/ceph: stderr
2024-04-25T15:51:38.322+0000 7f51cdffb700 1 -- 172.21.15.31:0/2698660872 wait complete.
2024-04-25T15:51:39.100 INFO:journalctl@ceph.mon.a.smithi031.stdout:Apr 25 15:51:38 smithi031 ceph-mon[29140]: from='mgr.14120 172.21.15.31:0/943537648' entity='mgr.x'
2024-04-25T15:51:39.100 INFO:journalctl@ceph.mon.a.smithi031.stdout:Apr 25 15:51:38 smithi031 ceph-mon[29140]: from='client.? 172.21.15.31:0/2698660872' entity='client.admin'
2024-04-25T15:51:40.881 INFO:journalctl@ceph.mon.a.smithi031.stdout:Apr 25 15:51:40 smithi031 ceph-mon[29140]: from='mgr.14120 172.21.15.31:0/943537648' entity='mgr.x'
2024-04-25T15:51:40.881 INFO:journalctl@ceph.mon.a.smithi031.stdout:Apr 25 15:51:40 smithi031 ceph-mon[29140]: from='client.? 172.21.15.31:0/1754786082' entity='client.admin'
2024-04-25T15:51:40.889 INFO:teuthology.orchestra.run.smithi031.stdout:/usr/bin/ceph: stderr
2024-04-25T15:51:40.027+0000 7fe3913fd700 1 Processor -- start
2024-04-25T15:51:40.890 INFO:teuthology.orchestra.run.smithi031.stdout:/usr/bin/ceph: stderr
2024-04-25T15:51:40.027+0000 7fe3913fd700 1 -- start start
2024-04-25T15:51:40.890 INFO:teuthology.orchestra.run.smithi031.stdout:/usr/bin/ceph: stderr
2024-04-25T15:51:40.027+0000 7fe3913fd700 1 --2- >> [v2:172.21.15.31:3300/0,v1:172.21.15.31:6789/0] conn(0x7fe38c1088a0 0x7fe38c108cb0 unknown :-1 s=NONE pgs=0 cs=0 l=0 rev1=0 crypto rx=0 tx=0 comp rx=0 tx=0).connect
2024-04-25T15:51:40.890 INFO:teuthology.orchestra.run.smithi031.stdout:/usr/bin/ceph: stderr
2024-04-25T15:51:40.027+0000 7fe3913fd700 1 -- --> [v2:172.21.15.31:3300/0,v1:172.21.15.31:6789/0] -- mon_getmap magic: 0 -- 0x7fe38c1092a0 con 0x7fe38c1088a0
2024-04-25T15:51:40.890 INFO:teuthology.orchestra.run.smithi031.stdout:/usr/bin/ceph: stderr
2024-04-25T15:51:40.028+0000 7fe38affd700 1 --2- >> [v2:172.21.15.31:3300/0,v1:172.21.15.31:6789/0] conn(0x7fe38c1088a0 0x7fe38c108cb0 unknown :-1 s=BANNER_CONNECTING pgs=0 cs=0 l=0 rev1=0 crypto rx=0 tx=0 comp rx=0 tx=0)._handle_peer_banner_payload supported=3 required=0
2024-04-25T15:51:40.890 INFO:teuthology.orchestra.run.smithi031.stdout:/usr/bin/ceph: stderr
2024-04-25T15:51:40.028+0000 7fe38affd700 1 --2- >> [v2:172.21.15.31:3300/0,v1:172.21.15.31:6789/0] conn(0x7fe38c1088a0 0x7fe38c108cb0 unknown :-1 s=HELLO_CONNECTING pgs=0 cs=0 l=0 rev1=1 crypto rx=0 tx=0 comp rx=0 tx=0).handle_hello peer v2:172.21.15.31:3300/0 says I am v2:172.21.15.31:44080/0 (socket says 172.21.15.31:44080)
2024-04-25T15:51:40.890 INFO:teuthology.orchestra.run.smithi031.stdout:/usr/bin/ceph: stderr
2024-04-25T15:51:40.028+0000 7fe38affd700 1 -- 172.21.15.31:0/841509636 learned_addr learned my addr 172.21.15.31:0/841509636 (peer_addr_for_me v2:172.21.15.31:0/0)
2024-04-25T15:51:40.890 INFO:teuthology.orchestra.run.smithi031.stdout:/usr/bin/ceph: stderr
2024-04-25T15:51:40.028+0000 7fe38affd700 1 -- 172.21.15.31:0/841509636 --> [v2:172.21.15.31:3300/0,v1:172.21.15.31:6789/0] -- mon_subscribe({config=0+,monmap=0+}) -- 0x7fe38c1099d0 con 0x7fe38c1088a0
2024-04-25T15:51:40.890 INFO:teuthology.orchestra.run.smithi031.stdout:/usr/bin/ceph: stderr
2024-04-25T15:51:40.028+0000 7fe38affd700 1 --2- 172.21.15.31:0/841509636 >> [v2:172.21.15.31:3300/0,v1:172.21.15.31:6789/0] conn(0x7fe38c1088a0 0x7fe38c108cb0 secure :-1 s=READY pgs=53 cs=0 l=1 rev1=1 crypto rx=0x7fe37c00bb40 tx=0x7fe37c00be50 comp rx=0 tx=0).ready entity=mon.0 client_cookie=df44345ef08735f7 server_cookie=0 in_seq=0 out_seq=0
2024-04-25T15:51:40.890 INFO:teuthology.orchestra.run.smithi031.stdout:/usr/bin/ceph: stderr
2024-04-25T15:51:40.028+0000 7fe389ffb700 1 -- 172.21.15.31:0/841509636 <== mon.0 v2:172.21.15.31:3300/0 1 ==== mon_map magic: 0 ==== 205+0+0 (secure 0 0 0) 0x7fe37c00dbe0 con 0x7fe38c1088a0
2024-04-25T15:51:40.890 INFO:teuthology.orchestra.run.smithi031.stdout:/usr/bin/ceph: stderr
2024-04-25T15:51:40.028+0000 7fe389ffb700 1 -- 172.21.15.31:0/841509636 <== mon.0 v2:172.21.15.31:3300/0 2 ==== config(26 keys) ==== 1101+0+0 (secure 0 0 0) 0x7fe37c0044e0 con 0x7fe38c1088a0
2024-04-25T15:51:40.890 INFO:teuthology.orchestra.run.smithi031.stdout:/usr/bin/ceph: stderr
2024-04-25T15:51:40.028+0000 7fe389ffb700 1 -- 172.21.15.31:0/841509636 <== mon.0 v2:172.21.15.31:3300/0 3 ==== mon_map magic: 0 ==== 205+0+0 (secure 0 0 0) 0x7fe37c010470 con 0x7fe38c1088a0
2024-04-25T15:51:40.890 INFO:teuthology.orchestra.run.smithi031.stdout:/usr/bin/ceph: stderr
