2024-04-25T15:51:53.055+0000 7f3079cd3700 1 --2- 172.21.15.31:0/2317475072 >> [v2:172.21.15.31:3300/0,v1:172.21.15.31:6789/0] conn(0x7f307407cc40 0x7f307410c520 secure :-1 s=READY pgs=72 cs=0 l=1 rev1=1 crypto rx=0x7f30680098a0 tx=0x7f3068009bb0 comp rx=0 tx=0).stop
2024-04-25T15:51:54.821 INFO:teuthology.orchestra.run.smithi031.stdout:/usr/bin/ceph: stderr
2024-04-25T15:51:53.055+0000 7f3079cd3700 1 -- 172.21.15.31:0/2317475072 shutdown_connections
2024-04-25T15:51:54.821 INFO:teuthology.orchestra.run.smithi031.stdout:/usr/bin/ceph: stderr
2024-04-25T15:51:53.055+0000 7f3079cd3700 1 --2- 172.21.15.31:0/2317475072 >> [v2:172.21.15.31:3300/0,v1:172.21.15.31:6789/0] conn(0x7f307407cc40 0x7f307410c520 unknown :-1 s=CLOSED pgs=72 cs=0 l=1 rev1=1 crypto rx=0 tx=0 comp rx=0 tx=0).stop
2024-04-25T15:51:54.821 INFO:teuthology.orchestra.run.smithi031.stdout:/usr/bin/ceph: stderr
2024-04-25T15:51:53.055+0000 7f3079cd3700 1 -- 172.21.15.31:0/2317475072 >> 172.21.15.31:0/2317475072 conn(0x7f3074103fb0 msgr2=0x7f3074106400 unknown :-1 s=STATE_NONE l=0).mark_down
2024-04-25T15:51:54.821 INFO:teuthology.orchestra.run.smithi031.stdout:/usr/bin/ceph: stderr
2024-04-25T15:51:53.055+0000 7f3079cd3700 1 -- 172.21.15.31:0/2317475072 shutdown_connections
2024-04-25T15:51:54.822 INFO:teuthology.orchestra.run.smithi031.stdout:/usr/bin/ceph: stderr
2024-04-25T15:51:53.055+0000 7f3079cd3700 1 -- 172.21.15.31:0/2317475072 wait complete.
2024-04-25T15:51:54.822 INFO:teuthology.orchestra.run.smithi031.stdout:/usr/bin/ceph: stderr
2024-04-25T15:51:53.056+0000 7f3079cd3700 1 Processor -- start
2024-04-25T15:51:54.822 INFO:teuthology.orchestra.run.smithi031.stdout:/usr/bin/ceph: stderr
2024-04-25T15:51:53.056+0000 7f3079cd3700 1 -- start start
2024-04-25T15:51:54.822 INFO:teuthology.orchestra.run.smithi031.stdout:/usr/bin/ceph: stderr
2024-04-25T15:51:53.057+0000 7f3079cd3700 1 --2- >> [v2:172.21.15.31:3300/0,v1:172.21.15.31:6789/0] conn(0x7f307407cc40 0x7f307419dcd0 unknown :-1 s=NONE pgs=0 cs=0 l=1 rev1=0 crypto rx=0 tx=0 comp rx=0 tx=0).connect
2024-04-25T15:51:54.822 INFO:teuthology.orchestra.run.smithi031.stdout:/usr/bin/ceph: stderr
2024-04-25T15:51:53.057+0000 7f3079cd3700 1 -- --> [v2:172.21.15.31:3300/0,v1:172.21.15.31:6789/0] -- mon_getmap magic: 0 -- 0x7f307410dd50 con 0x7f307407cc40
2024-04-25T15:51:54.822 INFO:teuthology.orchestra.run.smithi031.stdout:/usr/bin/ceph: stderr
2024-04-25T15:51:53.057+0000 7f30737fe700 1 --2- >> [v2:172.21.15.31:3300/0,v1:172.21.15.31:6789/0] conn(0x7f307407cc40 0x7f307419dcd0 unknown :-1 s=BANNER_CONNECTING pgs=0 cs=0 l=1 rev1=0 crypto rx=0 tx=0 comp rx=0 tx=0)._handle_peer_banner_payload supported=3 required=0
2024-04-25T15:51:54.822 INFO:teuthology.orchestra.run.smithi031.stdout:/usr/bin/ceph: stderr
2024-04-25T15:51:53.057+0000 7f30737fe700 1 --2- >> [v2:172.21.15.31:3300/0,v1:172.21.15.31:6789/0] conn(0x7f307407cc40 0x7f307419dcd0 unknown :-1 s=HELLO_CONNECTING pgs=0 cs=0 l=1 rev1=1 crypto rx=0 tx=0 comp rx=0 tx=0).handle_hello peer v2:172.21.15.31:3300/0 says I am v2:172.21.15.31:51784/0 (socket says 172.21.15.31:51784)
2024-04-25T15:51:54.822 INFO:teuthology.orchestra.run.smithi031.stdout:/usr/bin/ceph: stderr
2024-04-25T15:51:53.057+0000 7f30737fe700 1 -- 172.21.15.31:0/4179662852 learned_addr learned my addr 172.21.15.31:0/4179662852 (peer_addr_for_me v2:172.21.15.31:0/0)
2024-04-25T15:51:54.822 INFO:teuthology.orchestra.run.smithi031.stdout:/usr/bin/ceph: stderr
2024-04-25T15:51:53.057+0000 7f30737fe700 1 -- 172.21.15.31:0/4179662852 --> [v2:172.21.15.31:3300/0,v1:172.21.15.31:6789/0] -- mon_subscribe({config=0+,monmap=0+}) -- 0x7f307419e210 con 0x7f307407cc40
2024-04-25T15:51:54.822 INFO:teuthology.orchestra.run.smithi031.stdout:/usr/bin/ceph: stderr
2024-04-25T15:51:53.057+0000 7f30737fe700 1 --2- 172.21.15.31:0/4179662852 >> [v2:172.21.15.31:3300/0,v1:172.21.15.31:6789/0] conn(0x7f307407cc40 0x7f307419dcd0 secure :-1 s=READY pgs=73 cs=0 l=1 rev1=1 crypto rx=0x7f3068000c00 tx=0x7f3068011aa0 comp rx=0 tx=0).ready entity=mon.0 client_cookie=0 server_cookie=0 in_seq=0 out_seq=0
2024-04-25T15:51:54.822 INFO:teuthology.orchestra.run.smithi031.stdout:/usr/bin/ceph: stderr
2024-04-25T15:51:53.057+0000 7f3070ff9700 1 -- 172.21.15.31:0/4179662852 <== mon.0 v2:172.21.15.31:3300/0 1 ==== mon_map magic: 0 ==== 205+0+0 (secure 0 0 0) 0x7f3068003aa0 con 0x7f307407cc40
2024-04-25T15:51:54.822 INFO:teuthology.orchestra.run.smithi031.stdout:/usr/bin/ceph: stderr
2024-04-25T15:51:53.057+0000 7f3070ff9700 1 -- 172.21.15.31:0/4179662852 <== mon.0 v2:172.21.15.31:3300/0 2 ==== config(26 keys) ==== 1101+0+0 (secure 0 0 0) 0x7f306801b8f0 con 0x7f307407cc40
2024-04-25T15:51:54.822 INFO:teuthology.orchestra.run.smithi031.stdout:/usr/bin/ceph: stderr
2024-04-25T15:51:53.057+0000 7f3079cd3700 1 -- 172.21.15.31:0/4179662852 --> [v2:172.21.15.31:3300/0,v1:172.21.15.31:6789/0] -- mon_subscribe({mgrmap=0+}) -- 0x7f307419e4a0 con 0x7f307407cc40
2024-04-25T15:51:54.822 INFO:teuthology.orchestra.run.smithi031.stdout:/usr/bin/ceph: stderr
2024-04-25T15:51:53.057+0000 7f3070ff9700 1 -- 172.21.15.31:0/4179662852 <== mon.0 v2:172.21.15.31:3300/0 3 ==== mon_map magic: 0 ==== 205+0+0 (secure 0 0 0) 0x7f3068023890 con 0x7f307407cc40
2024-04-25T15:51:54.823 INFO:teuthology.orchestra.run.smithi031.stdout:/usr/bin/ceph: stderr
2024-04-25T15:51:53.058+0000 7f3079cd3700 1 -- 172.21.15.31:0/4179662852 --> [v2:172.21.15.31:3300/0,v1:172.21.15.31:6789/0] -- mon_subscribe({osdmap=0}) -- 0x7f30741a10b0 con 0x7f307407cc40
2024-04-25T15:51:54.823 INFO:teuthology.orchestra.run.smithi031.stdout:/usr/bin/ceph: stderr
2024-04-25T15:51:53.059+0000 7f3079cd3700 1 -- 172.21.15.31:0/4179662852 --> [v2:172.21.15.31:3300/0,v1:172.21.15.31:6789/0] -- mon_command({"prefix": "get_command_descriptions"} v 0) -- 0x7f3074064cf0 con 0x7f307407cc40
2024-04-25T15:51:54.823 INFO:teuthology.orchestra.run.smithi031.stdout:/usr/bin/ceph: stderr
2024-04-25T15:51:53.059+0000 7f3070ff9700 1 -- 172.21.15.31:0/4179662852 <== mon.0 v2:172.21.15.31:3300/0 4 ==== mgrmap(e 12) ==== 49529+0+0 (secure 0 0 0) 0x7f306802c3f0 con 0x7f307407cc40
2024-04-25T15:51:54.823 INFO:teuthology.orchestra.run.smithi031.stdout:/usr/bin/ceph: stderr
2024-04-25T15:51:53.059+0000 7f3070ff9700 1 --2- 172.21.15.31:0/4179662852 >> [v2:172.21.15.31:6800/3984865329,v1:172.21.15.31:6801/3984865329] conn(0x7f305c03d5c0 0x7f305c03fad0 unknown :-1 s=NONE pgs=0 cs=0 l=1 rev1=0 crypto rx=0 tx=0 comp rx=0 tx=0).connect
2024-04-25T15:51:54.823 INFO:teuthology.orchestra.run.smithi031.stdout:/usr/bin/ceph: stderr
2024-04-25T15:51:53.059+0000 7f3070ff9700 1 -- 172.21.15.31:0/4179662852 <== mon.0 v2:172.21.15.31:3300/0 5 ==== osd_map(3..3 src has 1..3) ==== 1155+0+0 (secure 0 0 0) 0x7f3068052d90 con 0x7f307407cc40
2024-04-25T15:51:54.823 INFO:teuthology.orchestra.run.smithi031.stdout:/usr/bin/ceph: stderr
2024-04-25T15:51:53.059+0000 7f3072ffd700 1 --2- 172.21.15.31:0/4179662852 >> [v2:172.21.15.31:6800/3984865329,v1:172.21.15.31:6801/3984865329] conn(0x7f305c03d5c0 0x7f305c03fad0 unknown :-1 s=BANNER_CONNECTING pgs=0 cs=0 l=1 rev1=0 crypto rx=0 tx=0 comp rx=0 tx=0)._handle_peer_banner_payload supported=3 required=0
2024-04-25T15:51:54.823 INFO:teuthology.orchestra.run.smithi031.stdout:/usr/bin/ceph: stderr
2024-04-25T15:51:53.060+0000 7f3072ffd700 1 --2- 172.21.15.31:0/4179662852 >> [v2:172.21.15.31:6800/3984865329,v1:172.21.15.31:6801/3984865329] conn(0x7f305c03d5c0 0x7f305c03fad0 secure :-1 s=READY pgs=8 cs=0 l=1 rev1=1 crypto rx=0x7f3064006fd0 tx=0x7f3064006e40 comp rx=0 tx=0).ready entity=mgr.14152 client_cookie=0 server_cookie=0 in_seq=0 out_seq=0
2024-04-25T15:51:54.823 INFO:teuthology.orchestra.run.smithi031.stdout:/usr/bin/ceph: stderr
2024-04-25T15:51:53.064+0000 7f3070ff9700 1 -- 172.21.15.31:0/4179662852 <== mon.0 v2:172.21.15.31:3300/0 6 ==== mon_command_ack([{"prefix": "get_command_descriptions"}]=0 v0) ==== 72+0+188370 (secure 0 0 0) 0x7f306801f030 con 0x7f307407cc40
2024-04-25T15:51:54.823 INFO:teuthology.orchestra.run.smithi031.stdout:/usr/bin/ceph: stderr
2024-04-25T15:51:53.296+0000 7f3079cd3700 1 -- 172.21.15.31:0/4179662852 --> [v2:172.21.15.31:6800/3984865329,v1:172.21.15.31:6801/3984865329] -- mgr_command(tid 0: {"prefix": "dashboard ac-user-create", "username": "admin", "rolename": "administrator", "force_password": true, "pwd_update_required": true, "target": ["mon-mgr", ""]}) -- 0x7f30741a1340 con 0x7f305c03d5c0
2024-04-25T15:51:54.823 INFO:teuthology.orchestra.run.smithi031.stdout:/usr/bin/ceph: stderr
2024-04-25T15:51:53.543+0000 7f3070ff9700 1 -- 172.21.15.31:0/4179662852 <== mgr.14152 v2:172.21.15.31:6800/3984865329 1 ==== mgr_command_reply(tid 0: 0 ) ==== 8+0+252 (secure 0 0 0) 0x7f30741a1340 con 0x7f305c03d5c0
2024-04-25T15:51:54.823 INFO:teuthology.orchestra.run.smithi031.stdout:/usr/bin/ceph: stderr
2024-04-25T15:51:53.545+0000 7f3079cd3700 1 -- 172.21.15.31:0/4179662852 >> [v2:172.21.15.31:6800/3984865329,v1:172.21.15.31:6801/3984865329] conn(0x7f305c03d5c0 msgr2=0x7f305c03fad0 secure :-1 s=STATE_CONNECTION_ESTABLISHED l=1).mark_down
2024-04-25T15:51:54.823 INFO:teuthology.orchestra.run.smithi031.stdout:/usr/bin/ceph: stderr
2024-04-25T15:51:53.545+0000 7f3079cd3700 1 --2- 172.21.15.31:0/4179662852 >> [v2:172.21.15.31:6800/3984865329,v1:172.21.15.31:6801/3984865329] conn(0x7f305c03d5c0 0x7f305c03fad0 secure :-1 s=READY pgs=8 cs=0 l=1 rev1=1 crypto rx=0x7f3064006fd0 tx=0x7f3064006e40 comp rx=0 tx=0).stop
2024-04-25T15:51:54.823 INFO:teuthology.orchestra.run.smithi031.stdout:/usr/bin/ceph: stderr
2024-04-25T15:51:53.545+0000 7f3079cd3700 1 -- 172.21.15.31:0/4179662852 >> [v2:172.21.15.31:3300/0,v1:172.21.15.31:6789/0] conn(0x7f307407cc40 msgr2=0x7f307419dcd0 secure :-1 s=STATE_CONNECTION_ESTABLISHED l=1).mark_down
2024-04-25T15:51:54.823 INFO:teuthology.orchestra.run.smithi031.stdout:/usr/bin/ceph: stderr
2024-04-25T15:51:53.545+0000 7f3079cd3700 1 --2- 172.21.15.31:0/4179662852 >> [v2:172.21.15.31:3300/0,v1:172.21.15.31:6789/0] conn(0x7f307407cc40 0x7f307419dcd0 secure :-1 s=READY pgs=73 cs=0 l=1 rev1=1 crypto rx=0x7f3068000c00 tx=0x7f3068011aa0 comp rx=0 tx=0).stop
2024-04-25T15:51:54.823 INFO:teuthology.orchestra.run.smithi031.stdout:/usr/bin/ceph: stderr
2024-04-25T15:51:53.546+0000 7f3079cd3700 1 -- 172.21.15.31:0/4179662852 shutdown_connections
2024-04-25T15:51:54.823 INFO:teuthology.orchestra.run.smithi031.stdout:/usr/bin/ceph: stderr
2024-04-25T15:51:53.546+0000 7f3079cd3700 1 --2- 172.21.15.31:0/4179662852 >> [v2:172.21.15.31:6800/3984865329,v1:172.21.15.31:6801/3984865329] conn(0x7f305c03d5c0 0x7f305c03fad0 unknown :-1 s=CLOSED pgs=8 cs=0 l=1 rev1=1 crypto rx=0 tx=0 comp rx=0 tx=0).stop
2024-04-25T15:51:54.824 INFO:teuthology.orchestra.run.smithi031.stdout:/usr/bin/ceph: stderr
2024-04-25T15:51:53.546+0000 7f3079cd3700 1 --2- 172.21.15.31:0/4179662852 >> [v2:172.21.15.31:3300/0,v1:172.21.15.31:6789/0] conn(0x7f307407cc40 0x7f307419dcd0 unknown :-1 s=CLOSED pgs=73 cs=0 l=1 rev1=1 crypto rx=0 tx=0 comp rx=0 tx=0).stop
2024-04-25T15:51:54.824 INFO:teuthology.orchestra.run.smithi031.stdout:/usr/bin/ceph: stderr
2024-04-25T15:51:53.546+0000 7f3079cd3700 1 -- 172.21.15.31:0/4179662852 >> 172.21.15.31:0/4179662852 conn(0x7f3074103fb0 msgr2=0x7f3074105860 unknown :-1 s=STATE_NONE l=0).mark_down
2024-04-25T15:51:54.824 INFO:teuthology.orchestra.run.smithi031.stdout:/usr/bin/ceph: stderr
2024-04-25T15:51:53.546+0000 7f3079cd3700 1 -- 172.21.15.31:0/4179662852 shutdown_connections
2024-04-25T15:51:54.824 INFO:teuthology.orchestra.run.smithi031.stdout:/usr/bin/ceph: stderr
2024-04-25T15:51:53.546+0000 7f3079cd3700 1 -- 172.21.15.31:0/4179662852 wait complete.
2024-04-25T15:51:54.824 INFO:teuthology.orchestra.run.smithi031.stdout:Fetching dashboard port number...
2024-04-25T15:51:55.761 INFO:journalctl@ceph.mon.a.smithi031.stdout:Apr 25 15:51:55 smithi031 ceph-mon[29140]: from='client.? 172.21.15.31:0/428015596' entity='client.admin' cmd=[{"prefix": "config get", "who": "mgr", "key": "mgr/dashboard/ssl_server_port"}]: dispatch
2024-04-25T15:51:56.044 INFO:teuthology.orchestra.run.smithi031.stdout:/usr/bin/ceph: stdout 8443
2024-04-25T15:51:56.044 INFO:teuthology.orchestra.run.smithi031.stdout:/usr/bin/ceph: stderr
2024-04-25T15:51:55.239+0000 7f7d1a260700 1 Processor -- start
2024-04-25T15:51:56.044 INFO:teuthology.orchestra.run.smithi031.stdout:/usr/bin/ceph: stderr
2024-04-25T15:51:55.239+0000 7f7d1a260700 1 -- start start
2024-04-25T15:51:56.044 INFO:teuthology.orchestra.run.smithi031.stdout:/usr/bin/ceph: stderr
2024-04-25T15:51:55.239+0000 7f7d1a260700 1 --2- >> [v2:172.21.15.31:3300/0,v1:172.21.15.31:6789/0] conn(0x7f7d141088d0 0x7f7d14108ce0 unknown :-1 s=NONE pgs=0 cs=0 l=0 rev1=0 crypto rx=0 tx=0 comp rx=0 tx=0).connect
2024-04-25T15:51:56.044 INFO:teuthology.orchestra.run.smithi031.stdout:/usr/bin/ceph: stderr
2024-04-25T15:51:55.239+0000 7f7d1a260700 1 -- --> [v2:172.21.15.31:3300/0,v1:172.21.15.31:6789/0] -- mon_getmap magic: 0 -- 0x7f7d141092d0 con 0x7f7d141088d0
2024-04-25T15:51:56.044 INFO:teuthology.orchestra.run.smithi031.stdout:/usr/bin/ceph: stderr
2024-04-25T15:51:55.239+0000 7f7d137fe700 1 --2- >> [v2:172.21.15.31:3300/0,v1:172.21.15.31:6789/0] conn(0x7f7d141088d0 0x7f7d14108ce0 unknown :-1 s=BANNER_CONNECTING pgs=0 cs=0 l=0 rev1=0 crypto rx=0 tx=0 comp rx=0 tx=0)._handle_peer_banner_payload supported=3 required=0
2024-04-25T15:51:56.045 INFO:teuthology.orchestra.run.smithi031.stdout:/usr/bin/ceph: stderr
2024-04-25T15:51:55.239+0000 7f7d137fe700 1 --2- >> [v2:172.21.15.31:3300/0,v1:172.21.15.31:6789/0] conn(0x7f7d141088d0 0x7f7d14108ce0 unknown :-1 s=HELLO_CONNECTING pgs=0 cs=0 l=0 rev1=1 crypto rx=0 tx=0 comp rx=0 tx=0).handle_hello peer v2:172.21.15.31:3300/0 says I am v2:172.21.15.31:56596/0 (socket says 172.21.15.31:56596)
2024-04-25T15:51:56.045 INFO:teuthology.orchestra.run.smithi031.stdout:/usr/bin/ceph: stderr
2024-04-25T15:51:55.239+0000 7f7d137fe700 1 -- 172.21.15.31:0/1539640482 learned_addr learned my addr 172.21.15.31:0/1539640482 (peer_addr_for_me v2:172.21.15.31:0/0)
2024-04-25T15:51:56.045 INFO:teuthology.orchestra.run.smithi031.stdout:/usr/bin/ceph: stderr
2024-04-25T15:51:55.239+0000 7f7d137fe700 1 -- 172.21.15.31:0/1539640482 --> [v2:172.21.15.31:3300/0,v1:172.21.15.31:6789/0] -- mon_subscribe({config=0+,monmap=0+}) -- 0x7f7d14109a00 con 0x7f7d141088d0
2024-04-25T15:51:56.045 INFO:teuthology.orchestra.run.smithi031.stdout:/usr/bin/ceph: stderr
2024-04-25T15:51:55.239+0000 7f7d137fe700 1 --2- 172.21.15.31:0/1539640482 >> [v2:172.21.15.31:3300/0,v1:172.21.15.31:6789/0] conn(0x7f7d141088d0 0x7f7d14108ce0 secure :-1 s=READY pgs=74 cs=0 l=1 rev1=1 crypto rx=0x7f7d040098a0 tx=0x7f7d04009bb0 comp rx=0 tx=0).ready entity=mon.0 client_cookie=10d9a2cf3d39916b server_cookie=0 in_seq=0 out_seq=0
2024-04-25T15:51:56.045 INFO:teuthology.orchestra.run.smithi031.stdout:/usr/bin/ceph: stderr
2024-04-25T15:51:55.240+0000 7f7d127fc700 1 -- 172.21.15.31:0/1539640482 <== mon.0 v2:172.21.15.31:3300/0 1 ==== mon_map magic: 0 ==== 205+0+0 (secure 0 0 0) 0x7f7d04004160 con 0x7f7d141088d0
2024-04-25T15:51:56.045 INFO:teuthology.orchestra.run.smithi031.stdout:/usr/bin/ceph: stderr
2024-04-25T15:51:55.240+0000 7f7d127fc700 1 -- 172.21.15.31:0/1539640482 <== mon.0 v2:172.21.15.31:3300/0 2 ==== config(26 keys) ==== 1101+0+0 (secure 0 0 0) 0x7f7d04004300 con 0x7f7d141088d0
2024-04-25T15:51:56.045 INFO:teuthology.orchestra.run.smithi031.stdout:/usr/bin/ceph: stderr
2024-04-25T15:51:55.240+0000 7f7d127fc700 1 -- 172.21.15.31:0/1539640482 <== mon.0 v2:172.21.15.31:3300/0 3 ==== mon_map magic: 0 ==== 205+0+0 (secure 0 0 0) 0x7f7d04011a20 con 0x7f7d141088d0
2024-04-25T15:51:56.045 INFO:teuthology.orchestra.run.smithi031.stdout:/usr/bin/ceph: stderr
2024-04-25T15:51:55.240+0000 7f7d1a260700 1 -- 172.21.15.31:0/1539640482 >> [v2:172.21.15.31:3300/0,v1:172.21.15.31:6789/0] conn(0x7f7d141088d0 msgr2=0x7f7d14108ce0 secure :-1 s=STATE_CONNECTION_ESTABLISHED l=1).mark_down
2024-04-25T15:51:56.045 INFO:teuthology.orchestra.run.smithi031.stdout:/usr/bin/ceph: stderr
2024-04-25T15:51:55.240+0000 7f7d1a260700 1 --2- 172.21.15.31:0/1539640482 >> [v2:172.21.15.31:3300/0,v1:172.21.15.31:6789/0] conn(0x7f7d141088d0 0x7f7d14108ce0 secure :-1 s=READY pgs=74 cs=0 l=1 rev1=1 crypto rx=0x7f7d040098a0 tx=0x7f7d04009bb0 comp rx=0 tx=0).stop
2024-04-25T15:51:56.045 INFO:teuthology.orchestra.run.smithi031.stdout:/usr/bin/ceph: stderr
2024-04-25T15:51:55.240+0000 7f7d1a260700 1 -- 172.21.15.31:0/1539640482 shutdown_connections
2024-04-25T15:51:56.045 INFO:teuthology.orchestra.run.smithi031.stdout:/usr/bin/ceph: stderr
2024-04-25T15:51:55.240+0000 7f7d1a260700 1 --2- 172.21.15.31:0/1539640482 >> [v2:172.21.15.31:3300/0,v1:172.21.15.31:6789/0] conn(0x7f7d141088d0 0x7f7d14108ce0 unknown :-1 s=CLOSED pgs=74 cs=0 l=1 rev1=1 crypto rx=0 tx=0 comp rx=0 tx=0).stop
2024-04-25T15:51:56.045 INFO:teuthology.orchestra.run.smithi031.stdout:/usr/bin/ceph: stderr
2024-04-25T15:51:55.240+0000 7f7d1a260700 1 -- 172.21.15.31:0/1539640482 >> 172.21.15.31:0/1539640482 conn(0x7f7d14103fb0 msgr2=0x7f7d14106400 unknown :-1 s=STATE_NONE l=0).mark_down
2024-04-25T15:51:56.045 INFO:teuthology.orchestra.run.smithi031.stdout:/usr/bin/ceph: stderr
2024-04-25T15:51:55.240+0000 7f7d1a260700 1 -- 172.21.15.31:0/1539640482 shutdown_connections
2024-04-25T15:51:56.046 INFO:teuthology.orchestra.run.smithi031.stdout:/usr/bin/ceph: stderr
2024-04-25T15:51:55.241+0000 7f7d1a260700 1 -- 172.21.15.31:0/1539640482 wait complete.
2024-04-25T15:51:56.046 INFO:teuthology.orchestra.run.smithi031.stdout:/usr/bin/ceph: stderr
2024-04-25T15:51:55.241+0000 7f7d1a260700 1 Processor -- start
2024-04-25T15:51:56.046 INFO:teuthology.orchestra.run.smithi031.stdout:/usr/bin/ceph: stderr
2024-04-25T15:51:55.241+0000 7f7d1a260700 1 -- start start
2024-04-25T15:51:56.046 INFO:teuthology.orchestra.run.smithi031.stdout:/usr/bin/ceph: stderr
2024-04-25T15:51:55.242+0000 7f7d1a260700 1 --2- >> [v2:172.21.15.31:3300/0,v1:172.21.15.31:6789/0] conn(0x7f7d141088d0 0x7f7d1407c8e0 unknown :-1 s=NONE pgs=0 cs=0 l=1 rev1=0 crypto rx=0 tx=0 comp rx=0 tx=0).connect
2024-04-25T15:51:56.046 INFO:teuthology.orchestra.run.smithi031.stdout:/usr/bin/ceph: stderr
2024-04-25T15:51:55.242+0000 7f7d1a260700 1 -- --> [v2:172.21.15.31:3300/0,v1:172.21.15.31:6789/0] -- mon_getmap magic: 0 -- 0x7f7d1410cdb0 con 0x7f7d141088d0
2024-04-25T15:51:56.046 INFO:teuthology.orchestra.run.smithi031.stdout:/usr/bin/ceph: stderr
2024-04-25T15:51:55.242+0000 7f7d137fe700 1 --2- >> [v2:172.21.15.31:3300/0,v1:172.21.15.31:6789/0] conn(0x7f7d141088d0 0x7f7d1407c8e0 unknown :-1 s=BANNER_CONNECTING pgs=0 cs=0 l=1 rev1=0 crypto rx=0 tx=0 comp rx=0 tx=0)._handle_peer_banner_payload supported=3 required=0
2024-04-25T15:51:56.046 INFO:teuthology.orchestra.run.smithi031.stdout:/usr/bin/ceph: stderr
2024-04-25T15:51:55.242+0000 7f7d137fe700 1 --2- >> [v2:172.21.15.31:3300/0,v1:172.21.15.31:6789/0] conn(0x7f7d141088d0 0x7f7d1407c8e0 unknown :-1 s=HELLO_CONNECTING pgs=0 cs=0 l=1 rev1=1 crypto rx=0 tx=0 comp rx=0 tx=0).handle_hello peer v2:172.21.15.31:3300/0 says I am v2:172.21.15.31:56610/0 (socket says 172.21.15.31:56610)
2024-04-25T15:51:56.046 INFO:teuthology.orchestra.run.smithi031.stdout:/usr/bin/ceph: stderr
2024-04-25T15:51:55.242+0000 7f7d137fe700 1 -- 172.21.15.31:0/428015596 learned_addr learned my addr 172.21.15.31:0/428015596 (peer_addr_for_me v2:172.21.15.31:0/0)
2024-04-25T15:51:56.046 INFO:teuthology.orchestra.run.smithi031.stdout:/usr/bin/ceph: stderr
2024-04-25T15:51:55.242+0000 7f7d137fe700 1 -- 172.21.15.31:0/428015596 --> [v2:172.21.15.31:3300/0,v1:172.21.15.31:6789/0] -- mon_subscribe({config=0+,monmap=0+}) -- 0x7f7d1407ce20 con 0x7f7d141088d0
2024-04-25T15:51:56.046 INFO:teuthology.orchestra.run.smithi031.stdout:/usr/bin/ceph: stderr
2024-04-25T15:51:55.242+0000 7f7d137fe700 1 --2- 172.21.15.31:0/428015596 >> [v2:172.21.15.31:3300/0,v1:172.21.15.31:6789/0] conn(0x7f7d141088d0 0x7f7d1407c8e0 secure :-1 s=READY pgs=75 cs=0 l=1 rev1=1 crypto rx=0x7f7d04003e70 tx=0x7f7d04011aa0 comp rx=0 tx=0).ready entity=mon.0 client_cookie=0 server_cookie=0 in_seq=0 out_seq=0
2024-04-25T15:51:56.046 INFO:teuthology.orchestra.run.smithi031.stdout:/usr/bin/ceph: stderr
2024-04-25T15:51:55.242+0000 7f7d10ff9700 1 -- 172.21.15.31:0/428015596 <== mon.0 v2:172.21.15.31:3300/0 1 ==== mon_map magic: 0 ==== 205+0+0 (secure 0 0 0) 0x7f7d04003af0 con 0x7f7d141088d0
2024-04-25T15:51:56.046 INFO:teuthology.orchestra.run.smithi031.stdout:/usr/bin/ceph: stderr
2024-04-25T15:51:55.242+0000 7f7d10ff9700 1 -- 172.21.15.31:0/428015596 <== mon.0 v2:172.21.15.31:3300/0 2 ==== config(26 keys) ==== 1101+0+0 (secure 0 0 0) 0x7f7d0401a8e0 con 0x7f7d141088d0
2024-04-25T15:51:56.046 INFO:teuthology.orchestra.run.smithi031.stdout:/usr/bin/ceph: stderr
2024-04-25T15:51:55.242+0000 7f7d10ff9700 1 -- 172.21.15.31:0/428015596 <== mon.0 v2:172.21.15.31:3300/0 3 ==== mon_map magic: 0 ==== 205+0+0 (secure 0 0 0) 0x7f7d04024870 con 0x7f7d141088d0
2024-04-25T15:51:56.046 INFO:teuthology.orchestra.run.smithi031.stdout:/usr/bin/ceph: stderr
2024-04-25T15:51:55.242+0000 7f7d1a260700 1 -- 172.21.15.31:0/428015596 --> [v2:172.21.15.31:3300/0,v1:172.21.15.31:6789/0] -- mon_subscribe({mgrmap=0+}) -- 0x7f7d141a0ac0 con 0x7f7d141088d0
2024-04-25T15:51:56.047 INFO:teuthology.orchestra.run.smithi031.stdout:/usr/bin/ceph: stderr
2024-04-25T15:51:55.242+0000 7f7d1a260700 1 -- 172.21.15.31:0/428015596 --> [v2:172.21.15.31:3300/0,v1:172.21.15.31:6789/0] -- mon_subscribe({osdmap=0}) -- 0x7f7d141a0f40 con 0x7f7d141088d0
2024-04-25T15:51:56.047 INFO:teuthology.orchestra.run.smithi031.stdout:/usr/bin/ceph: stderr
2024-04-25T15:51:55.243+0000 7f7d1a260700 1 -- 172.21.15.31:0/428015596 --> [v2:172.21.15.31:3300/0,v1:172.21.15.31:6789/0] -- mon_command({"prefix": "get_command_descriptions"} v 0) -- 0x7f7d14064cf0 con 0x7f7d141088d0
2024-04-25T15:51:56.047 INFO:teuthology.orchestra.run.smithi031.stdout:/usr/bin/ceph: stderr
2024-04-25T15:51:55.243+0000 7f7d10ff9700 1 -- 172.21.15.31:0/428015596 <== mon.0 v2:172.21.15.31:3300/0 4 ==== mgrmap(e 12) ==== 49529+0+0 (secure 0 0 0) 0x7f7d04022020 con 0x7f7d141088d0
2024-04-25T15:51:56.047 INFO:teuthology.orchestra.run.smithi031.stdout:/usr/bin/ceph: stderr
2024-04-25T15:51:55.244+0000 7f7d10ff9700 1 --2- 172.21.15.31:0/428015596 >> [v2:172.21.15.31:6800/3984865329,v1:172.21.15.31:6801/3984865329] conn(0x7f7cfc03d5d0 0x7f7cfc03fae0 unknown :-1 s=NONE pgs=0 cs=0 l=1 rev1=0 crypto rx=0 tx=0 comp rx=0 tx=0).connect
2024-04-25T15:51:56.047 INFO:teuthology.orchestra.run.smithi031.stdout:/usr/bin/ceph: stderr
2024-04-25T15:51:55.244+0000 7f7d10ff9700 1 -- 172.21.15.31:0/428015596 <== mon.0 v2:172.21.15.31:3300/0 5 ==== osd_map(3..3 src has 1..3) ==== 1155+0+0 (secure 0 0 0) 0x7f7d04052870 con 0x7f7d141088d0
2024-04-25T15:51:56.047 INFO:teuthology.orchestra.run.smithi031.stdout:/usr/bin/ceph: stderr
2024-04-25T15:51:55.244+0000 7f7d12ffd700 1 --2- 172.21.15.31:0/428015596 >> [v2:172.21.15.31:6800/3984865329,v1:172.21.15.31:6801/3984865329] conn(0x7f7cfc03d5d0 0x7f7cfc03fae0 unknown :-1 s=BANNER_CONNECTING pgs=0 cs=0 l=1 rev1=0 crypto rx=0 tx=0 comp rx=0 tx=0)._handle_peer_banner_payload supported=3 required=0
2024-04-25T15:51:56.047 INFO:teuthology.orchestra.run.smithi031.stdout:/usr/bin/ceph: stderr
2024-04-25T15:51:55.244+0000 7f7d12ffd700 1 --2- 172.21.15.31:0/428015596 >> [v2:172.21.15.31:6800/3984865329,v1:172.21.15.31:6801/3984865329] conn(0x7f7cfc03d5d0 0x7f7cfc03fae0 secure :-1 s=READY pgs=9 cs=0 l=1 rev1=1 crypto rx=0x7f7d08006fd0 tx=0x7f7d08006e40 comp rx=0 tx=0).ready entity=mgr.14152 client_cookie=0 server_cookie=0 in_seq=0 out_seq=0
2024-04-25T15:51:56.047 INFO:teuthology.orchestra.run.smithi031.stdout:/usr/bin/ceph: stderr
2024-04-25T15:51:55.249+0000 7f7d10ff9700 1 -- 172.21.15.31:0/428015596 <== mon.0 v2:172.21.15.31:3300/0 6 ==== mon_command_ack([{"prefix": "get_command_descriptions"}]=0 v0) ==== 72+0+188370 (secure 0 0 0) 0x7f7d04029df0 con 0x7f7d141088d0
2024-04-25T15:51:56.047 INFO:teuthology.orchestra.run.smithi031.stdout:/usr/bin/ceph: stderr
2024-04-25T15:51:55.456+0000 7f7d1a260700 1 -- 172.21.15.31:0/428015596 --> [v2:172.21.15.31:3300/0,v1:172.21.15.31:6789/0] -- mon_command({"prefix": "config get", "who": "mgr", "key": "mgr/dashboard/ssl_server_port"} v 0) -- 0x7f7d141a1750 con 0x7f7d141088d0
2024-04-25T15:51:56.047 INFO:teuthology.orchestra.run.smithi031.stdout:/usr/bin/ceph: stderr
2024-04-25T15:51:55.456+0000 7f7d10ff9700 1 -- 172.21.15.31:0/428015596 <== mon.0 v2:172.21.15.31:3300/0 7 ==== mon_command_ack([{"prefix": "config get", "who": "mgr", "key": "mgr/dashboard/ssl_server_port"}]=0 v8) ==== 112+0+5 (secure 0 0 0) 0x7f7d0401ad90 con 0x7f7d141088d0
2024-04-25T15:51:56.047 INFO:teuthology.orchestra.run.smithi031.stdout:/usr/bin/ceph: stderr
2024-04-25T15:51:55.459+0000 7f7d1a260700 1 -- 172.21.15.31:0/428015596 >> [v2:172.21.15.31:6800/3984865329,v1:172.21.15.31:6801/3984865329] conn(0x7f7cfc03d5d0 msgr2=0x7f7cfc03fae0 secure :-1 s=STATE_CONNECTION_ESTABLISHED l=1).mark_down
2024-04-25T15:51:56.047 INFO:teuthology.orchestra.run.smithi031.stdout:/usr/bin/ceph: stderr
2024-04-25T15:51:55.459+0000 7f7d1a260700 1 --2- 172.21.15.31:0/428015596 >> [v2:172.21.15.31:6800/3984865329,v1:172.21.15.31:6801/3984865329] conn(0x7f7cfc03d5d0 0x7f7cfc03fae0 secure :-1 s=READY pgs=9 cs=0 l=1 rev1=1 crypto rx=0x7f7d08006fd0 tx=0x7f7d08006e40 comp rx=0 tx=0).stop
2024-04-25T15:51:56.047 INFO:teuthology.orchestra.run.smithi031.stdout:/usr/bin/ceph: stderr
2024-04-25T15:51:55.459+0000 7f7d1a260700 1 -- 172.21.15.31:0/428015596 >> [v2:172.21.15.31:3300/0,v1:172.21.15.31:6789/0] conn(0x7f7d141088d0 msgr2=0x7f7d1407c8e0 secure :-1 s=STATE_CONNECTION_ESTABLISHED l=1).mark_down
2024-04-25T15:51:56.047 INFO:teuthology.orchestra.run.smithi031.stdout:/usr/bin/ceph: stderr
2024-04-25T15:51:55.459+0000 7f7d1a260700 1 --2- 172.21.15.31:0/428015596 >> [v2:172.21.15.31:3300/0,v1:172.21.15.31:6789/0] conn(0x7f7d141088d0 0x7f7d1407c8e0 secure :-1 s=READY pgs=75 cs=0 l=1 rev1=1 crypto rx=0x7f7d04003e70 tx=0x7f7d04011aa0 comp rx=0 tx=0).stop
2024-04-25T15:51:56.048 INFO:teuthology.orchestra.run.smithi031.stdout:/usr/bin/ceph: stderr
2024-04-25T15:51:55.459+0000 7f7d1a260700 1 -- 172.21.15.31:0/428015596 shutdown_connections
2024-04-25T15:51:56.048 INFO:teuthology.orchestra.run.smithi031.stdout:/usr/bin/ceph: stderr
2024-04-25T15:51:55.459+0000 7f7d1a260700 1 --2- 172.21.15.31:0/428015596 >> [v2:172.21.15.31:6800/3984865329,v1:172.21.15.31:6801/3984865329] conn(0x7f7cfc03d5d0 0x7f7cfc03fae0 unknown :-1 s=CLOSED pgs=9 cs=0 l=1 rev1=1 crypto rx=0 tx=0 comp rx=0 tx=0).stop
2024-04-25T15:51:56.048 INFO:teuthology.orchestra.run.smithi031.stdout:/usr/bin/ceph: stderr
2024-04-25T15:51:55.459+0000 7f7d1a260700 1 --2- 172.21.15.31:0/428015596 >> [v2:172.21.15.31:3300/0,v1:172.21.15.31:6789/0] conn(0x7f7d141088d0 0x7f7d1407c8e0 unknown :-1 s=CLOSED pgs=75 cs=0 l=1 rev1=1 crypto rx=0 tx=0 comp rx=0 tx=0).stop
2024-04-25T15:51:56.048 INFO:teuthology.orchestra.run.smithi031.stdout:/usr/bin/ceph: stderr
2024-04-25T15:51:55.459+0000 7f7d1a260700 1 -- 172.21.15.31:0/428015596 >> 172.21.15.31:0/428015596 conn(0x7f7d14103fb0 msgr2=0x7f7d14105850 unknown :-1 s=STATE_NONE l=0).mark_down
2024-04-25T15:51:56.048 INFO:teuthology.orchestra.run.smithi031.stdout:/usr/bin/ceph: stderr
2024-04-25T15:51:55.459+0000 7f7d1a260700 1 -- 172.21.15.31:0/428015596 shutdown_connections
2024-04-25T15:51:56.048 INFO:teuthology.orchestra.run.smithi031.stdout:/usr/bin/ceph: stderr
2024-04-25T15:51:55.459+0000 7f7d1a260700 1 -- 172.21.15.31:0/428015596 wait complete.
2024-04-25T15:51:56.052 INFO:teuthology.orchestra.run.smithi031.stdout:Non-zero exit code 1 from systemctl is-enabled firewalld.service
2024-04-25T15:51:56.053 INFO:teuthology.orchestra.run.smithi031.stdout:systemctl: stdout disabled
2024-04-25T15:51:56.060 INFO:teuthology.orchestra.run.smithi031.stdout:Non-zero exit code 3 from systemctl is-active firewalld.service
2024-04-25T15:51:56.060 INFO:teuthology.orchestra.run.smithi031.stdout:systemctl: stdout inactive
2024-04-25T15:51:56.060 INFO:teuthology.orchestra.run.smithi031.stdout:firewalld.service is not enabled
2024-04-25T15:51:56.061 INFO:teuthology.orchestra.run.smithi031.stdout:Not possible to open ports <[8443]>. firewalld.service is not available
2024-04-25T15:51:56.062 INFO:teuthology.orchestra.run.smithi031.stdout:Ceph Dashboard is now available at:
2024-04-25T15:51:56.062 INFO:teuthology.orchestra.run.smithi031.stdout:
2024-04-25T15:51:56.062 INFO:teuthology.orchestra.run.smithi031.stdout: URL: https://smithi031:8443/
2024-04-25T15:51:56.062 INFO:teuthology.orchestra.run.smithi031.stdout: User: admin
2024-04-25T15:51:56.062 INFO:teuthology.orchestra.run.smithi031.stdout: Password: n5ux2f0nvp
2024-04-25T15:51:56.062 INFO:teuthology.orchestra.run.smithi031.stdout:
2024-04-25T15:51:56.063 INFO:teuthology.orchestra.run.smithi031.stdout:Saving cluster configuration to /var/lib/ceph/74fd3742-031b-11ef-bc93-c7b262605968/config directory
2024-04-25T15:51:56.063 INFO:teuthology.orchestra.run.smithi031.stdout:Enabling autotune for osd_memory_target
2024-04-25T15:51:56.699 INFO:journalctl@ceph.mon.a.smithi031.stdout:Apr 25 15:51:56 smithi031 ceph-mon[29140]: mgrmap e13: x(active, since 6s)
2024-04-25T15:51:57.359 INFO:teuthology.orchestra.run.smithi031.stdout:/usr/bin/ceph: stderr
2024-04-25T15:51:56.519+0000 7f127dc1e700 1 Processor -- start
2024-04-25T15:51:57.359 INFO:teuthology.orchestra.run.smithi031.stdout:/usr/bin/ceph: stderr
2024-04-25T15:51:56.519+0000 7f127dc1e700 1 -- start start
2024-04-25T15:51:57.359 INFO:teuthology.orchestra.run.smithi031.stdout:/usr/bin/ceph: stderr
2024-04-25T15:51:56.519+0000 7f127dc1e700 1 --2- >> [v2:172.21.15.31:3300/0,v1:172.21.15.31:6789/0] conn(0x7f1278109a30 0x7f1278109e40 unknown :-1 s=NONE pgs=0 cs=0 l=0 rev1=0 crypto rx=0 tx=0 comp rx=0 tx=0).connect
2024-04-25T15:51:57.359 INFO:teuthology.orchestra.run.smithi031.stdout:/usr/bin/ceph: stderr
2024-04-25T15:51:56.519+0000 7f127dc1e700 1 -- --> [v2:172.21.15.31:3300/0,v1:172.21.15.31:6789/0] -- mon_getmap magic: 0 -- 0x7f127810a430 con 0x7f1278109a30
2024-04-25T15:51:57.359 INFO:teuthology.orchestra.run.smithi031.stdout:/usr/bin/ceph: stderr
2024-04-25T15:51:56.520+0000 7f12777fe700 1 --2- >> [v2:172.21.15.31:3300/0,v1:172.21.15.31:6789/0] conn(0x7f1278109a30 0x7f1278109e40 unknown :-1 s=BANNER_CONNECTING pgs=0 cs=0 l=0 rev1=0 crypto rx=0 tx=0 comp rx=0 tx=0)._handle_peer_banner_payload supported=3 required=0
2024-04-25T15:51:57.359 INFO:teuthology.orchestra.run.smithi031.stdout:/usr/bin/ceph: stderr
2024-04-25T15:51:56.520+0000 7f12777fe700 1 --2- >> [v2:172.21.15.31:3300/0,v1:172.21.15.31:6789/0] conn(0x7f1278109a30 0x7f1278109e40 unknown :-1 s=HELLO_CONNECTING pgs=0 cs=0 l=0 rev1=1 crypto rx=0 tx=0 comp rx=0 tx=0).handle_hello peer v2:172.21.15.31:3300/0 says I am v2:172.21.15.31:56626/0 (socket says 172.21.15.31:56626)
2024-04-25T15:51:57.359 INFO:teuthology.orchestra.run.smithi031.stdout:/usr/bin/ceph: stderr
2024-04-25T15:51:56.520+0000 7f12777fe700 1 -- 172.21.15.31:0/4204872303 learned_addr learned my addr 172.21.15.31:0/4204872303 (peer_addr_for_me v2:172.21.15.31:0/0)
2024-04-25T15:51:57.359 INFO:teuthology.orchestra.run.smithi031.stdout:/usr/bin/ceph: stderr
2024-04-25T15:51:56.520+0000 7f12777fe700 1 -- 172.21.15.31:0/4204872303 --> [v2:172.21.15.31:3300/0,v1:172.21.15.31:6789/0] -- mon_subscribe({config=0+,monmap=0+}) -- 0x7f127810ab10 con 0x7f1278109a30
2024-04-25T15:51:57.359 INFO:teuthology.orchestra.run.smithi031.stdout:/usr/bin/ceph: stderr
2024-04-25T15:51:56.520+0000 7f12777fe700 1 --2- 172.21.15.31:0/4204872303 >> [v2:172.21.15.31:3300/0,v1:172.21.15.31:6789/0] conn(0x7f1278109a30 0x7f1278109e40 secure :-1 s=READY pgs=76 cs=0 l=1 rev1=1 crypto rx=0x7f1270009e80 tx=0x7f127000b330 comp rx=0 tx=0).ready entity=mon.0 client_cookie=d89f15df86311fcb server_cookie=0 in_seq=0 out_seq=0
2024-04-25T15:51:57.359 INFO:teuthology.orchestra.run.smithi031.stdout:/usr/bin/ceph: stderr
2024-04-25T15:51:56.520+0000 7f12767fc700 1 -- 172.21.15.31:0/4204872303 <== mon.0 v2:172.21.15.31:3300/0 1 ==== mon_map magic: 0 ==== 205+0+0 (secure 0 0 0) 0x7f1270017070 con 0x7f1278109a30
2024-04-25T15:51:57.359 INFO:teuthology.orchestra.run.smithi031.stdout:/usr/bin/ceph: stderr
2024-04-25T15:51:56.520+0000 7f12767fc700 1 -- 172.21.15.31:0/4204872303 <== mon.0 v2:172.21.15.31:3300/0 2 ==== config(26 keys) ==== 1101+0+0 (secure 0 0 0) 0x7f127000b8c0 con 0x7f1278109a30
2024-04-25T15:51:57.360 INFO:teuthology.orchestra.run.smithi031.stdout:/usr/bin/ceph: stderr
2024-04-25T15:51:56.520+0000 7f12767fc700 1 -- 172.21.15.31:0/4204872303 <== mon.0 v2:172.21.15.31:3300/0 3 ==== mon_map magic: 0 ==== 205+0+0 (secure 0 0 0) 0x7f1270004490 con 0x7f1278109a30
2024-04-25T15:51:57.360 INFO:teuthology.orchestra.run.smithi031.stdout:/usr/bin/ceph: stderr
2024-04-25T15:51:56.521+0000 7f127dc1e700 1 -- 172.21.15.31:0/4204872303 >> [v2:172.21.15.31:3300/0,v1:172.21.15.31:6789/0] conn(0x7f1278109a30 msgr2=0x7f1278109e40 secure :-1 s=STATE_CONNECTION_ESTABLISHED l=1).mark_down
2024-04-25T15:51:57.360 INFO:teuthology.orchestra.run.smithi031.stdout:/usr/bin/ceph: stderr
2024-04-25T15:51:56.521+0000 7f127dc1e700 1 --2- 172.21.15.31:0/4204872303 >> [v2:172.21.15.31:3300/0,v1:172.21.15.31:6789/0] conn(0x7f1278109a30 0x7f1278109e40 secure :-1 s=READY pgs=76 cs=0 l=1 rev1=1 crypto rx=0x7f1270009e80 tx=0x7f127000b330 comp rx=0 tx=0).stop
2024-04-25T15:51:57.360 INFO:teuthology.orchestra.run.smithi031.stdout:/usr/bin/ceph: stderr
2024-04-25T15:51:56.521+0000 7f127dc1e700 1 -- 172.21.15.31:0/4204872303 shutdown_connections
2024-04-25T15:51:57.360 INFO:teuthology.orchestra.run.smithi031.stdout:/usr/bin/ceph: stderr
2024-04-25T15:51:56.521+0000 7f127dc1e700 1 --2- 172.21.15.31:0/4204872303 >> [v2:172.21.15.31:3300/0,v1:172.21.15.31:6789/0] conn(0x7f1278109a30 0x7f1278109e40 unknown :-1 s=CLOSED pgs=76 cs=0 l=1 rev1=1 crypto rx=0 tx=0 comp rx=0 tx=0).stop
2024-04-25T15:51:57.360 INFO:teuthology.orchestra.run.smithi031.stdout:/usr/bin/ceph: stderr
2024-04-25T15:51:56.521+0000 7f127dc1e700 1 -- 172.21.15.31:0/4204872303 >> 172.21.15.31:0/4204872303 conn(0x7f1278105070 msgr2=0x7f1278107520 unknown :-1 s=STATE_NONE l=0).mark_down
2024-04-25T15:51:57.360 INFO:teuthology.orchestra.run.smithi031.stdout:/usr/bin/ceph: stderr
2024-04-25T15:51:56.521+0000 7f127dc1e700 1 -- 172.21.15.31:0/4204872303 shutdown_connections
2024-04-25T15:51:57.360 INFO:teuthology.orchestra.run.smithi031.stdout:/usr/bin/ceph: stderr
2024-04-25T15:51:56.521+0000 7f127dc1e700 1 -- 172.21.15.31:0/4204872303 wait complete.
2024-04-25T15:51:57.360 INFO:teuthology.orchestra.run.smithi031.stdout:/usr/bin/ceph: stderr
2024-04-25T15:51:56.522+0000 7f127dc1e700 1 Processor -- start
2024-04-25T15:51:57.360 INFO:teuthology.orchestra.run.smithi031.stdout:/usr/bin/ceph: stderr
2024-04-25T15:51:56.522+0000 7f127dc1e700 1 -- start start
2024-04-25T15:51:57.360 INFO:teuthology.orchestra.run.smithi031.stdout:/usr/bin/ceph: stderr
2024-04-25T15:51:56.522+0000 7f127dc1e700 1 --2- >> [v2:172.21.15.31:3300/0,v1:172.21.15.31:6789/0] conn(0x7f1278109a30 0x7f127819dda0 unknown :-1 s=NONE pgs=0 cs=0 l=1 rev1=0 crypto rx=0 tx=0 comp rx=0 tx=0).connect
2024-04-25T15:51:57.360 INFO:teuthology.orchestra.run.smithi031.stdout:/usr/bin/ceph: stderr
2024-04-25T15:51:56.522+0000 7f127dc1e700 1 -- --> [v2:172.21.15.31:3300/0,v1:172.21.15.31:6789/0] -- mon_getmap magic: 0 -- 0x7f127810dec0 con 0x7f1278109a30
2024-04-25T15:51:57.360 INFO:teuthology.orchestra.run.smithi031.stdout:/usr/bin/ceph: stderr
2024-04-25T15:51:56.522+0000 7f12777fe700 1 --2- >> [v2:172.21.15.31:3300/0,v1:172.21.15.31:6789/0] conn(0x7f1278109a30 0x7f127819dda0 unknown :-1 s=BANNER_CONNECTING pgs=0 cs=0 l=1 rev1=0 crypto rx=0 tx=0 comp rx=0 tx=0)._handle_peer_banner_payload supported=3 required=0
2024-04-25T15:51:57.360 INFO:teuthology.orchestra.run.smithi031.stdout:/usr/bin/ceph: stderr
2024-04-25T15:51:56.522+0000 7f12777fe700 1 --2- >> [v2:172.21.15.31:3300/0,v1:172.21.15.31:6789/0] conn(0x7f1278109a30 0x7f127819dda0 unknown :-1 s=HELLO_CONNECTING pgs=0 cs=0 l=1 rev1=1 crypto rx=0 tx=0 comp rx=0 tx=0).handle_hello peer v2:172.21.15.31:3300/0 says I am v2:172.21.15.31:56630/0 (socket says 172.21.15.31:56630)
2024-04-25T15:51:57.361 INFO:teuthology.orchestra.run.smithi031.stdout:/usr/bin/ceph: stderr
2024-04-25T15:51:56.522+0000 7f12777fe700 1 -- 172.21.15.31:0/493969592 learned_addr learned my addr 172.21.15.31:0/493969592 (peer_addr_for_me v2:172.21.15.31:0/0)
2024-04-25T15:51:57.361 INFO:teuthology.orchestra.run.smithi031.stdout:/usr/bin/ceph: stderr
2024-04-25T15:51:56.523+0000 7f12777fe700 1 -- 172.21.15.31:0/493969592 --> [v2:172.21.15.31:3300/0,v1:172.21.15.31:6789/0] -- mon_subscribe({config=0+,monmap=0+}) -- 0x7f127819e2e0 con 0x7f1278109a30
2024-04-25T15:51:57.361 INFO:teuthology.orchestra.run.smithi031.stdout:/usr/bin/ceph: stderr
2024-04-25T15:51:56.523+0000 7f12777fe700 1 --2- 172.21.15.31:0/493969592 >> [v2:172.21.15.31:3300/0,v1:172.21.15.31:6789/0] conn(0x7f1278109a30 0x7f127819dda0 secure :-1 s=READY pgs=77 cs=0 l=1 rev1=1 crypto rx=0x7f1270009fd0 tx=0x7f127000bd30 comp rx=0 tx=0).ready entity=mon.0 client_cookie=0 server_cookie=0 in_seq=0 out_seq=0
2024-04-25T15:51:57.361 INFO:teuthology.orchestra.run.smithi031.stdout:/usr/bin/ceph: stderr
2024-04-25T15:51:56.523+0000 7f1274ff9700 1 -- 172.21.15.31:0/493969592 <== mon.0 v2:172.21.15.31:3300/0 1 ==== mon_map magic: 0 ==== 205+0+0 (secure 0 0 0) 0x7f1270020020 con 0x7f1278109a30
2024-04-25T15:51:57.361 INFO:teuthology.orchestra.run.smithi031.stdout:/usr/bin/ceph: stderr
2024-04-25T15:51:56.523+0000 7f1274ff9700 1 -- 172.21.15.31:0/493969592 <== mon.0 v2:172.21.15.31:3300/0 2 ==== config(26 keys) ==== 1101+0+0 (secure 0 0 0) 0x7f1270003b50 con 0x7f1278109a30
2024-04-25T15:51:57.361 INFO:teuthology.orchestra.run.smithi031.stdout:/usr/bin/ceph: stderr
2024-04-25T15:51:56.523+0000 7f127dc1e700 1 -- 172.21.15.31:0/493969592 --> [v2:172.21.15.31:3300/0,v1:172.21.15.31:6789/0] -- mon_subscribe({mgrmap=0+}) -- 0x7f127819e570 con 0x7f1278109a30
2024-04-25T15:51:57.361 INFO:teuthology.orchestra.run.smithi031.stdout:/usr/bin/ceph: stderr
2024-04-25T15:51:56.523+0000 7f1274ff9700 1 -- 172.21.15.31:0/493969592 <== mon.0 v2:172.21.15.31:3300/0 3 ==== mon_map magic: 0 ==== 205+0+0 (secure 0 0 0) 0x7f1270017040 con 0x7f1278109a30
2024-04-25T15:51:57.361 INFO:teuthology.orchestra.run.smithi031.stdout:/usr/bin/ceph: stderr
2024-04-25T15:51:56.523+0000 7f127dc1e700 1 -- 172.21.15.31:0/493969592 --> [v2:172.21.15.31:3300/0,v1:172.21.15.31:6789/0] -- mon_subscribe({osdmap=0}) -- 0x7f12781a1180 con 0x7f1278109a30
2024-04-25T15:51:57.361 INFO:teuthology.orchestra.run.smithi031.stdout:/usr/bin/ceph: stderr
2024-04-25T15:51:56.524+0000 7f1274ff9700 1 -- 172.21.15.31:0/493969592 <== mon.0 v2:172.21.15.31:3300/0 4 ==== mgrmap(e 13) ==== 49572+0+0 (secure 0 0 0) 0x7f1270023020 con 0x7f1278109a30
2024-04-25T15:51:57.361 INFO:teuthology.orchestra.run.smithi031.stdout:/usr/bin/ceph: stderr
2024-04-25T15:51:56.524+0000 7f127dc1e700 1 -- 172.21.15.31:0/493969592 --> [v2:172.21.15.31:3300/0,v1:172.21.15.31:6789/0] -- mon_command({"prefix": "get_command_descriptions"} v 0) -- 0x7f1278064cf0 con 0x7f1278109a30
2024-04-25T15:51:57.361 INFO:teuthology.orchestra.run.smithi031.stdout:/usr/bin/ceph: stderr
2024-04-25T15:51:56.524+0000 7f1274ff9700 1 --2- 172.21.15.31:0/493969592 >> [v2:172.21.15.31:6800/3984865329,v1:172.21.15.31:6801/3984865329] conn(0x7f126403d610 0x7f126403fb20 unknown :-1 s=NONE pgs=0 cs=0 l=1 rev1=0 crypto rx=0 tx=0 comp rx=0 tx=0).connect
2024-04-25T15:51:57.361 INFO:teuthology.orchestra.run.smithi031.stdout:/usr/bin/ceph: stderr
2024-04-25T15:51:56.524+0000 7f1274ff9700 1 -- 172.21.15.31:0/493969592 <== mon.0 v2:172.21.15.31:3300/0 5 ==== osd_map(3..3 src has 1..3) ==== 1155+0+0 (secure 0 0 0) 0x7f127000f050 con 0x7f1278109a30
2024-04-25T15:51:57.361 INFO:teuthology.orchestra.run.smithi031.stdout:/usr/bin/ceph: stderr
2024-04-25T15:51:56.524+0000 7f1276ffd700 1 --2- 172.21.15.31:0/493969592 >> [v2:172.21.15.31:6800/3984865329,v1:172.21.15.31:6801/3984865329] conn(0x7f126403d610 0x7f126403fb20 unknown :-1 s=BANNER_CONNECTING pgs=0 cs=0 l=1 rev1=0 crypto rx=0 tx=0 comp rx=0 tx=0)._handle_peer_banner_payload supported=3 required=0
2024-04-25T15:51:57.361 INFO:teuthology.orchestra.run.smithi031.stdout:/usr/bin/ceph: stderr
2024-04-25T15:51:56.525+0000 7f1276ffd700 1 --2- 172.21.15.31:0/493969592 >> [v2:172.21.15.31:6800/3984865329,v1:172.21.15.31:6801/3984865329] conn(0x7f126403d610 0x7f126403fb20 secure :-1 s=READY pgs=10 cs=0 l=1 rev1=1 crypto rx=0x7f1260006fd0 tx=0x7f1260006e40 comp rx=0 tx=0).ready entity=mgr.14152 client_cookie=0 server_cookie=0 in_seq=0 out_seq=0
2024-04-25T15:51:57.361 INFO:teuthology.orchestra.run.smithi031.stdout:/usr/bin/ceph: stderr
2024-04-25T15:51:56.530+0000 7f1274ff9700 1 -- 172.21.15.31:0/493969592 <== mon.0 v2:172.21.15.31:3300/0 6 ==== mon_command_ack([{"prefix": "get_command_descriptions"}]=0 v0) ==== 72+0+188370 (secure 0 0 0) 0x7f127002a020 con 0x7f1278109a30
2024-04-25T15:51:57.362 INFO:teuthology.orchestra.run.smithi031.stdout:/usr/bin/ceph: stderr
2024-04-25T15:51:56.739+0000 7f127dc1e700 1 -- 172.21.15.31:0/493969592 --> [v2:172.21.15.31:3300/0,v1:172.21.15.31:6789/0] -- mon_command([{prefix=config set, name=osd_memory_target_autotune}] v 0) -- 0x7f12781a13a0 con 0x7f1278109a30
2024-04-25T15:51:57.362 INFO:teuthology.orchestra.run.smithi031.stdout:/usr/bin/ceph: stderr
2024-04-25T15:51:56.739+0000 7f1274ff9700 1 -- 172.21.15.31:0/493969592 <== mon.0 v2:172.21.15.31:3300/0 7 ==== mon_command_ack([{prefix=config set, name=osd_memory_target_autotune}]=0 v8)=0 v8) ==== 127+0+0 (secure 0 0 0) 0x7f127002dd60 con 0x7f1278109a30
2024-04-25T15:51:57.362 INFO:teuthology.orchestra.run.smithi031.stdout:/usr/bin/ceph: stderr
2024-04-25T15:51:56.741+0000 7f127dc1e700 1 -- 172.21.15.31:0/493969592 >> [v2:172.21.15.31:6800/3984865329,v1:172.21.15.31:6801/3984865329] conn(0x7f126403d610 msgr2=0x7f126403fb20 secure :-1 s=STATE_CONNECTION_ESTABLISHED l=1).mark_down
2024-04-25T15:51:57.362 INFO:teuthology.orchestra.run.smithi031.stdout:/usr/bin/ceph: stderr
2024-04-25T15:51:56.741+0000 7f127dc1e700 1 --2- 172.21.15.31:0/493969592 >> [v2:172.21.15.31:6800/3984865329,v1:172.21.15.31:6801/3984865329] conn(0x7f126403d610 0x7f126403fb20 secure :-1 s=READY pgs=10 cs=0 l=1 rev1=1 crypto rx=0x7f1260006fd0 tx=0x7f1260006e40 comp rx=0 tx=0).stop
2024-04-25T15:51:57.362 INFO:teuthology.orchestra.run.smithi031.stdout:/usr/bin/ceph: stderr
2024-04-25T15:51:56.741+0000 7f127dc1e700 1 -- 172.21.15.31:0/493969592 >> [v2:172.21.15.31:3300/0,v1:172.21.15.31:6789/0] conn(0x7f1278109a30 msgr2=0x7f127819dda0 secure :-1 s=STATE_CONNECTION_ESTABLISHED l=1).mark_down
2024-04-25T15:51:57.362 INFO:teuthology.orchestra.run.smithi031.stdout:/usr/bin/ceph: stderr
2024-04-25T15:51:56.741+0000 7f127dc1e700 1 --2- 172.21.15.31:0/493969592 >> [v2:172.21.15.31:3300/0,v1:172.21.15.31:6789/0] conn(0x7f1278109a30 0x7f127819dda0 secure :-1 s=READY pgs=77 cs=0 l=1 rev1=1 crypto rx=0x7f1270009fd0 tx=0x7f127000bd30 comp rx=0 tx=0).stop
2024-04-25T15:51:57.362 INFO:teuthology.orchestra.run.smithi031.stdout:/usr/bin/ceph: stderr
2024-04-25T15:51:56.741+0000 7f127dc1e700 1 -- 172.21.15.31:0/493969592 shutdown_connections
2024-04-25T15:51:57.362 INFO:teuthology.orchestra.run.smithi031.stdout:/usr/bin/ceph: stderr
2024-04-25T15:51:56.741+0000 7f127dc1e700 1 --2- 172.21.15.31:0/493969592 >> [v2:172.21.15.31:6800/3984865329,v1:172.21.15.31:6801/3984865329] conn(0x7f126403d610 0x7f126403fb20 unknown :-1 s=CLOSED pgs=10 cs=0 l=1 rev1=1 crypto rx=0 tx=0 comp rx=0 tx=0).stop
2024-04-25T15:51:57.362 INFO:teuthology.orchestra.run.smithi031.stdout:/usr/bin/ceph: stderr
2024-04-25T15:51:56.741+0000 7f127dc1e700 1 --2- 172.21.15.31:0/493969592 >> [v2:172.21.15.31:3300/0,v1:172.21.15.31:6789/0] conn(0x7f1278109a30 0x7f127819dda0 unknown :-1 s=CLOSED pgs=77 cs=0 l=1 rev1=1 crypto rx=0 tx=0 comp rx=0 tx=0).stop
2024-04-25T15:51:57.362 INFO:teuthology.orchestra.run.smithi031.stdout:/usr/bin/ceph: stderr
2024-04-25T15:51:56.741+0000 7f127dc1e700 1 -- 172.21.15.31:0/493969592 >> 172.21.15.31:0/493969592 conn(0x7f1278105070 msgr2=0x7f1278105910 unknown :-1 s=STATE_NONE l=0).mark_down
2024-04-25T15:51:57.362 INFO:teuthology.orchestra.run.smithi031.stdout:/usr/bin/ceph: stderr
2024-04-25T15:51:56.742+0000 7f127dc1e700 1 -- 172.21.15.31:0/493969592 shutdown_connections
2024-04-25T15:51:57.362 INFO:teuthology.orchestra.run.smithi031.stdout:/usr/bin/ceph: stderr
2024-04-25T15:51:56.742+0000 7f127dc1e700 1 -- 172.21.15.31:0/493969592 wait complete.
2024-04-25T15:51:58.682 INFO:teuthology.orchestra.run.smithi031.stdout:/usr/bin/ceph: stderr
2024-04-25T15:51:57.803+0000 7f85788ca700 1 Processor -- start
2024-04-25T15:51:58.682 INFO:teuthology.orchestra.run.smithi031.stdout:/usr/bin/ceph: stderr
2024-04-25T15:51:57.803+0000 7f85788ca700 1 -- start start
2024-04-25T15:51:58.682 INFO:teuthology.orchestra.run.smithi031.stdout:/usr/bin/ceph: stderr
2024-04-25T15:51:57.803+0000 7f85788ca700 1 --2- >> [v2:172.21.15.31:3300/0,v1:172.21.15.31:6789/0] conn(0x7f8574109e50 0x7f857410a260 unknown :-1 s=NONE pgs=0 cs=0 l=0 rev1=0 crypto rx=0 tx=0 comp rx=0 tx=0).connect
2024-04-25T15:51:58.682 INFO:teuthology.orchestra.run.smithi031.stdout:/usr/bin/ceph: stderr
2024-04-25T15:51:57.803+0000 7f85788ca700 1 -- --> [v2:172.21.15.31:3300/0,v1:172.21.15.31:6789/0] -- mon_getmap magic: 0 -- 0x7f857410a830 con 0x7f8574109e50
2024-04-25T15:51:58.682 INFO:teuthology.orchestra.run.smithi031.stdout:/usr/bin/ceph: stderr
2024-04-25T15:51:57.803+0000 7f857259c700 1 --2- >> [v2:172.21.15.31:3300/0,v1:172.21.15.31:6789/0] conn(0x7f8574109e50 0x7f857410a260 unknown :-1 s=BANNER_CONNECTING pgs=0 cs=0 l=0 rev1=0 crypto rx=0 tx=0 comp rx=0 tx=0)._handle_peer_banner_payload supported=3 required=0
2024-04-25T15:51:58.683 INFO:teuthology.orchestra.run.smithi031.stdout:/usr/bin/ceph: stderr
2024-04-25T15:51:57.803+0000 7f857259c700 1 --2- >> [v2:172.21.15.31:3300/0,v1:172.21.15.31:6789/0] conn(0x7f8574109e50 0x7f857410a260 unknown :-1 s=HELLO_CONNECTING pgs=0 cs=0 l=0 rev1=1 crypto rx=0 tx=0 comp rx=0 tx=0).handle_hello peer v2:172.21.15.31:3300/0 says I am v2:172.21.15.31:56636/0 (socket says 172.21.15.31:56636)
2024-04-25T15:51:58.683 INFO:teuthology.orchestra.run.smithi031.stdout:/usr/bin/ceph: stderr
2024-04-25T15:51:57.803+0000 7f857259c700 1 -- 172.21.15.31:0/3183713631 learned_addr learned my addr 172.21.15.31:0/3183713631 (peer_addr_for_me v2:172.21.15.31:0/0)
2024-04-25T15:51:58.683 INFO:teuthology.orchestra.run.smithi031.stdout:/usr/bin/ceph: stderr
2024-04-25T15:51:57.803+0000 7f857259c700 1 -- 172.21.15.31:0/3183713631 --> [v2:172.21.15.31:3300/0,v1:172.21.15.31:6789/0] -- mon_subscribe({config=0+,monmap=0+}) -- 0x7f8574108ad0 con 0x7f8574109e50
2024-04-25T15:51:58.683 INFO:teuthology.orchestra.run.smithi031.stdout:/usr/bin/ceph: stderr
2024-04-25T15:51:57.804+0000 7f857259c700 1 --2- 172.21.15.31:0/3183713631 >> [v2:172.21.15.31:3300/0,v1:172.21.15.31:6789/0] conn(0x7f8574109e50 0x7f857410a260 secure :-1 s=READY pgs=78 cs=0 l=1 rev1=1 crypto rx=0x7f85640098a0 tx=0x7f8564009bb0 comp rx=0 tx=0).ready entity=mon.0 client_cookie=4f66154bb069225d server_cookie=0 in_seq=0 out_seq=0
2024-04-25T15:51:58.683 INFO:teuthology.orchestra.run.smithi031.stdout:/usr/bin/ceph: stderr
2024-04-25T15:51:57.804+0000 7f8571d9b700 1 -- 172.21.15.31:0/3183713631 <== mon.0 v2:172.21.15.31:3300/0 1 ==== mon_map magic: 0 ==== 205+0+0 (secure 0 0 0) 0x7f8564004160 con 0x7f8574109e50
2024-04-25T15:51:58.683 INFO:teuthology.orchestra.run.smithi031.stdout:/usr/bin/ceph: stderr
2024-04-25T15:51:57.804+0000 7f8571d9b700 1 -- 172.21.15.31:0/3183713631 <== mon.0 v2:172.21.15.31:3300/0 2 ==== config(26 keys) ==== 1101+0+0 (secure 0 0 0) 0x7f8564004300 con 0x7f8574109e50
2024-04-25T15:51:58.683 INFO:teuthology.orchestra.run.smithi031.stdout:/usr/bin/ceph: stderr
2024-04-25T15:51:57.804+0000 7f8571d9b700 1 -- 172.21.15.31:0/3183713631 <== mon.0 v2:172.21.15.31:3300/0 3 ==== mon_map magic: 0 ==== 205+0+0 (secure 0 0 0) 0x7f8564011a20 con 0x7f8574109e50
2024-04-25T15:51:58.683 INFO:teuthology.orchestra.run.smithi031.stdout:/usr/bin/ceph: stderr
2024-04-25T15:51:57.804+0000 7f85788ca700 1 -- 172.21.15.31:0/3183713631 >> [v2:172.21.15.31:3300/0,v1:172.21.15.31:6789/0] conn(0x7f8574109e50 msgr2=0x7f857410a260 secure :-1 s=STATE_CONNECTION_ESTABLISHED l=1).mark_down
2024-04-25T15:51:58.683 INFO:teuthology.orchestra.run.smithi031.stdout:/usr/bin/ceph: stderr
2024-04-25T15:51:57.805+0000 7f85788ca700 1 --2- 172.21.15.31:0/3183713631 >> [v2:172.21.15.31:3300/0,v1:172.21.15.31:6789/0] conn(0x7f8574109e50 0x7f857410a260 secure :-1 s=READY pgs=78 cs=0 l=1 rev1=1 crypto rx=0x7f85640098a0 tx=0x7f8564009bb0 comp rx=0 tx=0).stop
2024-04-25T15:51:58.683 INFO:teuthology.orchestra.run.smithi031.stdout:/usr/bin/ceph: stderr
2024-04-25T15:51:57.805+0000 7f85788ca700 1 -- 172.21.15.31:0/3183713631 shutdown_connections
2024-04-25T15:51:58.683 INFO:teuthology.orchestra.run.smithi031.stdout:/usr/bin/ceph: stderr
2024-04-25T15:51:57.805+0000 7f85788ca700 1 --2- 172.21.15.31:0/3183713631 >> [v2:172.21.15.31:3300/0,v1:172.21.15.31:6789/0] conn(0x7f8574109e50 0x7f857410a260 unknown :-1 s=CLOSED pgs=78 cs=0 l=1 rev1=1 crypto rx=0 tx=0 comp rx=0 tx=0).stop
2024-04-25T15:51:58.683 INFO:teuthology.orchestra.run.smithi031.stdout:/usr/bin/ceph: stderr
2024-04-25T15:51:57.805+0000 7f85788ca700 1 -- 172.21.15.31:0/3183713631 >> 172.21.15.31:0/3183713631 conn(0x7f8574103770 msgr2=0x7f8574105bc0 unknown :-1 s=STATE_NONE l=0).mark_down
2024-04-25T15:51:58.683 INFO:teuthology.orchestra.run.smithi031.stdout:/usr/bin/ceph: stderr
2024-04-25T15:51:57.805+0000 7f85788ca700 1 -- 172.21.15.31:0/3183713631 shutdown_connections
2024-04-25T15:51:58.683 INFO:teuthology.orchestra.run.smithi031.stdout:/usr/bin/ceph: stderr
2024-04-25T15:51:57.805+0000 7f85788ca700 1 -- 172.21.15.31:0/3183713631 wait complete.
