2024-04-25T15:51:26.156+0000 7fc5ba7fc700 1 -- 172.21.15.112:0/2414557766 <== mon.0 v2:172.21.15.112:3300/0 3 ==== mon_map magic: 0 ==== 205+0+0 (secure 0 0 0) 0x7fc5c0023750 con 0x7fc5c410a440
2024-04-25T15:51:27.088 INFO:teuthology.orchestra.run.smithi112.stdout:/usr/bin/ceph: stderr
2024-04-25T15:51:26.156+0000 7fc5cb814700 1 -- 172.21.15.112:0/2414557766 --> [v2:172.21.15.112:3300/0,v1:172.21.15.112:6789/0] -- mon_subscribe({osdmap=0}) -- 0x7fc5c4108830 con 0x7fc5c410a440
2024-04-25T15:51:27.089 INFO:teuthology.orchestra.run.smithi112.stdout:/usr/bin/ceph: stderr
2024-04-25T15:51:26.157+0000 7fc5cb814700 1 -- 172.21.15.112:0/2414557766 --> [v2:172.21.15.112:3300/0,v1:172.21.15.112:6789/0] -- mon_command({"prefix": "get_command_descriptions"} v 0) -- 0x7fc5c4064cf0 con 0x7fc5c410a440
2024-04-25T15:51:27.089 INFO:teuthology.orchestra.run.smithi112.stdout:/usr/bin/ceph: stderr
2024-04-25T15:51:26.157+0000 7fc5ba7fc700 1 -- 172.21.15.112:0/2414557766 <== mon.0 v2:172.21.15.112:3300/0 4 ==== mgrmap(e 9) ==== 49529+0+0 (secure 0 0 0) 0x7fc5c0023a60 con 0x7fc5c410a440
2024-04-25T15:51:27.089 INFO:teuthology.orchestra.run.smithi112.stdout:/usr/bin/ceph: stderr
2024-04-25T15:51:26.157+0000 7fc5ba7fc700 1 --2- 172.21.15.112:0/2414557766 >> [v2:172.21.15.112:6800/1021036877,v1:172.21.15.112:6801/1021036877] conn(0x7fc5b003d690 0x7fc5b003fba0 unknown :-1 s=NONE pgs=0 cs=0 l=1 rev1=0 crypto rx=0 tx=0 comp rx=0 tx=0).connect
2024-04-25T15:51:27.089 INFO:teuthology.orchestra.run.smithi112.stdout:/usr/bin/ceph: stderr
2024-04-25T15:51:26.157+0000 7fc5ba7fc700 1 -- 172.21.15.112:0/2414557766 <== mon.0 v2:172.21.15.112:3300/0 5 ==== osd_map(2..2 src has 1..2) ==== 940+0+0 (secure 0 0 0) 0x7fc5c0052d60 con 0x7fc5c410a440
2024-04-25T15:51:27.089 INFO:teuthology.orchestra.run.smithi112.stdout:/usr/bin/ceph: stderr
2024-04-25T15:51:26.157+0000 7fc5c8daf700 1 -- 172.21.15.112:0/2414557766 >> [v2:172.21.15.112:6800/1021036877,v1:172.21.15.112:6801/1021036877] conn(0x7fc5b003d690 msgr2=0x7fc5b003fba0 unknown :-1 s=STATE_CONNECTING_RE l=1).process reconnect failed to v2:172.21.15.112:6800/1021036877
2024-04-25T15:51:27.089 INFO:teuthology.orchestra.run.smithi112.stdout:/usr/bin/ceph: stderr
2024-04-25T15:51:26.157+0000 7fc5c8daf700 1 --2- 172.21.15.112:0/2414557766 >> [v2:172.21.15.112:6800/1021036877,v1:172.21.15.112:6801/1021036877] conn(0x7fc5b003d690 0x7fc5b003fba0 unknown :-1 s=START_CONNECT pgs=0 cs=0 l=1 rev1=0 crypto rx=0 tx=0 comp rx=0 tx=0)._fault waiting 0.200000
2024-04-25T15:51:27.089 INFO:teuthology.orchestra.run.smithi112.stdout:/usr/bin/ceph: stderr
2024-04-25T15:51:26.162+0000 7fc5ba7fc700 1 -- 172.21.15.112:0/2414557766 <== mon.0 v2:172.21.15.112:3300/0 6 ==== mon_command_ack([{"prefix": "get_command_descriptions"}]=0 v0) ==== 72+0+188370 (secure 0 0 0) 0x7fc5c001f030 con 0x7fc5c410a440
2024-04-25T15:51:27.089 INFO:teuthology.orchestra.run.smithi112.stdout:/usr/bin/ceph: stderr
2024-04-25T15:51:26.358+0000 7fc5c8daf700 1 -- 172.21.15.112:0/2414557766 >> [v2:172.21.15.112:6800/1021036877,v1:172.21.15.112:6801/1021036877] conn(0x7fc5b003d690 msgr2=0x7fc5b003fba0 unknown :-1 s=STATE_CONNECTING_RE l=1).process reconnect failed to v2:172.21.15.112:6800/1021036877
2024-04-25T15:51:27.089 INFO:teuthology.orchestra.run.smithi112.stdout:/usr/bin/ceph: stderr
2024-04-25T15:51:26.358+0000 7fc5c8daf700 1 --2- 172.21.15.112:0/2414557766 >> [v2:172.21.15.112:6800/1021036877,v1:172.21.15.112:6801/1021036877] conn(0x7fc5b003d690 0x7fc5b003fba0 unknown :-1 s=START_CONNECT pgs=0 cs=0 l=1 rev1=0 crypto rx=0 tx=0 comp rx=0 tx=0)._fault waiting 0.400000
2024-04-25T15:51:27.089 INFO:teuthology.orchestra.run.smithi112.stdout:/usr/bin/ceph: stderr
2024-04-25T15:51:26.454+0000 7fc5cb814700 1 -- 172.21.15.112:0/2414557766 --> [v2:172.21.15.112:3300/0,v1:172.21.15.112:6789/0] -- mon_command({"prefix": "mgr stat"} v 0) -- 0x7fc5c4108f20 con 0x7fc5c410a440
2024-04-25T15:51:27.089 INFO:teuthology.orchestra.run.smithi112.stdout:/usr/bin/ceph: stderr
2024-04-25T15:51:26.456+0000 7fc5ba7fc700 1 -- 172.21.15.112:0/2414557766 <== mon.0 v2:172.21.15.112:3300/0 7 ==== mon_command_ack([{"prefix": "mgr stat"}]=0 v9) ==== 56+0+88 (secure 0 0 0) 0x7fc5c001ba80 con 0x7fc5c410a440
2024-04-25T15:51:27.089 INFO:teuthology.orchestra.run.smithi112.stdout:/usr/bin/ceph: stderr
2024-04-25T15:51:26.459+0000 7fc5cb814700 1 -- 172.21.15.112:0/2414557766 >> [v2:172.21.15.112:6800/1021036877,v1:172.21.15.112:6801/1021036877] conn(0x7fc5b003d690 msgr2=0x7fc5b003fba0 unknown :-1 s=STATE_CONNECTING l=1).mark_down
2024-04-25T15:51:27.089 INFO:teuthology.orchestra.run.smithi112.stdout:/usr/bin/ceph: stderr
2024-04-25T15:51:26.459+0000 7fc5cb814700 1 --2- 172.21.15.112:0/2414557766 >> [v2:172.21.15.112:6800/1021036877,v1:172.21.15.112:6801/1021036877] conn(0x7fc5b003d690 0x7fc5b003fba0 unknown :-1 s=START_CONNECT pgs=0 cs=0 l=1 rev1=0 crypto rx=0 tx=0 comp rx=0 tx=0).stop
2024-04-25T15:51:27.089 INFO:teuthology.orchestra.run.smithi112.stdout:/usr/bin/ceph: stderr
2024-04-25T15:51:26.459+0000 7fc5cb814700 1 -- 172.21.15.112:0/2414557766 >> [v2:172.21.15.112:3300/0,v1:172.21.15.112:6789/0] conn(0x7fc5c410a440 msgr2=0x7fc5c4109bc0 secure :-1 s=STATE_CONNECTION_ESTABLISHED l=1).mark_down
2024-04-25T15:51:27.090 INFO:teuthology.orchestra.run.smithi112.stdout:/usr/bin/ceph: stderr
2024-04-25T15:51:26.459+0000 7fc5cb814700 1 --2- 172.21.15.112:0/2414557766 >> [v2:172.21.15.112:3300/0,v1:172.21.15.112:6789/0] conn(0x7fc5c410a440 0x7fc5c4109bc0 secure :-1 s=READY pgs=60 cs=0 l=1 rev1=1 crypto rx=0x7fc5c0011670 tx=0x7fc5c0011a30 comp rx=0 tx=0).stop
2024-04-25T15:51:27.090 INFO:teuthology.orchestra.run.smithi112.stdout:/usr/bin/ceph: stderr
2024-04-25T15:51:26.463+0000 7fc5cb814700 1 -- 172.21.15.112:0/2414557766 shutdown_connections
2024-04-25T15:51:27.090 INFO:teuthology.orchestra.run.smithi112.stdout:/usr/bin/ceph: stderr
2024-04-25T15:51:26.463+0000 7fc5cb814700 1 --2- 172.21.15.112:0/2414557766 >> [v2:172.21.15.112:6800/1021036877,v1:172.21.15.112:6801/1021036877] conn(0x7fc5b003d690 0x7fc5b003fba0 unknown :-1 s=CLOSED pgs=0 cs=0 l=1 rev1=0 crypto rx=0 tx=0 comp rx=0 tx=0).stop
2024-04-25T15:51:27.090 INFO:teuthology.orchestra.run.smithi112.stdout:/usr/bin/ceph: stderr
2024-04-25T15:51:26.463+0000 7fc5cb814700 1 --2- 172.21.15.112:0/2414557766 >> [v2:172.21.15.112:3300/0,v1:172.21.15.112:6789/0] conn(0x7fc5c410a440 0x7fc5c4109bc0 unknown :-1 s=CLOSED pgs=60 cs=0 l=1 rev1=1 crypto rx=0 tx=0 comp rx=0 tx=0).stop
2024-04-25T15:51:27.090 INFO:teuthology.orchestra.run.smithi112.stdout:/usr/bin/ceph: stderr
2024-04-25T15:51:26.463+0000 7fc5cb814700 1 -- 172.21.15.112:0/2414557766 >> 172.21.15.112:0/2414557766 conn(0x7fc5c4103e60 msgr2=0x7fc5c4104690 unknown :-1 s=STATE_NONE l=0).mark_down
2024-04-25T15:51:27.090 INFO:teuthology.orchestra.run.smithi112.stdout:/usr/bin/ceph: stderr
2024-04-25T15:51:26.464+0000 7fc5cb814700 1 -- 172.21.15.112:0/2414557766 shutdown_connections
2024-04-25T15:51:27.090 INFO:teuthology.orchestra.run.smithi112.stdout:/usr/bin/ceph: stderr
2024-04-25T15:51:26.464+0000 7fc5cb814700 1 -- 172.21.15.112:0/2414557766 wait complete.
2024-04-25T15:51:27.090 INFO:teuthology.orchestra.run.smithi112.stdout:Waiting for the mgr to restart...
2024-04-25T15:51:27.090 INFO:teuthology.orchestra.run.smithi112.stdout:Waiting for mgr epoch 9...
2024-04-25T15:51:27.327 INFO:journalctl@ceph.mon.a.smithi112.stdout:Apr 25 15:51:27 smithi112 ceph-mon[29426]: from='client.? 172.21.15.112:0/2414557766' entity='client.admin' cmd=[{"prefix": "mgr stat"}]: dispatch
2024-04-25T15:51:27.328 INFO:journalctl@ceph.mgr.x.smithi112.stdout:Apr 25 15:51:27 smithi112 ceph-68f2f37e-031b-11ef-bc93-c7b262605968-mgr-x[29657]:
2024-04-25T15:51:27.257+0000 7f1b7f34a200 -1 mgr[py] Module telegraf has missing NOTIFY_TYPES member
2024-04-25T15:51:27.614 INFO:journalctl@ceph.mgr.x.smithi112.stdout:Apr 25 15:51:27 smithi112 ceph-68f2f37e-031b-11ef-bc93-c7b262605968-mgr-x[29657]:
2024-04-25T15:51:27.434+0000 7f1b7f34a200 -1 mgr[py] Module osd_support has missing NOTIFY_TYPES member
2024-04-25T15:51:27.614 INFO:journalctl@ceph.mgr.x.smithi112.stdout:Apr 25 15:51:27 smithi112 ceph-68f2f37e-031b-11ef-bc93-c7b262605968-mgr-x[29657]:
2024-04-25T15:51:27.613+0000 7f1b7f34a200 -1 mgr[py] Module iostat has missing NOTIFY_TYPES member
2024-04-25T15:51:28.178 INFO:journalctl@ceph.mgr.x.smithi112.stdout:Apr 25 15:51:27 smithi112 ceph-68f2f37e-031b-11ef-bc93-c7b262605968-mgr-x[29657]:
2024-04-25T15:51:27.907+0000 7f1b7f34a200 -1 mgr[py] Module alerts has missing NOTIFY_TYPES member
2024-04-25T15:51:28.178 INFO:journalctl@ceph.mgr.x.smithi112.stdout:Apr 25 15:51:28 smithi112 ceph-68f2f37e-031b-11ef-bc93-c7b262605968-mgr-x[29657]:
2024-04-25T15:51:28.001+0000 7f1b7f34a200 -1 mgr[py] Module selftest has missing NOTIFY_TYPES member
2024-04-25T15:51:28.455 INFO:journalctl@ceph.mgr.x.smithi112.stdout:Apr 25 15:51:28 smithi112 ceph-68f2f37e-031b-11ef-bc93-c7b262605968-mgr-x[29657]:
2024-04-25T15:51:28.205+0000 7f1b7f34a200 -1 mgr[py] Module pg_autoscaler has missing NOTIFY_TYPES member
2024-04-25T15:51:28.455 INFO:journalctl@ceph.mgr.x.smithi112.stdout:Apr 25 15:51:28 smithi112 ceph-68f2f37e-031b-11ef-bc93-c7b262605968-mgr-x[29657]:
2024-04-25T15:51:28.400+0000 7f1b7f34a200 -1 mgr[py] Module test_orchestrator has missing NOTIFY_TYPES member
2024-04-25T15:51:29.433 INFO:journalctl@ceph.mgr.x.smithi112.stdout:Apr 25 15:51:28 smithi112 ceph-68f2f37e-031b-11ef-bc93-c7b262605968-mgr-x[29657]:
2024-04-25T15:51:28.998+0000 7f1b7f34a200 -1 mgr[py] Module rook has missing NOTIFY_TYPES member
2024-04-25T15:51:29.705 INFO:journalctl@ceph.mgr.x.smithi112.stdout:Apr 25 15:51:29 smithi112 ceph-68f2f37e-031b-11ef-bc93-c7b262605968-mgr-x[29657]:
2024-04-25T15:51:29.432+0000 7f1b7f34a200 -1 mgr[py] Module volumes has missing NOTIFY_TYPES member
2024-04-25T15:51:29.705 INFO:journalctl@ceph.mgr.x.smithi112.stdout:Apr 25 15:51:29 smithi112 ceph-68f2f37e-031b-11ef-bc93-c7b262605968-mgr-x[29657]:
2024-04-25T15:51:29.529+0000 7f1b7f34a200 -1 mgr[py] Module crash has missing NOTIFY_TYPES member
2024-04-25T15:51:30.205 INFO:journalctl@ceph.mgr.x.smithi112.stdout:Apr 25 15:51:29 smithi112 ceph-68f2f37e-031b-11ef-bc93-c7b262605968-mgr-x[29657]:
2024-04-25T15:51:29.734+0000 7f1b7f34a200 -1 mgr[py] Module rgw has missing NOTIFY_TYPES member
2024-04-25T15:51:30.579 INFO:journalctl@ceph.mgr.x.smithi112.stdout:Apr 25 15:51:30 smithi112 ceph-68f2f37e-031b-11ef-bc93-c7b262605968-mgr-x[29657]:
2024-04-25T15:51:30.277+0000 7f1b7f34a200 -1 mgr[py] Module prometheus has missing NOTIFY_TYPES member
2024-04-25T15:51:30.579 INFO:journalctl@ceph.mgr.x.smithi112.stdout:Apr 25 15:51:30 smithi112 ceph-68f2f37e-031b-11ef-bc93-c7b262605968-mgr-x[29657]:
2024-04-25T15:51:30.371+0000 7f1b7f34a200 -1 mgr[py] Module devicehealth has missing NOTIFY_TYPES member
2024-04-25T15:51:30.851 INFO:journalctl@ceph.mgr.x.smithi112.stdout:Apr 25 15:51:30 smithi112 ceph-68f2f37e-031b-11ef-bc93-c7b262605968-mgr-x[29657]:
2024-04-25T15:51:30.617+0000 7f1b7f34a200 -1 mgr[py] Module telemetry has missing NOTIFY_TYPES member
2024-04-25T15:51:30.851 INFO:journalctl@ceph.mgr.x.smithi112.stdout:Apr 25 15:51:30 smithi112 ceph-68f2f37e-031b-11ef-bc93-c7b262605968-mgr-x[29657]:
2024-04-25T15:51:30.752+0000 7f1b7f34a200 -1 mgr[py] Module diskprediction_local has missing NOTIFY_TYPES member
2024-04-25T15:51:30.851 INFO:journalctl@ceph.mgr.x.smithi112.stdout:Apr 25 15:51:30 smithi112 ceph-68f2f37e-031b-11ef-bc93-c7b262605968-mgr-x[29657]:
2024-04-25T15:51:30.850+0000 7f1b7f34a200 -1 mgr[py] Module osd_perf_query has missing NOTIFY_TYPES member
2024-04-25T15:51:31.205 INFO:journalctl@ceph.mgr.x.smithi112.stdout:Apr 25 15:51:30 smithi112 ceph-68f2f37e-031b-11ef-bc93-c7b262605968-mgr-x[29657]:
2024-04-25T15:51:30.970+0000 7f1b7f34a200 -1 mgr[py] Module rbd_support has missing NOTIFY_TYPES member
2024-04-25T15:51:31.554 INFO:journalctl@ceph.mgr.x.smithi112.stdout:Apr 25 15:51:31 smithi112 ceph-68f2f37e-031b-11ef-bc93-c7b262605968-mgr-x[29657]:
2024-04-25T15:51:31.280+0000 7f1b7f34a200 -1 mgr[py] Module zabbix has missing NOTIFY_TYPES member
2024-04-25T15:51:32.170 INFO:journalctl@ceph.mgr.x.smithi112.stdout:Apr 25 15:51:31 smithi112 ceph-68f2f37e-031b-11ef-bc93-c7b262605968-mgr-x[29657]:
2024-04-25T15:51:31.894+0000 7f1b7f34a200 -1 mgr[py] Module status has missing NOTIFY_TYPES member
2024-04-25T15:51:32.170 INFO:journalctl@ceph.mgr.x.smithi112.stdout:Apr 25 15:51:32 smithi112 ceph-68f2f37e-031b-11ef-bc93-c7b262605968-mgr-x[29657]:
2024-04-25T15:51:32.115+0000 7f1b7f34a200 -1 mgr[py] Module nfs has missing NOTIFY_TYPES member
2024-04-25T15:51:32.455 INFO:journalctl@ceph.mon.a.smithi112.stdout:Apr 25 15:51:32 smithi112 ceph-mon[29426]: Active manager daemon x restarted
2024-04-25T15:51:32.455 INFO:journalctl@ceph.mon.a.smithi112.stdout:Apr 25 15:51:32 smithi112 ceph-mon[29426]: Activating manager daemon x
2024-04-25T15:51:32.455 INFO:journalctl@ceph.mon.a.smithi112.stdout:Apr 25 15:51:32 smithi112 ceph-mon[29426]: osdmap e3: 0 total, 0 up, 0 in
2024-04-25T15:51:32.455 INFO:journalctl@ceph.mon.a.smithi112.stdout:Apr 25 15:51:32 smithi112 ceph-mon[29426]: mgrmap e10: x(active, starting, since 0.00446079s)
2024-04-25T15:51:32.455 INFO:journalctl@ceph.mon.a.smithi112.stdout:Apr 25 15:51:32 smithi112 ceph-mon[29426]: from='mgr.14152 172.21.15.112:0/2960804378' entity='mgr.x' cmd=[{"prefix": "mon metadata", "id": "a"}]: dispatch
2024-04-25T15:51:32.455 INFO:journalctl@ceph.mon.a.smithi112.stdout:Apr 25 15:51:32 smithi112 ceph-mon[29426]: from='mgr.14152 172.21.15.112:0/2960804378' entity='mgr.x' cmd=[{"prefix": "mgr metadata", "who": "x", "id": "x"}]: dispatch
2024-04-25T15:51:32.456 INFO:journalctl@ceph.mon.a.smithi112.stdout:Apr 25 15:51:32 smithi112 ceph-mon[29426]: from='mgr.14152 172.21.15.112:0/2960804378' entity='mgr.x' cmd=[{"prefix": "mds metadata"}]: dispatch
2024-04-25T15:51:32.456 INFO:journalctl@ceph.mon.a.smithi112.stdout:Apr 25 15:51:32 smithi112 ceph-mon[29426]: from='mgr.14152 172.21.15.112:0/2960804378' entity='mgr.x' cmd=[{"prefix": "osd metadata"}]: dispatch
2024-04-25T15:51:32.456 INFO:journalctl@ceph.mon.a.smithi112.stdout:Apr 25 15:51:32 smithi112 ceph-mon[29426]: from='mgr.14152 172.21.15.112:0/2960804378' entity='mgr.x' cmd=[{"prefix": "mon metadata"}]: dispatch
2024-04-25T15:51:32.456 INFO:journalctl@ceph.mon.a.smithi112.stdout:Apr 25 15:51:32 smithi112 ceph-mon[29426]: Manager daemon x is now available
2024-04-25T15:51:32.456 INFO:journalctl@ceph.mon.a.smithi112.stdout:Apr 25 15:51:32 smithi112 ceph-mon[29426]: from='mgr.14152 172.21.15.112:0/2960804378' entity='mgr.x' cmd=[{"prefix": "config dump", "format": "json"}]: dispatch
2024-04-25T15:51:33.455 INFO:journalctl@ceph.mon.a.smithi112.stdout:Apr 25 15:51:33 smithi112 ceph-mon[29426]: from='mgr.14152 172.21.15.112:0/2960804378' entity='mgr.x' cmd=[{"prefix":"config rm","who":"mgr","name":"mgr/rbd_support/x/mirror_snapshot_schedule"}]: dispatch
2024-04-25T15:51:33.455 INFO:journalctl@ceph.mon.a.smithi112.stdout:Apr 25 15:51:33 smithi112 ceph-mon[29426]: from='mgr.14152 172.21.15.112:0/2960804378' entity='mgr.x' cmd=[{"prefix":"config rm","who":"mgr","name":"mgr/rbd_support/x/trash_purge_schedule"}]: dispatch
2024-04-25T15:51:33.455 INFO:journalctl@ceph.mon.a.smithi112.stdout:Apr 25 15:51:33 smithi112 ceph-mon[29426]: mgrmap e11: x(active, since 1.0066s)
2024-04-25T15:51:34.063 INFO:teuthology.orchestra.run.smithi112.stdout:/usr/bin/ceph: stdout {
2024-04-25T15:51:34.064 INFO:teuthology.orchestra.run.smithi112.stdout:/usr/bin/ceph: stdout "mgrmap_epoch": 11,
2024-04-25T15:51:34.064 INFO:teuthology.orchestra.run.smithi112.stdout:/usr/bin/ceph: stdout "initialized": true
2024-04-25T15:51:34.064 INFO:teuthology.orchestra.run.smithi112.stdout:/usr/bin/ceph: stdout }
2024-04-25T15:51:34.064 INFO:teuthology.orchestra.run.smithi112.stdout:/usr/bin/ceph: stderr
2024-04-25T15:51:27.569+0000 7fcde9945700 1 Processor -- start
2024-04-25T15:51:34.064 INFO:teuthology.orchestra.run.smithi112.stdout:/usr/bin/ceph: stderr
2024-04-25T15:51:27.569+0000 7fcde9945700 1 -- start start
2024-04-25T15:51:34.064 INFO:teuthology.orchestra.run.smithi112.stdout:/usr/bin/ceph: stderr
2024-04-25T15:51:27.569+0000 7fcde9945700 1 --2- >> [v2:172.21.15.112:3300/0,v1:172.21.15.112:6789/0] conn(0x7fcde410a440 0x7fcde410c860 unknown :-1 s=NONE pgs=0 cs=0 l=0 rev1=0 crypto rx=0 tx=0 comp rx=0 tx=0).connect
2024-04-25T15:51:34.064 INFO:teuthology.orchestra.run.smithi112.stdout:/usr/bin/ceph: stderr
2024-04-25T15:51:27.569+0000 7fcde9945700 1 -- --> [v2:172.21.15.112:3300/0,v1:172.21.15.112:6789/0] -- mon_getmap magic: 0 -- 0x7fcde407cdf0 con 0x7fcde410a440
2024-04-25T15:51:34.064 INFO:teuthology.orchestra.run.smithi112.stdout:/usr/bin/ceph: stderr
2024-04-25T15:51:27.570+0000 7fcde2ffd700 1 --2- >> [v2:172.21.15.112:3300/0,v1:172.21.15.112:6789/0] conn(0x7fcde410a440 0x7fcde410c860 unknown :-1 s=BANNER_CONNECTING pgs=0 cs=0 l=0 rev1=0 crypto rx=0 tx=0 comp rx=0 tx=0)._handle_peer_banner_payload supported=3 required=0
2024-04-25T15:51:34.064 INFO:teuthology.orchestra.run.smithi112.stdout:/usr/bin/ceph: stderr
2024-04-25T15:51:27.570+0000 7fcde2ffd700 1 --2- >> [v2:172.21.15.112:3300/0,v1:172.21.15.112:6789/0] conn(0x7fcde410a440 0x7fcde410c860 unknown :-1 s=HELLO_CONNECTING pgs=0 cs=0 l=0 rev1=1 crypto rx=0 tx=0 comp rx=0 tx=0).handle_hello peer v2:172.21.15.112:3300/0 says I am v2:172.21.15.112:36722/0 (socket says 172.21.15.112:36722)
2024-04-25T15:51:34.064 INFO:teuthology.orchestra.run.smithi112.stdout:/usr/bin/ceph: stderr
2024-04-25T15:51:27.570+0000 7fcde2ffd700 1 -- 172.21.15.112:0/68600057 learned_addr learned my addr 172.21.15.112:0/68600057 (peer_addr_for_me v2:172.21.15.112:0/0)
2024-04-25T15:51:34.064 INFO:teuthology.orchestra.run.smithi112.stdout:/usr/bin/ceph: stderr
2024-04-25T15:51:27.570+0000 7fcde2ffd700 1 -- 172.21.15.112:0/68600057 --> [v2:172.21.15.112:3300/0,v1:172.21.15.112:6789/0] -- mon_subscribe({config=0+,monmap=0+}) -- 0x7fcde410cda0 con 0x7fcde410a440
2024-04-25T15:51:34.065 INFO:teuthology.orchestra.run.smithi112.stdout:/usr/bin/ceph: stderr
2024-04-25T15:51:27.570+0000 7fcde2ffd700 1 --2- 172.21.15.112:0/68600057 >> [v2:172.21.15.112:3300/0,v1:172.21.15.112:6789/0] conn(0x7fcde410a440 0x7fcde410c860 secure :-1 s=READY pgs=61 cs=0 l=1 rev1=1 crypto rx=0x7fcdd80098a0 tx=0x7fcdd8009bb0 comp rx=0 tx=0).ready entity=mon.0 client_cookie=4531b402ef7cdf71 server_cookie=0 in_seq=0 out_seq=0
2024-04-25T15:51:34.065 INFO:teuthology.orchestra.run.smithi112.stdout:/usr/bin/ceph: stderr
2024-04-25T15:51:27.570+0000 7fcde1ffb700 1 -- 172.21.15.112:0/68600057 <== mon.0 v2:172.21.15.112:3300/0 1 ==== mon_map magic: 0 ==== 205+0+0 (secure 0 0 0) 0x7fcdd8004160 con 0x7fcde410a440
2024-04-25T15:51:34.065 INFO:teuthology.orchestra.run.smithi112.stdout:/usr/bin/ceph: stderr
2024-04-25T15:51:27.570+0000 7fcde1ffb700 1 -- 172.21.15.112:0/68600057 <== mon.0 v2:172.21.15.112:3300/0 2 ==== config(25 keys) ==== 1063+0+0 (secure 0 0 0) 0x7fcdd8004300 con 0x7fcde410a440
2024-04-25T15:51:34.065 INFO:teuthology.orchestra.run.smithi112.stdout:/usr/bin/ceph: stderr
2024-04-25T15:51:27.570+0000 7fcde1ffb700 1 -- 172.21.15.112:0/68600057 <== mon.0 v2:172.21.15.112:3300/0 3 ==== mon_map magic: 0 ==== 205+0+0 (secure 0 0 0) 0x7fcdd8011960 con 0x7fcde410a440
2024-04-25T15:51:34.065 INFO:teuthology.orchestra.run.smithi112.stdout:/usr/bin/ceph: stderr
2024-04-25T15:51:27.571+0000 7fcde9945700 1 -- 172.21.15.112:0/68600057 >> [v2:172.21.15.112:3300/0,v1:172.21.15.112:6789/0] conn(0x7fcde410a440 msgr2=0x7fcde410c860 secure :-1 s=STATE_CONNECTION_ESTABLISHED l=1).mark_down
2024-04-25T15:51:34.065 INFO:teuthology.orchestra.run.smithi112.stdout:/usr/bin/ceph: stderr
2024-04-25T15:51:27.571+0000 7fcde9945700 1 --2- 172.21.15.112:0/68600057 >> [v2:172.21.15.112:3300/0,v1:172.21.15.112:6789/0] conn(0x7fcde410a440 0x7fcde410c860 secure :-1 s=READY pgs=61 cs=0 l=1 rev1=1 crypto rx=0x7fcdd80098a0 tx=0x7fcdd8009bb0 comp rx=0 tx=0).stop
2024-04-25T15:51:34.065 INFO:teuthology.orchestra.run.smithi112.stdout:/usr/bin/ceph: stderr
2024-04-25T15:51:27.571+0000 7fcde9945700 1 -- 172.21.15.112:0/68600057 shutdown_connections
2024-04-25T15:51:34.065 INFO:teuthology.orchestra.run.smithi112.stdout:/usr/bin/ceph: stderr
2024-04-25T15:51:27.571+0000 7fcde9945700 1 --2- 172.21.15.112:0/68600057 >> [v2:172.21.15.112:3300/0,v1:172.21.15.112:6789/0] conn(0x7fcde410a440 0x7fcde410c860 unknown :-1 s=CLOSED pgs=61 cs=0 l=1 rev1=1 crypto rx=0 tx=0 comp rx=0 tx=0).stop
2024-04-25T15:51:34.065 INFO:teuthology.orchestra.run.smithi112.stdout:/usr/bin/ceph: stderr
2024-04-25T15:51:27.571+0000 7fcde9945700 1 -- 172.21.15.112:0/68600057 >> 172.21.15.112:0/68600057 conn(0x7fcde4103e60 msgr2=0x7fcde41062f0 unknown :-1 s=STATE_NONE l=0).mark_down
2024-04-25T15:51:34.065 INFO:teuthology.orchestra.run.smithi112.stdout:/usr/bin/ceph: stderr
2024-04-25T15:51:27.571+0000 7fcde9945700 1 -- 172.21.15.112:0/68600057 shutdown_connections
2024-04-25T15:51:34.065 INFO:teuthology.orchestra.run.smithi112.stdout:/usr/bin/ceph: stderr
2024-04-25T15:51:27.571+0000 7fcde9945700 1 -- 172.21.15.112:0/68600057 wait complete.
2024-04-25T15:51:34.065 INFO:teuthology.orchestra.run.smithi112.stdout:/usr/bin/ceph: stderr
2024-04-25T15:51:27.572+0000 7fcde9945700 1 Processor -- start
2024-04-25T15:51:34.066 INFO:teuthology.orchestra.run.smithi112.stdout:/usr/bin/ceph: stderr
2024-04-25T15:51:27.572+0000 7fcde9945700 1 -- start start
2024-04-25T15:51:34.066 INFO:teuthology.orchestra.run.smithi112.stdout:/usr/bin/ceph: stderr
2024-04-25T15:51:27.572+0000 7fcde9945700 1 --2- >> [v2:172.21.15.112:3300/0,v1:172.21.15.112:6789/0] conn(0x7fcde410a440 0x7fcde419dbe0 unknown :-1 s=NONE pgs=0 cs=0 l=1 rev1=0 crypto rx=0 tx=0 comp rx=0 tx=0).connect
2024-04-25T15:51:34.066 INFO:teuthology.orchestra.run.smithi112.stdout:/usr/bin/ceph: stderr
2024-04-25T15:51:27.572+0000 7fcde9945700 1 -- --> [v2:172.21.15.112:3300/0,v1:172.21.15.112:6789/0] -- mon_getmap magic: 0 -- 0x7fcde410dce0 con 0x7fcde410a440
2024-04-25T15:51:34.066 INFO:teuthology.orchestra.run.smithi112.stdout:/usr/bin/ceph: stderr
2024-04-25T15:51:27.572+0000 7fcde2ffd700 1 --2- >> [v2:172.21.15.112:3300/0,v1:172.21.15.112:6789/0] conn(0x7fcde410a440 0x7fcde419dbe0 unknown :-1 s=BANNER_CONNECTING pgs=0 cs=0 l=1 rev1=0 crypto rx=0 tx=0 comp rx=0 tx=0)._handle_peer_banner_payload supported=3 required=0
2024-04-25T15:51:34.066 INFO:teuthology.orchestra.run.smithi112.stdout:/usr/bin/ceph: stderr
2024-04-25T15:51:27.572+0000 7fcde2ffd700 1 --2- >> [v2:172.21.15.112:3300/0,v1:172.21.15.112:6789/0] conn(0x7fcde410a440 0x7fcde419dbe0 unknown :-1 s=HELLO_CONNECTING pgs=0 cs=0 l=1 rev1=1 crypto rx=0 tx=0 comp rx=0 tx=0).handle_hello peer v2:172.21.15.112:3300/0 says I am v2:172.21.15.112:36734/0 (socket says 172.21.15.112:36734)
2024-04-25T15:51:34.066 INFO:teuthology.orchestra.run.smithi112.stdout:/usr/bin/ceph: stderr
2024-04-25T15:51:27.572+0000 7fcde2ffd700 1 -- 172.21.15.112:0/2274834168 learned_addr learned my addr 172.21.15.112:0/2274834168 (peer_addr_for_me v2:172.21.15.112:0/0)
2024-04-25T15:51:34.066 INFO:teuthology.orchestra.run.smithi112.stdout:/usr/bin/ceph: stderr
2024-04-25T15:51:27.573+0000 7fcde2ffd700 1 -- 172.21.15.112:0/2274834168 --> [v2:172.21.15.112:3300/0,v1:172.21.15.112:6789/0] -- mon_subscribe({config=0+,monmap=0+}) -- 0x7fcde419e120 con 0x7fcde410a440
2024-04-25T15:51:34.066 INFO:teuthology.orchestra.run.smithi112.stdout:/usr/bin/ceph: stderr
2024-04-25T15:51:27.573+0000 7fcde2ffd700 1 --2- 172.21.15.112:0/2274834168 >> [v2:172.21.15.112:3300/0,v1:172.21.15.112:6789/0] conn(0x7fcde410a440 0x7fcde419dbe0 secure :-1 s=READY pgs=62 cs=0 l=1 rev1=1 crypto rx=0x7fcdd8011670 tx=0x7fcdd8011a30 comp rx=0 tx=0).ready entity=mon.0 client_cookie=0 server_cookie=0 in_seq=0 out_seq=0
2024-04-25T15:51:34.066 INFO:teuthology.orchestra.run.smithi112.stdout:/usr/bin/ceph: stderr
2024-04-25T15:51:27.573+0000 7fcde8943700 1 -- 172.21.15.112:0/2274834168 <== mon.0 v2:172.21.15.112:3300/0 1 ==== mon_map magic: 0 ==== 205+0+0 (secure 0 0 0) 0x7fcdd8003a60 con 0x7fcde410a440
2024-04-25T15:51:34.066 INFO:teuthology.orchestra.run.smithi112.stdout:/usr/bin/ceph: stderr
2024-04-25T15:51:27.573+0000 7fcde9945700 1 -- 172.21.15.112:0/2274834168 --> [v2:172.21.15.112:3300/0,v1:172.21.15.112:6789/0] -- mon_subscribe({mgrmap=0+}) -- 0x7fcde419e3b0 con 0x7fcde410a440
2024-04-25T15:51:34.066 INFO:teuthology.orchestra.run.smithi112.stdout:/usr/bin/ceph: stderr
2024-04-25T15:51:27.573+0000 7fcde8943700 1 -- 172.21.15.112:0/2274834168 <== mon.0 v2:172.21.15.112:3300/0 2 ==== config(25 keys) ==== 1063+0+0 (secure 0 0 0) 0x7fcdd801b8d0 con 0x7fcde410a440
2024-04-25T15:51:34.066 INFO:teuthology.orchestra.run.smithi112.stdout:/usr/bin/ceph: stderr
2024-04-25T15:51:27.573+0000 7fcde8943700 1 -- 172.21.15.112:0/2274834168 <== mon.0 v2:172.21.15.112:3300/0 3 ==== mon_map magic: 0 ==== 205+0+0 (secure 0 0 0) 0x7fcdd8023750 con 0x7fcde410a440
2024-04-25T15:51:34.066 INFO:teuthology.orchestra.run.smithi112.stdout:/usr/bin/ceph: stderr
2024-04-25T15:51:27.573+0000 7fcde9945700 1 -- 172.21.15.112:0/2274834168 --> [v2:172.21.15.112:3300/0,v1:172.21.15.112:6789/0] -- mon_subscribe({osdmap=0}) -- 0x7fcde41a0fc0 con 0x7fcde410a440
2024-04-25T15:51:34.066 INFO:teuthology.orchestra.run.smithi112.stdout:/usr/bin/ceph: stderr
2024-04-25T15:51:27.574+0000 7fcde8943700 1 -- 172.21.15.112:0/2274834168 <== mon.0 v2:172.21.15.112:3300/0 4 ==== mgrmap(e 9) ==== 49529+0+0 (secure 0 0 0) 0x7fcdd8023a50 con 0x7fcde410a440
2024-04-25T15:51:34.067 INFO:teuthology.orchestra.run.smithi112.stdout:/usr/bin/ceph: stderr
2024-04-25T15:51:27.574+0000 7fcde8943700 1 --2- 172.21.15.112:0/2274834168 >> [v2:172.21.15.112:6800/1021036877,v1:172.21.15.112:6801/1021036877] conn(0x7fcdcc03d630 0x7fcdcc03fb40 unknown :-1 s=NONE pgs=0 cs=0 l=1 rev1=0 crypto rx=0 tx=0 comp rx=0 tx=0).connect
2024-04-25T15:51:34.067 INFO:teuthology.orchestra.run.smithi112.stdout:/usr/bin/ceph: stderr
2024-04-25T15:51:27.574+0000 7fcde8943700 1 -- 172.21.15.112:0/2274834168 --> [v2:172.21.15.112:6800/1021036877,v1:172.21.15.112:6801/1021036877] -- command(tid 0: {"prefix": "get_command_descriptions"}) -- 0x7fcdcc040250 con 0x7fcdcc03d630
2024-04-25T15:51:34.067 INFO:teuthology.orchestra.run.smithi112.stdout:/usr/bin/ceph: stderr
2024-04-25T15:51:27.574+0000 7fcde8943700 1 -- 172.21.15.112:0/2274834168 <== mon.0 v2:172.21.15.112:3300/0 5 ==== osd_map(2..2 src has 1..2) ==== 940+0+0 (secure 0 0 0) 0x7fcdd8053c60 con 0x7fcde410a440
2024-04-25T15:51:34.067 INFO:teuthology.orchestra.run.smithi112.stdout:/usr/bin/ceph: stderr
2024-04-25T15:51:27.574+0000 7fcde27fc700 1 -- 172.21.15.112:0/2274834168 >> [v2:172.21.15.112:6800/1021036877,v1:172.21.15.112:6801/1021036877] conn(0x7fcdcc03d630 msgr2=0x7fcdcc03fb40 unknown :-1 s=STATE_CONNECTING_RE l=1).process reconnect failed to v2:172.21.15.112:6800/1021036877
2024-04-25T15:51:34.067 INFO:teuthology.orchestra.run.smithi112.stdout:/usr/bin/ceph: stderr
2024-04-25T15:51:27.574+0000 7fcde27fc700 1 --2- 172.21.15.112:0/2274834168 >> [v2:172.21.15.112:6800/1021036877,v1:172.21.15.112:6801/1021036877] conn(0x7fcdcc03d630 0x7fcdcc03fb40 unknown :-1 s=START_CONNECT pgs=0 cs=0 l=1 rev1=0 crypto rx=0 tx=0 comp rx=0 tx=0)._fault waiting 0.200000
2024-04-25T15:51:34.067 INFO:teuthology.orchestra.run.smithi112.stdout:/usr/bin/ceph: stderr
2024-04-25T15:51:27.775+0000 7fcde27fc700 1 -- 172.21.15.112:0/2274834168 >> [v2:172.21.15.112:6800/1021036877,v1:172.21.15.112:6801/1021036877] conn(0x7fcdcc03d630 msgr2=0x7fcdcc03fb40 unknown :-1 s=STATE_CONNECTING_RE l=1).process reconnect failed to v2:172.21.15.112:6800/1021036877
2024-04-25T15:51:34.067 INFO:teuthology.orchestra.run.smithi112.stdout:/usr/bin/ceph: stderr
2024-04-25T15:51:27.775+0000 7fcde27fc700 1 --2- 172.21.15.112:0/2274834168 >> [v2:172.21.15.112:6800/1021036877,v1:172.21.15.112:6801/1021036877] conn(0x7fcdcc03d630 0x7fcdcc03fb40 unknown :-1 s=START_CONNECT pgs=0 cs=0 l=1 rev1=0 crypto rx=0 tx=0 comp rx=0 tx=0)._fault waiting 0.400000
2024-04-25T15:51:34.067 INFO:teuthology.orchestra.run.smithi112.stdout:/usr/bin/ceph: stderr
2024-04-25T15:51:28.176+0000 7fcde27fc700 1 -- 172.21.15.112:0/2274834168 >> [v2:172.21.15.112:6800/1021036877,v1:172.21.15.112:6801/1021036877] conn(0x7fcdcc03d630 msgr2=0x7fcdcc03fb40 unknown :-1 s=STATE_CONNECTING_RE l=1).process reconnect failed to v2:172.21.15.112:6800/1021036877
2024-04-25T15:51:34.067 INFO:teuthology.orchestra.run.smithi112.stdout:/usr/bin/ceph: stderr
2024-04-25T15:51:28.176+0000 7fcde27fc700 1 --2- 172.21.15.112:0/2274834168 >> [v2:172.21.15.112:6800/1021036877,v1:172.21.15.112:6801/1021036877] conn(0x7fcdcc03d630 0x7fcdcc03fb40 unknown :-1 s=START_CONNECT pgs=0 cs=0 l=1 rev1=0 crypto rx=0 tx=0 comp rx=0 tx=0)._fault waiting 0.800000
2024-04-25T15:51:34.067 INFO:teuthology.orchestra.run.smithi112.stdout:/usr/bin/ceph: stderr
2024-04-25T15:51:28.977+0000 7fcde27fc700 1 -- 172.21.15.112:0/2274834168 >> [v2:172.21.15.112:6800/1021036877,v1:172.21.15.112:6801/1021036877] conn(0x7fcdcc03d630 msgr2=0x7fcdcc03fb40 unknown :-1 s=STATE_CONNECTING_RE l=1).process reconnect failed to v2:172.21.15.112:6800/1021036877
2024-04-25T15:51:34.067 INFO:teuthology.orchestra.run.smithi112.stdout:/usr/bin/ceph: stderr
2024-04-25T15:51:28.977+0000 7fcde27fc700 1 --2- 172.21.15.112:0/2274834168 >> [v2:172.21.15.112:6800/1021036877,v1:172.21.15.112:6801/1021036877] conn(0x7fcdcc03d630 0x7fcdcc03fb40 unknown :-1 s=START_CONNECT pgs=0 cs=0 l=1 rev1=0 crypto rx=0 tx=0 comp rx=0 tx=0)._fault waiting 1.600000
2024-04-25T15:51:34.067 INFO:teuthology.orchestra.run.smithi112.stdout:/usr/bin/ceph: stderr
2024-04-25T15:51:30.578+0000 7fcde27fc700 1 -- 172.21.15.112:0/2274834168 >> [v2:172.21.15.112:6800/1021036877,v1:172.21.15.112:6801/1021036877] conn(0x7fcdcc03d630 msgr2=0x7fcdcc03fb40 unknown :-1 s=STATE_CONNECTING_RE l=1).process reconnect failed to v2:172.21.15.112:6800/1021036877
2024-04-25T15:51:34.067 INFO:teuthology.orchestra.run.smithi112.stdout:/usr/bin/ceph: stderr
2024-04-25T15:51:30.578+0000 7fcde27fc700 1 --2- 172.21.15.112:0/2274834168 >> [v2:172.21.15.112:6800/1021036877,v1:172.21.15.112:6801/1021036877] conn(0x7fcdcc03d630 0x7fcdcc03fb40 unknown :-1 s=START_CONNECT pgs=0 cs=0 l=1 rev1=0 crypto rx=0 tx=0 comp rx=0 tx=0)._fault waiting 3.200000
2024-04-25T15:51:34.067 INFO:teuthology.orchestra.run.smithi112.stdout:/usr/bin/ceph: stderr
2024-04-25T15:51:32.120+0000 7fcde8943700 1 -- 172.21.15.112:0/2274834168 <== mon.0 v2:172.21.15.112:3300/0 6 ==== mgrmap(e 10) ==== 49296+0+0 (secure 0 0 0) 0x7fcdd802c3f0 con 0x7fcde410a440
2024-04-25T15:51:34.067 INFO:teuthology.orchestra.run.smithi112.stdout:/usr/bin/ceph: stderr
2024-04-25T15:51:32.120+0000 7fcde8943700 1 -- 172.21.15.112:0/2274834168 >> [v2:172.21.15.112:6800/1021036877,v1:172.21.15.112:6801/1021036877] conn(0x7fcdcc03d630 msgr2=0x7fcdcc03fb40 unknown :-1 s=STATE_CONNECTING l=1).mark_down
2024-04-25T15:51:34.068 INFO:teuthology.orchestra.run.smithi112.stdout:/usr/bin/ceph: stderr
2024-04-25T15:51:32.120+0000 7fcde8943700 1 --2- 172.21.15.112:0/2274834168 >> [v2:172.21.15.112:6800/1021036877,v1:172.21.15.112:6801/1021036877] conn(0x7fcdcc03d630 0x7fcdcc03fb40 unknown :-1 s=START_CONNECT pgs=0 cs=0 l=1 rev1=0 crypto rx=0 tx=0 comp rx=0 tx=0).stop
2024-04-25T15:51:34.068 INFO:teuthology.orchestra.run.smithi112.stdout:/usr/bin/ceph: stderr
2024-04-25T15:51:33.121+0000 7fcde8943700 1 -- 172.21.15.112:0/2274834168 <== mon.0 v2:172.21.15.112:3300/0 7 ==== mgrmap(e 11) ==== 49423+0+0 (secure 0 0 0) 0x7fcdd802b350 con 0x7fcde410a440
2024-04-25T15:51:34.068 INFO:teuthology.orchestra.run.smithi112.stdout:/usr/bin/ceph: stderr
2024-04-25T15:51:33.122+0000 7fcde8943700 1 --2- 172.21.15.112:0/2274834168 >> [v2:172.21.15.112:6800/4128478085,v1:172.21.15.112:6801/4128478085] conn(0x7fcdd80537f0 0x7fcdcc042fd0 unknown :-1 s=NONE pgs=0 cs=0 l=1 rev1=0 crypto rx=0 tx=0 comp rx=0 tx=0).connect
2024-04-25T15:51:34.068 INFO:teuthology.orchestra.run.smithi112.stdout:/usr/bin/ceph: stderr
2024-04-25T15:51:33.122+0000 7fcde8943700 1 -- 172.21.15.112:0/2274834168 --> [v2:172.21.15.112:6800/4128478085,v1:172.21.15.112:6801/4128478085] -- command(tid 0: {"prefix": "get_command_descriptions"}) -- 0x7fcdd8008e50 con 0x7fcdd80537f0
2024-04-25T15:51:34.068 INFO:teuthology.orchestra.run.smithi112.stdout:/usr/bin/ceph: stderr
2024-04-25T15:51:33.122+0000 7fcde27fc700 1 --2- 172.21.15.112:0/2274834168 >> [v2:172.21.15.112:6800/4128478085,v1:172.21.15.112:6801/4128478085] conn(0x7fcdd80537f0 0x7fcdcc042fd0 unknown :-1 s=BANNER_CONNECTING pgs=0 cs=0 l=1 rev1=0 crypto rx=0 tx=0 comp rx=0 tx=0)._handle_peer_banner_payload supported=3 required=0
2024-04-25T15:51:34.068 INFO:teuthology.orchestra.run.smithi112.stdout:/usr/bin/ceph: stderr
2024-04-25T15:51:33.123+0000 7fcde27fc700 1 --2- 172.21.15.112:0/2274834168 >> [v2:172.21.15.112:6800/4128478085,v1:172.21.15.112:6801/4128478085] conn(0x7fcdd80537f0 0x7fcdcc042fd0 secure :-1 s=READY pgs=5 cs=0 l=1 rev1=1 crypto rx=0x7fcdd4003a10 tx=0x7fcdd40092b0 comp rx=0 tx=0).ready entity=mgr.14152 client_cookie=0 server_cookie=0 in_seq=0 out_seq=0
2024-04-25T15:51:34.068 INFO:teuthology.orchestra.run.smithi112.stdout:/usr/bin/ceph: stderr
2024-04-25T15:51:33.124+0000 7fcde8943700 1 -- 172.21.15.112:0/2274834168 <== mgr.14152 v2:172.21.15.112:6800/4128478085 1 ==== command_reply(tid 0: 0 ) ==== 8+0+9564 (secure 0 0 0) 0x7fcdd8008e50 con 0x7fcdd80537f0
2024-04-25T15:51:34.068 INFO:teuthology.orchestra.run.smithi112.stdout:/usr/bin/ceph: stderr
2024-04-25T15:51:33.132+0000 7fcde9945700 1 -- 172.21.15.112:0/2274834168 --> [v2:172.21.15.112:6800/4128478085,v1:172.21.15.112:6801/4128478085] -- command(tid 1: {"prefix": "mgr_status"}) -- 0x7fcde4064cf0 con 0x7fcdd80537f0
2024-04-25T15:51:34.068 INFO:teuthology.orchestra.run.smithi112.stdout:/usr/bin/ceph: stderr
2024-04-25T15:51:33.132+0000 7fcde8943700 1 -- 172.21.15.112:0/2274834168 <== mgr.14152 v2:172.21.15.112:6800/4128478085 2 ==== command_reply(tid 1: 0 ) ==== 8+0+52 (secure 0 0 0) 0x7fcde4064cf0 con 0x7fcdd80537f0
2024-04-25T15:51:34.068 INFO:teuthology.orchestra.run.smithi112.stdout:/usr/bin/ceph: stderr
2024-04-25T15:51:33.132+0000 7fcde9945700 1 -- 172.21.15.112:0/2274834168 >> [v2:172.21.15.112:6800/4128478085,v1:172.21.15.112:6801/4128478085] conn(0x7fcdd80537f0 msgr2=0x7fcdcc042fd0 secure :-1 s=STATE_CONNECTION_ESTABLISHED l=1).mark_down
2024-04-25T15:51:34.068 INFO:teuthology.orchestra.run.smithi112.stdout:/usr/bin/ceph: stderr
2024-04-25T15:51:33.132+0000 7fcde9945700 1 --2- 172.21.15.112:0/2274834168 >> [v2:172.21.15.112:6800/4128478085,v1:172.21.15.112:6801/4128478085] conn(0x7fcdd80537f0 0x7fcdcc042fd0 secure :-1 s=READY pgs=5 cs=0 l=1 rev1=1 crypto rx=0x7fcdd4003a10 tx=0x7fcdd40092b0 comp rx=0 tx=0).stop
2024-04-25T15:51:34.068 INFO:teuthology.orchestra.run.smithi112.stdout:/usr/bin/ceph: stderr
2024-04-25T15:51:33.132+0000 7fcde9945700 1 -- 172.21.15.112:0/2274834168 >> [v2:172.21.15.112:3300/0,v1:172.21.15.112:6789/0] conn(0x7fcde410a440 msgr2=0x7fcde419dbe0 secure :-1 s=STATE_CONNECTION_ESTABLISHED l=1).mark_down
2024-04-25T15:51:34.068 INFO:teuthology.orchestra.run.smithi112.stdout:/usr/bin/ceph: stderr
2024-04-25T15:51:33.132+0000 7fcde9945700 1 --2- 172.21.15.112:0/2274834168 >> [v2:172.21.15.112:3300/0,v1:172.21.15.112:6789/0] conn(0x7fcde410a440 0x7fcde419dbe0 secure :-1 s=READY pgs=62 cs=0 l=1 rev1=1 crypto rx=0x7fcdd8011670 tx=0x7fcdd8011a30 comp rx=0 tx=0).stop
2024-04-25T15:51:34.068 INFO:teuthology.orchestra.run.smithi112.stdout:/usr/bin/ceph: stderr
2024-04-25T15:51:33.132+0000 7fcde9945700 1 -- 172.21.15.112:0/2274834168 shutdown_connections
2024-04-25T15:51:34.069 INFO:teuthology.orchestra.run.smithi112.stdout:/usr/bin/ceph: stderr
2024-04-25T15:51:33.132+0000 7fcde9945700 1 --2- 172.21.15.112:0/2274834168 >> [v2:172.21.15.112:3300/0,v1:172.21.15.112:6789/0] conn(0x7fcde410a440 0x7fcde419dbe0 unknown :-1 s=CLOSED pgs=62 cs=0 l=1 rev1=1 crypto rx=0 tx=0 comp rx=0 tx=0).stop
2024-04-25T15:51:34.069 INFO:teuthology.orchestra.run.smithi112.stdout:/usr/bin/ceph: stderr
2024-04-25T15:51:33.132+0000 7fcde9945700 1 --2- 172.21.15.112:0/2274834168 >> [v2:172.21.15.112:6800/4128478085,v1:172.21.15.112:6801/4128478085] conn(0x7fcdd80537f0 0x7fcdcc042fd0 unknown :-1 s=CLOSED pgs=5 cs=0 l=1 rev1=1 crypto rx=0 tx=0 comp rx=0 tx=0).stop
2024-04-25T15:51:34.069 INFO:teuthology.orchestra.run.smithi112.stdout:/usr/bin/ceph: stderr
2024-04-25T15:51:33.132+0000 7fcde9945700 1 --2- 172.21.15.112:0/2274834168 >> [v2:172.21.15.112:6800/1021036877,v1:172.21.15.112:6801/1021036877] conn(0x7fcdcc03d630 0x7fcdcc03fb40 unknown :-1 s=CLOSED pgs=0 cs=0 l=1 rev1=0 crypto rx=0 tx=0 comp rx=0 tx=0).stop
2024-04-25T15:51:34.069 INFO:teuthology.orchestra.run.smithi112.stdout:/usr/bin/ceph: stderr
2024-04-25T15:51:33.132+0000 7fcde9945700 1 -- 172.21.15.112:0/2274834168 >> 172.21.15.112:0/2274834168 conn(0x7fcde4103e60 msgr2=0x7fcde41046d0 unknown :-1 s=STATE_NONE l=0).mark_down
2024-04-25T15:51:34.069 INFO:teuthology.orchestra.run.smithi112.stdout:/usr/bin/ceph: stderr
2024-04-25T15:51:33.133+0000 7fcde9945700 1 -- 172.21.15.112:0/2274834168 shutdown_connections
2024-04-25T15:51:34.069 INFO:teuthology.orchestra.run.smithi112.stdout:/usr/bin/ceph: stderr
2024-04-25T15:51:33.133+0000 7fcde9945700 1 -- 172.21.15.112:0/2274834168 wait complete.
2024-04-25T15:51:34.069 INFO:teuthology.orchestra.run.smithi112.stdout:mgr epoch 9 is available
2024-04-25T15:51:34.069 INFO:teuthology.orchestra.run.smithi112.stdout:Generating a dashboard self-signed certificate...
2024-04-25T15:51:34.357 INFO:journalctl@ceph.mon.a.smithi112.stdout:Apr 25 15:51:34 smithi112 ceph-mon[29426]: [25/Apr/2024:15:51:32] ENGINE Bus STARTING
2024-04-25T15:51:34.357 INFO:journalctl@ceph.mon.a.smithi112.stdout:Apr 25 15:51:34 smithi112 ceph-mon[29426]: [25/Apr/2024:15:51:32] ENGINE Serving on http://172.21.15.112:8765
2024-04-25T15:51:34.357 INFO:journalctl@ceph.mon.a.smithi112.stdout:Apr 25 15:51:34 smithi112 ceph-mon[29426]: [25/Apr/2024:15:51:32] ENGINE Serving on https://172.21.15.112:7150
2024-04-25T15:51:34.357 INFO:journalctl@ceph.mon.a.smithi112.stdout:Apr 25 15:51:34 smithi112 ceph-mon[29426]: [25/Apr/2024:15:51:32] ENGINE Bus STARTED
2024-04-25T15:51:34.357 INFO:journalctl@ceph.mon.a.smithi112.stdout:Apr 25 15:51:34 smithi112 ceph-mon[29426]: from='client.14156 -' entity='client.admin' cmd=[{"prefix": "get_command_descriptions"}]: dispatch
2024-04-25T15:51:34.357 INFO:journalctl@ceph.mon.a.smithi112.stdout:Apr 25 15:51:34 smithi112 ceph-mon[29426]: from='client.14156 -' entity='client.admin' cmd=[{"prefix": "mgr_status"}]: dispatch
2024-04-25T15:51:34.357 INFO:journalctl@ceph.mon.a.smithi112.stdout:Apr 25 15:51:34 smithi112 ceph-mon[29426]: from='mgr.14152 172.21.15.112:0/2960804378' entity='mgr.x'
2024-04-25T15:51:35.534 INFO:journalctl@ceph.mon.a.smithi112.stdout:Apr 25 15:51:35 smithi112 ceph-mon[29426]: mgrmap e12: x(active, since 2s)
2024-04-25T15:51:35.534 INFO:journalctl@ceph.mon.a.smithi112.stdout:Apr 25 15:51:35 smithi112 ceph-mon[29426]: from='mgr.14152 172.21.15.112:0/2960804378' entity='mgr.x'
2024-04-25T15:51:35.534 INFO:journalctl@ceph.mon.a.smithi112.stdout:Apr 25 15:51:35 smithi112 ceph-mon[29426]: from='client.14164 -' entity='client.admin' cmd=[{"prefix": "dashboard create-self-signed-cert", "target": ["mon-mgr", ""]}]: dispatch
2024-04-25T15:51:35.534 INFO:journalctl@ceph.mon.a.smithi112.stdout:Apr 25 15:51:35 smithi112 ceph-mon[29426]: from='mgr.14152 172.21.15.112:0/2960804378' entity='mgr.x'
2024-04-25T15:51:35.535 INFO:journalctl@ceph.mon.a.smithi112.stdout:Apr 25 15:51:35 smithi112 ceph-mon[29426]: from='mgr.14152 172.21.15.112:0/2960804378' entity='mgr.x'
2024-04-25T15:51:35.542 INFO:teuthology.orchestra.run.smithi112.stdout:/usr/bin/ceph: stdout Self-signed certificate created
2024-04-25T15:51:35.542 INFO:teuthology.orchestra.run.smithi112.stdout:/usr/bin/ceph: stderr
2024-04-25T15:51:34.585+0000 7f08bfc7a700 1 Processor -- start
2024-04-25T15:51:35.542 INFO:teuthology.orchestra.run.smithi112.stdout:/usr/bin/ceph: stderr
2024-04-25T15:51:34.585+0000 7f08bfc7a700 1 -- start start
2024-04-25T15:51:35.542 INFO:teuthology.orchestra.run.smithi112.stdout:/usr/bin/ceph: stderr
2024-04-25T15:51:34.585+0000 7f08bfc7a700 1 --2- >> [v2:172.21.15.112:3300/0,v1:172.21.15.112:6789/0] conn(0x7f08b81087c0 0x7f08b8108bd0 unknown :-1 s=NONE pgs=0 cs=0 l=0 rev1=0 crypto rx=0 tx=0 comp rx=0 tx=0).connect
2024-04-25T15:51:35.542 INFO:teuthology.orchestra.run.smithi112.stdout:/usr/bin/ceph: stderr
2024-04-25T15:51:34.585+0000 7f08bfc7a700 1 -- --> [v2:172.21.15.112:3300/0,v1:172.21.15.112:6789/0] -- mon_getmap magic: 0 -- 0x7f08b81091c0 con 0x7f08b81087c0
2024-04-25T15:51:35.542 INFO:teuthology.orchestra.run.smithi112.stdout:/usr/bin/ceph: stderr
2024-04-25T15:51:34.585+0000 7f08bda16700 1 --2- >> [v2:172.21.15.112:3300/0,v1:172.21.15.112:6789/0] conn(0x7f08b81087c0 0x7f08b8108bd0 unknown :-1 s=BANNER_CONNECTING pgs=0 cs=0 l=0 rev1=0 crypto rx=0 tx=0 comp rx=0 tx=0)._handle_peer_banner_payload supported=3 required=0
2024-04-25T15:51:35.542 INFO:teuthology.orchestra.run.smithi112.stdout:/usr/bin/ceph: stderr
2024-04-25T15:51:34.585+0000 7f08bda16700 1 --2- >> [v2:172.21.15.112:3300/0,v1:172.21.15.112:6789/0] conn(0x7f08b81087c0 0x7f08b8108bd0 unknown :-1 s=HELLO_CONNECTING pgs=0 cs=0 l=0 rev1=1 crypto rx=0 tx=0 comp rx=0 tx=0).handle_hello peer v2:172.21.15.112:3300/0 says I am v2:172.21.15.112:44640/0 (socket says 172.21.15.112:44640)
2024-04-25T15:51:35.542 INFO:teuthology.orchestra.run.smithi112.stdout:/usr/bin/ceph: stderr
2024-04-25T15:51:34.585+0000 7f08bda16700 1 -- 172.21.15.112:0/2810209695 learned_addr learned my addr 172.21.15.112:0/2810209695 (peer_addr_for_me v2:172.21.15.112:0/0)
2024-04-25T15:51:35.542 INFO:teuthology.orchestra.run.smithi112.stdout:/usr/bin/ceph: stderr
2024-04-25T15:51:34.586+0000 7f08bda16700 1 -- 172.21.15.112:0/2810209695 --> [v2:172.21.15.112:3300/0,v1:172.21.15.112:6789/0] -- mon_subscribe({config=0+,monmap=0+}) -- 0x7f08b8109990 con 0x7f08b81087c0
2024-04-25T15:51:35.543 INFO:teuthology.orchestra.run.smithi112.stdout:/usr/bin/ceph: stderr
2024-04-25T15:51:34.586+0000 7f08bda16700 1 --2- 172.21.15.112:0/2810209695 >> [v2:172.21.15.112:3300/0,v1:172.21.15.112:6789/0] conn(0x7f08b81087c0 0x7f08b8108bd0 secure :-1 s=READY pgs=70 cs=0 l=1 rev1=1 crypto rx=0x7f08b40098a0 tx=0x7f08b4009bb0 comp rx=0 tx=0).ready entity=mon.0 client_cookie=9d28814a27e0ebc9 server_cookie=0 in_seq=0 out_seq=0
2024-04-25T15:51:35.543 INFO:teuthology.orchestra.run.smithi112.stdout:/usr/bin/ceph: stderr
2024-04-25T15:51:34.586+0000 7f08bca14700 1 -- 172.21.15.112:0/2810209695 <== mon.0 v2:172.21.15.112:3300/0 1 ==== mon_map magic: 0 ==== 205+0+0 (secure 0 0 0) 0x7f08b4004160 con 0x7f08b81087c0
2024-04-25T15:51:35.543 INFO:teuthology.orchestra.run.smithi112.stdout:/usr/bin/ceph: stderr
2024-04-25T15:51:34.586+0000 7f08bca14700 1 -- 172.21.15.112:0/2810209695 <== mon.0 v2:172.21.15.112:3300/0 2 ==== config(25 keys) ==== 1063+0+0 (secure 0 0 0) 0x7f08b4004300 con 0x7f08b81087c0
2024-04-25T15:51:35.543 INFO:teuthology.orchestra.run.smithi112.stdout:/usr/bin/ceph: stderr
2024-04-25T15:51:34.586+0000 7f08bca14700 1 -- 172.21.15.112:0/2810209695 <== mon.0 v2:172.21.15.112:3300/0 3 ==== mon_map magic: 0 ==== 205+0+0 (secure 0 0 0) 0x7f08b4011960 con 0x7f08b81087c0
2024-04-25T15:51:35.543 INFO:teuthology.orchestra.run.smithi112.stdout:/usr/bin/ceph: stderr
2024-04-25T15:51:34.587+0000 7f08bfc7a700 1 -- 172.21.15.112:0/2810209695 >> [v2:172.21.15.112:3300/0,v1:172.21.15.112:6789/0] conn(0x7f08b81087c0 msgr2=0x7f08b8108bd0 secure :-1 s=STATE_CONNECTION_ESTABLISHED l=1).mark_down
2024-04-25T15:51:35.543 INFO:teuthology.orchestra.run.smithi112.stdout:/usr/bin/ceph: stderr
2024-04-25T15:51:34.587+0000 7f08bfc7a700 1 --2- 172.21.15.112:0/2810209695 >> [v2:172.21.15.112:3300/0,v1:172.21.15.112:6789/0] conn(0x7f08b81087c0 0x7f08b8108bd0 secure :-1 s=READY pgs=70 cs=0 l=1 rev1=1 crypto rx=0x7f08b40098a0 tx=0x7f08b4009bb0 comp rx=0 tx=0).stop
2024-04-25T15:51:35.543 INFO:teuthology.orchestra.run.smithi112.stdout:/usr/bin/ceph: stderr
2024-04-25T15:51:34.587+0000 7f08bfc7a700 1 -- 172.21.15.112:0/2810209695 shutdown_connections
2024-04-25T15:51:35.543 INFO:teuthology.orchestra.run.smithi112.stdout:/usr/bin/ceph: stderr
2024-04-25T15:51:34.587+0000 7f08bfc7a700 1 --2- 172.21.15.112:0/2810209695 >> [v2:172.21.15.112:3300/0,v1:172.21.15.112:6789/0] conn(0x7f08b81087c0 0x7f08b8108bd0 unknown :-1 s=CLOSED pgs=70 cs=0 l=1 rev1=1 crypto rx=0 tx=0 comp rx=0 tx=0).stop
2024-04-25T15:51:35.543 INFO:teuthology.orchestra.run.smithi112.stdout:/usr/bin/ceph: stderr
2024-04-25T15:51:34.587+0000 7f08bfc7a700 1 -- 172.21.15.112:0/2810209695 >> 172.21.15.112:0/2810209695 conn(0x7f08b8103e40 msgr2=0x7f08b81062b0 unknown :-1 s=STATE_NONE l=0).mark_down
2024-04-25T15:51:35.543 INFO:teuthology.orchestra.run.smithi112.stdout:/usr/bin/ceph: stderr
2024-04-25T15:51:34.587+0000 7f08bfc7a700 1 -- 172.21.15.112:0/2810209695 shutdown_connections
2024-04-25T15:51:35.543 INFO:teuthology.orchestra.run.smithi112.stdout:/usr/bin/ceph: stderr
2024-04-25T15:51:34.587+0000 7f08bfc7a700 1 -- 172.21.15.112:0/2810209695 wait complete.
2024-04-25T15:51:35.543 INFO:teuthology.orchestra.run.smithi112.stdout:/usr/bin/ceph: stderr
2024-04-25T15:51:34.588+0000 7f08bfc7a700 1 Processor -- start
2024-04-25T15:51:35.543 INFO:teuthology.orchestra.run.smithi112.stdout:/usr/bin/ceph: stderr
2024-04-25T15:51:34.588+0000 7f08bfc7a700 1 -- start start
2024-04-25T15:51:35.543 INFO:teuthology.orchestra.run.smithi112.stdout:/usr/bin/ceph: stderr
2024-04-25T15:51:34.588+0000 7f08bfc7a700 1 --2- >> [v2:172.21.15.112:3300/0,v1:172.21.15.112:6789/0] conn(0x7f08b81087c0 0x7f08b819cb60 unknown :-1 s=NONE pgs=0 cs=0 l=1 rev1=0 crypto rx=0 tx=0 comp rx=0 tx=0).connect
2024-04-25T15:51:35.543 INFO:teuthology.orchestra.run.smithi112.stdout:/usr/bin/ceph: stderr
2024-04-25T15:51:34.588+0000 7f08bfc7a700 1 -- --> [v2:172.21.15.112:3300/0,v1:172.21.15.112:6789/0] -- mon_getmap magic: 0 -- 0x7f08b810cd40 con 0x7f08b81087c0
2024-04-25T15:51:35.543 INFO:teuthology.orchestra.run.smithi112.stdout:/usr/bin/ceph: stderr
2024-04-25T15:51:34.588+0000 7f08bda16700 1 --2- >> [v2:172.21.15.112:3300/0,v1:172.21.15.112:6789/0] conn(0x7f08b81087c0 0x7f08b819cb60 unknown :-1 s=BANNER_CONNECTING pgs=0 cs=0 l=1 rev1=0 crypto rx=0 tx=0 comp rx=0 tx=0)._handle_peer_banner_payload supported=3 required=0
2024-04-25T15:51:35.544 INFO:teuthology.orchestra.run.smithi112.stdout:/usr/bin/ceph: stderr
2024-04-25T15:51:34.588+0000 7f08bda16700 1 --2- >> [v2:172.21.15.112:3300/0,v1:172.21.15.112:6789/0] conn(0x7f08b81087c0 0x7f08b819cb60 unknown :-1 s=HELLO_CONNECTING pgs=0 cs=0 l=1 rev1=1 crypto rx=0 tx=0 comp rx=0 tx=0).handle_hello peer v2:172.21.15.112:3300/0 says I am v2:172.21.15.112:44648/0 (socket says 172.21.15.112:44648)
2024-04-25T15:51:35.544 INFO:teuthology.orchestra.run.smithi112.stdout:/usr/bin/ceph: stderr
2024-04-25T15:51:34.588+0000 7f08bda16700 1 -- 172.21.15.112:0/3633544973 learned_addr learned my addr 172.21.15.112:0/3633544973 (peer_addr_for_me v2:172.21.15.112:0/0)
2024-04-25T15:51:35.544 INFO:teuthology.orchestra.run.smithi112.stdout:/usr/bin/ceph: stderr
2024-04-25T15:51:34.589+0000 7f08bda16700 1 -- 172.21.15.112:0/3633544973 --> [v2:172.21.15.112:3300/0,v1:172.21.15.112:6789/0] -- mon_subscribe({config=0+,monmap=0+}) -- 0x7f08b819d0a0 con 0x7f08b81087c0
2024-04-25T15:51:35.544 INFO:teuthology.orchestra.run.smithi112.stdout:/usr/bin/ceph: stderr
2024-04-25T15:51:34.589+0000 7f08bda16700 1 --2- 172.21.15.112:0/3633544973 >> [v2:172.21.15.112:3300/0,v1:172.21.15.112:6789/0] conn(0x7f08b81087c0 0x7f08b819cb60 secure :-1 s=READY pgs=71 cs=0 l=1 rev1=1 crypto rx=0x7f08b40119b0 tx=0x7f08b4011a90 comp rx=0 tx=0).ready entity=mon.0 client_cookie=0 server_cookie=0 in_seq=0 out_seq=0
2024-04-25T15:51:35.544 INFO:teuthology.orchestra.run.smithi112.stdout:/usr/bin/ceph: stderr
2024-04-25T15:51:34.589+0000 7f08aeffd700 1 -- 172.21.15.112:0/3633544973 <== mon.0 v2:172.21.15.112:3300/0 1 ==== mon_map magic: 0 ==== 205+0+0 (secure 0 0 0) 0x7f08b4003aa0 con 0x7f08b81087c0
2024-04-25T15:51:35.544 INFO:teuthology.orchestra.run.smithi112.stdout:/usr/bin/ceph: stderr
2024-04-25T15:51:34.589+0000 7f08bfc7a700 1 -- 172.21.15.112:0/3633544973 --> [v2:172.21.15.112:3300/0,v1:172.21.15.112:6789/0] -- mon_subscribe({mgrmap=0+}) -- 0x7f08b819d330 con 0x7f08b81087c0
2024-04-25T15:51:35.544 INFO:teuthology.orchestra.run.smithi112.stdout:/usr/bin/ceph: stderr
2024-04-25T15:51:34.589+0000 7f08aeffd700 1 -- 172.21.15.112:0/3633544973 <== mon.0 v2:172.21.15.112:3300/0 2 ==== config(25 keys) ==== 1063+0+0 (secure 0 0 0) 0x7f08b401a9f0 con 0x7f08b81087c0
2024-04-25T15:51:35.544 INFO:teuthology.orchestra.run.smithi112.stdout:/usr/bin/ceph: stderr
2024-04-25T15:51:34.589+0000 7f08aeffd700 1 -- 172.21.15.112:0/3633544973 <== mon.0 v2:172.21.15.112:3300/0 3 ==== mon_map magic: 0 ==== 205+0+0 (secure 0 0 0) 0x7f08b4023970 con 0x7f08b81087c0
2024-04-25T15:51:35.544 INFO:teuthology.orchestra.run.smithi112.stdout:/usr/bin/ceph: stderr
2024-04-25T15:51:34.589+0000 7f08bfc7a700 1 -- 172.21.15.112:0/3633544973 --> [v2:172.21.15.112:3300/0,v1:172.21.15.112:6789/0] -- mon_subscribe({osdmap=0}) -- 0x7f08b807bfa0 con 0x7f08b81087c0
2024-04-25T15:51:35.544 INFO:teuthology.orchestra.run.smithi112.stdout:/usr/bin/ceph: stderr
2024-04-25T15:51:34.590+0000 7f08bfc7a700 1 -- 172.21.15.112:0/3633544973 --> [v2:172.21.15.112:3300/0,v1:172.21.15.112:6789/0] -- mon_command({"prefix": "get_command_descriptions"} v 0) -- 0x7f08b8064cf0 con 0x7f08b81087c0
2024-04-25T15:51:35.544 INFO:teuthology.orchestra.run.smithi112.stdout:/usr/bin/ceph: stderr
2024-04-25T15:51:34.590+0000 7f08aeffd700 1 -- 172.21.15.112:0/3633544973 <== mon.0 v2:172.21.15.112:3300/0 4 ==== mgrmap(e 12) ==== 49529+0+0 (secure 0 0 0) 0x7f08b4023c20 con 0x7f08b81087c0
2024-04-25T15:51:35.544 INFO:teuthology.orchestra.run.smithi112.stdout:/usr/bin/ceph: stderr
