2024-04-25T15:51:21.648+0000 7f9746fad700 1 -- 172.21.15.112:0/20864155 --> [v2:172.21.15.112:3300/0,v1:172.21.15.112:6789/0] -- mon_subscribe({osdmap=0}) -- 0x7f97401a0ff0 con 0x7f974010a3e0
2024-04-25T15:51:22.465 INFO:teuthology.orchestra.run.smithi112.stdout:/usr/bin/ceph: stderr
2024-04-25T15:51:21.649+0000 7f9746fad700 1 -- 172.21.15.112:0/20864155 --> [v2:172.21.15.112:3300/0,v1:172.21.15.112:6789/0] -- mon_command({"prefix": "get_command_descriptions"} v 0) -- 0x7f9740064cf0 con 0x7f974010a3e0
2024-04-25T15:51:22.465 INFO:teuthology.orchestra.run.smithi112.stdout:/usr/bin/ceph: stderr
2024-04-25T15:51:21.649+0000 7f973dffb700 1 -- 172.21.15.112:0/20864155 <== mon.0 v2:172.21.15.112:3300/0 4 ==== mgrmap(e 8) ==== 49516+0+0 (secure 0 0 0) 0x7f973401b440 con 0x7f974010a3e0
2024-04-25T15:51:22.466 INFO:teuthology.orchestra.run.smithi112.stdout:/usr/bin/ceph: stderr
2024-04-25T15:51:21.649+0000 7f973dffb700 1 --2- 172.21.15.112:0/20864155 >> [v2:172.21.15.112:6800/1021036877,v1:172.21.15.112:6801/1021036877] conn(0x7f973003d5e0 0x7f973003faf0 unknown :-1 s=NONE pgs=0 cs=0 l=1 rev1=0 crypto rx=0 tx=0 comp rx=0 tx=0).connect
2024-04-25T15:51:22.466 INFO:teuthology.orchestra.run.smithi112.stdout:/usr/bin/ceph: stderr
2024-04-25T15:51:21.649+0000 7f973dffb700 1 -- 172.21.15.112:0/20864155 <== mon.0 v2:172.21.15.112:3300/0 5 ==== osd_map(2..2 src has 1..2) ==== 940+0+0 (secure 0 0 0) 0x7f9734052e10 con 0x7f974010a3e0
2024-04-25T15:51:22.466 INFO:teuthology.orchestra.run.smithi112.stdout:/usr/bin/ceph: stderr
2024-04-25T15:51:21.650+0000 7f973ffff700 1 --2- 172.21.15.112:0/20864155 >> [v2:172.21.15.112:6800/1021036877,v1:172.21.15.112:6801/1021036877] conn(0x7f973003d5e0 0x7f973003faf0 unknown :-1 s=BANNER_CONNECTING pgs=0 cs=0 l=1 rev1=0 crypto rx=0 tx=0 comp rx=0 tx=0)._handle_peer_banner_payload supported=3 required=0
2024-04-25T15:51:22.466 INFO:teuthology.orchestra.run.smithi112.stdout:/usr/bin/ceph: stderr
2024-04-25T15:51:21.650+0000 7f973ffff700 1 --2- 172.21.15.112:0/20864155 >> [v2:172.21.15.112:6800/1021036877,v1:172.21.15.112:6801/1021036877] conn(0x7f973003d5e0 0x7f973003faf0 secure :-1 s=READY pgs=14 cs=0 l=1 rev1=1 crypto rx=0x7f972c006fd0 tx=0x7f972c006e40 comp rx=0 tx=0).ready entity=mgr.14120 client_cookie=0 server_cookie=0 in_seq=0 out_seq=0
2024-04-25T15:51:22.466 INFO:teuthology.orchestra.run.smithi112.stdout:/usr/bin/ceph: stderr
2024-04-25T15:51:21.655+0000 7f973dffb700 1 -- 172.21.15.112:0/20864155 <== mon.0 v2:172.21.15.112:3300/0 6 ==== mon_command_ack([{"prefix": "get_command_descriptions"}]=0 v0) ==== 72+0+188370 (secure 0 0 0) 0x7f973401f030 con 0x7f974010a3e0
2024-04-25T15:51:22.466 INFO:teuthology.orchestra.run.smithi112.stdout:/usr/bin/ceph: stderr
2024-04-25T15:51:21.856+0000 7f9746fad700 1 -- 172.21.15.112:0/20864155 --> [v2:172.21.15.112:3300/0,v1:172.21.15.112:6789/0] -- mon_command([{prefix=config set, name=mgr/cephadm/container_init}] v 0) -- 0x7f97401a15f0 con 0x7f974010a3e0
2024-04-25T15:51:22.466 INFO:teuthology.orchestra.run.smithi112.stdout:/usr/bin/ceph: stderr
2024-04-25T15:51:21.863+0000 7f973dffb700 1 -- 172.21.15.112:0/20864155 <== mon.0 v2:172.21.15.112:3300/0 7 ==== mon_command_ack([{prefix=config set, name=mgr/cephadm/container_init}]=0 v7)=0 v7) ==== 142+0+0 (secure 0 0 0) 0x7f973401a3d0 con 0x7f974010a3e0
2024-04-25T15:51:22.466 INFO:teuthology.orchestra.run.smithi112.stdout:/usr/bin/ceph: stderr
2024-04-25T15:51:21.865+0000 7f9746fad700 1 -- 172.21.15.112:0/20864155 >> [v2:172.21.15.112:6800/1021036877,v1:172.21.15.112:6801/1021036877] conn(0x7f973003d5e0 msgr2=0x7f973003faf0 secure :-1 s=STATE_CONNECTION_ESTABLISHED l=1).mark_down
2024-04-25T15:51:22.466 INFO:teuthology.orchestra.run.smithi112.stdout:/usr/bin/ceph: stderr
2024-04-25T15:51:21.865+0000 7f9746fad700 1 --2- 172.21.15.112:0/20864155 >> [v2:172.21.15.112:6800/1021036877,v1:172.21.15.112:6801/1021036877] conn(0x7f973003d5e0 0x7f973003faf0 secure :-1 s=READY pgs=14 cs=0 l=1 rev1=1 crypto rx=0x7f972c006fd0 tx=0x7f972c006e40 comp rx=0 tx=0).stop
2024-04-25T15:51:22.466 INFO:teuthology.orchestra.run.smithi112.stdout:/usr/bin/ceph: stderr
2024-04-25T15:51:21.865+0000 7f9746fad700 1 -- 172.21.15.112:0/20864155 >> [v2:172.21.15.112:3300/0,v1:172.21.15.112:6789/0] conn(0x7f974010a3e0 msgr2=0x7f974019dc10 secure :-1 s=STATE_CONNECTION_ESTABLISHED l=1).mark_down
2024-04-25T15:51:22.466 INFO:teuthology.orchestra.run.smithi112.stdout:/usr/bin/ceph: stderr
2024-04-25T15:51:21.865+0000 7f9746fad700 1 --2- 172.21.15.112:0/20864155 >> [v2:172.21.15.112:3300/0,v1:172.21.15.112:6789/0] conn(0x7f974010a3e0 0x7f974019dc10 secure :-1 s=READY pgs=52 cs=0 l=1 rev1=1 crypto rx=0x7f9734011670 tx=0x7f9734011a30 comp rx=0 tx=0).stop
2024-04-25T15:51:22.466 INFO:teuthology.orchestra.run.smithi112.stdout:/usr/bin/ceph: stderr
2024-04-25T15:51:21.866+0000 7f9746fad700 1 -- 172.21.15.112:0/20864155 shutdown_connections
2024-04-25T15:51:22.466 INFO:teuthology.orchestra.run.smithi112.stdout:/usr/bin/ceph: stderr
2024-04-25T15:51:21.866+0000 7f9746fad700 1 --2- 172.21.15.112:0/20864155 >> [v2:172.21.15.112:6800/1021036877,v1:172.21.15.112:6801/1021036877] conn(0x7f973003d5e0 0x7f973003faf0 unknown :-1 s=CLOSED pgs=14 cs=0 l=1 rev1=1 crypto rx=0 tx=0 comp rx=0 tx=0).stop
2024-04-25T15:51:22.466 INFO:teuthology.orchestra.run.smithi112.stdout:/usr/bin/ceph: stderr
2024-04-25T15:51:21.866+0000 7f9746fad700 1 --2- 172.21.15.112:0/20864155 >> [v2:172.21.15.112:3300/0,v1:172.21.15.112:6789/0] conn(0x7f974010a3e0 0x7f974019dc10 unknown :-1 s=CLOSED pgs=52 cs=0 l=1 rev1=1 crypto rx=0 tx=0 comp rx=0 tx=0).stop
2024-04-25T15:51:22.467 INFO:teuthology.orchestra.run.smithi112.stdout:/usr/bin/ceph: stderr
2024-04-25T15:51:21.866+0000 7f9746fad700 1 -- 172.21.15.112:0/20864155 >> 172.21.15.112:0/20864155 conn(0x7f9740103e20 msgr2=0x7f97401046e0 unknown :-1 s=STATE_NONE l=0).mark_down
2024-04-25T15:51:22.467 INFO:teuthology.orchestra.run.smithi112.stdout:/usr/bin/ceph: stderr
2024-04-25T15:51:21.866+0000 7f9746fad700 1 -- 172.21.15.112:0/20864155 shutdown_connections
2024-04-25T15:51:22.467 INFO:teuthology.orchestra.run.smithi112.stdout:/usr/bin/ceph: stderr
2024-04-25T15:51:21.866+0000 7f9746fad700 1 -- 172.21.15.112:0/20864155 wait complete.
2024-04-25T15:51:23.879 INFO:teuthology.orchestra.run.smithi112.stdout:/usr/bin/ceph: stderr
2024-04-25T15:51:22.873+0000 7f4b4ce2f700 1 Processor -- start
2024-04-25T15:51:23.879 INFO:teuthology.orchestra.run.smithi112.stdout:/usr/bin/ceph: stderr
2024-04-25T15:51:22.873+0000 7f4b4ce2f700 1 -- start start
2024-04-25T15:51:23.880 INFO:teuthology.orchestra.run.smithi112.stdout:/usr/bin/ceph: stderr
2024-04-25T15:51:22.873+0000 7f4b4ce2f700 1 --2- >> [v2:172.21.15.112:3300/0,v1:172.21.15.112:6789/0] conn(0x7f4b4810a470 0x7f4b4810c890 unknown :-1 s=NONE pgs=0 cs=0 l=0 rev1=0 crypto rx=0 tx=0 comp rx=0 tx=0).connect
2024-04-25T15:51:23.880 INFO:teuthology.orchestra.run.smithi112.stdout:/usr/bin/ceph: stderr
2024-04-25T15:51:22.874+0000 7f4b4ce2f700 1 -- --> [v2:172.21.15.112:3300/0,v1:172.21.15.112:6789/0] -- mon_getmap magic: 0 -- 0x7f4b4807d7f0 con 0x7f4b4810a470
2024-04-25T15:51:23.880 INFO:teuthology.orchestra.run.smithi112.stdout:/usr/bin/ceph: stderr
2024-04-25T15:51:22.874+0000 7f4b4659c700 1 --2- >> [v2:172.21.15.112:3300/0,v1:172.21.15.112:6789/0] conn(0x7f4b4810a470 0x7f4b4810c890 unknown :-1 s=BANNER_CONNECTING pgs=0 cs=0 l=0 rev1=0 crypto rx=0 tx=0 comp rx=0 tx=0)._handle_peer_banner_payload supported=3 required=0
2024-04-25T15:51:23.880 INFO:teuthology.orchestra.run.smithi112.stdout:/usr/bin/ceph: stderr
2024-04-25T15:51:22.874+0000 7f4b4659c700 1 --2- >> [v2:172.21.15.112:3300/0,v1:172.21.15.112:6789/0] conn(0x7f4b4810a470 0x7f4b4810c890 unknown :-1 s=HELLO_CONNECTING pgs=0 cs=0 l=0 rev1=1 crypto rx=0 tx=0 comp rx=0 tx=0).handle_hello peer v2:172.21.15.112:3300/0 says I am v2:172.21.15.112:60944/0 (socket says 172.21.15.112:60944)
2024-04-25T15:51:23.880 INFO:teuthology.orchestra.run.smithi112.stdout:/usr/bin/ceph: stderr
2024-04-25T15:51:22.874+0000 7f4b4659c700 1 -- 172.21.15.112:0/1026333128 learned_addr learned my addr 172.21.15.112:0/1026333128 (peer_addr_for_me v2:172.21.15.112:0/0)
2024-04-25T15:51:23.880 INFO:teuthology.orchestra.run.smithi112.stdout:/usr/bin/ceph: stderr
2024-04-25T15:51:22.874+0000 7f4b4659c700 1 -- 172.21.15.112:0/1026333128 --> [v2:172.21.15.112:3300/0,v1:172.21.15.112:6789/0] -- mon_subscribe({config=0+,monmap=0+}) -- 0x7f4b4810cdd0 con 0x7f4b4810a470
2024-04-25T15:51:23.880 INFO:teuthology.orchestra.run.smithi112.stdout:/usr/bin/ceph: stderr
2024-04-25T15:51:22.874+0000 7f4b4659c700 1 --2- 172.21.15.112:0/1026333128 >> [v2:172.21.15.112:3300/0,v1:172.21.15.112:6789/0] conn(0x7f4b4810a470 0x7f4b4810c890 secure :-1 s=READY pgs=53 cs=0 l=1 rev1=1 crypto rx=0x7f4b3c0098a0 tx=0x7f4b3c009bb0 comp rx=0 tx=0).ready entity=mon.0 client_cookie=5159da937ed4032e server_cookie=0 in_seq=0 out_seq=0
2024-04-25T15:51:23.880 INFO:teuthology.orchestra.run.smithi112.stdout:/usr/bin/ceph: stderr
2024-04-25T15:51:22.874+0000 7f4b4559a700 1 -- 172.21.15.112:0/1026333128 <== mon.0 v2:172.21.15.112:3300/0 1 ==== mon_map magic: 0 ==== 205+0+0 (secure 0 0 0) 0x7f4b3c004160 con 0x7f4b4810a470
2024-04-25T15:51:23.880 INFO:teuthology.orchestra.run.smithi112.stdout:/usr/bin/ceph: stderr
2024-04-25T15:51:22.874+0000 7f4b4559a700 1 -- 172.21.15.112:0/1026333128 <== mon.0 v2:172.21.15.112:3300/0 2 ==== config(25 keys) ==== 1063+0+0 (secure 0 0 0) 0x7f4b3c004300 con 0x7f4b4810a470
2024-04-25T15:51:23.880 INFO:teuthology.orchestra.run.smithi112.stdout:/usr/bin/ceph: stderr
2024-04-25T15:51:22.874+0000 7f4b4559a700 1 -- 172.21.15.112:0/1026333128 <== mon.0 v2:172.21.15.112:3300/0 3 ==== mon_map magic: 0 ==== 205+0+0 (secure 0 0 0) 0x7f4b3c011960 con 0x7f4b4810a470
2024-04-25T15:51:23.880 INFO:teuthology.orchestra.run.smithi112.stdout:/usr/bin/ceph: stderr
2024-04-25T15:51:22.876+0000 7f4b4ce2f700 1 -- 172.21.15.112:0/1026333128 >> [v2:172.21.15.112:3300/0,v1:172.21.15.112:6789/0] conn(0x7f4b4810a470 msgr2=0x7f4b4810c890 secure :-1 s=STATE_CONNECTION_ESTABLISHED l=1).mark_down
2024-04-25T15:51:23.880 INFO:teuthology.orchestra.run.smithi112.stdout:/usr/bin/ceph: stderr
2024-04-25T15:51:22.876+0000 7f4b4ce2f700 1 --2- 172.21.15.112:0/1026333128 >> [v2:172.21.15.112:3300/0,v1:172.21.15.112:6789/0] conn(0x7f4b4810a470 0x7f4b4810c890 secure :-1 s=READY pgs=53 cs=0 l=1 rev1=1 crypto rx=0x7f4b3c0098a0 tx=0x7f4b3c009bb0 comp rx=0 tx=0).stop
2024-04-25T15:51:23.880 INFO:teuthology.orchestra.run.smithi112.stdout:/usr/bin/ceph: stderr
2024-04-25T15:51:22.876+0000 7f4b4ce2f700 1 -- 172.21.15.112:0/1026333128 shutdown_connections
2024-04-25T15:51:23.880 INFO:teuthology.orchestra.run.smithi112.stdout:/usr/bin/ceph: stderr
2024-04-25T15:51:22.876+0000 7f4b4ce2f700 1 --2- 172.21.15.112:0/1026333128 >> [v2:172.21.15.112:3300/0,v1:172.21.15.112:6789/0] conn(0x7f4b4810a470 0x7f4b4810c890 unknown :-1 s=CLOSED pgs=53 cs=0 l=1 rev1=1 crypto rx=0 tx=0 comp rx=0 tx=0).stop
2024-04-25T15:51:23.881 INFO:teuthology.orchestra.run.smithi112.stdout:/usr/bin/ceph: stderr
2024-04-25T15:51:22.876+0000 7f4b4ce2f700 1 -- 172.21.15.112:0/1026333128 >> 172.21.15.112:0/1026333128 conn(0x7f4b48103eb0 msgr2=0x7f4b48106340 unknown :-1 s=STATE_NONE l=0).mark_down
2024-04-25T15:51:23.881 INFO:teuthology.orchestra.run.smithi112.stdout:/usr/bin/ceph: stderr
2024-04-25T15:51:22.876+0000 7f4b4ce2f700 1 -- 172.21.15.112:0/1026333128 shutdown_connections
2024-04-25T15:51:23.881 INFO:teuthology.orchestra.run.smithi112.stdout:/usr/bin/ceph: stderr
2024-04-25T15:51:22.876+0000 7f4b4ce2f700 1 -- 172.21.15.112:0/1026333128 wait complete.
2024-04-25T15:51:23.881 INFO:teuthology.orchestra.run.smithi112.stdout:/usr/bin/ceph: stderr
2024-04-25T15:51:22.877+0000 7f4b4ce2f700 1 Processor -- start
2024-04-25T15:51:23.881 INFO:teuthology.orchestra.run.smithi112.stdout:/usr/bin/ceph: stderr
2024-04-25T15:51:22.877+0000 7f4b4ce2f700 1 -- start start
2024-04-25T15:51:23.881 INFO:teuthology.orchestra.run.smithi112.stdout:/usr/bin/ceph: stderr
2024-04-25T15:51:22.877+0000 7f4b4ce2f700 1 --2- >> [v2:172.21.15.112:3300/0,v1:172.21.15.112:6789/0] conn(0x7f4b4810a470 0x7f4b4819dbb0 unknown :-1 s=NONE pgs=0 cs=0 l=1 rev1=0 crypto rx=0 tx=0 comp rx=0 tx=0).connect
2024-04-25T15:51:23.881 INFO:teuthology.orchestra.run.smithi112.stdout:/usr/bin/ceph: stderr
2024-04-25T15:51:22.877+0000 7f4b4ce2f700 1 -- --> [v2:172.21.15.112:3300/0,v1:172.21.15.112:6789/0] -- mon_getmap magic: 0 -- 0x7f4b4810dcc0 con 0x7f4b4810a470
2024-04-25T15:51:23.881 INFO:teuthology.orchestra.run.smithi112.stdout:/usr/bin/ceph: stderr
2024-04-25T15:51:22.877+0000 7f4b4659c700 1 --2- >> [v2:172.21.15.112:3300/0,v1:172.21.15.112:6789/0] conn(0x7f4b4810a470 0x7f4b4819dbb0 unknown :-1 s=BANNER_CONNECTING pgs=0 cs=0 l=1 rev1=0 crypto rx=0 tx=0 comp rx=0 tx=0)._handle_peer_banner_payload supported=3 required=0
2024-04-25T15:51:23.881 INFO:teuthology.orchestra.run.smithi112.stdout:/usr/bin/ceph: stderr
2024-04-25T15:51:22.877+0000 7f4b4659c700 1 --2- >> [v2:172.21.15.112:3300/0,v1:172.21.15.112:6789/0] conn(0x7f4b4810a470 0x7f4b4819dbb0 unknown :-1 s=HELLO_CONNECTING pgs=0 cs=0 l=1 rev1=1 crypto rx=0 tx=0 comp rx=0 tx=0).handle_hello peer v2:172.21.15.112:3300/0 says I am v2:172.21.15.112:60954/0 (socket says 172.21.15.112:60954)
2024-04-25T15:51:23.881 INFO:teuthology.orchestra.run.smithi112.stdout:/usr/bin/ceph: stderr
2024-04-25T15:51:22.877+0000 7f4b4659c700 1 -- 172.21.15.112:0/753048721 learned_addr learned my addr 172.21.15.112:0/753048721 (peer_addr_for_me v2:172.21.15.112:0/0)
2024-04-25T15:51:23.881 INFO:teuthology.orchestra.run.smithi112.stdout:/usr/bin/ceph: stderr
2024-04-25T15:51:22.877+0000 7f4b4659c700 1 -- 172.21.15.112:0/753048721 --> [v2:172.21.15.112:3300/0,v1:172.21.15.112:6789/0] -- mon_subscribe({config=0+,monmap=0+}) -- 0x7f4b4819e0f0 con 0x7f4b4810a470
2024-04-25T15:51:23.881 INFO:teuthology.orchestra.run.smithi112.stdout:/usr/bin/ceph: stderr
2024-04-25T15:51:22.877+0000 7f4b4659c700 1 --2- 172.21.15.112:0/753048721 >> [v2:172.21.15.112:3300/0,v1:172.21.15.112:6789/0] conn(0x7f4b4810a470 0x7f4b4819dbb0 secure :-1 s=READY pgs=54 cs=0 l=1 rev1=1 crypto rx=0x7f4b3c011670 tx=0x7f4b3c011a30 comp rx=0 tx=0).ready entity=mon.0 client_cookie=0 server_cookie=0 in_seq=0 out_seq=0
2024-04-25T15:51:23.881 INFO:teuthology.orchestra.run.smithi112.stdout:/usr/bin/ceph: stderr
2024-04-25T15:51:22.878+0000 7f4b377fe700 1 -- 172.21.15.112:0/753048721 <== mon.0 v2:172.21.15.112:3300/0 1 ==== mon_map magic: 0 ==== 205+0+0 (secure 0 0 0) 0x7f4b3c003a60 con 0x7f4b4810a470
2024-04-25T15:51:23.881 INFO:teuthology.orchestra.run.smithi112.stdout:/usr/bin/ceph: stderr
2024-04-25T15:51:22.878+0000 7f4b377fe700 1 -- 172.21.15.112:0/753048721 <== mon.0 v2:172.21.15.112:3300/0 2 ==== config(25 keys) ==== 1063+0+0 (secure 0 0 0) 0x7f4b3c01b8d0 con 0x7f4b4810a470
2024-04-25T15:51:23.881 INFO:teuthology.orchestra.run.smithi112.stdout:/usr/bin/ceph: stderr
2024-04-25T15:51:22.878+0000 7f4b377fe700 1 -- 172.21.15.112:0/753048721 <== mon.0 v2:172.21.15.112:3300/0 3 ==== mon_map magic: 0 ==== 205+0+0 (secure 0 0 0) 0x7f4b3c023750 con 0x7f4b4810a470
2024-04-25T15:51:23.882 INFO:teuthology.orchestra.run.smithi112.stdout:/usr/bin/ceph: stderr
2024-04-25T15:51:22.878+0000 7f4b4ce2f700 1 -- 172.21.15.112:0/753048721 --> [v2:172.21.15.112:3300/0,v1:172.21.15.112:6789/0] -- mon_subscribe({mgrmap=0+}) -- 0x7f4b4819e380 con 0x7f4b4810a470
2024-04-25T15:51:23.882 INFO:teuthology.orchestra.run.smithi112.stdout:/usr/bin/ceph: stderr
2024-04-25T15:51:22.878+0000 7f4b4ce2f700 1 -- 172.21.15.112:0/753048721 --> [v2:172.21.15.112:3300/0,v1:172.21.15.112:6789/0] -- mon_subscribe({osdmap=0}) -- 0x7f4b481a0f90 con 0x7f4b4810a470
2024-04-25T15:51:23.882 INFO:teuthology.orchestra.run.smithi112.stdout:/usr/bin/ceph: stderr
2024-04-25T15:51:22.879+0000 7f4b377fe700 1 -- 172.21.15.112:0/753048721 <== mon.0 v2:172.21.15.112:3300/0 4 ==== mgrmap(e 8) ==== 49516+0+0 (secure 0 0 0) 0x7f4b3c0239c0 con 0x7f4b4810a470
2024-04-25T15:51:23.882 INFO:teuthology.orchestra.run.smithi112.stdout:/usr/bin/ceph: stderr
2024-04-25T15:51:22.879+0000 7f4b4ce2f700 1 -- 172.21.15.112:0/753048721 --> [v2:172.21.15.112:3300/0,v1:172.21.15.112:6789/0] -- mon_command({"prefix": "get_command_descriptions"} v 0) -- 0x7f4b48064cf0 con 0x7f4b4810a470
2024-04-25T15:51:23.882 INFO:teuthology.orchestra.run.smithi112.stdout:/usr/bin/ceph: stderr
2024-04-25T15:51:22.879+0000 7f4b377fe700 1 --2- 172.21.15.112:0/753048721 >> [v2:172.21.15.112:6800/1021036877,v1:172.21.15.112:6801/1021036877] conn(0x7f4b3003d5e0 0x7f4b3003faf0 unknown :-1 s=NONE pgs=0 cs=0 l=1 rev1=0 crypto rx=0 tx=0 comp rx=0 tx=0).connect
2024-04-25T15:51:23.882 INFO:teuthology.orchestra.run.smithi112.stdout:/usr/bin/ceph: stderr
2024-04-25T15:51:22.879+0000 7f4b45d9b700 1 --2- 172.21.15.112:0/753048721 >> [v2:172.21.15.112:6800/1021036877,v1:172.21.15.112:6801/1021036877] conn(0x7f4b3003d5e0 0x7f4b3003faf0 unknown :-1 s=BANNER_CONNECTING pgs=0 cs=0 l=1 rev1=0 crypto rx=0 tx=0 comp rx=0 tx=0)._handle_peer_banner_payload supported=3 required=0
2024-04-25T15:51:23.882 INFO:teuthology.orchestra.run.smithi112.stdout:/usr/bin/ceph: stderr
2024-04-25T15:51:22.879+0000 7f4b377fe700 1 -- 172.21.15.112:0/753048721 <== mon.0 v2:172.21.15.112:3300/0 5 ==== osd_map(2..2 src has 1..2) ==== 940+0+0 (secure 0 0 0) 0x7f4b3c052e40 con 0x7f4b4810a470
2024-04-25T15:51:23.882 INFO:teuthology.orchestra.run.smithi112.stdout:/usr/bin/ceph: stderr
2024-04-25T15:51:22.880+0000 7f4b45d9b700 1 --2- 172.21.15.112:0/753048721 >> [v2:172.21.15.112:6800/1021036877,v1:172.21.15.112:6801/1021036877] conn(0x7f4b3003d5e0 0x7f4b3003faf0 secure :-1 s=READY pgs=15 cs=0 l=1 rev1=1 crypto rx=0x7f4b38006fd0 tx=0x7f4b38006e40 comp rx=0 tx=0).ready entity=mgr.14120 client_cookie=0 server_cookie=0 in_seq=0 out_seq=0
2024-04-25T15:51:23.882 INFO:teuthology.orchestra.run.smithi112.stdout:/usr/bin/ceph: stderr
2024-04-25T15:51:22.884+0000 7f4b377fe700 1 -- 172.21.15.112:0/753048721 <== mon.0 v2:172.21.15.112:3300/0 6 ==== mon_command_ack([{"prefix": "get_command_descriptions"}]=0 v0) ==== 72+0+188370 (secure 0 0 0) 0x7f4b3c01f030 con 0x7f4b4810a470
2024-04-25T15:51:23.882 INFO:teuthology.orchestra.run.smithi112.stdout:/usr/bin/ceph: stderr
2024-04-25T15:51:23.093+0000 7f4b4ce2f700 1 -- 172.21.15.112:0/753048721 --> [v2:172.21.15.112:3300/0,v1:172.21.15.112:6789/0] -- mon_command([{prefix=config set, name=mgr/dashboard/ssl_server_port}] v 0) -- 0x7f4b481a15b0 con 0x7f4b4810a470
2024-04-25T15:51:23.882 INFO:teuthology.orchestra.run.smithi112.stdout:/usr/bin/ceph: stderr
2024-04-25T15:51:23.096+0000 7f4b377fe700 1 -- 172.21.15.112:0/753048721 <== mon.0 v2:172.21.15.112:3300/0 7 ==== mon_command_ack([{prefix=config set, name=mgr/dashboard/ssl_server_port}]=0 v8)=0 v8) ==== 130+0+0 (secure 0 0 0) 0x7f4b3c00b3e0 con 0x7f4b4810a470
2024-04-25T15:51:23.882 INFO:teuthology.orchestra.run.smithi112.stdout:/usr/bin/ceph: stderr
2024-04-25T15:51:23.099+0000 7f4b4ce2f700 1 -- 172.21.15.112:0/753048721 >> [v2:172.21.15.112:6800/1021036877,v1:172.21.15.112:6801/1021036877] conn(0x7f4b3003d5e0 msgr2=0x7f4b3003faf0 secure :-1 s=STATE_CONNECTION_ESTABLISHED l=1).mark_down
2024-04-25T15:51:23.882 INFO:teuthology.orchestra.run.smithi112.stdout:/usr/bin/ceph: stderr
2024-04-25T15:51:23.099+0000 7f4b4ce2f700 1 --2- 172.21.15.112:0/753048721 >> [v2:172.21.15.112:6800/1021036877,v1:172.21.15.112:6801/1021036877] conn(0x7f4b3003d5e0 0x7f4b3003faf0 secure :-1 s=READY pgs=15 cs=0 l=1 rev1=1 crypto rx=0x7f4b38006fd0 tx=0x7f4b38006e40 comp rx=0 tx=0).stop
2024-04-25T15:51:23.883 INFO:teuthology.orchestra.run.smithi112.stdout:/usr/bin/ceph: stderr
2024-04-25T15:51:23.099+0000 7f4b4ce2f700 1 -- 172.21.15.112:0/753048721 >> [v2:172.21.15.112:3300/0,v1:172.21.15.112:6789/0] conn(0x7f4b4810a470 msgr2=0x7f4b4819dbb0 secure :-1 s=STATE_CONNECTION_ESTABLISHED l=1).mark_down
2024-04-25T15:51:23.883 INFO:teuthology.orchestra.run.smithi112.stdout:/usr/bin/ceph: stderr
2024-04-25T15:51:23.099+0000 7f4b4ce2f700 1 --2- 172.21.15.112:0/753048721 >> [v2:172.21.15.112:3300/0,v1:172.21.15.112:6789/0] conn(0x7f4b4810a470 0x7f4b4819dbb0 secure :-1 s=READY pgs=54 cs=0 l=1 rev1=1 crypto rx=0x7f4b3c011670 tx=0x7f4b3c011a30 comp rx=0 tx=0).stop
2024-04-25T15:51:23.883 INFO:teuthology.orchestra.run.smithi112.stdout:/usr/bin/ceph: stderr
2024-04-25T15:51:23.099+0000 7f4b4ce2f700 1 -- 172.21.15.112:0/753048721 shutdown_connections
2024-04-25T15:51:23.883 INFO:teuthology.orchestra.run.smithi112.stdout:/usr/bin/ceph: stderr
2024-04-25T15:51:23.099+0000 7f4b4ce2f700 1 --2- 172.21.15.112:0/753048721 >> [v2:172.21.15.112:6800/1021036877,v1:172.21.15.112:6801/1021036877] conn(0x7f4b3003d5e0 0x7f4b3003faf0 unknown :-1 s=CLOSED pgs=15 cs=0 l=1 rev1=1 crypto rx=0 tx=0 comp rx=0 tx=0).stop
2024-04-25T15:51:23.883 INFO:teuthology.orchestra.run.smithi112.stdout:/usr/bin/ceph: stderr
2024-04-25T15:51:23.099+0000 7f4b4ce2f700 1 --2- 172.21.15.112:0/753048721 >> [v2:172.21.15.112:3300/0,v1:172.21.15.112:6789/0] conn(0x7f4b4810a470 0x7f4b4819dbb0 unknown :-1 s=CLOSED pgs=54 cs=0 l=1 rev1=1 crypto rx=0 tx=0 comp rx=0 tx=0).stop
2024-04-25T15:51:23.883 INFO:teuthology.orchestra.run.smithi112.stdout:/usr/bin/ceph: stderr
2024-04-25T15:51:23.099+0000 7f4b4ce2f700 1 -- 172.21.15.112:0/753048721 >> 172.21.15.112:0/753048721 conn(0x7f4b48103eb0 msgr2=0x7f4b481046d0 unknown :-1 s=STATE_NONE l=0).mark_down
2024-04-25T15:51:23.883 INFO:teuthology.orchestra.run.smithi112.stdout:/usr/bin/ceph: stderr
2024-04-25T15:51:23.099+0000 7f4b4ce2f700 1 -- 172.21.15.112:0/753048721 shutdown_connections
2024-04-25T15:51:23.883 INFO:teuthology.orchestra.run.smithi112.stdout:/usr/bin/ceph: stderr
2024-04-25T15:51:23.099+0000 7f4b4ce2f700 1 -- 172.21.15.112:0/753048721 wait complete.
2024-04-25T15:51:23.883 INFO:teuthology.orchestra.run.smithi112.stdout:Enabling the dashboard module...
2024-04-25T15:51:24.130 INFO:journalctl@ceph.mon.a.smithi112.stdout:Apr 25 15:51:24 smithi112 ceph-mon[29426]: from='client.? 172.21.15.112:0/753048721' entity='client.admin'
2024-04-25T15:51:25.421 INFO:journalctl@ceph.mon.a.smithi112.stdout:Apr 25 15:51:25 smithi112 ceph-mon[29426]: from='client.? 172.21.15.112:0/170801353' entity='client.admin' cmd=[{"prefix": "mgr module enable", "module": "dashboard"}]: dispatch
2024-04-25T15:51:25.421 INFO:journalctl@ceph.mon.a.smithi112.stdout:Apr 25 15:51:25 smithi112 ceph-mon[29426]: from='mgr.14120 172.21.15.112:0/2063689952' entity='mgr.x'
2024-04-25T15:51:25.421 INFO:journalctl@ceph.mgr.x.smithi112.stdout:Apr 25 15:51:25 smithi112 ceph-68f2f37e-031b-11ef-bc93-c7b262605968-mgr-x[29657]: ignoring --setuser ceph since I am not root
2024-04-25T15:51:25.422 INFO:journalctl@ceph.mgr.x.smithi112.stdout:Apr 25 15:51:25 smithi112 ceph-68f2f37e-031b-11ef-bc93-c7b262605968-mgr-x[29657]: ignoring --setgroup ceph since I am not root
2024-04-25T15:51:25.422 INFO:journalctl@ceph.mgr.x.smithi112.stdout:Apr 25 15:51:25 smithi112 ceph-68f2f37e-031b-11ef-bc93-c7b262605968-mgr-x[29657]:
2024-04-25T15:51:25.308+0000 7f1b7f34a200 -1 mgr[py] Module balancer has missing NOTIFY_TYPES member
2024-04-25T15:51:25.705 INFO:journalctl@ceph.mgr.x.smithi112.stdout:Apr 25 15:51:25 smithi112 ceph-68f2f37e-031b-11ef-bc93-c7b262605968-mgr-x[29657]:
2024-04-25T15:51:25.510+0000 7f1b7f34a200 -1 mgr[py] Module orchestrator has missing NOTIFY_TYPES member
2024-04-25T15:51:25.705 INFO:journalctl@ceph.mgr.x.smithi112.stdout:Apr 25 15:51:25 smithi112 ceph-68f2f37e-031b-11ef-bc93-c7b262605968-mgr-x[29657]:
2024-04-25T15:51:25.613+0000 7f1b7f34a200 -1 mgr[py] Module snap_schedule has missing NOTIFY_TYPES member
2024-04-25T15:51:25.738 INFO:teuthology.orchestra.run.smithi112.stdout:/usr/bin/ceph: stderr
2024-04-25T15:51:24.420+0000 7f6d0ed7b700 1 Processor -- start
2024-04-25T15:51:25.738 INFO:teuthology.orchestra.run.smithi112.stdout:/usr/bin/ceph: stderr
2024-04-25T15:51:24.420+0000 7f6d0ed7b700 1 -- start start
2024-04-25T15:51:25.738 INFO:teuthology.orchestra.run.smithi112.stdout:/usr/bin/ceph: stderr
2024-04-25T15:51:24.420+0000 7f6d0ed7b700 1 --2- >> [v2:172.21.15.112:3300/0,v1:172.21.15.112:6789/0] conn(0x7f6d08109960 0x7f6d08109d70 unknown :-1 s=NONE pgs=0 cs=0 l=0 rev1=0 crypto rx=0 tx=0 comp rx=0 tx=0).connect
2024-04-25T15:51:25.739 INFO:teuthology.orchestra.run.smithi112.stdout:/usr/bin/ceph: stderr
2024-04-25T15:51:24.420+0000 7f6d0ed7b700 1 -- --> [v2:172.21.15.112:3300/0,v1:172.21.15.112:6789/0] -- mon_getmap magic: 0 -- 0x7f6d0810a360 con 0x7f6d08109960
2024-04-25T15:51:25.739 INFO:teuthology.orchestra.run.smithi112.stdout:/usr/bin/ceph: stderr
2024-04-25T15:51:24.420+0000 7f6d0cb17700 1 --2- >> [v2:172.21.15.112:3300/0,v1:172.21.15.112:6789/0] conn(0x7f6d08109960 0x7f6d08109d70 unknown :-1 s=BANNER_CONNECTING pgs=0 cs=0 l=0 rev1=0 crypto rx=0 tx=0 comp rx=0 tx=0)._handle_peer_banner_payload supported=3 required=0
2024-04-25T15:51:25.739 INFO:teuthology.orchestra.run.smithi112.stdout:/usr/bin/ceph: stderr
2024-04-25T15:51:24.420+0000 7f6d0cb17700 1 --2- >> [v2:172.21.15.112:3300/0,v1:172.21.15.112:6789/0] conn(0x7f6d08109960 0x7f6d08109d70 unknown :-1 s=HELLO_CONNECTING pgs=0 cs=0 l=0 rev1=1 crypto rx=0 tx=0 comp rx=0 tx=0).handle_hello peer v2:172.21.15.112:3300/0 says I am v2:172.21.15.112:36648/0 (socket says 172.21.15.112:36648)
2024-04-25T15:51:25.739 INFO:teuthology.orchestra.run.smithi112.stdout:/usr/bin/ceph: stderr
2024-04-25T15:51:24.420+0000 7f6d0cb17700 1 -- 172.21.15.112:0/669081675 learned_addr learned my addr 172.21.15.112:0/669081675 (peer_addr_for_me v2:172.21.15.112:0/0)
2024-04-25T15:51:25.739 INFO:teuthology.orchestra.run.smithi112.stdout:/usr/bin/ceph: stderr
2024-04-25T15:51:24.421+0000 7f6d0cb17700 1 -- 172.21.15.112:0/669081675 --> [v2:172.21.15.112:3300/0,v1:172.21.15.112:6789/0] -- mon_subscribe({config=0+,monmap=0+}) -- 0x7f6d0810aae0 con 0x7f6d08109960
2024-04-25T15:51:25.739 INFO:teuthology.orchestra.run.smithi112.stdout:/usr/bin/ceph: stderr
2024-04-25T15:51:24.421+0000 7f6d0cb17700 1 --2- 172.21.15.112:0/669081675 >> [v2:172.21.15.112:3300/0,v1:172.21.15.112:6789/0] conn(0x7f6d08109960 0x7f6d08109d70 secure :-1 s=READY pgs=55 cs=0 l=1 rev1=1 crypto rx=0x7f6cfc0098a0 tx=0x7f6cfc009bb0 comp rx=0 tx=0).ready entity=mon.0 client_cookie=470f468b5b84d4aa server_cookie=0 in_seq=0 out_seq=0
2024-04-25T15:51:25.739 INFO:teuthology.orchestra.run.smithi112.stdout:/usr/bin/ceph: stderr
2024-04-25T15:51:24.421+0000 7f6d077fe700 1 -- 172.21.15.112:0/669081675 <== mon.0 v2:172.21.15.112:3300/0 1 ==== mon_map magic: 0 ==== 205+0+0 (secure 0 0 0) 0x7f6cfc004160 con 0x7f6d08109960
2024-04-25T15:51:25.739 INFO:teuthology.orchestra.run.smithi112.stdout:/usr/bin/ceph: stderr
2024-04-25T15:51:24.421+0000 7f6d077fe700 1 -- 172.21.15.112:0/669081675 <== mon.0 v2:172.21.15.112:3300/0 2 ==== config(25 keys) ==== 1063+0+0 (secure 0 0 0) 0x7f6cfc004300 con 0x7f6d08109960
2024-04-25T15:51:25.739 INFO:teuthology.orchestra.run.smithi112.stdout:/usr/bin/ceph: stderr
2024-04-25T15:51:24.421+0000 7f6d077fe700 1 -- 172.21.15.112:0/669081675 <== mon.0 v2:172.21.15.112:3300/0 3 ==== mon_map magic: 0 ==== 205+0+0 (secure 0 0 0) 0x7f6cfc011960 con 0x7f6d08109960
2024-04-25T15:51:25.739 INFO:teuthology.orchestra.run.smithi112.stdout:/usr/bin/ceph: stderr
2024-04-25T15:51:24.422+0000 7f6d0ed7b700 1 -- 172.21.15.112:0/669081675 >> [v2:172.21.15.112:3300/0,v1:172.21.15.112:6789/0] conn(0x7f6d08109960 msgr2=0x7f6d08109d70 secure :-1 s=STATE_CONNECTION_ESTABLISHED l=1).mark_down
2024-04-25T15:51:25.739 INFO:teuthology.orchestra.run.smithi112.stdout:/usr/bin/ceph: stderr
2024-04-25T15:51:24.422+0000 7f6d0ed7b700 1 --2- 172.21.15.112:0/669081675 >> [v2:172.21.15.112:3300/0,v1:172.21.15.112:6789/0] conn(0x7f6d08109960 0x7f6d08109d70 secure :-1 s=READY pgs=55 cs=0 l=1 rev1=1 crypto rx=0x7f6cfc0098a0 tx=0x7f6cfc009bb0 comp rx=0 tx=0).stop
2024-04-25T15:51:25.739 INFO:teuthology.orchestra.run.smithi112.stdout:/usr/bin/ceph: stderr
2024-04-25T15:51:24.422+0000 7f6d0ed7b700 1 -- 172.21.15.112:0/669081675 shutdown_connections
2024-04-25T15:51:25.739 INFO:teuthology.orchestra.run.smithi112.stdout:/usr/bin/ceph: stderr
2024-04-25T15:51:24.422+0000 7f6d0ed7b700 1 --2- 172.21.15.112:0/669081675 >> [v2:172.21.15.112:3300/0,v1:172.21.15.112:6789/0] conn(0x7f6d08109960 0x7f6d08109d70 unknown :-1 s=CLOSED pgs=55 cs=0 l=1 rev1=1 crypto rx=0 tx=0 comp rx=0 tx=0).stop
2024-04-25T15:51:25.739 INFO:teuthology.orchestra.run.smithi112.stdout:/usr/bin/ceph: stderr
2024-04-25T15:51:24.422+0000 7f6d0ed7b700 1 -- 172.21.15.112:0/669081675 >> 172.21.15.112:0/669081675 conn(0x7f6d08104fc0 msgr2=0x7f6d08107450 unknown :-1 s=STATE_NONE l=0).mark_down
2024-04-25T15:51:25.740 INFO:teuthology.orchestra.run.smithi112.stdout:/usr/bin/ceph: stderr
2024-04-25T15:51:24.422+0000 7f6d0ed7b700 1 -- 172.21.15.112:0/669081675 shutdown_connections
2024-04-25T15:51:25.740 INFO:teuthology.orchestra.run.smithi112.stdout:/usr/bin/ceph: stderr
2024-04-25T15:51:24.422+0000 7f6d0ed7b700 1 -- 172.21.15.112:0/669081675 wait complete.
2024-04-25T15:51:25.740 INFO:teuthology.orchestra.run.smithi112.stdout:/usr/bin/ceph: stderr
2024-04-25T15:51:24.422+0000 7f6d0ed7b700 1 Processor -- start
2024-04-25T15:51:25.740 INFO:teuthology.orchestra.run.smithi112.stdout:/usr/bin/ceph: stderr
2024-04-25T15:51:24.423+0000 7f6d0ed7b700 1 -- start start
2024-04-25T15:51:25.740 INFO:teuthology.orchestra.run.smithi112.stdout:/usr/bin/ceph: stderr
2024-04-25T15:51:24.423+0000 7f6d0ed7b700 1 --2- >> [v2:172.21.15.112:3300/0,v1:172.21.15.112:6789/0] conn(0x7f6d08109960 0x7f6d0819dc30 unknown :-1 s=NONE pgs=0 cs=0 l=1 rev1=0 crypto rx=0 tx=0 comp rx=0 tx=0).connect
2024-04-25T15:51:25.740 INFO:teuthology.orchestra.run.smithi112.stdout:/usr/bin/ceph: stderr
2024-04-25T15:51:24.423+0000 7f6d0ed7b700 1 -- --> [v2:172.21.15.112:3300/0,v1:172.21.15.112:6789/0] -- mon_getmap magic: 0 -- 0x7f6d0810de90 con 0x7f6d08109960
2024-04-25T15:51:25.740 INFO:teuthology.orchestra.run.smithi112.stdout:/usr/bin/ceph: stderr
2024-04-25T15:51:24.423+0000 7f6d0cb17700 1 --2- >> [v2:172.21.15.112:3300/0,v1:172.21.15.112:6789/0] conn(0x7f6d08109960 0x7f6d0819dc30 unknown :-1 s=BANNER_CONNECTING pgs=0 cs=0 l=1 rev1=0 crypto rx=0 tx=0 comp rx=0 tx=0)._handle_peer_banner_payload supported=3 required=0
2024-04-25T15:51:25.740 INFO:teuthology.orchestra.run.smithi112.stdout:/usr/bin/ceph: stderr
2024-04-25T15:51:24.423+0000 7f6d0cb17700 1 --2- >> [v2:172.21.15.112:3300/0,v1:172.21.15.112:6789/0] conn(0x7f6d08109960 0x7f6d0819dc30 unknown :-1 s=HELLO_CONNECTING pgs=0 cs=0 l=1 rev1=1 crypto rx=0 tx=0 comp rx=0 tx=0).handle_hello peer v2:172.21.15.112:3300/0 says I am v2:172.21.15.112:36664/0 (socket says 172.21.15.112:36664)
2024-04-25T15:51:25.740 INFO:teuthology.orchestra.run.smithi112.stdout:/usr/bin/ceph: stderr
2024-04-25T15:51:24.423+0000 7f6d0cb17700 1 -- 172.21.15.112:0/170801353 learned_addr learned my addr 172.21.15.112:0/170801353 (peer_addr_for_me v2:172.21.15.112:0/0)
2024-04-25T15:51:25.740 INFO:teuthology.orchestra.run.smithi112.stdout:/usr/bin/ceph: stderr
2024-04-25T15:51:24.423+0000 7f6d0cb17700 1 -- 172.21.15.112:0/170801353 --> [v2:172.21.15.112:3300/0,v1:172.21.15.112:6789/0] -- mon_subscribe({config=0+,monmap=0+}) -- 0x7f6d0819e170 con 0x7f6d08109960
2024-04-25T15:51:25.740 INFO:teuthology.orchestra.run.smithi112.stdout:/usr/bin/ceph: stderr
2024-04-25T15:51:24.423+0000 7f6d0cb17700 1 --2- 172.21.15.112:0/170801353 >> [v2:172.21.15.112:3300/0,v1:172.21.15.112:6789/0] conn(0x7f6d08109960 0x7f6d0819dc30 secure :-1 s=READY pgs=56 cs=0 l=1 rev1=1 crypto rx=0x7f6cfc006af0 tx=0x7f6cfc011a30 comp rx=0 tx=0).ready entity=mon.0 client_cookie=0 server_cookie=0 in_seq=0 out_seq=0
2024-04-25T15:51:25.740 INFO:teuthology.orchestra.run.smithi112.stdout:/usr/bin/ceph: stderr
2024-04-25T15:51:24.423+0000 7f6d05ffb700 1 -- 172.21.15.112:0/170801353 <== mon.0 v2:172.21.15.112:3300/0 1 ==== mon_map magic: 0 ==== 205+0+0 (secure 0 0 0) 0x7f6cfc003af0 con 0x7f6d08109960
2024-04-25T15:51:25.740 INFO:teuthology.orchestra.run.smithi112.stdout:/usr/bin/ceph: stderr
2024-04-25T15:51:24.423+0000 7f6d05ffb700 1 -- 172.21.15.112:0/170801353 <== mon.0 v2:172.21.15.112:3300/0 2 ==== config(25 keys) ==== 1063+0+0 (secure 0 0 0) 0x7f6cfc01b8d0 con 0x7f6d08109960
2024-04-25T15:51:25.740 INFO:teuthology.orchestra.run.smithi112.stdout:/usr/bin/ceph: stderr
2024-04-25T15:51:24.423+0000 7f6d05ffb700 1 -- 172.21.15.112:0/170801353 <== mon.0 v2:172.21.15.112:3300/0 3 ==== mon_map magic: 0 ==== 205+0+0 (secure 0 0 0) 0x7f6cfc023820 con 0x7f6d08109960
2024-04-25T15:51:25.741 INFO:teuthology.orchestra.run.smithi112.stdout:/usr/bin/ceph: stderr
2024-04-25T15:51:24.423+0000 7f6d0ed7b700 1 -- 172.21.15.112:0/170801353 --> [v2:172.21.15.112:3300/0,v1:172.21.15.112:6789/0] -- mon_subscribe({mgrmap=0+}) -- 0x7f6d0819e400 con 0x7f6d08109960
2024-04-25T15:51:25.741 INFO:teuthology.orchestra.run.smithi112.stdout:/usr/bin/ceph: stderr
2024-04-25T15:51:24.424+0000 7f6d0ed7b700 1 -- 172.21.15.112:0/170801353 --> [v2:172.21.15.112:3300/0,v1:172.21.15.112:6789/0] -- mon_subscribe({osdmap=0}) -- 0x7f6d081a1010 con 0x7f6d08109960
2024-04-25T15:51:25.741 INFO:teuthology.orchestra.run.smithi112.stdout:/usr/bin/ceph: stderr
2024-04-25T15:51:24.424+0000 7f6d0ed7b700 1 -- 172.21.15.112:0/170801353 --> [v2:172.21.15.112:3300/0,v1:172.21.15.112:6789/0] -- mon_command({"prefix": "get_command_descriptions"} v 0) -- 0x7f6d08064cf0 con 0x7f6d08109960
2024-04-25T15:51:25.741 INFO:teuthology.orchestra.run.smithi112.stdout:/usr/bin/ceph: stderr
2024-04-25T15:51:24.425+0000 7f6d05ffb700 1 -- 172.21.15.112:0/170801353 <== mon.0 v2:172.21.15.112:3300/0 4 ==== mgrmap(e 8) ==== 49516+0+0 (secure 0 0 0) 0x7f6cfc01b440 con 0x7f6d08109960
2024-04-25T15:51:25.741 INFO:teuthology.orchestra.run.smithi112.stdout:/usr/bin/ceph: stderr
2024-04-25T15:51:24.425+0000 7f6d05ffb700 1 --2- 172.21.15.112:0/170801353 >> [v2:172.21.15.112:6800/1021036877,v1:172.21.15.112:6801/1021036877] conn(0x7f6cf803d680 0x7f6cf803fb90 unknown :-1 s=NONE pgs=0 cs=0 l=1 rev1=0 crypto rx=0 tx=0 comp rx=0 tx=0).connect
2024-04-25T15:51:25.741 INFO:teuthology.orchestra.run.smithi112.stdout:/usr/bin/ceph: stderr
2024-04-25T15:51:24.425+0000 7f6d05ffb700 1 -- 172.21.15.112:0/170801353 <== mon.0 v2:172.21.15.112:3300/0 5 ==== osd_map(2..2 src has 1..2) ==== 940+0+0 (secure 0 0 0) 0x7f6cfc052d10 con 0x7f6d08109960
2024-04-25T15:51:25.741 INFO:teuthology.orchestra.run.smithi112.stdout:/usr/bin/ceph: stderr
2024-04-25T15:51:24.425+0000 7f6d07fff700 1 --2- 172.21.15.112:0/170801353 >> [v2:172.21.15.112:6800/1021036877,v1:172.21.15.112:6801/1021036877] conn(0x7f6cf803d680 0x7f6cf803fb90 unknown :-1 s=BANNER_CONNECTING pgs=0 cs=0 l=1 rev1=0 crypto rx=0 tx=0 comp rx=0 tx=0)._handle_peer_banner_payload supported=3 required=0
2024-04-25T15:51:25.741 INFO:teuthology.orchestra.run.smithi112.stdout:/usr/bin/ceph: stderr
2024-04-25T15:51:24.425+0000 7f6d07fff700 1 --2- 172.21.15.112:0/170801353 >> [v2:172.21.15.112:6800/1021036877,v1:172.21.15.112:6801/1021036877] conn(0x7f6cf803d680 0x7f6cf803fb90 secure :-1 s=READY pgs=16 cs=0 l=1 rev1=1 crypto rx=0x7f6cf4006fd0 tx=0x7f6cf4006e40 comp rx=0 tx=0).ready entity=mgr.14120 client_cookie=0 server_cookie=0 in_seq=0 out_seq=0
2024-04-25T15:51:25.741 INFO:teuthology.orchestra.run.smithi112.stdout:/usr/bin/ceph: stderr
2024-04-25T15:51:24.430+0000 7f6d05ffb700 1 -- 172.21.15.112:0/170801353 <== mon.0 v2:172.21.15.112:3300/0 6 ==== mon_command_ack([{"prefix": "get_command_descriptions"}]=0 v0) ==== 72+0+188370 (secure 0 0 0) 0x7f6cfc01f030 con 0x7f6d08109960
2024-04-25T15:51:25.741 INFO:teuthology.orchestra.run.smithi112.stdout:/usr/bin/ceph: stderr
2024-04-25T15:51:24.684+0000 7f6d0ed7b700 1 -- 172.21.15.112:0/170801353 --> [v2:172.21.15.112:3300/0,v1:172.21.15.112:6789/0] -- mon_command({"prefix": "mgr module enable", "module": "dashboard"} v 0) -- 0x7f6d081a11e0 con 0x7f6d08109960
2024-04-25T15:51:25.741 INFO:teuthology.orchestra.run.smithi112.stdout:/usr/bin/ceph: stderr
2024-04-25T15:51:25.100+0000 7f6d05ffb700 1 -- 172.21.15.112:0/170801353 <== mon.0 v2:172.21.15.112:3300/0 7 ==== mon_command_ack([{"prefix": "mgr module enable", "module": "dashboard"}]=0 v9) ==== 88+0+0 (secure 0 0 0) 0x7f6cfc017e90 con 0x7f6d08109960
2024-04-25T15:51:25.741 INFO:teuthology.orchestra.run.smithi112.stdout:/usr/bin/ceph: stderr
2024-04-25T15:51:25.101+0000 7f6d05ffb700 1 -- 172.21.15.112:0/170801353 <== mon.0 v2:172.21.15.112:3300/0 8 ==== mgrmap(e 9) ==== 49529+0+0 (secure 0 0 0) 0x7f6cfc00b3e0 con 0x7f6d08109960
2024-04-25T15:51:25.741 INFO:teuthology.orchestra.run.smithi112.stdout:/usr/bin/ceph: stderr
2024-04-25T15:51:25.103+0000 7f6d0ed7b700 1 -- 172.21.15.112:0/170801353 >> [v2:172.21.15.112:6800/1021036877,v1:172.21.15.112:6801/1021036877] conn(0x7f6cf803d680 msgr2=0x7f6cf803fb90 secure :-1 s=STATE_CONNECTION_ESTABLISHED l=1).mark_down
2024-04-25T15:51:25.741 INFO:teuthology.orchestra.run.smithi112.stdout:/usr/bin/ceph: stderr
2024-04-25T15:51:25.103+0000 7f6d0ed7b700 1 --2- 172.21.15.112:0/170801353 >> [v2:172.21.15.112:6800/1021036877,v1:172.21.15.112:6801/1021036877] conn(0x7f6cf803d680 0x7f6cf803fb90 secure :-1 s=READY pgs=16 cs=0 l=1 rev1=1 crypto rx=0x7f6cf4006fd0 tx=0x7f6cf4006e40 comp rx=0 tx=0).stop
2024-04-25T15:51:25.742 INFO:teuthology.orchestra.run.smithi112.stdout:/usr/bin/ceph: stderr
2024-04-25T15:51:25.103+0000 7f6d0ed7b700 1 -- 172.21.15.112:0/170801353 >> [v2:172.21.15.112:3300/0,v1:172.21.15.112:6789/0] conn(0x7f6d08109960 msgr2=0x7f6d0819dc30 secure :-1 s=STATE_CONNECTION_ESTABLISHED l=1).mark_down
2024-04-25T15:51:25.742 INFO:teuthology.orchestra.run.smithi112.stdout:/usr/bin/ceph: stderr
2024-04-25T15:51:25.103+0000 7f6d0ed7b700 1 --2- 172.21.15.112:0/170801353 >> [v2:172.21.15.112:3300/0,v1:172.21.15.112:6789/0] conn(0x7f6d08109960 0x7f6d0819dc30 secure :-1 s=READY pgs=56 cs=0 l=1 rev1=1 crypto rx=0x7f6cfc006af0 tx=0x7f6cfc011a30 comp rx=0 tx=0).stop
2024-04-25T15:51:25.742 INFO:teuthology.orchestra.run.smithi112.stdout:/usr/bin/ceph: stderr
2024-04-25T15:51:25.103+0000 7f6d0ed7b700 1 -- 172.21.15.112:0/170801353 shutdown_connections
2024-04-25T15:51:25.742 INFO:teuthology.orchestra.run.smithi112.stdout:/usr/bin/ceph: stderr
2024-04-25T15:51:25.103+0000 7f6d0ed7b700 1 --2- 172.21.15.112:0/170801353 >> [v2:172.21.15.112:6800/1021036877,v1:172.21.15.112:6801/1021036877] conn(0x7f6cf803d680 0x7f6cf803fb90 unknown :-1 s=CLOSED pgs=16 cs=0 l=1 rev1=1 crypto rx=0 tx=0 comp rx=0 tx=0).stop
2024-04-25T15:51:25.742 INFO:teuthology.orchestra.run.smithi112.stdout:/usr/bin/ceph: stderr
2024-04-25T15:51:25.103+0000 7f6d0ed7b700 1 --2- 172.21.15.112:0/170801353 >> [v2:172.21.15.112:3300/0,v1:172.21.15.112:6789/0] conn(0x7f6d08109960 0x7f6d0819dc30 unknown :-1 s=CLOSED pgs=56 cs=0 l=1 rev1=1 crypto rx=0 tx=0 comp rx=0 tx=0).stop
2024-04-25T15:51:25.742 INFO:teuthology.orchestra.run.smithi112.stdout:/usr/bin/ceph: stderr
2024-04-25T15:51:25.103+0000 7f6d0ed7b700 1 -- 172.21.15.112:0/170801353 >> 172.21.15.112:0/170801353 conn(0x7f6d08104fc0 msgr2=0x7f6d081057d0 unknown :-1 s=STATE_NONE l=0).mark_down
2024-04-25T15:51:25.742 INFO:teuthology.orchestra.run.smithi112.stdout:/usr/bin/ceph: stderr
2024-04-25T15:51:25.103+0000 7f6d0ed7b700 1 -- 172.21.15.112:0/170801353 shutdown_connections
2024-04-25T15:51:25.742 INFO:teuthology.orchestra.run.smithi112.stdout:/usr/bin/ceph: stderr
2024-04-25T15:51:25.103+0000 7f6d0ed7b700 1 -- 172.21.15.112:0/170801353 wait complete.
2024-04-25T15:51:26.024 INFO:journalctl@ceph.mgr.x.smithi112.stdout:Apr 25 15:51:25 smithi112 ceph-68f2f37e-031b-11ef-bc93-c7b262605968-mgr-x[29657]:
2024-04-25T15:51:25.933+0000 7f1b7f34a200 -1 mgr[py] Module progress has missing NOTIFY_TYPES member
2024-04-25T15:51:26.024 INFO:journalctl@ceph.mgr.x.smithi112.stdout:Apr 25 15:51:26 smithi112 ceph-68f2f37e-031b-11ef-bc93-c7b262605968-mgr-x[29657]:
2024-04-25T15:51:26.023+0000 7f1b7f34a200 -1 mgr[py] Module influx has missing NOTIFY_TYPES member
2024-04-25T15:51:26.358 INFO:journalctl@ceph.mon.a.smithi112.stdout:Apr 25 15:51:26 smithi112 ceph-mon[29426]: from='client.? 172.21.15.112:0/170801353' entity='client.admin' cmd='[{"prefix": "mgr module enable", "module": "dashboard"}]': finished
2024-04-25T15:51:26.359 INFO:journalctl@ceph.mon.a.smithi112.stdout:Apr 25 15:51:26 smithi112 ceph-mon[29426]: mgrmap e9: x(active, since 19s)
2024-04-25T15:51:27.086 INFO:teuthology.orchestra.run.smithi112.stdout:/usr/bin/ceph: stdout {
2024-04-25T15:51:27.086 INFO:teuthology.orchestra.run.smithi112.stdout:/usr/bin/ceph: stdout "epoch": 9,
2024-04-25T15:51:27.086 INFO:teuthology.orchestra.run.smithi112.stdout:/usr/bin/ceph: stdout "available": true,
2024-04-25T15:51:27.086 INFO:teuthology.orchestra.run.smithi112.stdout:/usr/bin/ceph: stdout "active_name": "x",
2024-04-25T15:51:27.086 INFO:teuthology.orchestra.run.smithi112.stdout:/usr/bin/ceph: stdout "num_standby": 0
2024-04-25T15:51:27.086 INFO:teuthology.orchestra.run.smithi112.stdout:/usr/bin/ceph: stdout }
2024-04-25T15:51:27.086 INFO:teuthology.orchestra.run.smithi112.stdout:/usr/bin/ceph: stderr
2024-04-25T15:51:26.151+0000 7fc5cb814700 1 Processor -- start
2024-04-25T15:51:27.086 INFO:teuthology.orchestra.run.smithi112.stdout:/usr/bin/ceph: stderr
2024-04-25T15:51:26.152+0000 7fc5cb814700 1 -- start start
2024-04-25T15:51:27.086 INFO:teuthology.orchestra.run.smithi112.stdout:/usr/bin/ceph: stderr
2024-04-25T15:51:26.152+0000 7fc5cb814700 1 --2- >> [v2:172.21.15.112:3300/0,v1:172.21.15.112:6789/0] conn(0x7fc5c410a440 0x7fc5c410c860 unknown :-1 s=NONE pgs=0 cs=0 l=0 rev1=0 crypto rx=0 tx=0 comp rx=0 tx=0).connect
2024-04-25T15:51:27.087 INFO:teuthology.orchestra.run.smithi112.stdout:/usr/bin/ceph: stderr
2024-04-25T15:51:26.152+0000 7fc5cb814700 1 -- --> [v2:172.21.15.112:3300/0,v1:172.21.15.112:6789/0] -- mon_getmap magic: 0 -- 0x7fc5c407cdf0 con 0x7fc5c410a440
2024-04-25T15:51:27.087 INFO:teuthology.orchestra.run.smithi112.stdout:/usr/bin/ceph: stderr
2024-04-25T15:51:26.152+0000 7fc5c95b0700 1 --2- >> [v2:172.21.15.112:3300/0,v1:172.21.15.112:6789/0] conn(0x7fc5c410a440 0x7fc5c410c860 unknown :-1 s=BANNER_CONNECTING pgs=0 cs=0 l=0 rev1=0 crypto rx=0 tx=0 comp rx=0 tx=0)._handle_peer_banner_payload supported=3 required=0
2024-04-25T15:51:27.087 INFO:teuthology.orchestra.run.smithi112.stdout:/usr/bin/ceph: stderr
2024-04-25T15:51:26.152+0000 7fc5c95b0700 1 --2- >> [v2:172.21.15.112:3300/0,v1:172.21.15.112:6789/0] conn(0x7fc5c410a440 0x7fc5c410c860 unknown :-1 s=HELLO_CONNECTING pgs=0 cs=0 l=0 rev1=1 crypto rx=0 tx=0 comp rx=0 tx=0).handle_hello peer v2:172.21.15.112:3300/0 says I am v2:172.21.15.112:36704/0 (socket says 172.21.15.112:36704)
2024-04-25T15:51:27.087 INFO:teuthology.orchestra.run.smithi112.stdout:/usr/bin/ceph: stderr
2024-04-25T15:51:26.152+0000 7fc5c95b0700 1 -- 172.21.15.112:0/2623987427 learned_addr learned my addr 172.21.15.112:0/2623987427 (peer_addr_for_me v2:172.21.15.112:0/0)
2024-04-25T15:51:27.087 INFO:teuthology.orchestra.run.smithi112.stdout:/usr/bin/ceph: stderr
2024-04-25T15:51:26.153+0000 7fc5c95b0700 1 -- 172.21.15.112:0/2623987427 --> [v2:172.21.15.112:3300/0,v1:172.21.15.112:6789/0] -- mon_subscribe({config=0+,monmap=0+}) -- 0x7fc5c410cda0 con 0x7fc5c410a440
2024-04-25T15:51:27.087 INFO:teuthology.orchestra.run.smithi112.stdout:/usr/bin/ceph: stderr
2024-04-25T15:51:26.153+0000 7fc5c95b0700 1 --2- 172.21.15.112:0/2623987427 >> [v2:172.21.15.112:3300/0,v1:172.21.15.112:6789/0] conn(0x7fc5c410a440 0x7fc5c410c860 secure :-1 s=READY pgs=59 cs=0 l=1 rev1=1 crypto rx=0x7fc5c00098a0 tx=0x7fc5c0009bb0 comp rx=0 tx=0).ready entity=mon.0 client_cookie=49b0a67e3243ec9b server_cookie=0 in_seq=0 out_seq=0
2024-04-25T15:51:27.087 INFO:teuthology.orchestra.run.smithi112.stdout:/usr/bin/ceph: stderr
2024-04-25T15:51:26.153+0000 7fc5bbfff700 1 -- 172.21.15.112:0/2623987427 <== mon.0 v2:172.21.15.112:3300/0 1 ==== mon_map magic: 0 ==== 205+0+0 (secure 0 0 0) 0x7fc5c0004160 con 0x7fc5c410a440
2024-04-25T15:51:27.087 INFO:teuthology.orchestra.run.smithi112.stdout:/usr/bin/ceph: stderr
2024-04-25T15:51:26.153+0000 7fc5bbfff700 1 -- 172.21.15.112:0/2623987427 <== mon.0 v2:172.21.15.112:3300/0 2 ==== config(25 keys) ==== 1063+0+0 (secure 0 0 0) 0x7fc5c0004300 con 0x7fc5c410a440
2024-04-25T15:51:27.087 INFO:teuthology.orchestra.run.smithi112.stdout:/usr/bin/ceph: stderr
2024-04-25T15:51:26.153+0000 7fc5bbfff700 1 -- 172.21.15.112:0/2623987427 <== mon.0 v2:172.21.15.112:3300/0 3 ==== mon_map magic: 0 ==== 205+0+0 (secure 0 0 0) 0x7fc5c0011960 con 0x7fc5c410a440
2024-04-25T15:51:27.087 INFO:teuthology.orchestra.run.smithi112.stdout:/usr/bin/ceph: stderr
2024-04-25T15:51:26.154+0000 7fc5cb814700 1 -- 172.21.15.112:0/2623987427 >> [v2:172.21.15.112:3300/0,v1:172.21.15.112:6789/0] conn(0x7fc5c410a440 msgr2=0x7fc5c410c860 secure :-1 s=STATE_CONNECTION_ESTABLISHED l=1).mark_down
2024-04-25T15:51:27.087 INFO:teuthology.orchestra.run.smithi112.stdout:/usr/bin/ceph: stderr
2024-04-25T15:51:26.154+0000 7fc5cb814700 1 --2- 172.21.15.112:0/2623987427 >> [v2:172.21.15.112:3300/0,v1:172.21.15.112:6789/0] conn(0x7fc5c410a440 0x7fc5c410c860 secure :-1 s=READY pgs=59 cs=0 l=1 rev1=1 crypto rx=0x7fc5c00098a0 tx=0x7fc5c0009bb0 comp rx=0 tx=0).stop
2024-04-25T15:51:27.087 INFO:teuthology.orchestra.run.smithi112.stdout:/usr/bin/ceph: stderr
2024-04-25T15:51:26.154+0000 7fc5cb814700 1 -- 172.21.15.112:0/2623987427 shutdown_connections
2024-04-25T15:51:27.087 INFO:teuthology.orchestra.run.smithi112.stdout:/usr/bin/ceph: stderr
2024-04-25T15:51:26.154+0000 7fc5cb814700 1 --2- 172.21.15.112:0/2623987427 >> [v2:172.21.15.112:3300/0,v1:172.21.15.112:6789/0] conn(0x7fc5c410a440 0x7fc5c410c860 unknown :-1 s=CLOSED pgs=59 cs=0 l=1 rev1=1 crypto rx=0 tx=0 comp rx=0 tx=0).stop
2024-04-25T15:51:27.087 INFO:teuthology.orchestra.run.smithi112.stdout:/usr/bin/ceph: stderr
2024-04-25T15:51:26.154+0000 7fc5cb814700 1 -- 172.21.15.112:0/2623987427 >> 172.21.15.112:0/2623987427 conn(0x7fc5c4103e60 msgr2=0x7fc5c41062f0 unknown :-1 s=STATE_NONE l=0).mark_down
2024-04-25T15:51:27.087 INFO:teuthology.orchestra.run.smithi112.stdout:/usr/bin/ceph: stderr
2024-04-25T15:51:26.154+0000 7fc5cb814700 1 -- 172.21.15.112:0/2623987427 shutdown_connections
2024-04-25T15:51:27.088 INFO:teuthology.orchestra.run.smithi112.stdout:/usr/bin/ceph: stderr
2024-04-25T15:51:26.154+0000 7fc5cb814700 1 -- 172.21.15.112:0/2623987427 wait complete.
2024-04-25T15:51:27.088 INFO:teuthology.orchestra.run.smithi112.stdout:/usr/bin/ceph: stderr
2024-04-25T15:51:26.155+0000 7fc5cb814700 1 Processor -- start
2024-04-25T15:51:27.088 INFO:teuthology.orchestra.run.smithi112.stdout:/usr/bin/ceph: stderr
2024-04-25T15:51:26.155+0000 7fc5cb814700 1 -- start start
2024-04-25T15:51:27.088 INFO:teuthology.orchestra.run.smithi112.stdout:/usr/bin/ceph: stderr
2024-04-25T15:51:26.155+0000 7fc5cb814700 1 --2- >> [v2:172.21.15.112:3300/0,v1:172.21.15.112:6789/0] conn(0x7fc5c410a440 0x7fc5c4109bc0 unknown :-1 s=NONE pgs=0 cs=0 l=1 rev1=0 crypto rx=0 tx=0 comp rx=0 tx=0).connect
2024-04-25T15:51:27.088 INFO:teuthology.orchestra.run.smithi112.stdout:/usr/bin/ceph: stderr
2024-04-25T15:51:26.155+0000 7fc5cb814700 1 -- --> [v2:172.21.15.112:3300/0,v1:172.21.15.112:6789/0] -- mon_getmap magic: 0 -- 0x7fc5c410dce0 con 0x7fc5c410a440
2024-04-25T15:51:27.088 INFO:teuthology.orchestra.run.smithi112.stdout:/usr/bin/ceph: stderr
2024-04-25T15:51:26.155+0000 7fc5c95b0700 1 --2- >> [v2:172.21.15.112:3300/0,v1:172.21.15.112:6789/0] conn(0x7fc5c410a440 0x7fc5c4109bc0 unknown :-1 s=BANNER_CONNECTING pgs=0 cs=0 l=1 rev1=0 crypto rx=0 tx=0 comp rx=0 tx=0)._handle_peer_banner_payload supported=3 required=0
2024-04-25T15:51:27.088 INFO:teuthology.orchestra.run.smithi112.stdout:/usr/bin/ceph: stderr
2024-04-25T15:51:26.155+0000 7fc5c95b0700 1 --2- >> [v2:172.21.15.112:3300/0,v1:172.21.15.112:6789/0] conn(0x7fc5c410a440 0x7fc5c4109bc0 unknown :-1 s=HELLO_CONNECTING pgs=0 cs=0 l=1 rev1=1 crypto rx=0 tx=0 comp rx=0 tx=0).handle_hello peer v2:172.21.15.112:3300/0 says I am v2:172.21.15.112:36710/0 (socket says 172.21.15.112:36710)
2024-04-25T15:51:27.088 INFO:teuthology.orchestra.run.smithi112.stdout:/usr/bin/ceph: stderr
2024-04-25T15:51:26.155+0000 7fc5c95b0700 1 -- 172.21.15.112:0/2414557766 learned_addr learned my addr 172.21.15.112:0/2414557766 (peer_addr_for_me v2:172.21.15.112:0/0)
2024-04-25T15:51:27.088 INFO:teuthology.orchestra.run.smithi112.stdout:/usr/bin/ceph: stderr
2024-04-25T15:51:26.155+0000 7fc5c95b0700 1 -- 172.21.15.112:0/2414557766 --> [v2:172.21.15.112:3300/0,v1:172.21.15.112:6789/0] -- mon_subscribe({config=0+,monmap=0+}) -- 0x7fc5c410a100 con 0x7fc5c410a440
2024-04-25T15:51:27.088 INFO:teuthology.orchestra.run.smithi112.stdout:/usr/bin/ceph: stderr
2024-04-25T15:51:26.155+0000 7fc5c95b0700 1 --2- 172.21.15.112:0/2414557766 >> [v2:172.21.15.112:3300/0,v1:172.21.15.112:6789/0] conn(0x7fc5c410a440 0x7fc5c4109bc0 secure :-1 s=READY pgs=60 cs=0 l=1 rev1=1 crypto rx=0x7fc5c0011670 tx=0x7fc5c0011a30 comp rx=0 tx=0).ready entity=mon.0 client_cookie=0 server_cookie=0 in_seq=0 out_seq=0
2024-04-25T15:51:27.088 INFO:teuthology.orchestra.run.smithi112.stdout:/usr/bin/ceph: stderr
2024-04-25T15:51:26.156+0000 7fc5ba7fc700 1 -- 172.21.15.112:0/2414557766 <== mon.0 v2:172.21.15.112:3300/0 1 ==== mon_map magic: 0 ==== 205+0+0 (secure 0 0 0) 0x7fc5c0003a60 con 0x7fc5c410a440
2024-04-25T15:51:27.088 INFO:teuthology.orchestra.run.smithi112.stdout:/usr/bin/ceph: stderr
2024-04-25T15:51:26.156+0000 7fc5ba7fc700 1 -- 172.21.15.112:0/2414557766 <== mon.0 v2:172.21.15.112:3300/0 2 ==== config(25 keys) ==== 1063+0+0 (secure 0 0 0) 0x7fc5c001b8d0 con 0x7fc5c410a440
2024-04-25T15:51:27.088 INFO:teuthology.orchestra.run.smithi112.stdout:/usr/bin/ceph: stderr
2024-04-25T15:51:26.156+0000 7fc5cb814700 1 -- 172.21.15.112:0/2414557766 --> [v2:172.21.15.112:3300/0,v1:172.21.15.112:6789/0] -- mon_subscribe({mgrmap=0+}) -- 0x7fc5c4108350 con 0x7fc5c410a440
2024-04-25T15:51:27.088 INFO:teuthology.orchestra.run.smithi112.stdout:/usr/bin/ceph: stderr
