2024-04-25T16:01:28.621 INFO:journalctl@ceph.mon.a.smithi080.stdout:Apr 25 16:01:28 smithi080 ceph-mon[29623]: from='mgr.14152 172.21.15.80:0/1961420873' entity='mgr.x' cmd=[{"prefix":"config rm","who":"mgr","name":"mgr/rbd_support/x/trash_purge_schedule"}]: dispatch
2024-04-25T16:01:28.621 INFO:journalctl@ceph.mon.a.smithi080.stdout:Apr 25 16:01:28 smithi080 ceph-mon[29623]: [25/Apr/2024:16:01:28] ENGINE Bus STARTING
2024-04-25T16:01:28.621 INFO:journalctl@ceph.mon.a.smithi080.stdout:Apr 25 16:01:28 smithi080 ceph-mon[29623]: from='client.14156 -' entity='client.admin' cmd=[{"prefix": "get_command_descriptions"}]: dispatch
2024-04-25T16:01:28.622 INFO:journalctl@ceph.mon.a.smithi080.stdout:Apr 25 16:01:28 smithi080 ceph-mon[29623]: mgrmap e11: x(active, since 1.00755s)
2024-04-25T16:01:28.622 INFO:journalctl@ceph.mon.a.smithi080.stdout:Apr 25 16:01:28 smithi080 ceph-mon[29623]: from='client.14156 -' entity='client.admin' cmd=[{"prefix": "mgr_status"}]: dispatch
2024-04-25T16:01:28.622 INFO:journalctl@ceph.mon.a.smithi080.stdout:Apr 25 16:01:28 smithi080 ceph-mon[29623]: [25/Apr/2024:16:01:28] ENGINE Serving on http://172.21.15.80:8765
2024-04-25T16:01:29.257 INFO:teuthology.orchestra.run.smithi080.stdout:/usr/bin/ceph: stdout {
2024-04-25T16:01:29.257 INFO:teuthology.orchestra.run.smithi080.stdout:/usr/bin/ceph: stdout "mgrmap_epoch": 11,
2024-04-25T16:01:29.257 INFO:teuthology.orchestra.run.smithi080.stdout:/usr/bin/ceph: stdout "initialized": true
2024-04-25T16:01:29.257 INFO:teuthology.orchestra.run.smithi080.stdout:/usr/bin/ceph: stdout }
2024-04-25T16:01:29.257 INFO:teuthology.orchestra.run.smithi080.stdout:/usr/bin/ceph: stderr
2024-04-25T16:01:22.977+0000 7efd3e52c700 1 Processor -- start
2024-04-25T16:01:29.257 INFO:teuthology.orchestra.run.smithi080.stdout:/usr/bin/ceph: stderr
2024-04-25T16:01:22.977+0000 7efd3e52c700 1 -- start start
2024-04-25T16:01:29.257 INFO:teuthology.orchestra.run.smithi080.stdout:/usr/bin/ceph: stderr
2024-04-25T16:01:22.977+0000 7efd3e52c700 1 --2- >> [v2:172.21.15.80:3300/0,v1:172.21.15.80:6789/0] conn(0x7efd3810b3d0 0x7efd3810b7e0 unknown :-1 s=NONE pgs=0 cs=0 l=0 rev1=0 crypto rx=0 tx=0 comp rx=0 tx=0).connect
2024-04-25T16:01:29.257 INFO:teuthology.orchestra.run.smithi080.stdout:/usr/bin/ceph: stderr
2024-04-25T16:01:22.977+0000 7efd3e52c700 1 -- --> [v2:172.21.15.80:3300/0,v1:172.21.15.80:6789/0] -- mon_getmap magic: 0 -- 0x7efd3810bdb0 con 0x7efd3810b3d0
2024-04-25T16:01:29.257 INFO:teuthology.orchestra.run.smithi080.stdout:/usr/bin/ceph: stderr
2024-04-25T16:01:22.977+0000 7efd37fff700 1 --2- >> [v2:172.21.15.80:3300/0,v1:172.21.15.80:6789/0] conn(0x7efd3810b3d0 0x7efd3810b7e0 unknown :-1 s=BANNER_CONNECTING pgs=0 cs=0 l=0 rev1=0 crypto rx=0 tx=0 comp rx=0 tx=0)._handle_peer_banner_payload supported=3 required=0
2024-04-25T16:01:29.257 INFO:teuthology.orchestra.run.smithi080.stdout:/usr/bin/ceph: stderr
2024-04-25T16:01:22.977+0000 7efd37fff700 1 --2- >> [v2:172.21.15.80:3300/0,v1:172.21.15.80:6789/0] conn(0x7efd3810b3d0 0x7efd3810b7e0 unknown :-1 s=HELLO_CONNECTING pgs=0 cs=0 l=0 rev1=1 crypto rx=0 tx=0 comp rx=0 tx=0).handle_hello peer v2:172.21.15.80:3300/0 says I am v2:172.21.15.80:49568/0 (socket says 172.21.15.80:49568)
2024-04-25T16:01:29.257 INFO:teuthology.orchestra.run.smithi080.stdout:/usr/bin/ceph: stderr
2024-04-25T16:01:22.977+0000 7efd37fff700 1 -- 172.21.15.80:0/2811196592 learned_addr learned my addr 172.21.15.80:0/2811196592 (peer_addr_for_me v2:172.21.15.80:0/0)
2024-04-25T16:01:29.258 INFO:teuthology.orchestra.run.smithi080.stdout:/usr/bin/ceph: stderr
2024-04-25T16:01:22.977+0000 7efd37fff700 1 -- 172.21.15.80:0/2811196592 --> [v2:172.21.15.80:3300/0,v1:172.21.15.80:6789/0] -- mon_subscribe({config=0+,monmap=0+}) -- 0x7efd3810bf30 con 0x7efd3810b3d0
2024-04-25T16:01:29.258 INFO:teuthology.orchestra.run.smithi080.stdout:/usr/bin/ceph: stderr
2024-04-25T16:01:22.978+0000 7efd37fff700 1 --2- 172.21.15.80:0/2811196592 >> [v2:172.21.15.80:3300/0,v1:172.21.15.80:6789/0] conn(0x7efd3810b3d0 0x7efd3810b7e0 secure :-1 s=READY pgs=61 cs=0 l=1 rev1=1 crypto rx=0x7efd280098a0 tx=0x7efd28009bb0 comp rx=0 tx=0).ready entity=mon.0 client_cookie=a1274eeeb2c38eef server_cookie=0 in_seq=0 out_seq=0
2024-04-25T16:01:29.258 INFO:teuthology.orchestra.run.smithi080.stdout:/usr/bin/ceph: stderr
2024-04-25T16:01:22.978+0000 7efd36ffd700 1 -- 172.21.15.80:0/2811196592 <== mon.0 v2:172.21.15.80:3300/0 1 ==== mon_map magic: 0 ==== 205+0+0 (secure 0 0 0) 0x7efd28004160 con 0x7efd3810b3d0
2024-04-25T16:01:29.258 INFO:teuthology.orchestra.run.smithi080.stdout:/usr/bin/ceph: stderr
2024-04-25T16:01:22.978+0000 7efd36ffd700 1 -- 172.21.15.80:0/2811196592 <== mon.0 v2:172.21.15.80:3300/0 2 ==== config(28 keys) ==== 1170+0+0 (secure 0 0 0) 0x7efd28004300 con 0x7efd3810b3d0
2024-04-25T16:01:29.258 INFO:teuthology.orchestra.run.smithi080.stdout:/usr/bin/ceph: stderr
2024-04-25T16:01:22.978+0000 7efd36ffd700 1 -- 172.21.15.80:0/2811196592 <== mon.0 v2:172.21.15.80:3300/0 3 ==== mon_map magic: 0 ==== 205+0+0 (secure 0 0 0) 0x7efd28011c20 con 0x7efd3810b3d0
2024-04-25T16:01:29.258 INFO:teuthology.orchestra.run.smithi080.stdout:/usr/bin/ceph: stderr
2024-04-25T16:01:22.979+0000 7efd3e52c700 1 -- 172.21.15.80:0/2811196592 >> [v2:172.21.15.80:3300/0,v1:172.21.15.80:6789/0] conn(0x7efd3810b3d0 msgr2=0x7efd3810b7e0 secure :-1 s=STATE_CONNECTION_ESTABLISHED l=1).mark_down
2024-04-25T16:01:29.258 INFO:teuthology.orchestra.run.smithi080.stdout:/usr/bin/ceph: stderr
2024-04-25T16:01:22.979+0000 7efd3e52c700 1 --2- 172.21.15.80:0/2811196592 >> [v2:172.21.15.80:3300/0,v1:172.21.15.80:6789/0] conn(0x7efd3810b3d0 0x7efd3810b7e0 secure :-1 s=READY pgs=61 cs=0 l=1 rev1=1 crypto rx=0x7efd280098a0 tx=0x7efd28009bb0 comp rx=0 tx=0).stop
2024-04-25T16:01:29.258 INFO:teuthology.orchestra.run.smithi080.stdout:/usr/bin/ceph: stderr
2024-04-25T16:01:22.979+0000 7efd3e52c700 1 -- 172.21.15.80:0/2811196592 shutdown_connections
2024-04-25T16:01:29.258 INFO:teuthology.orchestra.run.smithi080.stdout:/usr/bin/ceph: stderr
2024-04-25T16:01:22.979+0000 7efd3e52c700 1 --2- 172.21.15.80:0/2811196592 >> [v2:172.21.15.80:3300/0,v1:172.21.15.80:6789/0] conn(0x7efd3810b3d0 0x7efd3810b7e0 unknown :-1 s=CLOSED pgs=61 cs=0 l=1 rev1=1 crypto rx=0 tx=0 comp rx=0 tx=0).stop
2024-04-25T16:01:29.258 INFO:teuthology.orchestra.run.smithi080.stdout:/usr/bin/ceph: stderr
2024-04-25T16:01:22.979+0000 7efd3e52c700 1 -- 172.21.15.80:0/2811196592 >> 172.21.15.80:0/2811196592 conn(0x7efd38103bb0 msgr2=0x7efd38106000 unknown :-1 s=STATE_NONE l=0).mark_down
2024-04-25T16:01:29.258 INFO:teuthology.orchestra.run.smithi080.stdout:/usr/bin/ceph: stderr
2024-04-25T16:01:22.979+0000 7efd3e52c700 1 -- 172.21.15.80:0/2811196592 shutdown_connections
2024-04-25T16:01:29.258 INFO:teuthology.orchestra.run.smithi080.stdout:/usr/bin/ceph: stderr
2024-04-25T16:01:22.979+0000 7efd3e52c700 1 -- 172.21.15.80:0/2811196592 wait complete.
2024-04-25T16:01:29.258 INFO:teuthology.orchestra.run.smithi080.stdout:/usr/bin/ceph: stderr
2024-04-25T16:01:22.979+0000 7efd3e52c700 1 Processor -- start
2024-04-25T16:01:29.258 INFO:teuthology.orchestra.run.smithi080.stdout:/usr/bin/ceph: stderr
2024-04-25T16:01:22.979+0000 7efd3e52c700 1 -- start start
2024-04-25T16:01:29.259 INFO:teuthology.orchestra.run.smithi080.stdout:/usr/bin/ceph: stderr
2024-04-25T16:01:22.980+0000 7efd3e52c700 1 --2- >> [v2:172.21.15.80:3300/0,v1:172.21.15.80:6789/0] conn(0x7efd3810b3d0 0x7efd3819e270 unknown :-1 s=NONE pgs=0 cs=0 l=1 rev1=0 crypto rx=0 tx=0 comp rx=0 tx=0).connect
2024-04-25T16:01:29.259 INFO:teuthology.orchestra.run.smithi080.stdout:/usr/bin/ceph: stderr
2024-04-25T16:01:22.980+0000 7efd3e52c700 1 -- --> [v2:172.21.15.80:3300/0,v1:172.21.15.80:6789/0] -- mon_getmap magic: 0 -- 0x7efd3810e370 con 0x7efd3810b3d0
2024-04-25T16:01:29.259 INFO:teuthology.orchestra.run.smithi080.stdout:/usr/bin/ceph: stderr
2024-04-25T16:01:22.980+0000 7efd37fff700 1 --2- >> [v2:172.21.15.80:3300/0,v1:172.21.15.80:6789/0] conn(0x7efd3810b3d0 0x7efd3819e270 unknown :-1 s=BANNER_CONNECTING pgs=0 cs=0 l=1 rev1=0 crypto rx=0 tx=0 comp rx=0 tx=0)._handle_peer_banner_payload supported=3 required=0
2024-04-25T16:01:29.259 INFO:teuthology.orchestra.run.smithi080.stdout:/usr/bin/ceph: stderr
2024-04-25T16:01:22.980+0000 7efd37fff700 1 --2- >> [v2:172.21.15.80:3300/0,v1:172.21.15.80:6789/0] conn(0x7efd3810b3d0 0x7efd3819e270 unknown :-1 s=HELLO_CONNECTING pgs=0 cs=0 l=1 rev1=1 crypto rx=0 tx=0 comp rx=0 tx=0).handle_hello peer v2:172.21.15.80:3300/0 says I am v2:172.21.15.80:49578/0 (socket says 172.21.15.80:49578)
2024-04-25T16:01:29.259 INFO:teuthology.orchestra.run.smithi080.stdout:/usr/bin/ceph: stderr
2024-04-25T16:01:22.980+0000 7efd37fff700 1 -- 172.21.15.80:0/2877801657 learned_addr learned my addr 172.21.15.80:0/2877801657 (peer_addr_for_me v2:172.21.15.80:0/0)
2024-04-25T16:01:29.259 INFO:teuthology.orchestra.run.smithi080.stdout:/usr/bin/ceph: stderr
2024-04-25T16:01:22.980+0000 7efd37fff700 1 -- 172.21.15.80:0/2877801657 --> [v2:172.21.15.80:3300/0,v1:172.21.15.80:6789/0] -- mon_subscribe({config=0+,monmap=0+}) -- 0x7efd3819e7b0 con 0x7efd3810b3d0
2024-04-25T16:01:29.259 INFO:teuthology.orchestra.run.smithi080.stdout:/usr/bin/ceph: stderr
2024-04-25T16:01:22.980+0000 7efd37fff700 1 --2- 172.21.15.80:0/2877801657 >> [v2:172.21.15.80:3300/0,v1:172.21.15.80:6789/0] conn(0x7efd3810b3d0 0x7efd3819e270 secure :-1 s=READY pgs=62 cs=0 l=1 rev1=1 crypto rx=0x7efd28009fb0 tx=0x7efd28004280 comp rx=0 tx=0).ready entity=mon.0 client_cookie=0 server_cookie=0 in_seq=0 out_seq=0
2024-04-25T16:01:29.259 INFO:teuthology.orchestra.run.smithi080.stdout:/usr/bin/ceph: stderr
2024-04-25T16:01:22.980+0000 7efd357fa700 1 -- 172.21.15.80:0/2877801657 <== mon.0 v2:172.21.15.80:3300/0 1 ==== mon_map magic: 0 ==== 205+0+0 (secure 0 0 0) 0x7efd280036a0 con 0x7efd3810b3d0
2024-04-25T16:01:29.259 INFO:teuthology.orchestra.run.smithi080.stdout:/usr/bin/ceph: stderr
2024-04-25T16:01:22.981+0000 7efd357fa700 1 -- 172.21.15.80:0/2877801657 <== mon.0 v2:172.21.15.80:3300/0 2 ==== config(28 keys) ==== 1170+0+0 (secure 0 0 0) 0x7efd28003d40 con 0x7efd3810b3d0
2024-04-25T16:01:29.259 INFO:teuthology.orchestra.run.smithi080.stdout:/usr/bin/ceph: stderr
2024-04-25T16:01:22.981+0000 7efd357fa700 1 -- 172.21.15.80:0/2877801657 <== mon.0 v2:172.21.15.80:3300/0 3 ==== mon_map magic: 0 ==== 205+0+0 (secure 0 0 0) 0x7efd280193c0 con 0x7efd3810b3d0
2024-04-25T16:01:29.259 INFO:teuthology.orchestra.run.smithi080.stdout:/usr/bin/ceph: stderr
2024-04-25T16:01:22.981+0000 7efd3e52c700 1 -- 172.21.15.80:0/2877801657 --> [v2:172.21.15.80:3300/0,v1:172.21.15.80:6789/0] -- mon_subscribe({mgrmap=0+}) -- 0x7efd3819ea40 con 0x7efd3810b3d0
2024-04-25T16:01:29.259 INFO:teuthology.orchestra.run.smithi080.stdout:/usr/bin/ceph: stderr
2024-04-25T16:01:22.981+0000 7efd3e52c700 1 -- 172.21.15.80:0/2877801657 --> [v2:172.21.15.80:3300/0,v1:172.21.15.80:6789/0] -- mon_subscribe({osdmap=0}) -- 0x7efd381a1650 con 0x7efd3810b3d0
2024-04-25T16:01:29.259 INFO:teuthology.orchestra.run.smithi080.stdout:/usr/bin/ceph: stderr
2024-04-25T16:01:22.981+0000 7efd357fa700 1 -- 172.21.15.80:0/2877801657 <== mon.0 v2:172.21.15.80:3300/0 4 ==== mgrmap(e 9) ==== 49529+0+0 (secure 0 0 0) 0x7efd280196c0 con 0x7efd3810b3d0
2024-04-25T16:01:29.259 INFO:teuthology.orchestra.run.smithi080.stdout:/usr/bin/ceph: stderr
2024-04-25T16:01:22.982+0000 7efd357fa700 1 --2- 172.21.15.80:0/2877801657 >> [v2:172.21.15.80:6800/4105172825,v1:172.21.15.80:6801/4105172825] conn(0x7efd2003d630 0x7efd2003fb40 unknown :-1 s=NONE pgs=0 cs=0 l=1 rev1=0 crypto rx=0 tx=0 comp rx=0 tx=0).connect
2024-04-25T16:01:29.259 INFO:teuthology.orchestra.run.smithi080.stdout:/usr/bin/ceph: stderr
2024-04-25T16:01:22.982+0000 7efd357fa700 1 -- 172.21.15.80:0/2877801657 --> [v2:172.21.15.80:6800/4105172825,v1:172.21.15.80:6801/4105172825] -- command(tid 0: {"prefix": "get_command_descriptions"}) -- 0x7efd20040250 con 0x7efd2003d630
2024-04-25T16:01:29.260 INFO:teuthology.orchestra.run.smithi080.stdout:/usr/bin/ceph: stderr
2024-04-25T16:01:22.982+0000 7efd377fe700 1 -- 172.21.15.80:0/2877801657 >> [v2:172.21.15.80:6800/4105172825,v1:172.21.15.80:6801/4105172825] conn(0x7efd2003d630 msgr2=0x7efd2003fb40 unknown :-1 s=STATE_CONNECTING_RE l=1).process reconnect failed to v2:172.21.15.80:6800/4105172825
2024-04-25T16:01:29.260 INFO:teuthology.orchestra.run.smithi080.stdout:/usr/bin/ceph: stderr
2024-04-25T16:01:22.982+0000 7efd357fa700 1 -- 172.21.15.80:0/2877801657 <== mon.0 v2:172.21.15.80:3300/0 5 ==== osd_map(2..2 src has 1..2) ==== 940+0+0 (secure 0 0 0) 0x7efd28052590 con 0x7efd3810b3d0
2024-04-25T16:01:29.260 INFO:teuthology.orchestra.run.smithi080.stdout:/usr/bin/ceph: stderr
2024-04-25T16:01:22.982+0000 7efd377fe700 1 --2- 172.21.15.80:0/2877801657 >> [v2:172.21.15.80:6800/4105172825,v1:172.21.15.80:6801/4105172825] conn(0x7efd2003d630 0x7efd2003fb40 unknown :-1 s=START_CONNECT pgs=0 cs=0 l=1 rev1=0 crypto rx=0 tx=0 comp rx=0 tx=0)._fault waiting 0.200000
2024-04-25T16:01:29.260 INFO:teuthology.orchestra.run.smithi080.stdout:/usr/bin/ceph: stderr
2024-04-25T16:01:23.183+0000 7efd377fe700 1 -- 172.21.15.80:0/2877801657 >> [v2:172.21.15.80:6800/4105172825,v1:172.21.15.80:6801/4105172825] conn(0x7efd2003d630 msgr2=0x7efd2003fb40 unknown :-1 s=STATE_CONNECTING_RE l=1).process reconnect failed to v2:172.21.15.80:6800/4105172825
2024-04-25T16:01:29.260 INFO:teuthology.orchestra.run.smithi080.stdout:/usr/bin/ceph: stderr
2024-04-25T16:01:23.183+0000 7efd377fe700 1 --2- 172.21.15.80:0/2877801657 >> [v2:172.21.15.80:6800/4105172825,v1:172.21.15.80:6801/4105172825] conn(0x7efd2003d630 0x7efd2003fb40 unknown :-1 s=START_CONNECT pgs=0 cs=0 l=1 rev1=0 crypto rx=0 tx=0 comp rx=0 tx=0)._fault waiting 0.400000
2024-04-25T16:01:29.260 INFO:teuthology.orchestra.run.smithi080.stdout:/usr/bin/ceph: stderr
2024-04-25T16:01:23.584+0000 7efd377fe700 1 -- 172.21.15.80:0/2877801657 >> [v2:172.21.15.80:6800/4105172825,v1:172.21.15.80:6801/4105172825] conn(0x7efd2003d630 msgr2=0x7efd2003fb40 unknown :-1 s=STATE_CONNECTING_RE l=1).process reconnect failed to v2:172.21.15.80:6800/4105172825
2024-04-25T16:01:29.260 INFO:teuthology.orchestra.run.smithi080.stdout:/usr/bin/ceph: stderr
2024-04-25T16:01:23.584+0000 7efd377fe700 1 --2- 172.21.15.80:0/2877801657 >> [v2:172.21.15.80:6800/4105172825,v1:172.21.15.80:6801/4105172825] conn(0x7efd2003d630 0x7efd2003fb40 unknown :-1 s=START_CONNECT pgs=0 cs=0 l=1 rev1=0 crypto rx=0 tx=0 comp rx=0 tx=0)._fault waiting 0.800000
2024-04-25T16:01:29.260 INFO:teuthology.orchestra.run.smithi080.stdout:/usr/bin/ceph: stderr
2024-04-25T16:01:24.385+0000 7efd377fe700 1 -- 172.21.15.80:0/2877801657 >> [v2:172.21.15.80:6800/4105172825,v1:172.21.15.80:6801/4105172825] conn(0x7efd2003d630 msgr2=0x7efd2003fb40 unknown :-1 s=STATE_CONNECTING_RE l=1).process reconnect failed to v2:172.21.15.80:6800/4105172825
2024-04-25T16:01:29.260 INFO:teuthology.orchestra.run.smithi080.stdout:/usr/bin/ceph: stderr
2024-04-25T16:01:24.385+0000 7efd377fe700 1 --2- 172.21.15.80:0/2877801657 >> [v2:172.21.15.80:6800/4105172825,v1:172.21.15.80:6801/4105172825] conn(0x7efd2003d630 0x7efd2003fb40 unknown :-1 s=START_CONNECT pgs=0 cs=0 l=1 rev1=0 crypto rx=0 tx=0 comp rx=0 tx=0)._fault waiting 1.600000
2024-04-25T16:01:29.260 INFO:teuthology.orchestra.run.smithi080.stdout:/usr/bin/ceph: stderr
2024-04-25T16:01:25.986+0000 7efd377fe700 1 -- 172.21.15.80:0/2877801657 >> [v2:172.21.15.80:6800/4105172825,v1:172.21.15.80:6801/4105172825] conn(0x7efd2003d630 msgr2=0x7efd2003fb40 unknown :-1 s=STATE_CONNECTING_RE l=1).process reconnect failed to v2:172.21.15.80:6800/4105172825
2024-04-25T16:01:29.260 INFO:teuthology.orchestra.run.smithi080.stdout:/usr/bin/ceph: stderr
2024-04-25T16:01:25.986+0000 7efd377fe700 1 --2- 172.21.15.80:0/2877801657 >> [v2:172.21.15.80:6800/4105172825,v1:172.21.15.80:6801/4105172825] conn(0x7efd2003d630 0x7efd2003fb40 unknown :-1 s=START_CONNECT pgs=0 cs=0 l=1 rev1=0 crypto rx=0 tx=0 comp rx=0 tx=0)._fault waiting 3.200000
2024-04-25T16:01:29.260 INFO:teuthology.orchestra.run.smithi080.stdout:/usr/bin/ceph: stderr
2024-04-25T16:01:27.403+0000 7efd357fa700 1 -- 172.21.15.80:0/2877801657 <== mon.0 v2:172.21.15.80:3300/0 6 ==== mgrmap(e 10) ==== 49296+0+0 (secure 0 0 0) 0x7efd28019a50 con 0x7efd3810b3d0
2024-04-25T16:01:29.260 INFO:teuthology.orchestra.run.smithi080.stdout:/usr/bin/ceph: stderr
2024-04-25T16:01:27.404+0000 7efd357fa700 1 -- 172.21.15.80:0/2877801657 >> [v2:172.21.15.80:6800/4105172825,v1:172.21.15.80:6801/4105172825] conn(0x7efd2003d630 msgr2=0x7efd2003fb40 unknown :-1 s=STATE_CONNECTING l=1).mark_down
2024-04-25T16:01:29.260 INFO:teuthology.orchestra.run.smithi080.stdout:/usr/bin/ceph: stderr
2024-04-25T16:01:27.404+0000 7efd357fa700 1 --2- 172.21.15.80:0/2877801657 >> [v2:172.21.15.80:6800/4105172825,v1:172.21.15.80:6801/4105172825] conn(0x7efd2003d630 0x7efd2003fb40 unknown :-1 s=START_CONNECT pgs=0 cs=0 l=1 rev1=0 crypto rx=0 tx=0 comp rx=0 tx=0).stop
2024-04-25T16:01:29.260 INFO:teuthology.orchestra.run.smithi080.stdout:/usr/bin/ceph: stderr
2024-04-25T16:01:28.403+0000 7efd357fa700 1 -- 172.21.15.80:0/2877801657 <== mon.0 v2:172.21.15.80:3300/0 7 ==== mgrmap(e 11) ==== 49423+0+0 (secure 0 0 0) 0x7efd28018a40 con 0x7efd3810b3d0
2024-04-25T16:01:29.261 INFO:teuthology.orchestra.run.smithi080.stdout:/usr/bin/ceph: stderr
2024-04-25T16:01:28.403+0000 7efd357fa700 1 --2- 172.21.15.80:0/2877801657 >> [v2:172.21.15.80:6800/982956506,v1:172.21.15.80:6801/982956506] conn(0x7efd28052180 0x7efd20042fd0 unknown :-1 s=NONE pgs=0 cs=0 l=1 rev1=0 crypto rx=0 tx=0 comp rx=0 tx=0).connect
2024-04-25T16:01:29.261 INFO:teuthology.orchestra.run.smithi080.stdout:/usr/bin/ceph: stderr
2024-04-25T16:01:28.403+0000 7efd357fa700 1 -- 172.21.15.80:0/2877801657 --> [v2:172.21.15.80:6800/982956506,v1:172.21.15.80:6801/982956506] -- command(tid 0: {"prefix": "get_command_descriptions"}) -- 0x7efd2804bf70 con 0x7efd28052180
2024-04-25T16:01:29.261 INFO:teuthology.orchestra.run.smithi080.stdout:/usr/bin/ceph: stderr
2024-04-25T16:01:28.403+0000 7efd377fe700 1 --2- 172.21.15.80:0/2877801657 >> [v2:172.21.15.80:6800/982956506,v1:172.21.15.80:6801/982956506] conn(0x7efd28052180 0x7efd20042fd0 unknown :-1 s=BANNER_CONNECTING pgs=0 cs=0 l=1 rev1=0 crypto rx=0 tx=0 comp rx=0 tx=0)._handle_peer_banner_payload supported=3 required=0
2024-04-25T16:01:29.261 INFO:teuthology.orchestra.run.smithi080.stdout:/usr/bin/ceph: stderr
2024-04-25T16:01:28.404+0000 7efd377fe700 1 --2- 172.21.15.80:0/2877801657 >> [v2:172.21.15.80:6800/982956506,v1:172.21.15.80:6801/982956506] conn(0x7efd28052180 0x7efd20042fd0 secure :-1 s=READY pgs=1 cs=0 l=1 rev1=1 crypto rx=0x7efd2c003a10 tx=0x7efd2c0092b0 comp rx=0 tx=0).ready entity=mgr.14152 client_cookie=0 server_cookie=0 in_seq=0 out_seq=0
2024-04-25T16:01:29.261 INFO:teuthology.orchestra.run.smithi080.stdout:/usr/bin/ceph: stderr
2024-04-25T16:01:28.405+0000 7efd357fa700 1 -- 172.21.15.80:0/2877801657 <== mgr.14152 v2:172.21.15.80:6800/982956506 1 ==== command_reply(tid 0: 0 ) ==== 8+0+9564 (secure 0 0 0) 0x7efd2804bf70 con 0x7efd28052180
2024-04-25T16:01:29.261 INFO:teuthology.orchestra.run.smithi080.stdout:/usr/bin/ceph: stderr
2024-04-25T16:01:28.413+0000 7efd3e52c700 1 -- 172.21.15.80:0/2877801657 --> [v2:172.21.15.80:6800/982956506,v1:172.21.15.80:6801/982956506] -- command(tid 1: {"prefix": "mgr_status"}) -- 0x7efd38064cf0 con 0x7efd28052180
2024-04-25T16:01:29.261 INFO:teuthology.orchestra.run.smithi080.stdout:/usr/bin/ceph: stderr
2024-04-25T16:01:28.413+0000 7efd357fa700 1 -- 172.21.15.80:0/2877801657 <== mgr.14152 v2:172.21.15.80:6800/982956506 2 ==== command_reply(tid 1: 0 ) ==== 8+0+52 (secure 0 0 0) 0x7efd38064cf0 con 0x7efd28052180
2024-04-25T16:01:29.261 INFO:teuthology.orchestra.run.smithi080.stdout:/usr/bin/ceph: stderr
2024-04-25T16:01:28.413+0000 7efd3e52c700 1 -- 172.21.15.80:0/2877801657 >> [v2:172.21.15.80:6800/982956506,v1:172.21.15.80:6801/982956506] conn(0x7efd28052180 msgr2=0x7efd20042fd0 secure :-1 s=STATE_CONNECTION_ESTABLISHED l=1).mark_down
2024-04-25T16:01:29.261 INFO:teuthology.orchestra.run.smithi080.stdout:/usr/bin/ceph: stderr
2024-04-25T16:01:28.413+0000 7efd3e52c700 1 --2- 172.21.15.80:0/2877801657 >> [v2:172.21.15.80:6800/982956506,v1:172.21.15.80:6801/982956506] conn(0x7efd28052180 0x7efd20042fd0 secure :-1 s=READY pgs=1 cs=0 l=1 rev1=1 crypto rx=0x7efd2c003a10 tx=0x7efd2c0092b0 comp rx=0 tx=0).stop
2024-04-25T16:01:29.261 INFO:teuthology.orchestra.run.smithi080.stdout:/usr/bin/ceph: stderr
2024-04-25T16:01:28.413+0000 7efd3e52c700 1 -- 172.21.15.80:0/2877801657 >> [v2:172.21.15.80:3300/0,v1:172.21.15.80:6789/0] conn(0x7efd3810b3d0 msgr2=0x7efd3819e270 secure :-1 s=STATE_CONNECTION_ESTABLISHED l=1).mark_down
2024-04-25T16:01:29.261 INFO:teuthology.orchestra.run.smithi080.stdout:/usr/bin/ceph: stderr
2024-04-25T16:01:28.413+0000 7efd3e52c700 1 --2- 172.21.15.80:0/2877801657 >> [v2:172.21.15.80:3300/0,v1:172.21.15.80:6789/0] conn(0x7efd3810b3d0 0x7efd3819e270 secure :-1 s=READY pgs=62 cs=0 l=1 rev1=1 crypto rx=0x7efd28009fb0 tx=0x7efd28004280 comp rx=0 tx=0).stop
2024-04-25T16:01:29.261 INFO:teuthology.orchestra.run.smithi080.stdout:/usr/bin/ceph: stderr
2024-04-25T16:01:28.414+0000 7efd3e52c700 1 -- 172.21.15.80:0/2877801657 shutdown_connections
2024-04-25T16:01:29.261 INFO:teuthology.orchestra.run.smithi080.stdout:/usr/bin/ceph: stderr
2024-04-25T16:01:28.414+0000 7efd3e52c700 1 --2- 172.21.15.80:0/2877801657 >> [v2:172.21.15.80:6800/982956506,v1:172.21.15.80:6801/982956506] conn(0x7efd28052180 0x7efd20042fd0 unknown :-1 s=CLOSED pgs=1 cs=0 l=1 rev1=1 crypto rx=0 tx=0 comp rx=0 tx=0).stop
2024-04-25T16:01:29.261 INFO:teuthology.orchestra.run.smithi080.stdout:/usr/bin/ceph: stderr
2024-04-25T16:01:28.414+0000 7efd3e52c700 1 --2- 172.21.15.80:0/2877801657 >> [v2:172.21.15.80:3300/0,v1:172.21.15.80:6789/0] conn(0x7efd3810b3d0 0x7efd3819e270 unknown :-1 s=CLOSED pgs=62 cs=0 l=1 rev1=1 crypto rx=0 tx=0 comp rx=0 tx=0).stop
2024-04-25T16:01:29.261 INFO:teuthology.orchestra.run.smithi080.stdout:/usr/bin/ceph: stderr
2024-04-25T16:01:28.414+0000 7efd3e52c700 1 --2- 172.21.15.80:0/2877801657 >> [v2:172.21.15.80:6800/4105172825,v1:172.21.15.80:6801/4105172825] conn(0x7efd2003d630 0x7efd2003fb40 unknown :-1 s=CLOSED pgs=0 cs=0 l=1 rev1=0 crypto rx=0 tx=0 comp rx=0 tx=0).stop
2024-04-25T16:01:29.262 INFO:teuthology.orchestra.run.smithi080.stdout:/usr/bin/ceph: stderr
2024-04-25T16:01:28.414+0000 7efd3e52c700 1 -- 172.21.15.80:0/2877801657 >> 172.21.15.80:0/2877801657 conn(0x7efd38103bb0 msgr2=0x7efd38105550 unknown :-1 s=STATE_NONE l=0).mark_down
2024-04-25T16:01:29.262 INFO:teuthology.orchestra.run.smithi080.stdout:/usr/bin/ceph: stderr
2024-04-25T16:01:28.414+0000 7efd3e52c700 1 -- 172.21.15.80:0/2877801657 shutdown_connections
2024-04-25T16:01:29.262 INFO:teuthology.orchestra.run.smithi080.stdout:/usr/bin/ceph: stderr
2024-04-25T16:01:28.414+0000 7efd3e52c700 1 -- 172.21.15.80:0/2877801657 wait complete.
2024-04-25T16:01:29.262 INFO:teuthology.orchestra.run.smithi080.stdout:mgr epoch 9 is available
2024-04-25T16:01:29.262 INFO:teuthology.orchestra.run.smithi080.stdout:Generating a dashboard self-signed certificate...
2024-04-25T16:01:29.616 INFO:journalctl@ceph.mon.a.smithi080.stdout:Apr 25 16:01:29 smithi080 ceph-mon[29623]: [25/Apr/2024:16:01:28] ENGINE Serving on https://172.21.15.80:7150
2024-04-25T16:01:29.616 INFO:journalctl@ceph.mon.a.smithi080.stdout:Apr 25 16:01:29 smithi080 ceph-mon[29623]: [25/Apr/2024:16:01:28] ENGINE Bus STARTED
2024-04-25T16:01:30.554 INFO:teuthology.orchestra.run.smithi080.stdout:/usr/bin/ceph: stdout Self-signed certificate created
2024-04-25T16:01:30.555 INFO:teuthology.orchestra.run.smithi080.stdout:/usr/bin/ceph: stderr
2024-04-25T16:01:29.652+0000 7f9164c15700 1 Processor -- start
2024-04-25T16:01:30.555 INFO:teuthology.orchestra.run.smithi080.stdout:/usr/bin/ceph: stderr
2024-04-25T16:01:29.652+0000 7f9164c15700 1 -- start start
2024-04-25T16:01:30.555 INFO:teuthology.orchestra.run.smithi080.stdout:/usr/bin/ceph: stderr
2024-04-25T16:01:29.652+0000 7f9164c15700 1 --2- >> [v2:172.21.15.80:3300/0,v1:172.21.15.80:6789/0] conn(0x7f916010a220 0x7f916010a650 unknown :-1 s=NONE pgs=0 cs=0 l=0 rev1=0 crypto rx=0 tx=0 comp rx=0 tx=0).connect
2024-04-25T16:01:30.555 INFO:teuthology.orchestra.run.smithi080.stdout:/usr/bin/ceph: stderr
2024-04-25T16:01:29.652+0000 7f9164c15700 1 -- --> [v2:172.21.15.80:3300/0,v1:172.21.15.80:6789/0] -- mon_getmap magic: 0 -- 0x7f916010ac60 con 0x7f916010a220
2024-04-25T16:01:30.555 INFO:teuthology.orchestra.run.smithi080.stdout:/usr/bin/ceph: stderr
2024-04-25T16:01:29.652+0000 7f915e59c700 1 --2- >> [v2:172.21.15.80:3300/0,v1:172.21.15.80:6789/0] conn(0x7f916010a220 0x7f916010a650 unknown :-1 s=BANNER_CONNECTING pgs=0 cs=0 l=0 rev1=0 crypto rx=0 tx=0 comp rx=0 tx=0)._handle_peer_banner_payload supported=3 required=0
2024-04-25T16:01:30.555 INFO:teuthology.orchestra.run.smithi080.stdout:/usr/bin/ceph: stderr
2024-04-25T16:01:29.652+0000 7f915e59c700 1 --2- >> [v2:172.21.15.80:3300/0,v1:172.21.15.80:6789/0] conn(0x7f916010a220 0x7f916010a650 unknown :-1 s=HELLO_CONNECTING pgs=0 cs=0 l=0 rev1=1 crypto rx=0 tx=0 comp rx=0 tx=0).handle_hello peer v2:172.21.15.80:3300/0 says I am v2:172.21.15.80:58166/0 (socket says 172.21.15.80:58166)
2024-04-25T16:01:30.555 INFO:teuthology.orchestra.run.smithi080.stdout:/usr/bin/ceph: stderr
2024-04-25T16:01:29.652+0000 7f915e59c700 1 -- 172.21.15.80:0/1909812422 learned_addr learned my addr 172.21.15.80:0/1909812422 (peer_addr_for_me v2:172.21.15.80:0/0)
2024-04-25T16:01:30.555 INFO:teuthology.orchestra.run.smithi080.stdout:/usr/bin/ceph: stderr
2024-04-25T16:01:29.653+0000 7f915e59c700 1 -- 172.21.15.80:0/1909812422 --> [v2:172.21.15.80:3300/0,v1:172.21.15.80:6789/0] -- mon_subscribe({config=0+,monmap=0+}) -- 0x7f9160108f30 con 0x7f916010a220
2024-04-25T16:01:30.555 INFO:teuthology.orchestra.run.smithi080.stdout:/usr/bin/ceph: stderr
2024-04-25T16:01:29.653+0000 7f915e59c700 1 --2- 172.21.15.80:0/1909812422 >> [v2:172.21.15.80:3300/0,v1:172.21.15.80:6789/0] conn(0x7f916010a220 0x7f916010a650 secure :-1 s=READY pgs=70 cs=0 l=1 rev1=1 crypto rx=0x7f91500098a0 tx=0x7f9150009bb0 comp rx=0 tx=0).ready entity=mon.0 client_cookie=e1176b2d0ca0bb08 server_cookie=0 in_seq=0 out_seq=0
2024-04-25T16:01:30.555 INFO:teuthology.orchestra.run.smithi080.stdout:/usr/bin/ceph: stderr
2024-04-25T16:01:29.653+0000 7f915d59a700 1 -- 172.21.15.80:0/1909812422 <== mon.0 v2:172.21.15.80:3300/0 1 ==== mon_map magic: 0 ==== 205+0+0 (secure 0 0 0) 0x7f9150004160 con 0x7f916010a220
2024-04-25T16:01:30.555 INFO:teuthology.orchestra.run.smithi080.stdout:/usr/bin/ceph: stderr
2024-04-25T16:01:29.653+0000 7f915d59a700 1 -- 172.21.15.80:0/1909812422 <== mon.0 v2:172.21.15.80:3300/0 2 ==== config(28 keys) ==== 1170+0+0 (secure 0 0 0) 0x7f9150004300 con 0x7f916010a220
2024-04-25T16:01:30.555 INFO:teuthology.orchestra.run.smithi080.stdout:/usr/bin/ceph: stderr
2024-04-25T16:01:29.653+0000 7f915d59a700 1 -- 172.21.15.80:0/1909812422 <== mon.0 v2:172.21.15.80:3300/0 3 ==== mon_map magic: 0 ==== 205+0+0 (secure 0 0 0) 0x7f9150011c20 con 0x7f916010a220
2024-04-25T16:01:30.556 INFO:teuthology.orchestra.run.smithi080.stdout:/usr/bin/ceph: stderr
2024-04-25T16:01:29.654+0000 7f9164c15700 1 -- 172.21.15.80:0/1909812422 >> [v2:172.21.15.80:3300/0,v1:172.21.15.80:6789/0] conn(0x7f916010a220 msgr2=0x7f916010a650 secure :-1 s=STATE_CONNECTION_ESTABLISHED l=1).mark_down
2024-04-25T16:01:30.556 INFO:teuthology.orchestra.run.smithi080.stdout:/usr/bin/ceph: stderr
2024-04-25T16:01:29.654+0000 7f9164c15700 1 --2- 172.21.15.80:0/1909812422 >> [v2:172.21.15.80:3300/0,v1:172.21.15.80:6789/0] conn(0x7f916010a220 0x7f916010a650 secure :-1 s=READY pgs=70 cs=0 l=1 rev1=1 crypto rx=0x7f91500098a0 tx=0x7f9150009bb0 comp rx=0 tx=0).stop
2024-04-25T16:01:30.556 INFO:teuthology.orchestra.run.smithi080.stdout:/usr/bin/ceph: stderr
2024-04-25T16:01:29.654+0000 7f9164c15700 1 -- 172.21.15.80:0/1909812422 shutdown_connections
2024-04-25T16:01:30.556 INFO:teuthology.orchestra.run.smithi080.stdout:/usr/bin/ceph: stderr
2024-04-25T16:01:29.654+0000 7f9164c15700 1 --2- 172.21.15.80:0/1909812422 >> [v2:172.21.15.80:3300/0,v1:172.21.15.80:6789/0] conn(0x7f916010a220 0x7f916010a650 unknown :-1 s=CLOSED pgs=70 cs=0 l=1 rev1=1 crypto rx=0 tx=0 comp rx=0 tx=0).stop
2024-04-25T16:01:30.556 INFO:teuthology.orchestra.run.smithi080.stdout:/usr/bin/ceph: stderr
2024-04-25T16:01:29.654+0000 7f9164c15700 1 -- 172.21.15.80:0/1909812422 >> 172.21.15.80:0/1909812422 conn(0x7f9160103bf0 msgr2=0x7f9160106040 unknown :-1 s=STATE_NONE l=0).mark_down
2024-04-25T16:01:30.556 INFO:teuthology.orchestra.run.smithi080.stdout:/usr/bin/ceph: stderr
2024-04-25T16:01:29.654+0000 7f9164c15700 1 -- 172.21.15.80:0/1909812422 shutdown_connections
2024-04-25T16:01:30.556 INFO:teuthology.orchestra.run.smithi080.stdout:/usr/bin/ceph: stderr
2024-04-25T16:01:29.654+0000 7f9164c15700 1 -- 172.21.15.80:0/1909812422 wait complete.
2024-04-25T16:01:30.556 INFO:teuthology.orchestra.run.smithi080.stdout:/usr/bin/ceph: stderr
2024-04-25T16:01:29.655+0000 7f9164c15700 1 Processor -- start
2024-04-25T16:01:30.556 INFO:teuthology.orchestra.run.smithi080.stdout:/usr/bin/ceph: stderr
2024-04-25T16:01:29.655+0000 7f9164c15700 1 -- start start
2024-04-25T16:01:30.556 INFO:teuthology.orchestra.run.smithi080.stdout:/usr/bin/ceph: stderr
2024-04-25T16:01:29.655+0000 7f9164c15700 1 --2- >> [v2:172.21.15.80:3300/0,v1:172.21.15.80:6789/0] conn(0x7f916010a220 0x7f91601087a0 unknown :-1 s=NONE pgs=0 cs=0 l=1 rev1=0 crypto rx=0 tx=0 comp rx=0 tx=0).connect
2024-04-25T16:01:30.556 INFO:teuthology.orchestra.run.smithi080.stdout:/usr/bin/ceph: stderr
2024-04-25T16:01:29.655+0000 7f9164c15700 1 -- --> [v2:172.21.15.80:3300/0,v1:172.21.15.80:6789/0] -- mon_getmap magic: 0 -- 0x7f916010d2f0 con 0x7f916010a220
2024-04-25T16:01:30.556 INFO:teuthology.orchestra.run.smithi080.stdout:/usr/bin/ceph: stderr
2024-04-25T16:01:29.655+0000 7f915e59c700 1 --2- >> [v2:172.21.15.80:3300/0,v1:172.21.15.80:6789/0] conn(0x7f916010a220 0x7f91601087a0 unknown :-1 s=BANNER_CONNECTING pgs=0 cs=0 l=1 rev1=0 crypto rx=0 tx=0 comp rx=0 tx=0)._handle_peer_banner_payload supported=3 required=0
2024-04-25T16:01:30.556 INFO:teuthology.orchestra.run.smithi080.stdout:/usr/bin/ceph: stderr
2024-04-25T16:01:29.655+0000 7f915e59c700 1 --2- >> [v2:172.21.15.80:3300/0,v1:172.21.15.80:6789/0] conn(0x7f916010a220 0x7f91601087a0 unknown :-1 s=HELLO_CONNECTING pgs=0 cs=0 l=1 rev1=1 crypto rx=0 tx=0 comp rx=0 tx=0).handle_hello peer v2:172.21.15.80:3300/0 says I am v2:172.21.15.80:58168/0 (socket says 172.21.15.80:58168)
2024-04-25T16:01:30.556 INFO:teuthology.orchestra.run.smithi080.stdout:/usr/bin/ceph: stderr
2024-04-25T16:01:29.655+0000 7f915e59c700 1 -- 172.21.15.80:0/2031897747 learned_addr learned my addr 172.21.15.80:0/2031897747 (peer_addr_for_me v2:172.21.15.80:0/0)
2024-04-25T16:01:30.557 INFO:teuthology.orchestra.run.smithi080.stdout:/usr/bin/ceph: stderr
2024-04-25T16:01:29.656+0000 7f915e59c700 1 -- 172.21.15.80:0/2031897747 --> [v2:172.21.15.80:3300/0,v1:172.21.15.80:6789/0] -- mon_subscribe({config=0+,monmap=0+}) -- 0x7f9160108ce0 con 0x7f916010a220
2024-04-25T16:01:30.557 INFO:teuthology.orchestra.run.smithi080.stdout:/usr/bin/ceph: stderr
2024-04-25T16:01:29.656+0000 7f915e59c700 1 --2- 172.21.15.80:0/2031897747 >> [v2:172.21.15.80:3300/0,v1:172.21.15.80:6789/0] conn(0x7f916010a220 0x7f91601087a0 secure :-1 s=READY pgs=71 cs=0 l=1 rev1=1 crypto rx=0x7f9150009fb0 tx=0x7f9150004280 comp rx=0 tx=0).ready entity=mon.0 client_cookie=0 server_cookie=0 in_seq=0 out_seq=0
2024-04-25T16:01:30.557 INFO:teuthology.orchestra.run.smithi080.stdout:/usr/bin/ceph: stderr
2024-04-25T16:01:29.656+0000 7f91577fe700 1 -- 172.21.15.80:0/2031897747 <== mon.0 v2:172.21.15.80:3300/0 1 ==== mon_map magic: 0 ==== 205+0+0 (secure 0 0 0) 0x7f91500036a0 con 0x7f916010a220
2024-04-25T16:01:30.557 INFO:teuthology.orchestra.run.smithi080.stdout:/usr/bin/ceph: stderr
2024-04-25T16:01:29.656+0000 7f91577fe700 1 -- 172.21.15.80:0/2031897747 <== mon.0 v2:172.21.15.80:3300/0 2 ==== config(28 keys) ==== 1170+0+0 (secure 0 0 0) 0x7f9150003d40 con 0x7f916010a220
2024-04-25T16:01:30.557 INFO:teuthology.orchestra.run.smithi080.stdout:/usr/bin/ceph: stderr
2024-04-25T16:01:29.656+0000 7f9164c15700 1 -- 172.21.15.80:0/2031897747 --> [v2:172.21.15.80:3300/0,v1:172.21.15.80:6789/0] -- mon_subscribe({mgrmap=0+}) -- 0x7f91601a1040 con 0x7f916010a220
2024-04-25T16:01:30.557 INFO:teuthology.orchestra.run.smithi080.stdout:/usr/bin/ceph: stderr
2024-04-25T16:01:29.656+0000 7f91577fe700 1 -- 172.21.15.80:0/2031897747 <== mon.0 v2:172.21.15.80:3300/0 3 ==== mon_map magic: 0 ==== 205+0+0 (secure 0 0 0) 0x7f91500193c0 con 0x7f916010a220
2024-04-25T16:01:30.557 INFO:teuthology.orchestra.run.smithi080.stdout:/usr/bin/ceph: stderr
2024-04-25T16:01:29.656+0000 7f9164c15700 1 -- 172.21.15.80:0/2031897747 --> [v2:172.21.15.80:3300/0,v1:172.21.15.80:6789/0] -- mon_subscribe({osdmap=0}) -- 0x7f91601a14c0 con 0x7f916010a220
2024-04-25T16:01:30.557 INFO:teuthology.orchestra.run.smithi080.stdout:/usr/bin/ceph: stderr
2024-04-25T16:01:29.657+0000 7f91577fe700 1 -- 172.21.15.80:0/2031897747 <== mon.0 v2:172.21.15.80:3300/0 4 ==== mgrmap(e 12) ==== 49529+0+0 (secure 0 0 0) 0x7f91500196c0 con 0x7f916010a220
2024-04-25T16:01:30.557 INFO:teuthology.orchestra.run.smithi080.stdout:/usr/bin/ceph: stderr
2024-04-25T16:01:29.657+0000 7f9164c15700 1 -- 172.21.15.80:0/2031897747 --> [v2:172.21.15.80:3300/0,v1:172.21.15.80:6789/0] -- mon_command({"prefix": "get_command_descriptions"} v 0) -- 0x7f9160064cf0 con 0x7f916010a220
2024-04-25T16:01:30.557 INFO:teuthology.orchestra.run.smithi080.stdout:/usr/bin/ceph: stderr
2024-04-25T16:01:29.657+0000 7f91577fe700 1 --2- 172.21.15.80:0/2031897747 >> [v2:172.21.15.80:6800/982956506,v1:172.21.15.80:6801/982956506] conn(0x7f914c03d630 0x7f914c03fb40 unknown :-1 s=NONE pgs=0 cs=0 l=1 rev1=0 crypto rx=0 tx=0 comp rx=0 tx=0).connect
2024-04-25T16:01:30.557 INFO:teuthology.orchestra.run.smithi080.stdout:/usr/bin/ceph: stderr
2024-04-25T16:01:29.657+0000 7f91577fe700 1 -- 172.21.15.80:0/2031897747 <== mon.0 v2:172.21.15.80:3300/0 5 ==== osd_map(3..3 src has 1..3) ==== 1155+0+0 (secure 0 0 0) 0x7f9150052650 con 0x7f916010a220
2024-04-25T16:01:30.557 INFO:teuthology.orchestra.run.smithi080.stdout:/usr/bin/ceph: stderr
2024-04-25T16:01:29.657+0000 7f915dd9b700 1 --2- 172.21.15.80:0/2031897747 >> [v2:172.21.15.80:6800/982956506,v1:172.21.15.80:6801/982956506] conn(0x7f914c03d630 0x7f914c03fb40 unknown :-1 s=BANNER_CONNECTING pgs=0 cs=0 l=1 rev1=0 crypto rx=0 tx=0 comp rx=0 tx=0)._handle_peer_banner_payload supported=3 required=0
2024-04-25T16:01:30.558 INFO:teuthology.orchestra.run.smithi080.stdout:/usr/bin/ceph: stderr
2024-04-25T16:01:29.658+0000 7f915dd9b700 1 --2- 172.21.15.80:0/2031897747 >> [v2:172.21.15.80:6800/982956506,v1:172.21.15.80:6801/982956506] conn(0x7f914c03d630 0x7f914c03fb40 secure :-1 s=READY pgs=7 cs=0 l=1 rev1=1 crypto rx=0x7f9148006fd0 tx=0x7f9148006e40 comp rx=0 tx=0).ready entity=mgr.14152 client_cookie=0 server_cookie=0 in_seq=0 out_seq=0
2024-04-25T16:01:30.558 INFO:teuthology.orchestra.run.smithi080.stdout:/usr/bin/ceph: stderr
2024-04-25T16:01:29.663+0000 7f91577fe700 1 -- 172.21.15.80:0/2031897747 <== mon.0 v2:172.21.15.80:3300/0 6 ==== mon_command_ack([{"prefix": "get_command_descriptions"}]=0 v0) ==== 72+0+188370 (secure 0 0 0) 0x7f9150020240 con 0x7f916010a220
2024-04-25T16:01:30.558 INFO:teuthology.orchestra.run.smithi080.stdout:/usr/bin/ceph: stderr
2024-04-25T16:01:29.877+0000 7f9164c15700 1 -- 172.21.15.80:0/2031897747 --> [v2:172.21.15.80:6800/982956506,v1:172.21.15.80:6801/982956506] -- mgr_command(tid 0: {"prefix": "dashboard create-self-signed-cert", "target": ["mon-mgr", ""]}) -- 0x7f9160105c90 con 0x7f914c03d630
2024-04-25T16:01:30.558 INFO:teuthology.orchestra.run.smithi080.stdout:/usr/bin/ceph: stderr
2024-04-25T16:01:29.996+0000 7f91577fe700 1 -- 172.21.15.80:0/2031897747 <== mgr.14152 v2:172.21.15.80:6800/982956506 1 ==== mgr_command_reply(tid 0: 0 ) ==== 8+0+32 (secure 0 0 0) 0x7f9160105c90 con 0x7f914c03d630
2024-04-25T16:01:30.558 INFO:teuthology.orchestra.run.smithi080.stdout:/usr/bin/ceph: stderr
2024-04-25T16:01:29.998+0000 7f9164c15700 1 -- 172.21.15.80:0/2031897747 >> [v2:172.21.15.80:6800/982956506,v1:172.21.15.80:6801/982956506] conn(0x7f914c03d630 msgr2=0x7f914c03fb40 secure :-1 s=STATE_CONNECTION_ESTABLISHED l=1).mark_down
2024-04-25T16:01:30.558 INFO:teuthology.orchestra.run.smithi080.stdout:/usr/bin/ceph: stderr
2024-04-25T16:01:29.998+0000 7f9164c15700 1 --2- 172.21.15.80:0/2031897747 >> [v2:172.21.15.80:6800/982956506,v1:172.21.15.80:6801/982956506] conn(0x7f914c03d630 0x7f914c03fb40 secure :-1 s=READY pgs=7 cs=0 l=1 rev1=1 crypto rx=0x7f9148006fd0 tx=0x7f9148006e40 comp rx=0 tx=0).stop
2024-04-25T16:01:30.558 INFO:teuthology.orchestra.run.smithi080.stdout:/usr/bin/ceph: stderr
2024-04-25T16:01:29.998+0000 7f9164c15700 1 -- 172.21.15.80:0/2031897747 >> [v2:172.21.15.80:3300/0,v1:172.21.15.80:6789/0] conn(0x7f916010a220 msgr2=0x7f91601087a0 secure :-1 s=STATE_CONNECTION_ESTABLISHED l=1).mark_down
2024-04-25T16:01:30.558 INFO:teuthology.orchestra.run.smithi080.stdout:/usr/bin/ceph: stderr
2024-04-25T16:01:29.998+0000 7f9164c15700 1 --2- 172.21.15.80:0/2031897747 >> [v2:172.21.15.80:3300/0,v1:172.21.15.80:6789/0] conn(0x7f916010a220 0x7f91601087a0 secure :-1 s=READY pgs=71 cs=0 l=1 rev1=1 crypto rx=0x7f9150009fb0 tx=0x7f9150004280 comp rx=0 tx=0).stop
2024-04-25T16:01:30.558 INFO:teuthology.orchestra.run.smithi080.stdout:/usr/bin/ceph: stderr
2024-04-25T16:01:29.999+0000 7f9164c15700 1 -- 172.21.15.80:0/2031897747 shutdown_connections
2024-04-25T16:01:30.558 INFO:teuthology.orchestra.run.smithi080.stdout:/usr/bin/ceph: stderr
2024-04-25T16:01:29.999+0000 7f9164c15700 1 --2- 172.21.15.80:0/2031897747 >> [v2:172.21.15.80:6800/982956506,v1:172.21.15.80:6801/982956506] conn(0x7f914c03d630 0x7f914c03fb40 unknown :-1 s=CLOSED pgs=7 cs=0 l=1 rev1=1 crypto rx=0 tx=0 comp rx=0 tx=0).stop
2024-04-25T16:01:30.558 INFO:teuthology.orchestra.run.smithi080.stdout:/usr/bin/ceph: stderr
2024-04-25T16:01:29.999+0000 7f9164c15700 1 --2- 172.21.15.80:0/2031897747 >> [v2:172.21.15.80:3300/0,v1:172.21.15.80:6789/0] conn(0x7f916010a220 0x7f91601087a0 unknown :-1 s=CLOSED pgs=71 cs=0 l=1 rev1=1 crypto rx=0 tx=0 comp rx=0 tx=0).stop
2024-04-25T16:01:30.558 INFO:teuthology.orchestra.run.smithi080.stdout:/usr/bin/ceph: stderr
2024-04-25T16:01:29.999+0000 7f9164c15700 1 -- 172.21.15.80:0/2031897747 >> 172.21.15.80:0/2031897747 conn(0x7f9160103bf0 msgr2=0x7f9160105580 unknown :-1 s=STATE_NONE l=0).mark_down
2024-04-25T16:01:30.558 INFO:teuthology.orchestra.run.smithi080.stdout:/usr/bin/ceph: stderr
2024-04-25T16:01:29.999+0000 7f9164c15700 1 -- 172.21.15.80:0/2031897747 shutdown_connections
2024-04-25T16:01:30.558 INFO:teuthology.orchestra.run.smithi080.stdout:/usr/bin/ceph: stderr
2024-04-25T16:01:29.999+0000 7f9164c15700 1 -- 172.21.15.80:0/2031897747 wait complete.
2024-04-25T16:01:30.559 INFO:teuthology.orchestra.run.smithi080.stdout:Creating initial admin user...
2024-04-25T16:01:30.621 INFO:journalctl@ceph.mon.a.smithi080.stdout:Apr 25 16:01:30 smithi080 ceph-mon[29623]: mgrmap e12: x(active, since 2s)
2024-04-25T16:01:30.621 INFO:journalctl@ceph.mon.a.smithi080.stdout:Apr 25 16:01:30 smithi080 ceph-mon[29623]: from='mgr.14152 172.21.15.80:0/1961420873' entity='mgr.x'
2024-04-25T16:01:30.621 INFO:journalctl@ceph.mon.a.smithi080.stdout:Apr 25 16:01:30 smithi080 ceph-mon[29623]: from='client.14164 -' entity='client.admin' cmd=[{"prefix": "dashboard create-self-signed-cert", "target": ["mon-mgr", ""]}]: dispatch
2024-04-25T16:01:30.621 INFO:journalctl@ceph.mon.a.smithi080.stdout:Apr 25 16:01:30 smithi080 ceph-mon[29623]: from='mgr.14152 172.21.15.80:0/1961420873' entity='mgr.x'
2024-04-25T16:01:30.621 INFO:journalctl@ceph.mon.a.smithi080.stdout:Apr 25 16:01:30 smithi080 ceph-mon[29623]: from='mgr.14152 172.21.15.80:0/1961420873' entity='mgr.x'
2024-04-25T16:01:31.953 INFO:teuthology.orchestra.run.smithi080.stdout:/usr/bin/ceph: stdout {"username": "admin", "password": "$2b$12$8FLleL4ocj6Jzh4.t44i.eSWN68vOS/oncyCXNodFmeiAwVcUhSeK", "roles": ["administrator"], "name": null, "email": null, "lastUpdate": 1714060891, "enabled": true, "pwdExpirationDate": null, "pwdUpdateRequired": true}
2024-04-25T16:01:31.953 INFO:teuthology.orchestra.run.smithi080.stdout:/usr/bin/ceph: stderr
2024-04-25T16:01:30.982+0000 7fdc6f026700 1 Processor -- start
2024-04-25T16:01:31.953 INFO:teuthology.orchestra.run.smithi080.stdout:/usr/bin/ceph: stderr
2024-04-25T16:01:30.982+0000 7fdc6f026700 1 -- start start
2024-04-25T16:01:31.954 INFO:teuthology.orchestra.run.smithi080.stdout:/usr/bin/ceph: stderr
2024-04-25T16:01:30.982+0000 7fdc6f026700 1 --2- >> [v2:172.21.15.80:3300/0,v1:172.21.15.80:6789/0] conn(0x7fdc6807ed60 0x7fdc6807d230 unknown :-1 s=NONE pgs=0 cs=0 l=0 rev1=0 crypto rx=0 tx=0 comp rx=0 tx=0).connect
2024-04-25T16:01:31.954 INFO:teuthology.orchestra.run.smithi080.stdout:/usr/bin/ceph: stderr
2024-04-25T16:01:30.982+0000 7fdc6f026700 1 -- --> [v2:172.21.15.80:3300/0,v1:172.21.15.80:6789/0] -- mon_getmap magic: 0 -- 0x7fdc6807d770 con 0x7fdc6807ed60
2024-04-25T16:01:31.954 INFO:teuthology.orchestra.run.smithi080.stdout:/usr/bin/ceph: stderr
2024-04-25T16:01:30.982+0000 7fdc6cdc2700 1 --2- >> [v2:172.21.15.80:3300/0,v1:172.21.15.80:6789/0] conn(0x7fdc6807ed60 0x7fdc6807d230 unknown :-1 s=BANNER_CONNECTING pgs=0 cs=0 l=0 rev1=0 crypto rx=0 tx=0 comp rx=0 tx=0)._handle_peer_banner_payload supported=3 required=0
2024-04-25T16:01:31.954 INFO:teuthology.orchestra.run.smithi080.stdout:/usr/bin/ceph: stderr
2024-04-25T16:01:30.982+0000 7fdc6cdc2700 1 --2- >> [v2:172.21.15.80:3300/0,v1:172.21.15.80:6789/0] conn(0x7fdc6807ed60 0x7fdc6807d230 unknown :-1 s=HELLO_CONNECTING pgs=0 cs=0 l=0 rev1=1 crypto rx=0 tx=0 comp rx=0 tx=0).handle_hello peer v2:172.21.15.80:3300/0 says I am v2:172.21.15.80:58178/0 (socket says 172.21.15.80:58178)
2024-04-25T16:01:31.954 INFO:teuthology.orchestra.run.smithi080.stdout:/usr/bin/ceph: stderr
2024-04-25T16:01:30.982+0000 7fdc6cdc2700 1 -- 172.21.15.80:0/4234665245 learned_addr learned my addr 172.21.15.80:0/4234665245 (peer_addr_for_me v2:172.21.15.80:0/0)
2024-04-25T16:01:31.954 INFO:teuthology.orchestra.run.smithi080.stdout:/usr/bin/ceph: stderr
2024-04-25T16:01:30.983+0000 7fdc6cdc2700 1 -- 172.21.15.80:0/4234665245 --> [v2:172.21.15.80:3300/0,v1:172.21.15.80:6789/0] -- mon_subscribe({config=0+,monmap=0+}) -- 0x7fdc6807d8f0 con 0x7fdc6807ed60
2024-04-25T16:01:31.954 INFO:teuthology.orchestra.run.smithi080.stdout:/usr/bin/ceph: stderr
2024-04-25T16:01:30.983+0000 7fdc6cdc2700 1 --2- 172.21.15.80:0/4234665245 >> [v2:172.21.15.80:3300/0,v1:172.21.15.80:6789/0] conn(0x7fdc6807ed60 0x7fdc6807d230 secure :-1 s=READY pgs=72 cs=0 l=1 rev1=1 crypto rx=0x7fdc5c0098a0 tx=0x7fdc5c009bb0 comp rx=0 tx=0).ready entity=mon.0 client_cookie=7b4174af9fa3918d server_cookie=0 in_seq=0 out_seq=0
2024-04-25T16:01:31.954 INFO:teuthology.orchestra.run.smithi080.stdout:/usr/bin/ceph: stderr
2024-04-25T16:01:30.983+0000 7fdc677fe700 1 -- 172.21.15.80:0/4234665245 <== mon.0 v2:172.21.15.80:3300/0 1 ==== mon_map magic: 0 ==== 205+0+0 (secure 0 0 0) 0x7fdc5c004160 con 0x7fdc6807ed60
2024-04-25T16:01:31.954 INFO:teuthology.orchestra.run.smithi080.stdout:/usr/bin/ceph: stderr
2024-04-25T16:01:30.983+0000 7fdc677fe700 1 -- 172.21.15.80:0/4234665245 <== mon.0 v2:172.21.15.80:3300/0 2 ==== config(28 keys) ==== 1170+0+0 (secure 0 0 0) 0x7fdc5c004300 con 0x7fdc6807ed60
2024-04-25T16:01:31.954 INFO:teuthology.orchestra.run.smithi080.stdout:/usr/bin/ceph: stderr
2024-04-25T16:01:30.983+0000 7fdc677fe700 1 -- 172.21.15.80:0/4234665245 <== mon.0 v2:172.21.15.80:3300/0 3 ==== mon_map magic: 0 ==== 205+0+0 (secure 0 0 0) 0x7fdc5c011c20 con 0x7fdc6807ed60
2024-04-25T16:01:31.954 INFO:teuthology.orchestra.run.smithi080.stdout:/usr/bin/ceph: stderr
2024-04-25T16:01:30.984+0000 7fdc6f026700 1 -- 172.21.15.80:0/4234665245 >> [v2:172.21.15.80:3300/0,v1:172.21.15.80:6789/0] conn(0x7fdc6807ed60 msgr2=0x7fdc6807d230 secure :-1 s=STATE_CONNECTION_ESTABLISHED l=1).mark_down
2024-04-25T16:01:31.954 INFO:teuthology.orchestra.run.smithi080.stdout:/usr/bin/ceph: stderr
2024-04-25T16:01:30.984+0000 7fdc6f026700 1 --2- 172.21.15.80:0/4234665245 >> [v2:172.21.15.80:3300/0,v1:172.21.15.80:6789/0] conn(0x7fdc6807ed60 0x7fdc6807d230 secure :-1 s=READY pgs=72 cs=0 l=1 rev1=1 crypto rx=0x7fdc5c0098a0 tx=0x7fdc5c009bb0 comp rx=0 tx=0).stop
2024-04-25T16:01:31.955 INFO:teuthology.orchestra.run.smithi080.stdout:/usr/bin/ceph: stderr
2024-04-25T16:01:30.984+0000 7fdc6f026700 1 -- 172.21.15.80:0/4234665245 shutdown_connections
2024-04-25T16:01:31.955 INFO:teuthology.orchestra.run.smithi080.stdout:/usr/bin/ceph: stderr
2024-04-25T16:01:30.984+0000 7fdc6f026700 1 --2- 172.21.15.80:0/4234665245 >> [v2:172.21.15.80:3300/0,v1:172.21.15.80:6789/0] conn(0x7fdc6807ed60 0x7fdc6807d230 unknown :-1 s=CLOSED pgs=72 cs=0 l=1 rev1=1 crypto rx=0 tx=0 comp rx=0 tx=0).stop
2024-04-25T16:01:31.955 INFO:teuthology.orchestra.run.smithi080.stdout:/usr/bin/ceph: stderr
2024-04-25T16:01:30.984+0000 7fdc6f026700 1 -- 172.21.15.80:0/4234665245 >> 172.21.15.80:0/4234665245 conn(0x7fdc68105510 msgr2=0x7fdc681079c0 unknown :-1 s=STATE_NONE l=0).mark_down
2024-04-25T16:01:31.955 INFO:teuthology.orchestra.run.smithi080.stdout:/usr/bin/ceph: stderr
2024-04-25T16:01:30.984+0000 7fdc6f026700 1 -- 172.21.15.80:0/4234665245 shutdown_connections
2024-04-25T16:01:31.955 INFO:teuthology.orchestra.run.smithi080.stdout:/usr/bin/ceph: stderr
2024-04-25T16:01:30.984+0000 7fdc6f026700 1 -- 172.21.15.80:0/4234665245 wait complete.
2024-04-25T16:01:31.955 INFO:teuthology.orchestra.run.smithi080.stdout:/usr/bin/ceph: stderr
2024-04-25T16:01:30.985+0000 7fdc6f026700 1 Processor -- start
2024-04-25T16:01:31.955 INFO:teuthology.orchestra.run.smithi080.stdout:/usr/bin/ceph: stderr
2024-04-25T16:01:30.985+0000 7fdc6f026700 1 -- start start
2024-04-25T16:01:31.955 INFO:teuthology.orchestra.run.smithi080.stdout:/usr/bin/ceph: stderr
2024-04-25T16:01:30.985+0000 7fdc6f026700 1 --2- >> [v2:172.21.15.80:3300/0,v1:172.21.15.80:6789/0] conn(0x7fdc6807ed60 0x7fdc681a0460 unknown :-1 s=NONE pgs=0 cs=0 l=1 rev1=0 crypto rx=0 tx=0 comp rx=0 tx=0).connect
2024-04-25T16:01:31.955 INFO:teuthology.orchestra.run.smithi080.stdout:/usr/bin/ceph: stderr
2024-04-25T16:01:30.985+0000 7fdc6f026700 1 -- --> [v2:172.21.15.80:3300/0,v1:172.21.15.80:6789/0] -- mon_getmap magic: 0 -- 0x7fdc68110550 con 0x7fdc6807ed60
2024-04-25T16:01:31.955 INFO:teuthology.orchestra.run.smithi080.stdout:/usr/bin/ceph: stderr
2024-04-25T16:01:30.985+0000 7fdc6cdc2700 1 --2- >> [v2:172.21.15.80:3300/0,v1:172.21.15.80:6789/0] conn(0x7fdc6807ed60 0x7fdc681a0460 unknown :-1 s=BANNER_CONNECTING pgs=0 cs=0 l=1 rev1=0 crypto rx=0 tx=0 comp rx=0 tx=0)._handle_peer_banner_payload supported=3 required=0
2024-04-25T16:01:31.955 INFO:teuthology.orchestra.run.smithi080.stdout:/usr/bin/ceph: stderr
2024-04-25T16:01:30.985+0000 7fdc6cdc2700 1 --2- >> [v2:172.21.15.80:3300/0,v1:172.21.15.80:6789/0] conn(0x7fdc6807ed60 0x7fdc681a0460 unknown :-1 s=HELLO_CONNECTING pgs=0 cs=0 l=1 rev1=1 crypto rx=0 tx=0 comp rx=0 tx=0).handle_hello peer v2:172.21.15.80:3300/0 says I am v2:172.21.15.80:58188/0 (socket says 172.21.15.80:58188)
2024-04-25T16:01:31.955 INFO:teuthology.orchestra.run.smithi080.stdout:/usr/bin/ceph: stderr
2024-04-25T16:01:30.985+0000 7fdc6cdc2700 1 -- 172.21.15.80:0/1126732648 learned_addr learned my addr 172.21.15.80:0/1126732648 (peer_addr_for_me v2:172.21.15.80:0/0)
2024-04-25T16:01:31.955 INFO:teuthology.orchestra.run.smithi080.stdout:/usr/bin/ceph: stderr
2024-04-25T16:01:30.985+0000 7fdc6cdc2700 1 -- 172.21.15.80:0/1126732648 --> [v2:172.21.15.80:3300/0,v1:172.21.15.80:6789/0] -- mon_subscribe({config=0+,monmap=0+}) -- 0x7fdc681a09a0 con 0x7fdc6807ed60
2024-04-25T16:01:31.955 INFO:teuthology.orchestra.run.smithi080.stdout:/usr/bin/ceph: stderr
2024-04-25T16:01:30.986+0000 7fdc6cdc2700 1 --2- 172.21.15.80:0/1126732648 >> [v2:172.21.15.80:3300/0,v1:172.21.15.80:6789/0] conn(0x7fdc6807ed60 0x7fdc681a0460 secure :-1 s=READY pgs=73 cs=0 l=1 rev1=1 crypto rx=0x7fdc5c009fb0 tx=0x7fdc5c004280 comp rx=0 tx=0).ready entity=mon.0 client_cookie=0 server_cookie=0 in_seq=0 out_seq=0
2024-04-25T16:01:31.956 INFO:teuthology.orchestra.run.smithi080.stdout:/usr/bin/ceph: stderr
2024-04-25T16:01:30.986+0000 7fdc65ffb700 1 -- 172.21.15.80:0/1126732648 <== mon.0 v2:172.21.15.80:3300/0 1 ==== mon_map magic: 0 ==== 205+0+0 (secure 0 0 0) 0x7fdc5c0036a0 con 0x7fdc6807ed60
2024-04-25T16:01:31.956 INFO:teuthology.orchestra.run.smithi080.stdout:/usr/bin/ceph: stderr
2024-04-25T16:01:30.986+0000 7fdc65ffb700 1 -- 172.21.15.80:0/1126732648 <== mon.0 v2:172.21.15.80:3300/0 2 ==== config(28 keys) ==== 1170+0+0 (secure 0 0 0) 0x7fdc5c003d40 con 0x7fdc6807ed60
2024-04-25T16:01:31.956 INFO:teuthology.orchestra.run.smithi080.stdout:/usr/bin/ceph: stderr
2024-04-25T16:01:30.986+0000 7fdc6f026700 1 -- 172.21.15.80:0/1126732648 --> [v2:172.21.15.80:3300/0,v1:172.21.15.80:6789/0] -- mon_subscribe({mgrmap=0+}) -- 0x7fdc681a0c30 con 0x7fdc6807ed60
2024-04-25T16:01:31.956 INFO:teuthology.orchestra.run.smithi080.stdout:/usr/bin/ceph: stderr
2024-04-25T16:01:30.986+0000 7fdc65ffb700 1 -- 172.21.15.80:0/1126732648 <== mon.0 v2:172.21.15.80:3300/0 3 ==== mon_map magic: 0 ==== 205+0+0 (secure 0 0 0) 0x7fdc5c0193c0 con 0x7fdc6807ed60
2024-04-25T16:01:31.956 INFO:teuthology.orchestra.run.smithi080.stdout:/usr/bin/ceph: stderr
2024-04-25T16:01:30.986+0000 7fdc6f026700 1 -- 172.21.15.80:0/1126732648 --> [v2:172.21.15.80:3300/0,v1:172.21.15.80:6789/0] -- mon_subscribe({osdmap=0}) -- 0x7fdc681a3840 con 0x7fdc6807ed60
2024-04-25T16:01:31.956 INFO:teuthology.orchestra.run.smithi080.stdout:/usr/bin/ceph: stderr
