2024-04-25T16:00:55.905 INFO:teuthology.orchestra.run.smithi080.stdout:/usr/bin/ceph: stderr
2024-04-25T16:00:53.238+0000 7fd01871e700 1 -- 172.21.15.80:0/4228822666 wait complete.
2024-04-25T16:00:55.905 INFO:teuthology.orchestra.run.smithi080.stdout:/usr/bin/ceph: stderr
2024-04-25T16:00:53.239+0000 7fd01871e700 1 Processor -- start
2024-04-25T16:00:55.906 INFO:teuthology.orchestra.run.smithi080.stdout:/usr/bin/ceph: stderr
2024-04-25T16:00:53.239+0000 7fd01871e700 1 -- start start
2024-04-25T16:00:55.906 INFO:teuthology.orchestra.run.smithi080.stdout:/usr/bin/ceph: stderr
2024-04-25T16:00:53.239+0000 7fd01871e700 1 --2- >> [v2:172.21.15.80:3300/0,v1:172.21.15.80:6789/0] conn(0x7fd01007cc20 0x7fd01019e1a0 unknown :-1 s=NONE pgs=0 cs=0 l=1 rev1=0 crypto rx=0 tx=0 comp rx=0 tx=0).connect
2024-04-25T16:00:55.906 INFO:teuthology.orchestra.run.smithi080.stdout:/usr/bin/ceph: stderr
2024-04-25T16:00:53.239+0000 7fd01871e700 1 -- --> [v2:172.21.15.80:3300/0,v1:172.21.15.80:6789/0] -- mon_getmap magic: 0 -- 0x7fd01010e200 con 0x7fd01007cc20
2024-04-25T16:00:55.906 INFO:teuthology.orchestra.run.smithi080.stdout:/usr/bin/ceph: stderr
2024-04-25T16:00:53.239+0000 7fd0164ba700 1 --2- >> [v2:172.21.15.80:3300/0,v1:172.21.15.80:6789/0] conn(0x7fd01007cc20 0x7fd01019e1a0 unknown :-1 s=BANNER_CONNECTING pgs=0 cs=0 l=1 rev1=0 crypto rx=0 tx=0 comp rx=0 tx=0)._handle_peer_banner_payload supported=3 required=0
2024-04-25T16:00:55.906 INFO:teuthology.orchestra.run.smithi080.stdout:/usr/bin/ceph: stderr
2024-04-25T16:00:53.239+0000 7fd0164ba700 1 --2- >> [v2:172.21.15.80:3300/0,v1:172.21.15.80:6789/0] conn(0x7fd01007cc20 0x7fd01019e1a0 unknown :-1 s=HELLO_CONNECTING pgs=0 cs=0 l=1 rev1=1 crypto rx=0 tx=0 comp rx=0 tx=0).handle_hello peer v2:172.21.15.80:3300/0 says I am v2:172.21.15.80:54414/0 (socket says 172.21.15.80:54414)
2024-04-25T16:00:55.906 INFO:teuthology.orchestra.run.smithi080.stdout:/usr/bin/ceph: stderr
2024-04-25T16:00:53.239+0000 7fd0164ba700 1 -- 172.21.15.80:0/2203679206 learned_addr learned my addr 172.21.15.80:0/2203679206 (peer_addr_for_me v2:172.21.15.80:0/0)
2024-04-25T16:00:55.906 INFO:teuthology.orchestra.run.smithi080.stdout:/usr/bin/ceph: stderr
2024-04-25T16:00:53.240+0000 7fd0164ba700 1 -- 172.21.15.80:0/2203679206 --> [v2:172.21.15.80:3300/0,v1:172.21.15.80:6789/0] -- mon_subscribe({config=0+,monmap=0+}) -- 0x7fd01019e6e0 con 0x7fd01007cc20
2024-04-25T16:00:55.906 INFO:teuthology.orchestra.run.smithi080.stdout:/usr/bin/ceph: stderr
2024-04-25T16:00:53.240+0000 7fd0164ba700 1 --2- 172.21.15.80:0/2203679206 >> [v2:172.21.15.80:3300/0,v1:172.21.15.80:6789/0] conn(0x7fd01007cc20 0x7fd01019e1a0 secure :-1 s=READY pgs=23 cs=0 l=1 rev1=1 crypto rx=0x7fd00c009fb0 tx=0x7fd00c011c60 comp rx=0 tx=0).ready entity=mon.0 client_cookie=0 server_cookie=0 in_seq=0 out_seq=0
2024-04-25T16:00:55.906 INFO:teuthology.orchestra.run.smithi080.stdout:/usr/bin/ceph: stderr
2024-04-25T16:00:53.240+0000 7fd0077fe700 1 -- 172.21.15.80:0/2203679206 <== mon.0 v2:172.21.15.80:3300/0 1 ==== mon_map magic: 0 ==== 205+0+0 (secure 0 0 0) 0x7fd00c0038b0 con 0x7fd01007cc20
2024-04-25T16:00:55.906 INFO:teuthology.orchestra.run.smithi080.stdout:/usr/bin/ceph: stderr
2024-04-25T16:00:53.240+0000 7fd0077fe700 1 -- 172.21.15.80:0/2203679206 <== mon.0 v2:172.21.15.80:3300/0 2 ==== config(28 keys) ==== 1139+0+0 (secure 0 0 0) 0x7fd00c01a430 con 0x7fd01007cc20
2024-04-25T16:00:55.906 INFO:teuthology.orchestra.run.smithi080.stdout:/usr/bin/ceph: stderr
2024-04-25T16:00:53.240+0000 7fd01871e700 1 -- 172.21.15.80:0/2203679206 --> [v2:172.21.15.80:3300/0,v1:172.21.15.80:6789/0] -- mon_subscribe({mgrmap=0+}) -- 0x7fd01019e970 con 0x7fd01007cc20
2024-04-25T16:00:55.906 INFO:teuthology.orchestra.run.smithi080.stdout:/usr/bin/ceph: stderr
2024-04-25T16:00:53.240+0000 7fd0077fe700 1 -- 172.21.15.80:0/2203679206 <== mon.0 v2:172.21.15.80:3300/0 3 ==== mon_map magic: 0 ==== 205+0+0 (secure 0 0 0) 0x7fd00c0195e0 con 0x7fd01007cc20
2024-04-25T16:00:55.906 INFO:teuthology.orchestra.run.smithi080.stdout:/usr/bin/ceph: stderr
2024-04-25T16:00:53.240+0000 7fd01871e700 1 -- 172.21.15.80:0/2203679206 --> [v2:172.21.15.80:3300/0,v1:172.21.15.80:6789/0] -- mon_subscribe({osdmap=0}) -- 0x7fd0101a1580 con 0x7fd01007cc20
2024-04-25T16:00:55.906 INFO:teuthology.orchestra.run.smithi080.stdout:/usr/bin/ceph: stderr
2024-04-25T16:00:53.241+0000 7fd01871e700 1 -- 172.21.15.80:0/2203679206 --> [v2:172.21.15.80:3300/0,v1:172.21.15.80:6789/0] -- mon_command({"prefix": "get_command_descriptions"} v 0) -- 0x7fd010064cf0 con 0x7fd01007cc20
2024-04-25T16:00:55.907 INFO:teuthology.orchestra.run.smithi080.stdout:/usr/bin/ceph: stderr
2024-04-25T16:00:53.241+0000 7fd0077fe700 1 -- 172.21.15.80:0/2203679206 <== mon.0 v2:172.21.15.80:3300/0 4 ==== mgrmap(e 4) ==== 49505+0+0 (secure 0 0 0) 0x7fd00c0198b0 con 0x7fd01007cc20
2024-04-25T16:00:55.907 INFO:teuthology.orchestra.run.smithi080.stdout:/usr/bin/ceph: stderr
2024-04-25T16:00:53.241+0000 7fd0077fe700 1 --2- 172.21.15.80:0/2203679206 >> [v2:172.21.15.80:6800/3668365128,v1:172.21.15.80:6801/3668365128] conn(0x7fcffc03d5e0 0x7fcffc03faf0 unknown :-1 s=NONE pgs=0 cs=0 l=1 rev1=0 crypto rx=0 tx=0 comp rx=0 tx=0).connect
2024-04-25T16:00:55.907 INFO:teuthology.orchestra.run.smithi080.stdout:/usr/bin/ceph: stderr
2024-04-25T16:00:53.241+0000 7fd0077fe700 1 -- 172.21.15.80:0/2203679206 <== mon.0 v2:172.21.15.80:3300/0 5 ==== osd_map(1..1 src has 1..1) ==== 725+0+0 (secure 0 0 0) 0x7fd00c052770 con 0x7fd01007cc20
2024-04-25T16:00:55.907 INFO:teuthology.orchestra.run.smithi080.stdout:/usr/bin/ceph: stderr
2024-04-25T16:00:53.241+0000 7fd015cb9700 1 --2- 172.21.15.80:0/2203679206 >> [v2:172.21.15.80:6800/3668365128,v1:172.21.15.80:6801/3668365128] conn(0x7fcffc03d5e0 0x7fcffc03faf0 unknown :-1 s=BANNER_CONNECTING pgs=0 cs=0 l=1 rev1=0 crypto rx=0 tx=0 comp rx=0 tx=0)._handle_peer_banner_payload supported=3 required=0
2024-04-25T16:00:55.907 INFO:teuthology.orchestra.run.smithi080.stdout:/usr/bin/ceph: stderr
2024-04-25T16:00:53.242+0000 7fd015cb9700 1 --2- 172.21.15.80:0/2203679206 >> [v2:172.21.15.80:6800/3668365128,v1:172.21.15.80:6801/3668365128] conn(0x7fcffc03d5e0 0x7fcffc03faf0 secure :-1 s=READY pgs=8 cs=0 l=1 rev1=1 crypto rx=0x7fd000006fd0 tx=0x7fd000006e40 comp rx=0 tx=0).ready entity=mgr.14100 client_cookie=0 server_cookie=0 in_seq=0 out_seq=0
2024-04-25T16:00:55.907 INFO:teuthology.orchestra.run.smithi080.stdout:/usr/bin/ceph: stderr
2024-04-25T16:00:53.246+0000 7fd0077fe700 1 -- 172.21.15.80:0/2203679206 <== mon.0 v2:172.21.15.80:3300/0 6 ==== mon_command_ack([{"prefix": "get_command_descriptions"}]=0 v0) ==== 72+0+188370 (secure 0 0 0) 0x7fd00c017e90 con 0x7fd01007cc20
2024-04-25T16:00:55.907 INFO:teuthology.orchestra.run.smithi080.stdout:/usr/bin/ceph: stderr
2024-04-25T16:00:53.502+0000 7fd01871e700 1 -- 172.21.15.80:0/2203679206 --> [v2:172.21.15.80:3300/0,v1:172.21.15.80:6789/0] -- mon_command({"prefix": "mgr module enable", "module": "cephadm"} v 0) -- 0x7fd0101a1b80 con 0x7fd01007cc20
2024-04-25T16:00:55.907 INFO:teuthology.orchestra.run.smithi080.stdout:/usr/bin/ceph: stderr
2024-04-25T16:00:53.554+0000 7fd0077fe700 1 -- 172.21.15.80:0/2203679206 <== mon.0 v2:172.21.15.80:3300/0 7 ==== mon_command_ack([{"prefix": "mgr module enable", "module": "cephadm"}]=0 v5) ==== 86+0+0 (secure 0 0 0) 0x7fd00c023390 con 0x7fd01007cc20
2024-04-25T16:00:55.907 INFO:teuthology.orchestra.run.smithi080.stdout:/usr/bin/ceph: stderr
2024-04-25T16:00:53.555+0000 7fd0077fe700 1 -- 172.21.15.80:0/2203679206 <== mon.0 v2:172.21.15.80:3300/0 8 ==== mgrmap(e 5) ==== 49516+0+0 (secure 0 0 0) 0x7fd00c02d440 con 0x7fd01007cc20
2024-04-25T16:00:55.907 INFO:teuthology.orchestra.run.smithi080.stdout:/usr/bin/ceph: stderr
2024-04-25T16:00:53.557+0000 7fd01871e700 1 -- 172.21.15.80:0/2203679206 >> [v2:172.21.15.80:6800/3668365128,v1:172.21.15.80:6801/3668365128] conn(0x7fcffc03d5e0 msgr2=0x7fcffc03faf0 secure :-1 s=STATE_CONNECTION_ESTABLISHED l=1).mark_down
2024-04-25T16:00:55.907 INFO:teuthology.orchestra.run.smithi080.stdout:/usr/bin/ceph: stderr
2024-04-25T16:00:53.557+0000 7fd01871e700 1 --2- 172.21.15.80:0/2203679206 >> [v2:172.21.15.80:6800/3668365128,v1:172.21.15.80:6801/3668365128] conn(0x7fcffc03d5e0 0x7fcffc03faf0 secure :-1 s=READY pgs=8 cs=0 l=1 rev1=1 crypto rx=0x7fd000006fd0 tx=0x7fd000006e40 comp rx=0 tx=0).stop
2024-04-25T16:00:55.907 INFO:teuthology.orchestra.run.smithi080.stdout:/usr/bin/ceph: stderr
2024-04-25T16:00:53.557+0000 7fd01871e700 1 -- 172.21.15.80:0/2203679206 >> [v2:172.21.15.80:3300/0,v1:172.21.15.80:6789/0] conn(0x7fd01007cc20 msgr2=0x7fd01019e1a0 secure :-1 s=STATE_CONNECTION_ESTABLISHED l=1).mark_down
2024-04-25T16:00:55.907 INFO:teuthology.orchestra.run.smithi080.stdout:/usr/bin/ceph: stderr
2024-04-25T16:00:53.557+0000 7fd01871e700 1 --2- 172.21.15.80:0/2203679206 >> [v2:172.21.15.80:3300/0,v1:172.21.15.80:6789/0] conn(0x7fd01007cc20 0x7fd01019e1a0 secure :-1 s=READY pgs=23 cs=0 l=1 rev1=1 crypto rx=0x7fd00c009fb0 tx=0x7fd00c011c60 comp rx=0 tx=0).stop
2024-04-25T16:00:55.907 INFO:teuthology.orchestra.run.smithi080.stdout:/usr/bin/ceph: stderr
2024-04-25T16:00:53.557+0000 7fd01871e700 1 -- 172.21.15.80:0/2203679206 shutdown_connections
2024-04-25T16:00:55.908 INFO:teuthology.orchestra.run.smithi080.stdout:/usr/bin/ceph: stderr
2024-04-25T16:00:53.557+0000 7fd01871e700 1 --2- 172.21.15.80:0/2203679206 >> [v2:172.21.15.80:6800/3668365128,v1:172.21.15.80:6801/3668365128] conn(0x7fcffc03d5e0 0x7fcffc03faf0 unknown :-1 s=CLOSED pgs=8 cs=0 l=1 rev1=1 crypto rx=0 tx=0 comp rx=0 tx=0).stop
2024-04-25T16:00:55.908 INFO:teuthology.orchestra.run.smithi080.stdout:/usr/bin/ceph: stderr
2024-04-25T16:00:53.557+0000 7fd01871e700 1 --2- 172.21.15.80:0/2203679206 >> [v2:172.21.15.80:3300/0,v1:172.21.15.80:6789/0] conn(0x7fd01007cc20 0x7fd01019e1a0 unknown :-1 s=CLOSED pgs=23 cs=0 l=1 rev1=1 crypto rx=0 tx=0 comp rx=0 tx=0).stop
2024-04-25T16:00:55.908 INFO:teuthology.orchestra.run.smithi080.stdout:/usr/bin/ceph: stderr
2024-04-25T16:00:53.557+0000 7fd01871e700 1 -- 172.21.15.80:0/2203679206 >> 172.21.15.80:0/2203679206 conn(0x7fd010104420 msgr2=0x7fd010105cc0 unknown :-1 s=STATE_NONE l=0).mark_down
2024-04-25T16:00:55.908 INFO:teuthology.orchestra.run.smithi080.stdout:/usr/bin/ceph: stderr
2024-04-25T16:00:53.557+0000 7fd01871e700 1 -- 172.21.15.80:0/2203679206 shutdown_connections
2024-04-25T16:00:55.908 INFO:teuthology.orchestra.run.smithi080.stdout:/usr/bin/ceph: stderr
2024-04-25T16:00:53.557+0000 7fd01871e700 1 -- 172.21.15.80:0/2203679206 wait complete.
2024-04-25T16:00:56.258 INFO:journalctl@ceph.mgr.x.smithi080.stdout:Apr 25 16:00:55 smithi080 ceph-cdf25d36-031c-11ef-bc93-c7b262605968-mgr-x[29853]:
2024-04-25T16:00:55.977+0000 7f2160a13200 -1 mgr[py] Module iostat has missing NOTIFY_TYPES member
2024-04-25T16:00:56.574 INFO:journalctl@ceph.mgr.x.smithi080.stdout:Apr 25 16:00:56 smithi080 ceph-cdf25d36-031c-11ef-bc93-c7b262605968-mgr-x[29853]:
2024-04-25T16:00:56.274+0000 7f2160a13200 -1 mgr[py] Module alerts has missing NOTIFY_TYPES member
2024-04-25T16:00:56.574 INFO:journalctl@ceph.mgr.x.smithi080.stdout:Apr 25 16:00:56 smithi080 ceph-cdf25d36-031c-11ef-bc93-c7b262605968-mgr-x[29853]:
2024-04-25T16:00:56.374+0000 7f2160a13200 -1 mgr[py] Module selftest has missing NOTIFY_TYPES member
2024-04-25T16:00:56.870 INFO:journalctl@ceph.mon.a.smithi080.stdout:Apr 25 16:00:56 smithi080 ceph-mon[29623]: from='client.? 172.21.15.80:0/2026346590' entity='client.admin' cmd=[{"prefix": "mgr stat"}]: dispatch
2024-04-25T16:00:56.871 INFO:journalctl@ceph.mgr.x.smithi080.stdout:Apr 25 16:00:56 smithi080 ceph-cdf25d36-031c-11ef-bc93-c7b262605968-mgr-x[29853]:
2024-04-25T16:00:56.578+0000 7f2160a13200 -1 mgr[py] Module pg_autoscaler has missing NOTIFY_TYPES member
2024-04-25T16:00:56.871 INFO:journalctl@ceph.mgr.x.smithi080.stdout:Apr 25 16:00:56 smithi080 ceph-cdf25d36-031c-11ef-bc93-c7b262605968-mgr-x[29853]:
2024-04-25T16:00:56.779+0000 7f2160a13200 -1 mgr[py] Module test_orchestrator has missing NOTIFY_TYPES member
2024-04-25T16:00:57.204 INFO:teuthology.orchestra.run.smithi080.stdout:/usr/bin/ceph: stdout {
2024-04-25T16:00:57.204 INFO:teuthology.orchestra.run.smithi080.stdout:/usr/bin/ceph: stdout "epoch": 5,
2024-04-25T16:00:57.204 INFO:teuthology.orchestra.run.smithi080.stdout:/usr/bin/ceph: stdout "available": true,
2024-04-25T16:00:57.204 INFO:teuthology.orchestra.run.smithi080.stdout:/usr/bin/ceph: stdout "active_name": "x",
2024-04-25T16:00:57.204 INFO:teuthology.orchestra.run.smithi080.stdout:/usr/bin/ceph: stdout "num_standby": 0
2024-04-25T16:00:57.204 INFO:teuthology.orchestra.run.smithi080.stdout:/usr/bin/ceph: stdout }
2024-04-25T16:00:57.204 INFO:teuthology.orchestra.run.smithi080.stdout:/usr/bin/ceph: stderr
2024-04-25T16:00:56.366+0000 7f30893e9700 1 Processor -- start
2024-04-25T16:00:57.204 INFO:teuthology.orchestra.run.smithi080.stdout:/usr/bin/ceph: stderr
2024-04-25T16:00:56.366+0000 7f30893e9700 1 -- start start
2024-04-25T16:00:57.205 INFO:teuthology.orchestra.run.smithi080.stdout:/usr/bin/ceph: stderr
2024-04-25T16:00:56.367+0000 7f30893e9700 1 --2- >> [v2:172.21.15.80:3300/0,v1:172.21.15.80:6789/0] conn(0x7f308410b420 0x7f308410b830 unknown :-1 s=NONE pgs=0 cs=0 l=0 rev1=0 crypto rx=0 tx=0 comp rx=0 tx=0).connect
2024-04-25T16:00:57.205 INFO:teuthology.orchestra.run.smithi080.stdout:/usr/bin/ceph: stderr
2024-04-25T16:00:56.367+0000 7f30893e9700 1 -- --> [v2:172.21.15.80:3300/0,v1:172.21.15.80:6789/0] -- mon_getmap magic: 0 -- 0x7f308410be00 con 0x7f308410b420
2024-04-25T16:00:57.205 INFO:teuthology.orchestra.run.smithi080.stdout:/usr/bin/ceph: stderr
2024-04-25T16:00:56.367+0000 7f3082ffd700 1 --2- >> [v2:172.21.15.80:3300/0,v1:172.21.15.80:6789/0] conn(0x7f308410b420 0x7f308410b830 unknown :-1 s=BANNER_CONNECTING pgs=0 cs=0 l=0 rev1=0 crypto rx=0 tx=0 comp rx=0 tx=0)._handle_peer_banner_payload supported=3 required=0
2024-04-25T16:00:57.205 INFO:teuthology.orchestra.run.smithi080.stdout:/usr/bin/ceph: stderr
2024-04-25T16:00:56.367+0000 7f3082ffd700 1 --2- >> [v2:172.21.15.80:3300/0,v1:172.21.15.80:6789/0] conn(0x7f308410b420 0x7f308410b830 unknown :-1 s=HELLO_CONNECTING pgs=0 cs=0 l=0 rev1=1 crypto rx=0 tx=0 comp rx=0 tx=0).handle_hello peer v2:172.21.15.80:3300/0 says I am v2:172.21.15.80:54426/0 (socket says 172.21.15.80:54426)
2024-04-25T16:00:57.205 INFO:teuthology.orchestra.run.smithi080.stdout:/usr/bin/ceph: stderr
2024-04-25T16:00:56.367+0000 7f3082ffd700 1 -- 172.21.15.80:0/3432345027 learned_addr learned my addr 172.21.15.80:0/3432345027 (peer_addr_for_me v2:172.21.15.80:0/0)
2024-04-25T16:00:57.205 INFO:teuthology.orchestra.run.smithi080.stdout:/usr/bin/ceph: stderr
2024-04-25T16:00:56.367+0000 7f3082ffd700 1 -- 172.21.15.80:0/3432345027 --> [v2:172.21.15.80:3300/0,v1:172.21.15.80:6789/0] -- mon_subscribe({config=0+,monmap=0+}) -- 0x7f308410bf80 con 0x7f308410b420
2024-04-25T16:00:57.205 INFO:teuthology.orchestra.run.smithi080.stdout:/usr/bin/ceph: stderr
2024-04-25T16:00:56.367+0000 7f3082ffd700 1 --2- 172.21.15.80:0/3432345027 >> [v2:172.21.15.80:3300/0,v1:172.21.15.80:6789/0] conn(0x7f308410b420 0x7f308410b830 secure :-1 s=READY pgs=26 cs=0 l=1 rev1=1 crypto rx=0x7f30780098a0 tx=0x7f3078009bb0 comp rx=0 tx=0).ready entity=mon.0 client_cookie=ba84150e00f70c8e server_cookie=0 in_seq=0 out_seq=0
2024-04-25T16:00:57.205 INFO:teuthology.orchestra.run.smithi080.stdout:/usr/bin/ceph: stderr
2024-04-25T16:00:56.367+0000 7f3081ffb700 1 -- 172.21.15.80:0/3432345027 <== mon.0 v2:172.21.15.80:3300/0 1 ==== mon_map magic: 0 ==== 205+0+0 (secure 0 0 0) 0x7f3078004160 con 0x7f308410b420
2024-04-25T16:00:57.205 INFO:teuthology.orchestra.run.smithi080.stdout:/usr/bin/ceph: stderr
2024-04-25T16:00:56.368+0000 7f3081ffb700 1 -- 172.21.15.80:0/3432345027 <== mon.0 v2:172.21.15.80:3300/0 2 ==== config(28 keys) ==== 1139+0+0 (secure 0 0 0) 0x7f3078004300 con 0x7f308410b420
2024-04-25T16:00:57.205 INFO:teuthology.orchestra.run.smithi080.stdout:/usr/bin/ceph: stderr
2024-04-25T16:00:56.368+0000 7f3081ffb700 1 -- 172.21.15.80:0/3432345027 <== mon.0 v2:172.21.15.80:3300/0 3 ==== mon_map magic: 0 ==== 205+0+0 (secure 0 0 0) 0x7f3078011c00 con 0x7f308410b420
2024-04-25T16:00:57.205 INFO:teuthology.orchestra.run.smithi080.stdout:/usr/bin/ceph: stderr
2024-04-25T16:00:56.368+0000 7f30893e9700 1 -- 172.21.15.80:0/3432345027 >> [v2:172.21.15.80:3300/0,v1:172.21.15.80:6789/0] conn(0x7f308410b420 msgr2=0x7f308410b830 secure :-1 s=STATE_CONNECTION_ESTABLISHED l=1).mark_down
2024-04-25T16:00:57.205 INFO:teuthology.orchestra.run.smithi080.stdout:/usr/bin/ceph: stderr
2024-04-25T16:00:56.368+0000 7f30893e9700 1 --2- 172.21.15.80:0/3432345027 >> [v2:172.21.15.80:3300/0,v1:172.21.15.80:6789/0] conn(0x7f308410b420 0x7f308410b830 secure :-1 s=READY pgs=26 cs=0 l=1 rev1=1 crypto rx=0x7f30780098a0 tx=0x7f3078009bb0 comp rx=0 tx=0).stop
2024-04-25T16:00:57.205 INFO:teuthology.orchestra.run.smithi080.stdout:/usr/bin/ceph: stderr
2024-04-25T16:00:56.368+0000 7f30893e9700 1 -- 172.21.15.80:0/3432345027 shutdown_connections
2024-04-25T16:00:57.206 INFO:teuthology.orchestra.run.smithi080.stdout:/usr/bin/ceph: stderr
2024-04-25T16:00:56.368+0000 7f30893e9700 1 --2- 172.21.15.80:0/3432345027 >> [v2:172.21.15.80:3300/0,v1:172.21.15.80:6789/0] conn(0x7f308410b420 0x7f308410b830 unknown :-1 s=CLOSED pgs=26 cs=0 l=1 rev1=1 crypto rx=0 tx=0 comp rx=0 tx=0).stop
2024-04-25T16:00:57.206 INFO:teuthology.orchestra.run.smithi080.stdout:/usr/bin/ceph: stderr
2024-04-25T16:00:56.368+0000 7f30893e9700 1 -- 172.21.15.80:0/3432345027 >> 172.21.15.80:0/3432345027 conn(0x7f3084103ba0 msgr2=0x7f3084106010 unknown :-1 s=STATE_NONE l=0).mark_down
2024-04-25T16:00:57.206 INFO:teuthology.orchestra.run.smithi080.stdout:/usr/bin/ceph: stderr
2024-04-25T16:00:56.368+0000 7f30893e9700 1 -- 172.21.15.80:0/3432345027 shutdown_connections
2024-04-25T16:00:57.206 INFO:teuthology.orchestra.run.smithi080.stdout:/usr/bin/ceph: stderr
2024-04-25T16:00:56.368+0000 7f30893e9700 1 -- 172.21.15.80:0/3432345027 wait complete.
2024-04-25T16:00:57.206 INFO:teuthology.orchestra.run.smithi080.stdout:/usr/bin/ceph: stderr
2024-04-25T16:00:56.369+0000 7f30893e9700 1 Processor -- start
2024-04-25T16:00:57.206 INFO:teuthology.orchestra.run.smithi080.stdout:/usr/bin/ceph: stderr
2024-04-25T16:00:56.369+0000 7f30893e9700 1 -- start start
2024-04-25T16:00:57.206 INFO:teuthology.orchestra.run.smithi080.stdout:/usr/bin/ceph: stderr
2024-04-25T16:00:56.369+0000 7f30893e9700 1 --2- >> [v2:172.21.15.80:3300/0,v1:172.21.15.80:6789/0] conn(0x7f308410b420 0x7f308410a910 unknown :-1 s=NONE pgs=0 cs=0 l=1 rev1=0 crypto rx=0 tx=0 comp rx=0 tx=0).connect
2024-04-25T16:00:57.206 INFO:teuthology.orchestra.run.smithi080.stdout:/usr/bin/ceph: stderr
2024-04-25T16:00:56.369+0000 7f30893e9700 1 -- --> [v2:172.21.15.80:3300/0,v1:172.21.15.80:6789/0] -- mon_getmap magic: 0 -- 0x7f308410e3c0 con 0x7f308410b420
2024-04-25T16:00:57.206 INFO:teuthology.orchestra.run.smithi080.stdout:/usr/bin/ceph: stderr
2024-04-25T16:00:56.370+0000 7f3082ffd700 1 --2- >> [v2:172.21.15.80:3300/0,v1:172.21.15.80:6789/0] conn(0x7f308410b420 0x7f308410a910 unknown :-1 s=BANNER_CONNECTING pgs=0 cs=0 l=1 rev1=0 crypto rx=0 tx=0 comp rx=0 tx=0)._handle_peer_banner_payload supported=3 required=0
2024-04-25T16:00:57.206 INFO:teuthology.orchestra.run.smithi080.stdout:/usr/bin/ceph: stderr
2024-04-25T16:00:56.370+0000 7f3082ffd700 1 --2- >> [v2:172.21.15.80:3300/0,v1:172.21.15.80:6789/0] conn(0x7f308410b420 0x7f308410a910 unknown :-1 s=HELLO_CONNECTING pgs=0 cs=0 l=1 rev1=1 crypto rx=0 tx=0 comp rx=0 tx=0).handle_hello peer v2:172.21.15.80:3300/0 says I am v2:172.21.15.80:54438/0 (socket says 172.21.15.80:54438)
2024-04-25T16:00:57.206 INFO:teuthology.orchestra.run.smithi080.stdout:/usr/bin/ceph: stderr
2024-04-25T16:00:56.370+0000 7f3082ffd700 1 -- 172.21.15.80:0/2026346590 learned_addr learned my addr 172.21.15.80:0/2026346590 (peer_addr_for_me v2:172.21.15.80:0/0)
2024-04-25T16:00:57.206 INFO:teuthology.orchestra.run.smithi080.stdout:/usr/bin/ceph: stderr
2024-04-25T16:00:56.370+0000 7f3082ffd700 1 -- 172.21.15.80:0/2026346590 --> [v2:172.21.15.80:3300/0,v1:172.21.15.80:6789/0] -- mon_subscribe({config=0+,monmap=0+}) -- 0x7f308410ae50 con 0x7f308410b420
2024-04-25T16:00:57.206 INFO:teuthology.orchestra.run.smithi080.stdout:/usr/bin/ceph: stderr
2024-04-25T16:00:56.370+0000 7f3082ffd700 1 --2- 172.21.15.80:0/2026346590 >> [v2:172.21.15.80:3300/0,v1:172.21.15.80:6789/0] conn(0x7f308410b420 0x7f308410a910 secure :-1 s=READY pgs=27 cs=0 l=1 rev1=1 crypto rx=0x7f3078009fb0 tx=0x7f3078011bd0 comp rx=0 tx=0).ready entity=mon.0 client_cookie=0 server_cookie=0 in_seq=0 out_seq=0
2024-04-25T16:00:57.206 INFO:teuthology.orchestra.run.smithi080.stdout:/usr/bin/ceph: stderr
2024-04-25T16:00:56.370+0000 7f306bfff700 1 -- 172.21.15.80:0/2026346590 <== mon.0 v2:172.21.15.80:3300/0 1 ==== mon_map magic: 0 ==== 205+0+0 (secure 0 0 0) 0x7f30780038b0 con 0x7f308410b420
2024-04-25T16:00:57.207 INFO:teuthology.orchestra.run.smithi080.stdout:/usr/bin/ceph: stderr
2024-04-25T16:00:56.370+0000 7f306bfff700 1 -- 172.21.15.80:0/2026346590 <== mon.0 v2:172.21.15.80:3300/0 2 ==== config(28 keys) ==== 1139+0+0 (secure 0 0 0) 0x7f3078024440 con 0x7f308410b420
2024-04-25T16:00:57.207 INFO:teuthology.orchestra.run.smithi080.stdout:/usr/bin/ceph: stderr
2024-04-25T16:00:56.370+0000 7f30893e9700 1 -- 172.21.15.80:0/2026346590 --> [v2:172.21.15.80:3300/0,v1:172.21.15.80:6789/0] -- mon_subscribe({mgrmap=0+}) -- 0x7f30841090a0 con 0x7f308410b420
2024-04-25T16:00:57.207 INFO:teuthology.orchestra.run.smithi080.stdout:/usr/bin/ceph: stderr
2024-04-25T16:00:56.370+0000 7f306bfff700 1 -- 172.21.15.80:0/2026346590 <== mon.0 v2:172.21.15.80:3300/0 3 ==== mon_map magic: 0 ==== 205+0+0 (secure 0 0 0) 0x7f307801a600 con 0x7f308410b420
2024-04-25T16:00:57.207 INFO:teuthology.orchestra.run.smithi080.stdout:/usr/bin/ceph: stderr
2024-04-25T16:00:56.370+0000 7f30893e9700 1 -- 172.21.15.80:0/2026346590 --> [v2:172.21.15.80:3300/0,v1:172.21.15.80:6789/0] -- mon_subscribe({osdmap=0}) -- 0x7f3084109580 con 0x7f308410b420
2024-04-25T16:00:57.207 INFO:teuthology.orchestra.run.smithi080.stdout:/usr/bin/ceph: stderr
2024-04-25T16:00:56.371+0000 7f306bfff700 1 -- 172.21.15.80:0/2026346590 <== mon.0 v2:172.21.15.80:3300/0 4 ==== mgrmap(e 5) ==== 49516+0+0 (secure 0 0 0) 0x7f307801a8d0 con 0x7f308410b420
2024-04-25T16:00:57.207 INFO:teuthology.orchestra.run.smithi080.stdout:/usr/bin/ceph: stderr
2024-04-25T16:00:56.371+0000 7f306bfff700 1 --2- 172.21.15.80:0/2026346590 >> [v2:172.21.15.80:6800/3668365128,v1:172.21.15.80:6801/3668365128] conn(0x7f306c03d630 0x7f306c03fb40 unknown :-1 s=NONE pgs=0 cs=0 l=1 rev1=0 crypto rx=0 tx=0 comp rx=0 tx=0).connect
2024-04-25T16:00:57.207 INFO:teuthology.orchestra.run.smithi080.stdout:/usr/bin/ceph: stderr
2024-04-25T16:00:56.371+0000 7f306bfff700 1 -- 172.21.15.80:0/2026346590 <== mon.0 v2:172.21.15.80:3300/0 5 ==== osd_map(1..1 src has 1..1) ==== 725+0+0 (secure 0 0 0) 0x7f30780537a0 con 0x7f308410b420
2024-04-25T16:00:57.207 INFO:teuthology.orchestra.run.smithi080.stdout:/usr/bin/ceph: stderr
2024-04-25T16:00:56.371+0000 7f30827fc700 1 -- 172.21.15.80:0/2026346590 >> [v2:172.21.15.80:6800/3668365128,v1:172.21.15.80:6801/3668365128] conn(0x7f306c03d630 msgr2=0x7f306c03fb40 unknown :-1 s=STATE_CONNECTING_RE l=1).process reconnect failed to v2:172.21.15.80:6800/3668365128
2024-04-25T16:00:57.207 INFO:teuthology.orchestra.run.smithi080.stdout:/usr/bin/ceph: stderr
2024-04-25T16:00:56.372+0000 7f30827fc700 1 --2- 172.21.15.80:0/2026346590 >> [v2:172.21.15.80:6800/3668365128,v1:172.21.15.80:6801/3668365128] conn(0x7f306c03d630 0x7f306c03fb40 unknown :-1 s=START_CONNECT pgs=0 cs=0 l=1 rev1=0 crypto rx=0 tx=0 comp rx=0 tx=0)._fault waiting 0.200000
2024-04-25T16:00:57.207 INFO:teuthology.orchestra.run.smithi080.stdout:/usr/bin/ceph: stderr
2024-04-25T16:00:56.371+0000 7f30893e9700 1 -- 172.21.15.80:0/2026346590 --> [v2:172.21.15.80:3300/0,v1:172.21.15.80:6789/0] -- mon_command({"prefix": "get_command_descriptions"} v 0) -- 0x7f3084064cf0 con 0x7f308410b420
2024-04-25T16:00:57.207 INFO:teuthology.orchestra.run.smithi080.stdout:/usr/bin/ceph: stderr
2024-04-25T16:00:56.377+0000 7f306bfff700 1 -- 172.21.15.80:0/2026346590 <== mon.0 v2:172.21.15.80:3300/0 6 ==== mon_command_ack([{"prefix": "get_command_descriptions"}]=0 v0) ==== 72+0+188370 (secure 0 0 0) 0x7f3078029df0 con 0x7f308410b420
2024-04-25T16:00:57.207 INFO:teuthology.orchestra.run.smithi080.stdout:/usr/bin/ceph: stderr
2024-04-25T16:00:56.573+0000 7f30827fc700 1 -- 172.21.15.80:0/2026346590 >> [v2:172.21.15.80:6800/3668365128,v1:172.21.15.80:6801/3668365128] conn(0x7f306c03d630 msgr2=0x7f306c03fb40 unknown :-1 s=STATE_CONNECTING_RE l=1).process reconnect failed to v2:172.21.15.80:6800/3668365128
2024-04-25T16:00:57.207 INFO:teuthology.orchestra.run.smithi080.stdout:/usr/bin/ceph: stderr
2024-04-25T16:00:56.573+0000 7f30827fc700 1 --2- 172.21.15.80:0/2026346590 >> [v2:172.21.15.80:6800/3668365128,v1:172.21.15.80:6801/3668365128] conn(0x7f306c03d630 0x7f306c03fb40 unknown :-1 s=START_CONNECT pgs=0 cs=0 l=1 rev1=0 crypto rx=0 tx=0 comp rx=0 tx=0)._fault waiting 0.400000
2024-04-25T16:00:57.207 INFO:teuthology.orchestra.run.smithi080.stdout:/usr/bin/ceph: stderr
2024-04-25T16:00:56.633+0000 7f30893e9700 1 -- 172.21.15.80:0/2026346590 --> [v2:172.21.15.80:3300/0,v1:172.21.15.80:6789/0] -- mon_command({"prefix": "mgr stat"} v 0) -- 0x7f3084109ca0 con 0x7f308410b420
2024-04-25T16:00:57.208 INFO:teuthology.orchestra.run.smithi080.stdout:/usr/bin/ceph: stderr
2024-04-25T16:00:56.634+0000 7f306bfff700 1 -- 172.21.15.80:0/2026346590 <== mon.0 v2:172.21.15.80:3300/0 7 ==== mon_command_ack([{"prefix": "mgr stat"}]=0 v5) ==== 56+0+88 (secure 0 0 0) 0x7f30780531c0 con 0x7f308410b420
2024-04-25T16:00:57.208 INFO:teuthology.orchestra.run.smithi080.stdout:/usr/bin/ceph: stderr
2024-04-25T16:00:56.636+0000 7f30893e9700 1 -- 172.21.15.80:0/2026346590 >> [v2:172.21.15.80:6800/3668365128,v1:172.21.15.80:6801/3668365128] conn(0x7f306c03d630 msgr2=0x7f306c03fb40 unknown :-1 s=STATE_CONNECTING l=1).mark_down
2024-04-25T16:00:57.208 INFO:teuthology.orchestra.run.smithi080.stdout:/usr/bin/ceph: stderr
2024-04-25T16:00:56.636+0000 7f30893e9700 1 --2- 172.21.15.80:0/2026346590 >> [v2:172.21.15.80:6800/3668365128,v1:172.21.15.80:6801/3668365128] conn(0x7f306c03d630 0x7f306c03fb40 unknown :-1 s=START_CONNECT pgs=0 cs=0 l=1 rev1=0 crypto rx=0 tx=0 comp rx=0 tx=0).stop
2024-04-25T16:00:57.208 INFO:teuthology.orchestra.run.smithi080.stdout:/usr/bin/ceph: stderr
2024-04-25T16:00:56.636+0000 7f30893e9700 1 -- 172.21.15.80:0/2026346590 >> [v2:172.21.15.80:3300/0,v1:172.21.15.80:6789/0] conn(0x7f308410b420 msgr2=0x7f308410a910 secure :-1 s=STATE_CONNECTION_ESTABLISHED l=1).mark_down
2024-04-25T16:00:57.208 INFO:teuthology.orchestra.run.smithi080.stdout:/usr/bin/ceph: stderr
2024-04-25T16:00:56.636+0000 7f30893e9700 1 --2- 172.21.15.80:0/2026346590 >> [v2:172.21.15.80:3300/0,v1:172.21.15.80:6789/0] conn(0x7f308410b420 0x7f308410a910 secure :-1 s=READY pgs=27 cs=0 l=1 rev1=1 crypto rx=0x7f3078009fb0 tx=0x7f3078011bd0 comp rx=0 tx=0).stop
2024-04-25T16:00:57.208 INFO:teuthology.orchestra.run.smithi080.stdout:/usr/bin/ceph: stderr
2024-04-25T16:00:56.636+0000 7f30893e9700 1 -- 172.21.15.80:0/2026346590 shutdown_connections
2024-04-25T16:00:57.208 INFO:teuthology.orchestra.run.smithi080.stdout:/usr/bin/ceph: stderr
2024-04-25T16:00:56.636+0000 7f30893e9700 1 --2- 172.21.15.80:0/2026346590 >> [v2:172.21.15.80:6800/3668365128,v1:172.21.15.80:6801/3668365128] conn(0x7f306c03d630 0x7f306c03fb40 unknown :-1 s=CLOSED pgs=0 cs=0 l=1 rev1=0 crypto rx=0 tx=0 comp rx=0 tx=0).stop
2024-04-25T16:00:57.208 INFO:teuthology.orchestra.run.smithi080.stdout:/usr/bin/ceph: stderr
2024-04-25T16:00:56.636+0000 7f30893e9700 1 --2- 172.21.15.80:0/2026346590 >> [v2:172.21.15.80:3300/0,v1:172.21.15.80:6789/0] conn(0x7f308410b420 0x7f308410a910 unknown :-1 s=CLOSED pgs=27 cs=0 l=1 rev1=1 crypto rx=0 tx=0 comp rx=0 tx=0).stop
2024-04-25T16:00:57.208 INFO:teuthology.orchestra.run.smithi080.stdout:/usr/bin/ceph: stderr
2024-04-25T16:00:56.636+0000 7f30893e9700 1 -- 172.21.15.80:0/2026346590 >> 172.21.15.80:0/2026346590 conn(0x7f3084103ba0 msgr2=0x7f3084104440 unknown :-1 s=STATE_NONE l=0).mark_down
2024-04-25T16:00:57.208 INFO:teuthology.orchestra.run.smithi080.stdout:/usr/bin/ceph: stderr
2024-04-25T16:00:56.636+0000 7f30893e9700 1 -- 172.21.15.80:0/2026346590 shutdown_connections
2024-04-25T16:00:57.208 INFO:teuthology.orchestra.run.smithi080.stdout:/usr/bin/ceph: stderr
2024-04-25T16:00:56.636+0000 7f30893e9700 1 -- 172.21.15.80:0/2026346590 wait complete.
2024-04-25T16:00:57.208 INFO:teuthology.orchestra.run.smithi080.stdout:Waiting for the mgr to restart...
2024-04-25T16:00:57.208 INFO:teuthology.orchestra.run.smithi080.stdout:Waiting for mgr epoch 5...
2024-04-25T16:00:57.505 INFO:journalctl@ceph.mgr.x.smithi080.stdout:Apr 25 16:00:57 smithi080 ceph-cdf25d36-031c-11ef-bc93-c7b262605968-mgr-x[29853]:
2024-04-25T16:00:57.392+0000 7f2160a13200 -1 mgr[py] Module rook has missing NOTIFY_TYPES member
2024-04-25T16:00:58.120 INFO:journalctl@ceph.mgr.x.smithi080.stdout:Apr 25 16:00:57 smithi080 ceph-cdf25d36-031c-11ef-bc93-c7b262605968-mgr-x[29853]:
2024-04-25T16:00:57.831+0000 7f2160a13200 -1 mgr[py] Module volumes has missing NOTIFY_TYPES member
2024-04-25T16:00:58.121 INFO:journalctl@ceph.mgr.x.smithi080.stdout:Apr 25 16:00:57 smithi080 ceph-cdf25d36-031c-11ef-bc93-c7b262605968-mgr-x[29853]:
2024-04-25T16:00:57.926+0000 7f2160a13200 -1 mgr[py] Module crash has missing NOTIFY_TYPES member
2024-04-25T16:00:58.621 INFO:journalctl@ceph.mgr.x.smithi080.stdout:Apr 25 16:00:58 smithi080 ceph-cdf25d36-031c-11ef-bc93-c7b262605968-mgr-x[29853]:
2024-04-25T16:00:58.127+0000 7f2160a13200 -1 mgr[py] Module rgw has missing NOTIFY_TYPES member
2024-04-25T16:00:58.978 INFO:journalctl@ceph.mgr.x.smithi080.stdout:Apr 25 16:00:58 smithi080 ceph-cdf25d36-031c-11ef-bc93-c7b262605968-mgr-x[29853]:
2024-04-25T16:00:58.641+0000 7f2160a13200 -1 mgr[py] Module prometheus has missing NOTIFY_TYPES member
2024-04-25T16:00:58.978 INFO:journalctl@ceph.mgr.x.smithi080.stdout:Apr 25 16:00:58 smithi080 ceph-cdf25d36-031c-11ef-bc93-c7b262605968-mgr-x[29853]:
2024-04-25T16:00:58.734+0000 7f2160a13200 -1 mgr[py] Module devicehealth has missing NOTIFY_TYPES member
2024-04-25T16:00:59.322 INFO:journalctl@ceph.mgr.x.smithi080.stdout:Apr 25 16:00:58 smithi080 ceph-cdf25d36-031c-11ef-bc93-c7b262605968-mgr-x[29853]:
2024-04-25T16:00:58.977+0000 7f2160a13200 -1 mgr[py] Module telemetry has missing NOTIFY_TYPES member
2024-04-25T16:00:59.322 INFO:journalctl@ceph.mgr.x.smithi080.stdout:Apr 25 16:00:59 smithi080 ceph-cdf25d36-031c-11ef-bc93-c7b262605968-mgr-x[29853]:
2024-04-25T16:00:59.110+0000 7f2160a13200 -1 mgr[py] Module diskprediction_local has missing NOTIFY_TYPES member
2024-04-25T16:00:59.322 INFO:journalctl@ceph.mgr.x.smithi080.stdout:Apr 25 16:00:59 smithi080 ceph-cdf25d36-031c-11ef-bc93-c7b262605968-mgr-x[29853]:
2024-04-25T16:00:59.205+0000 7f2160a13200 -1 mgr[py] Module osd_perf_query has missing NOTIFY_TYPES member
2024-04-25T16:00:59.322 INFO:journalctl@ceph.mgr.x.smithi080.stdout:Apr 25 16:00:59 smithi080 ceph-cdf25d36-031c-11ef-bc93-c7b262605968-mgr-x[29853]:
2024-04-25T16:00:59.322+0000 7f2160a13200 -1 mgr[py] Module rbd_support has missing NOTIFY_TYPES member
2024-04-25T16:00:59.870 INFO:journalctl@ceph.mgr.x.smithi080.stdout:Apr 25 16:00:59 smithi080 ceph-cdf25d36-031c-11ef-bc93-c7b262605968-mgr-x[29853]:
2024-04-25T16:00:59.619+0000 7f2160a13200 -1 mgr[py] Module zabbix has missing NOTIFY_TYPES member
2024-04-25T16:01:00.482 INFO:journalctl@ceph.mgr.x.smithi080.stdout:Apr 25 16:01:00 smithi080 ceph-cdf25d36-031c-11ef-bc93-c7b262605968-mgr-x[29853]:
2024-04-25T16:01:00.213+0000 7f2160a13200 -1 mgr[py] Module status has missing NOTIFY_TYPES member
2024-04-25T16:01:00.482 INFO:journalctl@ceph.mgr.x.smithi080.stdout:Apr 25 16:01:00 smithi080 ceph-cdf25d36-031c-11ef-bc93-c7b262605968-mgr-x[29853]:
2024-04-25T16:01:00.429+0000 7f2160a13200 -1 mgr[py] Module nfs has missing NOTIFY_TYPES member
2024-04-25T16:01:00.871 INFO:journalctl@ceph.mon.a.smithi080.stdout:Apr 25 16:01:00 smithi080 ceph-mon[29623]: Active manager daemon x restarted
2024-04-25T16:01:00.871 INFO:journalctl@ceph.mon.a.smithi080.stdout:Apr 25 16:01:00 smithi080 ceph-mon[29623]: Activating manager daemon x
2024-04-25T16:01:00.871 INFO:journalctl@ceph.mon.a.smithi080.stdout:Apr 25 16:01:00 smithi080 ceph-mon[29623]: osdmap e2: 0 total, 0 up, 0 in
2024-04-25T16:01:00.871 INFO:journalctl@ceph.mon.a.smithi080.stdout:Apr 25 16:01:00 smithi080 ceph-mon[29623]: mgrmap e6: x(active, starting, since 0.00368111s)
2024-04-25T16:01:00.871 INFO:journalctl@ceph.mon.a.smithi080.stdout:Apr 25 16:01:00 smithi080 ceph-mon[29623]: from='mgr.14120 172.21.15.80:0/1160105934' entity='mgr.x' cmd=[{"prefix": "mon metadata", "id": "a"}]: dispatch
2024-04-25T16:01:00.871 INFO:journalctl@ceph.mon.a.smithi080.stdout:Apr 25 16:01:00 smithi080 ceph-mon[29623]: from='mgr.14120 172.21.15.80:0/1160105934' entity='mgr.x' cmd=[{"prefix": "mgr metadata", "who": "x", "id": "x"}]: dispatch
2024-04-25T16:01:00.871 INFO:journalctl@ceph.mon.a.smithi080.stdout:Apr 25 16:01:00 smithi080 ceph-mon[29623]: from='mgr.14120 172.21.15.80:0/1160105934' entity='mgr.x' cmd=[{"prefix": "mds metadata"}]: dispatch
2024-04-25T16:01:00.871 INFO:journalctl@ceph.mon.a.smithi080.stdout:Apr 25 16:01:00 smithi080 ceph-mon[29623]: from='mgr.14120 172.21.15.80:0/1160105934' entity='mgr.x' cmd=[{"prefix": "osd metadata"}]: dispatch
2024-04-25T16:01:00.871 INFO:journalctl@ceph.mon.a.smithi080.stdout:Apr 25 16:01:00 smithi080 ceph-mon[29623]: from='mgr.14120 172.21.15.80:0/1160105934' entity='mgr.x' cmd=[{"prefix": "mon metadata"}]: dispatch
2024-04-25T16:01:00.871 INFO:journalctl@ceph.mon.a.smithi080.stdout:Apr 25 16:01:00 smithi080 ceph-mon[29623]: Manager daemon x is now available
2024-04-25T16:01:00.871 INFO:journalctl@ceph.mon.a.smithi080.stdout:Apr 25 16:01:00 smithi080 ceph-mon[29623]: from='mgr.14120 172.21.15.80:0/1160105934' entity='mgr.x'
2024-04-25T16:01:00.871 INFO:journalctl@ceph.mon.a.smithi080.stdout:Apr 25 16:01:00 smithi080 ceph-mon[29623]: from='mgr.14120 172.21.15.80:0/1160105934' entity='mgr.x'
2024-04-25T16:01:00.872 INFO:journalctl@ceph.mon.a.smithi080.stdout:Apr 25 16:01:00 smithi080 ceph-mon[29623]: from='mgr.14120 172.21.15.80:0/1160105934' entity='mgr.x' cmd=[{"prefix": "config dump", "format": "json"}]: dispatch
2024-04-25T16:01:00.872 INFO:journalctl@ceph.mon.a.smithi080.stdout:Apr 25 16:01:00 smithi080 ceph-mon[29623]: from='mgr.14120 172.21.15.80:0/1160105934' entity='mgr.x' cmd=[{"prefix": "config dump", "format": "json"}]: dispatch
2024-04-25T16:01:01.811 INFO:journalctl@ceph.mon.a.smithi080.stdout:Apr 25 16:01:01 smithi080 ceph-mon[29623]: Found migration_current of "None". Setting to last migration.
2024-04-25T16:01:01.812 INFO:journalctl@ceph.mon.a.smithi080.stdout:Apr 25 16:01:01 smithi080 ceph-mon[29623]: from='mgr.14120 172.21.15.80:0/1160105934' entity='mgr.x' cmd=[{"prefix":"config rm","who":"mgr","name":"mgr/rbd_support/x/mirror_snapshot_schedule"}]: dispatch
2024-04-25T16:01:01.812 INFO:journalctl@ceph.mon.a.smithi080.stdout:Apr 25 16:01:01 smithi080 ceph-mon[29623]: from='mgr.14120 172.21.15.80:0/1160105934' entity='mgr.x' cmd=[{"prefix":"config rm","who":"mgr","name":"mgr/rbd_support/x/trash_purge_schedule"}]: dispatch
2024-04-25T16:01:01.812 INFO:journalctl@ceph.mon.a.smithi080.stdout:Apr 25 16:01:01 smithi080 ceph-mon[29623]: from='mgr.14120 172.21.15.80:0/1160105934' entity='mgr.x'
2024-04-25T16:01:01.812 INFO:journalctl@ceph.mon.a.smithi080.stdout:Apr 25 16:01:01 smithi080 ceph-mon[29623]: from='mgr.14120 172.21.15.80:0/1160105934' entity='mgr.x'
2024-04-25T16:01:01.812 INFO:journalctl@ceph.mon.a.smithi080.stdout:Apr 25 16:01:01 smithi080 ceph-mon[29623]: from='mgr.14120 172.21.15.80:0/1160105934' entity='mgr.x' cmd=[{"prefix": "config dump", "format": "json"}]: dispatch
2024-04-25T16:01:01.812 INFO:journalctl@ceph.mon.a.smithi080.stdout:Apr 25 16:01:01 smithi080 ceph-mon[29623]: mgrmap e7: x(active, since 1.00598s)
2024-04-25T16:01:02.118 INFO:teuthology.orchestra.run.smithi080.stdout:/usr/bin/ceph: stdout {
2024-04-25T16:01:02.118 INFO:teuthology.orchestra.run.smithi080.stdout:/usr/bin/ceph: stdout "mgrmap_epoch": 7,
2024-04-25T16:01:02.118 INFO:teuthology.orchestra.run.smithi080.stdout:/usr/bin/ceph: stdout "initialized": true
2024-04-25T16:01:02.119 INFO:teuthology.orchestra.run.smithi080.stdout:/usr/bin/ceph: stdout }
2024-04-25T16:01:02.119 INFO:teuthology.orchestra.run.smithi080.stdout:/usr/bin/ceph: stderr
2024-04-25T16:00:57.614+0000 7f5ac0f12700 1 Processor -- start
2024-04-25T16:01:02.119 INFO:teuthology.orchestra.run.smithi080.stdout:/usr/bin/ceph: stderr
2024-04-25T16:00:57.614+0000 7f5ac0f12700 1 -- start start
2024-04-25T16:01:02.119 INFO:teuthology.orchestra.run.smithi080.stdout:/usr/bin/ceph: stderr
2024-04-25T16:00:57.614+0000 7f5ac0f12700 1 --2- >> [v2:172.21.15.80:3300/0,v1:172.21.15.80:6789/0] conn(0x7f5abc07d550 0x7f5abc10c950 unknown :-1 s=NONE pgs=0 cs=0 l=0 rev1=0 crypto rx=0 tx=0 comp rx=0 tx=0).connect
2024-04-25T16:01:02.119 INFO:teuthology.orchestra.run.smithi080.stdout:/usr/bin/ceph: stderr
2024-04-25T16:00:57.615+0000 7f5ac0f12700 1 -- --> [v2:172.21.15.80:3300/0,v1:172.21.15.80:6789/0] -- mon_getmap magic: 0 -- 0x7f5abc10cf60 con 0x7f5abc07d550
2024-04-25T16:01:02.119 INFO:teuthology.orchestra.run.smithi080.stdout:/usr/bin/ceph: stderr
2024-04-25T16:00:57.615+0000 7f5aba59c700 1 --2- >> [v2:172.21.15.80:3300/0,v1:172.21.15.80:6789/0] conn(0x7f5abc07d550 0x7f5abc10c950 unknown :-1 s=BANNER_CONNECTING pgs=0 cs=0 l=0 rev1=0 crypto rx=0 tx=0 comp rx=0 tx=0)._handle_peer_banner_payload supported=3 required=0
2024-04-25T16:01:02.119 INFO:teuthology.orchestra.run.smithi080.stdout:/usr/bin/ceph: stderr
2024-04-25T16:00:57.615+0000 7f5aba59c700 1 --2- >> [v2:172.21.15.80:3300/0,v1:172.21.15.80:6789/0] conn(0x7f5abc07d550 0x7f5abc10c950 unknown :-1 s=HELLO_CONNECTING pgs=0 cs=0 l=0 rev1=1 crypto rx=0 tx=0 comp rx=0 tx=0).handle_hello peer v2:172.21.15.80:3300/0 says I am v2:172.21.15.80:54444/0 (socket says 172.21.15.80:54444)
2024-04-25T16:01:02.119 INFO:teuthology.orchestra.run.smithi080.stdout:/usr/bin/ceph: stderr
2024-04-25T16:00:57.615+0000 7f5aba59c700 1 -- 172.21.15.80:0/2949909286 learned_addr learned my addr 172.21.15.80:0/2949909286 (peer_addr_for_me v2:172.21.15.80:0/0)
2024-04-25T16:01:02.119 INFO:teuthology.orchestra.run.smithi080.stdout:/usr/bin/ceph: stderr
2024-04-25T16:00:57.615+0000 7f5aba59c700 1 -- 172.21.15.80:0/2949909286 --> [v2:172.21.15.80:3300/0,v1:172.21.15.80:6789/0] -- mon_subscribe({config=0+,monmap=0+}) -- 0x7f5abc10d0e0 con 0x7f5abc07d550
2024-04-25T16:01:02.119 INFO:teuthology.orchestra.run.smithi080.stdout:/usr/bin/ceph: stderr
2024-04-25T16:00:57.615+0000 7f5aba59c700 1 --2- 172.21.15.80:0/2949909286 >> [v2:172.21.15.80:3300/0,v1:172.21.15.80:6789/0] conn(0x7f5abc07d550 0x7f5abc10c950 secure :-1 s=READY pgs=28 cs=0 l=1 rev1=1 crypto rx=0x7f5ab00098a0 tx=0x7f5ab0009bb0 comp rx=0 tx=0).ready entity=mon.0 client_cookie=13f48849666d57de server_cookie=0 in_seq=0 out_seq=0
2024-04-25T16:01:02.119 INFO:teuthology.orchestra.run.smithi080.stdout:/usr/bin/ceph: stderr
2024-04-25T16:00:57.615+0000 7f5ab959a700 1 -- 172.21.15.80:0/2949909286 <== mon.0 v2:172.21.15.80:3300/0 1 ==== mon_map magic: 0 ==== 205+0+0 (secure 0 0 0) 0x7f5ab0004160 con 0x7f5abc07d550
2024-04-25T16:01:02.119 INFO:teuthology.orchestra.run.smithi080.stdout:/usr/bin/ceph: stderr
2024-04-25T16:00:57.615+0000 7f5ab959a700 1 -- 172.21.15.80:0/2949909286 <== mon.0 v2:172.21.15.80:3300/0 2 ==== config(28 keys) ==== 1139+0+0 (secure 0 0 0) 0x7f5ab0004300 con 0x7f5abc07d550
2024-04-25T16:01:02.119 INFO:teuthology.orchestra.run.smithi080.stdout:/usr/bin/ceph: stderr
2024-04-25T16:00:57.615+0000 7f5ab959a700 1 -- 172.21.15.80:0/2949909286 <== mon.0 v2:172.21.15.80:3300/0 3 ==== mon_map magic: 0 ==== 205+0+0 (secure 0 0 0) 0x7f5ab0011c00 con 0x7f5abc07d550
2024-04-25T16:01:02.119 INFO:teuthology.orchestra.run.smithi080.stdout:/usr/bin/ceph: stderr
2024-04-25T16:00:57.616+0000 7f5ac0f12700 1 -- 172.21.15.80:0/2949909286 >> [v2:172.21.15.80:3300/0,v1:172.21.15.80:6789/0] conn(0x7f5abc07d550 msgr2=0x7f5abc10c950 secure :-1 s=STATE_CONNECTION_ESTABLISHED l=1).mark_down
2024-04-25T16:01:02.120 INFO:teuthology.orchestra.run.smithi080.stdout:/usr/bin/ceph: stderr
2024-04-25T16:00:57.616+0000 7f5ac0f12700 1 --2- 172.21.15.80:0/2949909286 >> [v2:172.21.15.80:3300/0,v1:172.21.15.80:6789/0] conn(0x7f5abc07d550 0x7f5abc10c950 secure :-1 s=READY pgs=28 cs=0 l=1 rev1=1 crypto rx=0x7f5ab00098a0 tx=0x7f5ab0009bb0 comp rx=0 tx=0).stop
2024-04-25T16:01:02.120 INFO:teuthology.orchestra.run.smithi080.stdout:/usr/bin/ceph: stderr
2024-04-25T16:00:57.616+0000 7f5ac0f12700 1 -- 172.21.15.80:0/2949909286 shutdown_connections
2024-04-25T16:01:02.120 INFO:teuthology.orchestra.run.smithi080.stdout:/usr/bin/ceph: stderr
2024-04-25T16:00:57.616+0000 7f5ac0f12700 1 --2- 172.21.15.80:0/2949909286 >> [v2:172.21.15.80:3300/0,v1:172.21.15.80:6789/0] conn(0x7f5abc07d550 0x7f5abc10c950 unknown :-1 s=CLOSED pgs=28 cs=0 l=1 rev1=1 crypto rx=0 tx=0 comp rx=0 tx=0).stop
2024-04-25T16:01:02.120 INFO:teuthology.orchestra.run.smithi080.stdout:/usr/bin/ceph: stderr
2024-04-25T16:00:57.616+0000 7f5ac0f12700 1 -- 172.21.15.80:0/2949909286 >> 172.21.15.80:0/2949909286 conn(0x7f5abc1043e0 msgr2=0x7f5abc106830 unknown :-1 s=STATE_NONE l=0).mark_down
2024-04-25T16:01:02.120 INFO:teuthology.orchestra.run.smithi080.stdout:/usr/bin/ceph: stderr
2024-04-25T16:00:57.616+0000 7f5ac0f12700 1 -- 172.21.15.80:0/2949909286 shutdown_connections
2024-04-25T16:01:02.120 INFO:teuthology.orchestra.run.smithi080.stdout:/usr/bin/ceph: stderr
2024-04-25T16:00:57.616+0000 7f5ac0f12700 1 -- 172.21.15.80:0/2949909286 wait complete.
2024-04-25T16:01:02.120 INFO:teuthology.orchestra.run.smithi080.stdout:/usr/bin/ceph: stderr
2024-04-25T16:00:57.617+0000 7f5ac0f12700 1 Processor -- start
2024-04-25T16:01:02.120 INFO:teuthology.orchestra.run.smithi080.stdout:/usr/bin/ceph: stderr
2024-04-25T16:00:57.617+0000 7f5ac0f12700 1 -- start start
2024-04-25T16:01:02.120 INFO:teuthology.orchestra.run.smithi080.stdout:/usr/bin/ceph: stderr
2024-04-25T16:00:57.618+0000 7f5ac0f12700 1 --2- >> [v2:172.21.15.80:3300/0,v1:172.21.15.80:6789/0] conn(0x7f5abc07d550 0x7f5abc19e1e0 unknown :-1 s=NONE pgs=0 cs=0 l=1 rev1=0 crypto rx=0 tx=0 comp rx=0 tx=0).connect
2024-04-25T16:01:02.120 INFO:teuthology.orchestra.run.smithi080.stdout:/usr/bin/ceph: stderr
2024-04-25T16:00:57.618+0000 7f5ac0f12700 1 -- --> [v2:172.21.15.80:3300/0,v1:172.21.15.80:6789/0] -- mon_getmap magic: 0 -- 0x7f5abc10e220 con 0x7f5abc07d550
2024-04-25T16:01:02.120 INFO:teuthology.orchestra.run.smithi080.stdout:/usr/bin/ceph: stderr
2024-04-25T16:00:57.618+0000 7f5aba59c700 1 --2- >> [v2:172.21.15.80:3300/0,v1:172.21.15.80:6789/0] conn(0x7f5abc07d550 0x7f5abc19e1e0 unknown :-1 s=BANNER_CONNECTING pgs=0 cs=0 l=1 rev1=0 crypto rx=0 tx=0 comp rx=0 tx=0)._handle_peer_banner_payload supported=3 required=0
2024-04-25T16:01:02.120 INFO:teuthology.orchestra.run.smithi080.stdout:/usr/bin/ceph: stderr
2024-04-25T16:00:57.618+0000 7f5aba59c700 1 --2- >> [v2:172.21.15.80:3300/0,v1:172.21.15.80:6789/0] conn(0x7f5abc07d550 0x7f5abc19e1e0 unknown :-1 s=HELLO_CONNECTING pgs=0 cs=0 l=1 rev1=1 crypto rx=0 tx=0 comp rx=0 tx=0).handle_hello peer v2:172.21.15.80:3300/0 says I am v2:172.21.15.80:54450/0 (socket says 172.21.15.80:54450)
2024-04-25T16:01:02.120 INFO:teuthology.orchestra.run.smithi080.stdout:/usr/bin/ceph: stderr
2024-04-25T16:00:57.618+0000 7f5aba59c700 1 -- 172.21.15.80:0/3160514257 learned_addr learned my addr 172.21.15.80:0/3160514257 (peer_addr_for_me v2:172.21.15.80:0/0)
2024-04-25T16:01:02.120 INFO:teuthology.orchestra.run.smithi080.stdout:/usr/bin/ceph: stderr
2024-04-25T16:00:57.618+0000 7f5aba59c700 1 -- 172.21.15.80:0/3160514257 --> [v2:172.21.15.80:3300/0,v1:172.21.15.80:6789/0] -- mon_subscribe({config=0+,monmap=0+}) -- 0x7f5abc19e720 con 0x7f5abc07d550
2024-04-25T16:01:02.121 INFO:teuthology.orchestra.run.smithi080.stdout:/usr/bin/ceph: stderr
2024-04-25T16:00:57.618+0000 7f5aba59c700 1 --2- 172.21.15.80:0/3160514257 >> [v2:172.21.15.80:3300/0,v1:172.21.15.80:6789/0] conn(0x7f5abc07d550 0x7f5abc19e1e0 secure :-1 s=READY pgs=29 cs=0 l=1 rev1=1 crypto rx=0x7f5ab0009fb0 tx=0x7f5ab0011bd0 comp rx=0 tx=0).ready entity=mon.0 client_cookie=0 server_cookie=0 in_seq=0 out_seq=0
2024-04-25T16:01:02.121 INFO:teuthology.orchestra.run.smithi080.stdout:/usr/bin/ceph: stderr
2024-04-25T16:00:57.619+0000 7f5aab7fe700 1 -- 172.21.15.80:0/3160514257 <== mon.0 v2:172.21.15.80:3300/0 1 ==== mon_map magic: 0 ==== 205+0+0 (secure 0 0 0) 0x7f5ab00038b0 con 0x7f5abc07d550
2024-04-25T16:01:02.121 INFO:teuthology.orchestra.run.smithi080.stdout:/usr/bin/ceph: stderr
2024-04-25T16:00:57.619+0000 7f5ac0f12700 1 -- 172.21.15.80:0/3160514257 --> [v2:172.21.15.80:3300/0,v1:172.21.15.80:6789/0] -- mon_subscribe({mgrmap=0+}) -- 0x7f5abc19e9b0 con 0x7f5abc07d550
2024-04-25T16:01:02.121 INFO:teuthology.orchestra.run.smithi080.stdout:/usr/bin/ceph: stderr
2024-04-25T16:00:57.619+0000 7f5aab7fe700 1 -- 172.21.15.80:0/3160514257 <== mon.0 v2:172.21.15.80:3300/0 2 ==== config(28 keys) ==== 1139+0+0 (secure 0 0 0) 0x7f5ab0024440 con 0x7f5abc07d550
2024-04-25T16:01:02.121 INFO:teuthology.orchestra.run.smithi080.stdout:/usr/bin/ceph: stderr
2024-04-25T16:00:57.619+0000 7f5aab7fe700 1 -- 172.21.15.80:0/3160514257 <== mon.0 v2:172.21.15.80:3300/0 3 ==== mon_map magic: 0 ==== 205+0+0 (secure 0 0 0) 0x7f5ab001a600 con 0x7f5abc07d550
2024-04-25T16:01:02.121 INFO:teuthology.orchestra.run.smithi080.stdout:/usr/bin/ceph: stderr
2024-04-25T16:00:57.619+0000 7f5ac0f12700 1 -- 172.21.15.80:0/3160514257 --> [v2:172.21.15.80:3300/0,v1:172.21.15.80:6789/0] -- mon_subscribe({osdmap=0}) -- 0x7f5abc1a15c0 con 0x7f5abc07d550
2024-04-25T16:01:02.121 INFO:teuthology.orchestra.run.smithi080.stdout:/usr/bin/ceph: stderr
2024-04-25T16:00:57.619+0000 7f5aab7fe700 1 -- 172.21.15.80:0/3160514257 <== mon.0 v2:172.21.15.80:3300/0 4 ==== mgrmap(e 5) ==== 49516+0+0 (secure 0 0 0) 0x7f5ab001a900 con 0x7f5abc07d550
2024-04-25T16:01:02.121 INFO:teuthology.orchestra.run.smithi080.stdout:/usr/bin/ceph: stderr
2024-04-25T16:00:57.620+0000 7f5aab7fe700 1 --2- 172.21.15.80:0/3160514257 >> [v2:172.21.15.80:6800/3668365128,v1:172.21.15.80:6801/3668365128] conn(0x7f5aa403d5e0 0x7f5aa403faf0 unknown :-1 s=NONE pgs=0 cs=0 l=1 rev1=0 crypto rx=0 tx=0 comp rx=0 tx=0).connect
2024-04-25T16:01:02.121 INFO:teuthology.orchestra.run.smithi080.stdout:/usr/bin/ceph: stderr
2024-04-25T16:00:57.620+0000 7f5aab7fe700 1 -- 172.21.15.80:0/3160514257 --> [v2:172.21.15.80:6800/3668365128,v1:172.21.15.80:6801/3668365128] -- command(tid 0: {"prefix": "get_command_descriptions"}) -- 0x7f5aa4040200 con 0x7f5aa403d5e0
2024-04-25T16:01:02.121 INFO:teuthology.orchestra.run.smithi080.stdout:/usr/bin/ceph: stderr
2024-04-25T16:00:57.620+0000 7f5aab7fe700 1 -- 172.21.15.80:0/3160514257 <== mon.0 v2:172.21.15.80:3300/0 5 ==== osd_map(1..1 src has 1..1) ==== 725+0+0 (secure 0 0 0) 0x7f5ab00537d0 con 0x7f5abc07d550
2024-04-25T16:01:02.121 INFO:teuthology.orchestra.run.smithi080.stdout:/usr/bin/ceph: stderr
2024-04-25T16:00:57.620+0000 7f5ab9d9b700 1 -- 172.21.15.80:0/3160514257 >> [v2:172.21.15.80:6800/3668365128,v1:172.21.15.80:6801/3668365128] conn(0x7f5aa403d5e0 msgr2=0x7f5aa403faf0 unknown :-1 s=STATE_CONNECTING_RE l=1).process reconnect failed to v2:172.21.15.80:6800/3668365128
2024-04-25T16:01:02.121 INFO:teuthology.orchestra.run.smithi080.stdout:/usr/bin/ceph: stderr
2024-04-25T16:00:57.620+0000 7f5ab9d9b700 1 --2- 172.21.15.80:0/3160514257 >> [v2:172.21.15.80:6800/3668365128,v1:172.21.15.80:6801/3668365128] conn(0x7f5aa403d5e0 0x7f5aa403faf0 unknown :-1 s=START_CONNECT pgs=0 cs=0 l=1 rev1=0 crypto rx=0 tx=0 comp rx=0 tx=0)._fault waiting 0.200000
2024-04-25T16:01:02.121 INFO:teuthology.orchestra.run.smithi080.stdout:/usr/bin/ceph: stderr
2024-04-25T16:00:57.821+0000 7f5ab9d9b700 1 -- 172.21.15.80:0/3160514257 >> [v2:172.21.15.80:6800/3668365128,v1:172.21.15.80:6801/3668365128] conn(0x7f5aa403d5e0 msgr2=0x7f5aa403faf0 unknown :-1 s=STATE_CONNECTING_RE l=1).process reconnect failed to v2:172.21.15.80:6800/3668365128
2024-04-25T16:01:02.121 INFO:teuthology.orchestra.run.smithi080.stdout:/usr/bin/ceph: stderr
2024-04-25T16:00:57.821+0000 7f5ab9d9b700 1 --2- 172.21.15.80:0/3160514257 >> [v2:172.21.15.80:6800/3668365128,v1:172.21.15.80:6801/3668365128] conn(0x7f5aa403d5e0 0x7f5aa403faf0 unknown :-1 s=START_CONNECT pgs=0 cs=0 l=1 rev1=0 crypto rx=0 tx=0 comp rx=0 tx=0)._fault waiting 0.400000
2024-04-25T16:01:02.122 INFO:teuthology.orchestra.run.smithi080.stdout:/usr/bin/ceph: stderr
2024-04-25T16:00:58.222+0000 7f5ab9d9b700 1 -- 172.21.15.80:0/3160514257 >> [v2:172.21.15.80:6800/3668365128,v1:172.21.15.80:6801/3668365128] conn(0x7f5aa403d5e0 msgr2=0x7f5aa403faf0 unknown :-1 s=STATE_CONNECTING_RE l=1).process reconnect failed to v2:172.21.15.80:6800/3668365128
2024-04-25T16:01:02.122 INFO:teuthology.orchestra.run.smithi080.stdout:/usr/bin/ceph: stderr
2024-04-25T16:00:58.222+0000 7f5ab9d9b700 1 --2- 172.21.15.80:0/3160514257 >> [v2:172.21.15.80:6800/3668365128,v1:172.21.15.80:6801/3668365128] conn(0x7f5aa403d5e0 0x7f5aa403faf0 unknown :-1 s=START_CONNECT pgs=0 cs=0 l=1 rev1=0 crypto rx=0 tx=0 comp rx=0 tx=0)._fault waiting 0.800000
2024-04-25T16:01:02.122 INFO:teuthology.orchestra.run.smithi080.stdout:/usr/bin/ceph: stderr
2024-04-25T16:00:59.023+0000 7f5ab9d9b700 1 -- 172.21.15.80:0/3160514257 >> [v2:172.21.15.80:6800/3668365128,v1:172.21.15.80:6801/3668365128] conn(0x7f5aa403d5e0 msgr2=0x7f5aa403faf0 unknown :-1 s=STATE_CONNECTING_RE l=1).process reconnect failed to v2:172.21.15.80:6800/3668365128
2024-04-25T16:01:02.122 INFO:teuthology.orchestra.run.smithi080.stdout:/usr/bin/ceph: stderr
