2024-04-25T16:00:59.023+0000 7f5ab9d9b700 1 --2- 172.21.15.80:0/3160514257 >> [v2:172.21.15.80:6800/3668365128,v1:172.21.15.80:6801/3668365128] conn(0x7f5aa403d5e0 0x7f5aa403faf0 unknown :-1 s=START_CONNECT pgs=0 cs=0 l=1 rev1=0 crypto rx=0 tx=0 comp rx=0 tx=0)._fault waiting 1.600000
2024-04-25T16:01:02.122 INFO:teuthology.orchestra.run.smithi080.stdout:/usr/bin/ceph: stderr
2024-04-25T16:01:00.433+0000 7f5aab7fe700 1 -- 172.21.15.80:0/3160514257 <== mon.0 v2:172.21.15.80:3300/0 6 ==== mgrmap(e 6) ==== 49283+0+0 (secure 0 0 0) 0x7f5ab0052290 con 0x7f5abc07d550
2024-04-25T16:01:02.122 INFO:teuthology.orchestra.run.smithi080.stdout:/usr/bin/ceph: stderr
2024-04-25T16:01:00.433+0000 7f5aab7fe700 1 -- 172.21.15.80:0/3160514257 >> [v2:172.21.15.80:6800/3668365128,v1:172.21.15.80:6801/3668365128] conn(0x7f5aa403d5e0 msgr2=0x7f5aa403faf0 unknown :-1 s=STATE_CONNECTING l=1).mark_down
2024-04-25T16:01:02.122 INFO:teuthology.orchestra.run.smithi080.stdout:/usr/bin/ceph: stderr
2024-04-25T16:01:00.433+0000 7f5aab7fe700 1 --2- 172.21.15.80:0/3160514257 >> [v2:172.21.15.80:6800/3668365128,v1:172.21.15.80:6801/3668365128] conn(0x7f5aa403d5e0 0x7f5aa403faf0 unknown :-1 s=START_CONNECT pgs=0 cs=0 l=1 rev1=0 crypto rx=0 tx=0 comp rx=0 tx=0).stop
2024-04-25T16:01:02.122 INFO:teuthology.orchestra.run.smithi080.stdout:/usr/bin/ceph: stderr
2024-04-25T16:01:01.434+0000 7f5aab7fe700 1 -- 172.21.15.80:0/3160514257 <== mon.0 v2:172.21.15.80:3300/0 7 ==== mgrmap(e 7) ==== 49410+0+0 (secure 0 0 0) 0x7f5ab002ad00 con 0x7f5abc07d550
2024-04-25T16:01:02.122 INFO:teuthology.orchestra.run.smithi080.stdout:/usr/bin/ceph: stderr
2024-04-25T16:01:01.434+0000 7f5aab7fe700 1 --2- 172.21.15.80:0/3160514257 >> [v2:172.21.15.80:6800/4105172825,v1:172.21.15.80:6801/4105172825] conn(0x7f5aa4040f20 0x7f5aa4043340 unknown :-1 s=NONE pgs=0 cs=0 l=1 rev1=0 crypto rx=0 tx=0 comp rx=0 tx=0).connect
2024-04-25T16:01:02.122 INFO:teuthology.orchestra.run.smithi080.stdout:/usr/bin/ceph: stderr
2024-04-25T16:01:01.434+0000 7f5aab7fe700 1 -- 172.21.15.80:0/3160514257 --> [v2:172.21.15.80:6800/4105172825,v1:172.21.15.80:6801/4105172825] -- command(tid 0: {"prefix": "get_command_descriptions"}) -- 0x7f5ab0024790 con 0x7f5aa4040f20
2024-04-25T16:01:02.122 INFO:teuthology.orchestra.run.smithi080.stdout:/usr/bin/ceph: stderr
2024-04-25T16:01:01.434+0000 7f5ab9d9b700 1 --2- 172.21.15.80:0/3160514257 >> [v2:172.21.15.80:6800/4105172825,v1:172.21.15.80:6801/4105172825] conn(0x7f5aa4040f20 0x7f5aa4043340 unknown :-1 s=BANNER_CONNECTING pgs=0 cs=0 l=1 rev1=0 crypto rx=0 tx=0 comp rx=0 tx=0)._handle_peer_banner_payload supported=3 required=0
2024-04-25T16:01:02.122 INFO:teuthology.orchestra.run.smithi080.stdout:/usr/bin/ceph: stderr
2024-04-25T16:01:01.435+0000 7f5ab9d9b700 1 --2- 172.21.15.80:0/3160514257 >> [v2:172.21.15.80:6800/4105172825,v1:172.21.15.80:6801/4105172825] conn(0x7f5aa4040f20 0x7f5aa4043340 secure :-1 s=READY pgs=1 cs=0 l=1 rev1=1 crypto rx=0x7f5aac003a10 tx=0x7f5aac009290 comp rx=0 tx=0).ready entity=mgr.14120 client_cookie=0 server_cookie=0 in_seq=0 out_seq=0
2024-04-25T16:01:02.122 INFO:teuthology.orchestra.run.smithi080.stdout:/usr/bin/ceph: stderr
2024-04-25T16:01:01.436+0000 7f5aab7fe700 1 -- 172.21.15.80:0/3160514257 <== mgr.14120 v2:172.21.15.80:6800/4105172825 1 ==== command_reply(tid 0: 0 ) ==== 8+0+9564 (secure 0 0 0) 0x7f5ab0024790 con 0x7f5aa4040f20
2024-04-25T16:01:02.123 INFO:teuthology.orchestra.run.smithi080.stdout:/usr/bin/ceph: stderr
2024-04-25T16:01:01.444+0000 7f5ac0f12700 1 -- 172.21.15.80:0/3160514257 --> [v2:172.21.15.80:6800/4105172825,v1:172.21.15.80:6801/4105172825] -- command(tid 1: {"prefix": "mgr_status"}) -- 0x7f5abc064cf0 con 0x7f5aa4040f20
2024-04-25T16:01:02.123 INFO:teuthology.orchestra.run.smithi080.stdout:/usr/bin/ceph: stderr
2024-04-25T16:01:01.444+0000 7f5aab7fe700 1 -- 172.21.15.80:0/3160514257 <== mgr.14120 v2:172.21.15.80:6800/4105172825 2 ==== command_reply(tid 1: 0 ) ==== 8+0+51 (secure 0 0 0) 0x7f5abc064cf0 con 0x7f5aa4040f20
2024-04-25T16:01:02.123 INFO:teuthology.orchestra.run.smithi080.stdout:/usr/bin/ceph: stderr
2024-04-25T16:01:01.444+0000 7f5ac0f12700 1 -- 172.21.15.80:0/3160514257 >> [v2:172.21.15.80:6800/4105172825,v1:172.21.15.80:6801/4105172825] conn(0x7f5aa4040f20 msgr2=0x7f5aa4043340 secure :-1 s=STATE_CONNECTION_ESTABLISHED l=1).mark_down
2024-04-25T16:01:02.123 INFO:teuthology.orchestra.run.smithi080.stdout:/usr/bin/ceph: stderr
2024-04-25T16:01:01.445+0000 7f5ac0f12700 1 --2- 172.21.15.80:0/3160514257 >> [v2:172.21.15.80:6800/4105172825,v1:172.21.15.80:6801/4105172825] conn(0x7f5aa4040f20 0x7f5aa4043340 secure :-1 s=READY pgs=1 cs=0 l=1 rev1=1 crypto rx=0x7f5aac003a10 tx=0x7f5aac009290 comp rx=0 tx=0).stop
2024-04-25T16:01:02.123 INFO:teuthology.orchestra.run.smithi080.stdout:/usr/bin/ceph: stderr
2024-04-25T16:01:01.445+0000 7f5ac0f12700 1 -- 172.21.15.80:0/3160514257 >> [v2:172.21.15.80:3300/0,v1:172.21.15.80:6789/0] conn(0x7f5abc07d550 msgr2=0x7f5abc19e1e0 secure :-1 s=STATE_CONNECTION_ESTABLISHED l=1).mark_down
2024-04-25T16:01:02.123 INFO:teuthology.orchestra.run.smithi080.stdout:/usr/bin/ceph: stderr
2024-04-25T16:01:01.445+0000 7f5ac0f12700 1 --2- 172.21.15.80:0/3160514257 >> [v2:172.21.15.80:3300/0,v1:172.21.15.80:6789/0] conn(0x7f5abc07d550 0x7f5abc19e1e0 secure :-1 s=READY pgs=29 cs=0 l=1 rev1=1 crypto rx=0x7f5ab0009fb0 tx=0x7f5ab0011bd0 comp rx=0 tx=0).stop
2024-04-25T16:01:02.123 INFO:teuthology.orchestra.run.smithi080.stdout:/usr/bin/ceph: stderr
2024-04-25T16:01:01.445+0000 7f5ac0f12700 1 -- 172.21.15.80:0/3160514257 shutdown_connections
2024-04-25T16:01:02.123 INFO:teuthology.orchestra.run.smithi080.stdout:/usr/bin/ceph: stderr
2024-04-25T16:01:01.445+0000 7f5ac0f12700 1 --2- 172.21.15.80:0/3160514257 >> [v2:172.21.15.80:6800/4105172825,v1:172.21.15.80:6801/4105172825] conn(0x7f5aa4040f20 0x7f5aa4043340 unknown :-1 s=CLOSED pgs=1 cs=0 l=1 rev1=1 crypto rx=0 tx=0 comp rx=0 tx=0).stop
2024-04-25T16:01:02.123 INFO:teuthology.orchestra.run.smithi080.stdout:/usr/bin/ceph: stderr
2024-04-25T16:01:01.445+0000 7f5ac0f12700 1 --2- 172.21.15.80:0/3160514257 >> [v2:172.21.15.80:3300/0,v1:172.21.15.80:6789/0] conn(0x7f5abc07d550 0x7f5abc19e1e0 unknown :-1 s=CLOSED pgs=29 cs=0 l=1 rev1=1 crypto rx=0 tx=0 comp rx=0 tx=0).stop
2024-04-25T16:01:02.123 INFO:teuthology.orchestra.run.smithi080.stdout:/usr/bin/ceph: stderr
2024-04-25T16:01:01.445+0000 7f5ac0f12700 1 --2- 172.21.15.80:0/3160514257 >> [v2:172.21.15.80:6800/3668365128,v1:172.21.15.80:6801/3668365128] conn(0x7f5aa403d5e0 0x7f5aa403faf0 unknown :-1 s=CLOSED pgs=0 cs=0 l=1 rev1=0 crypto rx=0 tx=0 comp rx=0 tx=0).stop
2024-04-25T16:01:02.123 INFO:teuthology.orchestra.run.smithi080.stdout:/usr/bin/ceph: stderr
2024-04-25T16:01:01.445+0000 7f5ac0f12700 1 -- 172.21.15.80:0/3160514257 >> 172.21.15.80:0/3160514257 conn(0x7f5abc1043e0 msgr2=0x7f5abc105c80 unknown :-1 s=STATE_NONE l=0).mark_down
2024-04-25T16:01:02.123 INFO:teuthology.orchestra.run.smithi080.stdout:/usr/bin/ceph: stderr
2024-04-25T16:01:01.445+0000 7f5ac0f12700 1 -- 172.21.15.80:0/3160514257 shutdown_connections
2024-04-25T16:01:02.123 INFO:teuthology.orchestra.run.smithi080.stdout:/usr/bin/ceph: stderr
2024-04-25T16:01:01.445+0000 7f5ac0f12700 1 -- 172.21.15.80:0/3160514257 wait complete.
2024-04-25T16:01:02.123 INFO:teuthology.orchestra.run.smithi080.stdout:mgr epoch 5 is available
2024-04-25T16:01:02.124 INFO:teuthology.orchestra.run.smithi080.stdout:Setting orchestrator backend to cephadm...
2024-04-25T16:01:02.740 INFO:journalctl@ceph.mon.a.smithi080.stdout:Apr 25 16:01:02 smithi080 ceph-mon[29623]: [25/Apr/2024:16:01:01] ENGINE Bus STARTING
2024-04-25T16:01:02.740 INFO:journalctl@ceph.mon.a.smithi080.stdout:Apr 25 16:01:02 smithi080 ceph-mon[29623]: [25/Apr/2024:16:01:01] ENGINE Serving on http://172.21.15.80:8765
2024-04-25T16:01:02.740 INFO:journalctl@ceph.mon.a.smithi080.stdout:Apr 25 16:01:02 smithi080 ceph-mon[29623]: [25/Apr/2024:16:01:01] ENGINE Serving on https://172.21.15.80:7150
2024-04-25T16:01:02.740 INFO:journalctl@ceph.mon.a.smithi080.stdout:Apr 25 16:01:02 smithi080 ceph-mon[29623]: [25/Apr/2024:16:01:01] ENGINE Bus STARTED
2024-04-25T16:01:02.740 INFO:journalctl@ceph.mon.a.smithi080.stdout:Apr 25 16:01:02 smithi080 ceph-mon[29623]: from='client.14124 -' entity='client.admin' cmd=[{"prefix": "get_command_descriptions"}]: dispatch
2024-04-25T16:01:02.740 INFO:journalctl@ceph.mon.a.smithi080.stdout:Apr 25 16:01:02 smithi080 ceph-mon[29623]: from='client.14124 -' entity='client.admin' cmd=[{"prefix": "mgr_status"}]: dispatch
2024-04-25T16:01:03.315 INFO:teuthology.orchestra.run.smithi080.stdout:/usr/bin/ceph: stderr
2024-04-25T16:01:02.516+0000 7f8bada61700 1 Processor -- start
2024-04-25T16:01:03.315 INFO:teuthology.orchestra.run.smithi080.stdout:/usr/bin/ceph: stderr
2024-04-25T16:01:02.516+0000 7f8bada61700 1 -- start start
2024-04-25T16:01:03.315 INFO:teuthology.orchestra.run.smithi080.stdout:/usr/bin/ceph: stderr
2024-04-25T16:01:02.516+0000 7f8bada61700 1 --2- >> [v2:172.21.15.80:3300/0,v1:172.21.15.80:6789/0] conn(0x7f8ba810b420 0x7f8ba810b830 unknown :-1 s=NONE pgs=0 cs=0 l=0 rev1=0 crypto rx=0 tx=0 comp rx=0 tx=0).connect
2024-04-25T16:01:03.315 INFO:teuthology.orchestra.run.smithi080.stdout:/usr/bin/ceph: stderr
2024-04-25T16:01:02.516+0000 7f8bada61700 1 -- --> [v2:172.21.15.80:3300/0,v1:172.21.15.80:6789/0] -- mon_getmap magic: 0 -- 0x7f8ba810be00 con 0x7f8ba810b420
2024-04-25T16:01:03.315 INFO:teuthology.orchestra.run.smithi080.stdout:/usr/bin/ceph: stderr
2024-04-25T16:01:02.516+0000 7f8ba6ffd700 1 --2- >> [v2:172.21.15.80:3300/0,v1:172.21.15.80:6789/0] conn(0x7f8ba810b420 0x7f8ba810b830 unknown :-1 s=BANNER_CONNECTING pgs=0 cs=0 l=0 rev1=0 crypto rx=0 tx=0 comp rx=0 tx=0)._handle_peer_banner_payload supported=3 required=0
2024-04-25T16:01:03.315 INFO:teuthology.orchestra.run.smithi080.stdout:/usr/bin/ceph: stderr
2024-04-25T16:01:02.516+0000 7f8ba6ffd700 1 --2- >> [v2:172.21.15.80:3300/0,v1:172.21.15.80:6789/0] conn(0x7f8ba810b420 0x7f8ba810b830 unknown :-1 s=HELLO_CONNECTING pgs=0 cs=0 l=0 rev1=1 crypto rx=0 tx=0 comp rx=0 tx=0).handle_hello peer v2:172.21.15.80:3300/0 says I am v2:172.21.15.80:43494/0 (socket says 172.21.15.80:43494)
2024-04-25T16:01:03.315 INFO:teuthology.orchestra.run.smithi080.stdout:/usr/bin/ceph: stderr
2024-04-25T16:01:02.516+0000 7f8ba6ffd700 1 -- 172.21.15.80:0/3840304158 learned_addr learned my addr 172.21.15.80:0/3840304158 (peer_addr_for_me v2:172.21.15.80:0/0)
2024-04-25T16:01:03.315 INFO:teuthology.orchestra.run.smithi080.stdout:/usr/bin/ceph: stderr
2024-04-25T16:01:02.516+0000 7f8ba6ffd700 1 -- 172.21.15.80:0/3840304158 --> [v2:172.21.15.80:3300/0,v1:172.21.15.80:6789/0] -- mon_subscribe({config=0+,monmap=0+}) -- 0x7f8ba810bf80 con 0x7f8ba810b420
2024-04-25T16:01:03.315 INFO:teuthology.orchestra.run.smithi080.stdout:/usr/bin/ceph: stderr
2024-04-25T16:01:02.517+0000 7f8ba6ffd700 1 --2- 172.21.15.80:0/3840304158 >> [v2:172.21.15.80:3300/0,v1:172.21.15.80:6789/0] conn(0x7f8ba810b420 0x7f8ba810b830 secure :-1 s=READY pgs=37 cs=0 l=1 rev1=1 crypto rx=0x7f8b980098a0 tx=0x7f8b98009bb0 comp rx=0 tx=0).ready entity=mon.0 client_cookie=14f7e7b4eb3af07b server_cookie=0 in_seq=0 out_seq=0
2024-04-25T16:01:03.315 INFO:teuthology.orchestra.run.smithi080.stdout:/usr/bin/ceph: stderr
2024-04-25T16:01:02.517+0000 7f8ba5ffb700 1 -- 172.21.15.80:0/3840304158 <== mon.0 v2:172.21.15.80:3300/0 1 ==== mon_map magic: 0 ==== 205+0+0 (secure 0 0 0) 0x7f8b98004160 con 0x7f8ba810b420
2024-04-25T16:01:03.316 INFO:teuthology.orchestra.run.smithi080.stdout:/usr/bin/ceph: stderr
2024-04-25T16:01:02.517+0000 7f8ba5ffb700 1 -- 172.21.15.80:0/3840304158 <== mon.0 v2:172.21.15.80:3300/0 2 ==== config(28 keys) ==== 1139+0+0 (secure 0 0 0) 0x7f8b98004300 con 0x7f8ba810b420
2024-04-25T16:01:03.316 INFO:teuthology.orchestra.run.smithi080.stdout:/usr/bin/ceph: stderr
2024-04-25T16:01:02.517+0000 7f8ba5ffb700 1 -- 172.21.15.80:0/3840304158 <== mon.0 v2:172.21.15.80:3300/0 3 ==== mon_map magic: 0 ==== 205+0+0 (secure 0 0 0) 0x7f8b98011c00 con 0x7f8ba810b420
2024-04-25T16:01:03.316 INFO:teuthology.orchestra.run.smithi080.stdout:/usr/bin/ceph: stderr
2024-04-25T16:01:02.517+0000 7f8bada61700 1 -- 172.21.15.80:0/3840304158 >> [v2:172.21.15.80:3300/0,v1:172.21.15.80:6789/0] conn(0x7f8ba810b420 msgr2=0x7f8ba810b830 secure :-1 s=STATE_CONNECTION_ESTABLISHED l=1).mark_down
2024-04-25T16:01:03.316 INFO:teuthology.orchestra.run.smithi080.stdout:/usr/bin/ceph: stderr
2024-04-25T16:01:02.517+0000 7f8bada61700 1 --2- 172.21.15.80:0/3840304158 >> [v2:172.21.15.80:3300/0,v1:172.21.15.80:6789/0] conn(0x7f8ba810b420 0x7f8ba810b830 secure :-1 s=READY pgs=37 cs=0 l=1 rev1=1 crypto rx=0x7f8b980098a0 tx=0x7f8b98009bb0 comp rx=0 tx=0).stop
2024-04-25T16:01:03.316 INFO:teuthology.orchestra.run.smithi080.stdout:/usr/bin/ceph: stderr
2024-04-25T16:01:02.518+0000 7f8bada61700 1 -- 172.21.15.80:0/3840304158 shutdown_connections
2024-04-25T16:01:03.316 INFO:teuthology.orchestra.run.smithi080.stdout:/usr/bin/ceph: stderr
2024-04-25T16:01:02.518+0000 7f8bada61700 1 --2- 172.21.15.80:0/3840304158 >> [v2:172.21.15.80:3300/0,v1:172.21.15.80:6789/0] conn(0x7f8ba810b420 0x7f8ba810b830 unknown :-1 s=CLOSED pgs=37 cs=0 l=1 rev1=1 crypto rx=0 tx=0 comp rx=0 tx=0).stop
2024-04-25T16:01:03.316 INFO:teuthology.orchestra.run.smithi080.stdout:/usr/bin/ceph: stderr
2024-04-25T16:01:02.518+0000 7f8bada61700 1 -- 172.21.15.80:0/3840304158 >> 172.21.15.80:0/3840304158 conn(0x7f8ba8103ba0 msgr2=0x7f8ba8106010 unknown :-1 s=STATE_NONE l=0).mark_down
2024-04-25T16:01:03.316 INFO:teuthology.orchestra.run.smithi080.stdout:/usr/bin/ceph: stderr
2024-04-25T16:01:02.518+0000 7f8bada61700 1 -- 172.21.15.80:0/3840304158 shutdown_connections
2024-04-25T16:01:03.316 INFO:teuthology.orchestra.run.smithi080.stdout:/usr/bin/ceph: stderr
2024-04-25T16:01:02.518+0000 7f8bada61700 1 -- 172.21.15.80:0/3840304158 wait complete.
2024-04-25T16:01:03.316 INFO:teuthology.orchestra.run.smithi080.stdout:/usr/bin/ceph: stderr
2024-04-25T16:01:02.518+0000 7f8bada61700 1 Processor -- start
2024-04-25T16:01:03.316 INFO:teuthology.orchestra.run.smithi080.stdout:/usr/bin/ceph: stderr
2024-04-25T16:01:02.518+0000 7f8bada61700 1 -- start start
2024-04-25T16:01:03.316 INFO:teuthology.orchestra.run.smithi080.stdout:/usr/bin/ceph: stderr
2024-04-25T16:01:02.519+0000 7f8bada61700 1 --2- >> [v2:172.21.15.80:3300/0,v1:172.21.15.80:6789/0] conn(0x7f8ba810b420 0x7f8ba819e280 unknown :-1 s=NONE pgs=0 cs=0 l=1 rev1=0 crypto rx=0 tx=0 comp rx=0 tx=0).connect
2024-04-25T16:01:03.316 INFO:teuthology.orchestra.run.smithi080.stdout:/usr/bin/ceph: stderr
2024-04-25T16:01:02.519+0000 7f8bada61700 1 -- --> [v2:172.21.15.80:3300/0,v1:172.21.15.80:6789/0] -- mon_getmap magic: 0 -- 0x7f8ba810e3c0 con 0x7f8ba810b420
2024-04-25T16:01:03.317 INFO:teuthology.orchestra.run.smithi080.stdout:/usr/bin/ceph: stderr
2024-04-25T16:01:02.519+0000 7f8ba6ffd700 1 --2- >> [v2:172.21.15.80:3300/0,v1:172.21.15.80:6789/0] conn(0x7f8ba810b420 0x7f8ba819e280 unknown :-1 s=BANNER_CONNECTING pgs=0 cs=0 l=1 rev1=0 crypto rx=0 tx=0 comp rx=0 tx=0)._handle_peer_banner_payload supported=3 required=0
2024-04-25T16:01:03.317 INFO:teuthology.orchestra.run.smithi080.stdout:/usr/bin/ceph: stderr
2024-04-25T16:01:02.519+0000 7f8ba6ffd700 1 --2- >> [v2:172.21.15.80:3300/0,v1:172.21.15.80:6789/0] conn(0x7f8ba810b420 0x7f8ba819e280 unknown :-1 s=HELLO_CONNECTING pgs=0 cs=0 l=1 rev1=1 crypto rx=0 tx=0 comp rx=0 tx=0).handle_hello peer v2:172.21.15.80:3300/0 says I am v2:172.21.15.80:43504/0 (socket says 172.21.15.80:43504)
2024-04-25T16:01:03.317 INFO:teuthology.orchestra.run.smithi080.stdout:/usr/bin/ceph: stderr
2024-04-25T16:01:02.519+0000 7f8ba6ffd700 1 -- 172.21.15.80:0/2365304950 learned_addr learned my addr 172.21.15.80:0/2365304950 (peer_addr_for_me v2:172.21.15.80:0/0)
2024-04-25T16:01:03.317 INFO:teuthology.orchestra.run.smithi080.stdout:/usr/bin/ceph: stderr
2024-04-25T16:01:02.519+0000 7f8ba6ffd700 1 -- 172.21.15.80:0/2365304950 --> [v2:172.21.15.80:3300/0,v1:172.21.15.80:6789/0] -- mon_subscribe({config=0+,monmap=0+}) -- 0x7f8ba819e7c0 con 0x7f8ba810b420
2024-04-25T16:01:03.317 INFO:teuthology.orchestra.run.smithi080.stdout:/usr/bin/ceph: stderr
2024-04-25T16:01:02.519+0000 7f8ba6ffd700 1 --2- 172.21.15.80:0/2365304950 >> [v2:172.21.15.80:3300/0,v1:172.21.15.80:6789/0] conn(0x7f8ba810b420 0x7f8ba819e280 secure :-1 s=READY pgs=38 cs=0 l=1 rev1=1 crypto rx=0x7f8b98009fb0 tx=0x7f8b98011bd0 comp rx=0 tx=0).ready entity=mon.0 client_cookie=0 server_cookie=0 in_seq=0 out_seq=0
2024-04-25T16:01:03.317 INFO:teuthology.orchestra.run.smithi080.stdout:/usr/bin/ceph: stderr
2024-04-25T16:01:02.519+0000 7f8baca5f700 1 -- 172.21.15.80:0/2365304950 <== mon.0 v2:172.21.15.80:3300/0 1 ==== mon_map magic: 0 ==== 205+0+0 (secure 0 0 0) 0x7f8b980038b0 con 0x7f8ba810b420
2024-04-25T16:01:03.317 INFO:teuthology.orchestra.run.smithi080.stdout:/usr/bin/ceph: stderr
2024-04-25T16:01:02.519+0000 7f8baca5f700 1 -- 172.21.15.80:0/2365304950 <== mon.0 v2:172.21.15.80:3300/0 2 ==== config(28 keys) ==== 1139+0+0 (secure 0 0 0) 0x7f8b98024440 con 0x7f8ba810b420
2024-04-25T16:01:03.317 INFO:teuthology.orchestra.run.smithi080.stdout:/usr/bin/ceph: stderr
2024-04-25T16:01:02.519+0000 7f8baca5f700 1 -- 172.21.15.80:0/2365304950 <== mon.0 v2:172.21.15.80:3300/0 3 ==== mon_map magic: 0 ==== 205+0+0 (secure 0 0 0) 0x7f8b9801a600 con 0x7f8ba810b420
2024-04-25T16:01:03.317 INFO:teuthology.orchestra.run.smithi080.stdout:/usr/bin/ceph: stderr
2024-04-25T16:01:02.519+0000 7f8bada61700 1 -- 172.21.15.80:0/2365304950 --> [v2:172.21.15.80:3300/0,v1:172.21.15.80:6789/0] -- mon_subscribe({mgrmap=0+}) -- 0x7f8ba819ea50 con 0x7f8ba810b420
2024-04-25T16:01:03.317 INFO:teuthology.orchestra.run.smithi080.stdout:/usr/bin/ceph: stderr
2024-04-25T16:01:02.519+0000 7f8bada61700 1 -- 172.21.15.80:0/2365304950 --> [v2:172.21.15.80:3300/0,v1:172.21.15.80:6789/0] -- mon_subscribe({osdmap=0}) -- 0x7f8ba81a1660 con 0x7f8ba810b420
2024-04-25T16:01:03.318 INFO:teuthology.orchestra.run.smithi080.stdout:/usr/bin/ceph: stderr
2024-04-25T16:01:02.520+0000 7f8baca5f700 1 -- 172.21.15.80:0/2365304950 <== mon.0 v2:172.21.15.80:3300/0 4 ==== mgrmap(e 8) ==== 49516+0+0 (secure 0 0 0) 0x7f8b9801a8b0 con 0x7f8ba810b420
2024-04-25T16:01:03.318 INFO:teuthology.orchestra.run.smithi080.stdout:/usr/bin/ceph: stderr
2024-04-25T16:01:02.520+0000 7f8baca5f700 1 --2- 172.21.15.80:0/2365304950 >> [v2:172.21.15.80:6800/4105172825,v1:172.21.15.80:6801/4105172825] conn(0x7f8b9003d630 0x7f8b9003fb40 unknown :-1 s=NONE pgs=0 cs=0 l=1 rev1=0 crypto rx=0 tx=0 comp rx=0 tx=0).connect
2024-04-25T16:01:03.318 INFO:teuthology.orchestra.run.smithi080.stdout:/usr/bin/ceph: stderr
2024-04-25T16:01:02.520+0000 7f8baca5f700 1 -- 172.21.15.80:0/2365304950 <== mon.0 v2:172.21.15.80:3300/0 5 ==== osd_map(2..2 src has 1..2) ==== 940+0+0 (secure 0 0 0) 0x7f8b980537b0 con 0x7f8ba810b420
2024-04-25T16:01:03.318 INFO:teuthology.orchestra.run.smithi080.stdout:/usr/bin/ceph: stderr
2024-04-25T16:01:02.521+0000 7f8bada61700 1 -- 172.21.15.80:0/2365304950 --> [v2:172.21.15.80:3300/0,v1:172.21.15.80:6789/0] -- mon_command({"prefix": "get_command_descriptions"} v 0) -- 0x7f8ba8064cf0 con 0x7f8ba810b420
2024-04-25T16:01:03.318 INFO:teuthology.orchestra.run.smithi080.stdout:/usr/bin/ceph: stderr
2024-04-25T16:01:02.521+0000 7f8ba67fc700 1 --2- 172.21.15.80:0/2365304950 >> [v2:172.21.15.80:6800/4105172825,v1:172.21.15.80:6801/4105172825] conn(0x7f8b9003d630 0x7f8b9003fb40 unknown :-1 s=BANNER_CONNECTING pgs=0 cs=0 l=1 rev1=0 crypto rx=0 tx=0 comp rx=0 tx=0)._handle_peer_banner_payload supported=3 required=0
2024-04-25T16:01:03.318 INFO:teuthology.orchestra.run.smithi080.stdout:/usr/bin/ceph: stderr
2024-04-25T16:01:02.521+0000 7f8ba67fc700 1 --2- 172.21.15.80:0/2365304950 >> [v2:172.21.15.80:6800/4105172825,v1:172.21.15.80:6801/4105172825] conn(0x7f8b9003d630 0x7f8b9003fb40 secure :-1 s=READY pgs=7 cs=0 l=1 rev1=1 crypto rx=0x7f8b9c006fd0 tx=0x7f8b9c006e40 comp rx=0 tx=0).ready entity=mgr.14120 client_cookie=0 server_cookie=0 in_seq=0 out_seq=0
2024-04-25T16:01:03.318 INFO:teuthology.orchestra.run.smithi080.stdout:/usr/bin/ceph: stderr
2024-04-25T16:01:02.526+0000 7f8baca5f700 1 -- 172.21.15.80:0/2365304950 <== mon.0 v2:172.21.15.80:3300/0 6 ==== mon_command_ack([{"prefix": "get_command_descriptions"}]=0 v0) ==== 72+0+188370 (secure 0 0 0) 0x7f8b9802c350 con 0x7f8ba810b420
2024-04-25T16:01:03.318 INFO:teuthology.orchestra.run.smithi080.stdout:/usr/bin/ceph: stderr
2024-04-25T16:01:02.739+0000 7f8bada61700 1 -- 172.21.15.80:0/2365304950 --> [v2:172.21.15.80:6800/4105172825,v1:172.21.15.80:6801/4105172825] -- mgr_command(tid 0: {"prefix": "orch set backend", "module_name": "cephadm", "target": ["mon-mgr", ""]}) -- 0x7f8ba8104b50 con 0x7f8b9003d630
2024-04-25T16:01:03.318 INFO:teuthology.orchestra.run.smithi080.stdout:/usr/bin/ceph: stderr
2024-04-25T16:01:02.745+0000 7f8baca5f700 1 -- 172.21.15.80:0/2365304950 <== mgr.14120 v2:172.21.15.80:6800/4105172825 1 ==== mgr_command_reply(tid 0: 0 ) ==== 8+0+0 (secure 0 0 0) 0x7f8ba8104b50 con 0x7f8b9003d630
2024-04-25T16:01:03.318 INFO:teuthology.orchestra.run.smithi080.stdout:/usr/bin/ceph: stderr
2024-04-25T16:01:02.747+0000 7f8bada61700 1 -- 172.21.15.80:0/2365304950 >> [v2:172.21.15.80:6800/4105172825,v1:172.21.15.80:6801/4105172825] conn(0x7f8b9003d630 msgr2=0x7f8b9003fb40 secure :-1 s=STATE_CONNECTION_ESTABLISHED l=1).mark_down
2024-04-25T16:01:03.318 INFO:teuthology.orchestra.run.smithi080.stdout:/usr/bin/ceph: stderr
2024-04-25T16:01:02.747+0000 7f8bada61700 1 --2- 172.21.15.80:0/2365304950 >> [v2:172.21.15.80:6800/4105172825,v1:172.21.15.80:6801/4105172825] conn(0x7f8b9003d630 0x7f8b9003fb40 secure :-1 s=READY pgs=7 cs=0 l=1 rev1=1 crypto rx=0x7f8b9c006fd0 tx=0x7f8b9c006e40 comp rx=0 tx=0).stop
2024-04-25T16:01:03.318 INFO:teuthology.orchestra.run.smithi080.stdout:/usr/bin/ceph: stderr
2024-04-25T16:01:02.747+0000 7f8bada61700 1 -- 172.21.15.80:0/2365304950 >> [v2:172.21.15.80:3300/0,v1:172.21.15.80:6789/0] conn(0x7f8ba810b420 msgr2=0x7f8ba819e280 secure :-1 s=STATE_CONNECTION_ESTABLISHED l=1).mark_down
2024-04-25T16:01:03.318 INFO:teuthology.orchestra.run.smithi080.stdout:/usr/bin/ceph: stderr
2024-04-25T16:01:02.747+0000 7f8bada61700 1 --2- 172.21.15.80:0/2365304950 >> [v2:172.21.15.80:3300/0,v1:172.21.15.80:6789/0] conn(0x7f8ba810b420 0x7f8ba819e280 secure :-1 s=READY pgs=38 cs=0 l=1 rev1=1 crypto rx=0x7f8b98009fb0 tx=0x7f8b98011bd0 comp rx=0 tx=0).stop
2024-04-25T16:01:03.319 INFO:teuthology.orchestra.run.smithi080.stdout:/usr/bin/ceph: stderr
2024-04-25T16:01:02.747+0000 7f8bada61700 1 -- 172.21.15.80:0/2365304950 shutdown_connections
2024-04-25T16:01:03.319 INFO:teuthology.orchestra.run.smithi080.stdout:/usr/bin/ceph: stderr
2024-04-25T16:01:02.747+0000 7f8bada61700 1 --2- 172.21.15.80:0/2365304950 >> [v2:172.21.15.80:6800/4105172825,v1:172.21.15.80:6801/4105172825] conn(0x7f8b9003d630 0x7f8b9003fb40 unknown :-1 s=CLOSED pgs=7 cs=0 l=1 rev1=1 crypto rx=0 tx=0 comp rx=0 tx=0).stop
2024-04-25T16:01:03.319 INFO:teuthology.orchestra.run.smithi080.stdout:/usr/bin/ceph: stderr
2024-04-25T16:01:02.747+0000 7f8bada61700 1 --2- 172.21.15.80:0/2365304950 >> [v2:172.21.15.80:3300/0,v1:172.21.15.80:6789/0] conn(0x7f8ba810b420 0x7f8ba819e280 unknown :-1 s=CLOSED pgs=38 cs=0 l=1 rev1=1 crypto rx=0 tx=0 comp rx=0 tx=0).stop
2024-04-25T16:01:03.319 INFO:teuthology.orchestra.run.smithi080.stdout:/usr/bin/ceph: stderr
2024-04-25T16:01:02.747+0000 7f8bada61700 1 -- 172.21.15.80:0/2365304950 >> 172.21.15.80:0/2365304950 conn(0x7f8ba8103ba0 msgr2=0x7f8ba8104440 unknown :-1 s=STATE_NONE l=0).mark_down
2024-04-25T16:01:03.319 INFO:teuthology.orchestra.run.smithi080.stdout:/usr/bin/ceph: stderr
2024-04-25T16:01:02.747+0000 7f8bada61700 1 -- 172.21.15.80:0/2365304950 shutdown_connections
2024-04-25T16:01:03.319 INFO:teuthology.orchestra.run.smithi080.stdout:/usr/bin/ceph: stderr
2024-04-25T16:01:02.747+0000 7f8bada61700 1 -- 172.21.15.80:0/2365304950 wait complete.
2024-04-25T16:01:03.576 INFO:journalctl@ceph.mon.a.smithi080.stdout:Apr 25 16:01:03 smithi080 ceph-mon[29623]: mgrmap e8: x(active, since 2s)
2024-04-25T16:01:03.576 INFO:journalctl@ceph.mon.a.smithi080.stdout:Apr 25 16:01:03 smithi080 ceph-mon[29623]: from='mgr.14120 172.21.15.80:0/1160105934' entity='mgr.x'
2024-04-25T16:01:03.577 INFO:journalctl@ceph.mon.a.smithi080.stdout:Apr 25 16:01:03 smithi080 ceph-mon[29623]: from='mgr.14120 172.21.15.80:0/1160105934' entity='mgr.x' cmd=[{"prefix": "config dump", "format": "json"}]: dispatch
2024-04-25T16:01:04.538 INFO:journalctl@ceph.mon.a.smithi080.stdout:Apr 25 16:01:04 smithi080 ceph-mon[29623]: from='client.14132 -' entity='client.admin' cmd=[{"prefix": "orch set backend", "module_name": "cephadm", "target": ["mon-mgr", ""]}]: dispatch
2024-04-25T16:01:04.546 INFO:teuthology.orchestra.run.smithi080.stdout:/usr/bin/ceph: stdout value unchanged
2024-04-25T16:01:04.546 INFO:teuthology.orchestra.run.smithi080.stdout:/usr/bin/ceph: stderr
2024-04-25T16:01:03.684+0000 7f9ce2106700 1 Processor -- start
2024-04-25T16:01:04.546 INFO:teuthology.orchestra.run.smithi080.stdout:/usr/bin/ceph: stderr
2024-04-25T16:01:03.684+0000 7f9ce2106700 1 -- start start
2024-04-25T16:01:04.546 INFO:teuthology.orchestra.run.smithi080.stdout:/usr/bin/ceph: stderr
2024-04-25T16:01:03.685+0000 7f9ce2106700 1 --2- >> [v2:172.21.15.80:3300/0,v1:172.21.15.80:6789/0] conn(0x7f9cdc109e30 0x7f9cdc10a240 unknown :-1 s=NONE pgs=0 cs=0 l=0 rev1=0 crypto rx=0 tx=0 comp rx=0 tx=0).connect
2024-04-25T16:01:04.546 INFO:teuthology.orchestra.run.smithi080.stdout:/usr/bin/ceph: stderr
2024-04-25T16:01:03.685+0000 7f9ce2106700 1 -- --> [v2:172.21.15.80:3300/0,v1:172.21.15.80:6789/0] -- mon_getmap magic: 0 -- 0x7f9cdc10a830 con 0x7f9cdc109e30
2024-04-25T16:01:04.546 INFO:teuthology.orchestra.run.smithi080.stdout:/usr/bin/ceph: stderr
2024-04-25T16:01:03.685+0000 7f9cdb7fe700 1 --2- >> [v2:172.21.15.80:3300/0,v1:172.21.15.80:6789/0] conn(0x7f9cdc109e30 0x7f9cdc10a240 unknown :-1 s=BANNER_CONNECTING pgs=0 cs=0 l=0 rev1=0 crypto rx=0 tx=0 comp rx=0 tx=0)._handle_peer_banner_payload supported=3 required=0
2024-04-25T16:01:04.547 INFO:teuthology.orchestra.run.smithi080.stdout:/usr/bin/ceph: stderr
2024-04-25T16:01:03.685+0000 7f9cdb7fe700 1 --2- >> [v2:172.21.15.80:3300/0,v1:172.21.15.80:6789/0] conn(0x7f9cdc109e30 0x7f9cdc10a240 unknown :-1 s=HELLO_CONNECTING pgs=0 cs=0 l=0 rev1=1 crypto rx=0 tx=0 comp rx=0 tx=0).handle_hello peer v2:172.21.15.80:3300/0 says I am v2:172.21.15.80:43510/0 (socket says 172.21.15.80:43510)
2024-04-25T16:01:04.547 INFO:teuthology.orchestra.run.smithi080.stdout:/usr/bin/ceph: stderr
2024-04-25T16:01:03.685+0000 7f9cdb7fe700 1 -- 172.21.15.80:0/1927336456 learned_addr learned my addr 172.21.15.80:0/1927336456 (peer_addr_for_me v2:172.21.15.80:0/0)
2024-04-25T16:01:04.547 INFO:teuthology.orchestra.run.smithi080.stdout:/usr/bin/ceph: stderr
2024-04-25T16:01:03.685+0000 7f9cdb7fe700 1 -- 172.21.15.80:0/1927336456 --> [v2:172.21.15.80:3300/0,v1:172.21.15.80:6789/0] -- mon_subscribe({config=0+,monmap=0+}) -- 0x7f9cdc10af60 con 0x7f9cdc109e30
2024-04-25T16:01:04.547 INFO:teuthology.orchestra.run.smithi080.stdout:/usr/bin/ceph: stderr
2024-04-25T16:01:03.685+0000 7f9cdb7fe700 1 --2- 172.21.15.80:0/1927336456 >> [v2:172.21.15.80:3300/0,v1:172.21.15.80:6789/0] conn(0x7f9cdc109e30 0x7f9cdc10a240 secure :-1 s=READY pgs=39 cs=0 l=1 rev1=1 crypto rx=0x7f9cd00098a0 tx=0x7f9cd0009bb0 comp rx=0 tx=0).ready entity=mon.0 client_cookie=c74b70f3b69e9dcd server_cookie=0 in_seq=0 out_seq=0
2024-04-25T16:01:04.547 INFO:teuthology.orchestra.run.smithi080.stdout:/usr/bin/ceph: stderr
2024-04-25T16:01:03.685+0000 7f9cda7fc700 1 -- 172.21.15.80:0/1927336456 <== mon.0 v2:172.21.15.80:3300/0 1 ==== mon_map magic: 0 ==== 205+0+0 (secure 0 0 0) 0x7f9cd0004160 con 0x7f9cdc109e30
2024-04-25T16:01:04.547 INFO:teuthology.orchestra.run.smithi080.stdout:/usr/bin/ceph: stderr
2024-04-25T16:01:03.686+0000 7f9cda7fc700 1 -- 172.21.15.80:0/1927336456 <== mon.0 v2:172.21.15.80:3300/0 2 ==== config(28 keys) ==== 1139+0+0 (secure 0 0 0) 0x7f9cd0004300 con 0x7f9cdc109e30
2024-04-25T16:01:04.547 INFO:teuthology.orchestra.run.smithi080.stdout:/usr/bin/ceph: stderr
2024-04-25T16:01:03.686+0000 7f9cda7fc700 1 -- 172.21.15.80:0/1927336456 <== mon.0 v2:172.21.15.80:3300/0 3 ==== mon_map magic: 0 ==== 205+0+0 (secure 0 0 0) 0x7f9cd0011c00 con 0x7f9cdc109e30
2024-04-25T16:01:04.547 INFO:teuthology.orchestra.run.smithi080.stdout:/usr/bin/ceph: stderr
2024-04-25T16:01:03.686+0000 7f9ce2106700 1 -- 172.21.15.80:0/1927336456 >> [v2:172.21.15.80:3300/0,v1:172.21.15.80:6789/0] conn(0x7f9cdc109e30 msgr2=0x7f9cdc10a240 secure :-1 s=STATE_CONNECTION_ESTABLISHED l=1).mark_down
2024-04-25T16:01:04.547 INFO:teuthology.orchestra.run.smithi080.stdout:/usr/bin/ceph: stderr
2024-04-25T16:01:03.686+0000 7f9ce2106700 1 --2- 172.21.15.80:0/1927336456 >> [v2:172.21.15.80:3300/0,v1:172.21.15.80:6789/0] conn(0x7f9cdc109e30 0x7f9cdc10a240 secure :-1 s=READY pgs=39 cs=0 l=1 rev1=1 crypto rx=0x7f9cd00098a0 tx=0x7f9cd0009bb0 comp rx=0 tx=0).stop
2024-04-25T16:01:04.547 INFO:teuthology.orchestra.run.smithi080.stdout:/usr/bin/ceph: stderr
2024-04-25T16:01:03.686+0000 7f9ce2106700 1 -- 172.21.15.80:0/1927336456 shutdown_connections
2024-04-25T16:01:04.547 INFO:teuthology.orchestra.run.smithi080.stdout:/usr/bin/ceph: stderr
2024-04-25T16:01:03.686+0000 7f9ce2106700 1 --2- 172.21.15.80:0/1927336456 >> [v2:172.21.15.80:3300/0,v1:172.21.15.80:6789/0] conn(0x7f9cdc109e30 0x7f9cdc10a240 unknown :-1 s=CLOSED pgs=39 cs=0 l=1 rev1=1 crypto rx=0 tx=0 comp rx=0 tx=0).stop
2024-04-25T16:01:04.547 INFO:teuthology.orchestra.run.smithi080.stdout:/usr/bin/ceph: stderr
2024-04-25T16:01:03.686+0000 7f9ce2106700 1 -- 172.21.15.80:0/1927336456 >> 172.21.15.80:0/1927336456 conn(0x7f9cdc105550 msgr2=0x7f9cdc1079a0 unknown :-1 s=STATE_NONE l=0).mark_down
2024-04-25T16:01:04.547 INFO:teuthology.orchestra.run.smithi080.stdout:/usr/bin/ceph: stderr
2024-04-25T16:01:03.686+0000 7f9ce2106700 1 -- 172.21.15.80:0/1927336456 shutdown_connections
2024-04-25T16:01:04.548 INFO:teuthology.orchestra.run.smithi080.stdout:/usr/bin/ceph: stderr
2024-04-25T16:01:03.686+0000 7f9ce2106700 1 -- 172.21.15.80:0/1927336456 wait complete.
2024-04-25T16:01:04.548 INFO:teuthology.orchestra.run.smithi080.stdout:/usr/bin/ceph: stderr
2024-04-25T16:01:03.687+0000 7f9ce2106700 1 Processor -- start
2024-04-25T16:01:04.548 INFO:teuthology.orchestra.run.smithi080.stdout:/usr/bin/ceph: stderr
2024-04-25T16:01:03.687+0000 7f9ce2106700 1 -- start start
2024-04-25T16:01:04.548 INFO:teuthology.orchestra.run.smithi080.stdout:/usr/bin/ceph: stderr
2024-04-25T16:01:03.687+0000 7f9ce2106700 1 --2- >> [v2:172.21.15.80:3300/0,v1:172.21.15.80:6789/0] conn(0x7f9cdc109e30 0x7f9cdc19e240 unknown :-1 s=NONE pgs=0 cs=0 l=1 rev1=0 crypto rx=0 tx=0 comp rx=0 tx=0).connect
2024-04-25T16:01:04.548 INFO:teuthology.orchestra.run.smithi080.stdout:/usr/bin/ceph: stderr
2024-04-25T16:01:03.687+0000 7f9ce2106700 1 -- --> [v2:172.21.15.80:3300/0,v1:172.21.15.80:6789/0] -- mon_getmap magic: 0 -- 0x7f9cdc10e310 con 0x7f9cdc109e30
2024-04-25T16:01:04.548 INFO:teuthology.orchestra.run.smithi080.stdout:/usr/bin/ceph: stderr
2024-04-25T16:01:03.687+0000 7f9cdb7fe700 1 --2- >> [v2:172.21.15.80:3300/0,v1:172.21.15.80:6789/0] conn(0x7f9cdc109e30 0x7f9cdc19e240 unknown :-1 s=BANNER_CONNECTING pgs=0 cs=0 l=1 rev1=0 crypto rx=0 tx=0 comp rx=0 tx=0)._handle_peer_banner_payload supported=3 required=0
2024-04-25T16:01:04.548 INFO:teuthology.orchestra.run.smithi080.stdout:/usr/bin/ceph: stderr
2024-04-25T16:01:03.687+0000 7f9cdb7fe700 1 --2- >> [v2:172.21.15.80:3300/0,v1:172.21.15.80:6789/0] conn(0x7f9cdc109e30 0x7f9cdc19e240 unknown :-1 s=HELLO_CONNECTING pgs=0 cs=0 l=1 rev1=1 crypto rx=0 tx=0 comp rx=0 tx=0).handle_hello peer v2:172.21.15.80:3300/0 says I am v2:172.21.15.80:43516/0 (socket says 172.21.15.80:43516)
2024-04-25T16:01:04.548 INFO:teuthology.orchestra.run.smithi080.stdout:/usr/bin/ceph: stderr
2024-04-25T16:01:03.687+0000 7f9cdb7fe700 1 -- 172.21.15.80:0/1175312476 learned_addr learned my addr 172.21.15.80:0/1175312476 (peer_addr_for_me v2:172.21.15.80:0/0)
2024-04-25T16:01:04.548 INFO:teuthology.orchestra.run.smithi080.stdout:/usr/bin/ceph: stderr
2024-04-25T16:01:03.688+0000 7f9cdb7fe700 1 -- 172.21.15.80:0/1175312476 --> [v2:172.21.15.80:3300/0,v1:172.21.15.80:6789/0] -- mon_subscribe({config=0+,monmap=0+}) -- 0x7f9cdc19e780 con 0x7f9cdc109e30
2024-04-25T16:01:04.548 INFO:teuthology.orchestra.run.smithi080.stdout:/usr/bin/ceph: stderr
2024-04-25T16:01:03.688+0000 7f9cdb7fe700 1 --2- 172.21.15.80:0/1175312476 >> [v2:172.21.15.80:3300/0,v1:172.21.15.80:6789/0] conn(0x7f9cdc109e30 0x7f9cdc19e240 secure :-1 s=READY pgs=40 cs=0 l=1 rev1=1 crypto rx=0x7f9cd00046e0 tx=0x7f9cd0011c80 comp rx=0 tx=0).ready entity=mon.0 client_cookie=0 server_cookie=0 in_seq=0 out_seq=0
2024-04-25T16:01:04.548 INFO:teuthology.orchestra.run.smithi080.stdout:/usr/bin/ceph: stderr
2024-04-25T16:01:03.688+0000 7f9cd8ff9700 1 -- 172.21.15.80:0/1175312476 <== mon.0 v2:172.21.15.80:3300/0 1 ==== mon_map magic: 0 ==== 205+0+0 (secure 0 0 0) 0x7f9cd00039e0 con 0x7f9cdc109e30
2024-04-25T16:01:04.548 INFO:teuthology.orchestra.run.smithi080.stdout:/usr/bin/ceph: stderr
2024-04-25T16:01:03.688+0000 7f9cd8ff9700 1 -- 172.21.15.80:0/1175312476 <== mon.0 v2:172.21.15.80:3300/0 2 ==== config(28 keys) ==== 1139+0+0 (secure 0 0 0) 0x7f9cd0003b80 con 0x7f9cdc109e30
2024-04-25T16:01:04.548 INFO:teuthology.orchestra.run.smithi080.stdout:/usr/bin/ceph: stderr
2024-04-25T16:01:03.688+0000 7f9ce2106700 1 -- 172.21.15.80:0/1175312476 --> [v2:172.21.15.80:3300/0,v1:172.21.15.80:6789/0] -- mon_subscribe({mgrmap=0+}) -- 0x7f9cdc19ea10 con 0x7f9cdc109e30
2024-04-25T16:01:04.549 INFO:teuthology.orchestra.run.smithi080.stdout:/usr/bin/ceph: stderr
2024-04-25T16:01:03.688+0000 7f9cd8ff9700 1 -- 172.21.15.80:0/1175312476 <== mon.0 v2:172.21.15.80:3300/0 3 ==== mon_map magic: 0 ==== 205+0+0 (secure 0 0 0) 0x7f9cd0024740 con 0x7f9cdc109e30
2024-04-25T16:01:04.549 INFO:teuthology.orchestra.run.smithi080.stdout:/usr/bin/ceph: stderr
2024-04-25T16:01:03.688+0000 7f9ce2106700 1 -- 172.21.15.80:0/1175312476 --> [v2:172.21.15.80:3300/0,v1:172.21.15.80:6789/0] -- mon_subscribe({osdmap=0}) -- 0x7f9cdc1a1620 con 0x7f9cdc109e30
2024-04-25T16:01:04.549 INFO:teuthology.orchestra.run.smithi080.stdout:/usr/bin/ceph: stderr
2024-04-25T16:01:03.689+0000 7f9cd8ff9700 1 -- 172.21.15.80:0/1175312476 <== mon.0 v2:172.21.15.80:3300/0 4 ==== mgrmap(e 8) ==== 49516+0+0 (secure 0 0 0) 0x7f9cd0022020 con 0x7f9cdc109e30
2024-04-25T16:01:04.549 INFO:teuthology.orchestra.run.smithi080.stdout:/usr/bin/ceph: stderr
2024-04-25T16:01:03.689+0000 7f9ce2106700 1 -- 172.21.15.80:0/1175312476 --> [v2:172.21.15.80:3300/0,v1:172.21.15.80:6789/0] -- mon_command({"prefix": "get_command_descriptions"} v 0) -- 0x7f9cdc064cf0 con 0x7f9cdc109e30
2024-04-25T16:01:04.549 INFO:teuthology.orchestra.run.smithi080.stdout:/usr/bin/ceph: stderr
2024-04-25T16:01:03.689+0000 7f9cd8ff9700 1 --2- 172.21.15.80:0/1175312476 >> [v2:172.21.15.80:6800/4105172825,v1:172.21.15.80:6801/4105172825] conn(0x7f9cc403d630 0x7f9cc403fb40 unknown :-1 s=NONE pgs=0 cs=0 l=1 rev1=0 crypto rx=0 tx=0 comp rx=0 tx=0).connect
2024-04-25T16:01:04.549 INFO:teuthology.orchestra.run.smithi080.stdout:/usr/bin/ceph: stderr
2024-04-25T16:01:03.689+0000 7f9cd8ff9700 1 -- 172.21.15.80:0/1175312476 <== mon.0 v2:172.21.15.80:3300/0 5 ==== osd_map(2..2 src has 1..2) ==== 940+0+0 (secure 0 0 0) 0x7f9cd0052610 con 0x7f9cdc109e30
2024-04-25T16:01:04.549 INFO:teuthology.orchestra.run.smithi080.stdout:/usr/bin/ceph: stderr
2024-04-25T16:01:03.690+0000 7f9cdaffd700 1 --2- 172.21.15.80:0/1175312476 >> [v2:172.21.15.80:6800/4105172825,v1:172.21.15.80:6801/4105172825] conn(0x7f9cc403d630 0x7f9cc403fb40 unknown :-1 s=BANNER_CONNECTING pgs=0 cs=0 l=1 rev1=0 crypto rx=0 tx=0 comp rx=0 tx=0)._handle_peer_banner_payload supported=3 required=0
2024-04-25T16:01:04.549 INFO:teuthology.orchestra.run.smithi080.stdout:/usr/bin/ceph: stderr
2024-04-25T16:01:03.690+0000 7f9cdaffd700 1 --2- 172.21.15.80:0/1175312476 >> [v2:172.21.15.80:6800/4105172825,v1:172.21.15.80:6801/4105172825] conn(0x7f9cc403d630 0x7f9cc403fb40 secure :-1 s=READY pgs=8 cs=0 l=1 rev1=1 crypto rx=0x7f9ccc006fd0 tx=0x7f9ccc006e40 comp rx=0 tx=0).ready entity=mgr.14120 client_cookie=0 server_cookie=0 in_seq=0 out_seq=0
2024-04-25T16:01:04.549 INFO:teuthology.orchestra.run.smithi080.stdout:/usr/bin/ceph: stderr
2024-04-25T16:01:03.694+0000 7f9cd8ff9700 1 -- 172.21.15.80:0/1175312476 <== mon.0 v2:172.21.15.80:3300/0 6 ==== mon_command_ack([{"prefix": "get_command_descriptions"}]=0 v0) ==== 72+0+188370 (secure 0 0 0) 0x7f9cd002c350 con 0x7f9cdc109e30
2024-04-25T16:01:04.549 INFO:teuthology.orchestra.run.smithi080.stdout:/usr/bin/ceph: stderr
2024-04-25T16:01:03.892+0000 7f9ce2106700 1 -- 172.21.15.80:0/1175312476 --> [v2:172.21.15.80:6800/4105172825,v1:172.21.15.80:6801/4105172825] -- mgr_command(tid 0: {"prefix": "cephadm set-user", "user": "root", "target": ["mon-mgr", ""]}) -- 0x7f9cdc107530 con 0x7f9cc403d630
2024-04-25T16:01:04.549 INFO:teuthology.orchestra.run.smithi080.stdout:/usr/bin/ceph: stderr
2024-04-25T16:01:03.893+0000 7f9cd8ff9700 1 -- 172.21.15.80:0/1175312476 <== mgr.14120 v2:172.21.15.80:6800/4105172825 1 ==== mgr_command_reply(tid 0: 0 ) ==== 8+0+16 (secure 0 0 0) 0x7f9cdc107530 con 0x7f9cc403d630
2024-04-25T16:01:04.549 INFO:teuthology.orchestra.run.smithi080.stdout:/usr/bin/ceph: stderr
2024-04-25T16:01:03.895+0000 7f9ce2106700 1 -- 172.21.15.80:0/1175312476 >> [v2:172.21.15.80:6800/4105172825,v1:172.21.15.80:6801/4105172825] conn(0x7f9cc403d630 msgr2=0x7f9cc403fb40 secure :-1 s=STATE_CONNECTION_ESTABLISHED l=1).mark_down
2024-04-25T16:01:04.549 INFO:teuthology.orchestra.run.smithi080.stdout:/usr/bin/ceph: stderr
2024-04-25T16:01:03.895+0000 7f9ce2106700 1 --2- 172.21.15.80:0/1175312476 >> [v2:172.21.15.80:6800/4105172825,v1:172.21.15.80:6801/4105172825] conn(0x7f9cc403d630 0x7f9cc403fb40 secure :-1 s=READY pgs=8 cs=0 l=1 rev1=1 crypto rx=0x7f9ccc006fd0 tx=0x7f9ccc006e40 comp rx=0 tx=0).stop
2024-04-25T16:01:04.550 INFO:teuthology.orchestra.run.smithi080.stdout:/usr/bin/ceph: stderr
2024-04-25T16:01:03.895+0000 7f9ce2106700 1 -- 172.21.15.80:0/1175312476 >> [v2:172.21.15.80:3300/0,v1:172.21.15.80:6789/0] conn(0x7f9cdc109e30 msgr2=0x7f9cdc19e240 secure :-1 s=STATE_CONNECTION_ESTABLISHED l=1).mark_down
2024-04-25T16:01:04.550 INFO:teuthology.orchestra.run.smithi080.stdout:/usr/bin/ceph: stderr
2024-04-25T16:01:03.895+0000 7f9ce2106700 1 --2- 172.21.15.80:0/1175312476 >> [v2:172.21.15.80:3300/0,v1:172.21.15.80:6789/0] conn(0x7f9cdc109e30 0x7f9cdc19e240 secure :-1 s=READY pgs=40 cs=0 l=1 rev1=1 crypto rx=0x7f9cd00046e0 tx=0x7f9cd0011c80 comp rx=0 tx=0).stop
2024-04-25T16:01:04.550 INFO:teuthology.orchestra.run.smithi080.stdout:/usr/bin/ceph: stderr
2024-04-25T16:01:03.895+0000 7f9ce2106700 1 -- 172.21.15.80:0/1175312476 shutdown_connections
2024-04-25T16:01:04.550 INFO:teuthology.orchestra.run.smithi080.stdout:/usr/bin/ceph: stderr
2024-04-25T16:01:03.895+0000 7f9ce2106700 1 --2- 172.21.15.80:0/1175312476 >> [v2:172.21.15.80:6800/4105172825,v1:172.21.15.80:6801/4105172825] conn(0x7f9cc403d630 0x7f9cc403fb40 unknown :-1 s=CLOSED pgs=8 cs=0 l=1 rev1=1 crypto rx=0 tx=0 comp rx=0 tx=0).stop
2024-04-25T16:01:04.550 INFO:teuthology.orchestra.run.smithi080.stdout:/usr/bin/ceph: stderr
2024-04-25T16:01:03.895+0000 7f9ce2106700 1 --2- 172.21.15.80:0/1175312476 >> [v2:172.21.15.80:3300/0,v1:172.21.15.80:6789/0] conn(0x7f9cdc109e30 0x7f9cdc19e240 unknown :-1 s=CLOSED pgs=40 cs=0 l=1 rev1=1 crypto rx=0 tx=0 comp rx=0 tx=0).stop
2024-04-25T16:01:04.550 INFO:teuthology.orchestra.run.smithi080.stdout:/usr/bin/ceph: stderr
2024-04-25T16:01:03.895+0000 7f9ce2106700 1 -- 172.21.15.80:0/1175312476 >> 172.21.15.80:0/1175312476 conn(0x7f9cdc105550 msgr2=0x7f9cdc106e20 unknown :-1 s=STATE_NONE l=0).mark_down
2024-04-25T16:01:04.550 INFO:teuthology.orchestra.run.smithi080.stdout:/usr/bin/ceph: stderr
2024-04-25T16:01:03.895+0000 7f9ce2106700 1 -- 172.21.15.80:0/1175312476 shutdown_connections
2024-04-25T16:01:04.550 INFO:teuthology.orchestra.run.smithi080.stdout:/usr/bin/ceph: stderr
2024-04-25T16:01:03.895+0000 7f9ce2106700 1 -- 172.21.15.80:0/1175312476 wait complete.
2024-04-25T16:01:04.550 INFO:teuthology.orchestra.run.smithi080.stdout:Generating ssh key...
2024-04-25T16:01:05.494 INFO:journalctl@ceph.mgr.x.smithi080.stdout:Apr 25 16:01:05 smithi080 ceph-cdf25d36-031c-11ef-bc93-c7b262605968-mgr-x[29853]: Generating public/private rsa key pair.
2024-04-25T16:01:05.494 INFO:journalctl@ceph.mgr.x.smithi080.stdout:Apr 25 16:01:05 smithi080 ceph-cdf25d36-031c-11ef-bc93-c7b262605968-mgr-x[29853]: Your identification has been saved in /tmp/tmpdcapevrq/key.
2024-04-25T16:01:05.494 INFO:journalctl@ceph.mgr.x.smithi080.stdout:Apr 25 16:01:05 smithi080 ceph-cdf25d36-031c-11ef-bc93-c7b262605968-mgr-x[29853]: Your public key has been saved in /tmp/tmpdcapevrq/key.pub.
2024-04-25T16:01:05.494 INFO:journalctl@ceph.mgr.x.smithi080.stdout:Apr 25 16:01:05 smithi080 ceph-cdf25d36-031c-11ef-bc93-c7b262605968-mgr-x[29853]: The key fingerprint is:
2024-04-25T16:01:05.495 INFO:journalctl@ceph.mgr.x.smithi080.stdout:Apr 25 16:01:05 smithi080 ceph-cdf25d36-031c-11ef-bc93-c7b262605968-mgr-x[29853]: SHA256:p0eWb0Rw2luORSrGmcU3zmbCvuolREzkBMOk8qekzVk ceph-cdf25d36-031c-11ef-bc93-c7b262605968
2024-04-25T16:01:05.495 INFO:journalctl@ceph.mgr.x.smithi080.stdout:Apr 25 16:01:05 smithi080 ceph-cdf25d36-031c-11ef-bc93-c7b262605968-mgr-x[29853]: The key's randomart image is:
2024-04-25T16:01:05.495 INFO:journalctl@ceph.mgr.x.smithi080.stdout:Apr 25 16:01:05 smithi080 ceph-cdf25d36-031c-11ef-bc93-c7b262605968-mgr-x[29853]: +---[RSA 3072]----+
2024-04-25T16:01:05.495 INFO:journalctl@ceph.mgr.x.smithi080.stdout:Apr 25 16:01:05 smithi080 ceph-cdf25d36-031c-11ef-bc93-c7b262605968-mgr-x[29853]: | o+o=.o . |
2024-04-25T16:01:05.495 INFO:journalctl@ceph.mgr.x.smithi080.stdout:Apr 25 16:01:05 smithi080 ceph-cdf25d36-031c-11ef-bc93-c7b262605968-mgr-x[29853]: | ..B O.oo |
2024-04-25T16:01:05.495 INFO:journalctl@ceph.mgr.x.smithi080.stdout:Apr 25 16:01:05 smithi080 ceph-cdf25d36-031c-11ef-bc93-c7b262605968-mgr-x[29853]: | . . @.++o. |
2024-04-25T16:01:05.495 INFO:journalctl@ceph.mgr.x.smithi080.stdout:Apr 25 16:01:05 smithi080 ceph-cdf25d36-031c-11ef-bc93-c7b262605968-mgr-x[29853]: | o o +o*= |
2024-04-25T16:01:05.495 INFO:journalctl@ceph.mgr.x.smithi080.stdout:Apr 25 16:01:05 smithi080 ceph-cdf25d36-031c-11ef-bc93-c7b262605968-mgr-x[29853]: | o E *.++. |
2024-04-25T16:01:05.495 INFO:journalctl@ceph.mgr.x.smithi080.stdout:Apr 25 16:01:05 smithi080 ceph-cdf25d36-031c-11ef-bc93-c7b262605968-mgr-x[29853]: | = = * o. |
2024-04-25T16:01:05.495 INFO:journalctl@ceph.mgr.x.smithi080.stdout:Apr 25 16:01:05 smithi080 ceph-cdf25d36-031c-11ef-bc93-c7b262605968-mgr-x[29853]: | . = . o +. |
2024-04-25T16:01:05.495 INFO:journalctl@ceph.mgr.x.smithi080.stdout:Apr 25 16:01:05 smithi080 ceph-cdf25d36-031c-11ef-bc93-c7b262605968-mgr-x[29853]: | . +. |
2024-04-25T16:01:05.495 INFO:journalctl@ceph.mgr.x.smithi080.stdout:Apr 25 16:01:05 smithi080 ceph-cdf25d36-031c-11ef-bc93-c7b262605968-mgr-x[29853]: | .o. |
2024-04-25T16:01:05.495 INFO:journalctl@ceph.mgr.x.smithi080.stdout:Apr 25 16:01:05 smithi080 ceph-cdf25d36-031c-11ef-bc93-c7b262605968-mgr-x[29853]: +----[SHA256]-----+
2024-04-25T16:01:05.772 INFO:journalctl@ceph.mon.a.smithi080.stdout:Apr 25 16:01:05 smithi080 ceph-mon[29623]: from='client.14134 -' entity='client.admin' cmd=[{"prefix": "cephadm set-user", "user": "root", "target": ["mon-mgr", ""]}]: dispatch
2024-04-25T16:01:05.772 INFO:journalctl@ceph.mon.a.smithi080.stdout:Apr 25 16:01:05 smithi080 ceph-mon[29623]: from='mgr.14120 172.21.15.80:0/1160105934' entity='mgr.x'
2024-04-25T16:01:05.772 INFO:journalctl@ceph.mon.a.smithi080.stdout:Apr 25 16:01:05 smithi080 ceph-mon[29623]: from='mgr.14120 172.21.15.80:0/1160105934' entity='mgr.x'
2024-04-25T16:01:06.010 INFO:teuthology.orchestra.run.smithi080.stdout:/usr/bin/ceph: stderr
2024-04-25T16:01:04.965+0000 7f17c5a99700 1 Processor -- start
2024-04-25T16:01:06.010 INFO:teuthology.orchestra.run.smithi080.stdout:/usr/bin/ceph: stderr
2024-04-25T16:01:04.965+0000 7f17c5a99700 1 -- start start
2024-04-25T16:01:06.011 INFO:teuthology.orchestra.run.smithi080.stdout:/usr/bin/ceph: stderr
2024-04-25T16:01:04.965+0000 7f17c5a99700 1 --2- >> [v2:172.21.15.80:3300/0,v1:172.21.15.80:6789/0] conn(0x7f17c007cc40 0x7f17c010c9f0 unknown :-1 s=NONE pgs=0 cs=0 l=0 rev1=0 crypto rx=0 tx=0 comp rx=0 tx=0).connect
2024-04-25T16:01:06.011 INFO:teuthology.orchestra.run.smithi080.stdout:/usr/bin/ceph: stderr
2024-04-25T16:01:04.965+0000 7f17c5a99700 1 -- --> [v2:172.21.15.80:3300/0,v1:172.21.15.80:6789/0] -- mon_getmap magic: 0 -- 0x7f17c010cfc0 con 0x7f17c007cc40
2024-04-25T16:01:06.011 INFO:teuthology.orchestra.run.smithi080.stdout:/usr/bin/ceph: stderr
2024-04-25T16:01:04.965+0000 7f17bf7fe700 1 --2- >> [v2:172.21.15.80:3300/0,v1:172.21.15.80:6789/0] conn(0x7f17c007cc40 0x7f17c010c9f0 unknown :-1 s=BANNER_CONNECTING pgs=0 cs=0 l=0 rev1=0 crypto rx=0 tx=0 comp rx=0 tx=0)._handle_peer_banner_payload supported=3 required=0
2024-04-25T16:01:06.011 INFO:teuthology.orchestra.run.smithi080.stdout:/usr/bin/ceph: stderr
2024-04-25T16:01:04.965+0000 7f17bf7fe700 1 --2- >> [v2:172.21.15.80:3300/0,v1:172.21.15.80:6789/0] conn(0x7f17c007cc40 0x7f17c010c9f0 unknown :-1 s=HELLO_CONNECTING pgs=0 cs=0 l=0 rev1=1 crypto rx=0 tx=0 comp rx=0 tx=0).handle_hello peer v2:172.21.15.80:3300/0 says I am v2:172.21.15.80:43518/0 (socket says 172.21.15.80:43518)
2024-04-25T16:01:06.011 INFO:teuthology.orchestra.run.smithi080.stdout:/usr/bin/ceph: stderr
2024-04-25T16:01:04.965+0000 7f17bf7fe700 1 -- 172.21.15.80:0/3018267064 learned_addr learned my addr 172.21.15.80:0/3018267064 (peer_addr_for_me v2:172.21.15.80:0/0)
2024-04-25T16:01:06.011 INFO:teuthology.orchestra.run.smithi080.stdout:/usr/bin/ceph: stderr
2024-04-25T16:01:04.966+0000 7f17bf7fe700 1 -- 172.21.15.80:0/3018267064 --> [v2:172.21.15.80:3300/0,v1:172.21.15.80:6789/0] -- mon_subscribe({config=0+,monmap=0+}) -- 0x7f17c010d140 con 0x7f17c007cc40
2024-04-25T16:01:06.011 INFO:teuthology.orchestra.run.smithi080.stdout:/usr/bin/ceph: stderr
2024-04-25T16:01:04.966+0000 7f17bf7fe700 1 --2- 172.21.15.80:0/3018267064 >> [v2:172.21.15.80:3300/0,v1:172.21.15.80:6789/0] conn(0x7f17c007cc40 0x7f17c010c9f0 secure :-1 s=READY pgs=41 cs=0 l=1 rev1=1 crypto rx=0x7f17b00098a0 tx=0x7f17b0009bb0 comp rx=0 tx=0).ready entity=mon.0 client_cookie=54f1d25ecc8eca31 server_cookie=0 in_seq=0 out_seq=0
2024-04-25T16:01:06.011 INFO:teuthology.orchestra.run.smithi080.stdout:/usr/bin/ceph: stderr
2024-04-25T16:01:04.966+0000 7f17be7fc700 1 -- 172.21.15.80:0/3018267064 <== mon.0 v2:172.21.15.80:3300/0 1 ==== mon_map magic: 0 ==== 205+0+0 (secure 0 0 0) 0x7f17b0004160 con 0x7f17c007cc40
2024-04-25T16:01:06.011 INFO:teuthology.orchestra.run.smithi080.stdout:/usr/bin/ceph: stderr
2024-04-25T16:01:04.966+0000 7f17be7fc700 1 -- 172.21.15.80:0/3018267064 <== mon.0 v2:172.21.15.80:3300/0 2 ==== config(28 keys) ==== 1139+0+0 (secure 0 0 0) 0x7f17b0004300 con 0x7f17c007cc40
2024-04-25T16:01:06.011 INFO:teuthology.orchestra.run.smithi080.stdout:/usr/bin/ceph: stderr
2024-04-25T16:01:04.966+0000 7f17be7fc700 1 -- 172.21.15.80:0/3018267064 <== mon.0 v2:172.21.15.80:3300/0 3 ==== mon_map magic: 0 ==== 205+0+0 (secure 0 0 0) 0x7f17b0011c00 con 0x7f17c007cc40
2024-04-25T16:01:06.012 INFO:teuthology.orchestra.run.smithi080.stdout:/usr/bin/ceph: stderr
2024-04-25T16:01:04.967+0000 7f17c5a99700 1 -- 172.21.15.80:0/3018267064 >> [v2:172.21.15.80:3300/0,v1:172.21.15.80:6789/0] conn(0x7f17c007cc40 msgr2=0x7f17c010c9f0 secure :-1 s=STATE_CONNECTION_ESTABLISHED l=1).mark_down
2024-04-25T16:01:06.012 INFO:teuthology.orchestra.run.smithi080.stdout:/usr/bin/ceph: stderr
2024-04-25T16:01:04.967+0000 7f17c5a99700 1 --2- 172.21.15.80:0/3018267064 >> [v2:172.21.15.80:3300/0,v1:172.21.15.80:6789/0] conn(0x7f17c007cc40 0x7f17c010c9f0 secure :-1 s=READY pgs=41 cs=0 l=1 rev1=1 crypto rx=0x7f17b00098a0 tx=0x7f17b0009bb0 comp rx=0 tx=0).stop
2024-04-25T16:01:06.012 INFO:teuthology.orchestra.run.smithi080.stdout:/usr/bin/ceph: stderr
2024-04-25T16:01:04.967+0000 7f17c5a99700 1 -- 172.21.15.80:0/3018267064 shutdown_connections
2024-04-25T16:01:06.012 INFO:teuthology.orchestra.run.smithi080.stdout:/usr/bin/ceph: stderr
2024-04-25T16:01:04.967+0000 7f17c5a99700 1 --2- 172.21.15.80:0/3018267064 >> [v2:172.21.15.80:3300/0,v1:172.21.15.80:6789/0] conn(0x7f17c007cc40 0x7f17c010c9f0 unknown :-1 s=CLOSED pgs=41 cs=0 l=1 rev1=1 crypto rx=0 tx=0 comp rx=0 tx=0).stop
2024-04-25T16:01:06.012 INFO:teuthology.orchestra.run.smithi080.stdout:/usr/bin/ceph: stderr
2024-04-25T16:01:04.967+0000 7f17c5a99700 1 -- 172.21.15.80:0/3018267064 >> 172.21.15.80:0/3018267064 conn(0x7f17c01044a0 msgr2=0x7f17c01068f0 unknown :-1 s=STATE_NONE l=0).mark_down
2024-04-25T16:01:06.012 INFO:teuthology.orchestra.run.smithi080.stdout:/usr/bin/ceph: stderr
2024-04-25T16:01:04.967+0000 7f17c5a99700 1 -- 172.21.15.80:0/3018267064 shutdown_connections
2024-04-25T16:01:06.012 INFO:teuthology.orchestra.run.smithi080.stdout:/usr/bin/ceph: stderr
2024-04-25T16:01:04.967+0000 7f17c5a99700 1 -- 172.21.15.80:0/3018267064 wait complete.
2024-04-25T16:01:06.012 INFO:teuthology.orchestra.run.smithi080.stdout:/usr/bin/ceph: stderr
2024-04-25T16:01:04.967+0000 7f17c5a99700 1 Processor -- start
2024-04-25T16:01:06.012 INFO:teuthology.orchestra.run.smithi080.stdout:/usr/bin/ceph: stderr
2024-04-25T16:01:04.968+0000 7f17c5a99700 1 -- start start
2024-04-25T16:01:06.012 INFO:teuthology.orchestra.run.smithi080.stdout:/usr/bin/ceph: stderr
2024-04-25T16:01:04.968+0000 7f17c5a99700 1 --2- >> [v2:172.21.15.80:3300/0,v1:172.21.15.80:6789/0] conn(0x7f17c007cc40 0x7f17c019e170 unknown :-1 s=NONE pgs=0 cs=0 l=1 rev1=0 crypto rx=0 tx=0 comp rx=0 tx=0).connect
