2024-04-25T16:01:13.060+0000 7fae87bda700 1 -- --> [v2:172.21.15.80:3300/0,v1:172.21.15.80:6789/0] -- mon_getmap magic: 0 -- 0x7fae8010e200 con 0x7fae8010a8e0
2024-04-25T16:01:14.765 INFO:teuthology.orchestra.run.smithi080.stdout:/usr/bin/ceph: stderr
2024-04-25T16:01:13.060+0000 7fae85976700 1 --2- >> [v2:172.21.15.80:3300/0,v1:172.21.15.80:6789/0] conn(0x7fae8010a8e0 0x7fae8019e130 unknown :-1 s=BANNER_CONNECTING pgs=0 cs=0 l=1 rev1=0 crypto rx=0 tx=0 comp rx=0 tx=0)._handle_peer_banner_payload supported=3 required=0
2024-04-25T16:01:14.765 INFO:teuthology.orchestra.run.smithi080.stdout:/usr/bin/ceph: stderr
2024-04-25T16:01:13.060+0000 7fae85976700 1 --2- >> [v2:172.21.15.80:3300/0,v1:172.21.15.80:6789/0] conn(0x7fae8010a8e0 0x7fae8019e130 unknown :-1 s=HELLO_CONNECTING pgs=0 cs=0 l=1 rev1=1 crypto rx=0 tx=0 comp rx=0 tx=0).handle_hello peer v2:172.21.15.80:3300/0 says I am v2:172.21.15.80:38274/0 (socket says 172.21.15.80:38274)
2024-04-25T16:01:14.765 INFO:teuthology.orchestra.run.smithi080.stdout:/usr/bin/ceph: stderr
2024-04-25T16:01:13.060+0000 7fae85976700 1 -- 172.21.15.80:0/2357513053 learned_addr learned my addr 172.21.15.80:0/2357513053 (peer_addr_for_me v2:172.21.15.80:0/0)
2024-04-25T16:01:14.765 INFO:teuthology.orchestra.run.smithi080.stdout:/usr/bin/ceph: stderr
2024-04-25T16:01:13.060+0000 7fae85976700 1 -- 172.21.15.80:0/2357513053 --> [v2:172.21.15.80:3300/0,v1:172.21.15.80:6789/0] -- mon_subscribe({config=0+,monmap=0+}) -- 0x7fae8019e670 con 0x7fae8010a8e0
2024-04-25T16:01:14.765 INFO:teuthology.orchestra.run.smithi080.stdout:/usr/bin/ceph: stderr
2024-04-25T16:01:13.061+0000 7fae85976700 1 --2- 172.21.15.80:0/2357513053 >> [v2:172.21.15.80:3300/0,v1:172.21.15.80:6789/0] conn(0x7fae8010a8e0 0x7fae8019e130 secure :-1 s=READY pgs=48 cs=0 l=1 rev1=1 crypto rx=0x7fae7c004070 tx=0x7fae7c003d00 comp rx=0 tx=0).ready entity=mon.0 client_cookie=0 server_cookie=0 in_seq=0 out_seq=0
2024-04-25T16:01:14.765 INFO:teuthology.orchestra.run.smithi080.stdout:/usr/bin/ceph: stderr
2024-04-25T16:01:13.061+0000 7fae76ffd700 1 -- 172.21.15.80:0/2357513053 <== mon.0 v2:172.21.15.80:3300/0 1 ==== mon_map magic: 0 ==== 205+0+0 (secure 0 0 0) 0x7fae7c021020 con 0x7fae8010a8e0
2024-04-25T16:01:14.765 INFO:teuthology.orchestra.run.smithi080.stdout:/usr/bin/ceph: stderr
2024-04-25T16:01:13.061+0000 7fae76ffd700 1 -- 172.21.15.80:0/2357513053 <== mon.0 v2:172.21.15.80:3300/0 2 ==== config(28 keys) ==== 1139+0+0 (secure 0 0 0) 0x7fae7c0094d0 con 0x7fae8010a8e0
2024-04-25T16:01:14.766 INFO:teuthology.orchestra.run.smithi080.stdout:/usr/bin/ceph: stderr
2024-04-25T16:01:13.061+0000 7fae87bda700 1 -- 172.21.15.80:0/2357513053 --> [v2:172.21.15.80:3300/0,v1:172.21.15.80:6789/0] -- mon_subscribe({mgrmap=0+}) -- 0x7fae8019e900 con 0x7fae8010a8e0
2024-04-25T16:01:14.766 INFO:teuthology.orchestra.run.smithi080.stdout:/usr/bin/ceph: stderr
2024-04-25T16:01:13.061+0000 7fae76ffd700 1 -- 172.21.15.80:0/2357513053 <== mon.0 v2:172.21.15.80:3300/0 3 ==== mon_map magic: 0 ==== 205+0+0 (secure 0 0 0) 0x7fae7c017040 con 0x7fae8010a8e0
2024-04-25T16:01:14.766 INFO:teuthology.orchestra.run.smithi080.stdout:/usr/bin/ceph: stderr
2024-04-25T16:01:13.061+0000 7fae87bda700 1 -- 172.21.15.80:0/2357513053 --> [v2:172.21.15.80:3300/0,v1:172.21.15.80:6789/0] -- mon_subscribe({osdmap=0}) -- 0x7fae801a1510 con 0x7fae8010a8e0
2024-04-25T16:01:14.766 INFO:teuthology.orchestra.run.smithi080.stdout:/usr/bin/ceph: stderr
2024-04-25T16:01:13.062+0000 7fae87bda700 1 -- 172.21.15.80:0/2357513053 --> [v2:172.21.15.80:3300/0,v1:172.21.15.80:6789/0] -- mon_command({"prefix": "get_command_descriptions"} v 0) -- 0x7fae80064cf0 con 0x7fae8010a8e0
2024-04-25T16:01:14.766 INFO:teuthology.orchestra.run.smithi080.stdout:/usr/bin/ceph: stderr
2024-04-25T16:01:13.062+0000 7fae76ffd700 1 -- 172.21.15.80:0/2357513053 <== mon.0 v2:172.21.15.80:3300/0 4 ==== mgrmap(e 8) ==== 49516+0+0 (secure 0 0 0) 0x7fae7c024020 con 0x7fae8010a8e0
2024-04-25T16:01:14.766 INFO:teuthology.orchestra.run.smithi080.stdout:/usr/bin/ceph: stderr
2024-04-25T16:01:13.062+0000 7fae76ffd700 1 --2- 172.21.15.80:0/2357513053 >> [v2:172.21.15.80:6800/4105172825,v1:172.21.15.80:6801/4105172825] conn(0x7fae6c03d5e0 0x7fae6c03faf0 unknown :-1 s=NONE pgs=0 cs=0 l=1 rev1=0 crypto rx=0 tx=0 comp rx=0 tx=0).connect
2024-04-25T16:01:14.766 INFO:teuthology.orchestra.run.smithi080.stdout:/usr/bin/ceph: stderr
2024-04-25T16:01:13.062+0000 7fae76ffd700 1 -- 172.21.15.80:0/2357513053 <== mon.0 v2:172.21.15.80:3300/0 5 ==== osd_map(2..2 src has 1..2) ==== 940+0+0 (secure 0 0 0) 0x7fae7c00f050 con 0x7fae8010a8e0
2024-04-25T16:01:14.766 INFO:teuthology.orchestra.run.smithi080.stdout:/usr/bin/ceph: stderr
2024-04-25T16:01:13.062+0000 7fae85175700 1 --2- 172.21.15.80:0/2357513053 >> [v2:172.21.15.80:6800/4105172825,v1:172.21.15.80:6801/4105172825] conn(0x7fae6c03d5e0 0x7fae6c03faf0 unknown :-1 s=BANNER_CONNECTING pgs=0 cs=0 l=1 rev1=0 crypto rx=0 tx=0 comp rx=0 tx=0)._handle_peer_banner_payload supported=3 required=0
2024-04-25T16:01:14.766 INFO:teuthology.orchestra.run.smithi080.stdout:/usr/bin/ceph: stderr
2024-04-25T16:01:13.062+0000 7fae85175700 1 --2- 172.21.15.80:0/2357513053 >> [v2:172.21.15.80:6800/4105172825,v1:172.21.15.80:6801/4105172825] conn(0x7fae6c03d5e0 0x7fae6c03faf0 secure :-1 s=READY pgs=12 cs=0 l=1 rev1=1 crypto rx=0x7fae70006fd0 tx=0x7fae70006e40 comp rx=0 tx=0).ready entity=mgr.14120 client_cookie=0 server_cookie=0 in_seq=0 out_seq=0
2024-04-25T16:01:14.766 INFO:teuthology.orchestra.run.smithi080.stdout:/usr/bin/ceph: stderr
2024-04-25T16:01:13.067+0000 7fae76ffd700 1 -- 172.21.15.80:0/2357513053 <== mon.0 v2:172.21.15.80:3300/0 6 ==== mon_command_ack([{"prefix": "get_command_descriptions"}]=0 v0) ==== 72+0+188370 (secure 0 0 0) 0x7fae7c02b020 con 0x7fae8010a8e0
2024-04-25T16:01:14.766 INFO:teuthology.orchestra.run.smithi080.stdout:/usr/bin/ceph: stderr
2024-04-25T16:01:13.291+0000 7fae87bda700 1 -- 172.21.15.80:0/2357513053 --> [v2:172.21.15.80:6800/4105172825,v1:172.21.15.80:6801/4105172825] -- mgr_command(tid 0: {"prefix": "orch apply", "service_type": "mon", "unmanaged": true, "target": ["mon-mgr", ""]}) -- 0x7fae801063f0 con 0x7fae6c03d5e0
2024-04-25T16:01:14.766 INFO:teuthology.orchestra.run.smithi080.stdout:/usr/bin/ceph: stderr
2024-04-25T16:01:13.300+0000 7fae76ffd700 1 -- 172.21.15.80:0/2357513053 <== mgr.14120 v2:172.21.15.80:6800/4105172825 1 ==== mgr_command_reply(tid 0: 0 ) ==== 8+0+24 (secure 0 0 0) 0x7fae801063f0 con 0x7fae6c03d5e0
2024-04-25T16:01:14.767 INFO:teuthology.orchestra.run.smithi080.stdout:/usr/bin/ceph: stderr
2024-04-25T16:01:13.302+0000 7fae87bda700 1 -- 172.21.15.80:0/2357513053 >> [v2:172.21.15.80:6800/4105172825,v1:172.21.15.80:6801/4105172825] conn(0x7fae6c03d5e0 msgr2=0x7fae6c03faf0 secure :-1 s=STATE_CONNECTION_ESTABLISHED l=1).mark_down
2024-04-25T16:01:14.767 INFO:teuthology.orchestra.run.smithi080.stdout:/usr/bin/ceph: stderr
2024-04-25T16:01:13.302+0000 7fae87bda700 1 --2- 172.21.15.80:0/2357513053 >> [v2:172.21.15.80:6800/4105172825,v1:172.21.15.80:6801/4105172825] conn(0x7fae6c03d5e0 0x7fae6c03faf0 secure :-1 s=READY pgs=12 cs=0 l=1 rev1=1 crypto rx=0x7fae70006fd0 tx=0x7fae70006e40 comp rx=0 tx=0).stop
2024-04-25T16:01:14.767 INFO:teuthology.orchestra.run.smithi080.stdout:/usr/bin/ceph: stderr
2024-04-25T16:01:13.302+0000 7fae87bda700 1 -- 172.21.15.80:0/2357513053 >> [v2:172.21.15.80:3300/0,v1:172.21.15.80:6789/0] conn(0x7fae8010a8e0 msgr2=0x7fae8019e130 secure :-1 s=STATE_CONNECTION_ESTABLISHED l=1).mark_down
2024-04-25T16:01:14.767 INFO:teuthology.orchestra.run.smithi080.stdout:/usr/bin/ceph: stderr
2024-04-25T16:01:13.302+0000 7fae87bda700 1 --2- 172.21.15.80:0/2357513053 >> [v2:172.21.15.80:3300/0,v1:172.21.15.80:6789/0] conn(0x7fae8010a8e0 0x7fae8019e130 secure :-1 s=READY pgs=48 cs=0 l=1 rev1=1 crypto rx=0x7fae7c004070 tx=0x7fae7c003d00 comp rx=0 tx=0).stop
2024-04-25T16:01:14.767 INFO:teuthology.orchestra.run.smithi080.stdout:/usr/bin/ceph: stderr
2024-04-25T16:01:13.302+0000 7fae87bda700 1 -- 172.21.15.80:0/2357513053 shutdown_connections
2024-04-25T16:01:14.767 INFO:teuthology.orchestra.run.smithi080.stdout:/usr/bin/ceph: stderr
2024-04-25T16:01:13.302+0000 7fae87bda700 1 --2- 172.21.15.80:0/2357513053 >> [v2:172.21.15.80:6800/4105172825,v1:172.21.15.80:6801/4105172825] conn(0x7fae6c03d5e0 0x7fae6c03faf0 unknown :-1 s=CLOSED pgs=12 cs=0 l=1 rev1=1 crypto rx=0 tx=0 comp rx=0 tx=0).stop
2024-04-25T16:01:14.767 INFO:teuthology.orchestra.run.smithi080.stdout:/usr/bin/ceph: stderr
2024-04-25T16:01:13.302+0000 7fae87bda700 1 --2- 172.21.15.80:0/2357513053 >> [v2:172.21.15.80:3300/0,v1:172.21.15.80:6789/0] conn(0x7fae8010a8e0 0x7fae8019e130 unknown :-1 s=CLOSED pgs=48 cs=0 l=1 rev1=1 crypto rx=0 tx=0 comp rx=0 tx=0).stop
2024-04-25T16:01:14.767 INFO:teuthology.orchestra.run.smithi080.stdout:/usr/bin/ceph: stderr
2024-04-25T16:01:13.302+0000 7fae87bda700 1 -- 172.21.15.80:0/2357513053 >> 172.21.15.80:0/2357513053 conn(0x7fae80104420 msgr2=0x7fae80105ce0 unknown :-1 s=STATE_NONE l=0).mark_down
2024-04-25T16:01:14.767 INFO:teuthology.orchestra.run.smithi080.stdout:/usr/bin/ceph: stderr
2024-04-25T16:01:13.302+0000 7fae87bda700 1 -- 172.21.15.80:0/2357513053 shutdown_connections
2024-04-25T16:01:14.767 INFO:teuthology.orchestra.run.smithi080.stdout:/usr/bin/ceph: stderr
2024-04-25T16:01:13.302+0000 7fae87bda700 1 -- 172.21.15.80:0/2357513053 wait complete.
2024-04-25T16:01:14.767 INFO:teuthology.orchestra.run.smithi080.stdout:Deploying unmanaged mgr service...
2024-04-25T16:01:15.425 INFO:journalctl@ceph.mon.a.smithi080.stdout:Apr 25 16:01:15 smithi080 ceph-mon[29623]: from='mgr.14120 172.21.15.80:0/1160105934' entity='mgr.x'
2024-04-25T16:01:15.426 INFO:journalctl@ceph.mon.a.smithi080.stdout:Apr 25 16:01:15 smithi080 ceph-mon[29623]: from='mgr.14120 172.21.15.80:0/1160105934' entity='mgr.x'
2024-04-25T16:01:15.911 INFO:teuthology.orchestra.run.smithi080.stdout:/usr/bin/ceph: stdout Scheduled mgr update...
2024-04-25T16:01:15.912 INFO:teuthology.orchestra.run.smithi080.stdout:/usr/bin/ceph: stderr
2024-04-25T16:01:15.196+0000 7f01a3f70700 1 Processor -- start
2024-04-25T16:01:15.912 INFO:teuthology.orchestra.run.smithi080.stdout:/usr/bin/ceph: stderr
2024-04-25T16:01:15.196+0000 7f01a3f70700 1 -- start start
2024-04-25T16:01:15.912 INFO:teuthology.orchestra.run.smithi080.stdout:/usr/bin/ceph: stderr
2024-04-25T16:01:15.196+0000 7f01a3f70700 1 --2- >> [v2:172.21.15.80:3300/0,v1:172.21.15.80:6789/0] conn(0x7f019c10a290 0x7f019c10a6a0 unknown :-1 s=NONE pgs=0 cs=0 l=0 rev1=0 crypto rx=0 tx=0 comp rx=0 tx=0).connect
2024-04-25T16:01:15.912 INFO:teuthology.orchestra.run.smithi080.stdout:/usr/bin/ceph: stderr
2024-04-25T16:01:15.196+0000 7f01a3f70700 1 -- --> [v2:172.21.15.80:3300/0,v1:172.21.15.80:6789/0] -- mon_getmap magic: 0 -- 0x7f019c10ac70 con 0x7f019c10a290
2024-04-25T16:01:15.912 INFO:teuthology.orchestra.run.smithi080.stdout:/usr/bin/ceph: stderr
2024-04-25T16:01:15.197+0000 7f01a1d0c700 1 --2- >> [v2:172.21.15.80:3300/0,v1:172.21.15.80:6789/0] conn(0x7f019c10a290 0x7f019c10a6a0 unknown :-1 s=BANNER_CONNECTING pgs=0 cs=0 l=0 rev1=0 crypto rx=0 tx=0 comp rx=0 tx=0)._handle_peer_banner_payload supported=3 required=0
2024-04-25T16:01:15.912 INFO:teuthology.orchestra.run.smithi080.stdout:/usr/bin/ceph: stderr
2024-04-25T16:01:15.197+0000 7f01a1d0c700 1 --2- >> [v2:172.21.15.80:3300/0,v1:172.21.15.80:6789/0] conn(0x7f019c10a290 0x7f019c10a6a0 unknown :-1 s=HELLO_CONNECTING pgs=0 cs=0 l=0 rev1=1 crypto rx=0 tx=0 comp rx=0 tx=0).handle_hello peer v2:172.21.15.80:3300/0 says I am v2:172.21.15.80:38286/0 (socket says 172.21.15.80:38286)
2024-04-25T16:01:15.912 INFO:teuthology.orchestra.run.smithi080.stdout:/usr/bin/ceph: stderr
2024-04-25T16:01:15.197+0000 7f01a1d0c700 1 -- 172.21.15.80:0/1398446132 learned_addr learned my addr 172.21.15.80:0/1398446132 (peer_addr_for_me v2:172.21.15.80:0/0)
2024-04-25T16:01:15.912 INFO:teuthology.orchestra.run.smithi080.stdout:/usr/bin/ceph: stderr
2024-04-25T16:01:15.197+0000 7f01a1d0c700 1 -- 172.21.15.80:0/1398446132 --> [v2:172.21.15.80:3300/0,v1:172.21.15.80:6789/0] -- mon_subscribe({config=0+,monmap=0+}) -- 0x7f019c10adf0 con 0x7f019c10a290
2024-04-25T16:01:15.912 INFO:teuthology.orchestra.run.smithi080.stdout:/usr/bin/ceph: stderr
2024-04-25T16:01:15.197+0000 7f01a1d0c700 1 --2- 172.21.15.80:0/1398446132 >> [v2:172.21.15.80:3300/0,v1:172.21.15.80:6789/0] conn(0x7f019c10a290 0x7f019c10a6a0 secure :-1 s=READY pgs=49 cs=0 l=1 rev1=1 crypto rx=0x7f018c00bb40 tx=0x7f018c00be50 comp rx=0 tx=0).ready entity=mon.0 client_cookie=eb50ab26cce9f023 server_cookie=0 in_seq=0 out_seq=0
2024-04-25T16:01:15.912 INFO:teuthology.orchestra.run.smithi080.stdout:/usr/bin/ceph: stderr
2024-04-25T16:01:15.197+0000 7f01a0d0a700 1 -- 172.21.15.80:0/1398446132 <== mon.0 v2:172.21.15.80:3300/0 1 ==== mon_map magic: 0 ==== 205+0+0 (secure 0 0 0) 0x7f018c00dbe0 con 0x7f019c10a290
2024-04-25T16:01:15.912 INFO:teuthology.orchestra.run.smithi080.stdout:/usr/bin/ceph: stderr
2024-04-25T16:01:15.197+0000 7f01a0d0a700 1 -- 172.21.15.80:0/1398446132 <== mon.0 v2:172.21.15.80:3300/0 2 ==== config(28 keys) ==== 1170+0+0 (secure 0 0 0) 0x7f018c004530 con 0x7f019c10a290
2024-04-25T16:01:15.912 INFO:teuthology.orchestra.run.smithi080.stdout:/usr/bin/ceph: stderr
2024-04-25T16:01:15.197+0000 7f01a0d0a700 1 -- 172.21.15.80:0/1398446132 <== mon.0 v2:172.21.15.80:3300/0 3 ==== mon_map magic: 0 ==== 205+0+0 (secure 0 0 0) 0x7f018c010490 con 0x7f019c10a290
2024-04-25T16:01:15.912 INFO:teuthology.orchestra.run.smithi080.stdout:/usr/bin/ceph: stderr
2024-04-25T16:01:15.198+0000 7f01a3f70700 1 -- 172.21.15.80:0/1398446132 >> [v2:172.21.15.80:3300/0,v1:172.21.15.80:6789/0] conn(0x7f019c10a290 msgr2=0x7f019c10a6a0 secure :-1 s=STATE_CONNECTION_ESTABLISHED l=1).mark_down
2024-04-25T16:01:15.913 INFO:teuthology.orchestra.run.smithi080.stdout:/usr/bin/ceph: stderr
2024-04-25T16:01:15.198+0000 7f01a3f70700 1 --2- 172.21.15.80:0/1398446132 >> [v2:172.21.15.80:3300/0,v1:172.21.15.80:6789/0] conn(0x7f019c10a290 0x7f019c10a6a0 secure :-1 s=READY pgs=49 cs=0 l=1 rev1=1 crypto rx=0x7f018c00bb40 tx=0x7f018c00be50 comp rx=0 tx=0).stop
2024-04-25T16:01:15.913 INFO:teuthology.orchestra.run.smithi080.stdout:/usr/bin/ceph: stderr
2024-04-25T16:01:15.198+0000 7f01a3f70700 1 -- 172.21.15.80:0/1398446132 shutdown_connections
2024-04-25T16:01:15.913 INFO:teuthology.orchestra.run.smithi080.stdout:/usr/bin/ceph: stderr
2024-04-25T16:01:15.198+0000 7f01a3f70700 1 --2- 172.21.15.80:0/1398446132 >> [v2:172.21.15.80:3300/0,v1:172.21.15.80:6789/0] conn(0x7f019c10a290 0x7f019c10a6a0 unknown :-1 s=CLOSED pgs=49 cs=0 l=1 rev1=1 crypto rx=0 tx=0 comp rx=0 tx=0).stop
2024-04-25T16:01:15.913 INFO:teuthology.orchestra.run.smithi080.stdout:/usr/bin/ceph: stderr
2024-04-25T16:01:15.198+0000 7f01a3f70700 1 -- 172.21.15.80:0/1398446132 >> 172.21.15.80:0/1398446132 conn(0x7f019c103bf0 msgr2=0x7f019c106040 unknown :-1 s=STATE_NONE l=0).mark_down
2024-04-25T16:01:15.913 INFO:teuthology.orchestra.run.smithi080.stdout:/usr/bin/ceph: stderr
2024-04-25T16:01:15.198+0000 7f01a3f70700 1 -- 172.21.15.80:0/1398446132 shutdown_connections
2024-04-25T16:01:15.913 INFO:teuthology.orchestra.run.smithi080.stdout:/usr/bin/ceph: stderr
2024-04-25T16:01:15.198+0000 7f01a3f70700 1 -- 172.21.15.80:0/1398446132 wait complete.
2024-04-25T16:01:15.913 INFO:teuthology.orchestra.run.smithi080.stdout:/usr/bin/ceph: stderr
2024-04-25T16:01:15.199+0000 7f01a3f70700 1 Processor -- start
2024-04-25T16:01:15.913 INFO:teuthology.orchestra.run.smithi080.stdout:/usr/bin/ceph: stderr
2024-04-25T16:01:15.199+0000 7f01a3f70700 1 -- start start
2024-04-25T16:01:15.913 INFO:teuthology.orchestra.run.smithi080.stdout:/usr/bin/ceph: stderr
2024-04-25T16:01:15.199+0000 7f01a3f70700 1 --2- >> [v2:172.21.15.80:3300/0,v1:172.21.15.80:6789/0] conn(0x7f019c10a290 0x7f019c1a0480 unknown :-1 s=NONE pgs=0 cs=0 l=1 rev1=0 crypto rx=0 tx=0 comp rx=0 tx=0).connect
2024-04-25T16:01:15.913 INFO:teuthology.orchestra.run.smithi080.stdout:/usr/bin/ceph: stderr
2024-04-25T16:01:15.199+0000 7f01a3f70700 1 -- --> [v2:172.21.15.80:3300/0,v1:172.21.15.80:6789/0] -- mon_getmap magic: 0 -- 0x7f019c107ea0 con 0x7f019c10a290
2024-04-25T16:01:15.913 INFO:teuthology.orchestra.run.smithi080.stdout:/usr/bin/ceph: stderr
2024-04-25T16:01:15.199+0000 7f01a1d0c700 1 --2- >> [v2:172.21.15.80:3300/0,v1:172.21.15.80:6789/0] conn(0x7f019c10a290 0x7f019c1a0480 unknown :-1 s=BANNER_CONNECTING pgs=0 cs=0 l=1 rev1=0 crypto rx=0 tx=0 comp rx=0 tx=0)._handle_peer_banner_payload supported=3 required=0
2024-04-25T16:01:15.913 INFO:teuthology.orchestra.run.smithi080.stdout:/usr/bin/ceph: stderr
2024-04-25T16:01:15.200+0000 7f01a1d0c700 1 --2- >> [v2:172.21.15.80:3300/0,v1:172.21.15.80:6789/0] conn(0x7f019c10a290 0x7f019c1a0480 unknown :-1 s=HELLO_CONNECTING pgs=0 cs=0 l=1 rev1=1 crypto rx=0 tx=0 comp rx=0 tx=0).handle_hello peer v2:172.21.15.80:3300/0 says I am v2:172.21.15.80:38298/0 (socket says 172.21.15.80:38298)
2024-04-25T16:01:15.913 INFO:teuthology.orchestra.run.smithi080.stdout:/usr/bin/ceph: stderr
2024-04-25T16:01:15.200+0000 7f01a1d0c700 1 -- 172.21.15.80:0/2054352476 learned_addr learned my addr 172.21.15.80:0/2054352476 (peer_addr_for_me v2:172.21.15.80:0/0)
2024-04-25T16:01:15.914 INFO:teuthology.orchestra.run.smithi080.stdout:/usr/bin/ceph: stderr
2024-04-25T16:01:15.200+0000 7f01a1d0c700 1 -- 172.21.15.80:0/2054352476 --> [v2:172.21.15.80:3300/0,v1:172.21.15.80:6789/0] -- mon_subscribe({config=0+,monmap=0+}) -- 0x7f019c1a09c0 con 0x7f019c10a290
2024-04-25T16:01:15.914 INFO:teuthology.orchestra.run.smithi080.stdout:/usr/bin/ceph: stderr
2024-04-25T16:01:15.200+0000 7f01a1d0c700 1 --2- 172.21.15.80:0/2054352476 >> [v2:172.21.15.80:3300/0,v1:172.21.15.80:6789/0] conn(0x7f019c10a290 0x7f019c1a0480 secure :-1 s=READY pgs=50 cs=0 l=1 rev1=1 crypto rx=0x7f018c00d650 tx=0x7f018c00ded0 comp rx=0 tx=0).ready entity=mon.0 client_cookie=0 server_cookie=0 in_seq=0 out_seq=0
2024-04-25T16:01:15.914 INFO:teuthology.orchestra.run.smithi080.stdout:/usr/bin/ceph: stderr
2024-04-25T16:01:15.200+0000 7f0192ffd700 1 -- 172.21.15.80:0/2054352476 <== mon.0 v2:172.21.15.80:3300/0 1 ==== mon_map magic: 0 ==== 205+0+0 (secure 0 0 0) 0x7f018c010790 con 0x7f019c10a290
2024-04-25T16:01:15.914 INFO:teuthology.orchestra.run.smithi080.stdout:/usr/bin/ceph: stderr
2024-04-25T16:01:15.200+0000 7f01a3f70700 1 -- 172.21.15.80:0/2054352476 --> [v2:172.21.15.80:3300/0,v1:172.21.15.80:6789/0] -- mon_subscribe({mgrmap=0+}) -- 0x7f019c1a0c50 con 0x7f019c10a290
2024-04-25T16:01:15.914 INFO:teuthology.orchestra.run.smithi080.stdout:/usr/bin/ceph: stderr
2024-04-25T16:01:15.200+0000 7f0192ffd700 1 -- 172.21.15.80:0/2054352476 <== mon.0 v2:172.21.15.80:3300/0 2 ==== config(28 keys) ==== 1170+0+0 (secure 0 0 0) 0x7f018c01d070 con 0x7f019c10a290
2024-04-25T16:01:15.914 INFO:teuthology.orchestra.run.smithi080.stdout:/usr/bin/ceph: stderr
2024-04-25T16:01:15.200+0000 7f0192ffd700 1 -- 172.21.15.80:0/2054352476 <== mon.0 v2:172.21.15.80:3300/0 3 ==== mon_map magic: 0 ==== 205+0+0 (secure 0 0 0) 0x7f018c019cd0 con 0x7f019c10a290
2024-04-25T16:01:15.914 INFO:teuthology.orchestra.run.smithi080.stdout:/usr/bin/ceph: stderr
2024-04-25T16:01:15.200+0000 7f01a3f70700 1 -- 172.21.15.80:0/2054352476 --> [v2:172.21.15.80:3300/0,v1:172.21.15.80:6789/0] -- mon_subscribe({osdmap=0}) -- 0x7f019c1a3860 con 0x7f019c10a290
2024-04-25T16:01:15.914 INFO:teuthology.orchestra.run.smithi080.stdout:/usr/bin/ceph: stderr
2024-04-25T16:01:15.201+0000 7f01a3f70700 1 -- 172.21.15.80:0/2054352476 --> [v2:172.21.15.80:3300/0,v1:172.21.15.80:6789/0] -- mon_command({"prefix": "get_command_descriptions"} v 0) -- 0x7f019c064cf0 con 0x7f019c10a290
2024-04-25T16:01:15.914 INFO:teuthology.orchestra.run.smithi080.stdout:/usr/bin/ceph: stderr
2024-04-25T16:01:15.201+0000 7f0192ffd700 1 -- 172.21.15.80:0/2054352476 <== mon.0 v2:172.21.15.80:3300/0 4 ==== mgrmap(e 8) ==== 49516+0+0 (secure 0 0 0) 0x7f018c028060 con 0x7f019c10a290
2024-04-25T16:01:15.914 INFO:teuthology.orchestra.run.smithi080.stdout:/usr/bin/ceph: stderr
2024-04-25T16:01:15.201+0000 7f0192ffd700 1 --2- 172.21.15.80:0/2054352476 >> [v2:172.21.15.80:6800/4105172825,v1:172.21.15.80:6801/4105172825] conn(0x7f018803d5e0 0x7f018803faf0 unknown :-1 s=NONE pgs=0 cs=0 l=1 rev1=0 crypto rx=0 tx=0 comp rx=0 tx=0).connect
2024-04-25T16:01:15.914 INFO:teuthology.orchestra.run.smithi080.stdout:/usr/bin/ceph: stderr
2024-04-25T16:01:15.202+0000 7f0192ffd700 1 -- 172.21.15.80:0/2054352476 <== mon.0 v2:172.21.15.80:3300/0 5 ==== osd_map(2..2 src has 1..2) ==== 940+0+0 (secure 0 0 0) 0x7f018c0527c0 con 0x7f019c10a290
2024-04-25T16:01:15.914 INFO:teuthology.orchestra.run.smithi080.stdout:/usr/bin/ceph: stderr
2024-04-25T16:01:15.202+0000 7f01a150b700 1 --2- 172.21.15.80:0/2054352476 >> [v2:172.21.15.80:6800/4105172825,v1:172.21.15.80:6801/4105172825] conn(0x7f018803d5e0 0x7f018803faf0 unknown :-1 s=BANNER_CONNECTING pgs=0 cs=0 l=1 rev1=0 crypto rx=0 tx=0 comp rx=0 tx=0)._handle_peer_banner_payload supported=3 required=0
2024-04-25T16:01:15.914 INFO:teuthology.orchestra.run.smithi080.stdout:/usr/bin/ceph: stderr
2024-04-25T16:01:15.202+0000 7f01a150b700 1 --2- 172.21.15.80:0/2054352476 >> [v2:172.21.15.80:6800/4105172825,v1:172.21.15.80:6801/4105172825] conn(0x7f018803d5e0 0x7f018803faf0 secure :-1 s=READY pgs=13 cs=0 l=1 rev1=1 crypto rx=0x7f0198006fd0 tx=0x7f0198006e40 comp rx=0 tx=0).ready entity=mgr.14120 client_cookie=0 server_cookie=0 in_seq=0 out_seq=0
2024-04-25T16:01:15.914 INFO:teuthology.orchestra.run.smithi080.stdout:/usr/bin/ceph: stderr
2024-04-25T16:01:15.207+0000 7f0192ffd700 1 -- 172.21.15.80:0/2054352476 <== mon.0 v2:172.21.15.80:3300/0 6 ==== mon_command_ack([{"prefix": "get_command_descriptions"}]=0 v0) ==== 72+0+188370 (secure 0 0 0) 0x7f019c10adf0 con 0x7f019c10a290
2024-04-25T16:01:15.915 INFO:teuthology.orchestra.run.smithi080.stdout:/usr/bin/ceph: stderr
2024-04-25T16:01:15.424+0000 7f01a3f70700 1 -- 172.21.15.80:0/2054352476 --> [v2:172.21.15.80:6800/4105172825,v1:172.21.15.80:6801/4105172825] -- mgr_command(tid 0: {"prefix": "orch apply", "service_type": "mgr", "unmanaged": true, "target": ["mon-mgr", ""]}) -- 0x7f019c063ad0 con 0x7f018803d5e0
2024-04-25T16:01:15.915 INFO:teuthology.orchestra.run.smithi080.stdout:/usr/bin/ceph: stderr
2024-04-25T16:01:15.432+0000 7f0192ffd700 1 -- 172.21.15.80:0/2054352476 <== mgr.14120 v2:172.21.15.80:6800/4105172825 1 ==== mgr_command_reply(tid 0: 0 ) ==== 8+0+24 (secure 0 0 0) 0x7f019c063ad0 con 0x7f018803d5e0
2024-04-25T16:01:15.915 INFO:teuthology.orchestra.run.smithi080.stdout:/usr/bin/ceph: stderr
2024-04-25T16:01:15.434+0000 7f01a3f70700 1 -- 172.21.15.80:0/2054352476 >> [v2:172.21.15.80:6800/4105172825,v1:172.21.15.80:6801/4105172825] conn(0x7f018803d5e0 msgr2=0x7f018803faf0 secure :-1 s=STATE_CONNECTION_ESTABLISHED l=1).mark_down
2024-04-25T16:01:15.915 INFO:teuthology.orchestra.run.smithi080.stdout:/usr/bin/ceph: stderr
2024-04-25T16:01:15.434+0000 7f01a3f70700 1 --2- 172.21.15.80:0/2054352476 >> [v2:172.21.15.80:6800/4105172825,v1:172.21.15.80:6801/4105172825] conn(0x7f018803d5e0 0x7f018803faf0 secure :-1 s=READY pgs=13 cs=0 l=1 rev1=1 crypto rx=0x7f0198006fd0 tx=0x7f0198006e40 comp rx=0 tx=0).stop
2024-04-25T16:01:15.915 INFO:teuthology.orchestra.run.smithi080.stdout:/usr/bin/ceph: stderr
2024-04-25T16:01:15.434+0000 7f01a3f70700 1 -- 172.21.15.80:0/2054352476 >> [v2:172.21.15.80:3300/0,v1:172.21.15.80:6789/0] conn(0x7f019c10a290 msgr2=0x7f019c1a0480 secure :-1 s=STATE_CONNECTION_ESTABLISHED l=1).mark_down
2024-04-25T16:01:15.915 INFO:teuthology.orchestra.run.smithi080.stdout:/usr/bin/ceph: stderr
2024-04-25T16:01:15.434+0000 7f01a3f70700 1 --2- 172.21.15.80:0/2054352476 >> [v2:172.21.15.80:3300/0,v1:172.21.15.80:6789/0] conn(0x7f019c10a290 0x7f019c1a0480 secure :-1 s=READY pgs=50 cs=0 l=1 rev1=1 crypto rx=0x7f018c00d650 tx=0x7f018c00ded0 comp rx=0 tx=0).stop
2024-04-25T16:01:15.915 INFO:teuthology.orchestra.run.smithi080.stdout:/usr/bin/ceph: stderr
2024-04-25T16:01:15.434+0000 7f01a3f70700 1 -- 172.21.15.80:0/2054352476 shutdown_connections
2024-04-25T16:01:15.915 INFO:teuthology.orchestra.run.smithi080.stdout:/usr/bin/ceph: stderr
2024-04-25T16:01:15.434+0000 7f01a3f70700 1 --2- 172.21.15.80:0/2054352476 >> [v2:172.21.15.80:6800/4105172825,v1:172.21.15.80:6801/4105172825] conn(0x7f018803d5e0 0x7f018803faf0 unknown :-1 s=CLOSED pgs=13 cs=0 l=1 rev1=1 crypto rx=0 tx=0 comp rx=0 tx=0).stop
2024-04-25T16:01:15.915 INFO:teuthology.orchestra.run.smithi080.stdout:/usr/bin/ceph: stderr
2024-04-25T16:01:15.434+0000 7f01a3f70700 1 --2- 172.21.15.80:0/2054352476 >> [v2:172.21.15.80:3300/0,v1:172.21.15.80:6789/0] conn(0x7f019c10a290 0x7f019c1a0480 unknown :-1 s=CLOSED pgs=50 cs=0 l=1 rev1=1 crypto rx=0 tx=0 comp rx=0 tx=0).stop
2024-04-25T16:01:15.915 INFO:teuthology.orchestra.run.smithi080.stdout:/usr/bin/ceph: stderr
2024-04-25T16:01:15.434+0000 7f01a3f70700 1 -- 172.21.15.80:0/2054352476 >> 172.21.15.80:0/2054352476 conn(0x7f019c103bf0 msgr2=0x7f019c192340 unknown :-1 s=STATE_NONE l=0).mark_down
2024-04-25T16:01:15.915 INFO:teuthology.orchestra.run.smithi080.stdout:/usr/bin/ceph: stderr
2024-04-25T16:01:15.434+0000 7f01a3f70700 1 -- 172.21.15.80:0/2054352476 shutdown_connections
2024-04-25T16:01:15.915 INFO:teuthology.orchestra.run.smithi080.stdout:/usr/bin/ceph: stderr
2024-04-25T16:01:15.434+0000 7f01a3f70700 1 -- 172.21.15.80:0/2054352476 wait complete.
2024-04-25T16:01:16.536 INFO:journalctl@ceph.mon.a.smithi080.stdout:Apr 25 16:01:16 smithi080 ceph-mon[29623]: from='client.14144 -' entity='client.admin' cmd=[{"prefix": "orch apply", "service_type": "mgr", "unmanaged": true, "target": ["mon-mgr", ""]}]: dispatch
2024-04-25T16:01:16.536 INFO:journalctl@ceph.mon.a.smithi080.stdout:Apr 25 16:01:16 smithi080 ceph-mon[29623]: Saving service mgr spec with placement count:2
2024-04-25T16:01:16.536 INFO:journalctl@ceph.mon.a.smithi080.stdout:Apr 25 16:01:16 smithi080 ceph-mon[29623]: from='mgr.14120 172.21.15.80:0/1160105934' entity='mgr.x'
2024-04-25T16:01:17.722 INFO:journalctl@ceph.mon.a.smithi080.stdout:Apr 25 16:01:17 smithi080 ceph-mon[29623]: from='client.? 172.21.15.80:0/2905722098' entity='client.admin'
2024-04-25T16:01:17.722 INFO:journalctl@ceph.mon.a.smithi080.stdout:Apr 25 16:01:17 smithi080 ceph-mon[29623]: from='mgr.14120 172.21.15.80:0/1160105934' entity='mgr.x'
2024-04-25T16:01:17.729 INFO:teuthology.orchestra.run.smithi080.stdout:/usr/bin/ceph: stderr
2024-04-25T16:01:16.310+0000 7f361943f700 1 Processor -- start
2024-04-25T16:01:17.729 INFO:teuthology.orchestra.run.smithi080.stdout:/usr/bin/ceph: stderr
2024-04-25T16:01:16.310+0000 7f361943f700 1 -- start start
2024-04-25T16:01:17.729 INFO:teuthology.orchestra.run.smithi080.stdout:/usr/bin/ceph: stderr
2024-04-25T16:01:16.310+0000 7f361943f700 1 --2- >> [v2:172.21.15.80:3300/0,v1:172.21.15.80:6789/0] conn(0x7f361407ccc0 0x7f361410ca00 unknown :-1 s=NONE pgs=0 cs=0 l=0 rev1=0 crypto rx=0 tx=0 comp rx=0 tx=0).connect
2024-04-25T16:01:17.730 INFO:teuthology.orchestra.run.smithi080.stdout:/usr/bin/ceph: stderr
2024-04-25T16:01:16.310+0000 7f361943f700 1 -- --> [v2:172.21.15.80:3300/0,v1:172.21.15.80:6789/0] -- mon_getmap magic: 0 -- 0x7f361410d010 con 0x7f361407ccc0
2024-04-25T16:01:17.730 INFO:teuthology.orchestra.run.smithi080.stdout:/usr/bin/ceph: stderr
2024-04-25T16:01:16.310+0000 7f3612ffd700 1 --2- >> [v2:172.21.15.80:3300/0,v1:172.21.15.80:6789/0] conn(0x7f361407ccc0 0x7f361410ca00 unknown :-1 s=BANNER_CONNECTING pgs=0 cs=0 l=0 rev1=0 crypto rx=0 tx=0 comp rx=0 tx=0)._handle_peer_banner_payload supported=3 required=0
2024-04-25T16:01:17.730 INFO:teuthology.orchestra.run.smithi080.stdout:/usr/bin/ceph: stderr
2024-04-25T16:01:16.310+0000 7f3612ffd700 1 --2- >> [v2:172.21.15.80:3300/0,v1:172.21.15.80:6789/0] conn(0x7f361407ccc0 0x7f361410ca00 unknown :-1 s=HELLO_CONNECTING pgs=0 cs=0 l=0 rev1=1 crypto rx=0 tx=0 comp rx=0 tx=0).handle_hello peer v2:172.21.15.80:3300/0 says I am v2:172.21.15.80:38308/0 (socket says 172.21.15.80:38308)
2024-04-25T16:01:17.730 INFO:teuthology.orchestra.run.smithi080.stdout:/usr/bin/ceph: stderr
2024-04-25T16:01:16.311+0000 7f3612ffd700 1 -- 172.21.15.80:0/1559427467 learned_addr learned my addr 172.21.15.80:0/1559427467 (peer_addr_for_me v2:172.21.15.80:0/0)
2024-04-25T16:01:17.730 INFO:teuthology.orchestra.run.smithi080.stdout:/usr/bin/ceph: stderr
2024-04-25T16:01:16.311+0000 7f3612ffd700 1 -- 172.21.15.80:0/1559427467 --> [v2:172.21.15.80:3300/0,v1:172.21.15.80:6789/0] -- mon_subscribe({config=0+,monmap=0+}) -- 0x7f361410d190 con 0x7f361407ccc0
2024-04-25T16:01:17.730 INFO:teuthology.orchestra.run.smithi080.stdout:/usr/bin/ceph: stderr
2024-04-25T16:01:16.311+0000 7f3612ffd700 1 --2- 172.21.15.80:0/1559427467 >> [v2:172.21.15.80:3300/0,v1:172.21.15.80:6789/0] conn(0x7f361407ccc0 0x7f361410ca00 secure :-1 s=READY pgs=51 cs=0 l=1 rev1=1 crypto rx=0x7f36040098a0 tx=0x7f3604009bb0 comp rx=0 tx=0).ready entity=mon.0 client_cookie=896779b8ab34f151 server_cookie=0 in_seq=0 out_seq=0
2024-04-25T16:01:17.730 INFO:teuthology.orchestra.run.smithi080.stdout:/usr/bin/ceph: stderr
2024-04-25T16:01:16.311+0000 7f3611ffb700 1 -- 172.21.15.80:0/1559427467 <== mon.0 v2:172.21.15.80:3300/0 1 ==== mon_map magic: 0 ==== 205+0+0 (secure 0 0 0) 0x7f3604004160 con 0x7f361407ccc0
2024-04-25T16:01:17.730 INFO:teuthology.orchestra.run.smithi080.stdout:/usr/bin/ceph: stderr
2024-04-25T16:01:16.311+0000 7f3611ffb700 1 -- 172.21.15.80:0/1559427467 <== mon.0 v2:172.21.15.80:3300/0 2 ==== config(28 keys) ==== 1170+0+0 (secure 0 0 0) 0x7f3604004300 con 0x7f361407ccc0
2024-04-25T16:01:17.730 INFO:teuthology.orchestra.run.smithi080.stdout:/usr/bin/ceph: stderr
2024-04-25T16:01:16.311+0000 7f3611ffb700 1 -- 172.21.15.80:0/1559427467 <== mon.0 v2:172.21.15.80:3300/0 3 ==== mon_map magic: 0 ==== 205+0+0 (secure 0 0 0) 0x7f3604011c20 con 0x7f361407ccc0
2024-04-25T16:01:17.730 INFO:teuthology.orchestra.run.smithi080.stdout:/usr/bin/ceph: stderr
2024-04-25T16:01:16.312+0000 7f361943f700 1 -- 172.21.15.80:0/1559427467 >> [v2:172.21.15.80:3300/0,v1:172.21.15.80:6789/0] conn(0x7f361407ccc0 msgr2=0x7f361410ca00 secure :-1 s=STATE_CONNECTION_ESTABLISHED l=1).mark_down
2024-04-25T16:01:17.730 INFO:teuthology.orchestra.run.smithi080.stdout:/usr/bin/ceph: stderr
2024-04-25T16:01:16.312+0000 7f361943f700 1 --2- 172.21.15.80:0/1559427467 >> [v2:172.21.15.80:3300/0,v1:172.21.15.80:6789/0] conn(0x7f361407ccc0 0x7f361410ca00 secure :-1 s=READY pgs=51 cs=0 l=1 rev1=1 crypto rx=0x7f36040098a0 tx=0x7f3604009bb0 comp rx=0 tx=0).stop
2024-04-25T16:01:17.730 INFO:teuthology.orchestra.run.smithi080.stdout:/usr/bin/ceph: stderr
2024-04-25T16:01:16.312+0000 7f361943f700 1 -- 172.21.15.80:0/1559427467 shutdown_connections
2024-04-25T16:01:17.730 INFO:teuthology.orchestra.run.smithi080.stdout:/usr/bin/ceph: stderr
2024-04-25T16:01:16.312+0000 7f361943f700 1 --2- 172.21.15.80:0/1559427467 >> [v2:172.21.15.80:3300/0,v1:172.21.15.80:6789/0] conn(0x7f361407ccc0 0x7f361410ca00 unknown :-1 s=CLOSED pgs=51 cs=0 l=1 rev1=1 crypto rx=0 tx=0 comp rx=0 tx=0).stop
2024-04-25T16:01:17.731 INFO:teuthology.orchestra.run.smithi080.stdout:/usr/bin/ceph: stderr
2024-04-25T16:01:16.312+0000 7f361943f700 1 -- 172.21.15.80:0/1559427467 >> 172.21.15.80:0/1559427467 conn(0x7f36141044d0 msgr2=0x7f3614106920 unknown :-1 s=STATE_NONE l=0).mark_down
2024-04-25T16:01:17.731 INFO:teuthology.orchestra.run.smithi080.stdout:/usr/bin/ceph: stderr
2024-04-25T16:01:16.313+0000 7f361943f700 1 -- 172.21.15.80:0/1559427467 shutdown_connections
2024-04-25T16:01:17.731 INFO:teuthology.orchestra.run.smithi080.stdout:/usr/bin/ceph: stderr
2024-04-25T16:01:16.313+0000 7f361943f700 1 -- 172.21.15.80:0/1559427467 wait complete.
2024-04-25T16:01:17.731 INFO:teuthology.orchestra.run.smithi080.stdout:/usr/bin/ceph: stderr
2024-04-25T16:01:16.313+0000 7f361943f700 1 Processor -- start
2024-04-25T16:01:17.731 INFO:teuthology.orchestra.run.smithi080.stdout:/usr/bin/ceph: stderr
2024-04-25T16:01:16.314+0000 7f361943f700 1 -- start start
2024-04-25T16:01:17.731 INFO:teuthology.orchestra.run.smithi080.stdout:/usr/bin/ceph: stderr
2024-04-25T16:01:16.314+0000 7f361943f700 1 --2- >> [v2:172.21.15.80:3300/0,v1:172.21.15.80:6789/0] conn(0x7f361407ccc0 0x7f361410a170 unknown :-1 s=NONE pgs=0 cs=0 l=1 rev1=0 crypto rx=0 tx=0 comp rx=0 tx=0).connect
2024-04-25T16:01:17.731 INFO:teuthology.orchestra.run.smithi080.stdout:/usr/bin/ceph: stderr
2024-04-25T16:01:16.314+0000 7f361943f700 1 -- --> [v2:172.21.15.80:3300/0,v1:172.21.15.80:6789/0] -- mon_getmap magic: 0 -- 0x7f361410e310 con 0x7f361407ccc0
2024-04-25T16:01:17.731 INFO:teuthology.orchestra.run.smithi080.stdout:/usr/bin/ceph: stderr
2024-04-25T16:01:16.314+0000 7f3612ffd700 1 --2- >> [v2:172.21.15.80:3300/0,v1:172.21.15.80:6789/0] conn(0x7f361407ccc0 0x7f361410a170 unknown :-1 s=BANNER_CONNECTING pgs=0 cs=0 l=1 rev1=0 crypto rx=0 tx=0 comp rx=0 tx=0)._handle_peer_banner_payload supported=3 required=0
2024-04-25T16:01:17.731 INFO:teuthology.orchestra.run.smithi080.stdout:/usr/bin/ceph: stderr
2024-04-25T16:01:16.314+0000 7f3612ffd700 1 --2- >> [v2:172.21.15.80:3300/0,v1:172.21.15.80:6789/0] conn(0x7f361407ccc0 0x7f361410a170 unknown :-1 s=HELLO_CONNECTING pgs=0 cs=0 l=1 rev1=1 crypto rx=0 tx=0 comp rx=0 tx=0).handle_hello peer v2:172.21.15.80:3300/0 says I am v2:172.21.15.80:38322/0 (socket says 172.21.15.80:38322)
2024-04-25T16:01:17.731 INFO:teuthology.orchestra.run.smithi080.stdout:/usr/bin/ceph: stderr
2024-04-25T16:01:16.314+0000 7f3612ffd700 1 -- 172.21.15.80:0/2905722098 learned_addr learned my addr 172.21.15.80:0/2905722098 (peer_addr_for_me v2:172.21.15.80:0/0)
2024-04-25T16:01:17.731 INFO:teuthology.orchestra.run.smithi080.stdout:/usr/bin/ceph: stderr
2024-04-25T16:01:16.314+0000 7f3612ffd700 1 -- 172.21.15.80:0/2905722098 --> [v2:172.21.15.80:3300/0,v1:172.21.15.80:6789/0] -- mon_subscribe({config=0+,monmap=0+}) -- 0x7f361410a6b0 con 0x7f361407ccc0
2024-04-25T16:01:17.731 INFO:teuthology.orchestra.run.smithi080.stdout:/usr/bin/ceph: stderr
2024-04-25T16:01:16.314+0000 7f3612ffd700 1 --2- 172.21.15.80:0/2905722098 >> [v2:172.21.15.80:3300/0,v1:172.21.15.80:6789/0] conn(0x7f361407ccc0 0x7f361410a170 secure :-1 s=READY pgs=52 cs=0 l=1 rev1=1 crypto rx=0x7f36040118e0 tx=0x7f3604011ca0 comp rx=0 tx=0).ready entity=mon.0 client_cookie=0 server_cookie=0 in_seq=0 out_seq=0
2024-04-25T16:01:17.731 INFO:teuthology.orchestra.run.smithi080.stdout:/usr/bin/ceph: stderr
2024-04-25T16:01:16.315+0000 7f35fbfff700 1 -- 172.21.15.80:0/2905722098 <== mon.0 v2:172.21.15.80:3300/0 1 ==== mon_map magic: 0 ==== 205+0+0 (secure 0 0 0) 0x7f36040038b0 con 0x7f361407ccc0
2024-04-25T16:01:17.731 INFO:teuthology.orchestra.run.smithi080.stdout:/usr/bin/ceph: stderr
2024-04-25T16:01:16.315+0000 7f35fbfff700 1 -- 172.21.15.80:0/2905722098 <== mon.0 v2:172.21.15.80:3300/0 2 ==== config(28 keys) ==== 1170+0+0 (secure 0 0 0) 0x7f3604003a50 con 0x7f361407ccc0
2024-04-25T16:01:17.731 INFO:teuthology.orchestra.run.smithi080.stdout:/usr/bin/ceph: stderr
2024-04-25T16:01:16.315+0000 7f361943f700 1 -- 172.21.15.80:0/2905722098 --> [v2:172.21.15.80:3300/0,v1:172.21.15.80:6789/0] -- mon_subscribe({mgrmap=0+}) -- 0x7f3614108900 con 0x7f361407ccc0
2024-04-25T16:01:17.731 INFO:teuthology.orchestra.run.smithi080.stdout:/usr/bin/ceph: stderr
2024-04-25T16:01:16.315+0000 7f35fbfff700 1 -- 172.21.15.80:0/2905722098 <== mon.0 v2:172.21.15.80:3300/0 3 ==== mon_map magic: 0 ==== 205+0+0 (secure 0 0 0) 0x7f3604019520 con 0x7f361407ccc0
2024-04-25T16:01:17.732 INFO:teuthology.orchestra.run.smithi080.stdout:/usr/bin/ceph: stderr
2024-04-25T16:01:16.315+0000 7f361943f700 1 -- 172.21.15.80:0/2905722098 --> [v2:172.21.15.80:3300/0,v1:172.21.15.80:6789/0] -- mon_subscribe({osdmap=0}) -- 0x7f3614108de0 con 0x7f361407ccc0
2024-04-25T16:01:17.732 INFO:teuthology.orchestra.run.smithi080.stdout:/usr/bin/ceph: stderr
2024-04-25T16:01:16.316+0000 7f361943f700 1 -- 172.21.15.80:0/2905722098 --> [v2:172.21.15.80:3300/0,v1:172.21.15.80:6789/0] -- mon_command({"prefix": "get_command_descriptions"} v 0) -- 0x7f3614064cf0 con 0x7f361407ccc0
2024-04-25T16:01:17.732 INFO:teuthology.orchestra.run.smithi080.stdout:/usr/bin/ceph: stderr
2024-04-25T16:01:16.316+0000 7f35fbfff700 1 -- 172.21.15.80:0/2905722098 <== mon.0 v2:172.21.15.80:3300/0 4 ==== mgrmap(e 8) ==== 49516+0+0 (secure 0 0 0) 0x7f360401a9c0 con 0x7f361407ccc0
2024-04-25T16:01:17.732 INFO:teuthology.orchestra.run.smithi080.stdout:/usr/bin/ceph: stderr
2024-04-25T16:01:16.316+0000 7f35fbfff700 1 --2- 172.21.15.80:0/2905722098 >> [v2:172.21.15.80:6800/4105172825,v1:172.21.15.80:6801/4105172825] conn(0x7f35fc03d680 0x7f35fc03fb90 unknown :-1 s=NONE pgs=0 cs=0 l=1 rev1=0 crypto rx=0 tx=0 comp rx=0 tx=0).connect
2024-04-25T16:01:17.732 INFO:teuthology.orchestra.run.smithi080.stdout:/usr/bin/ceph: stderr
2024-04-25T16:01:16.316+0000 7f35fbfff700 1 -- 172.21.15.80:0/2905722098 <== mon.0 v2:172.21.15.80:3300/0 5 ==== osd_map(2..2 src has 1..2) ==== 940+0+0 (secure 0 0 0) 0x7f36040522f0 con 0x7f361407ccc0
2024-04-25T16:01:17.732 INFO:teuthology.orchestra.run.smithi080.stdout:/usr/bin/ceph: stderr
2024-04-25T16:01:16.317+0000 7f36127fc700 1 --2- 172.21.15.80:0/2905722098 >> [v2:172.21.15.80:6800/4105172825,v1:172.21.15.80:6801/4105172825] conn(0x7f35fc03d680 0x7f35fc03fb90 unknown :-1 s=BANNER_CONNECTING pgs=0 cs=0 l=1 rev1=0 crypto rx=0 tx=0 comp rx=0 tx=0)._handle_peer_banner_payload supported=3 required=0
2024-04-25T16:01:17.732 INFO:teuthology.orchestra.run.smithi080.stdout:/usr/bin/ceph: stderr
2024-04-25T16:01:16.317+0000 7f36127fc700 1 --2- 172.21.15.80:0/2905722098 >> [v2:172.21.15.80:6800/4105172825,v1:172.21.15.80:6801/4105172825] conn(0x7f35fc03d680 0x7f35fc03fb90 secure :-1 s=READY pgs=14 cs=0 l=1 rev1=1 crypto rx=0x7f3608006fd0 tx=0x7f3608006e40 comp rx=0 tx=0).ready entity=mgr.14120 client_cookie=0 server_cookie=0 in_seq=0 out_seq=0
2024-04-25T16:01:17.732 INFO:teuthology.orchestra.run.smithi080.stdout:/usr/bin/ceph: stderr
2024-04-25T16:01:16.322+0000 7f35fbfff700 1 -- 172.21.15.80:0/2905722098 <== mon.0 v2:172.21.15.80:3300/0 6 ==== mon_command_ack([{"prefix": "get_command_descriptions"}]=0 v0) ==== 72+0+188370 (secure 0 0 0) 0x7f3604017e90 con 0x7f361407ccc0
2024-04-25T16:01:17.732 INFO:teuthology.orchestra.run.smithi080.stdout:/usr/bin/ceph: stderr
2024-04-25T16:01:16.535+0000 7f361943f700 1 -- 172.21.15.80:0/2905722098 --> [v2:172.21.15.80:3300/0,v1:172.21.15.80:6789/0] -- mon_command([{prefix=config set, name=mgr/cephadm/container_init}] v 0) -- 0x7f36141093f0 con 0x7f361407ccc0
2024-04-25T16:01:17.732 INFO:teuthology.orchestra.run.smithi080.stdout:/usr/bin/ceph: stderr
2024-04-25T16:01:16.540+0000 7f35fbfff700 1 -- 172.21.15.80:0/2905722098 <== mon.0 v2:172.21.15.80:3300/0 7 ==== mon_command_ack([{prefix=config set, name=mgr/cephadm/container_init}]=0 v7)=0 v7) ==== 142+0+0 (secure 0 0 0) 0x7f3604003cb0 con 0x7f361407ccc0
2024-04-25T16:01:17.732 INFO:teuthology.orchestra.run.smithi080.stdout:/usr/bin/ceph: stderr
2024-04-25T16:01:16.542+0000 7f361943f700 1 -- 172.21.15.80:0/2905722098 >> [v2:172.21.15.80:6800/4105172825,v1:172.21.15.80:6801/4105172825] conn(0x7f35fc03d680 msgr2=0x7f35fc03fb90 secure :-1 s=STATE_CONNECTION_ESTABLISHED l=1).mark_down
2024-04-25T16:01:17.732 INFO:teuthology.orchestra.run.smithi080.stdout:/usr/bin/ceph: stderr
2024-04-25T16:01:16.542+0000 7f361943f700 1 --2- 172.21.15.80:0/2905722098 >> [v2:172.21.15.80:6800/4105172825,v1:172.21.15.80:6801/4105172825] conn(0x7f35fc03d680 0x7f35fc03fb90 secure :-1 s=READY pgs=14 cs=0 l=1 rev1=1 crypto rx=0x7f3608006fd0 tx=0x7f3608006e40 comp rx=0 tx=0).stop
2024-04-25T16:01:17.732 INFO:teuthology.orchestra.run.smithi080.stdout:/usr/bin/ceph: stderr
2024-04-25T16:01:16.542+0000 7f361943f700 1 -- 172.21.15.80:0/2905722098 >> [v2:172.21.15.80:3300/0,v1:172.21.15.80:6789/0] conn(0x7f361407ccc0 msgr2=0x7f361410a170 secure :-1 s=STATE_CONNECTION_ESTABLISHED l=1).mark_down
2024-04-25T16:01:17.732 INFO:teuthology.orchestra.run.smithi080.stdout:/usr/bin/ceph: stderr
2024-04-25T16:01:16.542+0000 7f361943f700 1 --2- 172.21.15.80:0/2905722098 >> [v2:172.21.15.80:3300/0,v1:172.21.15.80:6789/0] conn(0x7f361407ccc0 0x7f361410a170 secure :-1 s=READY pgs=52 cs=0 l=1 rev1=1 crypto rx=0x7f36040118e0 tx=0x7f3604011ca0 comp rx=0 tx=0).stop
2024-04-25T16:01:17.732 INFO:teuthology.orchestra.run.smithi080.stdout:/usr/bin/ceph: stderr
2024-04-25T16:01:16.543+0000 7f361943f700 1 -- 172.21.15.80:0/2905722098 shutdown_connections
2024-04-25T16:01:17.733 INFO:teuthology.orchestra.run.smithi080.stdout:/usr/bin/ceph: stderr
2024-04-25T16:01:16.543+0000 7f361943f700 1 --2- 172.21.15.80:0/2905722098 >> [v2:172.21.15.80:6800/4105172825,v1:172.21.15.80:6801/4105172825] conn(0x7f35fc03d680 0x7f35fc03fb90 unknown :-1 s=CLOSED pgs=14 cs=0 l=1 rev1=1 crypto rx=0 tx=0 comp rx=0 tx=0).stop
2024-04-25T16:01:17.733 INFO:teuthology.orchestra.run.smithi080.stdout:/usr/bin/ceph: stderr
2024-04-25T16:01:16.543+0000 7f361943f700 1 --2- 172.21.15.80:0/2905722098 >> [v2:172.21.15.80:3300/0,v1:172.21.15.80:6789/0] conn(0x7f361407ccc0 0x7f361410a170 unknown :-1 s=CLOSED pgs=52 cs=0 l=1 rev1=1 crypto rx=0 tx=0 comp rx=0 tx=0).stop
2024-04-25T16:01:17.733 INFO:teuthology.orchestra.run.smithi080.stdout:/usr/bin/ceph: stderr
2024-04-25T16:01:16.543+0000 7f361943f700 1 -- 172.21.15.80:0/2905722098 >> 172.21.15.80:0/2905722098 conn(0x7f36141044d0 msgr2=0x7f3614105de0 unknown :-1 s=STATE_NONE l=0).mark_down
2024-04-25T16:01:17.733 INFO:teuthology.orchestra.run.smithi080.stdout:/usr/bin/ceph: stderr
2024-04-25T16:01:16.543+0000 7f361943f700 1 -- 172.21.15.80:0/2905722098 shutdown_connections
2024-04-25T16:01:17.733 INFO:teuthology.orchestra.run.smithi080.stdout:/usr/bin/ceph: stderr
2024-04-25T16:01:16.543+0000 7f361943f700 1 -- 172.21.15.80:0/2905722098 wait complete.
2024-04-25T16:01:18.852 INFO:teuthology.orchestra.run.smithi080.stdout:/usr/bin/ceph: stderr
2024-04-25T16:01:18.126+0000 7f9c2afce700 1 Processor -- start
2024-04-25T16:01:18.852 INFO:teuthology.orchestra.run.smithi080.stdout:/usr/bin/ceph: stderr
2024-04-25T16:01:18.126+0000 7f9c2afce700 1 -- start start
2024-04-25T16:01:18.852 INFO:teuthology.orchestra.run.smithi080.stdout:/usr/bin/ceph: stderr
2024-04-25T16:01:18.126+0000 7f9c2afce700 1 --2- >> [v2:172.21.15.80:3300/0,v1:172.21.15.80:6789/0] conn(0x7f9c241081a0 0x7f9c241085b0 unknown :-1 s=NONE pgs=0 cs=0 l=0 rev1=0 crypto rx=0 tx=0 comp rx=0 tx=0).connect
2024-04-25T16:01:18.852 INFO:teuthology.orchestra.run.smithi080.stdout:/usr/bin/ceph: stderr
2024-04-25T16:01:18.126+0000 7f9c2afce700 1 -- --> [v2:172.21.15.80:3300/0,v1:172.21.15.80:6789/0] -- mon_getmap magic: 0 -- 0x7f9c24108ba0 con 0x7f9c241081a0
2024-04-25T16:01:18.853 INFO:teuthology.orchestra.run.smithi080.stdout:/usr/bin/ceph: stderr
2024-04-25T16:01:18.127+0000 7f9c28d6a700 1 --2- >> [v2:172.21.15.80:3300/0,v1:172.21.15.80:6789/0] conn(0x7f9c241081a0 0x7f9c241085b0 unknown :-1 s=BANNER_CONNECTING pgs=0 cs=0 l=0 rev1=0 crypto rx=0 tx=0 comp rx=0 tx=0)._handle_peer_banner_payload supported=3 required=0
2024-04-25T16:01:18.853 INFO:teuthology.orchestra.run.smithi080.stdout:/usr/bin/ceph: stderr
2024-04-25T16:01:18.127+0000 7f9c28d6a700 1 --2- >> [v2:172.21.15.80:3300/0,v1:172.21.15.80:6789/0] conn(0x7f9c241081a0 0x7f9c241085b0 unknown :-1 s=HELLO_CONNECTING pgs=0 cs=0 l=0 rev1=1 crypto rx=0 tx=0 comp rx=0 tx=0).handle_hello peer v2:172.21.15.80:3300/0 says I am v2:172.21.15.80:38328/0 (socket says 172.21.15.80:38328)
2024-04-25T16:01:18.853 INFO:teuthology.orchestra.run.smithi080.stdout:/usr/bin/ceph: stderr
2024-04-25T16:01:18.127+0000 7f9c28d6a700 1 -- 172.21.15.80:0/2754427141 learned_addr learned my addr 172.21.15.80:0/2754427141 (peer_addr_for_me v2:172.21.15.80:0/0)
2024-04-25T16:01:18.853 INFO:teuthology.orchestra.run.smithi080.stdout:/usr/bin/ceph: stderr
2024-04-25T16:01:18.127+0000 7f9c28d6a700 1 -- 172.21.15.80:0/2754427141 --> [v2:172.21.15.80:3300/0,v1:172.21.15.80:6789/0] -- mon_subscribe({config=0+,monmap=0+}) -- 0x7f9c24108d20 con 0x7f9c241081a0
2024-04-25T16:01:18.853 INFO:teuthology.orchestra.run.smithi080.stdout:/usr/bin/ceph: stderr
2024-04-25T16:01:18.127+0000 7f9c28d6a700 1 --2- 172.21.15.80:0/2754427141 >> [v2:172.21.15.80:3300/0,v1:172.21.15.80:6789/0] conn(0x7f9c241081a0 0x7f9c241085b0 secure :-1 s=READY pgs=53 cs=0 l=1 rev1=1 crypto rx=0x7f9c20009e80 tx=0x7f9c2000b330 comp rx=0 tx=0).ready entity=mon.0 client_cookie=99eba58e93d8301e server_cookie=0 in_seq=0 out_seq=0
2024-04-25T16:01:18.853 INFO:teuthology.orchestra.run.smithi080.stdout:/usr/bin/ceph: stderr
2024-04-25T16:01:18.127+0000 7f9c1b7fe700 1 -- 172.21.15.80:0/2754427141 <== mon.0 v2:172.21.15.80:3300/0 1 ==== mon_map magic: 0 ==== 205+0+0 (secure 0 0 0) 0x7f9c20017070 con 0x7f9c241081a0
2024-04-25T16:01:18.853 INFO:teuthology.orchestra.run.smithi080.stdout:/usr/bin/ceph: stderr
2024-04-25T16:01:18.127+0000 7f9c1b7fe700 1 -- 172.21.15.80:0/2754427141 <== mon.0 v2:172.21.15.80:3300/0 2 ==== config(28 keys) ==== 1170+0+0 (secure 0 0 0) 0x7f9c2000b8c0 con 0x7f9c241081a0
2024-04-25T16:01:18.853 INFO:teuthology.orchestra.run.smithi080.stdout:/usr/bin/ceph: stderr
2024-04-25T16:01:18.127+0000 7f9c1b7fe700 1 -- 172.21.15.80:0/2754427141 <== mon.0 v2:172.21.15.80:3300/0 3 ==== mon_map magic: 0 ==== 205+0+0 (secure 0 0 0) 0x7f9c20004580 con 0x7f9c241081a0
2024-04-25T16:01:18.853 INFO:teuthology.orchestra.run.smithi080.stdout:/usr/bin/ceph: stderr
2024-04-25T16:01:18.128+0000 7f9c2afce700 1 -- 172.21.15.80:0/2754427141 >> [v2:172.21.15.80:3300/0,v1:172.21.15.80:6789/0] conn(0x7f9c241081a0 msgr2=0x7f9c241085b0 secure :-1 s=STATE_CONNECTION_ESTABLISHED l=1).mark_down
2024-04-25T16:01:18.853 INFO:teuthology.orchestra.run.smithi080.stdout:/usr/bin/ceph: stderr
2024-04-25T16:01:18.128+0000 7f9c2afce700 1 --2- 172.21.15.80:0/2754427141 >> [v2:172.21.15.80:3300/0,v1:172.21.15.80:6789/0] conn(0x7f9c241081a0 0x7f9c241085b0 secure :-1 s=READY pgs=53 cs=0 l=1 rev1=1 crypto rx=0x7f9c20009e80 tx=0x7f9c2000b330 comp rx=0 tx=0).stop
2024-04-25T16:01:18.853 INFO:teuthology.orchestra.run.smithi080.stdout:/usr/bin/ceph: stderr
2024-04-25T16:01:18.128+0000 7f9c2afce700 1 -- 172.21.15.80:0/2754427141 shutdown_connections
2024-04-25T16:01:18.853 INFO:teuthology.orchestra.run.smithi080.stdout:/usr/bin/ceph: stderr
2024-04-25T16:01:18.128+0000 7f9c2afce700 1 --2- 172.21.15.80:0/2754427141 >> [v2:172.21.15.80:3300/0,v1:172.21.15.80:6789/0] conn(0x7f9c241081a0 0x7f9c241085b0 unknown :-1 s=CLOSED pgs=53 cs=0 l=1 rev1=1 crypto rx=0 tx=0 comp rx=0 tx=0).stop
2024-04-25T16:01:18.853 INFO:teuthology.orchestra.run.smithi080.stdout:/usr/bin/ceph: stderr
2024-04-25T16:01:18.128+0000 7f9c2afce700 1 -- 172.21.15.80:0/2754427141 >> 172.21.15.80:0/2754427141 conn(0x7f9c24103c20 msgr2=0x7f9c24106070 unknown :-1 s=STATE_NONE l=0).mark_down
2024-04-25T16:01:18.853 INFO:teuthology.orchestra.run.smithi080.stdout:/usr/bin/ceph: stderr
2024-04-25T16:01:18.128+0000 7f9c2afce700 1 -- 172.21.15.80:0/2754427141 shutdown_connections
2024-04-25T16:01:18.853 INFO:teuthology.orchestra.run.smithi080.stdout:/usr/bin/ceph: stderr
2024-04-25T16:01:18.128+0000 7f9c2afce700 1 -- 172.21.15.80:0/2754427141 wait complete.
2024-04-25T16:01:18.854 INFO:teuthology.orchestra.run.smithi080.stdout:/usr/bin/ceph: stderr
2024-04-25T16:01:18.129+0000 7f9c2afce700 1 Processor -- start
2024-04-25T16:01:18.854 INFO:teuthology.orchestra.run.smithi080.stdout:/usr/bin/ceph: stderr
2024-04-25T16:01:18.129+0000 7f9c2afce700 1 -- start start
2024-04-25T16:01:18.854 INFO:teuthology.orchestra.run.smithi080.stdout:/usr/bin/ceph: stderr
2024-04-25T16:01:18.129+0000 7f9c2afce700 1 --2- >> [v2:172.21.15.80:3300/0,v1:172.21.15.80:6789/0] conn(0x7f9c241081a0 0x7f9c2419e240 unknown :-1 s=NONE pgs=0 cs=0 l=1 rev1=0 crypto rx=0 tx=0 comp rx=0 tx=0).connect
2024-04-25T16:01:18.854 INFO:teuthology.orchestra.run.smithi080.stdout:/usr/bin/ceph: stderr
2024-04-25T16:01:18.129+0000 7f9c2afce700 1 -- --> [v2:172.21.15.80:3300/0,v1:172.21.15.80:6789/0] -- mon_getmap magic: 0 -- 0x7f9c2410e2d0 con 0x7f9c241081a0
2024-04-25T16:01:18.854 INFO:teuthology.orchestra.run.smithi080.stdout:/usr/bin/ceph: stderr
2024-04-25T16:01:18.129+0000 7f9c28d6a700 1 --2- >> [v2:172.21.15.80:3300/0,v1:172.21.15.80:6789/0] conn(0x7f9c241081a0 0x7f9c2419e240 unknown :-1 s=BANNER_CONNECTING pgs=0 cs=0 l=1 rev1=0 crypto rx=0 tx=0 comp rx=0 tx=0)._handle_peer_banner_payload supported=3 required=0
2024-04-25T16:01:18.854 INFO:teuthology.orchestra.run.smithi080.stdout:/usr/bin/ceph: stderr
2024-04-25T16:01:18.129+0000 7f9c28d6a700 1 --2- >> [v2:172.21.15.80:3300/0,v1:172.21.15.80:6789/0] conn(0x7f9c241081a0 0x7f9c2419e240 unknown :-1 s=HELLO_CONNECTING pgs=0 cs=0 l=1 rev1=1 crypto rx=0 tx=0 comp rx=0 tx=0).handle_hello peer v2:172.21.15.80:3300/0 says I am v2:172.21.15.80:38338/0 (socket says 172.21.15.80:38338)
2024-04-25T16:01:18.854 INFO:teuthology.orchestra.run.smithi080.stdout:/usr/bin/ceph: stderr
2024-04-25T16:01:18.129+0000 7f9c28d6a700 1 -- 172.21.15.80:0/880032249 learned_addr learned my addr 172.21.15.80:0/880032249 (peer_addr_for_me v2:172.21.15.80:0/0)
2024-04-25T16:01:18.854 INFO:teuthology.orchestra.run.smithi080.stdout:/usr/bin/ceph: stderr
2024-04-25T16:01:18.129+0000 7f9c28d6a700 1 -- 172.21.15.80:0/880032249 --> [v2:172.21.15.80:3300/0,v1:172.21.15.80:6789/0] -- mon_subscribe({config=0+,monmap=0+}) -- 0x7f9c2419e780 con 0x7f9c241081a0
2024-04-25T16:01:18.854 INFO:teuthology.orchestra.run.smithi080.stdout:/usr/bin/ceph: stderr
2024-04-25T16:01:18.129+0000 7f9c28d6a700 1 --2- 172.21.15.80:0/880032249 >> [v2:172.21.15.80:3300/0,v1:172.21.15.80:6789/0] conn(0x7f9c241081a0 0x7f9c2419e240 secure :-1 s=READY pgs=54 cs=0 l=1 rev1=1 crypto rx=0x7f9c20009e50 tx=0x7f9c20003d00 comp rx=0 tx=0).ready entity=mon.0 client_cookie=0 server_cookie=0 in_seq=0 out_seq=0
2024-04-25T16:01:18.854 INFO:teuthology.orchestra.run.smithi080.stdout:/usr/bin/ceph: stderr
