2024-04-25T16:02:17.353+0000 7f6c47fff700 1 --2- 172.21.15.122:0/1121558976 >> [v2:172.21.15.122:6800/608183200,v1:172.21.15.122:6801/608183200] conn(0x7f6c380368f0 0x7f6c38038da0 unknown :-1 s=START_CONNECT pgs=0 cs=0 l=1 rev1=0 crypto rx=0 tx=0 comp rx=0 tx=0)._fault waiting 0.200000
2024-04-25T16:02:23.014 INFO:teuthology.orchestra.run.smithi122.stdout:/usr/bin/ceph: stderr
2024-04-25T16:02:17.554+0000 7f6c47fff700 1 -- 172.21.15.122:0/1121558976 >> [v2:172.21.15.122:6800/608183200,v1:172.21.15.122:6801/608183200] conn(0x7f6c380368f0 msgr2=0x7f6c38038da0 unknown :-1 s=STATE_CONNECTING_RE l=1).process reconnect failed to v2:172.21.15.122:6800/608183200
2024-04-25T16:02:23.014 INFO:teuthology.orchestra.run.smithi122.stdout:/usr/bin/ceph: stderr
2024-04-25T16:02:17.554+0000 7f6c47fff700 1 --2- 172.21.15.122:0/1121558976 >> [v2:172.21.15.122:6800/608183200,v1:172.21.15.122:6801/608183200] conn(0x7f6c380368f0 0x7f6c38038da0 unknown :-1 s=START_CONNECT pgs=0 cs=0 l=1 rev1=0 crypto rx=0 tx=0 comp rx=0 tx=0)._fault waiting 0.400000
2024-04-25T16:02:23.014 INFO:teuthology.orchestra.run.smithi122.stdout:/usr/bin/ceph: stderr
2024-04-25T16:02:17.955+0000 7f6c47fff700 1 -- 172.21.15.122:0/1121558976 >> [v2:172.21.15.122:6800/608183200,v1:172.21.15.122:6801/608183200] conn(0x7f6c380368f0 msgr2=0x7f6c38038da0 unknown :-1 s=STATE_CONNECTING_RE l=1).process reconnect failed to v2:172.21.15.122:6800/608183200
2024-04-25T16:02:23.014 INFO:teuthology.orchestra.run.smithi122.stdout:/usr/bin/ceph: stderr
2024-04-25T16:02:17.955+0000 7f6c47fff700 1 --2- 172.21.15.122:0/1121558976 >> [v2:172.21.15.122:6800/608183200,v1:172.21.15.122:6801/608183200] conn(0x7f6c380368f0 0x7f6c38038da0 unknown :-1 s=START_CONNECT pgs=0 cs=0 l=1 rev1=0 crypto rx=0 tx=0 comp rx=0 tx=0)._fault waiting 0.800000
2024-04-25T16:02:23.014 INFO:teuthology.orchestra.run.smithi122.stdout:/usr/bin/ceph: stderr
2024-04-25T16:02:18.756+0000 7f6c47fff700 1 -- 172.21.15.122:0/1121558976 >> [v2:172.21.15.122:6800/608183200,v1:172.21.15.122:6801/608183200] conn(0x7f6c380368f0 msgr2=0x7f6c38038da0 unknown :-1 s=STATE_CONNECTING_RE l=1).process reconnect failed to v2:172.21.15.122:6800/608183200
2024-04-25T16:02:23.014 INFO:teuthology.orchestra.run.smithi122.stdout:/usr/bin/ceph: stderr
2024-04-25T16:02:18.756+0000 7f6c47fff700 1 --2- 172.21.15.122:0/1121558976 >> [v2:172.21.15.122:6800/608183200,v1:172.21.15.122:6801/608183200] conn(0x7f6c380368f0 0x7f6c38038da0 unknown :-1 s=START_CONNECT pgs=0 cs=0 l=1 rev1=0 crypto rx=0 tx=0 comp rx=0 tx=0)._fault waiting 1.600000
2024-04-25T16:02:23.014 INFO:teuthology.orchestra.run.smithi122.stdout:/usr/bin/ceph: stderr
2024-04-25T16:02:20.357+0000 7f6c47fff700 1 -- 172.21.15.122:0/1121558976 >> [v2:172.21.15.122:6800/608183200,v1:172.21.15.122:6801/608183200] conn(0x7f6c380368f0 msgr2=0x7f6c38038da0 unknown :-1 s=STATE_CONNECTING_RE l=1).process reconnect failed to v2:172.21.15.122:6800/608183200
2024-04-25T16:02:23.014 INFO:teuthology.orchestra.run.smithi122.stdout:/usr/bin/ceph: stderr
2024-04-25T16:02:20.357+0000 7f6c47fff700 1 --2- 172.21.15.122:0/1121558976 >> [v2:172.21.15.122:6800/608183200,v1:172.21.15.122:6801/608183200] conn(0x7f6c380368f0 0x7f6c38038da0 unknown :-1 s=START_CONNECT pgs=0 cs=0 l=1 rev1=0 crypto rx=0 tx=0 comp rx=0 tx=0)._fault waiting 3.200000
2024-04-25T16:02:23.014 INFO:teuthology.orchestra.run.smithi122.stdout:/usr/bin/ceph: stderr
2024-04-25T16:02:21.340+0000 7f6c457fa700 1 -- 172.21.15.122:0/1121558976 <== mon.0 v2:172.21.15.122:3300/0 6 ==== mgrmap(e 10) v1 ==== 43156+0+0 (secure 0 0 0) 0x7f6c3c022770 con 0x7f6c48101750
2024-04-25T16:02:23.014 INFO:teuthology.orchestra.run.smithi122.stdout:/usr/bin/ceph: stderr
2024-04-25T16:02:21.340+0000 7f6c457fa700 1 -- 172.21.15.122:0/1121558976 >> [v2:172.21.15.122:6800/608183200,v1:172.21.15.122:6801/608183200] conn(0x7f6c380368f0 msgr2=0x7f6c38038da0 unknown :-1 s=STATE_CONNECTING l=1).mark_down
2024-04-25T16:02:23.014 INFO:teuthology.orchestra.run.smithi122.stdout:/usr/bin/ceph: stderr
2024-04-25T16:02:21.340+0000 7f6c457fa700 1 --2- 172.21.15.122:0/1121558976 >> [v2:172.21.15.122:6800/608183200,v1:172.21.15.122:6801/608183200] conn(0x7f6c380368f0 0x7f6c38038da0 unknown :-1 s=START_CONNECT pgs=0 cs=0 l=1 rev1=0 crypto rx=0 tx=0 comp rx=0 tx=0).stop
2024-04-25T16:02:23.014 INFO:teuthology.orchestra.run.smithi122.stdout:/usr/bin/ceph: stderr
2024-04-25T16:02:22.341+0000 7f6c457fa700 1 -- 172.21.15.122:0/1121558976 <== mon.0 v2:172.21.15.122:3300/0 7 ==== mgrmap(e 11) v1 ==== 43283+0+0 (secure 0 0 0) 0x7f6c3c015d70 con 0x7f6c48101750
2024-04-25T16:02:23.014 INFO:teuthology.orchestra.run.smithi122.stdout:/usr/bin/ceph: stderr
2024-04-25T16:02:22.341+0000 7f6c457fa700 1 --2- 172.21.15.122:0/1121558976 >> [v2:172.21.15.122:6800/137220040,v1:172.21.15.122:6801/137220040] conn(0x7f6c38039fc0 0x7f6c3803c3a0 unknown :-1 s=NONE pgs=0 cs=0 l=1 rev1=0 crypto rx=0 tx=0 comp rx=0 tx=0).connect
2024-04-25T16:02:23.014 INFO:teuthology.orchestra.run.smithi122.stdout:/usr/bin/ceph: stderr
2024-04-25T16:02:22.341+0000 7f6c457fa700 1 -- 172.21.15.122:0/1121558976 --> [v2:172.21.15.122:6800/137220040,v1:172.21.15.122:6801/137220040] -- command(tid 0: {"prefix": "get_command_descriptions"}) v1 -- 0x7f6c3c018e90 con 0x7f6c38039fc0
2024-04-25T16:02:23.015 INFO:teuthology.orchestra.run.smithi122.stdout:/usr/bin/ceph: stderr
2024-04-25T16:02:22.342+0000 7f6c47fff700 1 --2- 172.21.15.122:0/1121558976 >> [v2:172.21.15.122:6800/137220040,v1:172.21.15.122:6801/137220040] conn(0x7f6c38039fc0 0x7f6c3803c3a0 unknown :-1 s=BANNER_CONNECTING pgs=0 cs=0 l=1 rev1=0 crypto rx=0 tx=0 comp rx=0 tx=0)._handle_peer_banner_payload supported=3 required=0
2024-04-25T16:02:23.015 INFO:teuthology.orchestra.run.smithi122.stdout:/usr/bin/ceph: stderr
2024-04-25T16:02:22.342+0000 7f6c47fff700 1 --2- 172.21.15.122:0/1121558976 >> [v2:172.21.15.122:6800/137220040,v1:172.21.15.122:6801/137220040] conn(0x7f6c38039fc0 0x7f6c3803c3a0 secure :-1 s=READY pgs=1 cs=0 l=1 rev1=1 crypto rx=0x7f6c340039d0 tx=0x7f6c340092f0 comp rx=0 tx=0).ready entity=mgr.14160 client_cookie=0 server_cookie=0 in_seq=0 out_seq=0
2024-04-25T16:02:23.015 INFO:teuthology.orchestra.run.smithi122.stdout:/usr/bin/ceph: stderr
2024-04-25T16:02:22.343+0000 7f6c457fa700 1 -- 172.21.15.122:0/1121558976 <== mgr.14160 v2:172.21.15.122:6800/137220040 1 ==== command_reply(tid 0: 0 ) v1 ==== 8+0+6549 (secure 0 0 0) 0x7f6c3c018e90 con 0x7f6c38039fc0
2024-04-25T16:02:23.015 INFO:teuthology.orchestra.run.smithi122.stdout:/usr/bin/ceph: stderr
2024-04-25T16:02:22.349+0000 7f6c4eaec700 1 -- 172.21.15.122:0/1121558976 --> [v2:172.21.15.122:6800/137220040,v1:172.21.15.122:6801/137220040] -- command(tid 1: {"prefix": "mgr_status"}) v1 -- 0x7f6c48114390 con 0x7f6c38039fc0
2024-04-25T16:02:23.015 INFO:teuthology.orchestra.run.smithi122.stdout:/usr/bin/ceph: stderr
2024-04-25T16:02:22.349+0000 7f6c457fa700 1 -- 172.21.15.122:0/1121558976 <== mgr.14160 v2:172.21.15.122:6800/137220040 2 ==== command_reply(tid 1: 0 ) v1 ==== 8+0+52 (secure 0 0 0) 0x7f6c48114390 con 0x7f6c38039fc0
2024-04-25T16:02:23.015 INFO:teuthology.orchestra.run.smithi122.stdout:/usr/bin/ceph: stderr
2024-04-25T16:02:22.349+0000 7f6c4eaec700 1 -- 172.21.15.122:0/1121558976 >> [v2:172.21.15.122:6800/137220040,v1:172.21.15.122:6801/137220040] conn(0x7f6c38039fc0 msgr2=0x7f6c3803c3a0 secure :-1 s=STATE_CONNECTION_ESTABLISHED l=1).mark_down
2024-04-25T16:02:23.015 INFO:teuthology.orchestra.run.smithi122.stdout:/usr/bin/ceph: stderr
2024-04-25T16:02:22.349+0000 7f6c4eaec700 1 --2- 172.21.15.122:0/1121558976 >> [v2:172.21.15.122:6800/137220040,v1:172.21.15.122:6801/137220040] conn(0x7f6c38039fc0 0x7f6c3803c3a0 secure :-1 s=READY pgs=1 cs=0 l=1 rev1=1 crypto rx=0x7f6c340039d0 tx=0x7f6c340092f0 comp rx=0 tx=0).stop
2024-04-25T16:02:23.015 INFO:teuthology.orchestra.run.smithi122.stdout:/usr/bin/ceph: stderr
2024-04-25T16:02:22.349+0000 7f6c4eaec700 1 -- 172.21.15.122:0/1121558976 >> [v2:172.21.15.122:3300/0,v1:172.21.15.122:6789/0] conn(0x7f6c48101750 msgr2=0x7f6c481137c0 secure :-1 s=STATE_CONNECTION_ESTABLISHED l=1).mark_down
2024-04-25T16:02:23.015 INFO:teuthology.orchestra.run.smithi122.stdout:/usr/bin/ceph: stderr
2024-04-25T16:02:22.349+0000 7f6c4eaec700 1 --2- 172.21.15.122:0/1121558976 >> [v2:172.21.15.122:3300/0,v1:172.21.15.122:6789/0] conn(0x7f6c48101750 0x7f6c481137c0 secure :-1 s=READY pgs=70 cs=0 l=1 rev1=1 crypto rx=0x7f6c3c0106a0 tx=0x7f6c3c00b4f0 comp rx=0 tx=0).stop
2024-04-25T16:02:23.015 INFO:teuthology.orchestra.run.smithi122.stdout:/usr/bin/ceph: stderr
2024-04-25T16:02:22.349+0000 7f6c4eaec700 1 -- 172.21.15.122:0/1121558976 shutdown_connections
2024-04-25T16:02:23.015 INFO:teuthology.orchestra.run.smithi122.stdout:/usr/bin/ceph: stderr
2024-04-25T16:02:22.349+0000 7f6c4eaec700 1 --2- 172.21.15.122:0/1121558976 >> [v2:172.21.15.122:6800/137220040,v1:172.21.15.122:6801/137220040] conn(0x7f6c38039fc0 0x7f6c3803c3a0 unknown :-1 s=CLOSED pgs=1 cs=0 l=1 rev1=1 crypto rx=0 tx=0 comp rx=0 tx=0).stop
2024-04-25T16:02:23.015 INFO:teuthology.orchestra.run.smithi122.stdout:/usr/bin/ceph: stderr
2024-04-25T16:02:22.349+0000 7f6c4eaec700 1 --2- 172.21.15.122:0/1121558976 >> [v2:172.21.15.122:3300/0,v1:172.21.15.122:6789/0] conn(0x7f6c48101750 0x7f6c481137c0 unknown :-1 s=CLOSED pgs=70 cs=0 l=1 rev1=1 crypto rx=0 tx=0 comp rx=0 tx=0).stop
2024-04-25T16:02:23.015 INFO:teuthology.orchestra.run.smithi122.stdout:/usr/bin/ceph: stderr
2024-04-25T16:02:22.349+0000 7f6c4eaec700 1 --2- 172.21.15.122:0/1121558976 >> [v2:172.21.15.122:6800/608183200,v1:172.21.15.122:6801/608183200] conn(0x7f6c380368f0 0x7f6c38038da0 unknown :-1 s=CLOSED pgs=0 cs=0 l=1 rev1=0 crypto rx=0 tx=0 comp rx=0 tx=0).stop
2024-04-25T16:02:23.015 INFO:teuthology.orchestra.run.smithi122.stdout:/usr/bin/ceph: stderr
2024-04-25T16:02:22.349+0000 7f6c4eaec700 1 -- 172.21.15.122:0/1121558976 >> 172.21.15.122:0/1121558976 conn(0x7f6c480fcef0 msgr2=0x7f6c48105be0 unknown :-1 s=STATE_NONE l=0).mark_down
2024-04-25T16:02:23.015 INFO:teuthology.orchestra.run.smithi122.stdout:/usr/bin/ceph: stderr
2024-04-25T16:02:22.349+0000 7f6c4eaec700 1 -- 172.21.15.122:0/1121558976 shutdown_connections
2024-04-25T16:02:23.016 INFO:teuthology.orchestra.run.smithi122.stdout:/usr/bin/ceph: stderr
2024-04-25T16:02:22.349+0000 7f6c4eaec700 1 -- 172.21.15.122:0/1121558976 wait complete.
2024-04-25T16:02:23.016 INFO:teuthology.orchestra.run.smithi122.stdout:mgr epoch 9 is available
2024-04-25T16:02:23.016 INFO:teuthology.orchestra.run.smithi122.stdout:Generating a dashboard self-signed certificate...
2024-04-25T16:02:24.304 INFO:journalctl@ceph.mon.smithi122.smithi122.stdout:Apr 25 16:02:23 smithi122 ceph-mon[26387]: from='client.14164 -' entity='client.admin' cmd=[{"prefix": "get_command_descriptions"}]: dispatch
2024-04-25T16:02:24.304 INFO:journalctl@ceph.mon.smithi122.smithi122.stdout:Apr 25 16:02:23 smithi122 ceph-mon[26387]: from='client.14164 -' entity='client.admin' cmd=[{"prefix": "mgr_status"}]: dispatch
2024-04-25T16:02:24.305 INFO:journalctl@ceph.mon.smithi122.smithi122.stdout:Apr 25 16:02:23 smithi122 ceph-mon[26387]: from='mgr.14160 172.21.15.122:0/1220514275' entity='mgr.smithi122.vsnwlx'
2024-04-25T16:02:24.305 INFO:journalctl@ceph.mon.smithi122.smithi122.stdout:Apr 25 16:02:23 smithi122 ceph-mon[26387]: from='mgr.14160 172.21.15.122:0/1220514275' entity='mgr.smithi122.vsnwlx'
2024-04-25T16:02:24.305 INFO:journalctl@ceph.mon.smithi122.smithi122.stdout:Apr 25 16:02:23 smithi122 ceph-mon[26387]: from='mgr.14160 172.21.15.122:0/1220514275' entity='mgr.smithi122.vsnwlx'
2024-04-25T16:02:24.382 INFO:teuthology.orchestra.run.smithi122.stdout:/usr/bin/ceph: stdout Self-signed certificate created
2024-04-25T16:02:24.382 INFO:teuthology.orchestra.run.smithi122.stdout:/usr/bin/ceph: stderr
2024-04-25T16:02:23.439+0000 7efe6c663700 1 Processor -- start
2024-04-25T16:02:24.382 INFO:teuthology.orchestra.run.smithi122.stdout:/usr/bin/ceph: stderr
2024-04-25T16:02:23.439+0000 7efe6c663700 1 -- start start
2024-04-25T16:02:24.382 INFO:teuthology.orchestra.run.smithi122.stdout:/usr/bin/ceph: stderr
2024-04-25T16:02:23.440+0000 7efe6c663700 1 --2- >> [v2:172.21.15.122:3300/0,v1:172.21.15.122:6789/0] conn(0x7efe64101730 0x7efe64101b40 unknown :-1 s=NONE pgs=0 cs=0 l=0 rev1=0 crypto rx=0 tx=0 comp rx=0 tx=0).connect
2024-04-25T16:02:24.382 INFO:teuthology.orchestra.run.smithi122.stdout:/usr/bin/ceph: stderr
2024-04-25T16:02:23.440+0000 7efe6c663700 1 -- --> [v2:172.21.15.122:3300/0,v1:172.21.15.122:6789/0] -- mon_getmap magic: 0 v1 -- 0x7efe64102080 con 0x7efe64101730
2024-04-25T16:02:24.382 INFO:teuthology.orchestra.run.smithi122.stdout:/usr/bin/ceph: stderr
2024-04-25T16:02:23.440+0000 7efe6a3ff700 1 --2- >> [v2:172.21.15.122:3300/0,v1:172.21.15.122:6789/0] conn(0x7efe64101730 0x7efe64101b40 unknown :-1 s=BANNER_CONNECTING pgs=0 cs=0 l=0 rev1=0 crypto rx=0 tx=0 comp rx=0 tx=0)._handle_peer_banner_payload supported=3 required=0
2024-04-25T16:02:24.382 INFO:teuthology.orchestra.run.smithi122.stdout:/usr/bin/ceph: stderr
2024-04-25T16:02:23.440+0000 7efe6a3ff700 1 --2- >> [v2:172.21.15.122:3300/0,v1:172.21.15.122:6789/0] conn(0x7efe64101730 0x7efe64101b40 unknown :-1 s=HELLO_CONNECTING pgs=0 cs=0 l=0 rev1=1 crypto rx=0 tx=0 comp rx=0 tx=0).handle_hello peer v2:172.21.15.122:3300/0 says I am v2:172.21.15.122:40296/0 (socket says 172.21.15.122:40296)
2024-04-25T16:02:24.382 INFO:teuthology.orchestra.run.smithi122.stdout:/usr/bin/ceph: stderr
2024-04-25T16:02:23.440+0000 7efe6a3ff700 1 -- 172.21.15.122:0/2779138267 learned_addr learned my addr 172.21.15.122:0/2779138267 (peer_addr_for_me v2:172.21.15.122:0/0)
2024-04-25T16:02:24.382 INFO:teuthology.orchestra.run.smithi122.stdout:/usr/bin/ceph: stderr
2024-04-25T16:02:23.440+0000 7efe6a3ff700 1 -- 172.21.15.122:0/2779138267 --> [v2:172.21.15.122:3300/0,v1:172.21.15.122:6789/0] -- mon_subscribe({config=0+,monmap=0+}) v3 -- 0x7efe641021c0 con 0x7efe64101730
2024-04-25T16:02:24.382 INFO:teuthology.orchestra.run.smithi122.stdout:/usr/bin/ceph: stderr
2024-04-25T16:02:23.440+0000 7efe6a3ff700 1 --2- 172.21.15.122:0/2779138267 >> [v2:172.21.15.122:3300/0,v1:172.21.15.122:6789/0] conn(0x7efe64101730 0x7efe64101b40 secure :-1 s=READY pgs=78 cs=0 l=1 rev1=1 crypto rx=0x7efe600098e0 tx=0x7efe60009250 comp rx=0 tx=0).ready entity=mon.0 client_cookie=30a48e3fc45c93b2 server_cookie=0 in_seq=0 out_seq=0
2024-04-25T16:02:24.383 INFO:teuthology.orchestra.run.smithi122.stdout:/usr/bin/ceph: stderr
2024-04-25T16:02:23.440+0000 7efe693fd700 1 -- 172.21.15.122:0/2779138267 <== mon.0 v2:172.21.15.122:3300/0 1 ==== mon_map magic: 0 v1 ==== 229+0+0 (secure 0 0 0) 0x7efe6000b860 con 0x7efe64101730
2024-04-25T16:02:24.383 INFO:teuthology.orchestra.run.smithi122.stdout:/usr/bin/ceph: stderr
2024-04-25T16:02:23.441+0000 7efe693fd700 1 -- 172.21.15.122:0/2779138267 <== mon.0 v2:172.21.15.122:3300/0 2 ==== config(27 keys) v1 ==== 1109+0+0 (secure 0 0 0) 0x7efe6000be90 con 0x7efe64101730
2024-04-25T16:02:24.383 INFO:teuthology.orchestra.run.smithi122.stdout:/usr/bin/ceph: stderr
2024-04-25T16:02:23.441+0000 7efe693fd700 1 -- 172.21.15.122:0/2779138267 <== mon.0 v2:172.21.15.122:3300/0 3 ==== mon_map magic: 0 v1 ==== 229+0+0 (secure 0 0 0) 0x7efe600103c0 con 0x7efe64101730
2024-04-25T16:02:24.383 INFO:teuthology.orchestra.run.smithi122.stdout:/usr/bin/ceph: stderr
2024-04-25T16:02:23.441+0000 7efe6c663700 1 -- 172.21.15.122:0/2779138267 >> [v2:172.21.15.122:3300/0,v1:172.21.15.122:6789/0] conn(0x7efe64101730 msgr2=0x7efe64101b40 secure :-1 s=STATE_CONNECTION_ESTABLISHED l=1).mark_down
2024-04-25T16:02:24.383 INFO:teuthology.orchestra.run.smithi122.stdout:/usr/bin/ceph: stderr
2024-04-25T16:02:23.441+0000 7efe6c663700 1 --2- 172.21.15.122:0/2779138267 >> [v2:172.21.15.122:3300/0,v1:172.21.15.122:6789/0] conn(0x7efe64101730 0x7efe64101b40 secure :-1 s=READY pgs=78 cs=0 l=1 rev1=1 crypto rx=0x7efe600098e0 tx=0x7efe60009250 comp rx=0 tx=0).stop
2024-04-25T16:02:24.383 INFO:teuthology.orchestra.run.smithi122.stdout:/usr/bin/ceph: stderr
2024-04-25T16:02:23.441+0000 7efe6c663700 1 -- 172.21.15.122:0/2779138267 shutdown_connections
2024-04-25T16:02:24.383 INFO:teuthology.orchestra.run.smithi122.stdout:/usr/bin/ceph: stderr
2024-04-25T16:02:23.441+0000 7efe6c663700 1 --2- 172.21.15.122:0/2779138267 >> [v2:172.21.15.122:3300/0,v1:172.21.15.122:6789/0] conn(0x7efe64101730 0x7efe64101b40 unknown :-1 s=CLOSED pgs=78 cs=0 l=1 rev1=1 crypto rx=0 tx=0 comp rx=0 tx=0).stop
2024-04-25T16:02:24.383 INFO:teuthology.orchestra.run.smithi122.stdout:/usr/bin/ceph: stderr
2024-04-25T16:02:23.441+0000 7efe6c663700 1 -- 172.21.15.122:0/2779138267 >> 172.21.15.122:0/2779138267 conn(0x7efe640fcef0 msgr2=0x7efe640ff300 unknown :-1 s=STATE_NONE l=0).mark_down
2024-04-25T16:02:24.383 INFO:teuthology.orchestra.run.smithi122.stdout:/usr/bin/ceph: stderr
2024-04-25T16:02:23.441+0000 7efe6c663700 1 -- 172.21.15.122:0/2779138267 shutdown_connections
2024-04-25T16:02:24.383 INFO:teuthology.orchestra.run.smithi122.stdout:/usr/bin/ceph: stderr
2024-04-25T16:02:23.441+0000 7efe6c663700 1 -- 172.21.15.122:0/2779138267 wait complete.
2024-04-25T16:02:24.383 INFO:teuthology.orchestra.run.smithi122.stdout:/usr/bin/ceph: stderr
2024-04-25T16:02:23.442+0000 7efe6c663700 1 Processor -- start
2024-04-25T16:02:24.383 INFO:teuthology.orchestra.run.smithi122.stdout:/usr/bin/ceph: stderr
2024-04-25T16:02:23.442+0000 7efe6c663700 1 -- start start
2024-04-25T16:02:24.384 INFO:teuthology.orchestra.run.smithi122.stdout:/usr/bin/ceph: stderr
2024-04-25T16:02:23.442+0000 7efe6c663700 1 --2- >> [v2:172.21.15.122:3300/0,v1:172.21.15.122:6789/0] conn(0x7efe64101730 0x7efe64110530 unknown :-1 s=NONE pgs=0 cs=0 l=1 rev1=0 crypto rx=0 tx=0 comp rx=0 tx=0).connect
2024-04-25T16:02:24.384 INFO:teuthology.orchestra.run.smithi122.stdout:/usr/bin/ceph: stderr
2024-04-25T16:02:23.442+0000 7efe6c663700 1 -- --> [v2:172.21.15.122:3300/0,v1:172.21.15.122:6789/0] -- mon_getmap magic: 0 v1 -- 0x7efe64110a70 con 0x7efe64101730
2024-04-25T16:02:24.384 INFO:teuthology.orchestra.run.smithi122.stdout:/usr/bin/ceph: stderr
2024-04-25T16:02:23.442+0000 7efe6a3ff700 1 --2- >> [v2:172.21.15.122:3300/0,v1:172.21.15.122:6789/0] conn(0x7efe64101730 0x7efe64110530 unknown :-1 s=BANNER_CONNECTING pgs=0 cs=0 l=1 rev1=0 crypto rx=0 tx=0 comp rx=0 tx=0)._handle_peer_banner_payload supported=3 required=0
2024-04-25T16:02:24.384 INFO:teuthology.orchestra.run.smithi122.stdout:/usr/bin/ceph: stderr
2024-04-25T16:02:23.442+0000 7efe6a3ff700 1 --2- >> [v2:172.21.15.122:3300/0,v1:172.21.15.122:6789/0] conn(0x7efe64101730 0x7efe64110530 unknown :-1 s=HELLO_CONNECTING pgs=0 cs=0 l=1 rev1=1 crypto rx=0 tx=0 comp rx=0 tx=0).handle_hello peer v2:172.21.15.122:3300/0 says I am v2:172.21.15.122:40306/0 (socket says 172.21.15.122:40306)
2024-04-25T16:02:24.384 INFO:teuthology.orchestra.run.smithi122.stdout:/usr/bin/ceph: stderr
2024-04-25T16:02:23.442+0000 7efe6a3ff700 1 -- 172.21.15.122:0/2421179047 learned_addr learned my addr 172.21.15.122:0/2421179047 (peer_addr_for_me v2:172.21.15.122:0/0)
2024-04-25T16:02:24.384 INFO:teuthology.orchestra.run.smithi122.stdout:/usr/bin/ceph: stderr
2024-04-25T16:02:23.442+0000 7efe6a3ff700 1 -- 172.21.15.122:0/2421179047 --> [v2:172.21.15.122:3300/0,v1:172.21.15.122:6789/0] -- mon_subscribe({config=0+,monmap=0+}) v3 -- 0x7efe600094f0 con 0x7efe64101730
2024-04-25T16:02:24.384 INFO:teuthology.orchestra.run.smithi122.stdout:/usr/bin/ceph: stderr
2024-04-25T16:02:23.443+0000 7efe6a3ff700 1 --2- 172.21.15.122:0/2421179047 >> [v2:172.21.15.122:3300/0,v1:172.21.15.122:6789/0] conn(0x7efe64101730 0x7efe64110530 secure :-1 s=READY pgs=79 cs=0 l=1 rev1=1 crypto rx=0x7efe60011680 tx=0x7efe60009250 comp rx=0 tx=0).ready entity=mon.0 client_cookie=0 server_cookie=0 in_seq=0 out_seq=0
2024-04-25T16:02:24.384 INFO:teuthology.orchestra.run.smithi122.stdout:/usr/bin/ceph: stderr
2024-04-25T16:02:23.443+0000 7efe5affd700 1 -- 172.21.15.122:0/2421179047 <== mon.0 v2:172.21.15.122:3300/0 1 ==== mon_map magic: 0 v1 ==== 229+0+0 (secure 0 0 0) 0x7efe60010890 con 0x7efe64101730
2024-04-25T16:02:24.384 INFO:teuthology.orchestra.run.smithi122.stdout:/usr/bin/ceph: stderr
2024-04-25T16:02:23.443+0000 7efe6c663700 1 -- 172.21.15.122:0/2421179047 --> [v2:172.21.15.122:3300/0,v1:172.21.15.122:6789/0] -- mon_subscribe({mgrmap=0+}) v3 -- 0x7efe64110c70 con 0x7efe64101730
2024-04-25T16:02:24.384 INFO:teuthology.orchestra.run.smithi122.stdout:/usr/bin/ceph: stderr
2024-04-25T16:02:23.443+0000 7efe5affd700 1 -- 172.21.15.122:0/2421179047 <== mon.0 v2:172.21.15.122:3300/0 2 ==== config(27 keys) v1 ==== 1109+0+0 (secure 0 0 0) 0x7efe60010ec0 con 0x7efe64101730
2024-04-25T16:02:24.384 INFO:teuthology.orchestra.run.smithi122.stdout:/usr/bin/ceph: stderr
2024-04-25T16:02:23.443+0000 7efe6c663700 1 -- 172.21.15.122:0/2421179047 --> [v2:172.21.15.122:3300/0,v1:172.21.15.122:6789/0] -- mon_subscribe({osdmap=0}) v3 -- 0x7efe641117e0 con 0x7efe64101730
2024-04-25T16:02:24.384 INFO:teuthology.orchestra.run.smithi122.stdout:/usr/bin/ceph: stderr
2024-04-25T16:02:23.443+0000 7efe5affd700 1 -- 172.21.15.122:0/2421179047 <== mon.0 v2:172.21.15.122:3300/0 3 ==== mon_map magic: 0 v1 ==== 229+0+0 (secure 0 0 0) 0x7efe600243f0 con 0x7efe64101730
2024-04-25T16:02:24.384 INFO:teuthology.orchestra.run.smithi122.stdout:/usr/bin/ceph: stderr
2024-04-25T16:02:23.444+0000 7efe5affd700 1 -- 172.21.15.122:0/2421179047 <== mon.0 v2:172.21.15.122:3300/0 4 ==== mgrmap(e 11) v1 ==== 43283+0+0 (secure 0 0 0) 0x7efe6002d3f0 con 0x7efe64101730
2024-04-25T16:02:24.385 INFO:teuthology.orchestra.run.smithi122.stdout:/usr/bin/ceph: stderr
2024-04-25T16:02:23.444+0000 7efe6c663700 1 -- 172.21.15.122:0/2421179047 --> [v2:172.21.15.122:3300/0,v1:172.21.15.122:6789/0] -- mon_command({"prefix": "get_command_descriptions"} v 0) v1 -- 0x7efe6405f5c0 con 0x7efe64101730
2024-04-25T16:02:24.385 INFO:teuthology.orchestra.run.smithi122.stdout:/usr/bin/ceph: stderr
2024-04-25T16:02:23.444+0000 7efe5affd700 1 --2- 172.21.15.122:0/2421179047 >> [v2:172.21.15.122:6800/137220040,v1:172.21.15.122:6801/137220040] conn(0x7efe50036770 0x7efe50038c20 unknown :-1 s=NONE pgs=0 cs=0 l=1 rev1=0 crypto rx=0 tx=0 comp rx=0 tx=0).connect
2024-04-25T16:02:24.385 INFO:teuthology.orchestra.run.smithi122.stdout:/usr/bin/ceph: stderr
2024-04-25T16:02:23.444+0000 7efe5affd700 1 -- 172.21.15.122:0/2421179047 <== mon.0 v2:172.21.15.122:3300/0 5 ==== osd_map(3..3 src has 1..3) v4 ==== 1151+0+0 (secure 0 0 0) 0x7efe6004a1d0 con 0x7efe64101730
2024-04-25T16:02:24.385 INFO:teuthology.orchestra.run.smithi122.stdout:/usr/bin/ceph: stderr
2024-04-25T16:02:23.444+0000 7efe69bfe700 1 --2- 172.21.15.122:0/2421179047 >> [v2:172.21.15.122:6800/137220040,v1:172.21.15.122:6801/137220040] conn(0x7efe50036770 0x7efe50038c20 unknown :-1 s=BANNER_CONNECTING pgs=0 cs=0 l=1 rev1=0 crypto rx=0 tx=0 comp rx=0 tx=0)._handle_peer_banner_payload supported=3 required=0
2024-04-25T16:02:24.385 INFO:teuthology.orchestra.run.smithi122.stdout:/usr/bin/ceph: stderr
2024-04-25T16:02:23.444+0000 7efe69bfe700 1 --2- 172.21.15.122:0/2421179047 >> [v2:172.21.15.122:6800/137220040,v1:172.21.15.122:6801/137220040] conn(0x7efe50036770 0x7efe50038c20 secure :-1 s=READY pgs=7 cs=0 l=1 rev1=1 crypto rx=0x7efe54009990 tx=0x7efe54006e40 comp rx=0 tx=0).ready entity=mgr.14160 client_cookie=0 server_cookie=0 in_seq=0 out_seq=0
2024-04-25T16:02:24.385 INFO:teuthology.orchestra.run.smithi122.stdout:/usr/bin/ceph: stderr
2024-04-25T16:02:23.450+0000 7efe5affd700 1 -- 172.21.15.122:0/2421179047 <== mon.0 v2:172.21.15.122:3300/0 6 ==== mon_command_ack([{"prefix": "get_command_descriptions"}]=0 v0) v1 ==== 72+0+176702 (secure 0 0 0) 0x7efe60006d70 con 0x7efe64101730
2024-04-25T16:02:24.385 INFO:teuthology.orchestra.run.smithi122.stdout:/usr/bin/ceph: stderr
2024-04-25T16:02:23.649+0000 7efe6c663700 1 -- 172.21.15.122:0/2421179047 --> [v2:172.21.15.122:6800/137220040,v1:172.21.15.122:6801/137220040] -- mgr_command(tid 0: {"prefix": "dashboard create-self-signed-cert", "target": ["mon-mgr", ""]}) v1 -- 0x7efe640fe0c0 con 0x7efe50036770
2024-04-25T16:02:24.385 INFO:teuthology.orchestra.run.smithi122.stdout:/usr/bin/ceph: stderr
2024-04-25T16:02:23.735+0000 7efe5affd700 1 -- 172.21.15.122:0/2421179047 <== mgr.14160 v2:172.21.15.122:6800/137220040 1 ==== mgr_command_reply(tid 0: 0 ) v1 ==== 8+0+32 (secure 0 0 0) 0x7efe640fe0c0 con 0x7efe50036770
2024-04-25T16:02:24.385 INFO:teuthology.orchestra.run.smithi122.stdout:/usr/bin/ceph: stderr
2024-04-25T16:02:23.737+0000 7efe6c663700 1 -- 172.21.15.122:0/2421179047 >> [v2:172.21.15.122:6800/137220040,v1:172.21.15.122:6801/137220040] conn(0x7efe50036770 msgr2=0x7efe50038c20 secure :-1 s=STATE_CONNECTION_ESTABLISHED l=1).mark_down
2024-04-25T16:02:24.385 INFO:teuthology.orchestra.run.smithi122.stdout:/usr/bin/ceph: stderr
2024-04-25T16:02:23.737+0000 7efe6c663700 1 --2- 172.21.15.122:0/2421179047 >> [v2:172.21.15.122:6800/137220040,v1:172.21.15.122:6801/137220040] conn(0x7efe50036770 0x7efe50038c20 secure :-1 s=READY pgs=7 cs=0 l=1 rev1=1 crypto rx=0x7efe54009990 tx=0x7efe54006e40 comp rx=0 tx=0).stop
2024-04-25T16:02:24.385 INFO:teuthology.orchestra.run.smithi122.stdout:/usr/bin/ceph: stderr
2024-04-25T16:02:23.737+0000 7efe6c663700 1 -- 172.21.15.122:0/2421179047 >> [v2:172.21.15.122:3300/0,v1:172.21.15.122:6789/0] conn(0x7efe64101730 msgr2=0x7efe64110530 secure :-1 s=STATE_CONNECTION_ESTABLISHED l=1).mark_down
2024-04-25T16:02:24.385 INFO:teuthology.orchestra.run.smithi122.stdout:/usr/bin/ceph: stderr
2024-04-25T16:02:23.737+0000 7efe6c663700 1 --2- 172.21.15.122:0/2421179047 >> [v2:172.21.15.122:3300/0,v1:172.21.15.122:6789/0] conn(0x7efe64101730 0x7efe64110530 secure :-1 s=READY pgs=79 cs=0 l=1 rev1=1 crypto rx=0x7efe60011680 tx=0x7efe60009250 comp rx=0 tx=0).stop
2024-04-25T16:02:24.386 INFO:teuthology.orchestra.run.smithi122.stdout:/usr/bin/ceph: stderr
2024-04-25T16:02:23.737+0000 7efe6c663700 1 -- 172.21.15.122:0/2421179047 shutdown_connections
2024-04-25T16:02:24.386 INFO:teuthology.orchestra.run.smithi122.stdout:/usr/bin/ceph: stderr
2024-04-25T16:02:23.737+0000 7efe6c663700 1 --2- 172.21.15.122:0/2421179047 >> [v2:172.21.15.122:6800/137220040,v1:172.21.15.122:6801/137220040] conn(0x7efe50036770 0x7efe50038c20 unknown :-1 s=CLOSED pgs=7 cs=0 l=1 rev1=1 crypto rx=0 tx=0 comp rx=0 tx=0).stop
2024-04-25T16:02:24.386 INFO:teuthology.orchestra.run.smithi122.stdout:/usr/bin/ceph: stderr
2024-04-25T16:02:23.737+0000 7efe6c663700 1 --2- 172.21.15.122:0/2421179047 >> [v2:172.21.15.122:3300/0,v1:172.21.15.122:6789/0] conn(0x7efe64101730 0x7efe64110530 unknown :-1 s=CLOSED pgs=79 cs=0 l=1 rev1=1 crypto rx=0 tx=0 comp rx=0 tx=0).stop
2024-04-25T16:02:24.386 INFO:teuthology.orchestra.run.smithi122.stdout:/usr/bin/ceph: stderr
2024-04-25T16:02:23.737+0000 7efe6c663700 1 -- 172.21.15.122:0/2421179047 >> 172.21.15.122:0/2421179047 conn(0x7efe640fcef0 msgr2=0x7efe640fd9b0 unknown :-1 s=STATE_NONE l=0).mark_down
2024-04-25T16:02:24.386 INFO:teuthology.orchestra.run.smithi122.stdout:/usr/bin/ceph: stderr
2024-04-25T16:02:23.737+0000 7efe6c663700 1 -- 172.21.15.122:0/2421179047 shutdown_connections
2024-04-25T16:02:24.386 INFO:teuthology.orchestra.run.smithi122.stdout:/usr/bin/ceph: stderr
2024-04-25T16:02:23.737+0000 7efe6c663700 1 -- 172.21.15.122:0/2421179047 wait complete.
2024-04-25T16:02:24.386 INFO:teuthology.orchestra.run.smithi122.stdout:Creating initial admin user...
2024-04-25T16:02:25.179 INFO:journalctl@ceph.mon.smithi122.smithi122.stdout:Apr 25 16:02:24 smithi122 ceph-mon[26387]: from='client.14172 -' entity='client.admin' cmd=[{"prefix": "dashboard create-self-signed-cert", "target": ["mon-mgr", ""]}]: dispatch
2024-04-25T16:02:25.179 INFO:journalctl@ceph.mon.smithi122.smithi122.stdout:Apr 25 16:02:24 smithi122 ceph-mon[26387]: from='mgr.14160 172.21.15.122:0/1220514275' entity='mgr.smithi122.vsnwlx'
2024-04-25T16:02:25.179 INFO:journalctl@ceph.mon.smithi122.smithi122.stdout:Apr 25 16:02:24 smithi122 ceph-mon[26387]: mgrmap e12: smithi122.vsnwlx(active, since 2s)
2024-04-25T16:02:26.528 INFO:journalctl@ceph.mon.smithi122.smithi122.stdout:Apr 25 16:02:26 smithi122 ceph-mon[26387]: from='client.14174 -' entity='client.admin' cmd=[{"prefix": "dashboard ac-user-create", "username": "admin", "rolename": "administrator", "force_password": true, "pwd_update_required": true, "target": ["mon-mgr", ""]}]: dispatch
2024-04-25T16:02:26.528 INFO:journalctl@ceph.mon.smithi122.smithi122.stdout:Apr 25 16:02:26 smithi122 ceph-mon[26387]: from='mgr.14160 172.21.15.122:0/1220514275' entity='mgr.smithi122.vsnwlx'
2024-04-25T16:02:26.530 INFO:teuthology.orchestra.run.smithi122.stdout:/usr/bin/ceph: stdout {"username": "admin", "password": "$2b$12$k1/h9D7d3fGsNb8GYV9PZu9l6tHA0cG7gCpxV4OwVcsKtCDn695hu", "roles": ["administrator"], "name": null, "email": null, "lastUpdate": 1714060945, "enabled": true, "pwdExpirationDate": null, "pwdUpdateRequired": true}
2024-04-25T16:02:26.536 INFO:teuthology.orchestra.run.smithi122.stdout:/usr/bin/ceph: stderr
2024-04-25T16:02:24.842+0000 7f83b79a1700 1 Processor -- start
2024-04-25T16:02:26.536 INFO:teuthology.orchestra.run.smithi122.stdout:/usr/bin/ceph: stderr
2024-04-25T16:02:24.842+0000 7f83b79a1700 1 -- start start
2024-04-25T16:02:26.536 INFO:teuthology.orchestra.run.smithi122.stdout:/usr/bin/ceph: stderr
2024-04-25T16:02:24.843+0000 7f83b79a1700 1 --2- >> [v2:172.21.15.122:3300/0,v1:172.21.15.122:6789/0] conn(0x7f83b0078c60 0x7f83b0077210 unknown :-1 s=NONE pgs=0 cs=0 l=0 rev1=0 crypto rx=0 tx=0 comp rx=0 tx=0).connect
2024-04-25T16:02:26.536 INFO:teuthology.orchestra.run.smithi122.stdout:/usr/bin/ceph: stderr
2024-04-25T16:02:24.843+0000 7f83b79a1700 1 -- --> [v2:172.21.15.122:3300/0,v1:172.21.15.122:6789/0] -- mon_getmap magic: 0 v1 -- 0x7f83b0079070 con 0x7f83b0078c60
2024-04-25T16:02:26.536 INFO:teuthology.orchestra.run.smithi122.stdout:/usr/bin/ceph: stderr
2024-04-25T16:02:24.843+0000 7f83b573d700 1 --2- >> [v2:172.21.15.122:3300/0,v1:172.21.15.122:6789/0] conn(0x7f83b0078c60 0x7f83b0077210 unknown :-1 s=BANNER_CONNECTING pgs=0 cs=0 l=0 rev1=0 crypto rx=0 tx=0 comp rx=0 tx=0)._handle_peer_banner_payload supported=3 required=0
2024-04-25T16:02:26.536 INFO:teuthology.orchestra.run.smithi122.stdout:/usr/bin/ceph: stderr
2024-04-25T16:02:24.843+0000 7f83b573d700 1 --2- >> [v2:172.21.15.122:3300/0,v1:172.21.15.122:6789/0] conn(0x7f83b0078c60 0x7f83b0077210 unknown :-1 s=HELLO_CONNECTING pgs=0 cs=0 l=0 rev1=1 crypto rx=0 tx=0 comp rx=0 tx=0).handle_hello peer v2:172.21.15.122:3300/0 says I am v2:172.21.15.122:40310/0 (socket says 172.21.15.122:40310)
2024-04-25T16:02:26.536 INFO:teuthology.orchestra.run.smithi122.stdout:/usr/bin/ceph: stderr
2024-04-25T16:02:24.843+0000 7f83b573d700 1 -- 172.21.15.122:0/497777342 learned_addr learned my addr 172.21.15.122:0/497777342 (peer_addr_for_me v2:172.21.15.122:0/0)
2024-04-25T16:02:26.536 INFO:teuthology.orchestra.run.smithi122.stdout:/usr/bin/ceph: stderr
2024-04-25T16:02:24.843+0000 7f83b573d700 1 -- 172.21.15.122:0/497777342 --> [v2:172.21.15.122:3300/0,v1:172.21.15.122:6789/0] -- mon_subscribe({config=0+,monmap=0+}) v3 -- 0x7f83b0077750 con 0x7f83b0078c60
2024-04-25T16:02:26.536 INFO:teuthology.orchestra.run.smithi122.stdout:/usr/bin/ceph: stderr
2024-04-25T16:02:24.843+0000 7f83b573d700 1 --2- 172.21.15.122:0/497777342 >> [v2:172.21.15.122:3300/0,v1:172.21.15.122:6789/0] conn(0x7f83b0078c60 0x7f83b0077210 secure :-1 s=READY pgs=80 cs=0 l=1 rev1=1 crypto rx=0x7f83a00098e0 tx=0x7f83a0009250 comp rx=0 tx=0).ready entity=mon.0 client_cookie=406036d0d7ddd266 server_cookie=0 in_seq=0 out_seq=0
2024-04-25T16:02:26.536 INFO:teuthology.orchestra.run.smithi122.stdout:/usr/bin/ceph: stderr
2024-04-25T16:02:24.843+0000 7f83a7fff700 1 -- 172.21.15.122:0/497777342 <== mon.0 v2:172.21.15.122:3300/0 1 ==== mon_map magic: 0 v1 ==== 229+0+0 (secure 0 0 0) 0x7f83a000b860 con 0x7f83b0078c60
2024-04-25T16:02:26.537 INFO:teuthology.orchestra.run.smithi122.stdout:/usr/bin/ceph: stderr
2024-04-25T16:02:24.843+0000 7f83a7fff700 1 -- 172.21.15.122:0/497777342 <== mon.0 v2:172.21.15.122:3300/0 2 ==== config(27 keys) v1 ==== 1109+0+0 (secure 0 0 0) 0x7f83a000be90 con 0x7f83b0078c60
2024-04-25T16:02:26.537 INFO:teuthology.orchestra.run.smithi122.stdout:/usr/bin/ceph: stderr
2024-04-25T16:02:24.843+0000 7f83a7fff700 1 -- 172.21.15.122:0/497777342 <== mon.0 v2:172.21.15.122:3300/0 3 ==== mon_map magic: 0 v1 ==== 229+0+0 (secure 0 0 0) 0x7f83a00103c0 con 0x7f83b0078c60
2024-04-25T16:02:26.537 INFO:teuthology.orchestra.run.smithi122.stdout:/usr/bin/ceph: stderr
2024-04-25T16:02:24.844+0000 7f83b79a1700 1 -- 172.21.15.122:0/497777342 >> [v2:172.21.15.122:3300/0,v1:172.21.15.122:6789/0] conn(0x7f83b0078c60 msgr2=0x7f83b0077210 secure :-1 s=STATE_CONNECTION_ESTABLISHED l=1).mark_down
2024-04-25T16:02:26.537 INFO:teuthology.orchestra.run.smithi122.stdout:/usr/bin/ceph: stderr
2024-04-25T16:02:24.844+0000 7f83b79a1700 1 --2- 172.21.15.122:0/497777342 >> [v2:172.21.15.122:3300/0,v1:172.21.15.122:6789/0] conn(0x7f83b0078c60 0x7f83b0077210 secure :-1 s=READY pgs=80 cs=0 l=1 rev1=1 crypto rx=0x7f83a00098e0 tx=0x7f83a0009250 comp rx=0 tx=0).stop
2024-04-25T16:02:26.537 INFO:teuthology.orchestra.run.smithi122.stdout:/usr/bin/ceph: stderr
2024-04-25T16:02:24.844+0000 7f83b79a1700 1 -- 172.21.15.122:0/497777342 shutdown_connections
2024-04-25T16:02:26.537 INFO:teuthology.orchestra.run.smithi122.stdout:/usr/bin/ceph: stderr
2024-04-25T16:02:24.844+0000 7f83b79a1700 1 --2- 172.21.15.122:0/497777342 >> [v2:172.21.15.122:3300/0,v1:172.21.15.122:6789/0] conn(0x7f83b0078c60 0x7f83b0077210 unknown :-1 s=CLOSED pgs=80 cs=0 l=1 rev1=1 crypto rx=0 tx=0 comp rx=0 tx=0).stop
2024-04-25T16:02:26.537 INFO:teuthology.orchestra.run.smithi122.stdout:/usr/bin/ceph: stderr
2024-04-25T16:02:24.844+0000 7f83b79a1700 1 -- 172.21.15.122:0/497777342 >> 172.21.15.122:0/497777342 conn(0x7f83b00fe060 msgr2=0x7f83b0100470 unknown :-1 s=STATE_NONE l=0).mark_down
2024-04-25T16:02:26.537 INFO:teuthology.orchestra.run.smithi122.stdout:/usr/bin/ceph: stderr
2024-04-25T16:02:24.844+0000 7f83b79a1700 1 -- 172.21.15.122:0/497777342 shutdown_connections
2024-04-25T16:02:26.537 INFO:teuthology.orchestra.run.smithi122.stdout:/usr/bin/ceph: stderr
2024-04-25T16:02:24.844+0000 7f83b79a1700 1 -- 172.21.15.122:0/497777342 wait complete.
2024-04-25T16:02:26.537 INFO:teuthology.orchestra.run.smithi122.stdout:/usr/bin/ceph: stderr
2024-04-25T16:02:24.845+0000 7f83b79a1700 1 Processor -- start
2024-04-25T16:02:26.537 INFO:teuthology.orchestra.run.smithi122.stdout:/usr/bin/ceph: stderr
2024-04-25T16:02:24.845+0000 7f83b79a1700 1 -- start start
2024-04-25T16:02:26.537 INFO:teuthology.orchestra.run.smithi122.stdout:/usr/bin/ceph: stderr
2024-04-25T16:02:24.845+0000 7f83b79a1700 1 --2- >> [v2:172.21.15.122:3300/0,v1:172.21.15.122:6789/0] conn(0x7f83b0078c60 0x7f83b0113840 unknown :-1 s=NONE pgs=0 cs=0 l=1 rev1=0 crypto rx=0 tx=0 comp rx=0 tx=0).connect
2024-04-25T16:02:26.538 INFO:teuthology.orchestra.run.smithi122.stdout:/usr/bin/ceph: stderr
2024-04-25T16:02:24.845+0000 7f83b79a1700 1 -- --> [v2:172.21.15.122:3300/0,v1:172.21.15.122:6789/0] -- mon_getmap magic: 0 v1 -- 0x7f83b0113d80 con 0x7f83b0078c60
2024-04-25T16:02:26.538 INFO:teuthology.orchestra.run.smithi122.stdout:/usr/bin/ceph: stderr
2024-04-25T16:02:24.845+0000 7f83b573d700 1 --2- >> [v2:172.21.15.122:3300/0,v1:172.21.15.122:6789/0] conn(0x7f83b0078c60 0x7f83b0113840 unknown :-1 s=BANNER_CONNECTING pgs=0 cs=0 l=1 rev1=0 crypto rx=0 tx=0 comp rx=0 tx=0)._handle_peer_banner_payload supported=3 required=0
2024-04-25T16:02:26.538 INFO:teuthology.orchestra.run.smithi122.stdout:/usr/bin/ceph: stderr
2024-04-25T16:02:24.845+0000 7f83b573d700 1 --2- >> [v2:172.21.15.122:3300/0,v1:172.21.15.122:6789/0] conn(0x7f83b0078c60 0x7f83b0113840 unknown :-1 s=HELLO_CONNECTING pgs=0 cs=0 l=1 rev1=1 crypto rx=0 tx=0 comp rx=0 tx=0).handle_hello peer v2:172.21.15.122:3300/0 says I am v2:172.21.15.122:40324/0 (socket says 172.21.15.122:40324)
2024-04-25T16:02:26.538 INFO:teuthology.orchestra.run.smithi122.stdout:/usr/bin/ceph: stderr
2024-04-25T16:02:24.845+0000 7f83b573d700 1 -- 172.21.15.122:0/2181929683 learned_addr learned my addr 172.21.15.122:0/2181929683 (peer_addr_for_me v2:172.21.15.122:0/0)
2024-04-25T16:02:26.538 INFO:teuthology.orchestra.run.smithi122.stdout:/usr/bin/ceph: stderr
2024-04-25T16:02:24.845+0000 7f83b573d700 1 -- 172.21.15.122:0/2181929683 --> [v2:172.21.15.122:3300/0,v1:172.21.15.122:6789/0] -- mon_subscribe({config=0+,monmap=0+}) v3 -- 0x7f83a00094f0 con 0x7f83b0078c60
2024-04-25T16:02:26.538 INFO:teuthology.orchestra.run.smithi122.stdout:/usr/bin/ceph: stderr
2024-04-25T16:02:24.845+0000 7f83b573d700 1 --2- 172.21.15.122:0/2181929683 >> [v2:172.21.15.122:3300/0,v1:172.21.15.122:6789/0] conn(0x7f83b0078c60 0x7f83b0113840 secure :-1 s=READY pgs=81 cs=0 l=1 rev1=1 crypto rx=0x7f83a00094c0 tx=0x7f83a0009250 comp rx=0 tx=0).ready entity=mon.0 client_cookie=0 server_cookie=0 in_seq=0 out_seq=0
2024-04-25T16:02:26.538 INFO:teuthology.orchestra.run.smithi122.stdout:/usr/bin/ceph: stderr
2024-04-25T16:02:24.845+0000 7f83a5ffb700 1 -- 172.21.15.122:0/2181929683 <== mon.0 v2:172.21.15.122:3300/0 1 ==== mon_map magic: 0 v1 ==== 229+0+0 (secure 0 0 0) 0x7f83a0010890 con 0x7f83b0078c60
2024-04-25T16:02:26.538 INFO:teuthology.orchestra.run.smithi122.stdout:/usr/bin/ceph: stderr
2024-04-25T16:02:24.845+0000 7f83a5ffb700 1 -- 172.21.15.122:0/2181929683 <== mon.0 v2:172.21.15.122:3300/0 2 ==== config(27 keys) v1 ==== 1109+0+0 (secure 0 0 0) 0x7f83a0010ec0 con 0x7f83b0078c60
2024-04-25T16:02:26.538 INFO:teuthology.orchestra.run.smithi122.stdout:/usr/bin/ceph: stderr
2024-04-25T16:02:24.845+0000 7f83a5ffb700 1 -- 172.21.15.122:0/2181929683 <== mon.0 v2:172.21.15.122:3300/0 3 ==== mon_map magic: 0 v1 ==== 229+0+0 (secure 0 0 0) 0x7f83a00243f0 con 0x7f83b0078c60
2024-04-25T16:02:26.538 INFO:teuthology.orchestra.run.smithi122.stdout:/usr/bin/ceph: stderr
2024-04-25T16:02:24.845+0000 7f83b79a1700 1 -- 172.21.15.122:0/2181929683 --> [v2:172.21.15.122:3300/0,v1:172.21.15.122:6789/0] -- mon_subscribe({mgrmap=0+}) v3 -- 0x7f83b0113f80 con 0x7f83b0078c60
2024-04-25T16:02:26.538 INFO:teuthology.orchestra.run.smithi122.stdout:/usr/bin/ceph: stderr
2024-04-25T16:02:24.846+0000 7f83b79a1700 1 -- 172.21.15.122:0/2181929683 --> [v2:172.21.15.122:3300/0,v1:172.21.15.122:6789/0] -- mon_subscribe({osdmap=0}) v3 -- 0x7f83b0114af0 con 0x7f83b0078c60
2024-04-25T16:02:26.538 INFO:teuthology.orchestra.run.smithi122.stdout:/usr/bin/ceph: stderr
2024-04-25T16:02:24.846+0000 7f83a5ffb700 1 -- 172.21.15.122:0/2181929683 <== mon.0 v2:172.21.15.122:3300/0 4 ==== mgrmap(e 12) v1 ==== 43389+0+0 (secure 0 0 0) 0x7f83a001a7e0 con 0x7f83b0078c60
2024-04-25T16:02:26.539 INFO:teuthology.orchestra.run.smithi122.stdout:/usr/bin/ceph: stderr
2024-04-25T16:02:24.846+0000 7f83a5ffb700 1 --2- 172.21.15.122:0/2181929683 >> [v2:172.21.15.122:6800/137220040,v1:172.21.15.122:6801/137220040] conn(0x7f839c0368f0 0x7f839c038da0 unknown :-1 s=NONE pgs=0 cs=0 l=1 rev1=0 crypto rx=0 tx=0 comp rx=0 tx=0).connect
2024-04-25T16:02:26.539 INFO:teuthology.orchestra.run.smithi122.stdout:/usr/bin/ceph: stderr
2024-04-25T16:02:24.847+0000 7f83a5ffb700 1 -- 172.21.15.122:0/2181929683 <== mon.0 v2:172.21.15.122:3300/0 5 ==== osd_map(3..3 src has 1..3) v4 ==== 1151+0+0 (secure 0 0 0) 0x7f83a004a3b0 con 0x7f83b0078c60
2024-04-25T16:02:26.539 INFO:teuthology.orchestra.run.smithi122.stdout:/usr/bin/ceph: stderr
2024-04-25T16:02:24.847+0000 7f83b79a1700 1 -- 172.21.15.122:0/2181929683 --> [v2:172.21.15.122:3300/0,v1:172.21.15.122:6789/0] -- mon_command({"prefix": "get_command_descriptions"} v 0) v1 -- 0x7f83b005f5c0 con 0x7f83b0078c60
2024-04-25T16:02:26.539 INFO:teuthology.orchestra.run.smithi122.stdout:/usr/bin/ceph: stderr
2024-04-25T16:02:24.847+0000 7f83b4f3c700 1 --2- 172.21.15.122:0/2181929683 >> [v2:172.21.15.122:6800/137220040,v1:172.21.15.122:6801/137220040] conn(0x7f839c0368f0 0x7f839c038da0 unknown :-1 s=BANNER_CONNECTING pgs=0 cs=0 l=1 rev1=0 crypto rx=0 tx=0 comp rx=0 tx=0)._handle_peer_banner_payload supported=3 required=0
2024-04-25T16:02:26.539 INFO:teuthology.orchestra.run.smithi122.stdout:/usr/bin/ceph: stderr
2024-04-25T16:02:24.847+0000 7f83b4f3c700 1 --2- 172.21.15.122:0/2181929683 >> [v2:172.21.15.122:6800/137220040,v1:172.21.15.122:6801/137220040] conn(0x7f839c0368f0 0x7f839c038da0 secure :-1 s=READY pgs=8 cs=0 l=1 rev1=1 crypto rx=0x7f83ac009990 tx=0x7f83ac006e40 comp rx=0 tx=0).ready entity=mgr.14160 client_cookie=0 server_cookie=0 in_seq=0 out_seq=0
2024-04-25T16:02:26.539 INFO:teuthology.orchestra.run.smithi122.stdout:/usr/bin/ceph: stderr
2024-04-25T16:02:24.851+0000 7f83a5ffb700 1 -- 172.21.15.122:0/2181929683 <== mon.0 v2:172.21.15.122:3300/0 6 ==== mon_command_ack([{"prefix": "get_command_descriptions"}]=0 v0) v1 ==== 72+0+176702 (secure 0 0 0) 0x7f83a002b8e0 con 0x7f83b0078c60
2024-04-25T16:02:26.539 INFO:teuthology.orchestra.run.smithi122.stdout:/usr/bin/ceph: stderr
2024-04-25T16:02:25.061+0000 7f83b79a1700 1 -- 172.21.15.122:0/2181929683 --> [v2:172.21.15.122:6800/137220040,v1:172.21.15.122:6801/137220040] -- mgr_command(tid 0: {"prefix": "dashboard ac-user-create", "username": "admin", "rolename": "administrator", "force_password": true, "pwd_update_required": true, "target": ["mon-mgr", ""]}) v1 -- 0x7f83b005f3b0 con 0x7f839c0368f0
2024-04-25T16:02:26.539 INFO:teuthology.orchestra.run.smithi122.stdout:/usr/bin/ceph: stderr
2024-04-25T16:02:25.284+0000 7f83a5ffb700 1 -- 172.21.15.122:0/2181929683 <== mgr.14160 v2:172.21.15.122:6800/137220040 1 ==== mgr_command_reply(tid 0: 0 ) v1 ==== 8+0+252 (secure 0 0 0) 0x7f83b005f3b0 con 0x7f839c0368f0
2024-04-25T16:02:26.539 INFO:teuthology.orchestra.run.smithi122.stdout:/usr/bin/ceph: stderr
2024-04-25T16:02:25.286+0000 7f83b79a1700 1 -- 172.21.15.122:0/2181929683 >> [v2:172.21.15.122:6800/137220040,v1:172.21.15.122:6801/137220040] conn(0x7f839c0368f0 msgr2=0x7f839c038da0 secure :-1 s=STATE_CONNECTION_ESTABLISHED l=1).mark_down
2024-04-25T16:02:26.539 INFO:teuthology.orchestra.run.smithi122.stdout:/usr/bin/ceph: stderr
2024-04-25T16:02:25.286+0000 7f83b79a1700 1 --2- 172.21.15.122:0/2181929683 >> [v2:172.21.15.122:6800/137220040,v1:172.21.15.122:6801/137220040] conn(0x7f839c0368f0 0x7f839c038da0 secure :-1 s=READY pgs=8 cs=0 l=1 rev1=1 crypto rx=0x7f83ac009990 tx=0x7f83ac006e40 comp rx=0 tx=0).stop
2024-04-25T16:02:26.539 INFO:teuthology.orchestra.run.smithi122.stdout:/usr/bin/ceph: stderr
2024-04-25T16:02:25.286+0000 7f83b79a1700 1 -- 172.21.15.122:0/2181929683 >> [v2:172.21.15.122:3300/0,v1:172.21.15.122:6789/0] conn(0x7f83b0078c60 msgr2=0x7f83b0113840 secure :-1 s=STATE_CONNECTION_ESTABLISHED l=1).mark_down
2024-04-25T16:02:26.539 INFO:teuthology.orchestra.run.smithi122.stdout:/usr/bin/ceph: stderr
2024-04-25T16:02:25.286+0000 7f83b79a1700 1 --2- 172.21.15.122:0/2181929683 >> [v2:172.21.15.122:3300/0,v1:172.21.15.122:6789/0] conn(0x7f83b0078c60 0x7f83b0113840 secure :-1 s=READY pgs=81 cs=0 l=1 rev1=1 crypto rx=0x7f83a00094c0 tx=0x7f83a0009250 comp rx=0 tx=0).stop
2024-04-25T16:02:26.539 INFO:teuthology.orchestra.run.smithi122.stdout:/usr/bin/ceph: stderr
2024-04-25T16:02:25.286+0000 7f83b79a1700 1 -- 172.21.15.122:0/2181929683 shutdown_connections
2024-04-25T16:02:26.540 INFO:teuthology.orchestra.run.smithi122.stdout:/usr/bin/ceph: stderr
2024-04-25T16:02:25.286+0000 7f83b79a1700 1 --2- 172.21.15.122:0/2181929683 >> [v2:172.21.15.122:6800/137220040,v1:172.21.15.122:6801/137220040] conn(0x7f839c0368f0 0x7f839c038da0 unknown :-1 s=CLOSED pgs=8 cs=0 l=1 rev1=1 crypto rx=0 tx=0 comp rx=0 tx=0).stop
2024-04-25T16:02:26.540 INFO:teuthology.orchestra.run.smithi122.stdout:/usr/bin/ceph: stderr
2024-04-25T16:02:25.286+0000 7f83b79a1700 1 --2- 172.21.15.122:0/2181929683 >> [v2:172.21.15.122:3300/0,v1:172.21.15.122:6789/0] conn(0x7f83b0078c60 0x7f83b0113840 unknown :-1 s=CLOSED pgs=81 cs=0 l=1 rev1=1 crypto rx=0 tx=0 comp rx=0 tx=0).stop
2024-04-25T16:02:26.540 INFO:teuthology.orchestra.run.smithi122.stdout:/usr/bin/ceph: stderr
2024-04-25T16:02:25.286+0000 7f83b79a1700 1 -- 172.21.15.122:0/2181929683 >> 172.21.15.122:0/2181929683 conn(0x7f83b00fe060 msgr2=0x7f83b00feb60 unknown :-1 s=STATE_NONE l=0).mark_down
2024-04-25T16:02:26.540 INFO:teuthology.orchestra.run.smithi122.stdout:/usr/bin/ceph: stderr
2024-04-25T16:02:25.287+0000 7f83b79a1700 1 -- 172.21.15.122:0/2181929683 shutdown_connections
2024-04-25T16:02:26.540 INFO:teuthology.orchestra.run.smithi122.stdout:/usr/bin/ceph: stderr
2024-04-25T16:02:25.287+0000 7f83b79a1700 1 -- 172.21.15.122:0/2181929683 wait complete.
2024-04-25T16:02:26.540 INFO:teuthology.orchestra.run.smithi122.stdout:Fetching dashboard port number...
2024-04-25T16:02:27.492 INFO:journalctl@ceph.mon.smithi122.smithi122.stdout:Apr 25 16:02:27 smithi122 ceph-mon[26387]: from='client.? 172.21.15.122:0/601302549' entity='client.admin' cmd=[{"prefix": "config get", "who": "mgr", "key": "mgr/dashboard/ssl_server_port"}]: dispatch
2024-04-25T16:02:27.935 INFO:teuthology.orchestra.run.smithi122.stdout:/usr/bin/ceph: stdout 8443
2024-04-25T16:02:27.935 INFO:teuthology.orchestra.run.smithi122.stdout:/usr/bin/ceph: stderr
2024-04-25T16:02:26.985+0000 7eff8ccd5700 1 Processor -- start
2024-04-25T16:02:27.935 INFO:teuthology.orchestra.run.smithi122.stdout:/usr/bin/ceph: stderr
2024-04-25T16:02:26.985+0000 7eff8ccd5700 1 -- start start
2024-04-25T16:02:27.935 INFO:teuthology.orchestra.run.smithi122.stdout:/usr/bin/ceph: stderr
2024-04-25T16:02:26.985+0000 7eff8ccd5700 1 --2- >> [v2:172.21.15.122:3300/0,v1:172.21.15.122:6789/0] conn(0x7eff88076bf0 0x7eff88105460 unknown :-1 s=NONE pgs=0 cs=0 l=0 rev1=0 crypto rx=0 tx=0 comp rx=0 tx=0).connect
2024-04-25T16:02:27.935 INFO:teuthology.orchestra.run.smithi122.stdout:/usr/bin/ceph: stderr
2024-04-25T16:02:26.985+0000 7eff8ccd5700 1 -- --> [v2:172.21.15.122:3300/0,v1:172.21.15.122:6789/0] -- mon_getmap magic: 0 v1 -- 0x7eff881059a0 con 0x7eff88076bf0
2024-04-25T16:02:27.935 INFO:teuthology.orchestra.run.smithi122.stdout:/usr/bin/ceph: stderr
2024-04-25T16:02:26.985+0000 7eff8659c700 1 --2- >> [v2:172.21.15.122:3300/0,v1:172.21.15.122:6789/0] conn(0x7eff88076bf0 0x7eff88105460 unknown :-1 s=BANNER_CONNECTING pgs=0 cs=0 l=0 rev1=0 crypto rx=0 tx=0 comp rx=0 tx=0)._handle_peer_banner_payload supported=3 required=0
2024-04-25T16:02:27.935 INFO:teuthology.orchestra.run.smithi122.stdout:/usr/bin/ceph: stderr
2024-04-25T16:02:26.985+0000 7eff8659c700 1 --2- >> [v2:172.21.15.122:3300/0,v1:172.21.15.122:6789/0] conn(0x7eff88076bf0 0x7eff88105460 unknown :-1 s=HELLO_CONNECTING pgs=0 cs=0 l=0 rev1=1 crypto rx=0 tx=0 comp rx=0 tx=0).handle_hello peer v2:172.21.15.122:3300/0 says I am v2:172.21.15.122:40338/0 (socket says 172.21.15.122:40338)
2024-04-25T16:02:27.936 INFO:teuthology.orchestra.run.smithi122.stdout:/usr/bin/ceph: stderr
2024-04-25T16:02:26.985+0000 7eff8659c700 1 -- 172.21.15.122:0/740584292 learned_addr learned my addr 172.21.15.122:0/740584292 (peer_addr_for_me v2:172.21.15.122:0/0)
2024-04-25T16:02:27.936 INFO:teuthology.orchestra.run.smithi122.stdout:/usr/bin/ceph: stderr
2024-04-25T16:02:26.986+0000 7eff8659c700 1 -- 172.21.15.122:0/740584292 --> [v2:172.21.15.122:3300/0,v1:172.21.15.122:6789/0] -- mon_subscribe({config=0+,monmap=0+}) v3 -- 0x7eff88105ae0 con 0x7eff88076bf0
2024-04-25T16:02:27.936 INFO:teuthology.orchestra.run.smithi122.stdout:/usr/bin/ceph: stderr
2024-04-25T16:02:26.986+0000 7eff8659c700 1 --2- 172.21.15.122:0/740584292 >> [v2:172.21.15.122:3300/0,v1:172.21.15.122:6789/0] conn(0x7eff88076bf0 0x7eff88105460 secure :-1 s=READY pgs=82 cs=0 l=1 rev1=1 crypto rx=0x7eff780098e0 tx=0x7eff78009250 comp rx=0 tx=0).ready entity=mon.0 client_cookie=e893f9c7f39b4c84 server_cookie=0 in_seq=0 out_seq=0
2024-04-25T16:02:27.936 INFO:teuthology.orchestra.run.smithi122.stdout:/usr/bin/ceph: stderr
2024-04-25T16:02:26.986+0000 7eff8559a700 1 -- 172.21.15.122:0/740584292 <== mon.0 v2:172.21.15.122:3300/0 1 ==== mon_map magic: 0 v1 ==== 229+0+0 (secure 0 0 0) 0x7eff7800b860 con 0x7eff88076bf0
2024-04-25T16:02:27.936 INFO:teuthology.orchestra.run.smithi122.stdout:/usr/bin/ceph: stderr
2024-04-25T16:02:26.986+0000 7eff8559a700 1 -- 172.21.15.122:0/740584292 <== mon.0 v2:172.21.15.122:3300/0 2 ==== config(27 keys) v1 ==== 1109+0+0 (secure 0 0 0) 0x7eff7800be90 con 0x7eff88076bf0
2024-04-25T16:02:27.936 INFO:teuthology.orchestra.run.smithi122.stdout:/usr/bin/ceph: stderr
2024-04-25T16:02:26.986+0000 7eff8559a700 1 -- 172.21.15.122:0/740584292 <== mon.0 v2:172.21.15.122:3300/0 3 ==== mon_map magic: 0 v1 ==== 229+0+0 (secure 0 0 0) 0x7eff780103c0 con 0x7eff88076bf0
2024-04-25T16:02:27.936 INFO:teuthology.orchestra.run.smithi122.stdout:/usr/bin/ceph: stderr
2024-04-25T16:02:26.986+0000 7eff8ccd5700 1 -- 172.21.15.122:0/740584292 >> [v2:172.21.15.122:3300/0,v1:172.21.15.122:6789/0] conn(0x7eff88076bf0 msgr2=0x7eff88105460 secure :-1 s=STATE_CONNECTION_ESTABLISHED l=1).mark_down
2024-04-25T16:02:27.936 INFO:teuthology.orchestra.run.smithi122.stdout:/usr/bin/ceph: stderr
2024-04-25T16:02:26.986+0000 7eff8ccd5700 1 --2- 172.21.15.122:0/740584292 >> [v2:172.21.15.122:3300/0,v1:172.21.15.122:6789/0] conn(0x7eff88076bf0 0x7eff88105460 secure :-1 s=READY pgs=82 cs=0 l=1 rev1=1 crypto rx=0x7eff780098e0 tx=0x7eff78009250 comp rx=0 tx=0).stop
2024-04-25T16:02:27.936 INFO:teuthology.orchestra.run.smithi122.stdout:/usr/bin/ceph: stderr
2024-04-25T16:02:26.987+0000 7eff8ccd5700 1 -- 172.21.15.122:0/740584292 shutdown_connections
2024-04-25T16:02:27.936 INFO:teuthology.orchestra.run.smithi122.stdout:/usr/bin/ceph: stderr
2024-04-25T16:02:26.987+0000 7eff8ccd5700 1 --2- 172.21.15.122:0/740584292 >> [v2:172.21.15.122:3300/0,v1:172.21.15.122:6789/0] conn(0x7eff88076bf0 0x7eff88105460 unknown :-1 s=CLOSED pgs=82 cs=0 l=1 rev1=1 crypto rx=0 tx=0 comp rx=0 tx=0).stop
2024-04-25T16:02:27.936 INFO:teuthology.orchestra.run.smithi122.stdout:/usr/bin/ceph: stderr
