2024-04-25T16:01:51.856 INFO:teuthology.orchestra.run.smithi122.stdout:/usr/bin/ceph: stderr
2024-04-25T16:01:46.239+0000 7ffb1db8e700 1 -- 172.21.15.122:0/821225916 >> [v2:172.21.15.122:3300/0,v1:172.21.15.122:6789/0] conn(0x7ffb18101750 msgr2=0x7ffb18101b60 secure :-1 s=STATE_CONNECTION_ESTABLISHED l=1).mark_down
2024-04-25T16:01:51.856 INFO:teuthology.orchestra.run.smithi122.stdout:/usr/bin/ceph: stderr
2024-04-25T16:01:46.239+0000 7ffb1db8e700 1 --2- 172.21.15.122:0/821225916 >> [v2:172.21.15.122:3300/0,v1:172.21.15.122:6789/0] conn(0x7ffb18101750 0x7ffb18101b60 secure :-1 s=READY pgs=26 cs=0 l=1 rev1=1 crypto rx=0x7ffb0c0098e0 tx=0x7ffb0c009250 comp rx=0 tx=0).stop
2024-04-25T16:01:51.856 INFO:teuthology.orchestra.run.smithi122.stdout:/usr/bin/ceph: stderr
2024-04-25T16:01:46.240+0000 7ffb1db8e700 1 -- 172.21.15.122:0/821225916 shutdown_connections
2024-04-25T16:01:51.857 INFO:teuthology.orchestra.run.smithi122.stdout:/usr/bin/ceph: stderr
2024-04-25T16:01:46.240+0000 7ffb1db8e700 1 --2- 172.21.15.122:0/821225916 >> [v2:172.21.15.122:3300/0,v1:172.21.15.122:6789/0] conn(0x7ffb18101750 0x7ffb18101b60 unknown :-1 s=CLOSED pgs=26 cs=0 l=1 rev1=1 crypto rx=0 tx=0 comp rx=0 tx=0).stop
2024-04-25T16:01:51.857 INFO:teuthology.orchestra.run.smithi122.stdout:/usr/bin/ceph: stderr
2024-04-25T16:01:46.240+0000 7ffb1db8e700 1 -- 172.21.15.122:0/821225916 >> 172.21.15.122:0/821225916 conn(0x7ffb180fcef0 msgr2=0x7ffb180ff300 unknown :-1 s=STATE_NONE l=0).mark_down
2024-04-25T16:01:51.857 INFO:teuthology.orchestra.run.smithi122.stdout:/usr/bin/ceph: stderr
2024-04-25T16:01:46.240+0000 7ffb1db8e700 1 -- 172.21.15.122:0/821225916 shutdown_connections
2024-04-25T16:01:51.857 INFO:teuthology.orchestra.run.smithi122.stdout:/usr/bin/ceph: stderr
2024-04-25T16:01:46.240+0000 7ffb1db8e700 1 -- 172.21.15.122:0/821225916 wait complete.
2024-04-25T16:01:51.857 INFO:teuthology.orchestra.run.smithi122.stdout:/usr/bin/ceph: stderr
2024-04-25T16:01:46.240+0000 7ffb1db8e700 1 Processor -- start
2024-04-25T16:01:51.857 INFO:teuthology.orchestra.run.smithi122.stdout:/usr/bin/ceph: stderr
2024-04-25T16:01:46.240+0000 7ffb1db8e700 1 -- start start
2024-04-25T16:01:51.857 INFO:teuthology.orchestra.run.smithi122.stdout:/usr/bin/ceph: stderr
2024-04-25T16:01:46.240+0000 7ffb1db8e700 1 --2- >> [v2:172.21.15.122:3300/0,v1:172.21.15.122:6789/0] conn(0x7ffb18101750 0x7ffb18076b20 unknown :-1 s=NONE pgs=0 cs=0 l=1 rev1=0 crypto rx=0 tx=0 comp rx=0 tx=0).connect
2024-04-25T16:01:51.857 INFO:teuthology.orchestra.run.smithi122.stdout:/usr/bin/ceph: stderr
2024-04-25T16:01:46.240+0000 7ffb1db8e700 1 -- --> [v2:172.21.15.122:3300/0,v1:172.21.15.122:6789/0] -- mon_getmap magic: 0 v1 -- 0x7ffb181142d0 con 0x7ffb18101750
2024-04-25T16:01:51.857 INFO:teuthology.orchestra.run.smithi122.stdout:/usr/bin/ceph: stderr
2024-04-25T16:01:46.241+0000 7ffb177fe700 1 --2- >> [v2:172.21.15.122:3300/0,v1:172.21.15.122:6789/0] conn(0x7ffb18101750 0x7ffb18076b20 unknown :-1 s=BANNER_CONNECTING pgs=0 cs=0 l=1 rev1=0 crypto rx=0 tx=0 comp rx=0 tx=0)._handle_peer_banner_payload supported=3 required=0
2024-04-25T16:01:51.857 INFO:teuthology.orchestra.run.smithi122.stdout:/usr/bin/ceph: stderr
2024-04-25T16:01:46.241+0000 7ffb177fe700 1 --2- >> [v2:172.21.15.122:3300/0,v1:172.21.15.122:6789/0] conn(0x7ffb18101750 0x7ffb18076b20 unknown :-1 s=HELLO_CONNECTING pgs=0 cs=0 l=1 rev1=1 crypto rx=0 tx=0 comp rx=0 tx=0).handle_hello peer v2:172.21.15.122:3300/0 says I am v2:172.21.15.122:37682/0 (socket says 172.21.15.122:37682)
2024-04-25T16:01:51.857 INFO:teuthology.orchestra.run.smithi122.stdout:/usr/bin/ceph: stderr
2024-04-25T16:01:46.241+0000 7ffb177fe700 1 -- 172.21.15.122:0/55471438 learned_addr learned my addr 172.21.15.122:0/55471438 (peer_addr_for_me v2:172.21.15.122:0/0)
2024-04-25T16:01:51.857 INFO:teuthology.orchestra.run.smithi122.stdout:/usr/bin/ceph: stderr
2024-04-25T16:01:46.241+0000 7ffb177fe700 1 -- 172.21.15.122:0/55471438 --> [v2:172.21.15.122:3300/0,v1:172.21.15.122:6789/0] -- mon_subscribe({config=0+,monmap=0+}) v3 -- 0x7ffb0c0094f0 con 0x7ffb18101750
2024-04-25T16:01:51.857 INFO:teuthology.orchestra.run.smithi122.stdout:/usr/bin/ceph: stderr
2024-04-25T16:01:46.241+0000 7ffb177fe700 1 --2- 172.21.15.122:0/55471438 >> [v2:172.21.15.122:3300/0,v1:172.21.15.122:6789/0] conn(0x7ffb18101750 0x7ffb18076b20 secure :-1 s=READY pgs=27 cs=0 l=1 rev1=1 crypto rx=0x7ffb0c00b440 tx=0x7ffb0c009250 comp rx=0 tx=0).ready entity=mon.0 client_cookie=0 server_cookie=0 in_seq=0 out_seq=0
2024-04-25T16:01:51.857 INFO:teuthology.orchestra.run.smithi122.stdout:/usr/bin/ceph: stderr
2024-04-25T16:01:46.241+0000 7ffafffff700 1 -- 172.21.15.122:0/55471438 <== mon.0 v2:172.21.15.122:3300/0 1 ==== mon_map magic: 0 v1 ==== 229+0+0 (secure 0 0 0) 0x7ffb0c010760 con 0x7ffb18101750
2024-04-25T16:01:51.857 INFO:teuthology.orchestra.run.smithi122.stdout:/usr/bin/ceph: stderr
2024-04-25T16:01:46.241+0000 7ffb1db8e700 1 -- 172.21.15.122:0/55471438 --> [v2:172.21.15.122:3300/0,v1:172.21.15.122:6789/0] -- mon_subscribe({mgrmap=0+}) v3 -- 0x7ffb18114410 con 0x7ffb18101750
2024-04-25T16:01:51.857 INFO:teuthology.orchestra.run.smithi122.stdout:/usr/bin/ceph: stderr
2024-04-25T16:01:46.241+0000 7ffafffff700 1 -- 172.21.15.122:0/55471438 <== mon.0 v2:172.21.15.122:3300/0 2 ==== config(27 keys) v1 ==== 1044+0+0 (secure 0 0 0) 0x7ffb0c010d50 con 0x7ffb18101750
2024-04-25T16:01:51.858 INFO:teuthology.orchestra.run.smithi122.stdout:/usr/bin/ceph: stderr
2024-04-25T16:01:46.241+0000 7ffafffff700 1 -- 172.21.15.122:0/55471438 <== mon.0 v2:172.21.15.122:3300/0 3 ==== mon_map magic: 0 v1 ==== 229+0+0 (secure 0 0 0) 0x7ffb0c01ae20 con 0x7ffb18101750
2024-04-25T16:01:51.858 INFO:teuthology.orchestra.run.smithi122.stdout:/usr/bin/ceph: stderr
2024-04-25T16:01:46.241+0000 7ffb1db8e700 1 -- 172.21.15.122:0/55471438 --> [v2:172.21.15.122:3300/0,v1:172.21.15.122:6789/0] -- mon_subscribe({osdmap=0}) v3 -- 0x7ffb181148a0 con 0x7ffb18101750
2024-04-25T16:01:51.858 INFO:teuthology.orchestra.run.smithi122.stdout:/usr/bin/ceph: stderr
2024-04-25T16:01:46.242+0000 7ffafffff700 1 -- 172.21.15.122:0/55471438 <== mon.0 v2:172.21.15.122:3300/0 4 ==== mgrmap(e 5) v1 ==== 43376+0+0 (secure 0 0 0) 0x7ffb0c02e440 con 0x7ffb18101750
2024-04-25T16:01:51.858 INFO:teuthology.orchestra.run.smithi122.stdout:/usr/bin/ceph: stderr
2024-04-25T16:01:46.242+0000 7ffafffff700 1 --2- 172.21.15.122:0/55471438 >> [v2:172.21.15.122:6800/4175505163,v1:172.21.15.122:6801/4175505163] conn(0x7ffb00036830 0x7ffb00038ce0 unknown :-1 s=NONE pgs=0 cs=0 l=1 rev1=0 crypto rx=0 tx=0 comp rx=0 tx=0).connect
2024-04-25T16:01:51.858 INFO:teuthology.orchestra.run.smithi122.stdout:/usr/bin/ceph: stderr
2024-04-25T16:01:46.242+0000 7ffb1db8e700 1 -- 172.21.15.122:0/55471438 --> [v2:172.21.15.122:6800/4175505163,v1:172.21.15.122:6801/4175505163] -- command(tid 0: {"prefix": "get_command_descriptions"}) v1 -- 0x7ffb1804bed0 con 0x7ffb00036830
2024-04-25T16:01:51.858 INFO:teuthology.orchestra.run.smithi122.stdout:/usr/bin/ceph: stderr
2024-04-25T16:01:46.242+0000 7ffafffff700 1 -- 172.21.15.122:0/55471438 <== mon.0 v2:172.21.15.122:3300/0 5 ==== osd_map(1..1 src has 1..1) v4 ==== 721+0+0 (secure 0 0 0) 0x7ffb0c04a5f0 con 0x7ffb18101750
2024-04-25T16:01:51.858 INFO:teuthology.orchestra.run.smithi122.stdout:/usr/bin/ceph: stderr
2024-04-25T16:01:46.242+0000 7ffb16ffd700 1 -- 172.21.15.122:0/55471438 >> [v2:172.21.15.122:6800/4175505163,v1:172.21.15.122:6801/4175505163] conn(0x7ffb00036830 msgr2=0x7ffb00038ce0 unknown :-1 s=STATE_CONNECTING_RE l=1).process reconnect failed to v2:172.21.15.122:6800/4175505163
2024-04-25T16:01:51.858 INFO:teuthology.orchestra.run.smithi122.stdout:/usr/bin/ceph: stderr
2024-04-25T16:01:46.242+0000 7ffb16ffd700 1 --2- 172.21.15.122:0/55471438 >> [v2:172.21.15.122:6800/4175505163,v1:172.21.15.122:6801/4175505163] conn(0x7ffb00036830 0x7ffb00038ce0 unknown :-1 s=START_CONNECT pgs=0 cs=0 l=1 rev1=0 crypto rx=0 tx=0 comp rx=0 tx=0)._fault waiting 0.200000
2024-04-25T16:01:51.858 INFO:teuthology.orchestra.run.smithi122.stdout:/usr/bin/ceph: stderr
2024-04-25T16:01:46.443+0000 7ffb16ffd700 1 -- 172.21.15.122:0/55471438 >> [v2:172.21.15.122:6800/4175505163,v1:172.21.15.122:6801/4175505163] conn(0x7ffb00036830 msgr2=0x7ffb00038ce0 unknown :-1 s=STATE_CONNECTING_RE l=1).process reconnect failed to v2:172.21.15.122:6800/4175505163
2024-04-25T16:01:51.858 INFO:teuthology.orchestra.run.smithi122.stdout:/usr/bin/ceph: stderr
2024-04-25T16:01:46.443+0000 7ffb16ffd700 1 --2- 172.21.15.122:0/55471438 >> [v2:172.21.15.122:6800/4175505163,v1:172.21.15.122:6801/4175505163] conn(0x7ffb00036830 0x7ffb00038ce0 unknown :-1 s=START_CONNECT pgs=0 cs=0 l=1 rev1=0 crypto rx=0 tx=0 comp rx=0 tx=0)._fault waiting 0.400000
2024-04-25T16:01:51.858 INFO:teuthology.orchestra.run.smithi122.stdout:/usr/bin/ceph: stderr
2024-04-25T16:01:46.844+0000 7ffb16ffd700 1 -- 172.21.15.122:0/55471438 >> [v2:172.21.15.122:6800/4175505163,v1:172.21.15.122:6801/4175505163] conn(0x7ffb00036830 msgr2=0x7ffb00038ce0 unknown :-1 s=STATE_CONNECTING_RE l=1).process reconnect failed to v2:172.21.15.122:6800/4175505163
2024-04-25T16:01:51.858 INFO:teuthology.orchestra.run.smithi122.stdout:/usr/bin/ceph: stderr
2024-04-25T16:01:46.844+0000 7ffb16ffd700 1 --2- 172.21.15.122:0/55471438 >> [v2:172.21.15.122:6800/4175505163,v1:172.21.15.122:6801/4175505163] conn(0x7ffb00036830 0x7ffb00038ce0 unknown :-1 s=START_CONNECT pgs=0 cs=0 l=1 rev1=0 crypto rx=0 tx=0 comp rx=0 tx=0)._fault waiting 0.800000
2024-04-25T16:01:51.858 INFO:teuthology.orchestra.run.smithi122.stdout:/usr/bin/ceph: stderr
2024-04-25T16:01:47.645+0000 7ffb16ffd700 1 -- 172.21.15.122:0/55471438 >> [v2:172.21.15.122:6800/4175505163,v1:172.21.15.122:6801/4175505163] conn(0x7ffb00036830 msgr2=0x7ffb00038ce0 unknown :-1 s=STATE_CONNECTING_RE l=1).process reconnect failed to v2:172.21.15.122:6800/4175505163
2024-04-25T16:01:51.858 INFO:teuthology.orchestra.run.smithi122.stdout:/usr/bin/ceph: stderr
2024-04-25T16:01:47.645+0000 7ffb16ffd700 1 --2- 172.21.15.122:0/55471438 >> [v2:172.21.15.122:6800/4175505163,v1:172.21.15.122:6801/4175505163] conn(0x7ffb00036830 0x7ffb00038ce0 unknown :-1 s=START_CONNECT pgs=0 cs=0 l=1 rev1=0 crypto rx=0 tx=0 comp rx=0 tx=0)._fault waiting 1.600000
2024-04-25T16:01:51.859 INFO:teuthology.orchestra.run.smithi122.stdout:/usr/bin/ceph: stderr
2024-04-25T16:01:49.246+0000 7ffb16ffd700 1 -- 172.21.15.122:0/55471438 >> [v2:172.21.15.122:6800/4175505163,v1:172.21.15.122:6801/4175505163] conn(0x7ffb00036830 msgr2=0x7ffb00038ce0 unknown :-1 s=STATE_CONNECTING_RE l=1).process reconnect failed to v2:172.21.15.122:6800/4175505163
2024-04-25T16:01:51.859 INFO:teuthology.orchestra.run.smithi122.stdout:/usr/bin/ceph: stderr
2024-04-25T16:01:49.246+0000 7ffb16ffd700 1 --2- 172.21.15.122:0/55471438 >> [v2:172.21.15.122:6800/4175505163,v1:172.21.15.122:6801/4175505163] conn(0x7ffb00036830 0x7ffb00038ce0 unknown :-1 s=START_CONNECT pgs=0 cs=0 l=1 rev1=0 crypto rx=0 tx=0 comp rx=0 tx=0)._fault waiting 3.200000
2024-04-25T16:01:51.859 INFO:teuthology.orchestra.run.smithi122.stdout:/usr/bin/ceph: stderr
2024-04-25T16:01:50.260+0000 7ffafffff700 1 -- 172.21.15.122:0/55471438 <== mon.0 v2:172.21.15.122:3300/0 6 ==== mgrmap(e 6) v1 ==== 43143+0+0 (secure 0 0 0) 0x7ffb0c02e790 con 0x7ffb18101750
2024-04-25T16:01:51.859 INFO:teuthology.orchestra.run.smithi122.stdout:/usr/bin/ceph: stderr
2024-04-25T16:01:50.260+0000 7ffafffff700 1 -- 172.21.15.122:0/55471438 >> [v2:172.21.15.122:6800/4175505163,v1:172.21.15.122:6801/4175505163] conn(0x7ffb00036830 msgr2=0x7ffb00038ce0 unknown :-1 s=STATE_CONNECTING l=1).mark_down
2024-04-25T16:01:51.859 INFO:teuthology.orchestra.run.smithi122.stdout:/usr/bin/ceph: stderr
2024-04-25T16:01:50.260+0000 7ffafffff700 1 --2- 172.21.15.122:0/55471438 >> [v2:172.21.15.122:6800/4175505163,v1:172.21.15.122:6801/4175505163] conn(0x7ffb00036830 0x7ffb00038ce0 unknown :-1 s=START_CONNECT pgs=0 cs=0 l=1 rev1=0 crypto rx=0 tx=0 comp rx=0 tx=0).stop
2024-04-25T16:01:51.859 INFO:teuthology.orchestra.run.smithi122.stdout:/usr/bin/ceph: stderr
2024-04-25T16:01:51.261+0000 7ffafffff700 1 -- 172.21.15.122:0/55471438 <== mon.0 v2:172.21.15.122:3300/0 7 ==== mgrmap(e 7) v1 ==== 43270+0+0 (secure 0 0 0) 0x7ffb0c02eb10 con 0x7ffb18101750
2024-04-25T16:01:51.859 INFO:teuthology.orchestra.run.smithi122.stdout:/usr/bin/ceph: stderr
2024-04-25T16:01:51.261+0000 7ffafffff700 1 --2- 172.21.15.122:0/55471438 >> [v2:172.21.15.122:6800/608183200,v1:172.21.15.122:6801/608183200] conn(0x7ffb00039f50 0x7ffb0003c330 unknown :-1 s=NONE pgs=0 cs=0 l=1 rev1=0 crypto rx=0 tx=0 comp rx=0 tx=0).connect
2024-04-25T16:01:51.859 INFO:teuthology.orchestra.run.smithi122.stdout:/usr/bin/ceph: stderr
2024-04-25T16:01:51.261+0000 7ffafffff700 1 -- 172.21.15.122:0/55471438 --> [v2:172.21.15.122:6800/608183200,v1:172.21.15.122:6801/608183200] -- command(tid 0: {"prefix": "get_command_descriptions"}) v1 -- 0x7ffb1804bed0 con 0x7ffb00039f50
2024-04-25T16:01:51.859 INFO:teuthology.orchestra.run.smithi122.stdout:/usr/bin/ceph: stderr
2024-04-25T16:01:51.261+0000 7ffb16ffd700 1 --2- 172.21.15.122:0/55471438 >> [v2:172.21.15.122:6800/608183200,v1:172.21.15.122:6801/608183200] conn(0x7ffb00039f50 0x7ffb0003c330 unknown :-1 s=BANNER_CONNECTING pgs=0 cs=0 l=1 rev1=0 crypto rx=0 tx=0 comp rx=0 tx=0)._handle_peer_banner_payload supported=3 required=0
2024-04-25T16:01:51.859 INFO:teuthology.orchestra.run.smithi122.stdout:/usr/bin/ceph: stderr
2024-04-25T16:01:51.262+0000 7ffb16ffd700 1 --2- 172.21.15.122:0/55471438 >> [v2:172.21.15.122:6800/608183200,v1:172.21.15.122:6801/608183200] conn(0x7ffb00039f50 0x7ffb0003c330 secure :-1 s=READY pgs=1 cs=0 l=1 rev1=1 crypto rx=0x7ffb080039d0 tx=0x7ffb08009350 comp rx=0 tx=0).ready entity=mgr.14118 client_cookie=0 server_cookie=0 in_seq=0 out_seq=0
2024-04-25T16:01:51.859 INFO:teuthology.orchestra.run.smithi122.stdout:/usr/bin/ceph: stderr
2024-04-25T16:01:51.263+0000 7ffafffff700 1 -- 172.21.15.122:0/55471438 <== mgr.14118 v2:172.21.15.122:6800/608183200 1 ==== command_reply(tid 0: 0 ) v1 ==== 8+0+6549 (secure 0 0 0) 0x7ffb1804bed0 con 0x7ffb00039f50
2024-04-25T16:01:51.859 INFO:teuthology.orchestra.run.smithi122.stdout:/usr/bin/ceph: stderr
2024-04-25T16:01:51.268+0000 7ffb1db8e700 1 -- 172.21.15.122:0/55471438 --> [v2:172.21.15.122:6800/608183200,v1:172.21.15.122:6801/608183200] -- command(tid 1: {"prefix": "mgr_status"}) v1 -- 0x7ffb18103570 con 0x7ffb00039f50
2024-04-25T16:01:51.859 INFO:teuthology.orchestra.run.smithi122.stdout:/usr/bin/ceph: stderr
2024-04-25T16:01:51.269+0000 7ffafffff700 1 -- 172.21.15.122:0/55471438 <== mgr.14118 v2:172.21.15.122:6800/608183200 2 ==== command_reply(tid 1: 0 ) v1 ==== 8+0+51 (secure 0 0 0) 0x7ffb18103570 con 0x7ffb00039f50
2024-04-25T16:01:51.860 INFO:teuthology.orchestra.run.smithi122.stdout:/usr/bin/ceph: stderr
2024-04-25T16:01:51.269+0000 7ffb1db8e700 1 -- 172.21.15.122:0/55471438 >> [v2:172.21.15.122:6800/608183200,v1:172.21.15.122:6801/608183200] conn(0x7ffb00039f50 msgr2=0x7ffb0003c330 secure :-1 s=STATE_CONNECTION_ESTABLISHED l=1).mark_down
2024-04-25T16:01:51.860 INFO:teuthology.orchestra.run.smithi122.stdout:/usr/bin/ceph: stderr
2024-04-25T16:01:51.269+0000 7ffb1db8e700 1 --2- 172.21.15.122:0/55471438 >> [v2:172.21.15.122:6800/608183200,v1:172.21.15.122:6801/608183200] conn(0x7ffb00039f50 0x7ffb0003c330 secure :-1 s=READY pgs=1 cs=0 l=1 rev1=1 crypto rx=0x7ffb080039d0 tx=0x7ffb08009350 comp rx=0 tx=0).stop
2024-04-25T16:01:51.860 INFO:teuthology.orchestra.run.smithi122.stdout:/usr/bin/ceph: stderr
2024-04-25T16:01:51.269+0000 7ffb1db8e700 1 -- 172.21.15.122:0/55471438 >> [v2:172.21.15.122:3300/0,v1:172.21.15.122:6789/0] conn(0x7ffb18101750 msgr2=0x7ffb18076b20 secure :-1 s=STATE_CONNECTION_ESTABLISHED l=1).mark_down
2024-04-25T16:01:51.860 INFO:teuthology.orchestra.run.smithi122.stdout:/usr/bin/ceph: stderr
2024-04-25T16:01:51.269+0000 7ffb1db8e700 1 --2- 172.21.15.122:0/55471438 >> [v2:172.21.15.122:3300/0,v1:172.21.15.122:6789/0] conn(0x7ffb18101750 0x7ffb18076b20 secure :-1 s=READY pgs=27 cs=0 l=1 rev1=1 crypto rx=0x7ffb0c00b440 tx=0x7ffb0c009250 comp rx=0 tx=0).stop
2024-04-25T16:01:51.860 INFO:teuthology.orchestra.run.smithi122.stdout:/usr/bin/ceph: stderr
2024-04-25T16:01:51.269+0000 7ffb1db8e700 1 -- 172.21.15.122:0/55471438 shutdown_connections
2024-04-25T16:01:51.860 INFO:teuthology.orchestra.run.smithi122.stdout:/usr/bin/ceph: stderr
2024-04-25T16:01:51.269+0000 7ffb1db8e700 1 --2- 172.21.15.122:0/55471438 >> [v2:172.21.15.122:6800/608183200,v1:172.21.15.122:6801/608183200] conn(0x7ffb00039f50 0x7ffb0003c330 unknown :-1 s=CLOSED pgs=1 cs=0 l=1 rev1=1 crypto rx=0 tx=0 comp rx=0 tx=0).stop
2024-04-25T16:01:51.860 INFO:teuthology.orchestra.run.smithi122.stdout:/usr/bin/ceph: stderr
2024-04-25T16:01:51.269+0000 7ffb1db8e700 1 --2- 172.21.15.122:0/55471438 >> [v2:172.21.15.122:3300/0,v1:172.21.15.122:6789/0] conn(0x7ffb18101750 0x7ffb18076b20 unknown :-1 s=CLOSED pgs=27 cs=0 l=1 rev1=1 crypto rx=0 tx=0 comp rx=0 tx=0).stop
2024-04-25T16:01:51.860 INFO:teuthology.orchestra.run.smithi122.stdout:/usr/bin/ceph: stderr
2024-04-25T16:01:51.269+0000 7ffb1db8e700 1 --2- 172.21.15.122:0/55471438 >> [v2:172.21.15.122:6800/4175505163,v1:172.21.15.122:6801/4175505163] conn(0x7ffb00036830 0x7ffb00038ce0 unknown :-1 s=CLOSED pgs=0 cs=0 l=1 rev1=0 crypto rx=0 tx=0 comp rx=0 tx=0).stop
2024-04-25T16:01:51.860 INFO:teuthology.orchestra.run.smithi122.stdout:/usr/bin/ceph: stderr
2024-04-25T16:01:51.269+0000 7ffb1db8e700 1 -- 172.21.15.122:0/55471438 >> 172.21.15.122:0/55471438 conn(0x7ffb180fcef0 msgr2=0x7ffb180fd980 unknown :-1 s=STATE_NONE l=0).mark_down
2024-04-25T16:01:51.860 INFO:teuthology.orchestra.run.smithi122.stdout:/usr/bin/ceph: stderr
2024-04-25T16:01:51.269+0000 7ffb1db8e700 1 -- 172.21.15.122:0/55471438 shutdown_connections
2024-04-25T16:01:51.860 INFO:teuthology.orchestra.run.smithi122.stdout:/usr/bin/ceph: stderr
2024-04-25T16:01:51.269+0000 7ffb1db8e700 1 -- 172.21.15.122:0/55471438 wait complete.
2024-04-25T16:01:51.860 INFO:teuthology.orchestra.run.smithi122.stdout:mgr epoch 5 is available
2024-04-25T16:01:51.860 INFO:teuthology.orchestra.run.smithi122.stdout:Setting orchestrator backend to cephadm...
2024-04-25T16:01:52.805 INFO:journalctl@ceph.mon.smithi122.smithi122.stdout:Apr 25 16:01:52 smithi122 ceph-mon[26387]: from='client.14122 -' entity='client.admin' cmd=[{"prefix": "get_command_descriptions"}]: dispatch
2024-04-25T16:01:52.805 INFO:journalctl@ceph.mon.smithi122.smithi122.stdout:Apr 25 16:01:52 smithi122 ceph-mon[26387]: from='client.14122 -' entity='client.admin' cmd=[{"prefix": "mgr_status"}]: dispatch
2024-04-25T16:01:52.805 INFO:journalctl@ceph.mon.smithi122.smithi122.stdout:Apr 25 16:01:52 smithi122 ceph-mon[26387]: [25/Apr/2024:16:01:51] ENGINE Bus STARTING
2024-04-25T16:01:52.805 INFO:journalctl@ceph.mon.smithi122.smithi122.stdout:Apr 25 16:01:52 smithi122 ceph-mon[26387]: [25/Apr/2024:16:01:51] ENGINE Serving on https://172.21.15.122:7150
2024-04-25T16:01:52.805 INFO:journalctl@ceph.mon.smithi122.smithi122.stdout:Apr 25 16:01:52 smithi122 ceph-mon[26387]: [25/Apr/2024:16:01:51] ENGINE Bus STARTED
2024-04-25T16:01:52.805 INFO:journalctl@ceph.mon.smithi122.smithi122.stdout:Apr 25 16:01:52 smithi122 ceph-mon[26387]: from='mgr.14118 172.21.15.122:0/4284112970' entity='mgr.smithi122.vsnwlx'
2024-04-25T16:01:52.805 INFO:journalctl@ceph.mon.smithi122.smithi122.stdout:Apr 25 16:01:52 smithi122 ceph-mon[26387]: from='mgr.14118 172.21.15.122:0/4284112970' entity='mgr.smithi122.vsnwlx' cmd=[{"prefix": "config dump", "format": "json"}]: dispatch
2024-04-25T16:01:52.805 INFO:journalctl@ceph.mon.smithi122.smithi122.stdout:Apr 25 16:01:52 smithi122 ceph-mon[26387]: from='mgr.14118 172.21.15.122:0/4284112970' entity='mgr.smithi122.vsnwlx'
2024-04-25T16:01:52.805 INFO:journalctl@ceph.mon.smithi122.smithi122.stdout:Apr 25 16:01:52 smithi122 ceph-mon[26387]: from='mgr.14118 172.21.15.122:0/4284112970' entity='mgr.smithi122.vsnwlx' cmd=[{"prefix": "config dump", "format": "json"}]: dispatch
2024-04-25T16:01:53.144 INFO:teuthology.orchestra.run.smithi122.stdout:/usr/bin/ceph: stderr
2024-04-25T16:01:52.295+0000 7f85feec1700 1 Processor -- start
2024-04-25T16:01:53.144 INFO:teuthology.orchestra.run.smithi122.stdout:/usr/bin/ceph: stderr
2024-04-25T16:01:52.295+0000 7f85feec1700 1 -- start start
2024-04-25T16:01:53.144 INFO:teuthology.orchestra.run.smithi122.stdout:/usr/bin/ceph: stderr
2024-04-25T16:01:52.295+0000 7f85feec1700 1 --2- >> [v2:172.21.15.122:3300/0,v1:172.21.15.122:6789/0] conn(0x7f85f8078c60 0x7f85f8077210 unknown :-1 s=NONE pgs=0 cs=0 l=0 rev1=0 crypto rx=0 tx=0 comp rx=0 tx=0).connect
2024-04-25T16:01:53.144 INFO:teuthology.orchestra.run.smithi122.stdout:/usr/bin/ceph: stderr
2024-04-25T16:01:52.295+0000 7f85feec1700 1 -- --> [v2:172.21.15.122:3300/0,v1:172.21.15.122:6789/0] -- mon_getmap magic: 0 v1 -- 0x7f85f8079070 con 0x7f85f8078c60
2024-04-25T16:01:53.144 INFO:teuthology.orchestra.run.smithi122.stdout:/usr/bin/ceph: stderr
2024-04-25T16:01:52.295+0000 7f85fcc5d700 1 --2- >> [v2:172.21.15.122:3300/0,v1:172.21.15.122:6789/0] conn(0x7f85f8078c60 0x7f85f8077210 unknown :-1 s=BANNER_CONNECTING pgs=0 cs=0 l=0 rev1=0 crypto rx=0 tx=0 comp rx=0 tx=0)._handle_peer_banner_payload supported=3 required=0
2024-04-25T16:01:53.144 INFO:teuthology.orchestra.run.smithi122.stdout:/usr/bin/ceph: stderr
2024-04-25T16:01:52.295+0000 7f85fcc5d700 1 --2- >> [v2:172.21.15.122:3300/0,v1:172.21.15.122:6789/0] conn(0x7f85f8078c60 0x7f85f8077210 unknown :-1 s=HELLO_CONNECTING pgs=0 cs=0 l=0 rev1=1 crypto rx=0 tx=0 comp rx=0 tx=0).handle_hello peer v2:172.21.15.122:3300/0 says I am v2:172.21.15.122:51914/0 (socket says 172.21.15.122:51914)
2024-04-25T16:01:53.145 INFO:teuthology.orchestra.run.smithi122.stdout:/usr/bin/ceph: stderr
2024-04-25T16:01:52.295+0000 7f85fcc5d700 1 -- 172.21.15.122:0/4009579417 learned_addr learned my addr 172.21.15.122:0/4009579417 (peer_addr_for_me v2:172.21.15.122:0/0)
2024-04-25T16:01:53.145 INFO:teuthology.orchestra.run.smithi122.stdout:/usr/bin/ceph: stderr
2024-04-25T16:01:52.295+0000 7f85fcc5d700 1 -- 172.21.15.122:0/4009579417 --> [v2:172.21.15.122:3300/0,v1:172.21.15.122:6789/0] -- mon_subscribe({config=0+,monmap=0+}) v3 -- 0x7f85f8077750 con 0x7f85f8078c60
2024-04-25T16:01:53.145 INFO:teuthology.orchestra.run.smithi122.stdout:/usr/bin/ceph: stderr
2024-04-25T16:01:52.296+0000 7f85fcc5d700 1 --2- 172.21.15.122:0/4009579417 >> [v2:172.21.15.122:3300/0,v1:172.21.15.122:6789/0] conn(0x7f85f8078c60 0x7f85f8077210 secure :-1 s=READY pgs=35 cs=0 l=1 rev1=1 crypto rx=0x7f85ec0098e0 tx=0x7f85ec009250 comp rx=0 tx=0).ready entity=mon.0 client_cookie=f997b87e4947e239 server_cookie=0 in_seq=0 out_seq=0
2024-04-25T16:01:53.145 INFO:teuthology.orchestra.run.smithi122.stdout:/usr/bin/ceph: stderr
2024-04-25T16:01:52.296+0000 7f85f77fe700 1 -- 172.21.15.122:0/4009579417 <== mon.0 v2:172.21.15.122:3300/0 1 ==== mon_map magic: 0 v1 ==== 229+0+0 (secure 0 0 0) 0x7f85ec00b860 con 0x7f85f8078c60
2024-04-25T16:01:53.145 INFO:teuthology.orchestra.run.smithi122.stdout:/usr/bin/ceph: stderr
2024-04-25T16:01:52.296+0000 7f85f77fe700 1 -- 172.21.15.122:0/4009579417 <== mon.0 v2:172.21.15.122:3300/0 2 ==== config(27 keys) v1 ==== 1044+0+0 (secure 0 0 0) 0x7f85ec00be50 con 0x7f85f8078c60
2024-04-25T16:01:53.145 INFO:teuthology.orchestra.run.smithi122.stdout:/usr/bin/ceph: stderr
2024-04-25T16:01:52.296+0000 7f85f77fe700 1 -- 172.21.15.122:0/4009579417 <== mon.0 v2:172.21.15.122:3300/0 3 ==== mon_map magic: 0 v1 ==== 229+0+0 (secure 0 0 0) 0x7f85ec010380 con 0x7f85f8078c60
2024-04-25T16:01:53.145 INFO:teuthology.orchestra.run.smithi122.stdout:/usr/bin/ceph: stderr
2024-04-25T16:01:52.296+0000 7f85feec1700 1 -- 172.21.15.122:0/4009579417 >> [v2:172.21.15.122:3300/0,v1:172.21.15.122:6789/0] conn(0x7f85f8078c60 msgr2=0x7f85f8077210 secure :-1 s=STATE_CONNECTION_ESTABLISHED l=1).mark_down
2024-04-25T16:01:53.145 INFO:teuthology.orchestra.run.smithi122.stdout:/usr/bin/ceph: stderr
2024-04-25T16:01:52.296+0000 7f85feec1700 1 --2- 172.21.15.122:0/4009579417 >> [v2:172.21.15.122:3300/0,v1:172.21.15.122:6789/0] conn(0x7f85f8078c60 0x7f85f8077210 secure :-1 s=READY pgs=35 cs=0 l=1 rev1=1 crypto rx=0x7f85ec0098e0 tx=0x7f85ec009250 comp rx=0 tx=0).stop
2024-04-25T16:01:53.145 INFO:teuthology.orchestra.run.smithi122.stdout:/usr/bin/ceph: stderr
2024-04-25T16:01:52.296+0000 7f85feec1700 1 -- 172.21.15.122:0/4009579417 shutdown_connections
2024-04-25T16:01:53.145 INFO:teuthology.orchestra.run.smithi122.stdout:/usr/bin/ceph: stderr
2024-04-25T16:01:52.296+0000 7f85feec1700 1 --2- 172.21.15.122:0/4009579417 >> [v2:172.21.15.122:3300/0,v1:172.21.15.122:6789/0] conn(0x7f85f8078c60 0x7f85f8077210 unknown :-1 s=CLOSED pgs=35 cs=0 l=1 rev1=1 crypto rx=0 tx=0 comp rx=0 tx=0).stop
2024-04-25T16:01:53.145 INFO:teuthology.orchestra.run.smithi122.stdout:/usr/bin/ceph: stderr
2024-04-25T16:01:52.296+0000 7f85feec1700 1 -- 172.21.15.122:0/4009579417 >> 172.21.15.122:0/4009579417 conn(0x7f85f80fe060 msgr2=0x7f85f8100470 unknown :-1 s=STATE_NONE l=0).mark_down
2024-04-25T16:01:53.145 INFO:teuthology.orchestra.run.smithi122.stdout:/usr/bin/ceph: stderr
2024-04-25T16:01:52.296+0000 7f85feec1700 1 -- 172.21.15.122:0/4009579417 shutdown_connections
2024-04-25T16:01:53.145 INFO:teuthology.orchestra.run.smithi122.stdout:/usr/bin/ceph: stderr
2024-04-25T16:01:52.296+0000 7f85feec1700 1 -- 172.21.15.122:0/4009579417 wait complete.
2024-04-25T16:01:53.145 INFO:teuthology.orchestra.run.smithi122.stdout:/usr/bin/ceph: stderr
2024-04-25T16:01:52.297+0000 7f85feec1700 1 Processor -- start
2024-04-25T16:01:53.146 INFO:teuthology.orchestra.run.smithi122.stdout:/usr/bin/ceph: stderr
2024-04-25T16:01:52.297+0000 7f85feec1700 1 -- start start
2024-04-25T16:01:53.146 INFO:teuthology.orchestra.run.smithi122.stdout:/usr/bin/ceph: stderr
2024-04-25T16:01:52.297+0000 7f85feec1700 1 --2- >> [v2:172.21.15.122:3300/0,v1:172.21.15.122:6789/0] conn(0x7f85f8078c60 0x7f85f8113840 unknown :-1 s=NONE pgs=0 cs=0 l=1 rev1=0 crypto rx=0 tx=0 comp rx=0 tx=0).connect
2024-04-25T16:01:53.146 INFO:teuthology.orchestra.run.smithi122.stdout:/usr/bin/ceph: stderr
2024-04-25T16:01:52.297+0000 7f85feec1700 1 -- --> [v2:172.21.15.122:3300/0,v1:172.21.15.122:6789/0] -- mon_getmap magic: 0 v1 -- 0x7f85f8113d80 con 0x7f85f8078c60
2024-04-25T16:01:53.146 INFO:teuthology.orchestra.run.smithi122.stdout:/usr/bin/ceph: stderr
2024-04-25T16:01:52.297+0000 7f85fcc5d700 1 --2- >> [v2:172.21.15.122:3300/0,v1:172.21.15.122:6789/0] conn(0x7f85f8078c60 0x7f85f8113840 unknown :-1 s=BANNER_CONNECTING pgs=0 cs=0 l=1 rev1=0 crypto rx=0 tx=0 comp rx=0 tx=0)._handle_peer_banner_payload supported=3 required=0
2024-04-25T16:01:53.146 INFO:teuthology.orchestra.run.smithi122.stdout:/usr/bin/ceph: stderr
2024-04-25T16:01:52.297+0000 7f85fcc5d700 1 --2- >> [v2:172.21.15.122:3300/0,v1:172.21.15.122:6789/0] conn(0x7f85f8078c60 0x7f85f8113840 unknown :-1 s=HELLO_CONNECTING pgs=0 cs=0 l=1 rev1=1 crypto rx=0 tx=0 comp rx=0 tx=0).handle_hello peer v2:172.21.15.122:3300/0 says I am v2:172.21.15.122:51924/0 (socket says 172.21.15.122:51924)
2024-04-25T16:01:53.146 INFO:teuthology.orchestra.run.smithi122.stdout:/usr/bin/ceph: stderr
2024-04-25T16:01:52.297+0000 7f85fcc5d700 1 -- 172.21.15.122:0/2012621567 learned_addr learned my addr 172.21.15.122:0/2012621567 (peer_addr_for_me v2:172.21.15.122:0/0)
2024-04-25T16:01:53.146 INFO:teuthology.orchestra.run.smithi122.stdout:/usr/bin/ceph: stderr
2024-04-25T16:01:52.298+0000 7f85fcc5d700 1 -- 172.21.15.122:0/2012621567 --> [v2:172.21.15.122:3300/0,v1:172.21.15.122:6789/0] -- mon_subscribe({config=0+,monmap=0+}) v3 -- 0x7f85ec0094f0 con 0x7f85f8078c60
2024-04-25T16:01:53.146 INFO:teuthology.orchestra.run.smithi122.stdout:/usr/bin/ceph: stderr
2024-04-25T16:01:52.298+0000 7f85fcc5d700 1 --2- 172.21.15.122:0/2012621567 >> [v2:172.21.15.122:3300/0,v1:172.21.15.122:6789/0] conn(0x7f85f8078c60 0x7f85f8113840 secure :-1 s=READY pgs=36 cs=0 l=1 rev1=1 crypto rx=0x7f85ec006fd0 tx=0x7f85ec009250 comp rx=0 tx=0).ready entity=mon.0 client_cookie=0 server_cookie=0 in_seq=0 out_seq=0
2024-04-25T16:01:53.146 INFO:teuthology.orchestra.run.smithi122.stdout:/usr/bin/ceph: stderr
2024-04-25T16:01:52.298+0000 7f85f57fa700 1 -- 172.21.15.122:0/2012621567 <== mon.0 v2:172.21.15.122:3300/0 1 ==== mon_map magic: 0 v1 ==== 229+0+0 (secure 0 0 0) 0x7f85ec0107c0 con 0x7f85f8078c60
2024-04-25T16:01:53.146 INFO:teuthology.orchestra.run.smithi122.stdout:/usr/bin/ceph: stderr
2024-04-25T16:01:52.298+0000 7f85f57fa700 1 -- 172.21.15.122:0/2012621567 <== mon.0 v2:172.21.15.122:3300/0 2 ==== config(27 keys) v1 ==== 1044+0+0 (secure 0 0 0) 0x7f85ec010db0 con 0x7f85f8078c60
2024-04-25T16:01:53.146 INFO:teuthology.orchestra.run.smithi122.stdout:/usr/bin/ceph: stderr
2024-04-25T16:01:52.298+0000 7f85f57fa700 1 -- 172.21.15.122:0/2012621567 <== mon.0 v2:172.21.15.122:3300/0 3 ==== mon_map magic: 0 v1 ==== 229+0+0 (secure 0 0 0) 0x7f85ec01ada0 con 0x7f85f8078c60
2024-04-25T16:01:53.146 INFO:teuthology.orchestra.run.smithi122.stdout:/usr/bin/ceph: stderr
2024-04-25T16:01:52.298+0000 7f85feec1700 1 -- 172.21.15.122:0/2012621567 --> [v2:172.21.15.122:3300/0,v1:172.21.15.122:6789/0] -- mon_subscribe({mgrmap=0+}) v3 -- 0x7f85f8113f80 con 0x7f85f8078c60
2024-04-25T16:01:53.146 INFO:teuthology.orchestra.run.smithi122.stdout:/usr/bin/ceph: stderr
2024-04-25T16:01:52.298+0000 7f85feec1700 1 -- 172.21.15.122:0/2012621567 --> [v2:172.21.15.122:3300/0,v1:172.21.15.122:6789/0] -- mon_subscribe({osdmap=0}) v3 -- 0x7f85f8114af0 con 0x7f85f8078c60
2024-04-25T16:01:53.146 INFO:teuthology.orchestra.run.smithi122.stdout:/usr/bin/ceph: stderr
2024-04-25T16:01:52.299+0000 7f85f57fa700 1 -- 172.21.15.122:0/2012621567 <== mon.0 v2:172.21.15.122:3300/0 4 ==== mgrmap(e 7) v1 ==== 43270+0+0 (secure 0 0 0) 0x7f85ec019450 con 0x7f85f8078c60
2024-04-25T16:01:53.146 INFO:teuthology.orchestra.run.smithi122.stdout:/usr/bin/ceph: stderr
2024-04-25T16:01:52.299+0000 7f85f57fa700 1 --2- 172.21.15.122:0/2012621567 >> [v2:172.21.15.122:6800/608183200,v1:172.21.15.122:6801/608183200] conn(0x7f85e8036720 0x7f85e8038bd0 unknown :-1 s=NONE pgs=0 cs=0 l=1 rev1=0 crypto rx=0 tx=0 comp rx=0 tx=0).connect
2024-04-25T16:01:53.147 INFO:teuthology.orchestra.run.smithi122.stdout:/usr/bin/ceph: stderr
2024-04-25T16:01:52.299+0000 7f85f57fa700 1 -- 172.21.15.122:0/2012621567 <== mon.0 v2:172.21.15.122:3300/0 5 ==== osd_map(2..2 src has 1..2) v4 ==== 936+0+0 (secure 0 0 0) 0x7f85ec049c60 con 0x7f85f8078c60
2024-04-25T16:01:53.147 INFO:teuthology.orchestra.run.smithi122.stdout:/usr/bin/ceph: stderr
2024-04-25T16:01:52.299+0000 7f85f7fff700 1 --2- 172.21.15.122:0/2012621567 >> [v2:172.21.15.122:6800/608183200,v1:172.21.15.122:6801/608183200] conn(0x7f85e8036720 0x7f85e8038bd0 unknown :-1 s=BANNER_CONNECTING pgs=0 cs=0 l=1 rev1=0 crypto rx=0 tx=0 comp rx=0 tx=0)._handle_peer_banner_payload supported=3 required=0
2024-04-25T16:01:53.147 INFO:teuthology.orchestra.run.smithi122.stdout:/usr/bin/ceph: stderr
2024-04-25T16:01:52.299+0000 7f85feec1700 1 -- 172.21.15.122:0/2012621567 --> [v2:172.21.15.122:3300/0,v1:172.21.15.122:6789/0] -- mon_command({"prefix": "get_command_descriptions"} v 0) v1 -- 0x7f85f805f5c0 con 0x7f85f8078c60
2024-04-25T16:01:53.147 INFO:teuthology.orchestra.run.smithi122.stdout:/usr/bin/ceph: stderr
2024-04-25T16:01:52.299+0000 7f85f7fff700 1 --2- 172.21.15.122:0/2012621567 >> [v2:172.21.15.122:6800/608183200,v1:172.21.15.122:6801/608183200] conn(0x7f85e8036720 0x7f85e8038bd0 secure :-1 s=READY pgs=7 cs=0 l=1 rev1=1 crypto rx=0x7f85e4009990 tx=0x7f85e4006e40 comp rx=0 tx=0).ready entity=mgr.14118 client_cookie=0 server_cookie=0 in_seq=0 out_seq=0
2024-04-25T16:01:53.147 INFO:teuthology.orchestra.run.smithi122.stdout:/usr/bin/ceph: stderr
2024-04-25T16:01:52.304+0000 7f85f57fa700 1 -- 172.21.15.122:0/2012621567 <== mon.0 v2:172.21.15.122:3300/0 6 ==== mon_command_ack([{"prefix": "get_command_descriptions"}]=0 v0) v1 ==== 72+0+176702 (secure 0 0 0) 0x7f85ec022310 con 0x7f85f8078c60
2024-04-25T16:01:53.147 INFO:teuthology.orchestra.run.smithi122.stdout:/usr/bin/ceph: stderr
2024-04-25T16:01:52.501+0000 7f85feec1700 1 -- 172.21.15.122:0/2012621567 --> [v2:172.21.15.122:6800/608183200,v1:172.21.15.122:6801/608183200] -- mgr_command(tid 0: {"prefix": "orch set backend", "module_name": "cephadm", "target": ["mon-mgr", ""]}) v1 -- 0x7f85f80ff2f0 con 0x7f85e8036720
2024-04-25T16:01:53.147 INFO:teuthology.orchestra.run.smithi122.stdout:/usr/bin/ceph: stderr
2024-04-25T16:01:52.509+0000 7f85f57fa700 1 -- 172.21.15.122:0/2012621567 <== mgr.14118 v2:172.21.15.122:6800/608183200 1 ==== mgr_command_reply(tid 0: 0 ) v1 ==== 8+0+0 (secure 0 0 0) 0x7f85f80ff2f0 con 0x7f85e8036720
2024-04-25T16:01:53.147 INFO:teuthology.orchestra.run.smithi122.stdout:/usr/bin/ceph: stderr
2024-04-25T16:01:52.512+0000 7f85feec1700 1 -- 172.21.15.122:0/2012621567 >> [v2:172.21.15.122:6800/608183200,v1:172.21.15.122:6801/608183200] conn(0x7f85e8036720 msgr2=0x7f85e8038bd0 secure :-1 s=STATE_CONNECTION_ESTABLISHED l=1).mark_down
2024-04-25T16:01:53.147 INFO:teuthology.orchestra.run.smithi122.stdout:/usr/bin/ceph: stderr
2024-04-25T16:01:52.512+0000 7f85feec1700 1 --2- 172.21.15.122:0/2012621567 >> [v2:172.21.15.122:6800/608183200,v1:172.21.15.122:6801/608183200] conn(0x7f85e8036720 0x7f85e8038bd0 secure :-1 s=READY pgs=7 cs=0 l=1 rev1=1 crypto rx=0x7f85e4009990 tx=0x7f85e4006e40 comp rx=0 tx=0).stop
2024-04-25T16:01:53.147 INFO:teuthology.orchestra.run.smithi122.stdout:/usr/bin/ceph: stderr
2024-04-25T16:01:52.512+0000 7f85feec1700 1 -- 172.21.15.122:0/2012621567 >> [v2:172.21.15.122:3300/0,v1:172.21.15.122:6789/0] conn(0x7f85f8078c60 msgr2=0x7f85f8113840 secure :-1 s=STATE_CONNECTION_ESTABLISHED l=1).mark_down
2024-04-25T16:01:53.147 INFO:teuthology.orchestra.run.smithi122.stdout:/usr/bin/ceph: stderr
2024-04-25T16:01:52.512+0000 7f85feec1700 1 --2- 172.21.15.122:0/2012621567 >> [v2:172.21.15.122:3300/0,v1:172.21.15.122:6789/0] conn(0x7f85f8078c60 0x7f85f8113840 secure :-1 s=READY pgs=36 cs=0 l=1 rev1=1 crypto rx=0x7f85ec006fd0 tx=0x7f85ec009250 comp rx=0 tx=0).stop
2024-04-25T16:01:53.147 INFO:teuthology.orchestra.run.smithi122.stdout:/usr/bin/ceph: stderr
2024-04-25T16:01:52.512+0000 7f85feec1700 1 -- 172.21.15.122:0/2012621567 shutdown_connections
2024-04-25T16:01:53.147 INFO:teuthology.orchestra.run.smithi122.stdout:/usr/bin/ceph: stderr
2024-04-25T16:01:52.512+0000 7f85feec1700 1 --2- 172.21.15.122:0/2012621567 >> [v2:172.21.15.122:6800/608183200,v1:172.21.15.122:6801/608183200] conn(0x7f85e8036720 0x7f85e8038bd0 unknown :-1 s=CLOSED pgs=7 cs=0 l=1 rev1=1 crypto rx=0 tx=0 comp rx=0 tx=0).stop
2024-04-25T16:01:53.147 INFO:teuthology.orchestra.run.smithi122.stdout:/usr/bin/ceph: stderr
2024-04-25T16:01:52.512+0000 7f85feec1700 1 --2- 172.21.15.122:0/2012621567 >> [v2:172.21.15.122:3300/0,v1:172.21.15.122:6789/0] conn(0x7f85f8078c60 0x7f85f8113840 unknown :-1 s=CLOSED pgs=36 cs=0 l=1 rev1=1 crypto rx=0 tx=0 comp rx=0 tx=0).stop
2024-04-25T16:01:53.148 INFO:teuthology.orchestra.run.smithi122.stdout:/usr/bin/ceph: stderr
2024-04-25T16:01:52.512+0000 7f85feec1700 1 -- 172.21.15.122:0/2012621567 >> 172.21.15.122:0/2012621567 conn(0x7f85f80fe060 msgr2=0x7f85f80febe0 unknown :-1 s=STATE_NONE l=0).mark_down
2024-04-25T16:01:53.148 INFO:teuthology.orchestra.run.smithi122.stdout:/usr/bin/ceph: stderr
2024-04-25T16:01:52.512+0000 7f85feec1700 1 -- 172.21.15.122:0/2012621567 shutdown_connections
2024-04-25T16:01:53.148 INFO:teuthology.orchestra.run.smithi122.stdout:/usr/bin/ceph: stderr
2024-04-25T16:01:52.512+0000 7f85feec1700 1 -- 172.21.15.122:0/2012621567 wait complete.
2024-04-25T16:01:53.804 INFO:journalctl@ceph.mon.smithi122.smithi122.stdout:Apr 25 16:01:53 smithi122 ceph-mon[26387]: from='client.14130 -' entity='client.admin' cmd=[{"prefix": "orch set backend", "module_name": "cephadm", "target": ["mon-mgr", ""]}]: dispatch
2024-04-25T16:01:53.804 INFO:journalctl@ceph.mon.smithi122.smithi122.stdout:Apr 25 16:01:53 smithi122 ceph-mon[26387]: mgrmap e8: smithi122.vsnwlx(active, since 2s)
2024-04-25T16:01:54.400 INFO:teuthology.orchestra.run.smithi122.stdout:/usr/bin/ceph: stdout value unchanged
2024-04-25T16:01:54.400 INFO:teuthology.orchestra.run.smithi122.stdout:/usr/bin/ceph: stderr
2024-04-25T16:01:53.579+0000 7fbcda8a8700 1 Processor -- start
2024-04-25T16:01:54.400 INFO:teuthology.orchestra.run.smithi122.stdout:/usr/bin/ceph: stderr
2024-04-25T16:01:53.579+0000 7fbcda8a8700 1 -- start start
2024-04-25T16:01:54.400 INFO:teuthology.orchestra.run.smithi122.stdout:/usr/bin/ceph: stderr
2024-04-25T16:01:53.579+0000 7fbcda8a8700 1 --2- >> [v2:172.21.15.122:3300/0,v1:172.21.15.122:6789/0] conn(0x7fbcd4076c10 0x7fbcd4105460 unknown :-1 s=NONE pgs=0 cs=0 l=0 rev1=0 crypto rx=0 tx=0 comp rx=0 tx=0).connect
2024-04-25T16:01:54.400 INFO:teuthology.orchestra.run.smithi122.stdout:/usr/bin/ceph: stderr
2024-04-25T16:01:53.579+0000 7fbcda8a8700 1 -- --> [v2:172.21.15.122:3300/0,v1:172.21.15.122:6789/0] -- mon_getmap magic: 0 v1 -- 0x7fbcd41059a0 con 0x7fbcd4076c10
2024-04-25T16:01:54.400 INFO:teuthology.orchestra.run.smithi122.stdout:/usr/bin/ceph: stderr
2024-04-25T16:01:53.579+0000 7fbcd3fff700 1 --2- >> [v2:172.21.15.122:3300/0,v1:172.21.15.122:6789/0] conn(0x7fbcd4076c10 0x7fbcd4105460 unknown :-1 s=BANNER_CONNECTING pgs=0 cs=0 l=0 rev1=0 crypto rx=0 tx=0 comp rx=0 tx=0)._handle_peer_banner_payload supported=3 required=0
2024-04-25T16:01:54.400 INFO:teuthology.orchestra.run.smithi122.stdout:/usr/bin/ceph: stderr
2024-04-25T16:01:53.579+0000 7fbcd3fff700 1 --2- >> [v2:172.21.15.122:3300/0,v1:172.21.15.122:6789/0] conn(0x7fbcd4076c10 0x7fbcd4105460 unknown :-1 s=HELLO_CONNECTING pgs=0 cs=0 l=0 rev1=1 crypto rx=0 tx=0 comp rx=0 tx=0).handle_hello peer v2:172.21.15.122:3300/0 says I am v2:172.21.15.122:51934/0 (socket says 172.21.15.122:51934)
2024-04-25T16:01:54.400 INFO:teuthology.orchestra.run.smithi122.stdout:/usr/bin/ceph: stderr
2024-04-25T16:01:53.579+0000 7fbcd3fff700 1 -- 172.21.15.122:0/2254531950 learned_addr learned my addr 172.21.15.122:0/2254531950 (peer_addr_for_me v2:172.21.15.122:0/0)
2024-04-25T16:01:54.400 INFO:teuthology.orchestra.run.smithi122.stdout:/usr/bin/ceph: stderr
2024-04-25T16:01:53.580+0000 7fbcd3fff700 1 -- 172.21.15.122:0/2254531950 --> [v2:172.21.15.122:3300/0,v1:172.21.15.122:6789/0] -- mon_subscribe({config=0+,monmap=0+}) v3 -- 0x7fbcd4105ae0 con 0x7fbcd4076c10
2024-04-25T16:01:54.400 INFO:teuthology.orchestra.run.smithi122.stdout:/usr/bin/ceph: stderr
2024-04-25T16:01:53.580+0000 7fbcd3fff700 1 --2- 172.21.15.122:0/2254531950 >> [v2:172.21.15.122:3300/0,v1:172.21.15.122:6789/0] conn(0x7fbcd4076c10 0x7fbcd4105460 secure :-1 s=READY pgs=37 cs=0 l=1 rev1=1 crypto rx=0x7fbcc40098e0 tx=0x7fbcc4009250 comp rx=0 tx=0).ready entity=mon.0 client_cookie=6c85888133752fd9 server_cookie=0 in_seq=0 out_seq=0
2024-04-25T16:01:54.401 INFO:teuthology.orchestra.run.smithi122.stdout:/usr/bin/ceph: stderr
2024-04-25T16:01:53.580+0000 7fbcd2ffd700 1 -- 172.21.15.122:0/2254531950 <== mon.0 v2:172.21.15.122:3300/0 1 ==== mon_map magic: 0 v1 ==== 229+0+0 (secure 0 0 0) 0x7fbcc400b860 con 0x7fbcd4076c10
2024-04-25T16:01:54.401 INFO:teuthology.orchestra.run.smithi122.stdout:/usr/bin/ceph: stderr
2024-04-25T16:01:53.580+0000 7fbcd2ffd700 1 -- 172.21.15.122:0/2254531950 <== mon.0 v2:172.21.15.122:3300/0 2 ==== config(27 keys) v1 ==== 1044+0+0 (secure 0 0 0) 0x7fbcc400be50 con 0x7fbcd4076c10
2024-04-25T16:01:54.401 INFO:teuthology.orchestra.run.smithi122.stdout:/usr/bin/ceph: stderr
2024-04-25T16:01:53.580+0000 7fbcd2ffd700 1 -- 172.21.15.122:0/2254531950 <== mon.0 v2:172.21.15.122:3300/0 3 ==== mon_map magic: 0 v1 ==== 229+0+0 (secure 0 0 0) 0x7fbcc4010380 con 0x7fbcd4076c10
2024-04-25T16:01:54.401 INFO:teuthology.orchestra.run.smithi122.stdout:/usr/bin/ceph: stderr
2024-04-25T16:01:53.580+0000 7fbcda8a8700 1 -- 172.21.15.122:0/2254531950 >> [v2:172.21.15.122:3300/0,v1:172.21.15.122:6789/0] conn(0x7fbcd4076c10 msgr2=0x7fbcd4105460 secure :-1 s=STATE_CONNECTION_ESTABLISHED l=1).mark_down
2024-04-25T16:01:54.401 INFO:teuthology.orchestra.run.smithi122.stdout:/usr/bin/ceph: stderr
2024-04-25T16:01:53.580+0000 7fbcda8a8700 1 --2- 172.21.15.122:0/2254531950 >> [v2:172.21.15.122:3300/0,v1:172.21.15.122:6789/0] conn(0x7fbcd4076c10 0x7fbcd4105460 secure :-1 s=READY pgs=37 cs=0 l=1 rev1=1 crypto rx=0x7fbcc40098e0 tx=0x7fbcc4009250 comp rx=0 tx=0).stop
2024-04-25T16:01:54.401 INFO:teuthology.orchestra.run.smithi122.stdout:/usr/bin/ceph: stderr
2024-04-25T16:01:53.581+0000 7fbcda8a8700 1 -- 172.21.15.122:0/2254531950 shutdown_connections
2024-04-25T16:01:54.401 INFO:teuthology.orchestra.run.smithi122.stdout:/usr/bin/ceph: stderr
2024-04-25T16:01:53.581+0000 7fbcda8a8700 1 --2- 172.21.15.122:0/2254531950 >> [v2:172.21.15.122:3300/0,v1:172.21.15.122:6789/0] conn(0x7fbcd4076c10 0x7fbcd4105460 unknown :-1 s=CLOSED pgs=37 cs=0 l=1 rev1=1 crypto rx=0 tx=0 comp rx=0 tx=0).stop
2024-04-25T16:01:54.401 INFO:teuthology.orchestra.run.smithi122.stdout:/usr/bin/ceph: stderr
2024-04-25T16:01:53.581+0000 7fbcda8a8700 1 -- 172.21.15.122:0/2254531950 >> 172.21.15.122:0/2254531950 conn(0x7fbcd40fcef0 msgr2=0x7fbcd40ff300 unknown :-1 s=STATE_NONE l=0).mark_down
2024-04-25T16:01:54.401 INFO:teuthology.orchestra.run.smithi122.stdout:/usr/bin/ceph: stderr
2024-04-25T16:01:53.581+0000 7fbcda8a8700 1 -- 172.21.15.122:0/2254531950 shutdown_connections
2024-04-25T16:01:54.401 INFO:teuthology.orchestra.run.smithi122.stdout:/usr/bin/ceph: stderr
2024-04-25T16:01:53.581+0000 7fbcda8a8700 1 -- 172.21.15.122:0/2254531950 wait complete.
2024-04-25T16:01:54.401 INFO:teuthology.orchestra.run.smithi122.stdout:/usr/bin/ceph: stderr
2024-04-25T16:01:53.581+0000 7fbcda8a8700 1 Processor -- start
2024-04-25T16:01:54.401 INFO:teuthology.orchestra.run.smithi122.stdout:/usr/bin/ceph: stderr
2024-04-25T16:01:53.581+0000 7fbcda8a8700 1 -- start start
2024-04-25T16:01:54.401 INFO:teuthology.orchestra.run.smithi122.stdout:/usr/bin/ceph: stderr
2024-04-25T16:01:53.581+0000 7fbcda8a8700 1 --2- >> [v2:172.21.15.122:3300/0,v1:172.21.15.122:6789/0] conn(0x7fbcd4076c10 0x7fbcd41115b0 unknown :-1 s=NONE pgs=0 cs=0 l=1 rev1=0 crypto rx=0 tx=0 comp rx=0 tx=0).connect
2024-04-25T16:01:54.401 INFO:teuthology.orchestra.run.smithi122.stdout:/usr/bin/ceph: stderr
2024-04-25T16:01:53.581+0000 7fbcda8a8700 1 -- --> [v2:172.21.15.122:3300/0,v1:172.21.15.122:6789/0] -- mon_getmap magic: 0 v1 -- 0x7fbcd4111af0 con 0x7fbcd4076c10
2024-04-25T16:01:54.401 INFO:teuthology.orchestra.run.smithi122.stdout:/usr/bin/ceph: stderr
2024-04-25T16:01:53.582+0000 7fbcd3fff700 1 --2- >> [v2:172.21.15.122:3300/0,v1:172.21.15.122:6789/0] conn(0x7fbcd4076c10 0x7fbcd41115b0 unknown :-1 s=BANNER_CONNECTING pgs=0 cs=0 l=1 rev1=0 crypto rx=0 tx=0 comp rx=0 tx=0)._handle_peer_banner_payload supported=3 required=0
2024-04-25T16:01:54.402 INFO:teuthology.orchestra.run.smithi122.stdout:/usr/bin/ceph: stderr
2024-04-25T16:01:53.582+0000 7fbcd3fff700 1 --2- >> [v2:172.21.15.122:3300/0,v1:172.21.15.122:6789/0] conn(0x7fbcd4076c10 0x7fbcd41115b0 unknown :-1 s=HELLO_CONNECTING pgs=0 cs=0 l=1 rev1=1 crypto rx=0 tx=0 comp rx=0 tx=0).handle_hello peer v2:172.21.15.122:3300/0 says I am v2:172.21.15.122:51942/0 (socket says 172.21.15.122:51942)
2024-04-25T16:01:54.402 INFO:teuthology.orchestra.run.smithi122.stdout:/usr/bin/ceph: stderr
2024-04-25T16:01:53.582+0000 7fbcd3fff700 1 -- 172.21.15.122:0/429989586 learned_addr learned my addr 172.21.15.122:0/429989586 (peer_addr_for_me v2:172.21.15.122:0/0)
2024-04-25T16:01:54.402 INFO:teuthology.orchestra.run.smithi122.stdout:/usr/bin/ceph: stderr
2024-04-25T16:01:53.582+0000 7fbcd3fff700 1 -- 172.21.15.122:0/429989586 --> [v2:172.21.15.122:3300/0,v1:172.21.15.122:6789/0] -- mon_subscribe({config=0+,monmap=0+}) v3 -- 0x7fbcc40094f0 con 0x7fbcd4076c10
2024-04-25T16:01:54.402 INFO:teuthology.orchestra.run.smithi122.stdout:/usr/bin/ceph: stderr
2024-04-25T16:01:53.582+0000 7fbcd3fff700 1 --2- 172.21.15.122:0/429989586 >> [v2:172.21.15.122:3300/0,v1:172.21.15.122:6789/0] conn(0x7fbcd4076c10 0x7fbcd41115b0 secure :-1 s=READY pgs=38 cs=0 l=1 rev1=1 crypto rx=0x7fbcc4006b00 tx=0x7fbcc4009250 comp rx=0 tx=0).ready entity=mon.0 client_cookie=0 server_cookie=0 in_seq=0 out_seq=0
2024-04-25T16:01:54.402 INFO:teuthology.orchestra.run.smithi122.stdout:/usr/bin/ceph: stderr
2024-04-25T16:01:53.582+0000 7fbcd0ff9700 1 -- 172.21.15.122:0/429989586 <== mon.0 v2:172.21.15.122:3300/0 1 ==== mon_map magic: 0 v1 ==== 229+0+0 (secure 0 0 0) 0x7fbcc40107c0 con 0x7fbcd4076c10
2024-04-25T16:01:54.402 INFO:teuthology.orchestra.run.smithi122.stdout:/usr/bin/ceph: stderr
2024-04-25T16:01:53.582+0000 7fbcd0ff9700 1 -- 172.21.15.122:0/429989586 <== mon.0 v2:172.21.15.122:3300/0 2 ==== config(27 keys) v1 ==== 1044+0+0 (secure 0 0 0) 0x7fbcc4010db0 con 0x7fbcd4076c10
2024-04-25T16:01:54.402 INFO:teuthology.orchestra.run.smithi122.stdout:/usr/bin/ceph: stderr
2024-04-25T16:01:53.582+0000 7fbcda8a8700 1 -- 172.21.15.122:0/429989586 --> [v2:172.21.15.122:3300/0,v1:172.21.15.122:6789/0] -- mon_subscribe({mgrmap=0+}) v3 -- 0x7fbcd4111d50 con 0x7fbcd4076c10
2024-04-25T16:01:54.402 INFO:teuthology.orchestra.run.smithi122.stdout:/usr/bin/ceph: stderr
2024-04-25T16:01:53.582+0000 7fbcd0ff9700 1 -- 172.21.15.122:0/429989586 <== mon.0 v2:172.21.15.122:3300/0 3 ==== mon_map magic: 0 v1 ==== 229+0+0 (secure 0 0 0) 0x7fbcc401acf0 con 0x7fbcd4076c10
2024-04-25T16:01:54.402 INFO:teuthology.orchestra.run.smithi122.stdout:/usr/bin/ceph: stderr
2024-04-25T16:01:53.582+0000 7fbcda8a8700 1 -- 172.21.15.122:0/429989586 --> [v2:172.21.15.122:3300/0,v1:172.21.15.122:6789/0] -- mon_subscribe({osdmap=0}) v3 -- 0x7fbcd4112860 con 0x7fbcd4076c10
2024-04-25T16:01:54.402 INFO:teuthology.orchestra.run.smithi122.stdout:/usr/bin/ceph: stderr
2024-04-25T16:01:53.583+0000 7fbcd0ff9700 1 -- 172.21.15.122:0/429989586 <== mon.0 v2:172.21.15.122:3300/0 4 ==== mgrmap(e 8) v1 ==== 43376+0+0 (secure 0 0 0) 0x7fbcc40193c0 con 0x7fbcd4076c10
2024-04-25T16:01:54.402 INFO:teuthology.orchestra.run.smithi122.stdout:/usr/bin/ceph: stderr
2024-04-25T16:01:53.583+0000 7fbcd0ff9700 1 --2- 172.21.15.122:0/429989586 >> [v2:172.21.15.122:6800/608183200,v1:172.21.15.122:6801/608183200] conn(0x7fbcbc0368a0 0x7fbcbc038d50 unknown :-1 s=NONE pgs=0 cs=0 l=1 rev1=0 crypto rx=0 tx=0 comp rx=0 tx=0).connect
2024-04-25T16:01:54.402 INFO:teuthology.orchestra.run.smithi122.stdout:/usr/bin/ceph: stderr
2024-04-25T16:01:53.583+0000 7fbcd0ff9700 1 -- 172.21.15.122:0/429989586 <== mon.0 v2:172.21.15.122:3300/0 5 ==== osd_map(2..2 src has 1..2) v4 ==== 936+0+0 (secure 0 0 0) 0x7fbcc404a5a0 con 0x7fbcd4076c10
2024-04-25T16:01:54.403 INFO:teuthology.orchestra.run.smithi122.stdout:/usr/bin/ceph: stderr
2024-04-25T16:01:53.583+0000 7fbcda8a8700 1 -- 172.21.15.122:0/429989586 --> [v2:172.21.15.122:3300/0,v1:172.21.15.122:6789/0] -- mon_command({"prefix": "get_command_descriptions"} v 0) v1 -- 0x7fbcd405f5c0 con 0x7fbcd4076c10
2024-04-25T16:01:54.403 INFO:teuthology.orchestra.run.smithi122.stdout:/usr/bin/ceph: stderr
2024-04-25T16:01:53.583+0000 7fbcd37fe700 1 --2- 172.21.15.122:0/429989586 >> [v2:172.21.15.122:6800/608183200,v1:172.21.15.122:6801/608183200] conn(0x7fbcbc0368a0 0x7fbcbc038d50 unknown :-1 s=BANNER_CONNECTING pgs=0 cs=0 l=1 rev1=0 crypto rx=0 tx=0 comp rx=0 tx=0)._handle_peer_banner_payload supported=3 required=0
2024-04-25T16:01:54.403 INFO:teuthology.orchestra.run.smithi122.stdout:/usr/bin/ceph: stderr
2024-04-25T16:01:53.583+0000 7fbcd37fe700 1 --2- 172.21.15.122:0/429989586 >> [v2:172.21.15.122:6800/608183200,v1:172.21.15.122:6801/608183200] conn(0x7fbcbc0368a0 0x7fbcbc038d50 secure :-1 s=READY pgs=8 cs=0 l=1 rev1=1 crypto rx=0x7fbcc8009990 tx=0x7fbcc8006e40 comp rx=0 tx=0).ready entity=mgr.14118 client_cookie=0 server_cookie=0 in_seq=0 out_seq=0
2024-04-25T16:01:54.403 INFO:teuthology.orchestra.run.smithi122.stdout:/usr/bin/ceph: stderr
2024-04-25T16:01:53.588+0000 7fbcd0ff9700 1 -- 172.21.15.122:0/429989586 <== mon.0 v2:172.21.15.122:3300/0 6 ==== mon_command_ack([{"prefix": "get_command_descriptions"}]=0 v0) v1 ==== 72+0+176702 (secure 0 0 0) 0x7fbcc40196c0 con 0x7fbcd4076c10
2024-04-25T16:01:54.403 INFO:teuthology.orchestra.run.smithi122.stdout:/usr/bin/ceph: stderr
2024-04-25T16:01:53.778+0000 7fbcda8a8700 1 -- 172.21.15.122:0/429989586 --> [v2:172.21.15.122:6800/608183200,v1:172.21.15.122:6801/608183200] -- mgr_command(tid 0: {"prefix": "cephadm set-user", "user": "root", "target": ["mon-mgr", ""]}) v1 -- 0x7fbcd40fe0b0 con 0x7fbcbc0368a0
2024-04-25T16:01:54.403 INFO:teuthology.orchestra.run.smithi122.stdout:/usr/bin/ceph: stderr
2024-04-25T16:01:53.779+0000 7fbcd0ff9700 1 -- 172.21.15.122:0/429989586 <== mgr.14118 v2:172.21.15.122:6800/608183200 1 ==== mgr_command_reply(tid 0: 0 ) v1 ==== 8+0+16 (secure 0 0 0) 0x7fbcd40fe0b0 con 0x7fbcbc0368a0
2024-04-25T16:01:54.403 INFO:teuthology.orchestra.run.smithi122.stdout:/usr/bin/ceph: stderr
2024-04-25T16:01:53.781+0000 7fbcda8a8700 1 -- 172.21.15.122:0/429989586 >> [v2:172.21.15.122:6800/608183200,v1:172.21.15.122:6801/608183200] conn(0x7fbcbc0368a0 msgr2=0x7fbcbc038d50 secure :-1 s=STATE_CONNECTION_ESTABLISHED l=1).mark_down
2024-04-25T16:01:54.403 INFO:teuthology.orchestra.run.smithi122.stdout:/usr/bin/ceph: stderr
2024-04-25T16:01:53.781+0000 7fbcda8a8700 1 --2- 172.21.15.122:0/429989586 >> [v2:172.21.15.122:6800/608183200,v1:172.21.15.122:6801/608183200] conn(0x7fbcbc0368a0 0x7fbcbc038d50 secure :-1 s=READY pgs=8 cs=0 l=1 rev1=1 crypto rx=0x7fbcc8009990 tx=0x7fbcc8006e40 comp rx=0 tx=0).stop
2024-04-25T16:01:54.403 INFO:teuthology.orchestra.run.smithi122.stdout:/usr/bin/ceph: stderr
2024-04-25T16:01:53.781+0000 7fbcda8a8700 1 -- 172.21.15.122:0/429989586 >> [v2:172.21.15.122:3300/0,v1:172.21.15.122:6789/0] conn(0x7fbcd4076c10 msgr2=0x7fbcd41115b0 secure :-1 s=STATE_CONNECTION_ESTABLISHED l=1).mark_down
2024-04-25T16:01:54.403 INFO:teuthology.orchestra.run.smithi122.stdout:/usr/bin/ceph: stderr
