2024-04-25T16:21:06.803+0000 7f21af800700 1 --2- 172.21.15.33:0/4055308101 >> [v2:172.21.15.33:3300/0,v1:172.21.15.33:6789/0] conn(0x7f21a81098e0 0x7f21a8109cf0 unknown :-1 s=CLOSED pgs=49 cs=0 l=1 rev1=1 crypto rx=0 tx=0 comp rx=0 tx=0).stop
2024-04-25T16:21:07.890 INFO:teuthology.orchestra.run.smithi033.stdout:/usr/bin/ceph: stderr
2024-04-25T16:21:06.803+0000 7f21af800700 1 -- 172.21.15.33:0/4055308101 >> 172.21.15.33:0/4055308101 conn(0x7f21a8104f60 msgr2=0x7f21a81073d0 unknown :-1 s=STATE_NONE l=0).mark_down
2024-04-25T16:21:07.890 INFO:teuthology.orchestra.run.smithi033.stdout:/usr/bin/ceph: stderr
2024-04-25T16:21:06.803+0000 7f21af800700 1 -- 172.21.15.33:0/4055308101 shutdown_connections
2024-04-25T16:21:07.890 INFO:teuthology.orchestra.run.smithi033.stdout:/usr/bin/ceph: stderr
2024-04-25T16:21:06.803+0000 7f21af800700 1 -- 172.21.15.33:0/4055308101 wait complete.
2024-04-25T16:21:07.890 INFO:teuthology.orchestra.run.smithi033.stdout:/usr/bin/ceph: stderr
2024-04-25T16:21:06.805+0000 7f21af800700 1 Processor -- start
2024-04-25T16:21:07.890 INFO:teuthology.orchestra.run.smithi033.stdout:/usr/bin/ceph: stderr
2024-04-25T16:21:06.805+0000 7f21af800700 1 -- start start
2024-04-25T16:21:07.892 INFO:teuthology.orchestra.run.smithi033.stdout:/usr/bin/ceph: stderr
2024-04-25T16:21:06.805+0000 7f21af800700 1 --2- >> [v2:172.21.15.33:3300/0,v1:172.21.15.33:6789/0] conn(0x7f21a81098e0 0x7f21a807f320 unknown :-1 s=NONE pgs=0 cs=0 l=1 rev1=0 crypto rx=0 tx=0 comp rx=0 tx=0).connect
2024-04-25T16:21:07.892 INFO:teuthology.orchestra.run.smithi033.stdout:/usr/bin/ceph: stderr
2024-04-25T16:21:06.805+0000 7f21af800700 1 -- --> [v2:172.21.15.33:3300/0,v1:172.21.15.33:6789/0] -- mon_getmap magic: 0 -- 0x7f21a810de60 con 0x7f21a81098e0
2024-04-25T16:21:07.893 INFO:teuthology.orchestra.run.smithi033.stdout:/usr/bin/ceph: stderr
2024-04-25T16:21:06.805+0000 7f21ace00700 1 --2- >> [v2:172.21.15.33:3300/0,v1:172.21.15.33:6789/0] conn(0x7f21a81098e0 0x7f21a807f320 unknown :-1 s=BANNER_CONNECTING pgs=0 cs=0 l=1 rev1=0 crypto rx=0 tx=0 comp rx=0 tx=0)._handle_peer_banner_payload supported=3 required=0
2024-04-25T16:21:07.893 INFO:teuthology.orchestra.run.smithi033.stdout:/usr/bin/ceph: stderr
2024-04-25T16:21:06.805+0000 7f21ace00700 1 --2- >> [v2:172.21.15.33:3300/0,v1:172.21.15.33:6789/0] conn(0x7f21a81098e0 0x7f21a807f320 unknown :-1 s=HELLO_CONNECTING pgs=0 cs=0 l=1 rev1=1 crypto rx=0 tx=0 comp rx=0 tx=0).handle_hello peer v2:172.21.15.33:3300/0 says I am v2:172.21.15.33:52414/0 (socket says 172.21.15.33:52414)
2024-04-25T16:21:07.893 INFO:teuthology.orchestra.run.smithi033.stdout:/usr/bin/ceph: stderr
2024-04-25T16:21:06.805+0000 7f21ace00700 1 -- 172.21.15.33:0/2124757653 learned_addr learned my addr 172.21.15.33:0/2124757653 (peer_addr_for_me v2:172.21.15.33:0/0)
2024-04-25T16:21:07.893 INFO:teuthology.orchestra.run.smithi033.stdout:/usr/bin/ceph: stderr
2024-04-25T16:21:06.806+0000 7f21ace00700 1 -- 172.21.15.33:0/2124757653 --> [v2:172.21.15.33:3300/0,v1:172.21.15.33:6789/0] -- mon_subscribe({config=0+,monmap=0+}) -- 0x7f21a807f860 con 0x7f21a81098e0
2024-04-25T16:21:07.893 INFO:teuthology.orchestra.run.smithi033.stdout:/usr/bin/ceph: stderr
2024-04-25T16:21:06.806+0000 7f21ace00700 1 --2- 172.21.15.33:0/2124757653 >> [v2:172.21.15.33:3300/0,v1:172.21.15.33:6789/0] conn(0x7f21a81098e0 0x7f21a807f320 secure :-1 s=READY pgs=50 cs=0 l=1 rev1=1 crypto rx=0x7f219c011890 tx=0x7f219c011970 comp rx=0 tx=0).ready entity=mon.0 client_cookie=0 server_cookie=0 in_seq=0 out_seq=0
2024-04-25T16:21:07.893 INFO:teuthology.orchestra.run.smithi033.stdout:/usr/bin/ceph: stderr
2024-04-25T16:21:06.806+0000 7f21a5600700 1 -- 172.21.15.33:0/2124757653 <== mon.0 v2:172.21.15.33:3300/0 1 ==== mon_map magic: 0 ==== 205+0+0 (secure 0 0 0) 0x7f219c0039e0 con 0x7f21a81098e0
2024-04-25T16:21:07.893 INFO:teuthology.orchestra.run.smithi033.stdout:/usr/bin/ceph: stderr
2024-04-25T16:21:06.806+0000 7f21a5600700 1 -- 172.21.15.33:0/2124757653 <== mon.0 v2:172.21.15.33:3300/0 2 ==== config(26 keys) ==== 1070+0+0 (secure 0 0 0) 0x7f219c003b80 con 0x7f21a81098e0
2024-04-25T16:21:07.893 INFO:teuthology.orchestra.run.smithi033.stdout:/usr/bin/ceph: stderr
2024-04-25T16:21:06.806+0000 7f21af800700 1 -- 172.21.15.33:0/2124757653 --> [v2:172.21.15.33:3300/0,v1:172.21.15.33:6789/0] -- mon_subscribe({mgrmap=0+}) -- 0x7f21a807dab0 con 0x7f21a81098e0
2024-04-25T16:21:07.893 INFO:teuthology.orchestra.run.smithi033.stdout:/usr/bin/ceph: stderr
2024-04-25T16:21:06.807+0000 7f21a5600700 1 -- 172.21.15.33:0/2124757653 <== mon.0 v2:172.21.15.33:3300/0 3 ==== mon_map magic: 0 ==== 205+0+0 (secure 0 0 0) 0x7f219c0246e0 con 0x7f21a81098e0
2024-04-25T16:21:07.893 INFO:teuthology.orchestra.run.smithi033.stdout:/usr/bin/ceph: stderr
2024-04-25T16:21:06.807+0000 7f21af800700 1 -- 172.21.15.33:0/2124757653 --> [v2:172.21.15.33:3300/0,v1:172.21.15.33:6789/0] -- mon_subscribe({osdmap=0}) -- 0x7f21a807df90 con 0x7f21a81098e0
2024-04-25T16:21:07.893 INFO:teuthology.orchestra.run.smithi033.stdout:/usr/bin/ceph: stderr
2024-04-25T16:21:06.808+0000 7f21af800700 1 -- 172.21.15.33:0/2124757653 --> [v2:172.21.15.33:3300/0,v1:172.21.15.33:6789/0] -- mon_command({"prefix": "get_command_descriptions"} v 0) -- 0x7f21a8064cf0 con 0x7f21a81098e0
2024-04-25T16:21:07.893 INFO:teuthology.orchestra.run.smithi033.stdout:/usr/bin/ceph: stderr
2024-04-25T16:21:06.808+0000 7f21a5600700 1 -- 172.21.15.33:0/2124757653 <== mon.0 v2:172.21.15.33:3300/0 4 ==== mgrmap(e 8) ==== 49516+0+0 (secure 0 0 0) 0x7f219c022020 con 0x7f21a81098e0
2024-04-25T16:21:07.893 INFO:teuthology.orchestra.run.smithi033.stdout:/usr/bin/ceph: stderr
2024-04-25T16:21:06.809+0000 7f21a5600700 1 --2- 172.21.15.33:0/2124757653 >> [v2:172.21.15.33:6800/2558240783,v1:172.21.15.33:6801/2558240783] conn(0x7f219003d570 0x7f219003fa80 unknown :-1 s=NONE pgs=0 cs=0 l=1 rev1=0 crypto rx=0 tx=0 comp rx=0 tx=0).connect
2024-04-25T16:21:07.893 INFO:teuthology.orchestra.run.smithi033.stdout:/usr/bin/ceph: stderr
2024-04-25T16:21:06.809+0000 7f21a5600700 1 -- 172.21.15.33:0/2124757653 <== mon.0 v2:172.21.15.33:3300/0 5 ==== osd_map(2..2 src has 1..2) ==== 940+0+0 (secure 0 0 0) 0x7f219c052660 con 0x7f21a81098e0
2024-04-25T16:21:07.894 INFO:teuthology.orchestra.run.smithi033.stdout:/usr/bin/ceph: stderr
2024-04-25T16:21:06.809+0000 7f21a7e00700 1 --2- 172.21.15.33:0/2124757653 >> [v2:172.21.15.33:6800/2558240783,v1:172.21.15.33:6801/2558240783] conn(0x7f219003d570 0x7f219003fa80 unknown :-1 s=BANNER_CONNECTING pgs=0 cs=0 l=1 rev1=0 crypto rx=0 tx=0 comp rx=0 tx=0)._handle_peer_banner_payload supported=3 required=0
2024-04-25T16:21:07.894 INFO:teuthology.orchestra.run.smithi033.stdout:/usr/bin/ceph: stderr
2024-04-25T16:21:06.810+0000 7f21a7e00700 1 --2- 172.21.15.33:0/2124757653 >> [v2:172.21.15.33:6800/2558240783,v1:172.21.15.33:6801/2558240783] conn(0x7f219003d570 0x7f219003fa80 secure :-1 s=READY pgs=13 cs=0 l=1 rev1=1 crypto rx=0x7f2194006fd0 tx=0x7f2194006e40 comp rx=0 tx=0).ready entity=mgr.14120 client_cookie=0 server_cookie=0 in_seq=0 out_seq=0
2024-04-25T16:21:07.895 INFO:teuthology.orchestra.run.smithi033.stdout:/usr/bin/ceph: stderr
2024-04-25T16:21:06.814+0000 7f21a5600700 1 -- 172.21.15.33:0/2124757653 <== mon.0 v2:172.21.15.33:3300/0 6 ==== mon_command_ack([{"prefix": "get_command_descriptions"}]=0 v0) ==== 72+0+188370 (secure 0 0 0) 0x7f219c016260 con 0x7f21a81098e0
2024-04-25T16:21:07.895 INFO:teuthology.orchestra.run.smithi033.stdout:/usr/bin/ceph: stderr
2024-04-25T16:21:07.087+0000 7f21af800700 1 -- 172.21.15.33:0/2124757653 --> [v2:172.21.15.33:6800/2558240783,v1:172.21.15.33:6801/2558240783] -- mgr_command(tid 0: {"prefix": "orch apply", "service_type": "mgr", "unmanaged": true, "target": ["mon-mgr", ""]}) -- 0x7f21a807e7a0 con 0x7f219003d570
2024-04-25T16:21:07.895 INFO:teuthology.orchestra.run.smithi033.stdout:/usr/bin/ceph: stderr
2024-04-25T16:21:07.097+0000 7f21a5600700 1 -- 172.21.15.33:0/2124757653 <== mgr.14120 v2:172.21.15.33:6800/2558240783 1 ==== mgr_command_reply(tid 0: 0 ) ==== 8+0+24 (secure 0 0 0) 0x7f21a807e7a0 con 0x7f219003d570
2024-04-25T16:21:07.895 INFO:teuthology.orchestra.run.smithi033.stdout:/usr/bin/ceph: stderr
2024-04-25T16:21:07.100+0000 7f21af800700 1 -- 172.21.15.33:0/2124757653 >> [v2:172.21.15.33:6800/2558240783,v1:172.21.15.33:6801/2558240783] conn(0x7f219003d570 msgr2=0x7f219003fa80 secure :-1 s=STATE_CONNECTION_ESTABLISHED l=1).mark_down
2024-04-25T16:21:07.895 INFO:teuthology.orchestra.run.smithi033.stdout:/usr/bin/ceph: stderr
2024-04-25T16:21:07.100+0000 7f21af800700 1 --2- 172.21.15.33:0/2124757653 >> [v2:172.21.15.33:6800/2558240783,v1:172.21.15.33:6801/2558240783] conn(0x7f219003d570 0x7f219003fa80 secure :-1 s=READY pgs=13 cs=0 l=1 rev1=1 crypto rx=0x7f2194006fd0 tx=0x7f2194006e40 comp rx=0 tx=0).stop
2024-04-25T16:21:07.896 INFO:teuthology.orchestra.run.smithi033.stdout:/usr/bin/ceph: stderr
2024-04-25T16:21:07.100+0000 7f21af800700 1 -- 172.21.15.33:0/2124757653 >> [v2:172.21.15.33:3300/0,v1:172.21.15.33:6789/0] conn(0x7f21a81098e0 msgr2=0x7f21a807f320 secure :-1 s=STATE_CONNECTION_ESTABLISHED l=1).mark_down
2024-04-25T16:21:07.896 INFO:teuthology.orchestra.run.smithi033.stdout:/usr/bin/ceph: stderr
2024-04-25T16:21:07.100+0000 7f21af800700 1 --2- 172.21.15.33:0/2124757653 >> [v2:172.21.15.33:3300/0,v1:172.21.15.33:6789/0] conn(0x7f21a81098e0 0x7f21a807f320 secure :-1 s=READY pgs=50 cs=0 l=1 rev1=1 crypto rx=0x7f219c011890 tx=0x7f219c011970 comp rx=0 tx=0).stop
2024-04-25T16:21:07.896 INFO:teuthology.orchestra.run.smithi033.stdout:/usr/bin/ceph: stderr
2024-04-25T16:21:07.100+0000 7f21af800700 1 -- 172.21.15.33:0/2124757653 shutdown_connections
2024-04-25T16:21:07.896 INFO:teuthology.orchestra.run.smithi033.stdout:/usr/bin/ceph: stderr
2024-04-25T16:21:07.100+0000 7f21af800700 1 --2- 172.21.15.33:0/2124757653 >> [v2:172.21.15.33:6800/2558240783,v1:172.21.15.33:6801/2558240783] conn(0x7f219003d570 0x7f219003fa80 unknown :-1 s=CLOSED pgs=13 cs=0 l=1 rev1=1 crypto rx=0 tx=0 comp rx=0 tx=0).stop
2024-04-25T16:21:07.896 INFO:teuthology.orchestra.run.smithi033.stdout:/usr/bin/ceph: stderr
2024-04-25T16:21:07.100+0000 7f21af800700 1 --2- 172.21.15.33:0/2124757653 >> [v2:172.21.15.33:3300/0,v1:172.21.15.33:6789/0] conn(0x7f21a81098e0 0x7f21a807f320 unknown :-1 s=CLOSED pgs=50 cs=0 l=1 rev1=1 crypto rx=0 tx=0 comp rx=0 tx=0).stop
2024-04-25T16:21:07.896 INFO:teuthology.orchestra.run.smithi033.stdout:/usr/bin/ceph: stderr
2024-04-25T16:21:07.100+0000 7f21af800700 1 -- 172.21.15.33:0/2124757653 >> 172.21.15.33:0/2124757653 conn(0x7f21a8104f60 msgr2=0x7f21a81058a0 unknown :-1 s=STATE_NONE l=0).mark_down
2024-04-25T16:21:07.896 INFO:teuthology.orchestra.run.smithi033.stdout:/usr/bin/ceph: stderr
2024-04-25T16:21:07.100+0000 7f21af800700 1 -- 172.21.15.33:0/2124757653 shutdown_connections
2024-04-25T16:21:07.896 INFO:teuthology.orchestra.run.smithi033.stdout:/usr/bin/ceph: stderr
2024-04-25T16:21:07.100+0000 7f21af800700 1 -- 172.21.15.33:0/2124757653 wait complete.
2024-04-25T16:21:08.207 INFO:journalctl@ceph.mon.a.smithi033.stdout:Apr 25 16:21:08 smithi033 ceph-mon[27865]: from='client.14144 -' entity='client.admin' cmd=[{"prefix": "orch apply", "service_type": "mgr", "unmanaged": true, "target": ["mon-mgr", ""]}]: dispatch
2024-04-25T16:21:08.207 INFO:journalctl@ceph.mon.a.smithi033.stdout:Apr 25 16:21:08 smithi033 ceph-mon[27865]: Saving service mgr spec with placement count:2
2024-04-25T16:21:08.208 INFO:journalctl@ceph.mon.a.smithi033.stdout:Apr 25 16:21:08 smithi033 ceph-mon[27865]: from='mgr.14120 172.21.15.33:0/4022896260' entity='mgr.x'
2024-04-25T16:21:08.208 INFO:journalctl@ceph.mon.a.smithi033.stdout:Apr 25 16:21:08 smithi033 ceph-mon[27865]: from='mgr.14120 172.21.15.33:0/4022896260' entity='mgr.x'
2024-04-25T16:21:08.208 INFO:journalctl@ceph.mon.a.smithi033.stdout:Apr 25 16:21:08 smithi033 ceph-mon[27865]: from='mgr.14120 172.21.15.33:0/4022896260' entity='mgr.x'
2024-04-25T16:21:09.367 INFO:journalctl@ceph.mon.a.smithi033.stdout:Apr 25 16:21:09 smithi033 ceph-mon[27865]: pgmap v3: 0 pgs: ; 0 B data, 0 B used, 0 B / 0 B avail
2024-04-25T16:21:09.367 INFO:journalctl@ceph.mon.a.smithi033.stdout:Apr 25 16:21:09 smithi033 ceph-mon[27865]: from='client.? 172.21.15.33:0/1449633922' entity='client.admin'
2024-04-25T16:21:09.613 INFO:teuthology.orchestra.run.smithi033.stdout:/usr/bin/ceph: stderr
2024-04-25T16:21:08.584+0000 7f9569c00700 1 Processor -- start
2024-04-25T16:21:09.613 INFO:teuthology.orchestra.run.smithi033.stdout:/usr/bin/ceph: stderr
2024-04-25T16:21:08.584+0000 7f9569c00700 1 -- start start
2024-04-25T16:21:09.613 INFO:teuthology.orchestra.run.smithi033.stdout:/usr/bin/ceph: stderr
2024-04-25T16:21:08.585+0000 7f9569c00700 1 --2- >> [v2:172.21.15.33:3300/0,v1:172.21.15.33:6789/0] conn(0x7f956410a3d0 0x7f956410c7f0 unknown :-1 s=NONE pgs=0 cs=0 l=0 rev1=0 crypto rx=0 tx=0 comp rx=0 tx=0).connect
2024-04-25T16:21:09.614 INFO:teuthology.orchestra.run.smithi033.stdout:/usr/bin/ceph: stderr
2024-04-25T16:21:08.585+0000 7f9569c00700 1 -- --> [v2:172.21.15.33:3300/0,v1:172.21.15.33:6789/0] -- mon_getmap magic: 0 -- 0x7f956407cea0 con 0x7f956410a3d0
2024-04-25T16:21:09.614 INFO:teuthology.orchestra.run.smithi033.stdout:/usr/bin/ceph: stderr
2024-04-25T16:21:08.585+0000 7f9562a00700 1 --2- >> [v2:172.21.15.33:3300/0,v1:172.21.15.33:6789/0] conn(0x7f956410a3d0 0x7f956410c7f0 unknown :-1 s=BANNER_CONNECTING pgs=0 cs=0 l=0 rev1=0 crypto rx=0 tx=0 comp rx=0 tx=0)._handle_peer_banner_payload supported=3 required=0
2024-04-25T16:21:09.614 INFO:teuthology.orchestra.run.smithi033.stdout:/usr/bin/ceph: stderr
2024-04-25T16:21:08.585+0000 7f9562a00700 1 --2- >> [v2:172.21.15.33:3300/0,v1:172.21.15.33:6789/0] conn(0x7f956410a3d0 0x7f956410c7f0 unknown :-1 s=HELLO_CONNECTING pgs=0 cs=0 l=0 rev1=1 crypto rx=0 tx=0 comp rx=0 tx=0).handle_hello peer v2:172.21.15.33:3300/0 says I am v2:172.21.15.33:42696/0 (socket says 172.21.15.33:42696)
2024-04-25T16:21:09.614 INFO:teuthology.orchestra.run.smithi033.stdout:/usr/bin/ceph: stderr
2024-04-25T16:21:08.585+0000 7f9562a00700 1 -- 172.21.15.33:0/915551475 learned_addr learned my addr 172.21.15.33:0/915551475 (peer_addr_for_me v2:172.21.15.33:0/0)
2024-04-25T16:21:09.615 INFO:teuthology.orchestra.run.smithi033.stdout:/usr/bin/ceph: stderr
2024-04-25T16:21:08.586+0000 7f9562a00700 1 -- 172.21.15.33:0/915551475 --> [v2:172.21.15.33:3300/0,v1:172.21.15.33:6789/0] -- mon_subscribe({config=0+,monmap=0+}) -- 0x7f956410cd30 con 0x7f956410a3d0
2024-04-25T16:21:09.615 INFO:teuthology.orchestra.run.smithi033.stdout:/usr/bin/ceph: stderr
2024-04-25T16:21:08.586+0000 7f9562a00700 1 --2- 172.21.15.33:0/915551475 >> [v2:172.21.15.33:3300/0,v1:172.21.15.33:6789/0] conn(0x7f956410a3d0 0x7f956410c7f0 secure :-1 s=READY pgs=51 cs=0 l=1 rev1=1 crypto rx=0x7f95540098a0 tx=0x7f9554009bb0 comp rx=0 tx=0).ready entity=mon.0 client_cookie=d5de821eaeecf31 server_cookie=0 in_seq=0 out_seq=0
2024-04-25T16:21:09.615 INFO:teuthology.orchestra.run.smithi033.stdout:/usr/bin/ceph: stderr
2024-04-25T16:21:08.587+0000 7f9561600700 1 -- 172.21.15.33:0/915551475 <== mon.0 v2:172.21.15.33:3300/0 1 ==== mon_map magic: 0 ==== 205+0+0 (secure 0 0 0) 0x7f9554004160 con 0x7f956410a3d0
2024-04-25T16:21:09.616 INFO:teuthology.orchestra.run.smithi033.stdout:/usr/bin/ceph: stderr
2024-04-25T16:21:08.587+0000 7f9561600700 1 -- 172.21.15.33:0/915551475 <== mon.0 v2:172.21.15.33:3300/0 2 ==== config(26 keys) ==== 1101+0+0 (secure 0 0 0) 0x7f9554004300 con 0x7f956410a3d0
2024-04-25T16:21:09.616 INFO:teuthology.orchestra.run.smithi033.stdout:/usr/bin/ceph: stderr
2024-04-25T16:21:08.587+0000 7f9561600700 1 -- 172.21.15.33:0/915551475 <== mon.0 v2:172.21.15.33:3300/0 3 ==== mon_map magic: 0 ==== 205+0+0 (secure 0 0 0) 0x7f9554011a20 con 0x7f956410a3d0
2024-04-25T16:21:09.616 INFO:teuthology.orchestra.run.smithi033.stdout:/usr/bin/ceph: stderr
2024-04-25T16:21:08.588+0000 7f9569c00700 1 -- 172.21.15.33:0/915551475 >> [v2:172.21.15.33:3300/0,v1:172.21.15.33:6789/0] conn(0x7f956410a3d0 msgr2=0x7f956410c7f0 secure :-1 s=STATE_CONNECTION_ESTABLISHED l=1).mark_down
2024-04-25T16:21:09.616 INFO:teuthology.orchestra.run.smithi033.stdout:/usr/bin/ceph: stderr
2024-04-25T16:21:08.588+0000 7f9569c00700 1 --2- 172.21.15.33:0/915551475 >> [v2:172.21.15.33:3300/0,v1:172.21.15.33:6789/0] conn(0x7f956410a3d0 0x7f956410c7f0 secure :-1 s=READY pgs=51 cs=0 l=1 rev1=1 crypto rx=0x7f95540098a0 tx=0x7f9554009bb0 comp rx=0 tx=0).stop
2024-04-25T16:21:09.618 INFO:teuthology.orchestra.run.smithi033.stdout:/usr/bin/ceph: stderr
2024-04-25T16:21:08.588+0000 7f9569c00700 1 -- 172.21.15.33:0/915551475 shutdown_connections
2024-04-25T16:21:09.618 INFO:teuthology.orchestra.run.smithi033.stdout:/usr/bin/ceph: stderr
2024-04-25T16:21:08.588+0000 7f9569c00700 1 --2- 172.21.15.33:0/915551475 >> [v2:172.21.15.33:3300/0,v1:172.21.15.33:6789/0] conn(0x7f956410a3d0 0x7f956410c7f0 unknown :-1 s=CLOSED pgs=51 cs=0 l=1 rev1=1 crypto rx=0 tx=0 comp rx=0 tx=0).stop
2024-04-25T16:21:09.618 INFO:teuthology.orchestra.run.smithi033.stdout:/usr/bin/ceph: stderr
2024-04-25T16:21:08.588+0000 7f9569c00700 1 -- 172.21.15.33:0/915551475 >> 172.21.15.33:0/915551475 conn(0x7f9564103e10 msgr2=0x7f95641062e0 unknown :-1 s=STATE_NONE l=0).mark_down
2024-04-25T16:21:09.618 INFO:teuthology.orchestra.run.smithi033.stdout:/usr/bin/ceph: stderr
2024-04-25T16:21:08.588+0000 7f9569c00700 1 -- 172.21.15.33:0/915551475 shutdown_connections
2024-04-25T16:21:09.618 INFO:teuthology.orchestra.run.smithi033.stdout:/usr/bin/ceph: stderr
2024-04-25T16:21:08.588+0000 7f9569c00700 1 -- 172.21.15.33:0/915551475 wait complete.
2024-04-25T16:21:09.618 INFO:teuthology.orchestra.run.smithi033.stdout:/usr/bin/ceph: stderr
2024-04-25T16:21:08.590+0000 7f9569c00700 1 Processor -- start
2024-04-25T16:21:09.618 INFO:teuthology.orchestra.run.smithi033.stdout:/usr/bin/ceph: stderr
2024-04-25T16:21:08.590+0000 7f9569c00700 1 -- start start
2024-04-25T16:21:09.618 INFO:teuthology.orchestra.run.smithi033.stdout:/usr/bin/ceph: stderr
2024-04-25T16:21:08.591+0000 7f9569c00700 1 --2- >> [v2:172.21.15.33:3300/0,v1:172.21.15.33:6789/0] conn(0x7f956410a3d0 0x7f956419dcb0 unknown :-1 s=NONE pgs=0 cs=0 l=1 rev1=0 crypto rx=0 tx=0 comp rx=0 tx=0).connect
2024-04-25T16:21:09.618 INFO:teuthology.orchestra.run.smithi033.stdout:/usr/bin/ceph: stderr
2024-04-25T16:21:08.591+0000 7f9569c00700 1 -- --> [v2:172.21.15.33:3300/0,v1:172.21.15.33:6789/0] -- mon_getmap magic: 0 -- 0x7f956410dd30 con 0x7f956410a3d0
2024-04-25T16:21:09.618 INFO:teuthology.orchestra.run.smithi033.stdout:/usr/bin/ceph: stderr
2024-04-25T16:21:08.591+0000 7f9562a00700 1 --2- >> [v2:172.21.15.33:3300/0,v1:172.21.15.33:6789/0] conn(0x7f956410a3d0 0x7f956419dcb0 unknown :-1 s=BANNER_CONNECTING pgs=0 cs=0 l=1 rev1=0 crypto rx=0 tx=0 comp rx=0 tx=0)._handle_peer_banner_payload supported=3 required=0
2024-04-25T16:21:09.619 INFO:teuthology.orchestra.run.smithi033.stdout:/usr/bin/ceph: stderr
2024-04-25T16:21:08.591+0000 7f9562a00700 1 --2- >> [v2:172.21.15.33:3300/0,v1:172.21.15.33:6789/0] conn(0x7f956410a3d0 0x7f956419dcb0 unknown :-1 s=HELLO_CONNECTING pgs=0 cs=0 l=1 rev1=1 crypto rx=0 tx=0 comp rx=0 tx=0).handle_hello peer v2:172.21.15.33:3300/0 says I am v2:172.21.15.33:42698/0 (socket says 172.21.15.33:42698)
2024-04-25T16:21:09.619 INFO:teuthology.orchestra.run.smithi033.stdout:/usr/bin/ceph: stderr
2024-04-25T16:21:08.591+0000 7f9562a00700 1 -- 172.21.15.33:0/1449633922 learned_addr learned my addr 172.21.15.33:0/1449633922 (peer_addr_for_me v2:172.21.15.33:0/0)
2024-04-25T16:21:09.619 INFO:teuthology.orchestra.run.smithi033.stdout:/usr/bin/ceph: stderr
2024-04-25T16:21:08.591+0000 7f9562a00700 1 -- 172.21.15.33:0/1449633922 --> [v2:172.21.15.33:3300/0,v1:172.21.15.33:6789/0] -- mon_subscribe({config=0+,monmap=0+}) -- 0x7f956419e1f0 con 0x7f956410a3d0
2024-04-25T16:21:09.619 INFO:teuthology.orchestra.run.smithi033.stdout:/usr/bin/ceph: stderr
2024-04-25T16:21:08.592+0000 7f9562a00700 1 --2- 172.21.15.33:0/1449633922 >> [v2:172.21.15.33:3300/0,v1:172.21.15.33:6789/0] conn(0x7f956410a3d0 0x7f956419dcb0 secure :-1 s=READY pgs=52 cs=0 l=1 rev1=1 crypto rx=0x7f9554000c00 tx=0x7f9554011aa0 comp rx=0 tx=0).ready entity=mon.0 client_cookie=0 server_cookie=0 in_seq=0 out_seq=0
2024-04-25T16:21:09.619 INFO:teuthology.orchestra.run.smithi033.stdout:/usr/bin/ceph: stderr
2024-04-25T16:21:08.592+0000 7f955b400700 1 -- 172.21.15.33:0/1449633922 <== mon.0 v2:172.21.15.33:3300/0 1 ==== mon_map magic: 0 ==== 205+0+0 (secure 0 0 0) 0x7f9554003aa0 con 0x7f956410a3d0
2024-04-25T16:21:09.619 INFO:teuthology.orchestra.run.smithi033.stdout:/usr/bin/ceph: stderr
2024-04-25T16:21:08.592+0000 7f955b400700 1 -- 172.21.15.33:0/1449633922 <== mon.0 v2:172.21.15.33:3300/0 2 ==== config(26 keys) ==== 1101+0+0 (secure 0 0 0) 0x7f955401b8f0 con 0x7f956410a3d0
2024-04-25T16:21:09.619 INFO:teuthology.orchestra.run.smithi033.stdout:/usr/bin/ceph: stderr
2024-04-25T16:21:08.592+0000 7f9569c00700 1 -- 172.21.15.33:0/1449633922 --> [v2:172.21.15.33:3300/0,v1:172.21.15.33:6789/0] -- mon_subscribe({mgrmap=0+}) -- 0x7f956419e480 con 0x7f956410a3d0
2024-04-25T16:21:09.621 INFO:teuthology.orchestra.run.smithi033.stdout:/usr/bin/ceph: stderr
2024-04-25T16:21:08.592+0000 7f955b400700 1 -- 172.21.15.33:0/1449633922 <== mon.0 v2:172.21.15.33:3300/0 3 ==== mon_map magic: 0 ==== 205+0+0 (secure 0 0 0) 0x7f9554023890 con 0x7f956410a3d0
2024-04-25T16:21:09.621 INFO:teuthology.orchestra.run.smithi033.stdout:/usr/bin/ceph: stderr
2024-04-25T16:21:08.592+0000 7f9569c00700 1 -- 172.21.15.33:0/1449633922 --> [v2:172.21.15.33:3300/0,v1:172.21.15.33:6789/0] -- mon_subscribe({osdmap=0}) -- 0x7f95641a1090 con 0x7f956410a3d0
2024-04-25T16:21:09.621 INFO:teuthology.orchestra.run.smithi033.stdout:/usr/bin/ceph: stderr
2024-04-25T16:21:08.594+0000 7f9569c00700 1 -- 172.21.15.33:0/1449633922 --> [v2:172.21.15.33:3300/0,v1:172.21.15.33:6789/0] -- mon_command({"prefix": "get_command_descriptions"} v 0) -- 0x7f9564064cf0 con 0x7f956410a3d0
2024-04-25T16:21:09.621 INFO:teuthology.orchestra.run.smithi033.stdout:/usr/bin/ceph: stderr
2024-04-25T16:21:08.594+0000 7f955b400700 1 -- 172.21.15.33:0/1449633922 <== mon.0 v2:172.21.15.33:3300/0 4 ==== mgrmap(e 8) ==== 49516+0+0 (secure 0 0 0) 0x7f955401b440 con 0x7f956410a3d0
2024-04-25T16:21:09.621 INFO:teuthology.orchestra.run.smithi033.stdout:/usr/bin/ceph: stderr
2024-04-25T16:21:08.595+0000 7f955b400700 1 --2- 172.21.15.33:0/1449633922 >> [v2:172.21.15.33:6800/2558240783,v1:172.21.15.33:6801/2558240783] conn(0x7f954803d5c0 0x7f954803fad0 unknown :-1 s=NONE pgs=0 cs=0 l=1 rev1=0 crypto rx=0 tx=0 comp rx=0 tx=0).connect
2024-04-25T16:21:09.621 INFO:teuthology.orchestra.run.smithi033.stdout:/usr/bin/ceph: stderr
2024-04-25T16:21:08.595+0000 7f955b400700 1 -- 172.21.15.33:0/1449633922 <== mon.0 v2:172.21.15.33:3300/0 5 ==== osd_map(2..2 src has 1..2) ==== 940+0+0 (secure 0 0 0) 0x7f9554052cd0 con 0x7f956410a3d0
2024-04-25T16:21:09.622 INFO:teuthology.orchestra.run.smithi033.stdout:/usr/bin/ceph: stderr
2024-04-25T16:21:08.595+0000 7f9562000700 1 --2- 172.21.15.33:0/1449633922 >> [v2:172.21.15.33:6800/2558240783,v1:172.21.15.33:6801/2558240783] conn(0x7f954803d5c0 0x7f954803fad0 unknown :-1 s=BANNER_CONNECTING pgs=0 cs=0 l=1 rev1=0 crypto rx=0 tx=0 comp rx=0 tx=0)._handle_peer_banner_payload supported=3 required=0
2024-04-25T16:21:09.622 INFO:teuthology.orchestra.run.smithi033.stdout:/usr/bin/ceph: stderr
2024-04-25T16:21:08.596+0000 7f9562000700 1 --2- 172.21.15.33:0/1449633922 >> [v2:172.21.15.33:6800/2558240783,v1:172.21.15.33:6801/2558240783] conn(0x7f954803d5c0 0x7f954803fad0 secure :-1 s=READY pgs=14 cs=0 l=1 rev1=1 crypto rx=0x7f9550006fd0 tx=0x7f9550006e40 comp rx=0 tx=0).ready entity=mgr.14120 client_cookie=0 server_cookie=0 in_seq=0 out_seq=0
2024-04-25T16:21:09.622 INFO:teuthology.orchestra.run.smithi033.stdout:/usr/bin/ceph: stderr
2024-04-25T16:21:08.601+0000 7f955b400700 1 -- 172.21.15.33:0/1449633922 <== mon.0 v2:172.21.15.33:3300/0 6 ==== mon_command_ack([{"prefix": "get_command_descriptions"}]=0 v0) ==== 72+0+188370 (secure 0 0 0) 0x7f955401f030 con 0x7f956410a3d0
2024-04-25T16:21:09.622 INFO:teuthology.orchestra.run.smithi033.stdout:/usr/bin/ceph: stderr
2024-04-25T16:21:08.844+0000 7f9569c00700 1 -- 172.21.15.33:0/1449633922 --> [v2:172.21.15.33:3300/0,v1:172.21.15.33:6789/0] -- mon_command([{prefix=config set, name=mgr/cephadm/container_init}] v 0) -- 0x7f95641a16d0 con 0x7f956410a3d0
2024-04-25T16:21:09.622 INFO:teuthology.orchestra.run.smithi033.stdout:/usr/bin/ceph: stderr
2024-04-25T16:21:08.848+0000 7f955b400700 1 -- 172.21.15.33:0/1449633922 <== mon.0 v2:172.21.15.33:3300/0 7 ==== mon_command_ack([{prefix=config set, name=mgr/cephadm/container_init}]=0 v7)=0 v7) ==== 142+0+0 (secure 0 0 0) 0x7f9554017e90 con 0x7f956410a3d0
2024-04-25T16:21:09.622 INFO:teuthology.orchestra.run.smithi033.stdout:/usr/bin/ceph: stderr
2024-04-25T16:21:08.851+0000 7f9569c00700 1 -- 172.21.15.33:0/1449633922 >> [v2:172.21.15.33:6800/2558240783,v1:172.21.15.33:6801/2558240783] conn(0x7f954803d5c0 msgr2=0x7f954803fad0 secure :-1 s=STATE_CONNECTION_ESTABLISHED l=1).mark_down
2024-04-25T16:21:09.622 INFO:teuthology.orchestra.run.smithi033.stdout:/usr/bin/ceph: stderr
2024-04-25T16:21:08.851+0000 7f9569c00700 1 --2- 172.21.15.33:0/1449633922 >> [v2:172.21.15.33:6800/2558240783,v1:172.21.15.33:6801/2558240783] conn(0x7f954803d5c0 0x7f954803fad0 secure :-1 s=READY pgs=14 cs=0 l=1 rev1=1 crypto rx=0x7f9550006fd0 tx=0x7f9550006e40 comp rx=0 tx=0).stop
2024-04-25T16:21:09.622 INFO:teuthology.orchestra.run.smithi033.stdout:/usr/bin/ceph: stderr
2024-04-25T16:21:08.851+0000 7f9569c00700 1 -- 172.21.15.33:0/1449633922 >> [v2:172.21.15.33:3300/0,v1:172.21.15.33:6789/0] conn(0x7f956410a3d0 msgr2=0x7f956419dcb0 secure :-1 s=STATE_CONNECTION_ESTABLISHED l=1).mark_down
2024-04-25T16:21:09.622 INFO:teuthology.orchestra.run.smithi033.stdout:/usr/bin/ceph: stderr
2024-04-25T16:21:08.851+0000 7f9569c00700 1 --2- 172.21.15.33:0/1449633922 >> [v2:172.21.15.33:3300/0,v1:172.21.15.33:6789/0] conn(0x7f956410a3d0 0x7f956419dcb0 secure :-1 s=READY pgs=52 cs=0 l=1 rev1=1 crypto rx=0x7f9554000c00 tx=0x7f9554011aa0 comp rx=0 tx=0).stop
2024-04-25T16:21:09.622 INFO:teuthology.orchestra.run.smithi033.stdout:/usr/bin/ceph: stderr
2024-04-25T16:21:08.851+0000 7f9569c00700 1 -- 172.21.15.33:0/1449633922 shutdown_connections
2024-04-25T16:21:09.622 INFO:teuthology.orchestra.run.smithi033.stdout:/usr/bin/ceph: stderr
2024-04-25T16:21:08.851+0000 7f9569c00700 1 --2- 172.21.15.33:0/1449633922 >> [v2:172.21.15.33:6800/2558240783,v1:172.21.15.33:6801/2558240783] conn(0x7f954803d5c0 0x7f954803fad0 unknown :-1 s=CLOSED pgs=14 cs=0 l=1 rev1=1 crypto rx=0 tx=0 comp rx=0 tx=0).stop
2024-04-25T16:21:09.622 INFO:teuthology.orchestra.run.smithi033.stdout:/usr/bin/ceph: stderr
2024-04-25T16:21:08.851+0000 7f9569c00700 1 --2- 172.21.15.33:0/1449633922 >> [v2:172.21.15.33:3300/0,v1:172.21.15.33:6789/0] conn(0x7f956410a3d0 0x7f956419dcb0 unknown :-1 s=CLOSED pgs=52 cs=0 l=1 rev1=1 crypto rx=0 tx=0 comp rx=0 tx=0).stop
2024-04-25T16:21:09.622 INFO:teuthology.orchestra.run.smithi033.stdout:/usr/bin/ceph: stderr
2024-04-25T16:21:08.851+0000 7f9569c00700 1 -- 172.21.15.33:0/1449633922 >> 172.21.15.33:0/1449633922 conn(0x7f9564103e10 msgr2=0x7f95641047b0 unknown :-1 s=STATE_NONE l=0).mark_down
2024-04-25T16:21:09.622 INFO:teuthology.orchestra.run.smithi033.stdout:/usr/bin/ceph: stderr
2024-04-25T16:21:08.852+0000 7f9569c00700 1 -- 172.21.15.33:0/1449633922 shutdown_connections
2024-04-25T16:21:09.623 INFO:teuthology.orchestra.run.smithi033.stdout:/usr/bin/ceph: stderr
2024-04-25T16:21:08.852+0000 7f9569c00700 1 -- 172.21.15.33:0/1449633922 wait complete.
2024-04-25T16:21:11.328 INFO:journalctl@ceph.mon.a.smithi033.stdout:Apr 25 16:21:11 smithi033 ceph-mon[27865]: pgmap v4: 0 pgs: ; 0 B data, 0 B used, 0 B / 0 B avail
2024-04-25T16:21:11.329 INFO:journalctl@ceph.mon.a.smithi033.stdout:Apr 25 16:21:11 smithi033 ceph-mon[27865]: from='mgr.14120 172.21.15.33:0/4022896260' entity='mgr.x'
2024-04-25T16:21:11.329 INFO:journalctl@ceph.mon.a.smithi033.stdout:Apr 25 16:21:11 smithi033 ceph-mon[27865]: from='client.? 172.21.15.33:0/2052729573' entity='client.admin'
2024-04-25T16:21:11.791 INFO:teuthology.orchestra.run.smithi033.stdout:/usr/bin/ceph: stderr
2024-04-25T16:21:10.678+0000 7f6551000700 1 Processor -- start
2024-04-25T16:21:11.791 INFO:teuthology.orchestra.run.smithi033.stdout:/usr/bin/ceph: stderr
2024-04-25T16:21:10.679+0000 7f6551000700 1 -- start start
2024-04-25T16:21:11.791 INFO:teuthology.orchestra.run.smithi033.stdout:/usr/bin/ceph: stderr
2024-04-25T16:21:10.679+0000 7f6551000700 1 --2- >> [v2:172.21.15.33:3300/0,v1:172.21.15.33:6789/0] conn(0x7f654c1098b0 0x7f654c109cc0 unknown :-1 s=NONE pgs=0 cs=0 l=0 rev1=0 crypto rx=0 tx=0 comp rx=0 tx=0).connect
2024-04-25T16:21:11.792 INFO:teuthology.orchestra.run.smithi033.stdout:/usr/bin/ceph: stderr
2024-04-25T16:21:10.679+0000 7f6551000700 1 -- --> [v2:172.21.15.33:3300/0,v1:172.21.15.33:6789/0] -- mon_getmap magic: 0 -- 0x7f654c10a2b0 con 0x7f654c1098b0
2024-04-25T16:21:11.792 INFO:teuthology.orchestra.run.smithi033.stdout:/usr/bin/ceph: stderr
2024-04-25T16:21:10.679+0000 7f6549e00700 1 --2- >> [v2:172.21.15.33:3300/0,v1:172.21.15.33:6789/0] conn(0x7f654c1098b0 0x7f654c109cc0 unknown :-1 s=BANNER_CONNECTING pgs=0 cs=0 l=0 rev1=0 crypto rx=0 tx=0 comp rx=0 tx=0)._handle_peer_banner_payload supported=3 required=0
2024-04-25T16:21:11.792 INFO:teuthology.orchestra.run.smithi033.stdout:/usr/bin/ceph: stderr
2024-04-25T16:21:10.680+0000 7f6549e00700 1 --2- >> [v2:172.21.15.33:3300/0,v1:172.21.15.33:6789/0] conn(0x7f654c1098b0 0x7f654c109cc0 unknown :-1 s=HELLO_CONNECTING pgs=0 cs=0 l=0 rev1=1 crypto rx=0 tx=0 comp rx=0 tx=0).handle_hello peer v2:172.21.15.33:3300/0 says I am v2:172.21.15.33:42714/0 (socket says 172.21.15.33:42714)
2024-04-25T16:21:11.792 INFO:teuthology.orchestra.run.smithi033.stdout:/usr/bin/ceph: stderr
2024-04-25T16:21:10.680+0000 7f6549e00700 1 -- 172.21.15.33:0/2273055958 learned_addr learned my addr 172.21.15.33:0/2273055958 (peer_addr_for_me v2:172.21.15.33:0/0)
2024-04-25T16:21:11.792 INFO:teuthology.orchestra.run.smithi033.stdout:/usr/bin/ceph: stderr
2024-04-25T16:21:10.680+0000 7f6549e00700 1 -- 172.21.15.33:0/2273055958 --> [v2:172.21.15.33:3300/0,v1:172.21.15.33:6789/0] -- mon_subscribe({config=0+,monmap=0+}) -- 0x7f654c10aa80 con 0x7f654c1098b0
2024-04-25T16:21:11.792 INFO:teuthology.orchestra.run.smithi033.stdout:/usr/bin/ceph: stderr
2024-04-25T16:21:10.680+0000 7f6549e00700 1 --2- 172.21.15.33:0/2273055958 >> [v2:172.21.15.33:3300/0,v1:172.21.15.33:6789/0] conn(0x7f654c1098b0 0x7f654c109cc0 secure :-1 s=READY pgs=53 cs=0 l=1 rev1=1 crypto rx=0x7f653c0098a0 tx=0x7f653c009bb0 comp rx=0 tx=0).ready entity=mon.0 client_cookie=f28a4d42e18727b server_cookie=0 in_seq=0 out_seq=0
2024-04-25T16:21:11.793 INFO:teuthology.orchestra.run.smithi033.stdout:/usr/bin/ceph: stderr
2024-04-25T16:21:10.681+0000 7f6548a00700 1 -- 172.21.15.33:0/2273055958 <== mon.0 v2:172.21.15.33:3300/0 1 ==== mon_map magic: 0 ==== 205+0+0 (secure 0 0 0) 0x7f653c004160 con 0x7f654c1098b0
2024-04-25T16:21:11.793 INFO:teuthology.orchestra.run.smithi033.stdout:/usr/bin/ceph: stderr
2024-04-25T16:21:10.681+0000 7f6548a00700 1 -- 172.21.15.33:0/2273055958 <== mon.0 v2:172.21.15.33:3300/0 2 ==== config(26 keys) ==== 1101+0+0 (secure 0 0 0) 0x7f653c004300 con 0x7f654c1098b0
2024-04-25T16:21:11.793 INFO:teuthology.orchestra.run.smithi033.stdout:/usr/bin/ceph: stderr
2024-04-25T16:21:10.681+0000 7f6548a00700 1 -- 172.21.15.33:0/2273055958 <== mon.0 v2:172.21.15.33:3300/0 3 ==== mon_map magic: 0 ==== 205+0+0 (secure 0 0 0) 0x7f653c011a20 con 0x7f654c1098b0
2024-04-25T16:21:11.793 INFO:teuthology.orchestra.run.smithi033.stdout:/usr/bin/ceph: stderr
2024-04-25T16:21:10.682+0000 7f6551000700 1 -- 172.21.15.33:0/2273055958 >> [v2:172.21.15.33:3300/0,v1:172.21.15.33:6789/0] conn(0x7f654c1098b0 msgr2=0x7f654c109cc0 secure :-1 s=STATE_CONNECTION_ESTABLISHED l=1).mark_down
2024-04-25T16:21:11.793 INFO:teuthology.orchestra.run.smithi033.stdout:/usr/bin/ceph: stderr
2024-04-25T16:21:10.682+0000 7f6551000700 1 --2- 172.21.15.33:0/2273055958 >> [v2:172.21.15.33:3300/0,v1:172.21.15.33:6789/0] conn(0x7f654c1098b0 0x7f654c109cc0 secure :-1 s=READY pgs=53 cs=0 l=1 rev1=1 crypto rx=0x7f653c0098a0 tx=0x7f653c009bb0 comp rx=0 tx=0).stop
2024-04-25T16:21:11.793 INFO:teuthology.orchestra.run.smithi033.stdout:/usr/bin/ceph: stderr
2024-04-25T16:21:10.683+0000 7f6551000700 1 -- 172.21.15.33:0/2273055958 shutdown_connections
2024-04-25T16:21:11.793 INFO:teuthology.orchestra.run.smithi033.stdout:/usr/bin/ceph: stderr
2024-04-25T16:21:10.683+0000 7f6551000700 1 --2- 172.21.15.33:0/2273055958 >> [v2:172.21.15.33:3300/0,v1:172.21.15.33:6789/0] conn(0x7f654c1098b0 0x7f654c109cc0 unknown :-1 s=CLOSED pgs=53 cs=0 l=1 rev1=1 crypto rx=0 tx=0 comp rx=0 tx=0).stop
2024-04-25T16:21:11.793 INFO:teuthology.orchestra.run.smithi033.stdout:/usr/bin/ceph: stderr
2024-04-25T16:21:10.683+0000 7f6551000700 1 -- 172.21.15.33:0/2273055958 >> 172.21.15.33:0/2273055958 conn(0x7f654c104ef0 msgr2=0x7f654c1073a0 unknown :-1 s=STATE_NONE l=0).mark_down
2024-04-25T16:21:11.794 INFO:teuthology.orchestra.run.smithi033.stdout:/usr/bin/ceph: stderr
2024-04-25T16:21:10.683+0000 7f6551000700 1 -- 172.21.15.33:0/2273055958 shutdown_connections
2024-04-25T16:21:11.794 INFO:teuthology.orchestra.run.smithi033.stdout:/usr/bin/ceph: stderr
2024-04-25T16:21:10.683+0000 7f6551000700 1 -- 172.21.15.33:0/2273055958 wait complete.
2024-04-25T16:21:11.794 INFO:teuthology.orchestra.run.smithi033.stdout:/usr/bin/ceph: stderr
2024-04-25T16:21:10.684+0000 7f6551000700 1 Processor -- start
2024-04-25T16:21:11.794 INFO:teuthology.orchestra.run.smithi033.stdout:/usr/bin/ceph: stderr
2024-04-25T16:21:10.684+0000 7f6551000700 1 -- start start
2024-04-25T16:21:11.794 INFO:teuthology.orchestra.run.smithi033.stdout:/usr/bin/ceph: stderr
2024-04-25T16:21:10.685+0000 7f6551000700 1 --2- >> [v2:172.21.15.33:3300/0,v1:172.21.15.33:6789/0] conn(0x7f654c1098b0 0x7f654c07f4c0 unknown :-1 s=NONE pgs=0 cs=0 l=1 rev1=0 crypto rx=0 tx=0 comp rx=0 tx=0).connect
2024-04-25T16:21:11.794 INFO:teuthology.orchestra.run.smithi033.stdout:/usr/bin/ceph: stderr
2024-04-25T16:21:10.685+0000 7f6551000700 1 -- --> [v2:172.21.15.33:3300/0,v1:172.21.15.33:6789/0] -- mon_getmap magic: 0 -- 0x7f654c10de30 con 0x7f654c1098b0
2024-04-25T16:21:11.794 INFO:teuthology.orchestra.run.smithi033.stdout:/usr/bin/ceph: stderr
2024-04-25T16:21:10.685+0000 7f6549e00700 1 --2- >> [v2:172.21.15.33:3300/0,v1:172.21.15.33:6789/0] conn(0x7f654c1098b0 0x7f654c07f4c0 unknown :-1 s=BANNER_CONNECTING pgs=0 cs=0 l=1 rev1=0 crypto rx=0 tx=0 comp rx=0 tx=0)._handle_peer_banner_payload supported=3 required=0
2024-04-25T16:21:11.794 INFO:teuthology.orchestra.run.smithi033.stdout:/usr/bin/ceph: stderr
2024-04-25T16:21:10.685+0000 7f6549e00700 1 --2- >> [v2:172.21.15.33:3300/0,v1:172.21.15.33:6789/0] conn(0x7f654c1098b0 0x7f654c07f4c0 unknown :-1 s=HELLO_CONNECTING pgs=0 cs=0 l=1 rev1=1 crypto rx=0 tx=0 comp rx=0 tx=0).handle_hello peer v2:172.21.15.33:3300/0 says I am v2:172.21.15.33:42724/0 (socket says 172.21.15.33:42724)
2024-04-25T16:21:11.794 INFO:teuthology.orchestra.run.smithi033.stdout:/usr/bin/ceph: stderr
2024-04-25T16:21:10.685+0000 7f6549e00700 1 -- 172.21.15.33:0/2052729573 learned_addr learned my addr 172.21.15.33:0/2052729573 (peer_addr_for_me v2:172.21.15.33:0/0)
2024-04-25T16:21:11.794 INFO:teuthology.orchestra.run.smithi033.stdout:/usr/bin/ceph: stderr
2024-04-25T16:21:10.686+0000 7f6549e00700 1 -- 172.21.15.33:0/2052729573 --> [v2:172.21.15.33:3300/0,v1:172.21.15.33:6789/0] -- mon_subscribe({config=0+,monmap=0+}) -- 0x7f654c07fa00 con 0x7f654c1098b0
2024-04-25T16:21:11.794 INFO:teuthology.orchestra.run.smithi033.stdout:/usr/bin/ceph: stderr
2024-04-25T16:21:10.686+0000 7f6549e00700 1 --2- 172.21.15.33:0/2052729573 >> [v2:172.21.15.33:3300/0,v1:172.21.15.33:6789/0] conn(0x7f654c1098b0 0x7f654c07f4c0 secure :-1 s=READY pgs=54 cs=0 l=1 rev1=1 crypto rx=0x7f653c003e70 tx=0x7f653c011aa0 comp rx=0 tx=0).ready entity=mon.0 client_cookie=0 server_cookie=0 in_seq=0 out_seq=0
2024-04-25T16:21:11.795 INFO:teuthology.orchestra.run.smithi033.stdout:/usr/bin/ceph: stderr
2024-04-25T16:21:10.686+0000 7f6542a00700 1 -- 172.21.15.33:0/2052729573 <== mon.0 v2:172.21.15.33:3300/0 1 ==== mon_map magic: 0 ==== 205+0+0 (secure 0 0 0) 0x7f653c003aa0 con 0x7f654c1098b0
2024-04-25T16:21:11.795 INFO:teuthology.orchestra.run.smithi033.stdout:/usr/bin/ceph: stderr
2024-04-25T16:21:10.687+0000 7f6542a00700 1 -- 172.21.15.33:0/2052729573 <== mon.0 v2:172.21.15.33:3300/0 2 ==== config(26 keys) ==== 1101+0+0 (secure 0 0 0) 0x7f653c01a8e0 con 0x7f654c1098b0
2024-04-25T16:21:11.795 INFO:teuthology.orchestra.run.smithi033.stdout:/usr/bin/ceph: stderr
2024-04-25T16:21:10.687+0000 7f6542a00700 1 -- 172.21.15.33:0/2052729573 <== mon.0 v2:172.21.15.33:3300/0 3 ==== mon_map magic: 0 ==== 205+0+0 (secure 0 0 0) 0x7f653c024870 con 0x7f654c1098b0
2024-04-25T16:21:11.795 INFO:teuthology.orchestra.run.smithi033.stdout:/usr/bin/ceph: stderr
2024-04-25T16:21:10.687+0000 7f6551000700 1 -- 172.21.15.33:0/2052729573 --> [v2:172.21.15.33:3300/0,v1:172.21.15.33:6789/0] -- mon_subscribe({mgrmap=0+}) -- 0x7f654c07dc50 con 0x7f654c1098b0
2024-04-25T16:21:11.795 INFO:teuthology.orchestra.run.smithi033.stdout:/usr/bin/ceph: stderr
2024-04-25T16:21:10.687+0000 7f6551000700 1 -- 172.21.15.33:0/2052729573 --> [v2:172.21.15.33:3300/0,v1:172.21.15.33:6789/0] -- mon_subscribe({osdmap=0}) -- 0x7f654c07e130 con 0x7f654c1098b0
2024-04-25T16:21:11.795 INFO:teuthology.orchestra.run.smithi033.stdout:/usr/bin/ceph: stderr
2024-04-25T16:21:10.688+0000 7f6551000700 1 -- 172.21.15.33:0/2052729573 --> [v2:172.21.15.33:3300/0,v1:172.21.15.33:6789/0] -- mon_command({"prefix": "get_command_descriptions"} v 0) -- 0x7f654c064cf0 con 0x7f654c1098b0
2024-04-25T16:21:11.795 INFO:teuthology.orchestra.run.smithi033.stdout:/usr/bin/ceph: stderr
2024-04-25T16:21:10.689+0000 7f6542a00700 1 -- 172.21.15.33:0/2052729573 <== mon.0 v2:172.21.15.33:3300/0 4 ==== mgrmap(e 8) ==== 49516+0+0 (secure 0 0 0) 0x7f653c022020 con 0x7f654c1098b0
2024-04-25T16:21:11.795 INFO:teuthology.orchestra.run.smithi033.stdout:/usr/bin/ceph: stderr
2024-04-25T16:21:10.689+0000 7f6542a00700 1 --2- 172.21.15.33:0/2052729573 >> [v2:172.21.15.33:6800/2558240783,v1:172.21.15.33:6801/2558240783] conn(0x7f653003d570 0x7f653003fa80 unknown :-1 s=NONE pgs=0 cs=0 l=1 rev1=0 crypto rx=0 tx=0 comp rx=0 tx=0).connect
2024-04-25T16:21:11.795 INFO:teuthology.orchestra.run.smithi033.stdout:/usr/bin/ceph: stderr
2024-04-25T16:21:10.689+0000 7f6542a00700 1 -- 172.21.15.33:0/2052729573 <== mon.0 v2:172.21.15.33:3300/0 5 ==== osd_map(2..2 src has 1..2) ==== 940+0+0 (secure 0 0 0) 0x7f653c052740 con 0x7f654c1098b0
2024-04-25T16:21:11.795 INFO:teuthology.orchestra.run.smithi033.stdout:/usr/bin/ceph: stderr
2024-04-25T16:21:10.690+0000 7f6549400700 1 --2- 172.21.15.33:0/2052729573 >> [v2:172.21.15.33:6800/2558240783,v1:172.21.15.33:6801/2558240783] conn(0x7f653003d570 0x7f653003fa80 unknown :-1 s=BANNER_CONNECTING pgs=0 cs=0 l=1 rev1=0 crypto rx=0 tx=0 comp rx=0 tx=0)._handle_peer_banner_payload supported=3 required=0
2024-04-25T16:21:11.795 INFO:teuthology.orchestra.run.smithi033.stdout:/usr/bin/ceph: stderr
2024-04-25T16:21:10.690+0000 7f6549400700 1 --2- 172.21.15.33:0/2052729573 >> [v2:172.21.15.33:6800/2558240783,v1:172.21.15.33:6801/2558240783] conn(0x7f653003d570 0x7f653003fa80 secure :-1 s=READY pgs=15 cs=0 l=1 rev1=1 crypto rx=0x7f6538006fd0 tx=0x7f6538006e40 comp rx=0 tx=0).ready entity=mgr.14120 client_cookie=0 server_cookie=0 in_seq=0 out_seq=0
2024-04-25T16:21:11.795 INFO:teuthology.orchestra.run.smithi033.stdout:/usr/bin/ceph: stderr
2024-04-25T16:21:10.696+0000 7f6542a00700 1 -- 172.21.15.33:0/2052729573 <== mon.0 v2:172.21.15.33:3300/0 6 ==== mon_command_ack([{"prefix": "get_command_descriptions"}]=0 v0) ==== 72+0+188370 (secure 0 0 0) 0x7f653c0520d0 con 0x7f654c1098b0
2024-04-25T16:21:11.795 INFO:teuthology.orchestra.run.smithi033.stdout:/usr/bin/ceph: stderr
2024-04-25T16:21:10.930+0000 7f6551000700 1 -- 172.21.15.33:0/2052729573 --> [v2:172.21.15.33:3300/0,v1:172.21.15.33:6789/0] -- mon_command([{prefix=config set, name=mgr/dashboard/ssl_server_port}] v 0) -- 0x7f654c07e810 con 0x7f654c1098b0
2024-04-25T16:21:11.795 INFO:teuthology.orchestra.run.smithi033.stdout:/usr/bin/ceph: stderr
2024-04-25T16:21:10.940+0000 7f6542a00700 1 -- 172.21.15.33:0/2052729573 <== mon.0 v2:172.21.15.33:3300/0 7 ==== mon_command_ack([{prefix=config set, name=mgr/dashboard/ssl_server_port}]=0 v8)=0 v8) ==== 130+0+0 (secure 0 0 0) 0x7f653c016df0 con 0x7f654c1098b0
2024-04-25T16:21:11.796 INFO:teuthology.orchestra.run.smithi033.stdout:/usr/bin/ceph: stderr
2024-04-25T16:21:10.943+0000 7f6551000700 1 -- 172.21.15.33:0/2052729573 >> [v2:172.21.15.33:6800/2558240783,v1:172.21.15.33:6801/2558240783] conn(0x7f653003d570 msgr2=0x7f653003fa80 secure :-1 s=STATE_CONNECTION_ESTABLISHED l=1).mark_down
2024-04-25T16:21:11.796 INFO:teuthology.orchestra.run.smithi033.stdout:/usr/bin/ceph: stderr
2024-04-25T16:21:10.943+0000 7f6551000700 1 --2- 172.21.15.33:0/2052729573 >> [v2:172.21.15.33:6800/2558240783,v1:172.21.15.33:6801/2558240783] conn(0x7f653003d570 0x7f653003fa80 secure :-1 s=READY pgs=15 cs=0 l=1 rev1=1 crypto rx=0x7f6538006fd0 tx=0x7f6538006e40 comp rx=0 tx=0).stop
2024-04-25T16:21:11.796 INFO:teuthology.orchestra.run.smithi033.stdout:/usr/bin/ceph: stderr
2024-04-25T16:21:10.943+0000 7f6551000700 1 -- 172.21.15.33:0/2052729573 >> [v2:172.21.15.33:3300/0,v1:172.21.15.33:6789/0] conn(0x7f654c1098b0 msgr2=0x7f654c07f4c0 secure :-1 s=STATE_CONNECTION_ESTABLISHED l=1).mark_down
2024-04-25T16:21:11.796 INFO:teuthology.orchestra.run.smithi033.stdout:/usr/bin/ceph: stderr
2024-04-25T16:21:10.943+0000 7f6551000700 1 --2- 172.21.15.33:0/2052729573 >> [v2:172.21.15.33:3300/0,v1:172.21.15.33:6789/0] conn(0x7f654c1098b0 0x7f654c07f4c0 secure :-1 s=READY pgs=54 cs=0 l=1 rev1=1 crypto rx=0x7f653c003e70 tx=0x7f653c011aa0 comp rx=0 tx=0).stop
2024-04-25T16:21:11.796 INFO:teuthology.orchestra.run.smithi033.stdout:/usr/bin/ceph: stderr
2024-04-25T16:21:10.943+0000 7f6551000700 1 -- 172.21.15.33:0/2052729573 shutdown_connections
2024-04-25T16:21:11.796 INFO:teuthology.orchestra.run.smithi033.stdout:/usr/bin/ceph: stderr
2024-04-25T16:21:10.943+0000 7f6551000700 1 --2- 172.21.15.33:0/2052729573 >> [v2:172.21.15.33:6800/2558240783,v1:172.21.15.33:6801/2558240783] conn(0x7f653003d570 0x7f653003fa80 unknown :-1 s=CLOSED pgs=15 cs=0 l=1 rev1=1 crypto rx=0 tx=0 comp rx=0 tx=0).stop
2024-04-25T16:21:11.796 INFO:teuthology.orchestra.run.smithi033.stdout:/usr/bin/ceph: stderr
2024-04-25T16:21:10.943+0000 7f6551000700 1 --2- 172.21.15.33:0/2052729573 >> [v2:172.21.15.33:3300/0,v1:172.21.15.33:6789/0] conn(0x7f654c1098b0 0x7f654c07f4c0 unknown :-1 s=CLOSED pgs=54 cs=0 l=1 rev1=1 crypto rx=0 tx=0 comp rx=0 tx=0).stop
2024-04-25T16:21:11.796 INFO:teuthology.orchestra.run.smithi033.stdout:/usr/bin/ceph: stderr
2024-04-25T16:21:10.943+0000 7f6551000700 1 -- 172.21.15.33:0/2052729573 >> 172.21.15.33:0/2052729573 conn(0x7f654c104ef0 msgr2=0x7f654c1057b0 unknown :-1 s=STATE_NONE l=0).mark_down
2024-04-25T16:21:11.796 INFO:teuthology.orchestra.run.smithi033.stdout:/usr/bin/ceph: stderr
2024-04-25T16:21:10.944+0000 7f6551000700 1 -- 172.21.15.33:0/2052729573 shutdown_connections
2024-04-25T16:21:11.796 INFO:teuthology.orchestra.run.smithi033.stdout:/usr/bin/ceph: stderr
2024-04-25T16:21:10.944+0000 7f6551000700 1 -- 172.21.15.33:0/2052729573 wait complete.
2024-04-25T16:21:11.796 INFO:teuthology.orchestra.run.smithi033.stdout:Enabling the dashboard module...
2024-04-25T16:21:13.505 INFO:journalctl@ceph.mon.a.smithi033.stdout:Apr 25 16:21:13 smithi033 ceph-mon[27865]: pgmap v5: 0 pgs: ; 0 B data, 0 B used, 0 B / 0 B avail
2024-04-25T16:21:13.505 INFO:journalctl@ceph.mon.a.smithi033.stdout:Apr 25 16:21:13 smithi033 ceph-mon[27865]: from='client.? 172.21.15.33:0/3828475457' entity='client.admin' cmd=[{"prefix": "mgr module enable", "module": "dashboard"}]: dispatch
2024-04-25T16:21:13.505 INFO:journalctl@ceph.mon.a.smithi033.stdout:Apr 25 16:21:13 smithi033 ceph-mon[27865]: from='mgr.14120 172.21.15.33:0/4022896260' entity='mgr.x'
2024-04-25T16:21:13.505 INFO:journalctl@ceph.mgr.x.smithi033.stdout:Apr 25 16:21:13 smithi033 ceph-7ee31106-031f-11ef-bc93-c7b262605968-mgr-x[28086]: ignoring --setuser ceph since I am not root
2024-04-25T16:21:13.505 INFO:journalctl@ceph.mgr.x.smithi033.stdout:Apr 25 16:21:13 smithi033 ceph-7ee31106-031f-11ef-bc93-c7b262605968-mgr-x[28086]: ignoring --setgroup ceph since I am not root
2024-04-25T16:21:13.782 INFO:journalctl@ceph.mgr.x.smithi033.stdout:Apr 25 16:21:13 smithi033 ceph-7ee31106-031f-11ef-bc93-c7b262605968-mgr-x[28086]:
2024-04-25T16:21:13.516+0000 7fb2cd5d7200 -1 mgr[py] Module balancer has missing NOTIFY_TYPES member
2024-04-25T16:21:13.782 INFO:journalctl@ceph.mgr.x.smithi033.stdout:Apr 25 16:21:13 smithi033 ceph-7ee31106-031f-11ef-bc93-c7b262605968-mgr-x[28086]:
2024-04-25T16:21:13.778+0000 7fb2cd5d7200 -1 mgr[py] Module orchestrator has missing NOTIFY_TYPES member
2024-04-25T16:21:13.816 INFO:teuthology.orchestra.run.smithi033.stdout:/usr/bin/ceph: stderr
2024-04-25T16:21:12.463+0000 7fd707a00700 1 Processor -- start
2024-04-25T16:21:13.816 INFO:teuthology.orchestra.run.smithi033.stdout:/usr/bin/ceph: stderr
2024-04-25T16:21:12.463+0000 7fd707a00700 1 -- start start
2024-04-25T16:21:13.816 INFO:teuthology.orchestra.run.smithi033.stdout:/usr/bin/ceph: stderr
2024-04-25T16:21:12.463+0000 7fd707a00700 1 --2- >> [v2:172.21.15.33:3300/0,v1:172.21.15.33:6789/0] conn(0x7fd70007ee50 0x7fd70007d280 unknown :-1 s=NONE pgs=0 cs=0 l=0 rev1=0 crypto rx=0 tx=0 comp rx=0 tx=0).connect
2024-04-25T16:21:13.816 INFO:teuthology.orchestra.run.smithi033.stdout:/usr/bin/ceph: stderr
2024-04-25T16:21:12.464+0000 7fd707a00700 1 -- --> [v2:172.21.15.33:3300/0,v1:172.21.15.33:6789/0] -- mon_getmap magic: 0 -- 0x7fd70007d850 con 0x7fd70007ee50
2024-04-25T16:21:13.816 INFO:teuthology.orchestra.run.smithi033.stdout:/usr/bin/ceph: stderr
2024-04-25T16:21:12.464+0000 7fd705000700 1 --2- >> [v2:172.21.15.33:3300/0,v1:172.21.15.33:6789/0] conn(0x7fd70007ee50 0x7fd70007d280 unknown :-1 s=BANNER_CONNECTING pgs=0 cs=0 l=0 rev1=0 crypto rx=0 tx=0 comp rx=0 tx=0)._handle_peer_banner_payload supported=3 required=0
2024-04-25T16:21:13.816 INFO:teuthology.orchestra.run.smithi033.stdout:/usr/bin/ceph: stderr
2024-04-25T16:21:12.464+0000 7fd705000700 1 --2- >> [v2:172.21.15.33:3300/0,v1:172.21.15.33:6789/0] conn(0x7fd70007ee50 0x7fd70007d280 unknown :-1 s=HELLO_CONNECTING pgs=0 cs=0 l=0 rev1=1 crypto rx=0 tx=0 comp rx=0 tx=0).handle_hello peer v2:172.21.15.33:3300/0 says I am v2:172.21.15.33:42738/0 (socket says 172.21.15.33:42738)
2024-04-25T16:21:13.816 INFO:teuthology.orchestra.run.smithi033.stdout:/usr/bin/ceph: stderr
2024-04-25T16:21:12.464+0000 7fd705000700 1 -- 172.21.15.33:0/2113526163 learned_addr learned my addr 172.21.15.33:0/2113526163 (peer_addr_for_me v2:172.21.15.33:0/0)
2024-04-25T16:21:13.816 INFO:teuthology.orchestra.run.smithi033.stdout:/usr/bin/ceph: stderr
2024-04-25T16:21:12.465+0000 7fd705000700 1 -- 172.21.15.33:0/2113526163 --> [v2:172.21.15.33:3300/0,v1:172.21.15.33:6789/0] -- mon_subscribe({config=0+,monmap=0+}) -- 0x7fd70007d9d0 con 0x7fd70007ee50
2024-04-25T16:21:13.816 INFO:teuthology.orchestra.run.smithi033.stdout:/usr/bin/ceph: stderr
2024-04-25T16:21:12.465+0000 7fd705000700 1 --2- 172.21.15.33:0/2113526163 >> [v2:172.21.15.33:3300/0,v1:172.21.15.33:6789/0] conn(0x7fd70007ee50 0x7fd70007d280 secure :-1 s=READY pgs=55 cs=0 l=1 rev1=1 crypto rx=0x7fd6f40098a0 tx=0x7fd6f4009bb0 comp rx=0 tx=0).ready entity=mon.0 client_cookie=440eaa0aad41d2f1 server_cookie=0 in_seq=0 out_seq=0
2024-04-25T16:21:13.816 INFO:teuthology.orchestra.run.smithi033.stdout:/usr/bin/ceph: stderr
2024-04-25T16:21:12.465+0000 7fd6ff400700 1 -- 172.21.15.33:0/2113526163 <== mon.0 v2:172.21.15.33:3300/0 1 ==== mon_map magic: 0 ==== 205+0+0 (secure 0 0 0) 0x7fd6f4004160 con 0x7fd70007ee50
2024-04-25T16:21:13.816 INFO:teuthology.orchestra.run.smithi033.stdout:/usr/bin/ceph: stderr
2024-04-25T16:21:12.465+0000 7fd6ff400700 1 -- 172.21.15.33:0/2113526163 <== mon.0 v2:172.21.15.33:3300/0 2 ==== config(26 keys) ==== 1101+0+0 (secure 0 0 0) 0x7fd6f4004300 con 0x7fd70007ee50
2024-04-25T16:21:13.816 INFO:teuthology.orchestra.run.smithi033.stdout:/usr/bin/ceph: stderr
2024-04-25T16:21:12.465+0000 7fd6ff400700 1 -- 172.21.15.33:0/2113526163 <== mon.0 v2:172.21.15.33:3300/0 3 ==== mon_map magic: 0 ==== 205+0+0 (secure 0 0 0) 0x7fd6f4011a20 con 0x7fd70007ee50
2024-04-25T16:21:13.817 INFO:teuthology.orchestra.run.smithi033.stdout:/usr/bin/ceph: stderr
2024-04-25T16:21:12.466+0000 7fd707a00700 1 -- 172.21.15.33:0/2113526163 >> [v2:172.21.15.33:3300/0,v1:172.21.15.33:6789/0] conn(0x7fd70007ee50 msgr2=0x7fd70007d280 secure :-1 s=STATE_CONNECTION_ESTABLISHED l=1).mark_down
2024-04-25T16:21:13.817 INFO:teuthology.orchestra.run.smithi033.stdout:/usr/bin/ceph: stderr
2024-04-25T16:21:12.466+0000 7fd707a00700 1 --2- 172.21.15.33:0/2113526163 >> [v2:172.21.15.33:3300/0,v1:172.21.15.33:6789/0] conn(0x7fd70007ee50 0x7fd70007d280 secure :-1 s=READY pgs=55 cs=0 l=1 rev1=1 crypto rx=0x7fd6f40098a0 tx=0x7fd6f4009bb0 comp rx=0 tx=0).stop
2024-04-25T16:21:13.817 INFO:teuthology.orchestra.run.smithi033.stdout:/usr/bin/ceph: stderr
2024-04-25T16:21:12.466+0000 7fd707a00700 1 -- 172.21.15.33:0/2113526163 shutdown_connections
2024-04-25T16:21:13.817 INFO:teuthology.orchestra.run.smithi033.stdout:/usr/bin/ceph: stderr
2024-04-25T16:21:12.466+0000 7fd707a00700 1 --2- 172.21.15.33:0/2113526163 >> [v2:172.21.15.33:3300/0,v1:172.21.15.33:6789/0] conn(0x7fd70007ee50 0x7fd70007d280 unknown :-1 s=CLOSED pgs=55 cs=0 l=1 rev1=1 crypto rx=0 tx=0 comp rx=0 tx=0).stop
