2024-04-25T16:20:55.263+0000 7f0b0c000700 1 -- 172.21.15.33:0/808755794 >> [v2:172.21.15.33:3300/0,v1:172.21.15.33:6789/0] conn(0x7f0b0410bad0 msgr2=0x7f0b0410bee0 secure :-1 s=STATE_CONNECTION_ESTABLISHED l=1).mark_down
2024-04-25T16:20:56.143 INFO:teuthology.orchestra.run.smithi033.stdout:/usr/bin/ceph: stderr
2024-04-25T16:20:55.263+0000 7f0b0c000700 1 --2- 172.21.15.33:0/808755794 >> [v2:172.21.15.33:3300/0,v1:172.21.15.33:6789/0] conn(0x7f0b0410bad0 0x7f0b0410bee0 secure :-1 s=READY pgs=43 cs=0 l=1 rev1=1 crypto rx=0x7f0af80098a0 tx=0x7f0af8009bb0 comp rx=0 tx=0).stop
2024-04-25T16:20:56.143 INFO:teuthology.orchestra.run.smithi033.stdout:/usr/bin/ceph: stderr
2024-04-25T16:20:55.264+0000 7f0b0c000700 1 -- 172.21.15.33:0/808755794 shutdown_connections
2024-04-25T16:20:56.144 INFO:teuthology.orchestra.run.smithi033.stdout:/usr/bin/ceph: stderr
2024-04-25T16:20:55.264+0000 7f0b0c000700 1 --2- 172.21.15.33:0/808755794 >> [v2:172.21.15.33:3300/0,v1:172.21.15.33:6789/0] conn(0x7f0b0410bad0 0x7f0b0410bee0 unknown :-1 s=CLOSED pgs=43 cs=0 l=1 rev1=1 crypto rx=0 tx=0 comp rx=0 tx=0).stop
2024-04-25T16:20:56.144 INFO:teuthology.orchestra.run.smithi033.stdout:/usr/bin/ceph: stderr
2024-04-25T16:20:55.264+0000 7f0b0c000700 1 -- 172.21.15.33:0/808755794 >> 172.21.15.33:0/808755794 conn(0x7f0b0407f040 msgr2=0x7f0b0407f450 unknown :-1 s=STATE_NONE l=0).mark_down
2024-04-25T16:20:56.144 INFO:teuthology.orchestra.run.smithi033.stdout:/usr/bin/ceph: stderr
2024-04-25T16:20:55.264+0000 7f0b0c000700 1 -- 172.21.15.33:0/808755794 shutdown_connections
2024-04-25T16:20:56.144 INFO:teuthology.orchestra.run.smithi033.stdout:/usr/bin/ceph: stderr
2024-04-25T16:20:55.264+0000 7f0b0c000700 1 -- 172.21.15.33:0/808755794 wait complete.
2024-04-25T16:20:56.144 INFO:teuthology.orchestra.run.smithi033.stdout:/usr/bin/ceph: stderr
2024-04-25T16:20:55.265+0000 7f0b0c000700 1 Processor -- start
2024-04-25T16:20:56.144 INFO:teuthology.orchestra.run.smithi033.stdout:/usr/bin/ceph: stderr
2024-04-25T16:20:55.265+0000 7f0b0c000700 1 -- start start
2024-04-25T16:20:56.144 INFO:teuthology.orchestra.run.smithi033.stdout:/usr/bin/ceph: stderr
2024-04-25T16:20:55.265+0000 7f0b0c000700 1 --2- >> [v2:172.21.15.33:3300/0,v1:172.21.15.33:6789/0] conn(0x7f0b0410bad0 0x7f0b0419ff70 unknown :-1 s=NONE pgs=0 cs=0 l=1 rev1=0 crypto rx=0 tx=0 comp rx=0 tx=0).connect
2024-04-25T16:20:56.144 INFO:teuthology.orchestra.run.smithi033.stdout:/usr/bin/ceph: stderr
2024-04-25T16:20:55.265+0000 7f0b0c000700 1 -- --> [v2:172.21.15.33:3300/0,v1:172.21.15.33:6789/0] -- mon_getmap magic: 0 -- 0x7f0b04110050 con 0x7f0b0410bad0
2024-04-25T16:20:56.144 INFO:teuthology.orchestra.run.smithi033.stdout:/usr/bin/ceph: stderr
2024-04-25T16:20:55.266+0000 7f0b09600700 1 --2- >> [v2:172.21.15.33:3300/0,v1:172.21.15.33:6789/0] conn(0x7f0b0410bad0 0x7f0b0419ff70 unknown :-1 s=BANNER_CONNECTING pgs=0 cs=0 l=1 rev1=0 crypto rx=0 tx=0 comp rx=0 tx=0)._handle_peer_banner_payload supported=3 required=0
2024-04-25T16:20:56.144 INFO:teuthology.orchestra.run.smithi033.stdout:/usr/bin/ceph: stderr
2024-04-25T16:20:55.266+0000 7f0b09600700 1 --2- >> [v2:172.21.15.33:3300/0,v1:172.21.15.33:6789/0] conn(0x7f0b0410bad0 0x7f0b0419ff70 unknown :-1 s=HELLO_CONNECTING pgs=0 cs=0 l=1 rev1=1 crypto rx=0 tx=0 comp rx=0 tx=0).handle_hello peer v2:172.21.15.33:3300/0 says I am v2:172.21.15.33:32966/0 (socket says 172.21.15.33:32966)
2024-04-25T16:20:56.144 INFO:teuthology.orchestra.run.smithi033.stdout:/usr/bin/ceph: stderr
2024-04-25T16:20:55.266+0000 7f0b09600700 1 -- 172.21.15.33:0/4227085540 learned_addr learned my addr 172.21.15.33:0/4227085540 (peer_addr_for_me v2:172.21.15.33:0/0)
2024-04-25T16:20:56.145 INFO:teuthology.orchestra.run.smithi033.stdout:/usr/bin/ceph: stderr
2024-04-25T16:20:55.266+0000 7f0b09600700 1 -- 172.21.15.33:0/4227085540 --> [v2:172.21.15.33:3300/0,v1:172.21.15.33:6789/0] -- mon_subscribe({config=0+,monmap=0+}) -- 0x7f0b041a04b0 con 0x7f0b0410bad0
2024-04-25T16:20:56.145 INFO:teuthology.orchestra.run.smithi033.stdout:/usr/bin/ceph: stderr
2024-04-25T16:20:55.267+0000 7f0b09600700 1 --2- 172.21.15.33:0/4227085540 >> [v2:172.21.15.33:3300/0,v1:172.21.15.33:6789/0] conn(0x7f0b0410bad0 0x7f0b0419ff70 secure :-1 s=READY pgs=44 cs=0 l=1 rev1=1 crypto rx=0x7f0af8011890 tx=0x7f0af8011970 comp rx=0 tx=0).ready entity=mon.0 client_cookie=0 server_cookie=0 in_seq=0 out_seq=0
2024-04-25T16:20:56.145 INFO:teuthology.orchestra.run.smithi033.stdout:/usr/bin/ceph: stderr
2024-04-25T16:20:55.267+0000 7f0b02000700 1 -- 172.21.15.33:0/4227085540 <== mon.0 v2:172.21.15.33:3300/0 1 ==== mon_map magic: 0 ==== 205+0+0 (secure 0 0 0) 0x7f0af80039e0 con 0x7f0b0410bad0
2024-04-25T16:20:56.145 INFO:teuthology.orchestra.run.smithi033.stdout:/usr/bin/ceph: stderr
2024-04-25T16:20:55.267+0000 7f0b02000700 1 -- 172.21.15.33:0/4227085540 <== mon.0 v2:172.21.15.33:3300/0 2 ==== config(26 keys) ==== 1070+0+0 (secure 0 0 0) 0x7f0af8003b80 con 0x7f0b0410bad0
2024-04-25T16:20:56.145 INFO:teuthology.orchestra.run.smithi033.stdout:/usr/bin/ceph: stderr
2024-04-25T16:20:55.267+0000 7f0b0c000700 1 -- 172.21.15.33:0/4227085540 --> [v2:172.21.15.33:3300/0,v1:172.21.15.33:6789/0] -- mon_subscribe({mgrmap=0+}) -- 0x7f0b041a0740 con 0x7f0b0410bad0
2024-04-25T16:20:56.146 INFO:teuthology.orchestra.run.smithi033.stdout:/usr/bin/ceph: stderr
2024-04-25T16:20:55.267+0000 7f0b02000700 1 -- 172.21.15.33:0/4227085540 <== mon.0 v2:172.21.15.33:3300/0 3 ==== mon_map magic: 0 ==== 205+0+0 (secure 0 0 0) 0x7f0af80246e0 con 0x7f0b0410bad0
2024-04-25T16:20:56.146 INFO:teuthology.orchestra.run.smithi033.stdout:/usr/bin/ceph: stderr
2024-04-25T16:20:55.267+0000 7f0b0c000700 1 -- 172.21.15.33:0/4227085540 --> [v2:172.21.15.33:3300/0,v1:172.21.15.33:6789/0] -- mon_subscribe({osdmap=0}) -- 0x7f0b041a3350 con 0x7f0b0410bad0
2024-04-25T16:20:56.146 INFO:teuthology.orchestra.run.smithi033.stdout:/usr/bin/ceph: stderr
2024-04-25T16:20:55.268+0000 7f0b0c000700 1 -- 172.21.15.33:0/4227085540 --> [v2:172.21.15.33:3300/0,v1:172.21.15.33:6789/0] -- mon_command({"prefix": "get_command_descriptions"} v 0) -- 0x7f0b04064cf0 con 0x7f0b0410bad0
2024-04-25T16:20:56.146 INFO:teuthology.orchestra.run.smithi033.stdout:/usr/bin/ceph: stderr
2024-04-25T16:20:55.268+0000 7f0b02000700 1 -- 172.21.15.33:0/4227085540 <== mon.0 v2:172.21.15.33:3300/0 4 ==== mgrmap(e 8) ==== 49516+0+0 (secure 0 0 0) 0x7f0af8022020 con 0x7f0b0410bad0
2024-04-25T16:20:56.146 INFO:teuthology.orchestra.run.smithi033.stdout:/usr/bin/ceph: stderr
2024-04-25T16:20:55.269+0000 7f0b02000700 1 --2- 172.21.15.33:0/4227085540 >> [v2:172.21.15.33:6800/2558240783,v1:172.21.15.33:6801/2558240783] conn(0x7f0aec03d570 0x7f0aec03fa80 unknown :-1 s=NONE pgs=0 cs=0 l=1 rev1=0 crypto rx=0 tx=0 comp rx=0 tx=0).connect
2024-04-25T16:20:56.146 INFO:teuthology.orchestra.run.smithi033.stdout:/usr/bin/ceph: stderr
2024-04-25T16:20:55.269+0000 7f0b02000700 1 -- 172.21.15.33:0/4227085540 <== mon.0 v2:172.21.15.33:3300/0 5 ==== osd_map(2..2 src has 1..2) ==== 940+0+0 (secure 0 0 0) 0x7f0af8052660 con 0x7f0b0410bad0
2024-04-25T16:20:56.146 INFO:teuthology.orchestra.run.smithi033.stdout:/usr/bin/ceph: stderr
2024-04-25T16:20:55.269+0000 7f0b08c00700 1 --2- 172.21.15.33:0/4227085540 >> [v2:172.21.15.33:6800/2558240783,v1:172.21.15.33:6801/2558240783] conn(0x7f0aec03d570 0x7f0aec03fa80 unknown :-1 s=BANNER_CONNECTING pgs=0 cs=0 l=1 rev1=0 crypto rx=0 tx=0 comp rx=0 tx=0)._handle_peer_banner_payload supported=3 required=0
2024-04-25T16:20:56.146 INFO:teuthology.orchestra.run.smithi033.stdout:/usr/bin/ceph: stderr
2024-04-25T16:20:55.270+0000 7f0b08c00700 1 --2- 172.21.15.33:0/4227085540 >> [v2:172.21.15.33:6800/2558240783,v1:172.21.15.33:6801/2558240783] conn(0x7f0aec03d570 0x7f0aec03fa80 secure :-1 s=READY pgs=10 cs=0 l=1 rev1=1 crypto rx=0x7f0af0006fd0 tx=0x7f0af0006e40 comp rx=0 tx=0).ready entity=mgr.14120 client_cookie=0 server_cookie=0 in_seq=0 out_seq=0
2024-04-25T16:20:56.146 INFO:teuthology.orchestra.run.smithi033.stdout:/usr/bin/ceph: stderr
2024-04-25T16:20:55.275+0000 7f0b02000700 1 -- 172.21.15.33:0/4227085540 <== mon.0 v2:172.21.15.33:3300/0 6 ==== mon_command_ack([{"prefix": "get_command_descriptions"}]=0 v0) ==== 72+0+188370 (secure 0 0 0) 0x7f0af8016260 con 0x7f0b0410bad0
2024-04-25T16:20:56.147 INFO:teuthology.orchestra.run.smithi033.stdout:/usr/bin/ceph: stderr
2024-04-25T16:20:55.505+0000 7f0b0c000700 1 -- 172.21.15.33:0/4227085540 --> [v2:172.21.15.33:6800/2558240783,v1:172.21.15.33:6801/2558240783] -- mgr_command(tid 0: {"prefix": "cephadm get-pub-key", "target": ["mon-mgr", ""]}) -- 0x7f0b04109290 con 0x7f0aec03d570
2024-04-25T16:20:56.147 INFO:teuthology.orchestra.run.smithi033.stdout:/usr/bin/ceph: stderr
2024-04-25T16:20:55.507+0000 7f0b02000700 1 -- 172.21.15.33:0/4227085540 <== mgr.14120 v2:172.21.15.33:6800/2558240783 1 ==== mgr_command_reply(tid 0: 0 ) ==== 8+0+595 (secure 0 0 0) 0x7f0b04109290 con 0x7f0aec03d570
2024-04-25T16:20:56.147 INFO:teuthology.orchestra.run.smithi033.stdout:/usr/bin/ceph: stderr
2024-04-25T16:20:55.510+0000 7f0b0c000700 1 -- 172.21.15.33:0/4227085540 >> [v2:172.21.15.33:6800/2558240783,v1:172.21.15.33:6801/2558240783] conn(0x7f0aec03d570 msgr2=0x7f0aec03fa80 secure :-1 s=STATE_CONNECTION_ESTABLISHED l=1).mark_down
2024-04-25T16:20:56.147 INFO:teuthology.orchestra.run.smithi033.stdout:/usr/bin/ceph: stderr
2024-04-25T16:20:55.510+0000 7f0b0c000700 1 --2- 172.21.15.33:0/4227085540 >> [v2:172.21.15.33:6800/2558240783,v1:172.21.15.33:6801/2558240783] conn(0x7f0aec03d570 0x7f0aec03fa80 secure :-1 s=READY pgs=10 cs=0 l=1 rev1=1 crypto rx=0x7f0af0006fd0 tx=0x7f0af0006e40 comp rx=0 tx=0).stop
2024-04-25T16:20:56.147 INFO:teuthology.orchestra.run.smithi033.stdout:/usr/bin/ceph: stderr
2024-04-25T16:20:55.510+0000 7f0b0c000700 1 -- 172.21.15.33:0/4227085540 >> [v2:172.21.15.33:3300/0,v1:172.21.15.33:6789/0] conn(0x7f0b0410bad0 msgr2=0x7f0b0419ff70 secure :-1 s=STATE_CONNECTION_ESTABLISHED l=1).mark_down
2024-04-25T16:20:56.147 INFO:teuthology.orchestra.run.smithi033.stdout:/usr/bin/ceph: stderr
2024-04-25T16:20:55.510+0000 7f0b0c000700 1 --2- 172.21.15.33:0/4227085540 >> [v2:172.21.15.33:3300/0,v1:172.21.15.33:6789/0] conn(0x7f0b0410bad0 0x7f0b0419ff70 secure :-1 s=READY pgs=44 cs=0 l=1 rev1=1 crypto rx=0x7f0af8011890 tx=0x7f0af8011970 comp rx=0 tx=0).stop
2024-04-25T16:20:56.147 INFO:teuthology.orchestra.run.smithi033.stdout:/usr/bin/ceph: stderr
2024-04-25T16:20:55.510+0000 7f0b0c000700 1 -- 172.21.15.33:0/4227085540 shutdown_connections
2024-04-25T16:20:56.147 INFO:teuthology.orchestra.run.smithi033.stdout:/usr/bin/ceph: stderr
2024-04-25T16:20:55.510+0000 7f0b0c000700 1 --2- 172.21.15.33:0/4227085540 >> [v2:172.21.15.33:6800/2558240783,v1:172.21.15.33:6801/2558240783] conn(0x7f0aec03d570 0x7f0aec03fa80 unknown :-1 s=CLOSED pgs=10 cs=0 l=1 rev1=1 crypto rx=0 tx=0 comp rx=0 tx=0).stop
2024-04-25T16:20:56.147 INFO:teuthology.orchestra.run.smithi033.stdout:/usr/bin/ceph: stderr
2024-04-25T16:20:55.510+0000 7f0b0c000700 1 --2- 172.21.15.33:0/4227085540 >> [v2:172.21.15.33:3300/0,v1:172.21.15.33:6789/0] conn(0x7f0b0410bad0 0x7f0b0419ff70 unknown :-1 s=CLOSED pgs=44 cs=0 l=1 rev1=1 crypto rx=0 tx=0 comp rx=0 tx=0).stop
2024-04-25T16:20:56.147 INFO:teuthology.orchestra.run.smithi033.stdout:/usr/bin/ceph: stderr
2024-04-25T16:20:55.510+0000 7f0b0c000700 1 -- 172.21.15.33:0/4227085540 >> 172.21.15.33:0/4227085540 conn(0x7f0b0407f040 msgr2=0x7f0b04108b60 unknown :-1 s=STATE_NONE l=0).mark_down
2024-04-25T16:20:56.147 INFO:teuthology.orchestra.run.smithi033.stdout:/usr/bin/ceph: stderr
2024-04-25T16:20:55.511+0000 7f0b0c000700 1 -- 172.21.15.33:0/4227085540 shutdown_connections
2024-04-25T16:20:56.147 INFO:teuthology.orchestra.run.smithi033.stdout:/usr/bin/ceph: stderr
2024-04-25T16:20:55.511+0000 7f0b0c000700 1 -- 172.21.15.33:0/4227085540 wait complete.
2024-04-25T16:20:56.148 INFO:teuthology.orchestra.run.smithi033.stdout:Wrote public SSH key to /home/ubuntu/cephtest/ceph.pub
2024-04-25T16:20:56.148 INFO:teuthology.orchestra.run.smithi033.stdout:Adding key to root@localhost authorized_keys...
2024-04-25T16:20:56.152 INFO:teuthology.orchestra.run.smithi033.stdout:Adding host smithi033...
2024-04-25T16:20:56.807 INFO:journalctl@ceph.mon.a.smithi033.stdout:Apr 25 16:20:56 smithi033 ceph-mon[27865]: from='client.14138 -' entity='client.admin' cmd=[{"prefix": "cephadm get-pub-key", "target": ["mon-mgr", ""]}]: dispatch
2024-04-25T16:20:57.753 INFO:journalctl@ceph.mon.a.smithi033.stdout:Apr 25 16:20:57 smithi033 ceph-mon[27865]: from='client.14140 -' entity='client.admin' cmd=[{"prefix": "orch host add", "hostname": "smithi033", "addr": "172.21.15.33", "target": ["mon-mgr", ""]}]: dispatch
2024-04-25T16:20:59.828 INFO:journalctl@ceph.mon.a.smithi033.stdout:Apr 25 16:20:59 smithi033 ceph-mon[27865]: Deploying cephadm binary to smithi033
2024-04-25T16:21:04.119 INFO:teuthology.orchestra.run.smithi033.stdout:/usr/bin/ceph: stdout Added host 'smithi033' with addr '172.21.15.33'
2024-04-25T16:21:04.119 INFO:teuthology.orchestra.run.smithi033.stdout:/usr/bin/ceph: stderr
2024-04-25T16:20:56.806+0000 7faa97e00700 1 Processor -- start
2024-04-25T16:21:04.119 INFO:teuthology.orchestra.run.smithi033.stdout:/usr/bin/ceph: stderr
2024-04-25T16:20:56.806+0000 7faa97e00700 1 -- start start
2024-04-25T16:21:04.121 INFO:teuthology.orchestra.run.smithi033.stdout:/usr/bin/ceph: stderr
2024-04-25T16:20:56.807+0000 7faa97e00700 1 --2- >> [v2:172.21.15.33:3300/0,v1:172.21.15.33:6789/0] conn(0x7faa98108060 0x7faa98108470 unknown :-1 s=NONE pgs=0 cs=0 l=0 rev1=0 crypto rx=0 tx=0 comp rx=0 tx=0).connect
2024-04-25T16:21:04.121 INFO:teuthology.orchestra.run.smithi033.stdout:/usr/bin/ceph: stderr
2024-04-25T16:20:56.807+0000 7faa97e00700 1 -- --> [v2:172.21.15.33:3300/0,v1:172.21.15.33:6789/0] -- mon_getmap magic: 0 -- 0x7faa9807ce00 con 0x7faa98108060
2024-04-25T16:21:04.121 INFO:teuthology.orchestra.run.smithi033.stdout:/usr/bin/ceph: stderr
2024-04-25T16:20:56.807+0000 7faa96a00700 1 --2- >> [v2:172.21.15.33:3300/0,v1:172.21.15.33:6789/0] conn(0x7faa98108060 0x7faa98108470 unknown :-1 s=BANNER_CONNECTING pgs=0 cs=0 l=0 rev1=0 crypto rx=0 tx=0 comp rx=0 tx=0)._handle_peer_banner_payload supported=3 required=0
2024-04-25T16:21:04.121 INFO:teuthology.orchestra.run.smithi033.stdout:/usr/bin/ceph: stderr
2024-04-25T16:20:56.807+0000 7faa96a00700 1 --2- >> [v2:172.21.15.33:3300/0,v1:172.21.15.33:6789/0] conn(0x7faa98108060 0x7faa98108470 unknown :-1 s=HELLO_CONNECTING pgs=0 cs=0 l=0 rev1=1 crypto rx=0 tx=0 comp rx=0 tx=0).handle_hello peer v2:172.21.15.33:3300/0 says I am v2:172.21.15.33:32968/0 (socket says 172.21.15.33:32968)
2024-04-25T16:21:04.122 INFO:teuthology.orchestra.run.smithi033.stdout:/usr/bin/ceph: stderr
2024-04-25T16:20:56.807+0000 7faa96a00700 1 -- 172.21.15.33:0/2069097867 learned_addr learned my addr 172.21.15.33:0/2069097867 (peer_addr_for_me v2:172.21.15.33:0/0)
2024-04-25T16:21:04.122 INFO:teuthology.orchestra.run.smithi033.stdout:/usr/bin/ceph: stderr
2024-04-25T16:20:56.807+0000 7faa96a00700 1 -- 172.21.15.33:0/2069097867 --> [v2:172.21.15.33:3300/0,v1:172.21.15.33:6789/0] -- mon_subscribe({config=0+,monmap=0+}) -- 0x7faa981089b0 con 0x7faa98108060
2024-04-25T16:21:04.122 INFO:teuthology.orchestra.run.smithi033.stdout:/usr/bin/ceph: stderr
2024-04-25T16:20:56.808+0000 7faa96a00700 1 --2- 172.21.15.33:0/2069097867 >> [v2:172.21.15.33:3300/0,v1:172.21.15.33:6789/0] conn(0x7faa98108060 0x7faa98108470 secure :-1 s=READY pgs=45 cs=0 l=1 rev1=1 crypto rx=0x7faa880098a0 tx=0x7faa88009bb0 comp rx=0 tx=0).ready entity=mon.0 client_cookie=9813172c3a62dfe6 server_cookie=0 in_seq=0 out_seq=0
2024-04-25T16:21:04.122 INFO:teuthology.orchestra.run.smithi033.stdout:/usr/bin/ceph: stderr
2024-04-25T16:20:56.808+0000 7faa96000700 1 -- 172.21.15.33:0/2069097867 <== mon.0 v2:172.21.15.33:3300/0 1 ==== mon_map magic: 0 ==== 205+0+0 (secure 0 0 0) 0x7faa88004160 con 0x7faa98108060
2024-04-25T16:21:04.122 INFO:teuthology.orchestra.run.smithi033.stdout:/usr/bin/ceph: stderr
2024-04-25T16:20:56.808+0000 7faa96000700 1 -- 172.21.15.33:0/2069097867 <== mon.0 v2:172.21.15.33:3300/0 2 ==== config(26 keys) ==== 1070+0+0 (secure 0 0 0) 0x7faa88004300 con 0x7faa98108060
2024-04-25T16:21:04.122 INFO:teuthology.orchestra.run.smithi033.stdout:/usr/bin/ceph: stderr
2024-04-25T16:20:56.808+0000 7faa96000700 1 -- 172.21.15.33:0/2069097867 <== mon.0 v2:172.21.15.33:3300/0 3 ==== mon_map magic: 0 ==== 205+0+0 (secure 0 0 0) 0x7faa88011af0 con 0x7faa98108060
2024-04-25T16:21:04.122 INFO:teuthology.orchestra.run.smithi033.stdout:/usr/bin/ceph: stderr
2024-04-25T16:20:56.809+0000 7faa97e00700 1 -- 172.21.15.33:0/2069097867 >> [v2:172.21.15.33:3300/0,v1:172.21.15.33:6789/0] conn(0x7faa98108060 msgr2=0x7faa98108470 secure :-1 s=STATE_CONNECTION_ESTABLISHED l=1).mark_down
2024-04-25T16:21:04.122 INFO:teuthology.orchestra.run.smithi033.stdout:/usr/bin/ceph: stderr
2024-04-25T16:20:56.809+0000 7faa97e00700 1 --2- 172.21.15.33:0/2069097867 >> [v2:172.21.15.33:3300/0,v1:172.21.15.33:6789/0] conn(0x7faa98108060 0x7faa98108470 secure :-1 s=READY pgs=45 cs=0 l=1 rev1=1 crypto rx=0x7faa880098a0 tx=0x7faa88009bb0 comp rx=0 tx=0).stop
2024-04-25T16:21:04.125 INFO:teuthology.orchestra.run.smithi033.stdout:/usr/bin/ceph: stderr
2024-04-25T16:20:56.809+0000 7faa97e00700 1 -- 172.21.15.33:0/2069097867 shutdown_connections
2024-04-25T16:21:04.125 INFO:teuthology.orchestra.run.smithi033.stdout:/usr/bin/ceph: stderr
2024-04-25T16:20:56.809+0000 7faa97e00700 1 --2- 172.21.15.33:0/2069097867 >> [v2:172.21.15.33:3300/0,v1:172.21.15.33:6789/0] conn(0x7faa98108060 0x7faa98108470 unknown :-1 s=CLOSED pgs=45 cs=0 l=1 rev1=1 crypto rx=0 tx=0 comp rx=0 tx=0).stop
2024-04-25T16:21:04.125 INFO:teuthology.orchestra.run.smithi033.stdout:/usr/bin/ceph: stderr
2024-04-25T16:20:56.809+0000 7faa97e00700 1 -- 172.21.15.33:0/2069097867 >> 172.21.15.33:0/2069097867 conn(0x7faa98103c50 msgr2=0x7faa981060e0 unknown :-1 s=STATE_NONE l=0).mark_down
2024-04-25T16:21:04.125 INFO:teuthology.orchestra.run.smithi033.stdout:/usr/bin/ceph: stderr
2024-04-25T16:20:56.809+0000 7faa97e00700 1 -- 172.21.15.33:0/2069097867 shutdown_connections
2024-04-25T16:21:04.125 INFO:teuthology.orchestra.run.smithi033.stdout:/usr/bin/ceph: stderr
2024-04-25T16:20:56.809+0000 7faa97e00700 1 -- 172.21.15.33:0/2069097867 wait complete.
2024-04-25T16:21:04.126 INFO:teuthology.orchestra.run.smithi033.stdout:/usr/bin/ceph: stderr
2024-04-25T16:20:56.810+0000 7faa97e00700 1 Processor -- start
2024-04-25T16:21:04.126 INFO:teuthology.orchestra.run.smithi033.stdout:/usr/bin/ceph: stderr
2024-04-25T16:20:56.811+0000 7faa97e00700 1 -- start start
2024-04-25T16:21:04.126 INFO:teuthology.orchestra.run.smithi033.stdout:/usr/bin/ceph: stderr
2024-04-25T16:20:56.811+0000 7faa97e00700 1 --2- >> [v2:172.21.15.33:3300/0,v1:172.21.15.33:6789/0] conn(0x7faa98108060 0x7faa9819fd10 unknown :-1 s=NONE pgs=0 cs=0 l=1 rev1=0 crypto rx=0 tx=0 comp rx=0 tx=0).connect
2024-04-25T16:21:04.126 INFO:teuthology.orchestra.run.smithi033.stdout:/usr/bin/ceph: stderr
2024-04-25T16:20:56.811+0000 7faa97e00700 1 -- --> [v2:172.21.15.33:3300/0,v1:172.21.15.33:6789/0] -- mon_getmap magic: 0 -- 0x7faa981098b0 con 0x7faa98108060
2024-04-25T16:21:04.126 INFO:teuthology.orchestra.run.smithi033.stdout:/usr/bin/ceph: stderr
2024-04-25T16:20:56.811+0000 7faa96a00700 1 --2- >> [v2:172.21.15.33:3300/0,v1:172.21.15.33:6789/0] conn(0x7faa98108060 0x7faa9819fd10 unknown :-1 s=BANNER_CONNECTING pgs=0 cs=0 l=1 rev1=0 crypto rx=0 tx=0 comp rx=0 tx=0)._handle_peer_banner_payload supported=3 required=0
2024-04-25T16:21:04.126 INFO:teuthology.orchestra.run.smithi033.stdout:/usr/bin/ceph: stderr
2024-04-25T16:20:56.811+0000 7faa96a00700 1 --2- >> [v2:172.21.15.33:3300/0,v1:172.21.15.33:6789/0] conn(0x7faa98108060 0x7faa9819fd10 unknown :-1 s=HELLO_CONNECTING pgs=0 cs=0 l=1 rev1=1 crypto rx=0 tx=0 comp rx=0 tx=0).handle_hello peer v2:172.21.15.33:3300/0 says I am v2:172.21.15.33:32974/0 (socket says 172.21.15.33:32974)
2024-04-25T16:21:04.126 INFO:teuthology.orchestra.run.smithi033.stdout:/usr/bin/ceph: stderr
2024-04-25T16:20:56.811+0000 7faa96a00700 1 -- 172.21.15.33:0/4158345178 learned_addr learned my addr 172.21.15.33:0/4158345178 (peer_addr_for_me v2:172.21.15.33:0/0)
2024-04-25T16:21:04.126 INFO:teuthology.orchestra.run.smithi033.stdout:/usr/bin/ceph: stderr
2024-04-25T16:20:56.812+0000 7faa96a00700 1 -- 172.21.15.33:0/4158345178 --> [v2:172.21.15.33:3300/0,v1:172.21.15.33:6789/0] -- mon_subscribe({config=0+,monmap=0+}) -- 0x7faa981a0250 con 0x7faa98108060
2024-04-25T16:21:04.126 INFO:teuthology.orchestra.run.smithi033.stdout:/usr/bin/ceph: stderr
2024-04-25T16:20:56.812+0000 7faa96a00700 1 --2- 172.21.15.33:0/4158345178 >> [v2:172.21.15.33:3300/0,v1:172.21.15.33:6789/0] conn(0x7faa98108060 0x7faa9819fd10 secure :-1 s=READY pgs=46 cs=0 l=1 rev1=1 crypto rx=0x7faa880117b0 tx=0x7faa88011b70 comp rx=0 tx=0).ready entity=mon.0 client_cookie=0 server_cookie=0 in_seq=0 out_seq=0
2024-04-25T16:21:04.126 INFO:teuthology.orchestra.run.smithi033.stdout:/usr/bin/ceph: stderr
2024-04-25T16:20:56.812+0000 7faa8f400700 1 -- 172.21.15.33:0/4158345178 <== mon.0 v2:172.21.15.33:3300/0 1 ==== mon_map magic: 0 ==== 205+0+0 (secure 0 0 0) 0x7faa88003af0 con 0x7faa98108060
2024-04-25T16:21:04.126 INFO:teuthology.orchestra.run.smithi033.stdout:/usr/bin/ceph: stderr
2024-04-25T16:20:56.812+0000 7faa8f400700 1 -- 172.21.15.33:0/4158345178 <== mon.0 v2:172.21.15.33:3300/0 2 ==== config(26 keys) ==== 1070+0+0 (secure 0 0 0) 0x7faa88020070 con 0x7faa98108060
2024-04-25T16:21:04.126 INFO:teuthology.orchestra.run.smithi033.stdout:/usr/bin/ceph: stderr
2024-04-25T16:20:56.812+0000 7faa97e00700 1 -- 172.21.15.33:0/4158345178 --> [v2:172.21.15.33:3300/0,v1:172.21.15.33:6789/0] -- mon_subscribe({mgrmap=0+}) -- 0x7faa981a04e0 con 0x7faa98108060
2024-04-25T16:21:04.126 INFO:teuthology.orchestra.run.smithi033.stdout:/usr/bin/ceph: stderr
2024-04-25T16:20:56.812+0000 7faa8f400700 1 -- 172.21.15.33:0/4158345178 <== mon.0 v2:172.21.15.33:3300/0 3 ==== mon_map magic: 0 ==== 205+0+0 (secure 0 0 0) 0x7faa88019630 con 0x7faa98108060
2024-04-25T16:21:04.127 INFO:teuthology.orchestra.run.smithi033.stdout:/usr/bin/ceph: stderr
2024-04-25T16:20:56.813+0000 7faa97e00700 1 -- 172.21.15.33:0/4158345178 --> [v2:172.21.15.33:3300/0,v1:172.21.15.33:6789/0] -- mon_subscribe({osdmap=0}) -- 0x7faa981a30e0 con 0x7faa98108060
2024-04-25T16:21:04.127 INFO:teuthology.orchestra.run.smithi033.stdout:/usr/bin/ceph: stderr
2024-04-25T16:20:56.814+0000 7faa97e00700 1 -- 172.21.15.33:0/4158345178 --> [v2:172.21.15.33:3300/0,v1:172.21.15.33:6789/0] -- mon_command({"prefix": "get_command_descriptions"} v 0) -- 0x7faa98064cf0 con 0x7faa98108060
2024-04-25T16:21:04.127 INFO:teuthology.orchestra.run.smithi033.stdout:/usr/bin/ceph: stderr
2024-04-25T16:20:56.814+0000 7faa8f400700 1 -- 172.21.15.33:0/4158345178 <== mon.0 v2:172.21.15.33:3300/0 4 ==== mgrmap(e 8) ==== 49516+0+0 (secure 0 0 0) 0x7faa8801a9c0 con 0x7faa98108060
2024-04-25T16:21:04.127 INFO:teuthology.orchestra.run.smithi033.stdout:/usr/bin/ceph: stderr
2024-04-25T16:20:56.815+0000 7faa8f400700 1 --2- 172.21.15.33:0/4158345178 >> [v2:172.21.15.33:6800/2558240783,v1:172.21.15.33:6801/2558240783] conn(0x7faa7c03d5c0 0x7faa7c03fad0 unknown :-1 s=NONE pgs=0 cs=0 l=1 rev1=0 crypto rx=0 tx=0 comp rx=0 tx=0).connect
2024-04-25T16:21:04.127 INFO:teuthology.orchestra.run.smithi033.stdout:/usr/bin/ceph: stderr
2024-04-25T16:20:56.815+0000 7faa8f400700 1 -- 172.21.15.33:0/4158345178 <== mon.0 v2:172.21.15.33:3300/0 5 ==== osd_map(2..2 src has 1..2) ==== 940+0+0 (secure 0 0 0) 0x7faa88052990 con 0x7faa98108060
2024-04-25T16:21:04.127 INFO:teuthology.orchestra.run.smithi033.stdout:/usr/bin/ceph: stderr
2024-04-25T16:20:56.815+0000 7faa8fe00700 1 --2- 172.21.15.33:0/4158345178 >> [v2:172.21.15.33:6800/2558240783,v1:172.21.15.33:6801/2558240783] conn(0x7faa7c03d5c0 0x7faa7c03fad0 unknown :-1 s=BANNER_CONNECTING pgs=0 cs=0 l=1 rev1=0 crypto rx=0 tx=0 comp rx=0 tx=0)._handle_peer_banner_payload supported=3 required=0
2024-04-25T16:21:04.127 INFO:teuthology.orchestra.run.smithi033.stdout:/usr/bin/ceph: stderr
2024-04-25T16:20:56.816+0000 7faa8fe00700 1 --2- 172.21.15.33:0/4158345178 >> [v2:172.21.15.33:6800/2558240783,v1:172.21.15.33:6801/2558240783] conn(0x7faa7c03d5c0 0x7faa7c03fad0 secure :-1 s=READY pgs=11 cs=0 l=1 rev1=1 crypto rx=0x7faa80006fd0 tx=0x7faa80006e40 comp rx=0 tx=0).ready entity=mgr.14120 client_cookie=0 server_cookie=0 in_seq=0 out_seq=0
2024-04-25T16:21:04.129 INFO:teuthology.orchestra.run.smithi033.stdout:/usr/bin/ceph: stderr
2024-04-25T16:20:56.821+0000 7faa8f400700 1 -- 172.21.15.33:0/4158345178 <== mon.0 v2:172.21.15.33:3300/0 6 ==== mon_command_ack([{"prefix": "get_command_descriptions"}]=0 v0) ==== 72+0+188370 (secure 0 0 0) 0x7faa880172b0 con 0x7faa98108060
2024-04-25T16:21:04.129 INFO:teuthology.orchestra.run.smithi033.stdout:/usr/bin/ceph: stderr
2024-04-25T16:20:57.055+0000 7faa97e00700 1 -- 172.21.15.33:0/4158345178 --> [v2:172.21.15.33:6800/2558240783,v1:172.21.15.33:6801/2558240783] -- mgr_command(tid 0: {"prefix": "orch host add", "hostname": "smithi033", "addr": "172.21.15.33", "target": ["mon-mgr", ""]}) -- 0x7faa98063ad0 con 0x7faa7c03d5c0
2024-04-25T16:21:04.129 INFO:teuthology.orchestra.run.smithi033.stdout:/usr/bin/ceph: stderr
2024-04-25T16:21:03.420+0000 7faa8f400700 1 -- 172.21.15.33:0/4158345178 <== mgr.14120 v2:172.21.15.33:6800/2558240783 1 ==== mgr_command_reply(tid 0: 0 ) ==== 8+0+48 (secure 0 0 0) 0x7faa98063ad0 con 0x7faa7c03d5c0
2024-04-25T16:21:04.129 INFO:teuthology.orchestra.run.smithi033.stdout:/usr/bin/ceph: stderr
2024-04-25T16:21:03.425+0000 7faa97e00700 1 -- 172.21.15.33:0/4158345178 >> [v2:172.21.15.33:6800/2558240783,v1:172.21.15.33:6801/2558240783] conn(0x7faa7c03d5c0 msgr2=0x7faa7c03fad0 secure :-1 s=STATE_CONNECTION_ESTABLISHED l=1).mark_down
2024-04-25T16:21:04.129 INFO:teuthology.orchestra.run.smithi033.stdout:/usr/bin/ceph: stderr
2024-04-25T16:21:03.425+0000 7faa97e00700 1 --2- 172.21.15.33:0/4158345178 >> [v2:172.21.15.33:6800/2558240783,v1:172.21.15.33:6801/2558240783] conn(0x7faa7c03d5c0 0x7faa7c03fad0 secure :-1 s=READY pgs=11 cs=0 l=1 rev1=1 crypto rx=0x7faa80006fd0 tx=0x7faa80006e40 comp rx=0 tx=0).stop
2024-04-25T16:21:04.129 INFO:teuthology.orchestra.run.smithi033.stdout:/usr/bin/ceph: stderr
2024-04-25T16:21:03.425+0000 7faa97e00700 1 -- 172.21.15.33:0/4158345178 >> [v2:172.21.15.33:3300/0,v1:172.21.15.33:6789/0] conn(0x7faa98108060 msgr2=0x7faa9819fd10 secure :-1 s=STATE_CONNECTION_ESTABLISHED l=1).mark_down
2024-04-25T16:21:04.129 INFO:teuthology.orchestra.run.smithi033.stdout:/usr/bin/ceph: stderr
2024-04-25T16:21:03.425+0000 7faa97e00700 1 --2- 172.21.15.33:0/4158345178 >> [v2:172.21.15.33:3300/0,v1:172.21.15.33:6789/0] conn(0x7faa98108060 0x7faa9819fd10 secure :-1 s=READY pgs=46 cs=0 l=1 rev1=1 crypto rx=0x7faa880117b0 tx=0x7faa88011b70 comp rx=0 tx=0).stop
2024-04-25T16:21:04.129 INFO:teuthology.orchestra.run.smithi033.stdout:/usr/bin/ceph: stderr
2024-04-25T16:21:03.425+0000 7faa97e00700 1 -- 172.21.15.33:0/4158345178 shutdown_connections
2024-04-25T16:21:04.129 INFO:teuthology.orchestra.run.smithi033.stdout:/usr/bin/ceph: stderr
2024-04-25T16:21:03.425+0000 7faa97e00700 1 --2- 172.21.15.33:0/4158345178 >> [v2:172.21.15.33:6800/2558240783,v1:172.21.15.33:6801/2558240783] conn(0x7faa7c03d5c0 0x7faa7c03fad0 unknown :-1 s=CLOSED pgs=11 cs=0 l=1 rev1=1 crypto rx=0 tx=0 comp rx=0 tx=0).stop
2024-04-25T16:21:04.129 INFO:teuthology.orchestra.run.smithi033.stdout:/usr/bin/ceph: stderr
2024-04-25T16:21:03.425+0000 7faa97e00700 1 --2- 172.21.15.33:0/4158345178 >> [v2:172.21.15.33:3300/0,v1:172.21.15.33:6789/0] conn(0x7faa98108060 0x7faa9819fd10 unknown :-1 s=CLOSED pgs=46 cs=0 l=1 rev1=1 crypto rx=0 tx=0 comp rx=0 tx=0).stop
2024-04-25T16:21:04.129 INFO:teuthology.orchestra.run.smithi033.stdout:/usr/bin/ceph: stderr
2024-04-25T16:21:03.425+0000 7faa97e00700 1 -- 172.21.15.33:0/4158345178 >> 172.21.15.33:0/4158345178 conn(0x7faa98103c50 msgr2=0x7faa98193d50 unknown :-1 s=STATE_NONE l=0).mark_down
2024-04-25T16:21:04.129 INFO:teuthology.orchestra.run.smithi033.stdout:/usr/bin/ceph: stderr
2024-04-25T16:21:03.426+0000 7faa97e00700 1 -- 172.21.15.33:0/4158345178 shutdown_connections
2024-04-25T16:21:04.129 INFO:teuthology.orchestra.run.smithi033.stdout:/usr/bin/ceph: stderr
2024-04-25T16:21:03.426+0000 7faa97e00700 1 -- 172.21.15.33:0/4158345178 wait complete.
2024-04-25T16:21:04.129 INFO:teuthology.orchestra.run.smithi033.stdout:Deploying unmanaged mon service...
2024-04-25T16:21:04.756 INFO:journalctl@ceph.mon.a.smithi033.stdout:Apr 25 16:21:04 smithi033 ceph-mon[27865]: from='mgr.14120 172.21.15.33:0/4022896260' entity='mgr.x'
2024-04-25T16:21:04.756 INFO:journalctl@ceph.mon.a.smithi033.stdout:Apr 25 16:21:04 smithi033 ceph-mon[27865]: Added host smithi033
2024-04-25T16:21:04.756 INFO:journalctl@ceph.mon.a.smithi033.stdout:Apr 25 16:21:04 smithi033 ceph-mon[27865]: from='mgr.14120 172.21.15.33:0/4022896260' entity='mgr.x' cmd=[{"prefix": "config dump", "format": "json"}]: dispatch
2024-04-25T16:21:05.809 INFO:teuthology.orchestra.run.smithi033.stdout:/usr/bin/ceph: stdout Scheduled mon update...
2024-04-25T16:21:05.809 INFO:teuthology.orchestra.run.smithi033.stdout:/usr/bin/ceph: stderr
2024-04-25T16:21:04.858+0000 7f01bc800700 1 Processor -- start
2024-04-25T16:21:05.810 INFO:teuthology.orchestra.run.smithi033.stdout:/usr/bin/ceph: stderr
2024-04-25T16:21:04.858+0000 7f01bc800700 1 -- start start
2024-04-25T16:21:05.810 INFO:teuthology.orchestra.run.smithi033.stdout:/usr/bin/ceph: stderr
2024-04-25T16:21:04.858+0000 7f01bc800700 1 --2- >> [v2:172.21.15.33:3300/0,v1:172.21.15.33:6789/0] conn(0x7f01b407ee30 0x7f01b407d260 unknown :-1 s=NONE pgs=0 cs=0 l=0 rev1=0 crypto rx=0 tx=0 comp rx=0 tx=0).connect
2024-04-25T16:21:05.810 INFO:teuthology.orchestra.run.smithi033.stdout:/usr/bin/ceph: stderr
2024-04-25T16:21:04.858+0000 7f01bc800700 1 -- --> [v2:172.21.15.33:3300/0,v1:172.21.15.33:6789/0] -- mon_getmap magic: 0 -- 0x7f01b407d7a0 con 0x7f01b407ee30
2024-04-25T16:21:05.810 INFO:teuthology.orchestra.run.smithi033.stdout:/usr/bin/ceph: stderr
2024-04-25T16:21:04.859+0000 7f01b9e00700 1 --2- >> [v2:172.21.15.33:3300/0,v1:172.21.15.33:6789/0] conn(0x7f01b407ee30 0x7f01b407d260 unknown :-1 s=BANNER_CONNECTING pgs=0 cs=0 l=0 rev1=0 crypto rx=0 tx=0 comp rx=0 tx=0)._handle_peer_banner_payload supported=3 required=0
2024-04-25T16:21:05.810 INFO:teuthology.orchestra.run.smithi033.stdout:/usr/bin/ceph: stderr
2024-04-25T16:21:04.859+0000 7f01b9e00700 1 --2- >> [v2:172.21.15.33:3300/0,v1:172.21.15.33:6789/0] conn(0x7f01b407ee30 0x7f01b407d260 unknown :-1 s=HELLO_CONNECTING pgs=0 cs=0 l=0 rev1=1 crypto rx=0 tx=0 comp rx=0 tx=0).handle_hello peer v2:172.21.15.33:3300/0 says I am v2:172.21.15.33:52386/0 (socket says 172.21.15.33:52386)
2024-04-25T16:21:05.810 INFO:teuthology.orchestra.run.smithi033.stdout:/usr/bin/ceph: stderr
2024-04-25T16:21:04.859+0000 7f01b9e00700 1 -- 172.21.15.33:0/282775937 learned_addr learned my addr 172.21.15.33:0/282775937 (peer_addr_for_me v2:172.21.15.33:0/0)
2024-04-25T16:21:05.810 INFO:teuthology.orchestra.run.smithi033.stdout:/usr/bin/ceph: stderr
2024-04-25T16:21:04.860+0000 7f01b9e00700 1 -- 172.21.15.33:0/282775937 --> [v2:172.21.15.33:3300/0,v1:172.21.15.33:6789/0] -- mon_subscribe({config=0+,monmap=0+}) -- 0x7f01b407d920 con 0x7f01b407ee30
2024-04-25T16:21:05.810 INFO:teuthology.orchestra.run.smithi033.stdout:/usr/bin/ceph: stderr
2024-04-25T16:21:04.860+0000 7f01b9e00700 1 --2- 172.21.15.33:0/282775937 >> [v2:172.21.15.33:3300/0,v1:172.21.15.33:6789/0] conn(0x7f01b407ee30 0x7f01b407d260 secure :-1 s=READY pgs=47 cs=0 l=1 rev1=1 crypto rx=0x7f01a80098a0 tx=0x7f01a8009bb0 comp rx=0 tx=0).ready entity=mon.0 client_cookie=daec3b2faa961ced server_cookie=0 in_seq=0 out_seq=0
2024-04-25T16:21:05.810 INFO:teuthology.orchestra.run.smithi033.stdout:/usr/bin/ceph: stderr
2024-04-25T16:21:04.860+0000 7f01b8a00700 1 -- 172.21.15.33:0/282775937 <== mon.0 v2:172.21.15.33:3300/0 1 ==== mon_map magic: 0 ==== 205+0+0 (secure 0 0 0) 0x7f01a8004160 con 0x7f01b407ee30
2024-04-25T16:21:05.810 INFO:teuthology.orchestra.run.smithi033.stdout:/usr/bin/ceph: stderr
2024-04-25T16:21:04.860+0000 7f01b8a00700 1 -- 172.21.15.33:0/282775937 <== mon.0 v2:172.21.15.33:3300/0 2 ==== config(26 keys) ==== 1070+0+0 (secure 0 0 0) 0x7f01a8004300 con 0x7f01b407ee30
2024-04-25T16:21:05.810 INFO:teuthology.orchestra.run.smithi033.stdout:/usr/bin/ceph: stderr
2024-04-25T16:21:04.860+0000 7f01b8a00700 1 -- 172.21.15.33:0/282775937 <== mon.0 v2:172.21.15.33:3300/0 3 ==== mon_map magic: 0 ==== 205+0+0 (secure 0 0 0) 0x7f01a8011af0 con 0x7f01b407ee30
2024-04-25T16:21:05.811 INFO:teuthology.orchestra.run.smithi033.stdout:/usr/bin/ceph: stderr
2024-04-25T16:21:04.861+0000 7f01bc800700 1 -- 172.21.15.33:0/282775937 >> [v2:172.21.15.33:3300/0,v1:172.21.15.33:6789/0] conn(0x7f01b407ee30 msgr2=0x7f01b407d260 secure :-1 s=STATE_CONNECTION_ESTABLISHED l=1).mark_down
2024-04-25T16:21:05.811 INFO:teuthology.orchestra.run.smithi033.stdout:/usr/bin/ceph: stderr
2024-04-25T16:21:04.861+0000 7f01bc800700 1 --2- 172.21.15.33:0/282775937 >> [v2:172.21.15.33:3300/0,v1:172.21.15.33:6789/0] conn(0x7f01b407ee30 0x7f01b407d260 secure :-1 s=READY pgs=47 cs=0 l=1 rev1=1 crypto rx=0x7f01a80098a0 tx=0x7f01a8009bb0 comp rx=0 tx=0).stop
2024-04-25T16:21:05.811 INFO:teuthology.orchestra.run.smithi033.stdout:/usr/bin/ceph: stderr
2024-04-25T16:21:04.861+0000 7f01bc800700 1 -- 172.21.15.33:0/282775937 shutdown_connections
2024-04-25T16:21:05.811 INFO:teuthology.orchestra.run.smithi033.stdout:/usr/bin/ceph: stderr
2024-04-25T16:21:04.861+0000 7f01bc800700 1 --2- 172.21.15.33:0/282775937 >> [v2:172.21.15.33:3300/0,v1:172.21.15.33:6789/0] conn(0x7f01b407ee30 0x7f01b407d260 unknown :-1 s=CLOSED pgs=47 cs=0 l=1 rev1=1 crypto rx=0 tx=0 comp rx=0 tx=0).stop
2024-04-25T16:21:05.811 INFO:teuthology.orchestra.run.smithi033.stdout:/usr/bin/ceph: stderr
2024-04-25T16:21:04.861+0000 7f01bc800700 1 -- 172.21.15.33:0/282775937 >> 172.21.15.33:0/282775937 conn(0x7f01b4104f50 msgr2=0x7f01b41073e0 unknown :-1 s=STATE_NONE l=0).mark_down
2024-04-25T16:21:05.811 INFO:teuthology.orchestra.run.smithi033.stdout:/usr/bin/ceph: stderr
2024-04-25T16:21:04.862+0000 7f01bc800700 1 -- 172.21.15.33:0/282775937 shutdown_connections
2024-04-25T16:21:05.811 INFO:teuthology.orchestra.run.smithi033.stdout:/usr/bin/ceph: stderr
2024-04-25T16:21:04.862+0000 7f01bc800700 1 -- 172.21.15.33:0/282775937 wait complete.
2024-04-25T16:21:05.811 INFO:teuthology.orchestra.run.smithi033.stdout:/usr/bin/ceph: stderr
2024-04-25T16:21:04.863+0000 7f01bc800700 1 Processor -- start
2024-04-25T16:21:05.811 INFO:teuthology.orchestra.run.smithi033.stdout:/usr/bin/ceph: stderr
2024-04-25T16:21:04.863+0000 7f01bc800700 1 -- start start
2024-04-25T16:21:05.811 INFO:teuthology.orchestra.run.smithi033.stdout:/usr/bin/ceph: stderr
2024-04-25T16:21:04.863+0000 7f01bc800700 1 --2- >> [v2:172.21.15.33:3300/0,v1:172.21.15.33:6789/0] conn(0x7f01b407ee30 0x7f01b419ff80 unknown :-1 s=NONE pgs=0 cs=0 l=1 rev1=0 crypto rx=0 tx=0 comp rx=0 tx=0).connect
2024-04-25T16:21:05.811 INFO:teuthology.orchestra.run.smithi033.stdout:/usr/bin/ceph: stderr
2024-04-25T16:21:04.863+0000 7f01bc800700 1 -- --> [v2:172.21.15.33:3300/0,v1:172.21.15.33:6789/0] -- mon_getmap magic: 0 -- 0x7f01b410fed0 con 0x7f01b407ee30
2024-04-25T16:21:05.811 INFO:teuthology.orchestra.run.smithi033.stdout:/usr/bin/ceph: stderr
2024-04-25T16:21:04.864+0000 7f01b9e00700 1 --2- >> [v2:172.21.15.33:3300/0,v1:172.21.15.33:6789/0] conn(0x7f01b407ee30 0x7f01b419ff80 unknown :-1 s=BANNER_CONNECTING pgs=0 cs=0 l=1 rev1=0 crypto rx=0 tx=0 comp rx=0 tx=0)._handle_peer_banner_payload supported=3 required=0
2024-04-25T16:21:05.811 INFO:teuthology.orchestra.run.smithi033.stdout:/usr/bin/ceph: stderr
2024-04-25T16:21:04.864+0000 7f01b9e00700 1 --2- >> [v2:172.21.15.33:3300/0,v1:172.21.15.33:6789/0] conn(0x7f01b407ee30 0x7f01b419ff80 unknown :-1 s=HELLO_CONNECTING pgs=0 cs=0 l=1 rev1=1 crypto rx=0 tx=0 comp rx=0 tx=0).handle_hello peer v2:172.21.15.33:3300/0 says I am v2:172.21.15.33:52394/0 (socket says 172.21.15.33:52394)
2024-04-25T16:21:05.812 INFO:teuthology.orchestra.run.smithi033.stdout:/usr/bin/ceph: stderr
2024-04-25T16:21:04.864+0000 7f01b9e00700 1 -- 172.21.15.33:0/350078994 learned_addr learned my addr 172.21.15.33:0/350078994 (peer_addr_for_me v2:172.21.15.33:0/0)
2024-04-25T16:21:05.812 INFO:teuthology.orchestra.run.smithi033.stdout:/usr/bin/ceph: stderr
2024-04-25T16:21:04.864+0000 7f01b9e00700 1 -- 172.21.15.33:0/350078994 --> [v2:172.21.15.33:3300/0,v1:172.21.15.33:6789/0] -- mon_subscribe({config=0+,monmap=0+}) -- 0x7f01b41a04c0 con 0x7f01b407ee30
2024-04-25T16:21:05.812 INFO:teuthology.orchestra.run.smithi033.stdout:/usr/bin/ceph: stderr
2024-04-25T16:21:04.865+0000 7f01b9e00700 1 --2- 172.21.15.33:0/350078994 >> [v2:172.21.15.33:3300/0,v1:172.21.15.33:6789/0] conn(0x7f01b407ee30 0x7f01b419ff80 secure :-1 s=READY pgs=48 cs=0 l=1 rev1=1 crypto rx=0x7f01a80117b0 tx=0x7f01a8011b70 comp rx=0 tx=0).ready entity=mon.0 client_cookie=0 server_cookie=0 in_seq=0 out_seq=0
2024-04-25T16:21:05.812 INFO:teuthology.orchestra.run.smithi033.stdout:/usr/bin/ceph: stderr
2024-04-25T16:21:04.865+0000 7f01aea00700 1 -- 172.21.15.33:0/350078994 <== mon.0 v2:172.21.15.33:3300/0 1 ==== mon_map magic: 0 ==== 205+0+0 (secure 0 0 0) 0x7f01a80039c0 con 0x7f01b407ee30
2024-04-25T16:21:05.812 INFO:teuthology.orchestra.run.smithi033.stdout:/usr/bin/ceph: stderr
2024-04-25T16:21:04.865+0000 7f01aea00700 1 -- 172.21.15.33:0/350078994 <== mon.0 v2:172.21.15.33:3300/0 2 ==== config(26 keys) ==== 1070+0+0 (secure 0 0 0) 0x7f01a8003b60 con 0x7f01b407ee30
2024-04-25T16:21:05.812 INFO:teuthology.orchestra.run.smithi033.stdout:/usr/bin/ceph: stderr
2024-04-25T16:21:04.865+0000 7f01bc800700 1 -- 172.21.15.33:0/350078994 --> [v2:172.21.15.33:3300/0,v1:172.21.15.33:6789/0] -- mon_subscribe({mgrmap=0+}) -- 0x7f01b41a0750 con 0x7f01b407ee30
2024-04-25T16:21:05.812 INFO:teuthology.orchestra.run.smithi033.stdout:/usr/bin/ceph: stderr
2024-04-25T16:21:04.865+0000 7f01aea00700 1 -- 172.21.15.33:0/350078994 <== mon.0 v2:172.21.15.33:3300/0 3 ==== mon_map magic: 0 ==== 205+0+0 (secure 0 0 0) 0x7f01a80196a0 con 0x7f01b407ee30
2024-04-25T16:21:05.812 INFO:teuthology.orchestra.run.smithi033.stdout:/usr/bin/ceph: stderr
2024-04-25T16:21:04.865+0000 7f01bc800700 1 -- 172.21.15.33:0/350078994 --> [v2:172.21.15.33:3300/0,v1:172.21.15.33:6789/0] -- mon_subscribe({osdmap=0}) -- 0x7f01b41a3360 con 0x7f01b407ee30
2024-04-25T16:21:05.812 INFO:teuthology.orchestra.run.smithi033.stdout:/usr/bin/ceph: stderr
2024-04-25T16:21:04.867+0000 7f01bc800700 1 -- 172.21.15.33:0/350078994 --> [v2:172.21.15.33:3300/0,v1:172.21.15.33:6789/0] -- mon_command({"prefix": "get_command_descriptions"} v 0) -- 0x7f01b4064cf0 con 0x7f01b407ee30
2024-04-25T16:21:05.812 INFO:teuthology.orchestra.run.smithi033.stdout:/usr/bin/ceph: stderr
2024-04-25T16:21:04.867+0000 7f01aea00700 1 -- 172.21.15.33:0/350078994 <== mon.0 v2:172.21.15.33:3300/0 4 ==== mgrmap(e 8) ==== 49516+0+0 (secure 0 0 0) 0x7f01a801ab00 con 0x7f01b407ee30
2024-04-25T16:21:05.812 INFO:teuthology.orchestra.run.smithi033.stdout:/usr/bin/ceph: stderr
2024-04-25T16:21:04.867+0000 7f01aea00700 1 --2- 172.21.15.33:0/350078994 >> [v2:172.21.15.33:6800/2558240783,v1:172.21.15.33:6801/2558240783] conn(0x7f019c03d5c0 0x7f019c03fad0 unknown :-1 s=NONE pgs=0 cs=0 l=1 rev1=0 crypto rx=0 tx=0 comp rx=0 tx=0).connect
2024-04-25T16:21:05.812 INFO:teuthology.orchestra.run.smithi033.stdout:/usr/bin/ceph: stderr
2024-04-25T16:21:04.867+0000 7f01aea00700 1 -- 172.21.15.33:0/350078994 <== mon.0 v2:172.21.15.33:3300/0 5 ==== osd_map(2..2 src has 1..2) ==== 940+0+0 (secure 0 0 0) 0x7f01a80529d0 con 0x7f01b407ee30
2024-04-25T16:21:05.812 INFO:teuthology.orchestra.run.smithi033.stdout:/usr/bin/ceph: stderr
2024-04-25T16:21:04.868+0000 7f01b9400700 1 --2- 172.21.15.33:0/350078994 >> [v2:172.21.15.33:6800/2558240783,v1:172.21.15.33:6801/2558240783] conn(0x7f019c03d5c0 0x7f019c03fad0 unknown :-1 s=BANNER_CONNECTING pgs=0 cs=0 l=1 rev1=0 crypto rx=0 tx=0 comp rx=0 tx=0)._handle_peer_banner_payload supported=3 required=0
2024-04-25T16:21:05.813 INFO:teuthology.orchestra.run.smithi033.stdout:/usr/bin/ceph: stderr
2024-04-25T16:21:04.869+0000 7f01b9400700 1 --2- 172.21.15.33:0/350078994 >> [v2:172.21.15.33:6800/2558240783,v1:172.21.15.33:6801/2558240783] conn(0x7f019c03d5c0 0x7f019c03fad0 secure :-1 s=READY pgs=12 cs=0 l=1 rev1=1 crypto rx=0x7f01a4006fd0 tx=0x7f01a4006e40 comp rx=0 tx=0).ready entity=mgr.14120 client_cookie=0 server_cookie=0 in_seq=0 out_seq=0
2024-04-25T16:21:05.813 INFO:teuthology.orchestra.run.smithi033.stdout:/usr/bin/ceph: stderr
2024-04-25T16:21:04.874+0000 7f01aea00700 1 -- 172.21.15.33:0/350078994 <== mon.0 v2:172.21.15.33:3300/0 6 ==== mon_command_ack([{"prefix": "get_command_descriptions"}]=0 v0) ==== 72+0+188370 (secure 0 0 0) 0x7f01a8052320 con 0x7f01b407ee30
2024-04-25T16:21:05.813 INFO:teuthology.orchestra.run.smithi033.stdout:/usr/bin/ceph: stderr
2024-04-25T16:21:05.126+0000 7f01bc800700 1 -- 172.21.15.33:0/350078994 --> [v2:172.21.15.33:6800/2558240783,v1:172.21.15.33:6801/2558240783] -- mgr_command(tid 0: {"prefix": "orch apply", "service_type": "mon", "unmanaged": true, "target": ["mon-mgr", ""]}) -- 0x7f01b41060d0 con 0x7f019c03d5c0
2024-04-25T16:21:05.813 INFO:teuthology.orchestra.run.smithi033.stdout:/usr/bin/ceph: stderr
2024-04-25T16:21:05.139+0000 7f01aea00700 1 -- 172.21.15.33:0/350078994 <== mgr.14120 v2:172.21.15.33:6800/2558240783 1 ==== mgr_command_reply(tid 0: 0 ) ==== 8+0+24 (secure 0 0 0) 0x7f01b41060d0 con 0x7f019c03d5c0
2024-04-25T16:21:05.813 INFO:teuthology.orchestra.run.smithi033.stdout:/usr/bin/ceph: stderr
2024-04-25T16:21:05.142+0000 7f01bc800700 1 -- 172.21.15.33:0/350078994 >> [v2:172.21.15.33:6800/2558240783,v1:172.21.15.33:6801/2558240783] conn(0x7f019c03d5c0 msgr2=0x7f019c03fad0 secure :-1 s=STATE_CONNECTION_ESTABLISHED l=1).mark_down
2024-04-25T16:21:05.813 INFO:teuthology.orchestra.run.smithi033.stdout:/usr/bin/ceph: stderr
2024-04-25T16:21:05.142+0000 7f01bc800700 1 --2- 172.21.15.33:0/350078994 >> [v2:172.21.15.33:6800/2558240783,v1:172.21.15.33:6801/2558240783] conn(0x7f019c03d5c0 0x7f019c03fad0 secure :-1 s=READY pgs=12 cs=0 l=1 rev1=1 crypto rx=0x7f01a4006fd0 tx=0x7f01a4006e40 comp rx=0 tx=0).stop
2024-04-25T16:21:05.813 INFO:teuthology.orchestra.run.smithi033.stdout:/usr/bin/ceph: stderr
2024-04-25T16:21:05.142+0000 7f01bc800700 1 -- 172.21.15.33:0/350078994 >> [v2:172.21.15.33:3300/0,v1:172.21.15.33:6789/0] conn(0x7f01b407ee30 msgr2=0x7f01b419ff80 secure :-1 s=STATE_CONNECTION_ESTABLISHED l=1).mark_down
2024-04-25T16:21:05.814 INFO:teuthology.orchestra.run.smithi033.stdout:/usr/bin/ceph: stderr
2024-04-25T16:21:05.142+0000 7f01bc800700 1 --2- 172.21.15.33:0/350078994 >> [v2:172.21.15.33:3300/0,v1:172.21.15.33:6789/0] conn(0x7f01b407ee30 0x7f01b419ff80 secure :-1 s=READY pgs=48 cs=0 l=1 rev1=1 crypto rx=0x7f01a80117b0 tx=0x7f01a8011b70 comp rx=0 tx=0).stop
2024-04-25T16:21:05.815 INFO:teuthology.orchestra.run.smithi033.stdout:/usr/bin/ceph: stderr
2024-04-25T16:21:05.142+0000 7f01bc800700 1 -- 172.21.15.33:0/350078994 shutdown_connections
2024-04-25T16:21:05.815 INFO:teuthology.orchestra.run.smithi033.stdout:/usr/bin/ceph: stderr
2024-04-25T16:21:05.142+0000 7f01bc800700 1 --2- 172.21.15.33:0/350078994 >> [v2:172.21.15.33:6800/2558240783,v1:172.21.15.33:6801/2558240783] conn(0x7f019c03d5c0 0x7f019c03fad0 unknown :-1 s=CLOSED pgs=12 cs=0 l=1 rev1=1 crypto rx=0 tx=0 comp rx=0 tx=0).stop
2024-04-25T16:21:05.815 INFO:teuthology.orchestra.run.smithi033.stdout:/usr/bin/ceph: stderr
2024-04-25T16:21:05.142+0000 7f01bc800700 1 --2- 172.21.15.33:0/350078994 >> [v2:172.21.15.33:3300/0,v1:172.21.15.33:6789/0] conn(0x7f01b407ee30 0x7f01b419ff80 unknown :-1 s=CLOSED pgs=48 cs=0 l=1 rev1=1 crypto rx=0 tx=0 comp rx=0 tx=0).stop
2024-04-25T16:21:05.815 INFO:teuthology.orchestra.run.smithi033.stdout:/usr/bin/ceph: stderr
2024-04-25T16:21:05.142+0000 7f01bc800700 1 -- 172.21.15.33:0/350078994 >> 172.21.15.33:0/350078994 conn(0x7f01b4104f50 msgr2=0x7f01b41059c0 unknown :-1 s=STATE_NONE l=0).mark_down
2024-04-25T16:21:05.815 INFO:teuthology.orchestra.run.smithi033.stdout:/usr/bin/ceph: stderr
2024-04-25T16:21:05.142+0000 7f01bc800700 1 -- 172.21.15.33:0/350078994 shutdown_connections
2024-04-25T16:21:05.815 INFO:teuthology.orchestra.run.smithi033.stdout:/usr/bin/ceph: stderr
2024-04-25T16:21:05.142+0000 7f01bc800700 1 -- 172.21.15.33:0/350078994 wait complete.
2024-04-25T16:21:05.815 INFO:teuthology.orchestra.run.smithi033.stdout:Deploying unmanaged mgr service...
2024-04-25T16:21:06.554 INFO:journalctl@ceph.mon.a.smithi033.stdout:Apr 25 16:21:06 smithi033 ceph-mon[27865]: from='client.14142 -' entity='client.admin' cmd=[{"prefix": "orch apply", "service_type": "mon", "unmanaged": true, "target": ["mon-mgr", ""]}]: dispatch
2024-04-25T16:21:06.554 INFO:journalctl@ceph.mon.a.smithi033.stdout:Apr 25 16:21:06 smithi033 ceph-mon[27865]: Saving service mon spec with placement count:5
2024-04-25T16:21:06.554 INFO:journalctl@ceph.mon.a.smithi033.stdout:Apr 25 16:21:06 smithi033 ceph-mon[27865]: from='mgr.14120 172.21.15.33:0/4022896260' entity='mgr.x'
2024-04-25T16:21:07.886 INFO:teuthology.orchestra.run.smithi033.stdout:/usr/bin/ceph: stdout Scheduled mgr update...
2024-04-25T16:21:07.887 INFO:teuthology.orchestra.run.smithi033.stdout:/usr/bin/ceph: stderr
2024-04-25T16:21:06.800+0000 7f21af800700 1 Processor -- start
2024-04-25T16:21:07.888 INFO:teuthology.orchestra.run.smithi033.stdout:/usr/bin/ceph: stderr
2024-04-25T16:21:06.800+0000 7f21af800700 1 -- start start
2024-04-25T16:21:07.888 INFO:teuthology.orchestra.run.smithi033.stdout:/usr/bin/ceph: stderr
2024-04-25T16:21:06.801+0000 7f21af800700 1 --2- >> [v2:172.21.15.33:3300/0,v1:172.21.15.33:6789/0] conn(0x7f21a81098e0 0x7f21a8109cf0 unknown :-1 s=NONE pgs=0 cs=0 l=0 rev1=0 crypto rx=0 tx=0 comp rx=0 tx=0).connect
2024-04-25T16:21:07.888 INFO:teuthology.orchestra.run.smithi033.stdout:/usr/bin/ceph: stderr
2024-04-25T16:21:06.801+0000 7f21af800700 1 -- --> [v2:172.21.15.33:3300/0,v1:172.21.15.33:6789/0] -- mon_getmap magic: 0 -- 0x7f21a810a2e0 con 0x7f21a81098e0
2024-04-25T16:21:07.888 INFO:teuthology.orchestra.run.smithi033.stdout:/usr/bin/ceph: stderr
2024-04-25T16:21:06.801+0000 7f21ace00700 1 --2- >> [v2:172.21.15.33:3300/0,v1:172.21.15.33:6789/0] conn(0x7f21a81098e0 0x7f21a8109cf0 unknown :-1 s=BANNER_CONNECTING pgs=0 cs=0 l=0 rev1=0 crypto rx=0 tx=0 comp rx=0 tx=0)._handle_peer_banner_payload supported=3 required=0
2024-04-25T16:21:07.888 INFO:teuthology.orchestra.run.smithi033.stdout:/usr/bin/ceph: stderr
2024-04-25T16:21:06.801+0000 7f21ace00700 1 --2- >> [v2:172.21.15.33:3300/0,v1:172.21.15.33:6789/0] conn(0x7f21a81098e0 0x7f21a8109cf0 unknown :-1 s=HELLO_CONNECTING pgs=0 cs=0 l=0 rev1=1 crypto rx=0 tx=0 comp rx=0 tx=0).handle_hello peer v2:172.21.15.33:3300/0 says I am v2:172.21.15.33:52408/0 (socket says 172.21.15.33:52408)
2024-04-25T16:21:07.888 INFO:teuthology.orchestra.run.smithi033.stdout:/usr/bin/ceph: stderr
2024-04-25T16:21:06.801+0000 7f21ace00700 1 -- 172.21.15.33:0/4055308101 learned_addr learned my addr 172.21.15.33:0/4055308101 (peer_addr_for_me v2:172.21.15.33:0/0)
2024-04-25T16:21:07.888 INFO:teuthology.orchestra.run.smithi033.stdout:/usr/bin/ceph: stderr
2024-04-25T16:21:06.801+0000 7f21ace00700 1 -- 172.21.15.33:0/4055308101 --> [v2:172.21.15.33:3300/0,v1:172.21.15.33:6789/0] -- mon_subscribe({config=0+,monmap=0+}) -- 0x7f21a810aab0 con 0x7f21a81098e0
2024-04-25T16:21:07.888 INFO:teuthology.orchestra.run.smithi033.stdout:/usr/bin/ceph: stderr
2024-04-25T16:21:06.802+0000 7f21ace00700 1 --2- 172.21.15.33:0/4055308101 >> [v2:172.21.15.33:3300/0,v1:172.21.15.33:6789/0] conn(0x7f21a81098e0 0x7f21a8109cf0 secure :-1 s=READY pgs=49 cs=0 l=1 rev1=1 crypto rx=0x7f219c0098a0 tx=0x7f219c009bb0 comp rx=0 tx=0).ready entity=mon.0 client_cookie=ace8295f484a5102 server_cookie=0 in_seq=0 out_seq=0
2024-04-25T16:21:07.889 INFO:teuthology.orchestra.run.smithi033.stdout:/usr/bin/ceph: stderr
2024-04-25T16:21:06.802+0000 7f21a7400700 1 -- 172.21.15.33:0/4055308101 <== mon.0 v2:172.21.15.33:3300/0 1 ==== mon_map magic: 0 ==== 205+0+0 (secure 0 0 0) 0x7f219c004160 con 0x7f21a81098e0
2024-04-25T16:21:07.890 INFO:teuthology.orchestra.run.smithi033.stdout:/usr/bin/ceph: stderr
2024-04-25T16:21:06.802+0000 7f21a7400700 1 -- 172.21.15.33:0/4055308101 <== mon.0 v2:172.21.15.33:3300/0 2 ==== config(26 keys) ==== 1070+0+0 (secure 0 0 0) 0x7f219c004300 con 0x7f21a81098e0
2024-04-25T16:21:07.890 INFO:teuthology.orchestra.run.smithi033.stdout:/usr/bin/ceph: stderr
2024-04-25T16:21:06.802+0000 7f21a7400700 1 -- 172.21.15.33:0/4055308101 <== mon.0 v2:172.21.15.33:3300/0 3 ==== mon_map magic: 0 ==== 205+0+0 (secure 0 0 0) 0x7f219c011af0 con 0x7f21a81098e0
2024-04-25T16:21:07.890 INFO:teuthology.orchestra.run.smithi033.stdout:/usr/bin/ceph: stderr
2024-04-25T16:21:06.803+0000 7f21af800700 1 -- 172.21.15.33:0/4055308101 >> [v2:172.21.15.33:3300/0,v1:172.21.15.33:6789/0] conn(0x7f21a81098e0 msgr2=0x7f21a8109cf0 secure :-1 s=STATE_CONNECTION_ESTABLISHED l=1).mark_down
2024-04-25T16:21:07.890 INFO:teuthology.orchestra.run.smithi033.stdout:/usr/bin/ceph: stderr
2024-04-25T16:21:06.803+0000 7f21af800700 1 --2- 172.21.15.33:0/4055308101 >> [v2:172.21.15.33:3300/0,v1:172.21.15.33:6789/0] conn(0x7f21a81098e0 0x7f21a8109cf0 secure :-1 s=READY pgs=49 cs=0 l=1 rev1=1 crypto rx=0x7f219c0098a0 tx=0x7f219c009bb0 comp rx=0 tx=0).stop
2024-04-25T16:21:07.890 INFO:teuthology.orchestra.run.smithi033.stdout:/usr/bin/ceph: stderr
2024-04-25T16:21:06.803+0000 7f21af800700 1 -- 172.21.15.33:0/4055308101 shutdown_connections
2024-04-25T16:21:07.890 INFO:teuthology.orchestra.run.smithi033.stdout:/usr/bin/ceph: stderr
