2024-04-25T16:20:50.001+0000 7fbeb6800700 1 -- 172.21.15.33:0/251032009 >> 172.21.15.33:0/251032009 conn(0x7fbeb007f040 msgr2=0x7fbeb007f450 unknown :-1 s=STATE_NONE l=0).mark_down
2024-04-25T16:20:50.980 INFO:teuthology.orchestra.run.smithi033.stdout:/usr/bin/ceph: stderr
2024-04-25T16:20:50.002+0000 7fbeb6800700 1 -- 172.21.15.33:0/251032009 shutdown_connections
2024-04-25T16:20:50.980 INFO:teuthology.orchestra.run.smithi033.stdout:/usr/bin/ceph: stderr
2024-04-25T16:20:50.002+0000 7fbeb6800700 1 -- 172.21.15.33:0/251032009 wait complete.
2024-04-25T16:20:50.980 INFO:teuthology.orchestra.run.smithi033.stdout:/usr/bin/ceph: stderr
2024-04-25T16:20:50.003+0000 7fbeb6800700 1 Processor -- start
2024-04-25T16:20:50.981 INFO:teuthology.orchestra.run.smithi033.stdout:/usr/bin/ceph: stderr
2024-04-25T16:20:50.003+0000 7fbeb6800700 1 -- start start
2024-04-25T16:20:50.981 INFO:teuthology.orchestra.run.smithi033.stdout:/usr/bin/ceph: stderr
2024-04-25T16:20:50.003+0000 7fbeb6800700 1 --2- >> [v2:172.21.15.33:3300/0,v1:172.21.15.33:6789/0] conn(0x7fbeb010bab0 0x7fbeb019ff10 unknown :-1 s=NONE pgs=0 cs=0 l=1 rev1=0 crypto rx=0 tx=0 comp rx=0 tx=0).connect
2024-04-25T16:20:50.981 INFO:teuthology.orchestra.run.smithi033.stdout:/usr/bin/ceph: stderr
2024-04-25T16:20:50.003+0000 7fbeb6800700 1 -- --> [v2:172.21.15.33:3300/0,v1:172.21.15.33:6789/0] -- mon_getmap magic: 0 -- 0x7fbeb0110030 con 0x7fbeb010bab0
2024-04-25T16:20:50.981 INFO:teuthology.orchestra.run.smithi033.stdout:/usr/bin/ceph: stderr
2024-04-25T16:20:50.004+0000 7fbeaf400700 1 --2- >> [v2:172.21.15.33:3300/0,v1:172.21.15.33:6789/0] conn(0x7fbeb010bab0 0x7fbeb019ff10 unknown :-1 s=BANNER_CONNECTING pgs=0 cs=0 l=1 rev1=0 crypto rx=0 tx=0 comp rx=0 tx=0)._handle_peer_banner_payload supported=3 required=0
2024-04-25T16:20:50.981 INFO:teuthology.orchestra.run.smithi033.stdout:/usr/bin/ceph: stderr
2024-04-25T16:20:50.004+0000 7fbeaf400700 1 --2- >> [v2:172.21.15.33:3300/0,v1:172.21.15.33:6789/0] conn(0x7fbeb010bab0 0x7fbeb019ff10 unknown :-1 s=HELLO_CONNECTING pgs=0 cs=0 l=1 rev1=1 crypto rx=0 tx=0 comp rx=0 tx=0).handle_hello peer v2:172.21.15.33:3300/0 says I am v2:172.21.15.33:32912/0 (socket says 172.21.15.33:32912)
2024-04-25T16:20:50.981 INFO:teuthology.orchestra.run.smithi033.stdout:/usr/bin/ceph: stderr
2024-04-25T16:20:50.004+0000 7fbeaf400700 1 -- 172.21.15.33:0/1871365208 learned_addr learned my addr 172.21.15.33:0/1871365208 (peer_addr_for_me v2:172.21.15.33:0/0)
2024-04-25T16:20:50.981 INFO:teuthology.orchestra.run.smithi033.stdout:/usr/bin/ceph: stderr
2024-04-25T16:20:50.004+0000 7fbeaf400700 1 -- 172.21.15.33:0/1871365208 --> [v2:172.21.15.33:3300/0,v1:172.21.15.33:6789/0] -- mon_subscribe({config=0+,monmap=0+}) -- 0x7fbeb01a0450 con 0x7fbeb010bab0
2024-04-25T16:20:50.981 INFO:teuthology.orchestra.run.smithi033.stdout:/usr/bin/ceph: stderr
2024-04-25T16:20:50.004+0000 7fbeaf400700 1 --2- 172.21.15.33:0/1871365208 >> [v2:172.21.15.33:3300/0,v1:172.21.15.33:6789/0] conn(0x7fbeb010bab0 0x7fbeb019ff10 secure :-1 s=READY pgs=38 cs=0 l=1 rev1=1 crypto rx=0x7fbea0011890 tx=0x7fbea0011970 comp rx=0 tx=0).ready entity=mon.0 client_cookie=0 server_cookie=0 in_seq=0 out_seq=0
2024-04-25T16:20:50.981 INFO:teuthology.orchestra.run.smithi033.stdout:/usr/bin/ceph: stderr
2024-04-25T16:20:50.005+0000 7fbea7e00700 1 -- 172.21.15.33:0/1871365208 <== mon.0 v2:172.21.15.33:3300/0 1 ==== mon_map magic: 0 ==== 205+0+0 (secure 0 0 0) 0x7fbea00039e0 con 0x7fbeb010bab0
2024-04-25T16:20:50.981 INFO:teuthology.orchestra.run.smithi033.stdout:/usr/bin/ceph: stderr
2024-04-25T16:20:50.005+0000 7fbea7e00700 1 -- 172.21.15.33:0/1871365208 <== mon.0 v2:172.21.15.33:3300/0 2 ==== config(26 keys) ==== 1070+0+0 (secure 0 0 0) 0x7fbea0003b80 con 0x7fbeb010bab0
2024-04-25T16:20:50.981 INFO:teuthology.orchestra.run.smithi033.stdout:/usr/bin/ceph: stderr
2024-04-25T16:20:50.005+0000 7fbeb6800700 1 -- 172.21.15.33:0/1871365208 --> [v2:172.21.15.33:3300/0,v1:172.21.15.33:6789/0] -- mon_subscribe({mgrmap=0+}) -- 0x7fbeb01a06e0 con 0x7fbeb010bab0
2024-04-25T16:20:50.981 INFO:teuthology.orchestra.run.smithi033.stdout:/usr/bin/ceph: stderr
2024-04-25T16:20:50.005+0000 7fbea7e00700 1 -- 172.21.15.33:0/1871365208 <== mon.0 v2:172.21.15.33:3300/0 3 ==== mon_map magic: 0 ==== 205+0+0 (secure 0 0 0) 0x7fbea00246e0 con 0x7fbeb010bab0
2024-04-25T16:20:50.981 INFO:teuthology.orchestra.run.smithi033.stdout:/usr/bin/ceph: stderr
2024-04-25T16:20:50.005+0000 7fbeb6800700 1 -- 172.21.15.33:0/1871365208 --> [v2:172.21.15.33:3300/0,v1:172.21.15.33:6789/0] -- mon_subscribe({osdmap=0}) -- 0x7fbeb01a32f0 con 0x7fbeb010bab0
2024-04-25T16:20:50.982 INFO:teuthology.orchestra.run.smithi033.stdout:/usr/bin/ceph: stderr
2024-04-25T16:20:50.006+0000 7fbeb6800700 1 -- 172.21.15.33:0/1871365208 --> [v2:172.21.15.33:3300/0,v1:172.21.15.33:6789/0] -- mon_command({"prefix": "get_command_descriptions"} v 0) -- 0x7fbeb0064cf0 con 0x7fbeb010bab0
2024-04-25T16:20:50.982 INFO:teuthology.orchestra.run.smithi033.stdout:/usr/bin/ceph: stderr
2024-04-25T16:20:50.006+0000 7fbea7e00700 1 -- 172.21.15.33:0/1871365208 <== mon.0 v2:172.21.15.33:3300/0 4 ==== mgrmap(e 8) ==== 49516+0+0 (secure 0 0 0) 0x7fbea0022020 con 0x7fbeb010bab0
2024-04-25T16:20:50.982 INFO:teuthology.orchestra.run.smithi033.stdout:/usr/bin/ceph: stderr
2024-04-25T16:20:50.006+0000 7fbea7e00700 1 --2- 172.21.15.33:0/1871365208 >> [v2:172.21.15.33:6800/2558240783,v1:172.21.15.33:6801/2558240783] conn(0x7fbe9403d570 0x7fbe9403fa80 unknown :-1 s=NONE pgs=0 cs=0 l=1 rev1=0 crypto rx=0 tx=0 comp rx=0 tx=0).connect
2024-04-25T16:20:50.982 INFO:teuthology.orchestra.run.smithi033.stdout:/usr/bin/ceph: stderr
2024-04-25T16:20:50.007+0000 7fbea7e00700 1 -- 172.21.15.33:0/1871365208 <== mon.0 v2:172.21.15.33:3300/0 5 ==== osd_map(2..2 src has 1..2) ==== 940+0+0 (secure 0 0 0) 0x7fbea0052610 con 0x7fbeb010bab0
2024-04-25T16:20:50.982 INFO:teuthology.orchestra.run.smithi033.stdout:/usr/bin/ceph: stderr
2024-04-25T16:20:50.007+0000 7fbeaea00700 1 --2- 172.21.15.33:0/1871365208 >> [v2:172.21.15.33:6800/2558240783,v1:172.21.15.33:6801/2558240783] conn(0x7fbe9403d570 0x7fbe9403fa80 unknown :-1 s=BANNER_CONNECTING pgs=0 cs=0 l=1 rev1=0 crypto rx=0 tx=0 comp rx=0 tx=0)._handle_peer_banner_payload supported=3 required=0
2024-04-25T16:20:50.982 INFO:teuthology.orchestra.run.smithi033.stdout:/usr/bin/ceph: stderr
2024-04-25T16:20:50.007+0000 7fbeaea00700 1 --2- 172.21.15.33:0/1871365208 >> [v2:172.21.15.33:6800/2558240783,v1:172.21.15.33:6801/2558240783] conn(0x7fbe9403d570 0x7fbe9403fa80 secure :-1 s=READY pgs=7 cs=0 l=1 rev1=1 crypto rx=0x7fbe9c006fd0 tx=0x7fbe9c006e40 comp rx=0 tx=0).ready entity=mgr.14120 client_cookie=0 server_cookie=0 in_seq=0 out_seq=0
2024-04-25T16:20:50.982 INFO:teuthology.orchestra.run.smithi033.stdout:/usr/bin/ceph: stderr
2024-04-25T16:20:50.014+0000 7fbea7e00700 1 -- 172.21.15.33:0/1871365208 <== mon.0 v2:172.21.15.33:3300/0 6 ==== mon_command_ack([{"prefix": "get_command_descriptions"}]=0 v0) ==== 72+0+188370 (secure 0 0 0) 0x7fbea00094f0 con 0x7fbeb010bab0
2024-04-25T16:20:50.982 INFO:teuthology.orchestra.run.smithi033.stdout:/usr/bin/ceph: stderr
2024-04-25T16:20:50.259+0000 7fbeb6800700 1 -- 172.21.15.33:0/1871365208 --> [v2:172.21.15.33:6800/2558240783,v1:172.21.15.33:6801/2558240783] -- mgr_command(tid 0: {"prefix": "orch set backend", "module_name": "cephadm", "target": ["mon-mgr", ""]}) -- 0x7fbeb01091d0 con 0x7fbe9403d570
2024-04-25T16:20:50.982 INFO:teuthology.orchestra.run.smithi033.stdout:/usr/bin/ceph: stderr
2024-04-25T16:20:50.274+0000 7fbea7e00700 1 -- 172.21.15.33:0/1871365208 <== mgr.14120 v2:172.21.15.33:6800/2558240783 1 ==== mgr_command_reply(tid 0: 0 ) ==== 8+0+0 (secure 0 0 0) 0x7fbeb01091d0 con 0x7fbe9403d570
2024-04-25T16:20:50.982 INFO:teuthology.orchestra.run.smithi033.stdout:/usr/bin/ceph: stderr
2024-04-25T16:20:50.277+0000 7fbeb6800700 1 -- 172.21.15.33:0/1871365208 >> [v2:172.21.15.33:6800/2558240783,v1:172.21.15.33:6801/2558240783] conn(0x7fbe9403d570 msgr2=0x7fbe9403fa80 secure :-1 s=STATE_CONNECTION_ESTABLISHED l=1).mark_down
2024-04-25T16:20:50.982 INFO:teuthology.orchestra.run.smithi033.stdout:/usr/bin/ceph: stderr
2024-04-25T16:20:50.277+0000 7fbeb6800700 1 --2- 172.21.15.33:0/1871365208 >> [v2:172.21.15.33:6800/2558240783,v1:172.21.15.33:6801/2558240783] conn(0x7fbe9403d570 0x7fbe9403fa80 secure :-1 s=READY pgs=7 cs=0 l=1 rev1=1 crypto rx=0x7fbe9c006fd0 tx=0x7fbe9c006e40 comp rx=0 tx=0).stop
2024-04-25T16:20:50.982 INFO:teuthology.orchestra.run.smithi033.stdout:/usr/bin/ceph: stderr
2024-04-25T16:20:50.277+0000 7fbeb6800700 1 -- 172.21.15.33:0/1871365208 >> [v2:172.21.15.33:3300/0,v1:172.21.15.33:6789/0] conn(0x7fbeb010bab0 msgr2=0x7fbeb019ff10 secure :-1 s=STATE_CONNECTION_ESTABLISHED l=1).mark_down
2024-04-25T16:20:50.982 INFO:teuthology.orchestra.run.smithi033.stdout:/usr/bin/ceph: stderr
2024-04-25T16:20:50.277+0000 7fbeb6800700 1 --2- 172.21.15.33:0/1871365208 >> [v2:172.21.15.33:3300/0,v1:172.21.15.33:6789/0] conn(0x7fbeb010bab0 0x7fbeb019ff10 secure :-1 s=READY pgs=38 cs=0 l=1 rev1=1 crypto rx=0x7fbea0011890 tx=0x7fbea0011970 comp rx=0 tx=0).stop
2024-04-25T16:20:50.983 INFO:teuthology.orchestra.run.smithi033.stdout:/usr/bin/ceph: stderr
2024-04-25T16:20:50.278+0000 7fbeb6800700 1 -- 172.21.15.33:0/1871365208 shutdown_connections
2024-04-25T16:20:50.983 INFO:teuthology.orchestra.run.smithi033.stdout:/usr/bin/ceph: stderr
2024-04-25T16:20:50.278+0000 7fbeb6800700 1 --2- 172.21.15.33:0/1871365208 >> [v2:172.21.15.33:6800/2558240783,v1:172.21.15.33:6801/2558240783] conn(0x7fbe9403d570 0x7fbe9403fa80 unknown :-1 s=CLOSED pgs=7 cs=0 l=1 rev1=1 crypto rx=0 tx=0 comp rx=0 tx=0).stop
2024-04-25T16:20:50.983 INFO:teuthology.orchestra.run.smithi033.stdout:/usr/bin/ceph: stderr
2024-04-25T16:20:50.278+0000 7fbeb6800700 1 --2- 172.21.15.33:0/1871365208 >> [v2:172.21.15.33:3300/0,v1:172.21.15.33:6789/0] conn(0x7fbeb010bab0 0x7fbeb019ff10 unknown :-1 s=CLOSED pgs=38 cs=0 l=1 rev1=1 crypto rx=0 tx=0 comp rx=0 tx=0).stop
2024-04-25T16:20:50.983 INFO:teuthology.orchestra.run.smithi033.stdout:/usr/bin/ceph: stderr
2024-04-25T16:20:50.278+0000 7fbeb6800700 1 -- 172.21.15.33:0/1871365208 >> 172.21.15.33:0/1871365208 conn(0x7fbeb007f040 msgr2=0x7fbeb0108ac0 unknown :-1 s=STATE_NONE l=0).mark_down
2024-04-25T16:20:50.983 INFO:teuthology.orchestra.run.smithi033.stdout:/usr/bin/ceph: stderr
2024-04-25T16:20:50.278+0000 7fbeb6800700 1 -- 172.21.15.33:0/1871365208 shutdown_connections
2024-04-25T16:20:50.983 INFO:teuthology.orchestra.run.smithi033.stdout:/usr/bin/ceph: stderr
2024-04-25T16:20:50.278+0000 7fbeb6800700 1 -- 172.21.15.33:0/1871365208 wait complete.
2024-04-25T16:20:52.560 INFO:journalctl@ceph.mon.a.smithi033.stdout:Apr 25 16:20:52 smithi033 ceph-mon[27865]: from='client.14134 -' entity='client.admin' cmd=[{"prefix": "cephadm set-user", "user": "root", "target": ["mon-mgr", ""]}]: dispatch
2024-04-25T16:20:52.567 INFO:teuthology.orchestra.run.smithi033.stdout:/usr/bin/ceph: stdout value unchanged
2024-04-25T16:20:52.568 INFO:teuthology.orchestra.run.smithi033.stdout:/usr/bin/ceph: stderr
2024-04-25T16:20:51.641+0000 7fe7ebe00700 1 Processor -- start
2024-04-25T16:20:52.568 INFO:teuthology.orchestra.run.smithi033.stdout:/usr/bin/ceph: stderr
2024-04-25T16:20:51.641+0000 7fe7ebe00700 1 -- start start
2024-04-25T16:20:52.568 INFO:teuthology.orchestra.run.smithi033.stdout:/usr/bin/ceph: stderr
2024-04-25T16:20:51.642+0000 7fe7ebe00700 1 --2- >> [v2:172.21.15.33:3300/0,v1:172.21.15.33:6789/0] conn(0x7fe7e410baf0 0x7fe7e410bf00 unknown :-1 s=NONE pgs=0 cs=0 l=0 rev1=0 crypto rx=0 tx=0 comp rx=0 tx=0).connect
2024-04-25T16:20:52.568 INFO:teuthology.orchestra.run.smithi033.stdout:/usr/bin/ceph: stderr
2024-04-25T16:20:51.642+0000 7fe7ebe00700 1 -- --> [v2:172.21.15.33:3300/0,v1:172.21.15.33:6789/0] -- mon_getmap magic: 0 -- 0x7fe7e410c4f0 con 0x7fe7e410baf0
2024-04-25T16:20:52.568 INFO:teuthology.orchestra.run.smithi033.stdout:/usr/bin/ceph: stderr
2024-04-25T16:20:51.642+0000 7fe7e9400700 1 --2- >> [v2:172.21.15.33:3300/0,v1:172.21.15.33:6789/0] conn(0x7fe7e410baf0 0x7fe7e410bf00 unknown :-1 s=BANNER_CONNECTING pgs=0 cs=0 l=0 rev1=0 crypto rx=0 tx=0 comp rx=0 tx=0)._handle_peer_banner_payload supported=3 required=0
2024-04-25T16:20:52.568 INFO:teuthology.orchestra.run.smithi033.stdout:/usr/bin/ceph: stderr
2024-04-25T16:20:51.642+0000 7fe7e9400700 1 --2- >> [v2:172.21.15.33:3300/0,v1:172.21.15.33:6789/0] conn(0x7fe7e410baf0 0x7fe7e410bf00 unknown :-1 s=HELLO_CONNECTING pgs=0 cs=0 l=0 rev1=1 crypto rx=0 tx=0 comp rx=0 tx=0).handle_hello peer v2:172.21.15.33:3300/0 says I am v2:172.21.15.33:32924/0 (socket says 172.21.15.33:32924)
2024-04-25T16:20:52.568 INFO:teuthology.orchestra.run.smithi033.stdout:/usr/bin/ceph: stderr
2024-04-25T16:20:51.642+0000 7fe7e9400700 1 -- 172.21.15.33:0/974238452 learned_addr learned my addr 172.21.15.33:0/974238452 (peer_addr_for_me v2:172.21.15.33:0/0)
2024-04-25T16:20:52.568 INFO:teuthology.orchestra.run.smithi033.stdout:/usr/bin/ceph: stderr
2024-04-25T16:20:51.643+0000 7fe7e9400700 1 -- 172.21.15.33:0/974238452 --> [v2:172.21.15.33:3300/0,v1:172.21.15.33:6789/0] -- mon_subscribe({config=0+,monmap=0+}) -- 0x7fe7e410ccc0 con 0x7fe7e410baf0
2024-04-25T16:20:52.568 INFO:teuthology.orchestra.run.smithi033.stdout:/usr/bin/ceph: stderr
2024-04-25T16:20:51.643+0000 7fe7e9400700 1 --2- 172.21.15.33:0/974238452 >> [v2:172.21.15.33:3300/0,v1:172.21.15.33:6789/0] conn(0x7fe7e410baf0 0x7fe7e410bf00 secure :-1 s=READY pgs=39 cs=0 l=1 rev1=1 crypto rx=0x7fe7d80098a0 tx=0x7fe7d8009bb0 comp rx=0 tx=0).ready entity=mon.0 client_cookie=f106dbbb2e6ffe6c server_cookie=0 in_seq=0 out_seq=0
2024-04-25T16:20:52.568 INFO:teuthology.orchestra.run.smithi033.stdout:/usr/bin/ceph: stderr
2024-04-25T16:20:51.643+0000 7fe7e3e00700 1 -- 172.21.15.33:0/974238452 <== mon.0 v2:172.21.15.33:3300/0 1 ==== mon_map magic: 0 ==== 205+0+0 (secure 0 0 0) 0x7fe7d8004160 con 0x7fe7e410baf0
2024-04-25T16:20:52.568 INFO:teuthology.orchestra.run.smithi033.stdout:/usr/bin/ceph: stderr
2024-04-25T16:20:51.643+0000 7fe7e3e00700 1 -- 172.21.15.33:0/974238452 <== mon.0 v2:172.21.15.33:3300/0 2 ==== config(26 keys) ==== 1070+0+0 (secure 0 0 0) 0x7fe7d8004300 con 0x7fe7e410baf0
2024-04-25T16:20:52.568 INFO:teuthology.orchestra.run.smithi033.stdout:/usr/bin/ceph: stderr
2024-04-25T16:20:51.643+0000 7fe7e3e00700 1 -- 172.21.15.33:0/974238452 <== mon.0 v2:172.21.15.33:3300/0 3 ==== mon_map magic: 0 ==== 205+0+0 (secure 0 0 0) 0x7fe7d8011af0 con 0x7fe7e410baf0
2024-04-25T16:20:52.568 INFO:teuthology.orchestra.run.smithi033.stdout:/usr/bin/ceph: stderr
2024-04-25T16:20:51.644+0000 7fe7ebe00700 1 -- 172.21.15.33:0/974238452 >> [v2:172.21.15.33:3300/0,v1:172.21.15.33:6789/0] conn(0x7fe7e410baf0 msgr2=0x7fe7e410bf00 secure :-1 s=STATE_CONNECTION_ESTABLISHED l=1).mark_down
2024-04-25T16:20:52.569 INFO:teuthology.orchestra.run.smithi033.stdout:/usr/bin/ceph: stderr
2024-04-25T16:20:51.644+0000 7fe7ebe00700 1 --2- 172.21.15.33:0/974238452 >> [v2:172.21.15.33:3300/0,v1:172.21.15.33:6789/0] conn(0x7fe7e410baf0 0x7fe7e410bf00 secure :-1 s=READY pgs=39 cs=0 l=1 rev1=1 crypto rx=0x7fe7d80098a0 tx=0x7fe7d8009bb0 comp rx=0 tx=0).stop
2024-04-25T16:20:52.569 INFO:teuthology.orchestra.run.smithi033.stdout:/usr/bin/ceph: stderr
2024-04-25T16:20:51.644+0000 7fe7ebe00700 1 -- 172.21.15.33:0/974238452 shutdown_connections
2024-04-25T16:20:52.569 INFO:teuthology.orchestra.run.smithi033.stdout:/usr/bin/ceph: stderr
2024-04-25T16:20:51.644+0000 7fe7ebe00700 1 --2- 172.21.15.33:0/974238452 >> [v2:172.21.15.33:3300/0,v1:172.21.15.33:6789/0] conn(0x7fe7e410baf0 0x7fe7e410bf00 unknown :-1 s=CLOSED pgs=39 cs=0 l=1 rev1=1 crypto rx=0 tx=0 comp rx=0 tx=0).stop
2024-04-25T16:20:52.569 INFO:teuthology.orchestra.run.smithi033.stdout:/usr/bin/ceph: stderr
2024-04-25T16:20:51.644+0000 7fe7ebe00700 1 -- 172.21.15.33:0/974238452 >> 172.21.15.33:0/974238452 conn(0x7fe7e41074e0 msgr2=0x7fe7e4109900 unknown :-1 s=STATE_NONE l=0).mark_down
2024-04-25T16:20:52.569 INFO:teuthology.orchestra.run.smithi033.stdout:/usr/bin/ceph: stderr
2024-04-25T16:20:51.644+0000 7fe7ebe00700 1 -- 172.21.15.33:0/974238452 shutdown_connections
2024-04-25T16:20:52.569 INFO:teuthology.orchestra.run.smithi033.stdout:/usr/bin/ceph: stderr
2024-04-25T16:20:51.645+0000 7fe7ebe00700 1 -- 172.21.15.33:0/974238452 wait complete.
2024-04-25T16:20:52.569 INFO:teuthology.orchestra.run.smithi033.stdout:/usr/bin/ceph: stderr
2024-04-25T16:20:51.646+0000 7fe7ebe00700 1 Processor -- start
2024-04-25T16:20:52.569 INFO:teuthology.orchestra.run.smithi033.stdout:/usr/bin/ceph: stderr
2024-04-25T16:20:51.646+0000 7fe7ebe00700 1 -- start start
2024-04-25T16:20:52.569 INFO:teuthology.orchestra.run.smithi033.stdout:/usr/bin/ceph: stderr
2024-04-25T16:20:51.646+0000 7fe7ebe00700 1 --2- >> [v2:172.21.15.33:3300/0,v1:172.21.15.33:6789/0] conn(0x7fe7e410baf0 0x7fe7e419ff70 unknown :-1 s=NONE pgs=0 cs=0 l=1 rev1=0 crypto rx=0 tx=0 comp rx=0 tx=0).connect
2024-04-25T16:20:52.569 INFO:teuthology.orchestra.run.smithi033.stdout:/usr/bin/ceph: stderr
2024-04-25T16:20:51.646+0000 7fe7ebe00700 1 -- --> [v2:172.21.15.33:3300/0,v1:172.21.15.33:6789/0] -- mon_getmap magic: 0 -- 0x7fe7e4110070 con 0x7fe7e410baf0
2024-04-25T16:20:52.569 INFO:teuthology.orchestra.run.smithi033.stdout:/usr/bin/ceph: stderr
2024-04-25T16:20:51.647+0000 7fe7e9400700 1 --2- >> [v2:172.21.15.33:3300/0,v1:172.21.15.33:6789/0] conn(0x7fe7e410baf0 0x7fe7e419ff70 unknown :-1 s=BANNER_CONNECTING pgs=0 cs=0 l=1 rev1=0 crypto rx=0 tx=0 comp rx=0 tx=0)._handle_peer_banner_payload supported=3 required=0
2024-04-25T16:20:52.569 INFO:teuthology.orchestra.run.smithi033.stdout:/usr/bin/ceph: stderr
2024-04-25T16:20:51.647+0000 7fe7e9400700 1 --2- >> [v2:172.21.15.33:3300/0,v1:172.21.15.33:6789/0] conn(0x7fe7e410baf0 0x7fe7e419ff70 unknown :-1 s=HELLO_CONNECTING pgs=0 cs=0 l=1 rev1=1 crypto rx=0 tx=0 comp rx=0 tx=0).handle_hello peer v2:172.21.15.33:3300/0 says I am v2:172.21.15.33:32936/0 (socket says 172.21.15.33:32936)
2024-04-25T16:20:52.569 INFO:teuthology.orchestra.run.smithi033.stdout:/usr/bin/ceph: stderr
2024-04-25T16:20:51.647+0000 7fe7e9400700 1 -- 172.21.15.33:0/4047187378 learned_addr learned my addr 172.21.15.33:0/4047187378 (peer_addr_for_me v2:172.21.15.33:0/0)
2024-04-25T16:20:52.570 INFO:teuthology.orchestra.run.smithi033.stdout:/usr/bin/ceph: stderr
2024-04-25T16:20:51.647+0000 7fe7e9400700 1 -- 172.21.15.33:0/4047187378 --> [v2:172.21.15.33:3300/0,v1:172.21.15.33:6789/0] -- mon_subscribe({config=0+,monmap=0+}) -- 0x7fe7e41a04b0 con 0x7fe7e410baf0
2024-04-25T16:20:52.570 INFO:teuthology.orchestra.run.smithi033.stdout:/usr/bin/ceph: stderr
2024-04-25T16:20:51.647+0000 7fe7e9400700 1 --2- 172.21.15.33:0/4047187378 >> [v2:172.21.15.33:3300/0,v1:172.21.15.33:6789/0] conn(0x7fe7e410baf0 0x7fe7e419ff70 secure :-1 s=READY pgs=40 cs=0 l=1 rev1=1 crypto rx=0x7fe7d8011890 tx=0x7fe7d8011970 comp rx=0 tx=0).ready entity=mon.0 client_cookie=0 server_cookie=0 in_seq=0 out_seq=0
2024-04-25T16:20:52.570 INFO:teuthology.orchestra.run.smithi033.stdout:/usr/bin/ceph: stderr
2024-04-25T16:20:51.648+0000 7fe7e2000700 1 -- 172.21.15.33:0/4047187378 <== mon.0 v2:172.21.15.33:3300/0 1 ==== mon_map magic: 0 ==== 205+0+0 (secure 0 0 0) 0x7fe7d80039e0 con 0x7fe7e410baf0
2024-04-25T16:20:52.570 INFO:teuthology.orchestra.run.smithi033.stdout:/usr/bin/ceph: stderr
2024-04-25T16:20:51.648+0000 7fe7e2000700 1 -- 172.21.15.33:0/4047187378 <== mon.0 v2:172.21.15.33:3300/0 2 ==== config(26 keys) ==== 1070+0+0 (secure 0 0 0) 0x7fe7d8003b80 con 0x7fe7e410baf0
2024-04-25T16:20:52.570 INFO:teuthology.orchestra.run.smithi033.stdout:/usr/bin/ceph: stderr
2024-04-25T16:20:51.648+0000 7fe7ebe00700 1 -- 172.21.15.33:0/4047187378 --> [v2:172.21.15.33:3300/0,v1:172.21.15.33:6789/0] -- mon_subscribe({mgrmap=0+}) -- 0x7fe7e41a0740 con 0x7fe7e410baf0
2024-04-25T16:20:52.570 INFO:teuthology.orchestra.run.smithi033.stdout:/usr/bin/ceph: stderr
2024-04-25T16:20:51.648+0000 7fe7e2000700 1 -- 172.21.15.33:0/4047187378 <== mon.0 v2:172.21.15.33:3300/0 3 ==== mon_map magic: 0 ==== 205+0+0 (secure 0 0 0) 0x7fe7d80246e0 con 0x7fe7e410baf0
2024-04-25T16:20:52.570 INFO:teuthology.orchestra.run.smithi033.stdout:/usr/bin/ceph: stderr
2024-04-25T16:20:51.648+0000 7fe7ebe00700 1 -- 172.21.15.33:0/4047187378 --> [v2:172.21.15.33:3300/0,v1:172.21.15.33:6789/0] -- mon_subscribe({osdmap=0}) -- 0x7fe7e41a3350 con 0x7fe7e410baf0
2024-04-25T16:20:52.570 INFO:teuthology.orchestra.run.smithi033.stdout:/usr/bin/ceph: stderr
2024-04-25T16:20:51.649+0000 7fe7ebe00700 1 -- 172.21.15.33:0/4047187378 --> [v2:172.21.15.33:3300/0,v1:172.21.15.33:6789/0] -- mon_command({"prefix": "get_command_descriptions"} v 0) -- 0x7fe7e4064cf0 con 0x7fe7e410baf0
2024-04-25T16:20:52.570 INFO:teuthology.orchestra.run.smithi033.stdout:/usr/bin/ceph: stderr
2024-04-25T16:20:51.649+0000 7fe7e2000700 1 -- 172.21.15.33:0/4047187378 <== mon.0 v2:172.21.15.33:3300/0 4 ==== mgrmap(e 8) ==== 49516+0+0 (secure 0 0 0) 0x7fe7d8022020 con 0x7fe7e410baf0
2024-04-25T16:20:52.570 INFO:teuthology.orchestra.run.smithi033.stdout:/usr/bin/ceph: stderr
2024-04-25T16:20:51.650+0000 7fe7e2000700 1 --2- 172.21.15.33:0/4047187378 >> [v2:172.21.15.33:6800/2558240783,v1:172.21.15.33:6801/2558240783] conn(0x7fe7cc03d5c0 0x7fe7cc03fad0 unknown :-1 s=NONE pgs=0 cs=0 l=1 rev1=0 crypto rx=0 tx=0 comp rx=0 tx=0).connect
2024-04-25T16:20:52.570 INFO:teuthology.orchestra.run.smithi033.stdout:/usr/bin/ceph: stderr
2024-04-25T16:20:51.650+0000 7fe7e2000700 1 -- 172.21.15.33:0/4047187378 <== mon.0 v2:172.21.15.33:3300/0 5 ==== osd_map(2..2 src has 1..2) ==== 940+0+0 (secure 0 0 0) 0x7fe7d80525b0 con 0x7fe7e410baf0
2024-04-25T16:20:52.570 INFO:teuthology.orchestra.run.smithi033.stdout:/usr/bin/ceph: stderr
2024-04-25T16:20:51.650+0000 7fe7e8a00700 1 --2- 172.21.15.33:0/4047187378 >> [v2:172.21.15.33:6800/2558240783,v1:172.21.15.33:6801/2558240783] conn(0x7fe7cc03d5c0 0x7fe7cc03fad0 unknown :-1 s=BANNER_CONNECTING pgs=0 cs=0 l=1 rev1=0 crypto rx=0 tx=0 comp rx=0 tx=0)._handle_peer_banner_payload supported=3 required=0
2024-04-25T16:20:52.571 INFO:teuthology.orchestra.run.smithi033.stdout:/usr/bin/ceph: stderr
2024-04-25T16:20:51.651+0000 7fe7e8a00700 1 --2- 172.21.15.33:0/4047187378 >> [v2:172.21.15.33:6800/2558240783,v1:172.21.15.33:6801/2558240783] conn(0x7fe7cc03d5c0 0x7fe7cc03fad0 secure :-1 s=READY pgs=8 cs=0 l=1 rev1=1 crypto rx=0x7fe7d4006fd0 tx=0x7fe7d4006e40 comp rx=0 tx=0).ready entity=mgr.14120 client_cookie=0 server_cookie=0 in_seq=0 out_seq=0
2024-04-25T16:20:52.571 INFO:teuthology.orchestra.run.smithi033.stdout:/usr/bin/ceph: stderr
2024-04-25T16:20:51.656+0000 7fe7e2000700 1 -- 172.21.15.33:0/4047187378 <== mon.0 v2:172.21.15.33:3300/0 6 ==== mon_command_ack([{"prefix": "get_command_descriptions"}]=0 v0) ==== 72+0+188370 (secure 0 0 0) 0x7fe7d80212c0 con 0x7fe7e410baf0
2024-04-25T16:20:52.571 INFO:teuthology.orchestra.run.smithi033.stdout:/usr/bin/ceph: stderr
2024-04-25T16:20:51.892+0000 7fe7ebe00700 1 -- 172.21.15.33:0/4047187378 --> [v2:172.21.15.33:6800/2558240783,v1:172.21.15.33:6801/2558240783] -- mgr_command(tid 0: {"prefix": "cephadm set-user", "user": "root", "target": ["mon-mgr", ""]}) -- 0x7fe7e4109490 con 0x7fe7cc03d5c0
2024-04-25T16:20:52.571 INFO:teuthology.orchestra.run.smithi033.stdout:/usr/bin/ceph: stderr
2024-04-25T16:20:51.894+0000 7fe7e2000700 1 -- 172.21.15.33:0/4047187378 <== mgr.14120 v2:172.21.15.33:6800/2558240783 1 ==== mgr_command_reply(tid 0: 0 ) ==== 8+0+16 (secure 0 0 0) 0x7fe7e4109490 con 0x7fe7cc03d5c0
2024-04-25T16:20:52.571 INFO:teuthology.orchestra.run.smithi033.stdout:/usr/bin/ceph: stderr
2024-04-25T16:20:51.897+0000 7fe7ebe00700 1 -- 172.21.15.33:0/4047187378 >> [v2:172.21.15.33:6800/2558240783,v1:172.21.15.33:6801/2558240783] conn(0x7fe7cc03d5c0 msgr2=0x7fe7cc03fad0 secure :-1 s=STATE_CONNECTION_ESTABLISHED l=1).mark_down
2024-04-25T16:20:52.571 INFO:teuthology.orchestra.run.smithi033.stdout:/usr/bin/ceph: stderr
2024-04-25T16:20:51.897+0000 7fe7ebe00700 1 --2- 172.21.15.33:0/4047187378 >> [v2:172.21.15.33:6800/2558240783,v1:172.21.15.33:6801/2558240783] conn(0x7fe7cc03d5c0 0x7fe7cc03fad0 secure :-1 s=READY pgs=8 cs=0 l=1 rev1=1 crypto rx=0x7fe7d4006fd0 tx=0x7fe7d4006e40 comp rx=0 tx=0).stop
2024-04-25T16:20:52.571 INFO:teuthology.orchestra.run.smithi033.stdout:/usr/bin/ceph: stderr
2024-04-25T16:20:51.897+0000 7fe7ebe00700 1 -- 172.21.15.33:0/4047187378 >> [v2:172.21.15.33:3300/0,v1:172.21.15.33:6789/0] conn(0x7fe7e410baf0 msgr2=0x7fe7e419ff70 secure :-1 s=STATE_CONNECTION_ESTABLISHED l=1).mark_down
2024-04-25T16:20:52.571 INFO:teuthology.orchestra.run.smithi033.stdout:/usr/bin/ceph: stderr
2024-04-25T16:20:51.897+0000 7fe7ebe00700 1 --2- 172.21.15.33:0/4047187378 >> [v2:172.21.15.33:3300/0,v1:172.21.15.33:6789/0] conn(0x7fe7e410baf0 0x7fe7e419ff70 secure :-1 s=READY pgs=40 cs=0 l=1 rev1=1 crypto rx=0x7fe7d8011890 tx=0x7fe7d8011970 comp rx=0 tx=0).stop
2024-04-25T16:20:52.571 INFO:teuthology.orchestra.run.smithi033.stdout:/usr/bin/ceph: stderr
2024-04-25T16:20:51.897+0000 7fe7ebe00700 1 -- 172.21.15.33:0/4047187378 shutdown_connections
2024-04-25T16:20:52.571 INFO:teuthology.orchestra.run.smithi033.stdout:/usr/bin/ceph: stderr
2024-04-25T16:20:51.897+0000 7fe7ebe00700 1 --2- 172.21.15.33:0/4047187378 >> [v2:172.21.15.33:6800/2558240783,v1:172.21.15.33:6801/2558240783] conn(0x7fe7cc03d5c0 0x7fe7cc03fad0 unknown :-1 s=CLOSED pgs=8 cs=0 l=1 rev1=1 crypto rx=0 tx=0 comp rx=0 tx=0).stop
2024-04-25T16:20:52.571 INFO:teuthology.orchestra.run.smithi033.stdout:/usr/bin/ceph: stderr
2024-04-25T16:20:51.897+0000 7fe7ebe00700 1 --2- 172.21.15.33:0/4047187378 >> [v2:172.21.15.33:3300/0,v1:172.21.15.33:6789/0] conn(0x7fe7e410baf0 0x7fe7e419ff70 unknown :-1 s=CLOSED pgs=40 cs=0 l=1 rev1=1 crypto rx=0 tx=0 comp rx=0 tx=0).stop
2024-04-25T16:20:52.571 INFO:teuthology.orchestra.run.smithi033.stdout:/usr/bin/ceph: stderr
2024-04-25T16:20:51.897+0000 7fe7ebe00700 1 -- 172.21.15.33:0/4047187378 >> 172.21.15.33:0/4047187378 conn(0x7fe7e41074e0 msgr2=0x7fe7e4108d80 unknown :-1 s=STATE_NONE l=0).mark_down
2024-04-25T16:20:52.571 INFO:teuthology.orchestra.run.smithi033.stdout:/usr/bin/ceph: stderr
2024-04-25T16:20:51.897+0000 7fe7ebe00700 1 -- 172.21.15.33:0/4047187378 shutdown_connections
2024-04-25T16:20:52.571 INFO:teuthology.orchestra.run.smithi033.stdout:/usr/bin/ceph: stderr
2024-04-25T16:20:51.897+0000 7fe7ebe00700 1 -- 172.21.15.33:0/4047187378 wait complete.
2024-04-25T16:20:52.572 INFO:teuthology.orchestra.run.smithi033.stdout:Generating ssh key...
2024-04-25T16:20:54.079 INFO:journalctl@ceph.mgr.x.smithi033.stdout:Apr 25 16:20:53 smithi033 ceph-7ee31106-031f-11ef-bc93-c7b262605968-mgr-x[28086]: Generating public/private rsa key pair.
2024-04-25T16:20:54.080 INFO:journalctl@ceph.mgr.x.smithi033.stdout:Apr 25 16:20:53 smithi033 ceph-7ee31106-031f-11ef-bc93-c7b262605968-mgr-x[28086]: Your identification has been saved in /tmp/tmpj5xushod/key.
2024-04-25T16:20:54.080 INFO:journalctl@ceph.mgr.x.smithi033.stdout:Apr 25 16:20:53 smithi033 ceph-7ee31106-031f-11ef-bc93-c7b262605968-mgr-x[28086]: Your public key has been saved in /tmp/tmpj5xushod/key.pub.
2024-04-25T16:20:54.080 INFO:journalctl@ceph.mgr.x.smithi033.stdout:Apr 25 16:20:53 smithi033 ceph-7ee31106-031f-11ef-bc93-c7b262605968-mgr-x[28086]: The key fingerprint is:
2024-04-25T16:20:54.080 INFO:journalctl@ceph.mgr.x.smithi033.stdout:Apr 25 16:20:53 smithi033 ceph-7ee31106-031f-11ef-bc93-c7b262605968-mgr-x[28086]: SHA256:ldF0519jQPJtmDp2wDnWCmqL0B7NMUQuz3vZdDWIXGo ceph-7ee31106-031f-11ef-bc93-c7b262605968
2024-04-25T16:20:54.080 INFO:journalctl@ceph.mgr.x.smithi033.stdout:Apr 25 16:20:53 smithi033 ceph-7ee31106-031f-11ef-bc93-c7b262605968-mgr-x[28086]: The key's randomart image is:
2024-04-25T16:20:54.080 INFO:journalctl@ceph.mgr.x.smithi033.stdout:Apr 25 16:20:53 smithi033 ceph-7ee31106-031f-11ef-bc93-c7b262605968-mgr-x[28086]: +---[RSA 3072]----+
2024-04-25T16:20:54.080 INFO:journalctl@ceph.mgr.x.smithi033.stdout:Apr 25 16:20:53 smithi033 ceph-7ee31106-031f-11ef-bc93-c7b262605968-mgr-x[28086]: | .o .+o+. .|
2024-04-25T16:20:54.080 INFO:journalctl@ceph.mgr.x.smithi033.stdout:Apr 25 16:20:53 smithi033 ceph-7ee31106-031f-11ef-bc93-c7b262605968-mgr-x[28086]: | o ooX.*o |
2024-04-25T16:20:54.080 INFO:journalctl@ceph.mgr.x.smithi033.stdout:Apr 25 16:20:53 smithi033 ceph-7ee31106-031f-11ef-bc93-c7b262605968-mgr-x[28086]: | . + .oE * Bo|
2024-04-25T16:20:54.080 INFO:journalctl@ceph.mgr.x.smithi033.stdout:Apr 25 16:20:53 smithi033 ceph-7ee31106-031f-11ef-bc93-c7b262605968-mgr-x[28086]: | . * +.+ = + =|
2024-04-25T16:20:54.080 INFO:journalctl@ceph.mgr.x.smithi033.stdout:Apr 25 16:20:53 smithi033 ceph-7ee31106-031f-11ef-bc93-c7b262605968-mgr-x[28086]: | . o BS * o .|
2024-04-25T16:20:54.081 INFO:journalctl@ceph.mgr.x.smithi033.stdout:Apr 25 16:20:53 smithi033 ceph-7ee31106-031f-11ef-bc93-c7b262605968-mgr-x[28086]: | o + o = + |
2024-04-25T16:20:54.081 INFO:journalctl@ceph.mgr.x.smithi033.stdout:Apr 25 16:20:53 smithi033 ceph-7ee31106-031f-11ef-bc93-c7b262605968-mgr-x[28086]: | o o o . |
2024-04-25T16:20:54.081 INFO:journalctl@ceph.mgr.x.smithi033.stdout:Apr 25 16:20:53 smithi033 ceph-7ee31106-031f-11ef-bc93-c7b262605968-mgr-x[28086]: | . |
2024-04-25T16:20:54.081 INFO:journalctl@ceph.mgr.x.smithi033.stdout:Apr 25 16:20:53 smithi033 ceph-7ee31106-031f-11ef-bc93-c7b262605968-mgr-x[28086]: | |
2024-04-25T16:20:54.081 INFO:journalctl@ceph.mgr.x.smithi033.stdout:Apr 25 16:20:53 smithi033 ceph-7ee31106-031f-11ef-bc93-c7b262605968-mgr-x[28086]: +----[SHA256]-----+
2024-04-25T16:20:54.520 INFO:teuthology.orchestra.run.smithi033.stdout:/usr/bin/ceph: stderr
2024-04-25T16:20:53.278+0000 7fc34fc00700 1 Processor -- start
2024-04-25T16:20:54.520 INFO:teuthology.orchestra.run.smithi033.stdout:/usr/bin/ceph: stderr
2024-04-25T16:20:53.279+0000 7fc34fc00700 1 -- start start
2024-04-25T16:20:54.520 INFO:teuthology.orchestra.run.smithi033.stdout:/usr/bin/ceph: stderr
2024-04-25T16:20:53.279+0000 7fc34fc00700 1 --2- >> [v2:172.21.15.33:3300/0,v1:172.21.15.33:6789/0] conn(0x7fc34810bad0 0x7fc34810bee0 unknown :-1 s=NONE pgs=0 cs=0 l=0 rev1=0 crypto rx=0 tx=0 comp rx=0 tx=0).connect
2024-04-25T16:20:54.521 INFO:teuthology.orchestra.run.smithi033.stdout:/usr/bin/ceph: stderr
2024-04-25T16:20:53.279+0000 7fc34fc00700 1 -- --> [v2:172.21.15.33:3300/0,v1:172.21.15.33:6789/0] -- mon_getmap magic: 0 -- 0x7fc34810c4d0 con 0x7fc34810bad0
2024-04-25T16:20:54.521 INFO:teuthology.orchestra.run.smithi033.stdout:/usr/bin/ceph: stderr
2024-04-25T16:20:53.279+0000 7fc34d200700 1 --2- >> [v2:172.21.15.33:3300/0,v1:172.21.15.33:6789/0] conn(0x7fc34810bad0 0x7fc34810bee0 unknown :-1 s=BANNER_CONNECTING pgs=0 cs=0 l=0 rev1=0 crypto rx=0 tx=0 comp rx=0 tx=0)._handle_peer_banner_payload supported=3 required=0
2024-04-25T16:20:54.521 INFO:teuthology.orchestra.run.smithi033.stdout:/usr/bin/ceph: stderr
2024-04-25T16:20:53.280+0000 7fc34d200700 1 --2- >> [v2:172.21.15.33:3300/0,v1:172.21.15.33:6789/0] conn(0x7fc34810bad0 0x7fc34810bee0 unknown :-1 s=HELLO_CONNECTING pgs=0 cs=0 l=0 rev1=1 crypto rx=0 tx=0 comp rx=0 tx=0).handle_hello peer v2:172.21.15.33:3300/0 says I am v2:172.21.15.33:32940/0 (socket says 172.21.15.33:32940)
2024-04-25T16:20:54.522 INFO:teuthology.orchestra.run.smithi033.stdout:/usr/bin/ceph: stderr
2024-04-25T16:20:53.280+0000 7fc34d200700 1 -- 172.21.15.33:0/622435106 learned_addr learned my addr 172.21.15.33:0/622435106 (peer_addr_for_me v2:172.21.15.33:0/0)
2024-04-25T16:20:54.522 INFO:teuthology.orchestra.run.smithi033.stdout:/usr/bin/ceph: stderr
2024-04-25T16:20:53.280+0000 7fc34d200700 1 -- 172.21.15.33:0/622435106 --> [v2:172.21.15.33:3300/0,v1:172.21.15.33:6789/0] -- mon_subscribe({config=0+,monmap=0+}) -- 0x7fc34810cca0 con 0x7fc34810bad0
2024-04-25T16:20:54.522 INFO:teuthology.orchestra.run.smithi033.stdout:/usr/bin/ceph: stderr
2024-04-25T16:20:53.280+0000 7fc34d200700 1 --2- 172.21.15.33:0/622435106 >> [v2:172.21.15.33:3300/0,v1:172.21.15.33:6789/0] conn(0x7fc34810bad0 0x7fc34810bee0 secure :-1 s=READY pgs=41 cs=0 l=1 rev1=1 crypto rx=0x7fc33c0098a0 tx=0x7fc33c009bb0 comp rx=0 tx=0).ready entity=mon.0 client_cookie=f6a47cc57768f0b8 server_cookie=0 in_seq=0 out_seq=0
2024-04-25T16:20:54.522 INFO:teuthology.orchestra.run.smithi033.stdout:/usr/bin/ceph: stderr
2024-04-25T16:20:53.281+0000 7fc347400700 1 -- 172.21.15.33:0/622435106 <== mon.0 v2:172.21.15.33:3300/0 1 ==== mon_map magic: 0 ==== 205+0+0 (secure 0 0 0) 0x7fc33c004160 con 0x7fc34810bad0
2024-04-25T16:20:54.523 INFO:teuthology.orchestra.run.smithi033.stdout:/usr/bin/ceph: stderr
2024-04-25T16:20:53.281+0000 7fc347400700 1 -- 172.21.15.33:0/622435106 <== mon.0 v2:172.21.15.33:3300/0 2 ==== config(26 keys) ==== 1070+0+0 (secure 0 0 0) 0x7fc33c004300 con 0x7fc34810bad0
2024-04-25T16:20:54.523 INFO:teuthology.orchestra.run.smithi033.stdout:/usr/bin/ceph: stderr
2024-04-25T16:20:53.281+0000 7fc347400700 1 -- 172.21.15.33:0/622435106 <== mon.0 v2:172.21.15.33:3300/0 3 ==== mon_map magic: 0 ==== 205+0+0 (secure 0 0 0) 0x7fc33c011af0 con 0x7fc34810bad0
2024-04-25T16:20:54.523 INFO:teuthology.orchestra.run.smithi033.stdout:/usr/bin/ceph: stderr
2024-04-25T16:20:53.281+0000 7fc34fc00700 1 -- 172.21.15.33:0/622435106 >> [v2:172.21.15.33:3300/0,v1:172.21.15.33:6789/0] conn(0x7fc34810bad0 msgr2=0x7fc34810bee0 secure :-1 s=STATE_CONNECTION_ESTABLISHED l=1).mark_down
2024-04-25T16:20:54.523 INFO:teuthology.orchestra.run.smithi033.stdout:/usr/bin/ceph: stderr
2024-04-25T16:20:53.281+0000 7fc34fc00700 1 --2- 172.21.15.33:0/622435106 >> [v2:172.21.15.33:3300/0,v1:172.21.15.33:6789/0] conn(0x7fc34810bad0 0x7fc34810bee0 secure :-1 s=READY pgs=41 cs=0 l=1 rev1=1 crypto rx=0x7fc33c0098a0 tx=0x7fc33c009bb0 comp rx=0 tx=0).stop
2024-04-25T16:20:54.524 INFO:teuthology.orchestra.run.smithi033.stdout:/usr/bin/ceph: stderr
2024-04-25T16:20:53.282+0000 7fc34fc00700 1 -- 172.21.15.33:0/622435106 shutdown_connections
2024-04-25T16:20:54.524 INFO:teuthology.orchestra.run.smithi033.stdout:/usr/bin/ceph: stderr
2024-04-25T16:20:53.282+0000 7fc34fc00700 1 --2- 172.21.15.33:0/622435106 >> [v2:172.21.15.33:3300/0,v1:172.21.15.33:6789/0] conn(0x7fc34810bad0 0x7fc34810bee0 unknown :-1 s=CLOSED pgs=41 cs=0 l=1 rev1=1 crypto rx=0 tx=0 comp rx=0 tx=0).stop
2024-04-25T16:20:54.524 INFO:teuthology.orchestra.run.smithi033.stdout:/usr/bin/ceph: stderr
2024-04-25T16:20:53.282+0000 7fc34fc00700 1 -- 172.21.15.33:0/622435106 >> 172.21.15.33:0/622435106 conn(0x7fc34807f040 msgr2=0x7fc34807f450 unknown :-1 s=STATE_NONE l=0).mark_down
2024-04-25T16:20:54.524 INFO:teuthology.orchestra.run.smithi033.stdout:/usr/bin/ceph: stderr
2024-04-25T16:20:53.282+0000 7fc34fc00700 1 -- 172.21.15.33:0/622435106 shutdown_connections
2024-04-25T16:20:54.526 INFO:teuthology.orchestra.run.smithi033.stdout:/usr/bin/ceph: stderr
2024-04-25T16:20:53.282+0000 7fc34fc00700 1 -- 172.21.15.33:0/622435106 wait complete.
2024-04-25T16:20:54.526 INFO:teuthology.orchestra.run.smithi033.stdout:/usr/bin/ceph: stderr
2024-04-25T16:20:53.283+0000 7fc34fc00700 1 Processor -- start
2024-04-25T16:20:54.526 INFO:teuthology.orchestra.run.smithi033.stdout:/usr/bin/ceph: stderr
2024-04-25T16:20:53.283+0000 7fc34fc00700 1 -- start start
2024-04-25T16:20:54.526 INFO:teuthology.orchestra.run.smithi033.stdout:/usr/bin/ceph: stderr
2024-04-25T16:20:53.283+0000 7fc34fc00700 1 --2- >> [v2:172.21.15.33:3300/0,v1:172.21.15.33:6789/0] conn(0x7fc34810bad0 0x7fc34819ff70 unknown :-1 s=NONE pgs=0 cs=0 l=1 rev1=0 crypto rx=0 tx=0 comp rx=0 tx=0).connect
2024-04-25T16:20:54.526 INFO:teuthology.orchestra.run.smithi033.stdout:/usr/bin/ceph: stderr
2024-04-25T16:20:53.283+0000 7fc34fc00700 1 -- --> [v2:172.21.15.33:3300/0,v1:172.21.15.33:6789/0] -- mon_getmap magic: 0 -- 0x7fc348110050 con 0x7fc34810bad0
2024-04-25T16:20:54.526 INFO:teuthology.orchestra.run.smithi033.stdout:/usr/bin/ceph: stderr
2024-04-25T16:20:53.284+0000 7fc34d200700 1 --2- >> [v2:172.21.15.33:3300/0,v1:172.21.15.33:6789/0] conn(0x7fc34810bad0 0x7fc34819ff70 unknown :-1 s=BANNER_CONNECTING pgs=0 cs=0 l=1 rev1=0 crypto rx=0 tx=0 comp rx=0 tx=0)._handle_peer_banner_payload supported=3 required=0
2024-04-25T16:20:54.526 INFO:teuthology.orchestra.run.smithi033.stdout:/usr/bin/ceph: stderr
2024-04-25T16:20:53.284+0000 7fc34d200700 1 --2- >> [v2:172.21.15.33:3300/0,v1:172.21.15.33:6789/0] conn(0x7fc34810bad0 0x7fc34819ff70 unknown :-1 s=HELLO_CONNECTING pgs=0 cs=0 l=1 rev1=1 crypto rx=0 tx=0 comp rx=0 tx=0).handle_hello peer v2:172.21.15.33:3300/0 says I am v2:172.21.15.33:32956/0 (socket says 172.21.15.33:32956)
2024-04-25T16:20:54.526 INFO:teuthology.orchestra.run.smithi033.stdout:/usr/bin/ceph: stderr
2024-04-25T16:20:53.284+0000 7fc34d200700 1 -- 172.21.15.33:0/2177938748 learned_addr learned my addr 172.21.15.33:0/2177938748 (peer_addr_for_me v2:172.21.15.33:0/0)
2024-04-25T16:20:54.526 INFO:teuthology.orchestra.run.smithi033.stdout:/usr/bin/ceph: stderr
2024-04-25T16:20:53.284+0000 7fc34d200700 1 -- 172.21.15.33:0/2177938748 --> [v2:172.21.15.33:3300/0,v1:172.21.15.33:6789/0] -- mon_subscribe({config=0+,monmap=0+}) -- 0x7fc3481a04b0 con 0x7fc34810bad0
2024-04-25T16:20:54.526 INFO:teuthology.orchestra.run.smithi033.stdout:/usr/bin/ceph: stderr
2024-04-25T16:20:53.285+0000 7fc34d200700 1 --2- 172.21.15.33:0/2177938748 >> [v2:172.21.15.33:3300/0,v1:172.21.15.33:6789/0] conn(0x7fc34810bad0 0x7fc34819ff70 secure :-1 s=READY pgs=42 cs=0 l=1 rev1=1 crypto rx=0x7fc33c011890 tx=0x7fc33c011970 comp rx=0 tx=0).ready entity=mon.0 client_cookie=0 server_cookie=0 in_seq=0 out_seq=0
2024-04-25T16:20:54.528 INFO:teuthology.orchestra.run.smithi033.stdout:/usr/bin/ceph: stderr
2024-04-25T16:20:53.285+0000 7fc345600700 1 -- 172.21.15.33:0/2177938748 <== mon.0 v2:172.21.15.33:3300/0 1 ==== mon_map magic: 0 ==== 205+0+0 (secure 0 0 0) 0x7fc33c0039e0 con 0x7fc34810bad0
2024-04-25T16:20:54.528 INFO:teuthology.orchestra.run.smithi033.stdout:/usr/bin/ceph: stderr
2024-04-25T16:20:53.285+0000 7fc345600700 1 -- 172.21.15.33:0/2177938748 <== mon.0 v2:172.21.15.33:3300/0 2 ==== config(26 keys) ==== 1070+0+0 (secure 0 0 0) 0x7fc33c003b80 con 0x7fc34810bad0
2024-04-25T16:20:54.529 INFO:teuthology.orchestra.run.smithi033.stdout:/usr/bin/ceph: stderr
2024-04-25T16:20:53.285+0000 7fc345600700 1 -- 172.21.15.33:0/2177938748 <== mon.0 v2:172.21.15.33:3300/0 3 ==== mon_map magic: 0 ==== 205+0+0 (secure 0 0 0) 0x7fc33c0246e0 con 0x7fc34810bad0
2024-04-25T16:20:54.529 INFO:teuthology.orchestra.run.smithi033.stdout:/usr/bin/ceph: stderr
2024-04-25T16:20:53.285+0000 7fc34fc00700 1 -- 172.21.15.33:0/2177938748 --> [v2:172.21.15.33:3300/0,v1:172.21.15.33:6789/0] -- mon_subscribe({mgrmap=0+}) -- 0x7fc3481a0740 con 0x7fc34810bad0
2024-04-25T16:20:54.529 INFO:teuthology.orchestra.run.smithi033.stdout:/usr/bin/ceph: stderr
2024-04-25T16:20:53.285+0000 7fc34fc00700 1 -- 172.21.15.33:0/2177938748 --> [v2:172.21.15.33:3300/0,v1:172.21.15.33:6789/0] -- mon_subscribe({osdmap=0}) -- 0x7fc3481a3350 con 0x7fc34810bad0
2024-04-25T16:20:54.529 INFO:teuthology.orchestra.run.smithi033.stdout:/usr/bin/ceph: stderr
2024-04-25T16:20:53.286+0000 7fc34fc00700 1 -- 172.21.15.33:0/2177938748 --> [v2:172.21.15.33:3300/0,v1:172.21.15.33:6789/0] -- mon_command({"prefix": "get_command_descriptions"} v 0) -- 0x7fc348064cf0 con 0x7fc34810bad0
2024-04-25T16:20:54.529 INFO:teuthology.orchestra.run.smithi033.stdout:/usr/bin/ceph: stderr
2024-04-25T16:20:53.286+0000 7fc345600700 1 -- 172.21.15.33:0/2177938748 <== mon.0 v2:172.21.15.33:3300/0 4 ==== mgrmap(e 8) ==== 49516+0+0 (secure 0 0 0) 0x7fc33c022020 con 0x7fc34810bad0
2024-04-25T16:20:54.529 INFO:teuthology.orchestra.run.smithi033.stdout:/usr/bin/ceph: stderr
2024-04-25T16:20:53.287+0000 7fc345600700 1 --2- 172.21.15.33:0/2177938748 >> [v2:172.21.15.33:6800/2558240783,v1:172.21.15.33:6801/2558240783] conn(0x7fc33003d5c0 0x7fc33003fad0 unknown :-1 s=NONE pgs=0 cs=0 l=1 rev1=0 crypto rx=0 tx=0 comp rx=0 tx=0).connect
2024-04-25T16:20:54.529 INFO:teuthology.orchestra.run.smithi033.stdout:/usr/bin/ceph: stderr
2024-04-25T16:20:53.287+0000 7fc345600700 1 -- 172.21.15.33:0/2177938748 <== mon.0 v2:172.21.15.33:3300/0 5 ==== osd_map(2..2 src has 1..2) ==== 940+0+0 (secure 0 0 0) 0x7fc33c0525a0 con 0x7fc34810bad0
2024-04-25T16:20:54.529 INFO:teuthology.orchestra.run.smithi033.stdout:/usr/bin/ceph: stderr
2024-04-25T16:20:53.287+0000 7fc347e00700 1 --2- 172.21.15.33:0/2177938748 >> [v2:172.21.15.33:6800/2558240783,v1:172.21.15.33:6801/2558240783] conn(0x7fc33003d5c0 0x7fc33003fad0 unknown :-1 s=BANNER_CONNECTING pgs=0 cs=0 l=1 rev1=0 crypto rx=0 tx=0 comp rx=0 tx=0)._handle_peer_banner_payload supported=3 required=0
2024-04-25T16:20:54.529 INFO:teuthology.orchestra.run.smithi033.stdout:/usr/bin/ceph: stderr
2024-04-25T16:20:53.288+0000 7fc347e00700 1 --2- 172.21.15.33:0/2177938748 >> [v2:172.21.15.33:6800/2558240783,v1:172.21.15.33:6801/2558240783] conn(0x7fc33003d5c0 0x7fc33003fad0 secure :-1 s=READY pgs=9 cs=0 l=1 rev1=1 crypto rx=0x7fc334006fd0 tx=0x7fc334006e40 comp rx=0 tx=0).ready entity=mgr.14120 client_cookie=0 server_cookie=0 in_seq=0 out_seq=0
2024-04-25T16:20:54.529 INFO:teuthology.orchestra.run.smithi033.stdout:/usr/bin/ceph: stderr
2024-04-25T16:20:53.293+0000 7fc345600700 1 -- 172.21.15.33:0/2177938748 <== mon.0 v2:172.21.15.33:3300/0 6 ==== mon_command_ack([{"prefix": "get_command_descriptions"}]=0 v0) ==== 72+0+188370 (secure 0 0 0) 0x7fc33c0212c0 con 0x7fc34810bad0
2024-04-25T16:20:54.529 INFO:teuthology.orchestra.run.smithi033.stdout:/usr/bin/ceph: stderr
2024-04-25T16:20:53.523+0000 7fc34fc00700 1 -- 172.21.15.33:0/2177938748 --> [v2:172.21.15.33:6800/2558240783,v1:172.21.15.33:6801/2558240783] -- mgr_command(tid 0: {"prefix": "cephadm generate-key", "target": ["mon-mgr", ""]}) -- 0x7fc348109290 con 0x7fc33003d5c0
2024-04-25T16:20:54.529 INFO:teuthology.orchestra.run.smithi033.stdout:/usr/bin/ceph: stderr
2024-04-25T16:20:53.725+0000 7fc345600700 1 -- 172.21.15.33:0/2177938748 <== mgr.14120 v2:172.21.15.33:6800/2558240783 1 ==== mgr_command_reply(tid 0: 0 ) ==== 8+0+0 (secure 0 0 0) 0x7fc348109290 con 0x7fc33003d5c0
2024-04-25T16:20:54.529 INFO:teuthology.orchestra.run.smithi033.stdout:/usr/bin/ceph: stderr
2024-04-25T16:20:53.729+0000 7fc34fc00700 1 -- 172.21.15.33:0/2177938748 >> [v2:172.21.15.33:6800/2558240783,v1:172.21.15.33:6801/2558240783] conn(0x7fc33003d5c0 msgr2=0x7fc33003fad0 secure :-1 s=STATE_CONNECTION_ESTABLISHED l=1).mark_down
2024-04-25T16:20:54.529 INFO:teuthology.orchestra.run.smithi033.stdout:/usr/bin/ceph: stderr
2024-04-25T16:20:53.729+0000 7fc34fc00700 1 --2- 172.21.15.33:0/2177938748 >> [v2:172.21.15.33:6800/2558240783,v1:172.21.15.33:6801/2558240783] conn(0x7fc33003d5c0 0x7fc33003fad0 secure :-1 s=READY pgs=9 cs=0 l=1 rev1=1 crypto rx=0x7fc334006fd0 tx=0x7fc334006e40 comp rx=0 tx=0).stop
2024-04-25T16:20:54.531 INFO:teuthology.orchestra.run.smithi033.stdout:/usr/bin/ceph: stderr
2024-04-25T16:20:53.729+0000 7fc34fc00700 1 -- 172.21.15.33:0/2177938748 >> [v2:172.21.15.33:3300/0,v1:172.21.15.33:6789/0] conn(0x7fc34810bad0 msgr2=0x7fc34819ff70 secure :-1 s=STATE_CONNECTION_ESTABLISHED l=1).mark_down
2024-04-25T16:20:54.531 INFO:teuthology.orchestra.run.smithi033.stdout:/usr/bin/ceph: stderr
2024-04-25T16:20:53.729+0000 7fc34fc00700 1 --2- 172.21.15.33:0/2177938748 >> [v2:172.21.15.33:3300/0,v1:172.21.15.33:6789/0] conn(0x7fc34810bad0 0x7fc34819ff70 secure :-1 s=READY pgs=42 cs=0 l=1 rev1=1 crypto rx=0x7fc33c011890 tx=0x7fc33c011970 comp rx=0 tx=0).stop
2024-04-25T16:20:54.531 INFO:teuthology.orchestra.run.smithi033.stdout:/usr/bin/ceph: stderr
2024-04-25T16:20:53.730+0000 7fc34fc00700 1 -- 172.21.15.33:0/2177938748 shutdown_connections
2024-04-25T16:20:54.531 INFO:teuthology.orchestra.run.smithi033.stdout:/usr/bin/ceph: stderr
2024-04-25T16:20:53.730+0000 7fc34fc00700 1 --2- 172.21.15.33:0/2177938748 >> [v2:172.21.15.33:6800/2558240783,v1:172.21.15.33:6801/2558240783] conn(0x7fc33003d5c0 0x7fc33003fad0 unknown :-1 s=CLOSED pgs=9 cs=0 l=1 rev1=1 crypto rx=0 tx=0 comp rx=0 tx=0).stop
2024-04-25T16:20:54.531 INFO:teuthology.orchestra.run.smithi033.stdout:/usr/bin/ceph: stderr
2024-04-25T16:20:53.730+0000 7fc34fc00700 1 --2- 172.21.15.33:0/2177938748 >> [v2:172.21.15.33:3300/0,v1:172.21.15.33:6789/0] conn(0x7fc34810bad0 0x7fc34819ff70 unknown :-1 s=CLOSED pgs=42 cs=0 l=1 rev1=1 crypto rx=0 tx=0 comp rx=0 tx=0).stop
2024-04-25T16:20:54.531 INFO:teuthology.orchestra.run.smithi033.stdout:/usr/bin/ceph: stderr
2024-04-25T16:20:53.730+0000 7fc34fc00700 1 -- 172.21.15.33:0/2177938748 >> 172.21.15.33:0/2177938748 conn(0x7fc34807f040 msgr2=0x7fc348108b60 unknown :-1 s=STATE_NONE l=0).mark_down
2024-04-25T16:20:54.531 INFO:teuthology.orchestra.run.smithi033.stdout:/usr/bin/ceph: stderr
2024-04-25T16:20:53.730+0000 7fc34fc00700 1 -- 172.21.15.33:0/2177938748 shutdown_connections
2024-04-25T16:20:54.531 INFO:teuthology.orchestra.run.smithi033.stdout:/usr/bin/ceph: stderr
2024-04-25T16:20:53.730+0000 7fc34fc00700 1 -- 172.21.15.33:0/2177938748 wait complete.
2024-04-25T16:20:54.822 INFO:journalctl@ceph.mon.a.smithi033.stdout:Apr 25 16:20:54 smithi033 ceph-mon[27865]: from='client.14136 -' entity='client.admin' cmd=[{"prefix": "cephadm generate-key", "target": ["mon-mgr", ""]}]: dispatch
2024-04-25T16:20:54.822 INFO:journalctl@ceph.mon.a.smithi033.stdout:Apr 25 16:20:54 smithi033 ceph-mon[27865]: Generating ssh key...
2024-04-25T16:20:54.822 INFO:journalctl@ceph.mon.a.smithi033.stdout:Apr 25 16:20:54 smithi033 ceph-mon[27865]: from='mgr.14120 172.21.15.33:0/4022896260' entity='mgr.x'
2024-04-25T16:20:54.822 INFO:journalctl@ceph.mon.a.smithi033.stdout:Apr 25 16:20:54 smithi033 ceph-mon[27865]: from='mgr.14120 172.21.15.33:0/4022896260' entity='mgr.x'
2024-04-25T16:20:56.138 INFO:teuthology.orchestra.run.smithi033.stdout:/usr/bin/ceph: stdout ssh-rsa AAAAB3NzaC1yc2EAAAADAQABAAABgQDBeg4gRG7rw3M8Ssxtfi9Xd4iszaKE+MySKVx1Fpqb5j3ohtNDaDwABYC9g6ZpmFczSnsM+/qOvPa8tQIVzY0/sVpI3QOBeHCO5S1xv8unJNJHnAtNJ6AeYF4gyGy09vXL+jGRCklPhqILdRtrCfkhsAhdGz+B5vuAjh1e5FnKln1AKf8Z10ToVva+eWihd7CYqsc/HapGKOmbr47eY5S9BYOoDyfHFDRNsF8ibH0zMSezU/axmt4bovAtTxyWFl0nh5CSwPKsKd8wyo2x/L8zQnr5k3iTkS+G93vWf1EP3Lz0DmK8VBFpGIG8frktk21nBfZUXOd1X5g3pOS8khvjCbOFqa6LMdwRB+GdodPvB71CWlkcUdteiXXzVINn2FfTkV93ceeR2rz14YZ73YzL77W31tvpvWrQccxz2f8PpcZZMDOUsfOtAk4gCvbaz06JoWLDWLOdk+dMNqw31tY9c3sZEY5B5ZozjIplcNXEHLq6HMlW0vGz65f8SB8bfBs= ceph-7ee31106-031f-11ef-bc93-c7b262605968
2024-04-25T16:20:56.138 INFO:teuthology.orchestra.run.smithi033.stdout:/usr/bin/ceph: stderr
2024-04-25T16:20:55.260+0000 7f0b0c000700 1 Processor -- start
2024-04-25T16:20:56.138 INFO:teuthology.orchestra.run.smithi033.stdout:/usr/bin/ceph: stderr
2024-04-25T16:20:55.260+0000 7f0b0c000700 1 -- start start
2024-04-25T16:20:56.138 INFO:teuthology.orchestra.run.smithi033.stdout:/usr/bin/ceph: stderr
2024-04-25T16:20:55.261+0000 7f0b0c000700 1 --2- >> [v2:172.21.15.33:3300/0,v1:172.21.15.33:6789/0] conn(0x7f0b0410bad0 0x7f0b0410bee0 unknown :-1 s=NONE pgs=0 cs=0 l=0 rev1=0 crypto rx=0 tx=0 comp rx=0 tx=0).connect
2024-04-25T16:20:56.138 INFO:teuthology.orchestra.run.smithi033.stdout:/usr/bin/ceph: stderr
2024-04-25T16:20:55.261+0000 7f0b0c000700 1 -- --> [v2:172.21.15.33:3300/0,v1:172.21.15.33:6789/0] -- mon_getmap magic: 0 -- 0x7f0b0410c4d0 con 0x7f0b0410bad0
2024-04-25T16:20:56.138 INFO:teuthology.orchestra.run.smithi033.stdout:/usr/bin/ceph: stderr
2024-04-25T16:20:55.261+0000 7f0b09600700 1 --2- >> [v2:172.21.15.33:3300/0,v1:172.21.15.33:6789/0] conn(0x7f0b0410bad0 0x7f0b0410bee0 unknown :-1 s=BANNER_CONNECTING pgs=0 cs=0 l=0 rev1=0 crypto rx=0 tx=0 comp rx=0 tx=0)._handle_peer_banner_payload supported=3 required=0
2024-04-25T16:20:56.138 INFO:teuthology.orchestra.run.smithi033.stdout:/usr/bin/ceph: stderr
2024-04-25T16:20:55.261+0000 7f0b09600700 1 --2- >> [v2:172.21.15.33:3300/0,v1:172.21.15.33:6789/0] conn(0x7f0b0410bad0 0x7f0b0410bee0 unknown :-1 s=HELLO_CONNECTING pgs=0 cs=0 l=0 rev1=1 crypto rx=0 tx=0 comp rx=0 tx=0).handle_hello peer v2:172.21.15.33:3300/0 says I am v2:172.21.15.33:32964/0 (socket says 172.21.15.33:32964)
2024-04-25T16:20:56.138 INFO:teuthology.orchestra.run.smithi033.stdout:/usr/bin/ceph: stderr
2024-04-25T16:20:55.261+0000 7f0b09600700 1 -- 172.21.15.33:0/808755794 learned_addr learned my addr 172.21.15.33:0/808755794 (peer_addr_for_me v2:172.21.15.33:0/0)
2024-04-25T16:20:56.143 INFO:teuthology.orchestra.run.smithi033.stdout:/usr/bin/ceph: stderr
2024-04-25T16:20:55.262+0000 7f0b09600700 1 -- 172.21.15.33:0/808755794 --> [v2:172.21.15.33:3300/0,v1:172.21.15.33:6789/0] -- mon_subscribe({config=0+,monmap=0+}) -- 0x7f0b0410cca0 con 0x7f0b0410bad0
2024-04-25T16:20:56.143 INFO:teuthology.orchestra.run.smithi033.stdout:/usr/bin/ceph: stderr
2024-04-25T16:20:55.262+0000 7f0b09600700 1 --2- 172.21.15.33:0/808755794 >> [v2:172.21.15.33:3300/0,v1:172.21.15.33:6789/0] conn(0x7f0b0410bad0 0x7f0b0410bee0 secure :-1 s=READY pgs=43 cs=0 l=1 rev1=1 crypto rx=0x7f0af80098a0 tx=0x7f0af8009bb0 comp rx=0 tx=0).ready entity=mon.0 client_cookie=84d5a676b9f3158d server_cookie=0 in_seq=0 out_seq=0
2024-04-25T16:20:56.143 INFO:teuthology.orchestra.run.smithi033.stdout:/usr/bin/ceph: stderr
2024-04-25T16:20:55.262+0000 7f0b03e00700 1 -- 172.21.15.33:0/808755794 <== mon.0 v2:172.21.15.33:3300/0 1 ==== mon_map magic: 0 ==== 205+0+0 (secure 0 0 0) 0x7f0af8004160 con 0x7f0b0410bad0
2024-04-25T16:20:56.143 INFO:teuthology.orchestra.run.smithi033.stdout:/usr/bin/ceph: stderr
2024-04-25T16:20:55.262+0000 7f0b03e00700 1 -- 172.21.15.33:0/808755794 <== mon.0 v2:172.21.15.33:3300/0 2 ==== config(26 keys) ==== 1070+0+0 (secure 0 0 0) 0x7f0af8004300 con 0x7f0b0410bad0
2024-04-25T16:20:56.143 INFO:teuthology.orchestra.run.smithi033.stdout:/usr/bin/ceph: stderr
2024-04-25T16:20:55.262+0000 7f0b03e00700 1 -- 172.21.15.33:0/808755794 <== mon.0 v2:172.21.15.33:3300/0 3 ==== mon_map magic: 0 ==== 205+0+0 (secure 0 0 0) 0x7f0af8011af0 con 0x7f0b0410bad0
2024-04-25T16:20:56.143 INFO:teuthology.orchestra.run.smithi033.stdout:/usr/bin/ceph: stderr
