2024-04-25T16:21:13.817 INFO:teuthology.orchestra.run.smithi033.stdout:/usr/bin/ceph: stderr
2024-04-25T16:21:12.466+0000 7fd707a00700 1 -- 172.21.15.33:0/2113526163 >> 172.21.15.33:0/2113526163 conn(0x7fd700104f20 msgr2=0x7fd7001073b0 unknown :-1 s=STATE_NONE l=0).mark_down
2024-04-25T16:21:13.817 INFO:teuthology.orchestra.run.smithi033.stdout:/usr/bin/ceph: stderr
2024-04-25T16:21:12.467+0000 7fd707a00700 1 -- 172.21.15.33:0/2113526163 shutdown_connections
2024-04-25T16:21:13.817 INFO:teuthology.orchestra.run.smithi033.stdout:/usr/bin/ceph: stderr
2024-04-25T16:21:12.467+0000 7fd707a00700 1 -- 172.21.15.33:0/2113526163 wait complete.
2024-04-25T16:21:13.817 INFO:teuthology.orchestra.run.smithi033.stdout:/usr/bin/ceph: stderr
2024-04-25T16:21:12.468+0000 7fd707a00700 1 Processor -- start
2024-04-25T16:21:13.817 INFO:teuthology.orchestra.run.smithi033.stdout:/usr/bin/ceph: stderr
2024-04-25T16:21:12.468+0000 7fd707a00700 1 -- start start
2024-04-25T16:21:13.817 INFO:teuthology.orchestra.run.smithi033.stdout:/usr/bin/ceph: stderr
2024-04-25T16:21:12.468+0000 7fd707a00700 1 --2- >> [v2:172.21.15.33:3300/0,v1:172.21.15.33:6789/0] conn(0x7fd70007ee50 0x7fd70019ff20 unknown :-1 s=NONE pgs=0 cs=0 l=1 rev1=0 crypto rx=0 tx=0 comp rx=0 tx=0).connect
2024-04-25T16:21:13.817 INFO:teuthology.orchestra.run.smithi033.stdout:/usr/bin/ceph: stderr
2024-04-25T16:21:12.468+0000 7fd707a00700 1 -- --> [v2:172.21.15.33:3300/0,v1:172.21.15.33:6789/0] -- mon_getmap magic: 0 -- 0x7fd70010ff20 con 0x7fd70007ee50
2024-04-25T16:21:13.817 INFO:teuthology.orchestra.run.smithi033.stdout:/usr/bin/ceph: stderr
2024-04-25T16:21:12.468+0000 7fd705000700 1 --2- >> [v2:172.21.15.33:3300/0,v1:172.21.15.33:6789/0] conn(0x7fd70007ee50 0x7fd70019ff20 unknown :-1 s=BANNER_CONNECTING pgs=0 cs=0 l=1 rev1=0 crypto rx=0 tx=0 comp rx=0 tx=0)._handle_peer_banner_payload supported=3 required=0
2024-04-25T16:21:13.817 INFO:teuthology.orchestra.run.smithi033.stdout:/usr/bin/ceph: stderr
2024-04-25T16:21:12.469+0000 7fd705000700 1 --2- >> [v2:172.21.15.33:3300/0,v1:172.21.15.33:6789/0] conn(0x7fd70007ee50 0x7fd70019ff20 unknown :-1 s=HELLO_CONNECTING pgs=0 cs=0 l=1 rev1=1 crypto rx=0 tx=0 comp rx=0 tx=0).handle_hello peer v2:172.21.15.33:3300/0 says I am v2:172.21.15.33:42752/0 (socket says 172.21.15.33:42752)
2024-04-25T16:21:13.817 INFO:teuthology.orchestra.run.smithi033.stdout:/usr/bin/ceph: stderr
2024-04-25T16:21:12.469+0000 7fd705000700 1 -- 172.21.15.33:0/3828475457 learned_addr learned my addr 172.21.15.33:0/3828475457 (peer_addr_for_me v2:172.21.15.33:0/0)
2024-04-25T16:21:13.818 INFO:teuthology.orchestra.run.smithi033.stdout:/usr/bin/ceph: stderr
2024-04-25T16:21:12.469+0000 7fd705000700 1 -- 172.21.15.33:0/3828475457 --> [v2:172.21.15.33:3300/0,v1:172.21.15.33:6789/0] -- mon_subscribe({config=0+,monmap=0+}) -- 0x7fd7001a0460 con 0x7fd70007ee50
2024-04-25T16:21:13.818 INFO:teuthology.orchestra.run.smithi033.stdout:/usr/bin/ceph: stderr
2024-04-25T16:21:12.469+0000 7fd705000700 1 --2- 172.21.15.33:0/3828475457 >> [v2:172.21.15.33:3300/0,v1:172.21.15.33:6789/0] conn(0x7fd70007ee50 0x7fd70019ff20 secure :-1 s=READY pgs=56 cs=0 l=1 rev1=1 crypto rx=0x7fd6f4009520 tx=0x7fd6f4011aa0 comp rx=0 tx=0).ready entity=mon.0 client_cookie=0 server_cookie=0 in_seq=0 out_seq=0
2024-04-25T16:21:13.818 INFO:teuthology.orchestra.run.smithi033.stdout:/usr/bin/ceph: stderr
2024-04-25T16:21:12.470+0000 7fd6fd600700 1 -- 172.21.15.33:0/3828475457 <== mon.0 v2:172.21.15.33:3300/0 1 ==== mon_map magic: 0 ==== 205+0+0 (secure 0 0 0) 0x7fd6f40039e0 con 0x7fd70007ee50
2024-04-25T16:21:13.818 INFO:teuthology.orchestra.run.smithi033.stdout:/usr/bin/ceph: stderr
2024-04-25T16:21:12.470+0000 7fd6fd600700 1 -- 172.21.15.33:0/3828475457 <== mon.0 v2:172.21.15.33:3300/0 2 ==== config(26 keys) ==== 1101+0+0 (secure 0 0 0) 0x7fd6f401b8f0 con 0x7fd70007ee50
2024-04-25T16:21:13.818 INFO:teuthology.orchestra.run.smithi033.stdout:/usr/bin/ceph: stderr
2024-04-25T16:21:12.470+0000 7fd707a00700 1 -- 172.21.15.33:0/3828475457 --> [v2:172.21.15.33:3300/0,v1:172.21.15.33:6789/0] -- mon_subscribe({mgrmap=0+}) -- 0x7fd7001a06f0 con 0x7fd70007ee50
2024-04-25T16:21:13.818 INFO:teuthology.orchestra.run.smithi033.stdout:/usr/bin/ceph: stderr
2024-04-25T16:21:12.470+0000 7fd6fd600700 1 -- 172.21.15.33:0/3828475457 <== mon.0 v2:172.21.15.33:3300/0 3 ==== mon_map magic: 0 ==== 205+0+0 (secure 0 0 0) 0x7fd6f40197d0 con 0x7fd70007ee50
2024-04-25T16:21:13.818 INFO:teuthology.orchestra.run.smithi033.stdout:/usr/bin/ceph: stderr
2024-04-25T16:21:12.471+0000 7fd707a00700 1 -- 172.21.15.33:0/3828475457 --> [v2:172.21.15.33:3300/0,v1:172.21.15.33:6789/0] -- mon_subscribe({osdmap=0}) -- 0x7fd7001a3300 con 0x7fd70007ee50
2024-04-25T16:21:13.818 INFO:teuthology.orchestra.run.smithi033.stdout:/usr/bin/ceph: stderr
2024-04-25T16:21:12.472+0000 7fd707a00700 1 -- 172.21.15.33:0/3828475457 --> [v2:172.21.15.33:3300/0,v1:172.21.15.33:6789/0] -- mon_command({"prefix": "get_command_descriptions"} v 0) -- 0x7fd700064cf0 con 0x7fd70007ee50
2024-04-25T16:21:13.818 INFO:teuthology.orchestra.run.smithi033.stdout:/usr/bin/ceph: stderr
2024-04-25T16:21:12.472+0000 7fd6fd600700 1 -- 172.21.15.33:0/3828475457 <== mon.0 v2:172.21.15.33:3300/0 4 ==== mgrmap(e 8) ==== 49516+0+0 (secure 0 0 0) 0x7fd6f401b440 con 0x7fd70007ee50
2024-04-25T16:21:13.818 INFO:teuthology.orchestra.run.smithi033.stdout:/usr/bin/ceph: stderr
2024-04-25T16:21:12.473+0000 7fd6fd600700 1 --2- 172.21.15.33:0/3828475457 >> [v2:172.21.15.33:6800/2558240783,v1:172.21.15.33:6801/2558240783] conn(0x7fd6e803d570 0x7fd6e803fa80 unknown :-1 s=NONE pgs=0 cs=0 l=1 rev1=0 crypto rx=0 tx=0 comp rx=0 tx=0).connect
2024-04-25T16:21:13.818 INFO:teuthology.orchestra.run.smithi033.stdout:/usr/bin/ceph: stderr
2024-04-25T16:21:12.473+0000 7fd6fd600700 1 -- 172.21.15.33:0/3828475457 <== mon.0 v2:172.21.15.33:3300/0 5 ==== osd_map(2..2 src has 1..2) ==== 940+0+0 (secure 0 0 0) 0x7fd6f4052660 con 0x7fd70007ee50
2024-04-25T16:21:13.818 INFO:teuthology.orchestra.run.smithi033.stdout:/usr/bin/ceph: stderr
2024-04-25T16:21:12.473+0000 7fd6ffe00700 1 --2- 172.21.15.33:0/3828475457 >> [v2:172.21.15.33:6800/2558240783,v1:172.21.15.33:6801/2558240783] conn(0x7fd6e803d570 0x7fd6e803fa80 unknown :-1 s=BANNER_CONNECTING pgs=0 cs=0 l=1 rev1=0 crypto rx=0 tx=0 comp rx=0 tx=0)._handle_peer_banner_payload supported=3 required=0
2024-04-25T16:21:13.818 INFO:teuthology.orchestra.run.smithi033.stdout:/usr/bin/ceph: stderr
2024-04-25T16:21:12.474+0000 7fd6ffe00700 1 --2- 172.21.15.33:0/3828475457 >> [v2:172.21.15.33:6800/2558240783,v1:172.21.15.33:6801/2558240783] conn(0x7fd6e803d570 0x7fd6e803fa80 secure :-1 s=READY pgs=16 cs=0 l=1 rev1=1 crypto rx=0x7fd6ec006fd0 tx=0x7fd6ec006e40 comp rx=0 tx=0).ready entity=mgr.14120 client_cookie=0 server_cookie=0 in_seq=0 out_seq=0
2024-04-25T16:21:13.819 INFO:teuthology.orchestra.run.smithi033.stdout:/usr/bin/ceph: stderr
2024-04-25T16:21:12.483+0000 7fd6fd600700 1 -- 172.21.15.33:0/3828475457 <== mon.0 v2:172.21.15.33:3300/0 6 ==== mon_command_ack([{"prefix": "get_command_descriptions"}]=0 v0) ==== 72+0+188370 (secure 0 0 0) 0x7fd6f401f030 con 0x7fd70007ee50
2024-04-25T16:21:13.819 INFO:teuthology.orchestra.run.smithi033.stdout:/usr/bin/ceph: stderr
2024-04-25T16:21:12.768+0000 7fd707a00700 1 -- 172.21.15.33:0/3828475457 --> [v2:172.21.15.33:3300/0,v1:172.21.15.33:6789/0] -- mon_command({"prefix": "mgr module enable", "module": "dashboard"} v 0) -- 0x7fd7001a34d0 con 0x7fd70007ee50
2024-04-25T16:21:13.819 INFO:teuthology.orchestra.run.smithi033.stdout:/usr/bin/ceph: stderr
2024-04-25T16:21:13.108+0000 7fd6fd600700 1 -- 172.21.15.33:0/3828475457 <== mon.0 v2:172.21.15.33:3300/0 7 ==== mon_command_ack([{"prefix": "mgr module enable", "module": "dashboard"}]=0 v9) ==== 88+0+0 (secure 0 0 0) 0x7fd6f400b3e0 con 0x7fd70007ee50
2024-04-25T16:21:13.819 INFO:teuthology.orchestra.run.smithi033.stdout:/usr/bin/ceph: stderr
2024-04-25T16:21:13.111+0000 7fd6fd600700 1 -- 172.21.15.33:0/3828475457 <== mon.0 v2:172.21.15.33:3300/0 8 ==== mgrmap(e 9) ==== 49529+0+0 (secure 0 0 0) 0x7fd6f4054be0 con 0x7fd70007ee50
2024-04-25T16:21:13.819 INFO:teuthology.orchestra.run.smithi033.stdout:/usr/bin/ceph: stderr
2024-04-25T16:21:13.112+0000 7fd707a00700 1 -- 172.21.15.33:0/3828475457 >> [v2:172.21.15.33:6800/2558240783,v1:172.21.15.33:6801/2558240783] conn(0x7fd6e803d570 msgr2=0x7fd6e803fa80 secure :-1 s=STATE_CONNECTION_ESTABLISHED l=1).mark_down
2024-04-25T16:21:13.819 INFO:teuthology.orchestra.run.smithi033.stdout:/usr/bin/ceph: stderr
2024-04-25T16:21:13.112+0000 7fd707a00700 1 --2- 172.21.15.33:0/3828475457 >> [v2:172.21.15.33:6800/2558240783,v1:172.21.15.33:6801/2558240783] conn(0x7fd6e803d570 0x7fd6e803fa80 secure :-1 s=READY pgs=16 cs=0 l=1 rev1=1 crypto rx=0x7fd6ec006fd0 tx=0x7fd6ec006e40 comp rx=0 tx=0).stop
2024-04-25T16:21:13.819 INFO:teuthology.orchestra.run.smithi033.stdout:/usr/bin/ceph: stderr
2024-04-25T16:21:13.112+0000 7fd707a00700 1 -- 172.21.15.33:0/3828475457 >> [v2:172.21.15.33:3300/0,v1:172.21.15.33:6789/0] conn(0x7fd70007ee50 msgr2=0x7fd70019ff20 secure :-1 s=STATE_CONNECTION_ESTABLISHED l=1).mark_down
2024-04-25T16:21:13.819 INFO:teuthology.orchestra.run.smithi033.stdout:/usr/bin/ceph: stderr
2024-04-25T16:21:13.112+0000 7fd707a00700 1 --2- 172.21.15.33:0/3828475457 >> [v2:172.21.15.33:3300/0,v1:172.21.15.33:6789/0] conn(0x7fd70007ee50 0x7fd70019ff20 secure :-1 s=READY pgs=56 cs=0 l=1 rev1=1 crypto rx=0x7fd6f4009520 tx=0x7fd6f4011aa0 comp rx=0 tx=0).stop
2024-04-25T16:21:13.819 INFO:teuthology.orchestra.run.smithi033.stdout:/usr/bin/ceph: stderr
2024-04-25T16:21:13.113+0000 7fd707a00700 1 -- 172.21.15.33:0/3828475457 shutdown_connections
2024-04-25T16:21:13.819 INFO:teuthology.orchestra.run.smithi033.stdout:/usr/bin/ceph: stderr
2024-04-25T16:21:13.113+0000 7fd707a00700 1 --2- 172.21.15.33:0/3828475457 >> [v2:172.21.15.33:6800/2558240783,v1:172.21.15.33:6801/2558240783] conn(0x7fd6e803d570 0x7fd6e803fa80 unknown :-1 s=CLOSED pgs=16 cs=0 l=1 rev1=1 crypto rx=0 tx=0 comp rx=0 tx=0).stop
2024-04-25T16:21:13.819 INFO:teuthology.orchestra.run.smithi033.stdout:/usr/bin/ceph: stderr
2024-04-25T16:21:13.113+0000 7fd707a00700 1 --2- 172.21.15.33:0/3828475457 >> [v2:172.21.15.33:3300/0,v1:172.21.15.33:6789/0] conn(0x7fd70007ee50 0x7fd70019ff20 unknown :-1 s=CLOSED pgs=56 cs=0 l=1 rev1=1 crypto rx=0 tx=0 comp rx=0 tx=0).stop
2024-04-25T16:21:13.819 INFO:teuthology.orchestra.run.smithi033.stdout:/usr/bin/ceph: stderr
2024-04-25T16:21:13.113+0000 7fd707a00700 1 -- 172.21.15.33:0/3828475457 >> 172.21.15.33:0/3828475457 conn(0x7fd700104f20 msgr2=0x7fd700105880 unknown :-1 s=STATE_NONE l=0).mark_down
2024-04-25T16:21:13.819 INFO:teuthology.orchestra.run.smithi033.stdout:/usr/bin/ceph: stderr
2024-04-25T16:21:13.113+0000 7fd707a00700 1 -- 172.21.15.33:0/3828475457 shutdown_connections
2024-04-25T16:21:13.819 INFO:teuthology.orchestra.run.smithi033.stdout:/usr/bin/ceph: stderr
2024-04-25T16:21:13.113+0000 7fd707a00700 1 -- 172.21.15.33:0/3828475457 wait complete.
2024-04-25T16:21:14.070 INFO:journalctl@ceph.mgr.x.smithi033.stdout:Apr 25 16:21:13 smithi033 ceph-7ee31106-031f-11ef-bc93-c7b262605968-mgr-x[28086]:
2024-04-25T16:21:13.926+0000 7fb2cd5d7200 -1 mgr[py] Module snap_schedule has missing NOTIFY_TYPES member
2024-04-25T16:21:14.328 INFO:journalctl@ceph.mon.a.smithi033.stdout:Apr 25 16:21:14 smithi033 ceph-mon[27865]: from='client.? 172.21.15.33:0/3828475457' entity='client.admin' cmd='[{"prefix": "mgr module enable", "module": "dashboard"}]': finished
2024-04-25T16:21:14.328 INFO:journalctl@ceph.mon.a.smithi033.stdout:Apr 25 16:21:14 smithi033 ceph-mon[27865]: mgrmap e9: x(active, since 25s)
2024-04-25T16:21:14.594 INFO:journalctl@ceph.mgr.x.smithi033.stdout:Apr 25 16:21:14 smithi033 ceph-7ee31106-031f-11ef-bc93-c7b262605968-mgr-x[28086]:
2024-04-25T16:21:14.346+0000 7fb2cd5d7200 -1 mgr[py] Module progress has missing NOTIFY_TYPES member
2024-04-25T16:21:14.595 INFO:journalctl@ceph.mgr.x.smithi033.stdout:Apr 25 16:21:14 smithi033 ceph-7ee31106-031f-11ef-bc93-c7b262605968-mgr-x[28086]:
2024-04-25T16:21:14.485+0000 7fb2cd5d7200 -1 mgr[py] Module influx has missing NOTIFY_TYPES member
2024-04-25T16:21:15.328 INFO:journalctl@ceph.mon.a.smithi033.stdout:Apr 25 16:21:15 smithi033 ceph-mon[27865]: from='client.? 172.21.15.33:0/3174048686' entity='client.admin' cmd=[{"prefix": "mgr stat"}]: dispatch
2024-04-25T16:21:16.194 INFO:teuthology.orchestra.run.smithi033.stdout:/usr/bin/ceph: stdout {
2024-04-25T16:21:16.194 INFO:teuthology.orchestra.run.smithi033.stdout:/usr/bin/ceph: stdout "epoch": 9,
2024-04-25T16:21:16.194 INFO:teuthology.orchestra.run.smithi033.stdout:/usr/bin/ceph: stdout "available": true,
2024-04-25T16:21:16.194 INFO:teuthology.orchestra.run.smithi033.stdout:/usr/bin/ceph: stdout "active_name": "x",
2024-04-25T16:21:16.196 INFO:teuthology.orchestra.run.smithi033.stdout:/usr/bin/ceph: stdout "num_standby": 0
2024-04-25T16:21:16.196 INFO:teuthology.orchestra.run.smithi033.stdout:/usr/bin/ceph: stdout }
2024-04-25T16:21:16.196 INFO:teuthology.orchestra.run.smithi033.stdout:/usr/bin/ceph: stderr
2024-04-25T16:21:14.592+0000 7f6b57200700 1 Processor -- start
2024-04-25T16:21:16.196 INFO:teuthology.orchestra.run.smithi033.stdout:/usr/bin/ceph: stderr
2024-04-25T16:21:14.592+0000 7f6b57200700 1 -- start start
2024-04-25T16:21:16.196 INFO:teuthology.orchestra.run.smithi033.stdout:/usr/bin/ceph: stderr
2024-04-25T16:21:14.592+0000 7f6b57200700 1 --2- >> [v2:172.21.15.33:3300/0,v1:172.21.15.33:6789/0] conn(0x7f6b5007ee70 0x7f6b5007d2a0 unknown :-1 s=NONE pgs=0 cs=0 l=0 rev1=0 crypto rx=0 tx=0 comp rx=0 tx=0).connect
2024-04-25T16:21:16.196 INFO:teuthology.orchestra.run.smithi033.stdout:/usr/bin/ceph: stderr
2024-04-25T16:21:14.592+0000 7f6b57200700 1 -- --> [v2:172.21.15.33:3300/0,v1:172.21.15.33:6789/0] -- mon_getmap magic: 0 -- 0x7f6b5007d870 con 0x7f6b5007ee70
2024-04-25T16:21:16.196 INFO:teuthology.orchestra.run.smithi033.stdout:/usr/bin/ceph: stderr
2024-04-25T16:21:14.593+0000 7f6b4fe00700 1 --2- >> [v2:172.21.15.33:3300/0,v1:172.21.15.33:6789/0] conn(0x7f6b5007ee70 0x7f6b5007d2a0 unknown :-1 s=BANNER_CONNECTING pgs=0 cs=0 l=0 rev1=0 crypto rx=0 tx=0 comp rx=0 tx=0)._handle_peer_banner_payload supported=3 required=0
2024-04-25T16:21:16.196 INFO:teuthology.orchestra.run.smithi033.stdout:/usr/bin/ceph: stderr
2024-04-25T16:21:14.593+0000 7f6b4fe00700 1 --2- >> [v2:172.21.15.33:3300/0,v1:172.21.15.33:6789/0] conn(0x7f6b5007ee70 0x7f6b5007d2a0 unknown :-1 s=HELLO_CONNECTING pgs=0 cs=0 l=0 rev1=1 crypto rx=0 tx=0 comp rx=0 tx=0).handle_hello peer v2:172.21.15.33:3300/0 says I am v2:172.21.15.33:42774/0 (socket says 172.21.15.33:42774)
2024-04-25T16:21:16.198 INFO:teuthology.orchestra.run.smithi033.stdout:/usr/bin/ceph: stderr
2024-04-25T16:21:14.593+0000 7f6b4fe00700 1 -- 172.21.15.33:0/936153913 learned_addr learned my addr 172.21.15.33:0/936153913 (peer_addr_for_me v2:172.21.15.33:0/0)
2024-04-25T16:21:16.199 INFO:teuthology.orchestra.run.smithi033.stdout:/usr/bin/ceph: stderr
2024-04-25T16:21:14.593+0000 7f6b4fe00700 1 -- 172.21.15.33:0/936153913 --> [v2:172.21.15.33:3300/0,v1:172.21.15.33:6789/0] -- mon_subscribe({config=0+,monmap=0+}) -- 0x7f6b5007d9f0 con 0x7f6b5007ee70
2024-04-25T16:21:16.199 INFO:teuthology.orchestra.run.smithi033.stdout:/usr/bin/ceph: stderr
2024-04-25T16:21:14.594+0000 7f6b4fe00700 1 --2- 172.21.15.33:0/936153913 >> [v2:172.21.15.33:3300/0,v1:172.21.15.33:6789/0] conn(0x7f6b5007ee70 0x7f6b5007d2a0 secure :-1 s=READY pgs=59 cs=0 l=1 rev1=1 crypto rx=0x7f6b400098a0 tx=0x7f6b40009bb0 comp rx=0 tx=0).ready entity=mon.0 client_cookie=8ee7f42900ffecfb server_cookie=0 in_seq=0 out_seq=0
2024-04-25T16:21:16.199 INFO:teuthology.orchestra.run.smithi033.stdout:/usr/bin/ceph: stderr
2024-04-25T16:21:14.594+0000 7f6b4ea00700 1 -- 172.21.15.33:0/936153913 <== mon.0 v2:172.21.15.33:3300/0 1 ==== mon_map magic: 0 ==== 205+0+0 (secure 0 0 0) 0x7f6b40004160 con 0x7f6b5007ee70
2024-04-25T16:21:16.199 INFO:teuthology.orchestra.run.smithi033.stdout:/usr/bin/ceph: stderr
2024-04-25T16:21:14.594+0000 7f6b4ea00700 1 -- 172.21.15.33:0/936153913 <== mon.0 v2:172.21.15.33:3300/0 2 ==== config(26 keys) ==== 1101+0+0 (secure 0 0 0) 0x7f6b40004300 con 0x7f6b5007ee70
2024-04-25T16:21:16.199 INFO:teuthology.orchestra.run.smithi033.stdout:/usr/bin/ceph: stderr
2024-04-25T16:21:14.594+0000 7f6b4ea00700 1 -- 172.21.15.33:0/936153913 <== mon.0 v2:172.21.15.33:3300/0 3 ==== mon_map magic: 0 ==== 205+0+0 (secure 0 0 0) 0x7f6b40011a20 con 0x7f6b5007ee70
2024-04-25T16:21:16.199 INFO:teuthology.orchestra.run.smithi033.stdout:/usr/bin/ceph: stderr
2024-04-25T16:21:14.595+0000 7f6b57200700 1 -- 172.21.15.33:0/936153913 >> [v2:172.21.15.33:3300/0,v1:172.21.15.33:6789/0] conn(0x7f6b5007ee70 msgr2=0x7f6b5007d2a0 secure :-1 s=STATE_CONNECTION_ESTABLISHED l=1).mark_down
2024-04-25T16:21:16.199 INFO:teuthology.orchestra.run.smithi033.stdout:/usr/bin/ceph: stderr
2024-04-25T16:21:14.595+0000 7f6b57200700 1 --2- 172.21.15.33:0/936153913 >> [v2:172.21.15.33:3300/0,v1:172.21.15.33:6789/0] conn(0x7f6b5007ee70 0x7f6b5007d2a0 secure :-1 s=READY pgs=59 cs=0 l=1 rev1=1 crypto rx=0x7f6b400098a0 tx=0x7f6b40009bb0 comp rx=0 tx=0).stop
2024-04-25T16:21:16.199 INFO:teuthology.orchestra.run.smithi033.stdout:/usr/bin/ceph: stderr
2024-04-25T16:21:14.595+0000 7f6b57200700 1 -- 172.21.15.33:0/936153913 shutdown_connections
2024-04-25T16:21:16.199 INFO:teuthology.orchestra.run.smithi033.stdout:/usr/bin/ceph: stderr
2024-04-25T16:21:14.595+0000 7f6b57200700 1 --2- 172.21.15.33:0/936153913 >> [v2:172.21.15.33:3300/0,v1:172.21.15.33:6789/0] conn(0x7f6b5007ee70 0x7f6b5007d2a0 unknown :-1 s=CLOSED pgs=59 cs=0 l=1 rev1=1 crypto rx=0 tx=0 comp rx=0 tx=0).stop
2024-04-25T16:21:16.199 INFO:teuthology.orchestra.run.smithi033.stdout:/usr/bin/ceph: stderr
2024-04-25T16:21:14.595+0000 7f6b57200700 1 -- 172.21.15.33:0/936153913 >> 172.21.15.33:0/936153913 conn(0x7f6b50104f20 msgr2=0x7f6b501073b0 unknown :-1 s=STATE_NONE l=0).mark_down
2024-04-25T16:21:16.199 INFO:teuthology.orchestra.run.smithi033.stdout:/usr/bin/ceph: stderr
2024-04-25T16:21:14.595+0000 7f6b57200700 1 -- 172.21.15.33:0/936153913 shutdown_connections
2024-04-25T16:21:16.199 INFO:teuthology.orchestra.run.smithi033.stdout:/usr/bin/ceph: stderr
2024-04-25T16:21:14.595+0000 7f6b57200700 1 -- 172.21.15.33:0/936153913 wait complete.
2024-04-25T16:21:16.199 INFO:teuthology.orchestra.run.smithi033.stdout:/usr/bin/ceph: stderr
2024-04-25T16:21:14.596+0000 7f6b57200700 1 Processor -- start
2024-04-25T16:21:16.200 INFO:teuthology.orchestra.run.smithi033.stdout:/usr/bin/ceph: stderr
2024-04-25T16:21:14.596+0000 7f6b57200700 1 -- start start
2024-04-25T16:21:16.200 INFO:teuthology.orchestra.run.smithi033.stdout:/usr/bin/ceph: stderr
2024-04-25T16:21:14.597+0000 7f6b57200700 1 --2- >> [v2:172.21.15.33:3300/0,v1:172.21.15.33:6789/0] conn(0x7f6b5007ee70 0x7f6b5019ff10 unknown :-1 s=NONE pgs=0 cs=0 l=1 rev1=0 crypto rx=0 tx=0 comp rx=0 tx=0).connect
2024-04-25T16:21:16.200 INFO:teuthology.orchestra.run.smithi033.stdout:/usr/bin/ceph: stderr
2024-04-25T16:21:14.597+0000 7f6b57200700 1 -- --> [v2:172.21.15.33:3300/0,v1:172.21.15.33:6789/0] -- mon_getmap magic: 0 -- 0x7f6b5010ff10 con 0x7f6b5007ee70
2024-04-25T16:21:16.202 INFO:teuthology.orchestra.run.smithi033.stdout:/usr/bin/ceph: stderr
2024-04-25T16:21:14.597+0000 7f6b4fe00700 1 --2- >> [v2:172.21.15.33:3300/0,v1:172.21.15.33:6789/0] conn(0x7f6b5007ee70 0x7f6b5019ff10 unknown :-1 s=BANNER_CONNECTING pgs=0 cs=0 l=1 rev1=0 crypto rx=0 tx=0 comp rx=0 tx=0)._handle_peer_banner_payload supported=3 required=0
2024-04-25T16:21:16.202 INFO:teuthology.orchestra.run.smithi033.stdout:/usr/bin/ceph: stderr
2024-04-25T16:21:14.597+0000 7f6b4fe00700 1 --2- >> [v2:172.21.15.33:3300/0,v1:172.21.15.33:6789/0] conn(0x7f6b5007ee70 0x7f6b5019ff10 unknown :-1 s=HELLO_CONNECTING pgs=0 cs=0 l=1 rev1=1 crypto rx=0 tx=0 comp rx=0 tx=0).handle_hello peer v2:172.21.15.33:3300/0 says I am v2:172.21.15.33:42790/0 (socket says 172.21.15.33:42790)
2024-04-25T16:21:16.203 INFO:teuthology.orchestra.run.smithi033.stdout:/usr/bin/ceph: stderr
2024-04-25T16:21:14.597+0000 7f6b4fe00700 1 -- 172.21.15.33:0/3174048686 learned_addr learned my addr 172.21.15.33:0/3174048686 (peer_addr_for_me v2:172.21.15.33:0/0)
2024-04-25T16:21:16.203 INFO:teuthology.orchestra.run.smithi033.stdout:/usr/bin/ceph: stderr
2024-04-25T16:21:14.597+0000 7f6b4fe00700 1 -- 172.21.15.33:0/3174048686 --> [v2:172.21.15.33:3300/0,v1:172.21.15.33:6789/0] -- mon_subscribe({config=0+,monmap=0+}) -- 0x7f6b501a0450 con 0x7f6b5007ee70
2024-04-25T16:21:16.203 INFO:teuthology.orchestra.run.smithi033.stdout:/usr/bin/ceph: stderr
2024-04-25T16:21:14.598+0000 7f6b4fe00700 1 --2- 172.21.15.33:0/3174048686 >> [v2:172.21.15.33:3300/0,v1:172.21.15.33:6789/0] conn(0x7f6b5007ee70 0x7f6b5019ff10 secure :-1 s=READY pgs=60 cs=0 l=1 rev1=1 crypto rx=0x7f6b40009520 tx=0x7f6b40011aa0 comp rx=0 tx=0).ready entity=mon.0 client_cookie=0 server_cookie=0 in_seq=0 out_seq=0
2024-04-25T16:21:16.203 INFO:teuthology.orchestra.run.smithi033.stdout:/usr/bin/ceph: stderr
2024-04-25T16:21:14.598+0000 7f6b4cc00700 1 -- 172.21.15.33:0/3174048686 <== mon.0 v2:172.21.15.33:3300/0 1 ==== mon_map magic: 0 ==== 205+0+0 (secure 0 0 0) 0x7f6b400039e0 con 0x7f6b5007ee70
2024-04-25T16:21:16.203 INFO:teuthology.orchestra.run.smithi033.stdout:/usr/bin/ceph: stderr
2024-04-25T16:21:14.598+0000 7f6b57200700 1 -- 172.21.15.33:0/3174048686 --> [v2:172.21.15.33:3300/0,v1:172.21.15.33:6789/0] -- mon_subscribe({mgrmap=0+}) -- 0x7f6b501a06e0 con 0x7f6b5007ee70
2024-04-25T16:21:16.203 INFO:teuthology.orchestra.run.smithi033.stdout:/usr/bin/ceph: stderr
2024-04-25T16:21:14.598+0000 7f6b4cc00700 1 -- 172.21.15.33:0/3174048686 <== mon.0 v2:172.21.15.33:3300/0 2 ==== config(26 keys) ==== 1101+0+0 (secure 0 0 0) 0x7f6b4001b8f0 con 0x7f6b5007ee70
2024-04-25T16:21:16.203 INFO:teuthology.orchestra.run.smithi033.stdout:/usr/bin/ceph: stderr
2024-04-25T16:21:14.598+0000 7f6b4cc00700 1 -- 172.21.15.33:0/3174048686 <== mon.0 v2:172.21.15.33:3300/0 3 ==== mon_map magic: 0 ==== 205+0+0 (secure 0 0 0) 0x7f6b400197d0 con 0x7f6b5007ee70
2024-04-25T16:21:16.203 INFO:teuthology.orchestra.run.smithi033.stdout:/usr/bin/ceph: stderr
2024-04-25T16:21:14.598+0000 7f6b57200700 1 -- 172.21.15.33:0/3174048686 --> [v2:172.21.15.33:3300/0,v1:172.21.15.33:6789/0] -- mon_subscribe({osdmap=0}) -- 0x7f6b501a32f0 con 0x7f6b5007ee70
2024-04-25T16:21:16.203 INFO:teuthology.orchestra.run.smithi033.stdout:/usr/bin/ceph: stderr
2024-04-25T16:21:14.599+0000 7f6b4cc00700 1 -- 172.21.15.33:0/3174048686 <== mon.0 v2:172.21.15.33:3300/0 4 ==== mgrmap(e 9) ==== 49529+0+0 (secure 0 0 0) 0x7f6b40019a90 con 0x7f6b5007ee70
2024-04-25T16:21:16.203 INFO:teuthology.orchestra.run.smithi033.stdout:/usr/bin/ceph: stderr
2024-04-25T16:21:14.600+0000 7f6b57200700 1 -- 172.21.15.33:0/3174048686 --> [v2:172.21.15.33:3300/0,v1:172.21.15.33:6789/0] -- mon_command({"prefix": "get_command_descriptions"} v 0) -- 0x7f6b50064cf0 con 0x7f6b5007ee70
2024-04-25T16:21:16.203 INFO:teuthology.orchestra.run.smithi033.stdout:/usr/bin/ceph: stderr
2024-04-25T16:21:14.600+0000 7f6b4cc00700 1 --2- 172.21.15.33:0/3174048686 >> [v2:172.21.15.33:6800/2558240783,v1:172.21.15.33:6801/2558240783] conn(0x7f6b3403d5c0 0x7f6b3403fad0 unknown :-1 s=NONE pgs=0 cs=0 l=1 rev1=0 crypto rx=0 tx=0 comp rx=0 tx=0).connect
2024-04-25T16:21:16.203 INFO:teuthology.orchestra.run.smithi033.stdout:/usr/bin/ceph: stderr
2024-04-25T16:21:14.600+0000 7f6b4cc00700 1 -- 172.21.15.33:0/3174048686 <== mon.0 v2:172.21.15.33:3300/0 5 ==== osd_map(2..2 src has 1..2) ==== 940+0+0 (secure 0 0 0) 0x7f6b40052f00 con 0x7f6b5007ee70
2024-04-25T16:21:16.203 INFO:teuthology.orchestra.run.smithi033.stdout:/usr/bin/ceph: stderr
2024-04-25T16:21:14.600+0000 7f6b4f400700 1 -- 172.21.15.33:0/3174048686 >> [v2:172.21.15.33:6800/2558240783,v1:172.21.15.33:6801/2558240783] conn(0x7f6b3403d5c0 msgr2=0x7f6b3403fad0 unknown :-1 s=STATE_CONNECTING_RE l=1).process reconnect failed to v2:172.21.15.33:6800/2558240783
2024-04-25T16:21:16.204 INFO:teuthology.orchestra.run.smithi033.stdout:/usr/bin/ceph: stderr
2024-04-25T16:21:14.600+0000 7f6b4f400700 1 --2- 172.21.15.33:0/3174048686 >> [v2:172.21.15.33:6800/2558240783,v1:172.21.15.33:6801/2558240783] conn(0x7f6b3403d5c0 0x7f6b3403fad0 unknown :-1 s=START_CONNECT pgs=0 cs=0 l=1 rev1=0 crypto rx=0 tx=0 comp rx=0 tx=0)._fault waiting 0.200000
2024-04-25T16:21:16.204 INFO:teuthology.orchestra.run.smithi033.stdout:/usr/bin/ceph: stderr
2024-04-25T16:21:14.607+0000 7f6b4cc00700 1 -- 172.21.15.33:0/3174048686 <== mon.0 v2:172.21.15.33:3300/0 6 ==== mon_command_ack([{"prefix": "get_command_descriptions"}]=0 v0) ==== 72+0+188370 (secure 0 0 0) 0x7f6b4001f030 con 0x7f6b5007ee70
2024-04-25T16:21:16.204 INFO:teuthology.orchestra.run.smithi033.stdout:/usr/bin/ceph: stderr
2024-04-25T16:21:14.801+0000 7f6b4f400700 1 -- 172.21.15.33:0/3174048686 >> [v2:172.21.15.33:6800/2558240783,v1:172.21.15.33:6801/2558240783] conn(0x7f6b3403d5c0 msgr2=0x7f6b3403fad0 unknown :-1 s=STATE_CONNECTING_RE l=1).process reconnect failed to v2:172.21.15.33:6800/2558240783
2024-04-25T16:21:16.204 INFO:teuthology.orchestra.run.smithi033.stdout:/usr/bin/ceph: stderr
2024-04-25T16:21:14.801+0000 7f6b4f400700 1 --2- 172.21.15.33:0/3174048686 >> [v2:172.21.15.33:6800/2558240783,v1:172.21.15.33:6801/2558240783] conn(0x7f6b3403d5c0 0x7f6b3403fad0 unknown :-1 s=START_CONNECT pgs=0 cs=0 l=1 rev1=0 crypto rx=0 tx=0 comp rx=0 tx=0)._fault waiting 0.400000
2024-04-25T16:21:16.204 INFO:teuthology.orchestra.run.smithi033.stdout:/usr/bin/ceph: stderr
2024-04-25T16:21:14.936+0000 7f6b57200700 1 -- 172.21.15.33:0/3174048686 --> [v2:172.21.15.33:3300/0,v1:172.21.15.33:6789/0] -- mon_command({"prefix": "mgr stat"} v 0) -- 0x7f6b501a34c0 con 0x7f6b5007ee70
2024-04-25T16:21:16.204 INFO:teuthology.orchestra.run.smithi033.stdout:/usr/bin/ceph: stderr
2024-04-25T16:21:14.937+0000 7f6b4cc00700 1 -- 172.21.15.33:0/3174048686 <== mon.0 v2:172.21.15.33:3300/0 7 ==== mon_command_ack([{"prefix": "mgr stat"}]=0 v9) ==== 56+0+88 (secure 0 0 0) 0x7f6b4002a350 con 0x7f6b5007ee70
2024-04-25T16:21:16.204 INFO:teuthology.orchestra.run.smithi033.stdout:/usr/bin/ceph: stderr
2024-04-25T16:21:14.941+0000 7f6b57200700 1 -- 172.21.15.33:0/3174048686 >> [v2:172.21.15.33:6800/2558240783,v1:172.21.15.33:6801/2558240783] conn(0x7f6b3403d5c0 msgr2=0x7f6b3403fad0 unknown :-1 s=STATE_CONNECTING l=1).mark_down
2024-04-25T16:21:16.204 INFO:teuthology.orchestra.run.smithi033.stdout:/usr/bin/ceph: stderr
2024-04-25T16:21:14.941+0000 7f6b57200700 1 --2- 172.21.15.33:0/3174048686 >> [v2:172.21.15.33:6800/2558240783,v1:172.21.15.33:6801/2558240783] conn(0x7f6b3403d5c0 0x7f6b3403fad0 unknown :-1 s=START_CONNECT pgs=0 cs=0 l=1 rev1=0 crypto rx=0 tx=0 comp rx=0 tx=0).stop
2024-04-25T16:21:16.204 INFO:teuthology.orchestra.run.smithi033.stdout:/usr/bin/ceph: stderr
2024-04-25T16:21:14.941+0000 7f6b57200700 1 -- 172.21.15.33:0/3174048686 >> [v2:172.21.15.33:3300/0,v1:172.21.15.33:6789/0] conn(0x7f6b5007ee70 msgr2=0x7f6b5019ff10 secure :-1 s=STATE_CONNECTION_ESTABLISHED l=1).mark_down
2024-04-25T16:21:16.205 INFO:teuthology.orchestra.run.smithi033.stdout:/usr/bin/ceph: stderr
2024-04-25T16:21:14.941+0000 7f6b57200700 1 --2- 172.21.15.33:0/3174048686 >> [v2:172.21.15.33:3300/0,v1:172.21.15.33:6789/0] conn(0x7f6b5007ee70 0x7f6b5019ff10 secure :-1 s=READY pgs=60 cs=0 l=1 rev1=1 crypto rx=0x7f6b40009520 tx=0x7f6b40011aa0 comp rx=0 tx=0).stop
2024-04-25T16:21:16.205 INFO:teuthology.orchestra.run.smithi033.stdout:/usr/bin/ceph: stderr
2024-04-25T16:21:14.942+0000 7f6b57200700 1 -- 172.21.15.33:0/3174048686 shutdown_connections
2024-04-25T16:21:16.205 INFO:teuthology.orchestra.run.smithi033.stdout:/usr/bin/ceph: stderr
2024-04-25T16:21:14.942+0000 7f6b57200700 1 --2- 172.21.15.33:0/3174048686 >> [v2:172.21.15.33:6800/2558240783,v1:172.21.15.33:6801/2558240783] conn(0x7f6b3403d5c0 0x7f6b3403fad0 unknown :-1 s=CLOSED pgs=0 cs=0 l=1 rev1=0 crypto rx=0 tx=0 comp rx=0 tx=0).stop
2024-04-25T16:21:16.206 INFO:teuthology.orchestra.run.smithi033.stdout:/usr/bin/ceph: stderr
2024-04-25T16:21:14.942+0000 7f6b57200700 1 --2- 172.21.15.33:0/3174048686 >> [v2:172.21.15.33:3300/0,v1:172.21.15.33:6789/0] conn(0x7f6b5007ee70 0x7f6b5019ff10 unknown :-1 s=CLOSED pgs=60 cs=0 l=1 rev1=1 crypto rx=0 tx=0 comp rx=0 tx=0).stop
2024-04-25T16:21:16.206 INFO:teuthology.orchestra.run.smithi033.stdout:/usr/bin/ceph: stderr
2024-04-25T16:21:14.942+0000 7f6b57200700 1 -- 172.21.15.33:0/3174048686 >> 172.21.15.33:0/3174048686 conn(0x7f6b50104f20 msgr2=0x7f6b50105830 unknown :-1 s=STATE_NONE l=0).mark_down
2024-04-25T16:21:16.206 INFO:teuthology.orchestra.run.smithi033.stdout:/usr/bin/ceph: stderr
2024-04-25T16:21:14.942+0000 7f6b57200700 1 -- 172.21.15.33:0/3174048686 shutdown_connections
2024-04-25T16:21:16.206 INFO:teuthology.orchestra.run.smithi033.stdout:/usr/bin/ceph: stderr
2024-04-25T16:21:14.942+0000 7f6b57200700 1 -- 172.21.15.33:0/3174048686 wait complete.
2024-04-25T16:21:16.206 INFO:teuthology.orchestra.run.smithi033.stdout:Waiting for the mgr to restart...
2024-04-25T16:21:16.206 INFO:teuthology.orchestra.run.smithi033.stdout:Waiting for mgr epoch 9...
2024-04-25T16:21:16.439 INFO:journalctl@ceph.mgr.x.smithi033.stdout:Apr 25 16:21:16 smithi033 ceph-7ee31106-031f-11ef-bc93-c7b262605968-mgr-x[28086]:
2024-04-25T16:21:16.191+0000 7fb2cd5d7200 -1 mgr[py] Module telegraf has missing NOTIFY_TYPES member
2024-04-25T16:21:16.440 INFO:journalctl@ceph.mgr.x.smithi033.stdout:Apr 25 16:21:16 smithi033 ceph-7ee31106-031f-11ef-bc93-c7b262605968-mgr-x[28086]:
2024-04-25T16:21:16.437+0000 7fb2cd5d7200 -1 mgr[py] Module osd_support has missing NOTIFY_TYPES member
2024-04-25T16:21:16.743 INFO:journalctl@ceph.mgr.x.smithi033.stdout:Apr 25 16:21:16 smithi033 ceph-7ee31106-031f-11ef-bc93-c7b262605968-mgr-x[28086]:
2024-04-25T16:21:16.664+0000 7fb2cd5d7200 -1 mgr[py] Module iostat has missing NOTIFY_TYPES member
2024-04-25T16:21:17.484 INFO:journalctl@ceph.mgr.x.smithi033.stdout:Apr 25 16:21:17 smithi033 ceph-7ee31106-031f-11ef-bc93-c7b262605968-mgr-x[28086]:
2024-04-25T16:21:17.087+0000 7fb2cd5d7200 -1 mgr[py] Module alerts has missing NOTIFY_TYPES member
2024-04-25T16:21:17.484 INFO:journalctl@ceph.mgr.x.smithi033.stdout:Apr 25 16:21:17 smithi033 ceph-7ee31106-031f-11ef-bc93-c7b262605968-mgr-x[28086]:
2024-04-25T16:21:17.224+0000 7fb2cd5d7200 -1 mgr[py] Module selftest has missing NOTIFY_TYPES member
2024-04-25T16:21:17.753 INFO:journalctl@ceph.mgr.x.smithi033.stdout:Apr 25 16:21:17 smithi033 ceph-7ee31106-031f-11ef-bc93-c7b262605968-mgr-x[28086]:
2024-04-25T16:21:17.486+0000 7fb2cd5d7200 -1 mgr[py] Module pg_autoscaler has missing NOTIFY_TYPES member
2024-04-25T16:21:17.754 INFO:journalctl@ceph.mgr.x.smithi033.stdout:Apr 25 16:21:17 smithi033 ceph-7ee31106-031f-11ef-bc93-c7b262605968-mgr-x[28086]:
2024-04-25T16:21:17.750+0000 7fb2cd5d7200 -1 mgr[py] Module test_orchestrator has missing NOTIFY_TYPES member
2024-04-25T16:21:18.828 INFO:journalctl@ceph.mgr.x.smithi033.stdout:Apr 25 16:21:18 smithi033 ceph-7ee31106-031f-11ef-bc93-c7b262605968-mgr-x[28086]:
2024-04-25T16:21:18.569+0000 7fb2cd5d7200 -1 mgr[py] Module rook has missing NOTIFY_TYPES member
2024-04-25T16:21:19.564 INFO:journalctl@ceph.mgr.x.smithi033.stdout:Apr 25 16:21:19 smithi033 ceph-7ee31106-031f-11ef-bc93-c7b262605968-mgr-x[28086]:
2024-04-25T16:21:19.150+0000 7fb2cd5d7200 -1 mgr[py] Module volumes has missing NOTIFY_TYPES member
2024-04-25T16:21:19.564 INFO:journalctl@ceph.mgr.x.smithi033.stdout:Apr 25 16:21:19 smithi033 ceph-7ee31106-031f-11ef-bc93-c7b262605968-mgr-x[28086]:
2024-04-25T16:21:19.283+0000 7fb2cd5d7200 -1 mgr[py] Module crash has missing NOTIFY_TYPES member
2024-04-25T16:21:20.234 INFO:journalctl@ceph.mgr.x.smithi033.stdout:Apr 25 16:21:19 smithi033 ceph-7ee31106-031f-11ef-bc93-c7b262605968-mgr-x[28086]:
2024-04-25T16:21:19.561+0000 7fb2cd5d7200 -1 mgr[py] Module rgw has missing NOTIFY_TYPES member
2024-04-25T16:21:20.578 INFO:journalctl@ceph.mgr.x.smithi033.stdout:Apr 25 16:21:20 smithi033 ceph-7ee31106-031f-11ef-bc93-c7b262605968-mgr-x[28086]:
2024-04-25T16:21:20.232+0000 7fb2cd5d7200 -1 mgr[py] Module prometheus has missing NOTIFY_TYPES member
2024-04-25T16:21:20.579 INFO:journalctl@ceph.mgr.x.smithi033.stdout:Apr 25 16:21:20 smithi033 ceph-7ee31106-031f-11ef-bc93-c7b262605968-mgr-x[28086]:
2024-04-25T16:21:20.362+0000 7fb2cd5d7200 -1 mgr[py] Module devicehealth has missing NOTIFY_TYPES member
2024-04-25T16:21:21.023 INFO:journalctl@ceph.mgr.x.smithi033.stdout:Apr 25 16:21:20 smithi033 ceph-7ee31106-031f-11ef-bc93-c7b262605968-mgr-x[28086]:
2024-04-25T16:21:20.700+0000 7fb2cd5d7200 -1 mgr[py] Module telemetry has missing NOTIFY_TYPES member
2024-04-25T16:21:21.023 INFO:journalctl@ceph.mgr.x.smithi033.stdout:Apr 25 16:21:20 smithi033 ceph-7ee31106-031f-11ef-bc93-c7b262605968-mgr-x[28086]:
2024-04-25T16:21:20.886+0000 7fb2cd5d7200 -1 mgr[py] Module diskprediction_local has missing NOTIFY_TYPES member
2024-04-25T16:21:21.023 INFO:journalctl@ceph.mgr.x.smithi033.stdout:Apr 25 16:21:21 smithi033 ceph-7ee31106-031f-11ef-bc93-c7b262605968-mgr-x[28086]:
2024-04-25T16:21:21.020+0000 7fb2cd5d7200 -1 mgr[py] Module osd_perf_query has missing NOTIFY_TYPES member
2024-04-25T16:21:21.328 INFO:journalctl@ceph.mgr.x.smithi033.stdout:Apr 25 16:21:21 smithi033 ceph-7ee31106-031f-11ef-bc93-c7b262605968-mgr-x[28086]:
2024-04-25T16:21:21.180+0000 7fb2cd5d7200 -1 mgr[py] Module rbd_support has missing NOTIFY_TYPES member
2024-04-25T16:21:21.828 INFO:journalctl@ceph.mgr.x.smithi033.stdout:Apr 25 16:21:21 smithi033 ceph-7ee31106-031f-11ef-bc93-c7b262605968-mgr-x[28086]:
2024-04-25T16:21:21.562+0000 7fb2cd5d7200 -1 mgr[py] Module zabbix has missing NOTIFY_TYPES member
2024-04-25T16:21:22.669 INFO:journalctl@ceph.mgr.x.smithi033.stdout:Apr 25 16:21:22 smithi033 ceph-7ee31106-031f-11ef-bc93-c7b262605968-mgr-x[28086]:
2024-04-25T16:21:22.364+0000 7fb2cd5d7200 -1 mgr[py] Module status has missing NOTIFY_TYPES member
2024-04-25T16:21:23.078 INFO:journalctl@ceph.mgr.x.smithi033.stdout:Apr 25 16:21:22 smithi033 ceph-7ee31106-031f-11ef-bc93-c7b262605968-mgr-x[28086]:
2024-04-25T16:21:22.667+0000 7fb2cd5d7200 -1 mgr[py] Module nfs has missing NOTIFY_TYPES member
2024-04-25T16:21:23.078 INFO:journalctl@ceph.mon.a.smithi033.stdout:Apr 25 16:21:22 smithi033 ceph-mon[27865]: Active manager daemon x restarted
2024-04-25T16:21:23.078 INFO:journalctl@ceph.mon.a.smithi033.stdout:Apr 25 16:21:22 smithi033 ceph-mon[27865]: Activating manager daemon x
2024-04-25T16:21:23.078 INFO:journalctl@ceph.mon.a.smithi033.stdout:Apr 25 16:21:22 smithi033 ceph-mon[27865]: osdmap e3: 0 total, 0 up, 0 in
2024-04-25T16:21:23.079 INFO:journalctl@ceph.mon.a.smithi033.stdout:Apr 25 16:21:22 smithi033 ceph-mon[27865]: mgrmap e10: x(active, starting, since 0.0124569s)
2024-04-25T16:21:23.079 INFO:journalctl@ceph.mon.a.smithi033.stdout:Apr 25 16:21:22 smithi033 ceph-mon[27865]: from='mgr.14152 172.21.15.33:0/3902942571' entity='mgr.x' cmd=[{"prefix": "mon metadata", "id": "a"}]: dispatch
2024-04-25T16:21:23.079 INFO:journalctl@ceph.mon.a.smithi033.stdout:Apr 25 16:21:22 smithi033 ceph-mon[27865]: from='mgr.14152 172.21.15.33:0/3902942571' entity='mgr.x' cmd=[{"prefix": "mgr metadata", "who": "x", "id": "x"}]: dispatch
2024-04-25T16:21:23.079 INFO:journalctl@ceph.mon.a.smithi033.stdout:Apr 25 16:21:22 smithi033 ceph-mon[27865]: from='mgr.14152 172.21.15.33:0/3902942571' entity='mgr.x' cmd=[{"prefix": "mds metadata"}]: dispatch
2024-04-25T16:21:23.079 INFO:journalctl@ceph.mon.a.smithi033.stdout:Apr 25 16:21:22 smithi033 ceph-mon[27865]: from='mgr.14152 172.21.15.33:0/3902942571' entity='mgr.x' cmd=[{"prefix": "osd metadata"}]: dispatch
2024-04-25T16:21:23.079 INFO:journalctl@ceph.mon.a.smithi033.stdout:Apr 25 16:21:22 smithi033 ceph-mon[27865]: from='mgr.14152 172.21.15.33:0/3902942571' entity='mgr.x' cmd=[{"prefix": "mon metadata"}]: dispatch
2024-04-25T16:21:23.079 INFO:journalctl@ceph.mon.a.smithi033.stdout:Apr 25 16:21:22 smithi033 ceph-mon[27865]: Manager daemon x is now available
2024-04-25T16:21:24.076 INFO:journalctl@ceph.mon.a.smithi033.stdout:Apr 25 16:21:23 smithi033 ceph-mon[27865]: from='mgr.14152 172.21.15.33:0/3902942571' entity='mgr.x' cmd=[{"prefix": "config dump", "format": "json"}]: dispatch
2024-04-25T16:21:24.077 INFO:journalctl@ceph.mon.a.smithi033.stdout:Apr 25 16:21:23 smithi033 ceph-mon[27865]: from='mgr.14152 172.21.15.33:0/3902942571' entity='mgr.x' cmd=[{"prefix":"config rm","who":"mgr","name":"mgr/rbd_support/x/mirror_snapshot_schedule"}]: dispatch
2024-04-25T16:21:24.077 INFO:journalctl@ceph.mon.a.smithi033.stdout:Apr 25 16:21:23 smithi033 ceph-mon[27865]: from='mgr.14152 172.21.15.33:0/3902942571' entity='mgr.x' cmd=[{"prefix":"config rm","who":"mgr","name":"mgr/rbd_support/x/trash_purge_schedule"}]: dispatch
2024-04-25T16:21:24.077 INFO:journalctl@ceph.mon.a.smithi033.stdout:Apr 25 16:21:23 smithi033 ceph-mon[27865]: mgrmap e11: x(active, since 1.01311s)
2024-04-25T16:21:24.365 INFO:teuthology.orchestra.run.smithi033.stdout:/usr/bin/ceph: stdout {
2024-04-25T16:21:24.365 INFO:teuthology.orchestra.run.smithi033.stdout:/usr/bin/ceph: stdout "mgrmap_epoch": 11,
2024-04-25T16:21:24.365 INFO:teuthology.orchestra.run.smithi033.stdout:/usr/bin/ceph: stdout "initialized": true
2024-04-25T16:21:24.365 INFO:teuthology.orchestra.run.smithi033.stdout:/usr/bin/ceph: stdout }
2024-04-25T16:21:24.365 INFO:teuthology.orchestra.run.smithi033.stdout:/usr/bin/ceph: stderr
2024-04-25T16:21:16.871+0000 7f7bc6c00700 1 Processor -- start
2024-04-25T16:21:24.366 INFO:teuthology.orchestra.run.smithi033.stdout:/usr/bin/ceph: stderr
2024-04-25T16:21:16.871+0000 7f7bc6c00700 1 -- start start
2024-04-25T16:21:24.366 INFO:teuthology.orchestra.run.smithi033.stdout:/usr/bin/ceph: stderr
2024-04-25T16:21:16.871+0000 7f7bc6c00700 1 --2- >> [v2:172.21.15.33:3300/0,v1:172.21.15.33:6789/0] conn(0x7f7bc010a400 0x7f7bc010c820 unknown :-1 s=NONE pgs=0 cs=0 l=0 rev1=0 crypto rx=0 tx=0 comp rx=0 tx=0).connect
2024-04-25T16:21:24.366 INFO:teuthology.orchestra.run.smithi033.stdout:/usr/bin/ceph: stderr
2024-04-25T16:21:16.871+0000 7f7bc6c00700 1 -- --> [v2:172.21.15.33:3300/0,v1:172.21.15.33:6789/0] -- mon_getmap magic: 0 -- 0x7f7bc007ce40 con 0x7f7bc010a400
2024-04-25T16:21:24.366 INFO:teuthology.orchestra.run.smithi033.stdout:/usr/bin/ceph: stderr
2024-04-25T16:21:16.872+0000 7f7bbfe00700 1 --2- >> [v2:172.21.15.33:3300/0,v1:172.21.15.33:6789/0] conn(0x7f7bc010a400 0x7f7bc010c820 unknown :-1 s=BANNER_CONNECTING pgs=0 cs=0 l=0 rev1=0 crypto rx=0 tx=0 comp rx=0 tx=0)._handle_peer_banner_payload supported=3 required=0
2024-04-25T16:21:24.366 INFO:teuthology.orchestra.run.smithi033.stdout:/usr/bin/ceph: stderr
2024-04-25T16:21:16.872+0000 7f7bbfe00700 1 --2- >> [v2:172.21.15.33:3300/0,v1:172.21.15.33:6789/0] conn(0x7f7bc010a400 0x7f7bc010c820 unknown :-1 s=HELLO_CONNECTING pgs=0 cs=0 l=0 rev1=1 crypto rx=0 tx=0 comp rx=0 tx=0).handle_hello peer v2:172.21.15.33:3300/0 says I am v2:172.21.15.33:42798/0 (socket says 172.21.15.33:42798)
2024-04-25T16:21:24.366 INFO:teuthology.orchestra.run.smithi033.stdout:/usr/bin/ceph: stderr
2024-04-25T16:21:16.872+0000 7f7bbfe00700 1 -- 172.21.15.33:0/3636718257 learned_addr learned my addr 172.21.15.33:0/3636718257 (peer_addr_for_me v2:172.21.15.33:0/0)
2024-04-25T16:21:24.366 INFO:teuthology.orchestra.run.smithi033.stdout:/usr/bin/ceph: stderr
2024-04-25T16:21:16.872+0000 7f7bbfe00700 1 -- 172.21.15.33:0/3636718257 --> [v2:172.21.15.33:3300/0,v1:172.21.15.33:6789/0] -- mon_subscribe({config=0+,monmap=0+}) -- 0x7f7bc010cd60 con 0x7f7bc010a400
2024-04-25T16:21:24.370 INFO:teuthology.orchestra.run.smithi033.stdout:/usr/bin/ceph: stderr
2024-04-25T16:21:16.873+0000 7f7bbfe00700 1 --2- 172.21.15.33:0/3636718257 >> [v2:172.21.15.33:3300/0,v1:172.21.15.33:6789/0] conn(0x7f7bc010a400 0x7f7bc010c820 secure :-1 s=READY pgs=61 cs=0 l=1 rev1=1 crypto rx=0x7f7bb00098a0 tx=0x7f7bb0009bb0 comp rx=0 tx=0).ready entity=mon.0 client_cookie=45db052444f236a8 server_cookie=0 in_seq=0 out_seq=0
2024-04-25T16:21:24.370 INFO:teuthology.orchestra.run.smithi033.stdout:/usr/bin/ceph: stderr
2024-04-25T16:21:16.873+0000 7f7bbea00700 1 -- 172.21.15.33:0/3636718257 <== mon.0 v2:172.21.15.33:3300/0 1 ==== mon_map magic: 0 ==== 205+0+0 (secure 0 0 0) 0x7f7bb0004160 con 0x7f7bc010a400
2024-04-25T16:21:24.370 INFO:teuthology.orchestra.run.smithi033.stdout:/usr/bin/ceph: stderr
2024-04-25T16:21:16.873+0000 7f7bbea00700 1 -- 172.21.15.33:0/3636718257 <== mon.0 v2:172.21.15.33:3300/0 2 ==== config(26 keys) ==== 1101+0+0 (secure 0 0 0) 0x7f7bb0004300 con 0x7f7bc010a400
2024-04-25T16:21:24.370 INFO:teuthology.orchestra.run.smithi033.stdout:/usr/bin/ceph: stderr
2024-04-25T16:21:16.873+0000 7f7bbea00700 1 -- 172.21.15.33:0/3636718257 <== mon.0 v2:172.21.15.33:3300/0 3 ==== mon_map magic: 0 ==== 205+0+0 (secure 0 0 0) 0x7f7bb0011a20 con 0x7f7bc010a400
2024-04-25T16:21:24.371 INFO:teuthology.orchestra.run.smithi033.stdout:/usr/bin/ceph: stderr
2024-04-25T16:21:16.874+0000 7f7bc6c00700 1 -- 172.21.15.33:0/3636718257 >> [v2:172.21.15.33:3300/0,v1:172.21.15.33:6789/0] conn(0x7f7bc010a400 msgr2=0x7f7bc010c820 secure :-1 s=STATE_CONNECTION_ESTABLISHED l=1).mark_down
2024-04-25T16:21:24.371 INFO:teuthology.orchestra.run.smithi033.stdout:/usr/bin/ceph: stderr
2024-04-25T16:21:16.874+0000 7f7bc6c00700 1 --2- 172.21.15.33:0/3636718257 >> [v2:172.21.15.33:3300/0,v1:172.21.15.33:6789/0] conn(0x7f7bc010a400 0x7f7bc010c820 secure :-1 s=READY pgs=61 cs=0 l=1 rev1=1 crypto rx=0x7f7bb00098a0 tx=0x7f7bb0009bb0 comp rx=0 tx=0).stop
2024-04-25T16:21:24.371 INFO:teuthology.orchestra.run.smithi033.stdout:/usr/bin/ceph: stderr
2024-04-25T16:21:16.874+0000 7f7bc6c00700 1 -- 172.21.15.33:0/3636718257 shutdown_connections
2024-04-25T16:21:24.371 INFO:teuthology.orchestra.run.smithi033.stdout:/usr/bin/ceph: stderr
2024-04-25T16:21:16.874+0000 7f7bc6c00700 1 --2- 172.21.15.33:0/3636718257 >> [v2:172.21.15.33:3300/0,v1:172.21.15.33:6789/0] conn(0x7f7bc010a400 0x7f7bc010c820 unknown :-1 s=CLOSED pgs=61 cs=0 l=1 rev1=1 crypto rx=0 tx=0 comp rx=0 tx=0).stop
2024-04-25T16:21:24.371 INFO:teuthology.orchestra.run.smithi033.stdout:/usr/bin/ceph: stderr
2024-04-25T16:21:16.874+0000 7f7bc6c00700 1 -- 172.21.15.33:0/3636718257 >> 172.21.15.33:0/3636718257 conn(0x7f7bc0103e00 msgr2=0x7f7bc01062b0 unknown :-1 s=STATE_NONE l=0).mark_down
2024-04-25T16:21:24.371 INFO:teuthology.orchestra.run.smithi033.stdout:/usr/bin/ceph: stderr
2024-04-25T16:21:16.874+0000 7f7bc6c00700 1 -- 172.21.15.33:0/3636718257 shutdown_connections
2024-04-25T16:21:24.371 INFO:teuthology.orchestra.run.smithi033.stdout:/usr/bin/ceph: stderr
2024-04-25T16:21:16.874+0000 7f7bc6c00700 1 -- 172.21.15.33:0/3636718257 wait complete.
2024-04-25T16:21:24.371 INFO:teuthology.orchestra.run.smithi033.stdout:/usr/bin/ceph: stderr
2024-04-25T16:21:16.875+0000 7f7bc6c00700 1 Processor -- start
2024-04-25T16:21:24.371 INFO:teuthology.orchestra.run.smithi033.stdout:/usr/bin/ceph: stderr
2024-04-25T16:21:16.875+0000 7f7bc6c00700 1 -- start start
2024-04-25T16:21:24.371 INFO:teuthology.orchestra.run.smithi033.stdout:/usr/bin/ceph: stderr
2024-04-25T16:21:16.876+0000 7f7bc6c00700 1 --2- >> [v2:172.21.15.33:3300/0,v1:172.21.15.33:6789/0] conn(0x7f7bc010a400 0x7f7bc019fe70 unknown :-1 s=NONE pgs=0 cs=0 l=1 rev1=0 crypto rx=0 tx=0 comp rx=0 tx=0).connect
2024-04-25T16:21:24.371 INFO:teuthology.orchestra.run.smithi033.stdout:/usr/bin/ceph: stderr
2024-04-25T16:21:16.876+0000 7f7bc6c00700 1 -- --> [v2:172.21.15.33:3300/0,v1:172.21.15.33:6789/0] -- mon_getmap magic: 0 -- 0x7f7bc010dd00 con 0x7f7bc010a400
2024-04-25T16:21:24.371 INFO:teuthology.orchestra.run.smithi033.stdout:/usr/bin/ceph: stderr
2024-04-25T16:21:16.876+0000 7f7bbfe00700 1 --2- >> [v2:172.21.15.33:3300/0,v1:172.21.15.33:6789/0] conn(0x7f7bc010a400 0x7f7bc019fe70 unknown :-1 s=BANNER_CONNECTING pgs=0 cs=0 l=1 rev1=0 crypto rx=0 tx=0 comp rx=0 tx=0)._handle_peer_banner_payload supported=3 required=0
2024-04-25T16:21:24.371 INFO:teuthology.orchestra.run.smithi033.stdout:/usr/bin/ceph: stderr
2024-04-25T16:21:16.876+0000 7f7bbfe00700 1 --2- >> [v2:172.21.15.33:3300/0,v1:172.21.15.33:6789/0] conn(0x7f7bc010a400 0x7f7bc019fe70 unknown :-1 s=HELLO_CONNECTING pgs=0 cs=0 l=1 rev1=1 crypto rx=0 tx=0 comp rx=0 tx=0).handle_hello peer v2:172.21.15.33:3300/0 says I am v2:172.21.15.33:42800/0 (socket says 172.21.15.33:42800)
2024-04-25T16:21:24.372 INFO:teuthology.orchestra.run.smithi033.stdout:/usr/bin/ceph: stderr
2024-04-25T16:21:16.876+0000 7f7bbfe00700 1 -- 172.21.15.33:0/78985910 learned_addr learned my addr 172.21.15.33:0/78985910 (peer_addr_for_me v2:172.21.15.33:0/0)
2024-04-25T16:21:24.372 INFO:teuthology.orchestra.run.smithi033.stdout:/usr/bin/ceph: stderr
2024-04-25T16:21:16.876+0000 7f7bbfe00700 1 -- 172.21.15.33:0/78985910 --> [v2:172.21.15.33:3300/0,v1:172.21.15.33:6789/0] -- mon_subscribe({config=0+,monmap=0+}) -- 0x7f7bc01a03b0 con 0x7f7bc010a400
2024-04-25T16:21:24.372 INFO:teuthology.orchestra.run.smithi033.stdout:/usr/bin/ceph: stderr
2024-04-25T16:21:16.877+0000 7f7bbfe00700 1 --2- 172.21.15.33:0/78985910 >> [v2:172.21.15.33:3300/0,v1:172.21.15.33:6789/0] conn(0x7f7bc010a400 0x7f7bc019fe70 secure :-1 s=READY pgs=62 cs=0 l=1 rev1=1 crypto rx=0x7f7bb0000c00 tx=0x7f7bb0011aa0 comp rx=0 tx=0).ready entity=mon.0 client_cookie=0 server_cookie=0 in_seq=0 out_seq=0
2024-04-25T16:21:24.372 INFO:teuthology.orchestra.run.smithi033.stdout:/usr/bin/ceph: stderr
2024-04-25T16:21:16.877+0000 7f7bbcc00700 1 -- 172.21.15.33:0/78985910 <== mon.0 v2:172.21.15.33:3300/0 1 ==== mon_map magic: 0 ==== 205+0+0 (secure 0 0 0) 0x7f7bb0003aa0 con 0x7f7bc010a400
2024-04-25T16:21:24.372 INFO:teuthology.orchestra.run.smithi033.stdout:/usr/bin/ceph: stderr
2024-04-25T16:21:16.877+0000 7f7bc6c00700 1 -- 172.21.15.33:0/78985910 --> [v2:172.21.15.33:3300/0,v1:172.21.15.33:6789/0] -- mon_subscribe({mgrmap=0+}) -- 0x7f7bc01a0640 con 0x7f7bc010a400
2024-04-25T16:21:24.372 INFO:teuthology.orchestra.run.smithi033.stdout:/usr/bin/ceph: stderr
2024-04-25T16:21:16.877+0000 7f7bbcc00700 1 -- 172.21.15.33:0/78985910 <== mon.0 v2:172.21.15.33:3300/0 2 ==== config(26 keys) ==== 1101+0+0 (secure 0 0 0) 0x7f7bb001b8f0 con 0x7f7bc010a400
2024-04-25T16:21:24.372 INFO:teuthology.orchestra.run.smithi033.stdout:/usr/bin/ceph: stderr
2024-04-25T16:21:16.877+0000 7f7bbcc00700 1 -- 172.21.15.33:0/78985910 <== mon.0 v2:172.21.15.33:3300/0 3 ==== mon_map magic: 0 ==== 205+0+0 (secure 0 0 0) 0x7f7bb0023890 con 0x7f7bc010a400
2024-04-25T16:21:24.372 INFO:teuthology.orchestra.run.smithi033.stdout:/usr/bin/ceph: stderr
2024-04-25T16:21:16.877+0000 7f7bc6c00700 1 -- 172.21.15.33:0/78985910 --> [v2:172.21.15.33:3300/0,v1:172.21.15.33:6789/0] -- mon_subscribe({osdmap=0}) -- 0x7f7bc01a3250 con 0x7f7bc010a400
2024-04-25T16:21:24.372 INFO:teuthology.orchestra.run.smithi033.stdout:/usr/bin/ceph: stderr
2024-04-25T16:21:16.878+0000 7f7bbcc00700 1 -- 172.21.15.33:0/78985910 <== mon.0 v2:172.21.15.33:3300/0 4 ==== mgrmap(e 9) ==== 49529+0+0 (secure 0 0 0) 0x7f7bb002c3f0 con 0x7f7bc010a400
2024-04-25T16:21:24.372 INFO:teuthology.orchestra.run.smithi033.stdout:/usr/bin/ceph: stderr
2024-04-25T16:21:16.879+0000 7f7bbcc00700 1 --2- 172.21.15.33:0/78985910 >> [v2:172.21.15.33:6800/2558240783,v1:172.21.15.33:6801/2558240783] conn(0x7f7ba403d5c0 0x7f7ba403fad0 unknown :-1 s=NONE pgs=0 cs=0 l=1 rev1=0 crypto rx=0 tx=0 comp rx=0 tx=0).connect
2024-04-25T16:21:24.372 INFO:teuthology.orchestra.run.smithi033.stdout:/usr/bin/ceph: stderr
2024-04-25T16:21:16.879+0000 7f7bbcc00700 1 -- 172.21.15.33:0/78985910 --> [v2:172.21.15.33:6800/2558240783,v1:172.21.15.33:6801/2558240783] -- command(tid 0: {"prefix": "get_command_descriptions"}) -- 0x7f7ba40401e0 con 0x7f7ba403d5c0
2024-04-25T16:21:24.372 INFO:teuthology.orchestra.run.smithi033.stdout:/usr/bin/ceph: stderr
2024-04-25T16:21:16.879+0000 7f7bbcc00700 1 -- 172.21.15.33:0/78985910 <== mon.0 v2:172.21.15.33:3300/0 5 ==== osd_map(2..2 src has 1..2) ==== 940+0+0 (secure 0 0 0) 0x7f7bb0052ef0 con 0x7f7bc010a400
2024-04-25T16:21:24.372 INFO:teuthology.orchestra.run.smithi033.stdout:/usr/bin/ceph: stderr
2024-04-25T16:21:16.879+0000 7f7bbf400700 1 -- 172.21.15.33:0/78985910 >> [v2:172.21.15.33:6800/2558240783,v1:172.21.15.33:6801/2558240783] conn(0x7f7ba403d5c0 msgr2=0x7f7ba403fad0 unknown :-1 s=STATE_CONNECTING_RE l=1).process reconnect failed to v2:172.21.15.33:6800/2558240783
2024-04-25T16:21:24.372 INFO:teuthology.orchestra.run.smithi033.stdout:/usr/bin/ceph: stderr
2024-04-25T16:21:16.879+0000 7f7bbf400700 1 --2- 172.21.15.33:0/78985910 >> [v2:172.21.15.33:6800/2558240783,v1:172.21.15.33:6801/2558240783] conn(0x7f7ba403d5c0 0x7f7ba403fad0 unknown :-1 s=START_CONNECT pgs=0 cs=0 l=1 rev1=0 crypto rx=0 tx=0 comp rx=0 tx=0)._fault waiting 0.200000
2024-04-25T16:21:24.373 INFO:teuthology.orchestra.run.smithi033.stdout:/usr/bin/ceph: stderr
2024-04-25T16:21:17.080+0000 7f7bbf400700 1 -- 172.21.15.33:0/78985910 >> [v2:172.21.15.33:6800/2558240783,v1:172.21.15.33:6801/2558240783] conn(0x7f7ba403d5c0 msgr2=0x7f7ba403fad0 unknown :-1 s=STATE_CONNECTING_RE l=1).process reconnect failed to v2:172.21.15.33:6800/2558240783
2024-04-25T16:21:24.373 INFO:teuthology.orchestra.run.smithi033.stdout:/usr/bin/ceph: stderr
2024-04-25T16:21:17.080+0000 7f7bbf400700 1 --2- 172.21.15.33:0/78985910 >> [v2:172.21.15.33:6800/2558240783,v1:172.21.15.33:6801/2558240783] conn(0x7f7ba403d5c0 0x7f7ba403fad0 unknown :-1 s=START_CONNECT pgs=0 cs=0 l=1 rev1=0 crypto rx=0 tx=0 comp rx=0 tx=0)._fault waiting 0.400000
2024-04-25T16:21:24.373 INFO:teuthology.orchestra.run.smithi033.stdout:/usr/bin/ceph: stderr
2024-04-25T16:21:17.481+0000 7f7bbf400700 1 -- 172.21.15.33:0/78985910 >> [v2:172.21.15.33:6800/2558240783,v1:172.21.15.33:6801/2558240783] conn(0x7f7ba403d5c0 msgr2=0x7f7ba403fad0 unknown :-1 s=STATE_CONNECTING_RE l=1).process reconnect failed to v2:172.21.15.33:6800/2558240783
2024-04-25T16:21:24.373 INFO:teuthology.orchestra.run.smithi033.stdout:/usr/bin/ceph: stderr
