2024-04-25T16:23:01.668+0000 7fb074ab1200 -1 mgr[py] Module progress has missing NOTIFY_TYPES member
2024-04-25T16:23:01.965 INFO:teuthology.orchestra.run.smithi098.stdout:/usr/bin/ceph: stderr
2024-04-25T16:23:00.001+0000 7f9691455700 1 Processor -- start
2024-04-25T16:23:01.970 INFO:teuthology.orchestra.run.smithi098.stdout:/usr/bin/ceph: stderr
2024-04-25T16:23:00.001+0000 7f9691455700 1 -- start start
2024-04-25T16:23:01.971 INFO:teuthology.orchestra.run.smithi098.stdout:/usr/bin/ceph: stderr
2024-04-25T16:23:00.002+0000 7f9691455700 1 --2- >> [v2:172.21.15.98:3300/0,v1:172.21.15.98:6789/0] conn(0x7f968c07ccb0 0x7f968c10c450 unknown :-1 s=NONE pgs=0 cs=0 l=0 rev1=0 crypto rx=0 tx=0 comp rx=0 tx=0).connect
2024-04-25T16:23:01.971 INFO:teuthology.orchestra.run.smithi098.stdout:/usr/bin/ceph: stderr
2024-04-25T16:23:00.002+0000 7f9691455700 1 -- --> [v2:172.21.15.98:3300/0,v1:172.21.15.98:6789/0] -- mon_getmap magic: 0 -- 0x7f968c10ca20 con 0x7f968c07ccb0
2024-04-25T16:23:01.971 INFO:teuthology.orchestra.run.smithi098.stdout:/usr/bin/ceph: stderr
2024-04-25T16:23:00.002+0000 7f968affd700 1 --2- >> [v2:172.21.15.98:3300/0,v1:172.21.15.98:6789/0] conn(0x7f968c07ccb0 0x7f968c10c450 unknown :-1 s=BANNER_CONNECTING pgs=0 cs=0 l=0 rev1=0 crypto rx=0 tx=0 comp rx=0 tx=0)._handle_peer_banner_payload supported=3 required=0
2024-04-25T16:23:01.971 INFO:teuthology.orchestra.run.smithi098.stdout:/usr/bin/ceph: stderr
2024-04-25T16:23:00.002+0000 7f968affd700 1 --2- >> [v2:172.21.15.98:3300/0,v1:172.21.15.98:6789/0] conn(0x7f968c07ccb0 0x7f968c10c450 unknown :-1 s=HELLO_CONNECTING pgs=0 cs=0 l=0 rev1=1 crypto rx=0 tx=0 comp rx=0 tx=0).handle_hello peer v2:172.21.15.98:3300/0 says I am v2:172.21.15.98:40176/0 (socket says 172.21.15.98:40176)
2024-04-25T16:23:01.971 INFO:teuthology.orchestra.run.smithi098.stdout:/usr/bin/ceph: stderr
2024-04-25T16:23:00.002+0000 7f968affd700 1 -- 172.21.15.98:0/2380399748 learned_addr learned my addr 172.21.15.98:0/2380399748 (peer_addr_for_me v2:172.21.15.98:0/0)
2024-04-25T16:23:01.971 INFO:teuthology.orchestra.run.smithi098.stdout:/usr/bin/ceph: stderr
2024-04-25T16:23:00.002+0000 7f968affd700 1 -- 172.21.15.98:0/2380399748 --> [v2:172.21.15.98:3300/0,v1:172.21.15.98:6789/0] -- mon_subscribe({config=0+,monmap=0+}) -- 0x7f968c10cba0 con 0x7f968c07ccb0
2024-04-25T16:23:01.971 INFO:teuthology.orchestra.run.smithi098.stdout:/usr/bin/ceph: stderr
2024-04-25T16:23:00.002+0000 7f968affd700 1 --2- 172.21.15.98:0/2380399748 >> [v2:172.21.15.98:3300/0,v1:172.21.15.98:6789/0] conn(0x7f968c07ccb0 0x7f968c10c450 secure :-1 s=READY pgs=53 cs=0 l=1 rev1=1 crypto rx=0x7f96800098a0 tx=0x7f9680009bb0 comp rx=0 tx=0).ready entity=mon.0 client_cookie=e373c033fad3e67a server_cookie=0 in_seq=0 out_seq=0
2024-04-25T16:23:01.971 INFO:teuthology.orchestra.run.smithi098.stdout:/usr/bin/ceph: stderr
2024-04-25T16:23:00.002+0000 7f9689ffb700 1 -- 172.21.15.98:0/2380399748 <== mon.0 v2:172.21.15.98:3300/0 1 ==== mon_map magic: 0 ==== 205+0+0 (secure 0 0 0) 0x7f9680004160 con 0x7f968c07ccb0
2024-04-25T16:23:01.971 INFO:teuthology.orchestra.run.smithi098.stdout:/usr/bin/ceph: stderr
2024-04-25T16:23:00.003+0000 7f9689ffb700 1 -- 172.21.15.98:0/2380399748 <== mon.0 v2:172.21.15.98:3300/0 2 ==== config(25 keys) ==== 1063+0+0 (secure 0 0 0) 0x7f9680004300 con 0x7f968c07ccb0
2024-04-25T16:23:01.971 INFO:teuthology.orchestra.run.smithi098.stdout:/usr/bin/ceph: stderr
2024-04-25T16:23:00.003+0000 7f9689ffb700 1 -- 172.21.15.98:0/2380399748 <== mon.0 v2:172.21.15.98:3300/0 3 ==== mon_map magic: 0 ==== 205+0+0 (secure 0 0 0) 0x7f9680011960 con 0x7f968c07ccb0
2024-04-25T16:23:01.971 INFO:teuthology.orchestra.run.smithi098.stdout:/usr/bin/ceph: stderr
2024-04-25T16:23:00.004+0000 7f9691455700 1 -- 172.21.15.98:0/2380399748 >> [v2:172.21.15.98:3300/0,v1:172.21.15.98:6789/0] conn(0x7f968c07ccb0 msgr2=0x7f968c10c450 secure :-1 s=STATE_CONNECTION_ESTABLISHED l=1).mark_down
2024-04-25T16:23:01.971 INFO:teuthology.orchestra.run.smithi098.stdout:/usr/bin/ceph: stderr
2024-04-25T16:23:00.004+0000 7f9691455700 1 --2- 172.21.15.98:0/2380399748 >> [v2:172.21.15.98:3300/0,v1:172.21.15.98:6789/0] conn(0x7f968c07ccb0 0x7f968c10c450 secure :-1 s=READY pgs=53 cs=0 l=1 rev1=1 crypto rx=0x7f96800098a0 tx=0x7f9680009bb0 comp rx=0 tx=0).stop
2024-04-25T16:23:01.972 INFO:teuthology.orchestra.run.smithi098.stdout:/usr/bin/ceph: stderr
2024-04-25T16:23:00.004+0000 7f9691455700 1 -- 172.21.15.98:0/2380399748 shutdown_connections
2024-04-25T16:23:01.972 INFO:teuthology.orchestra.run.smithi098.stdout:/usr/bin/ceph: stderr
2024-04-25T16:23:00.004+0000 7f9691455700 1 --2- 172.21.15.98:0/2380399748 >> [v2:172.21.15.98:3300/0,v1:172.21.15.98:6789/0] conn(0x7f968c07ccb0 0x7f968c10c450 unknown :-1 s=CLOSED pgs=53 cs=0 l=1 rev1=1 crypto rx=0 tx=0 comp rx=0 tx=0).stop
2024-04-25T16:23:01.972 INFO:teuthology.orchestra.run.smithi098.stdout:/usr/bin/ceph: stderr
2024-04-25T16:23:00.004+0000 7f9691455700 1 -- 172.21.15.98:0/2380399748 >> 172.21.15.98:0/2380399748 conn(0x7f968c103ee0 msgr2=0x7f968c106330 unknown :-1 s=STATE_NONE l=0).mark_down
2024-04-25T16:23:01.972 INFO:teuthology.orchestra.run.smithi098.stdout:/usr/bin/ceph: stderr
2024-04-25T16:23:00.004+0000 7f9691455700 1 -- 172.21.15.98:0/2380399748 shutdown_connections
2024-04-25T16:23:01.972 INFO:teuthology.orchestra.run.smithi098.stdout:/usr/bin/ceph: stderr
2024-04-25T16:23:00.004+0000 7f9691455700 1 -- 172.21.15.98:0/2380399748 wait complete.
2024-04-25T16:23:01.972 INFO:teuthology.orchestra.run.smithi098.stdout:/usr/bin/ceph: stderr
2024-04-25T16:23:00.005+0000 7f9691455700 1 Processor -- start
2024-04-25T16:23:01.972 INFO:teuthology.orchestra.run.smithi098.stdout:/usr/bin/ceph: stderr
2024-04-25T16:23:00.005+0000 7f9691455700 1 -- start start
2024-04-25T16:23:01.972 INFO:teuthology.orchestra.run.smithi098.stdout:/usr/bin/ceph: stderr
2024-04-25T16:23:00.005+0000 7f9691455700 1 --2- >> [v2:172.21.15.98:3300/0,v1:172.21.15.98:6789/0] conn(0x7f968c07ccb0 0x7f968c19db30 unknown :-1 s=NONE pgs=0 cs=0 l=1 rev1=0 crypto rx=0 tx=0 comp rx=0 tx=0).connect
2024-04-25T16:23:01.972 INFO:teuthology.orchestra.run.smithi098.stdout:/usr/bin/ceph: stderr
2024-04-25T16:23:00.005+0000 7f9691455700 1 -- --> [v2:172.21.15.98:3300/0,v1:172.21.15.98:6789/0] -- mon_getmap magic: 0 -- 0x7f968c10dc00 con 0x7f968c07ccb0
2024-04-25T16:23:01.972 INFO:teuthology.orchestra.run.smithi098.stdout:/usr/bin/ceph: stderr
2024-04-25T16:23:00.005+0000 7f968affd700 1 --2- >> [v2:172.21.15.98:3300/0,v1:172.21.15.98:6789/0] conn(0x7f968c07ccb0 0x7f968c19db30 unknown :-1 s=BANNER_CONNECTING pgs=0 cs=0 l=1 rev1=0 crypto rx=0 tx=0 comp rx=0 tx=0)._handle_peer_banner_payload supported=3 required=0
2024-04-25T16:23:01.972 INFO:teuthology.orchestra.run.smithi098.stdout:/usr/bin/ceph: stderr
2024-04-25T16:23:00.005+0000 7f968affd700 1 --2- >> [v2:172.21.15.98:3300/0,v1:172.21.15.98:6789/0] conn(0x7f968c07ccb0 0x7f968c19db30 unknown :-1 s=HELLO_CONNECTING pgs=0 cs=0 l=1 rev1=1 crypto rx=0 tx=0 comp rx=0 tx=0).handle_hello peer v2:172.21.15.98:3300/0 says I am v2:172.21.15.98:40186/0 (socket says 172.21.15.98:40186)
2024-04-25T16:23:01.972 INFO:teuthology.orchestra.run.smithi098.stdout:/usr/bin/ceph: stderr
2024-04-25T16:23:00.005+0000 7f968affd700 1 -- 172.21.15.98:0/3143554640 learned_addr learned my addr 172.21.15.98:0/3143554640 (peer_addr_for_me v2:172.21.15.98:0/0)
2024-04-25T16:23:01.972 INFO:teuthology.orchestra.run.smithi098.stdout:/usr/bin/ceph: stderr
2024-04-25T16:23:00.006+0000 7f968affd700 1 -- 172.21.15.98:0/3143554640 --> [v2:172.21.15.98:3300/0,v1:172.21.15.98:6789/0] -- mon_subscribe({config=0+,monmap=0+}) -- 0x7f968c19e070 con 0x7f968c07ccb0
2024-04-25T16:23:01.972 INFO:teuthology.orchestra.run.smithi098.stdout:/usr/bin/ceph: stderr
2024-04-25T16:23:00.006+0000 7f968affd700 1 --2- 172.21.15.98:0/3143554640 >> [v2:172.21.15.98:3300/0,v1:172.21.15.98:6789/0] conn(0x7f968c07ccb0 0x7f968c19db30 secure :-1 s=READY pgs=54 cs=0 l=1 rev1=1 crypto rx=0x7f9680011670 tx=0x7f9680011a30 comp rx=0 tx=0).ready entity=mon.0 client_cookie=0 server_cookie=0 in_seq=0 out_seq=0
2024-04-25T16:23:01.973 INFO:teuthology.orchestra.run.smithi098.stdout:/usr/bin/ceph: stderr
2024-04-25T16:23:00.006+0000 7f9673fff700 1 -- 172.21.15.98:0/3143554640 <== mon.0 v2:172.21.15.98:3300/0 1 ==== mon_map magic: 0 ==== 205+0+0 (secure 0 0 0) 0x7f9680003a60 con 0x7f968c07ccb0
2024-04-25T16:23:01.973 INFO:teuthology.orchestra.run.smithi098.stdout:/usr/bin/ceph: stderr
2024-04-25T16:23:00.006+0000 7f9673fff700 1 -- 172.21.15.98:0/3143554640 <== mon.0 v2:172.21.15.98:3300/0 2 ==== config(25 keys) ==== 1063+0+0 (secure 0 0 0) 0x7f968001b8d0 con 0x7f968c07ccb0
2024-04-25T16:23:01.973 INFO:teuthology.orchestra.run.smithi098.stdout:/usr/bin/ceph: stderr
2024-04-25T16:23:00.006+0000 7f9691455700 1 -- 172.21.15.98:0/3143554640 --> [v2:172.21.15.98:3300/0,v1:172.21.15.98:6789/0] -- mon_subscribe({mgrmap=0+}) -- 0x7f968c19e300 con 0x7f968c07ccb0
2024-04-25T16:23:01.973 INFO:teuthology.orchestra.run.smithi098.stdout:/usr/bin/ceph: stderr
2024-04-25T16:23:00.006+0000 7f9673fff700 1 -- 172.21.15.98:0/3143554640 <== mon.0 v2:172.21.15.98:3300/0 3 ==== mon_map magic: 0 ==== 205+0+0 (secure 0 0 0) 0x7f9680023790 con 0x7f968c07ccb0
2024-04-25T16:23:01.973 INFO:teuthology.orchestra.run.smithi098.stdout:/usr/bin/ceph: stderr
2024-04-25T16:23:00.006+0000 7f9691455700 1 -- 172.21.15.98:0/3143554640 --> [v2:172.21.15.98:3300/0,v1:172.21.15.98:6789/0] -- mon_subscribe({osdmap=0}) -- 0x7f968c1a0f10 con 0x7f968c07ccb0
2024-04-25T16:23:01.973 INFO:teuthology.orchestra.run.smithi098.stdout:/usr/bin/ceph: stderr
2024-04-25T16:23:00.007+0000 7f9691455700 1 -- 172.21.15.98:0/3143554640 --> [v2:172.21.15.98:3300/0,v1:172.21.15.98:6789/0] -- mon_command({"prefix": "get_command_descriptions"} v 0) -- 0x7f968c064cf0 con 0x7f968c07ccb0
2024-04-25T16:23:01.973 INFO:teuthology.orchestra.run.smithi098.stdout:/usr/bin/ceph: stderr
2024-04-25T16:23:00.007+0000 7f9673fff700 1 -- 172.21.15.98:0/3143554640 <== mon.0 v2:172.21.15.98:3300/0 4 ==== mgrmap(e 8) ==== 49516+0+0 (secure 0 0 0) 0x7f9680023a40 con 0x7f968c07ccb0
2024-04-25T16:23:01.973 INFO:teuthology.orchestra.run.smithi098.stdout:/usr/bin/ceph: stderr
2024-04-25T16:23:00.007+0000 7f9673fff700 1 --2- 172.21.15.98:0/3143554640 >> [v2:172.21.15.98:6800/217035597,v1:172.21.15.98:6801/217035597] conn(0x7f967403d680 0x7f967403fb90 unknown :-1 s=NONE pgs=0 cs=0 l=1 rev1=0 crypto rx=0 tx=0 comp rx=0 tx=0).connect
2024-04-25T16:23:01.973 INFO:teuthology.orchestra.run.smithi098.stdout:/usr/bin/ceph: stderr
2024-04-25T16:23:00.007+0000 7f9673fff700 1 -- 172.21.15.98:0/3143554640 <== mon.0 v2:172.21.15.98:3300/0 5 ==== osd_map(2..2 src has 1..2) ==== 940+0+0 (secure 0 0 0) 0x7f9680052d40 con 0x7f968c07ccb0
2024-04-25T16:23:01.973 INFO:teuthology.orchestra.run.smithi098.stdout:/usr/bin/ceph: stderr
2024-04-25T16:23:00.007+0000 7f968a7fc700 1 --2- 172.21.15.98:0/3143554640 >> [v2:172.21.15.98:6800/217035597,v1:172.21.15.98:6801/217035597] conn(0x7f967403d680 0x7f967403fb90 unknown :-1 s=BANNER_CONNECTING pgs=0 cs=0 l=1 rev1=0 crypto rx=0 tx=0 comp rx=0 tx=0)._handle_peer_banner_payload supported=3 required=0
2024-04-25T16:23:01.973 INFO:teuthology.orchestra.run.smithi098.stdout:/usr/bin/ceph: stderr
2024-04-25T16:23:00.008+0000 7f968a7fc700 1 --2- 172.21.15.98:0/3143554640 >> [v2:172.21.15.98:6800/217035597,v1:172.21.15.98:6801/217035597] conn(0x7f967403d680 0x7f967403fb90 secure :-1 s=READY pgs=16 cs=0 l=1 rev1=1 crypto rx=0x7f967c006fd0 tx=0x7f967c006e40 comp rx=0 tx=0).ready entity=mgr.14118 client_cookie=0 server_cookie=0 in_seq=0 out_seq=0
2024-04-25T16:23:01.973 INFO:teuthology.orchestra.run.smithi098.stdout:/usr/bin/ceph: stderr
2024-04-25T16:23:00.013+0000 7f9673fff700 1 -- 172.21.15.98:0/3143554640 <== mon.0 v2:172.21.15.98:3300/0 6 ==== mon_command_ack([{"prefix": "get_command_descriptions"}]=0 v0) ==== 72+0+188370 (secure 0 0 0) 0x7f968001f030 con 0x7f968c07ccb0
2024-04-25T16:23:01.973 INFO:teuthology.orchestra.run.smithi098.stdout:/usr/bin/ceph: stderr
2024-04-25T16:23:00.281+0000 7f9691455700 1 -- 172.21.15.98:0/3143554640 --> [v2:172.21.15.98:3300/0,v1:172.21.15.98:6789/0] -- mon_command({"prefix": "mgr module enable", "module": "dashboard"} v 0) -- 0x7f968c1a1510 con 0x7f968c07ccb0
2024-04-25T16:23:01.973 INFO:teuthology.orchestra.run.smithi098.stdout:/usr/bin/ceph: stderr
2024-04-25T16:23:00.829+0000 7f9673fff700 1 -- 172.21.15.98:0/3143554640 <== mon.0 v2:172.21.15.98:3300/0 7 ==== mon_command_ack([{"prefix": "mgr module enable", "module": "dashboard"}]=0 v9) ==== 88+0+0 (secure 0 0 0) 0x7f9680019e20 con 0x7f968c07ccb0
2024-04-25T16:23:01.974 INFO:teuthology.orchestra.run.smithi098.stdout:/usr/bin/ceph: stderr
2024-04-25T16:23:00.831+0000 7f9673fff700 1 -- 172.21.15.98:0/3143554640 <== mon.0 v2:172.21.15.98:3300/0 8 ==== mgrmap(e 9) ==== 49529+0+0 (secure 0 0 0) 0x7f968002c3f0 con 0x7f968c07ccb0
2024-04-25T16:23:01.974 INFO:teuthology.orchestra.run.smithi098.stdout:/usr/bin/ceph: stderr
2024-04-25T16:23:00.831+0000 7f9691455700 1 -- 172.21.15.98:0/3143554640 >> [v2:172.21.15.98:6800/217035597,v1:172.21.15.98:6801/217035597] conn(0x7f967403d680 msgr2=0x7f967403fb90 secure :-1 s=STATE_CONNECTION_ESTABLISHED l=1).mark_down
2024-04-25T16:23:01.974 INFO:teuthology.orchestra.run.smithi098.stdout:/usr/bin/ceph: stderr
2024-04-25T16:23:00.832+0000 7f9691455700 1 --2- 172.21.15.98:0/3143554640 >> [v2:172.21.15.98:6800/217035597,v1:172.21.15.98:6801/217035597] conn(0x7f967403d680 0x7f967403fb90 secure :-1 s=READY pgs=16 cs=0 l=1 rev1=1 crypto rx=0x7f967c006fd0 tx=0x7f967c006e40 comp rx=0 tx=0).stop
2024-04-25T16:23:01.974 INFO:teuthology.orchestra.run.smithi098.stdout:/usr/bin/ceph: stderr
2024-04-25T16:23:00.832+0000 7f9691455700 1 -- 172.21.15.98:0/3143554640 >> [v2:172.21.15.98:3300/0,v1:172.21.15.98:6789/0] conn(0x7f968c07ccb0 msgr2=0x7f968c19db30 secure :-1 s=STATE_CONNECTION_ESTABLISHED l=1).mark_down
2024-04-25T16:23:01.974 INFO:teuthology.orchestra.run.smithi098.stdout:/usr/bin/ceph: stderr
2024-04-25T16:23:00.832+0000 7f9691455700 1 --2- 172.21.15.98:0/3143554640 >> [v2:172.21.15.98:3300/0,v1:172.21.15.98:6789/0] conn(0x7f968c07ccb0 0x7f968c19db30 secure :-1 s=READY pgs=54 cs=0 l=1 rev1=1 crypto rx=0x7f9680011670 tx=0x7f9680011a30 comp rx=0 tx=0).stop
2024-04-25T16:23:01.974 INFO:teuthology.orchestra.run.smithi098.stdout:/usr/bin/ceph: stderr
2024-04-25T16:23:00.832+0000 7f9691455700 1 -- 172.21.15.98:0/3143554640 shutdown_connections
2024-04-25T16:23:01.974 INFO:teuthology.orchestra.run.smithi098.stdout:/usr/bin/ceph: stderr
2024-04-25T16:23:00.832+0000 7f9691455700 1 --2- 172.21.15.98:0/3143554640 >> [v2:172.21.15.98:6800/217035597,v1:172.21.15.98:6801/217035597] conn(0x7f967403d680 0x7f967403fb90 unknown :-1 s=CLOSED pgs=16 cs=0 l=1 rev1=1 crypto rx=0 tx=0 comp rx=0 tx=0).stop
2024-04-25T16:23:01.974 INFO:teuthology.orchestra.run.smithi098.stdout:/usr/bin/ceph: stderr
2024-04-25T16:23:00.832+0000 7f9691455700 1 --2- 172.21.15.98:0/3143554640 >> [v2:172.21.15.98:3300/0,v1:172.21.15.98:6789/0] conn(0x7f968c07ccb0 0x7f968c19db30 unknown :-1 s=CLOSED pgs=54 cs=0 l=1 rev1=1 crypto rx=0 tx=0 comp rx=0 tx=0).stop
2024-04-25T16:23:01.974 INFO:teuthology.orchestra.run.smithi098.stdout:/usr/bin/ceph: stderr
2024-04-25T16:23:00.832+0000 7f9691455700 1 -- 172.21.15.98:0/3143554640 >> 172.21.15.98:0/3143554640 conn(0x7f968c103ee0 msgr2=0x7f968c1057e0 unknown :-1 s=STATE_NONE l=0).mark_down
2024-04-25T16:23:01.974 INFO:teuthology.orchestra.run.smithi098.stdout:/usr/bin/ceph: stderr
2024-04-25T16:23:00.832+0000 7f9691455700 1 -- 172.21.15.98:0/3143554640 shutdown_connections
2024-04-25T16:23:01.974 INFO:teuthology.orchestra.run.smithi098.stdout:/usr/bin/ceph: stderr
2024-04-25T16:23:00.832+0000 7f9691455700 1 -- 172.21.15.98:0/3143554640 wait complete.
2024-04-25T16:23:02.090 INFO:journalctl@ceph.mon.a.smithi098.stdout:Apr 25 16:23:01 smithi098 ceph-mon[29162]: from='client.? 172.21.15.98:0/3143554640' entity='client.admin' cmd='[{"prefix": "mgr module enable", "module": "dashboard"}]': finished
2024-04-25T16:23:02.090 INFO:journalctl@ceph.mon.a.smithi098.stdout:Apr 25 16:23:01 smithi098 ceph-mon[29162]: mgrmap e9: x(active, since 19s)
2024-04-25T16:23:02.091 INFO:journalctl@ceph.mgr.x.smithi098.stdout:Apr 25 16:23:01 smithi098 ceph-c520eaa8-031f-11ef-bc93-c7b262605968-mgr-x[29395]:
2024-04-25T16:23:01.754+0000 7fb074ab1200 -1 mgr[py] Module influx has missing NOTIFY_TYPES member
2024-04-25T16:23:03.254 INFO:journalctl@ceph.mon.a.smithi098.stdout:Apr 25 16:23:03 smithi098 ceph-mon[29162]: from='client.? 172.21.15.98:0/2260862681' entity='client.admin' cmd=[{"prefix": "mgr stat"}]: dispatch
2024-04-25T16:23:03.254 INFO:journalctl@ceph.mgr.x.smithi098.stdout:Apr 25 16:23:02 smithi098 ceph-c520eaa8-031f-11ef-bc93-c7b262605968-mgr-x[29395]:
2024-04-25T16:23:02.966+0000 7fb074ab1200 -1 mgr[py] Module telegraf has missing NOTIFY_TYPES member
2024-04-25T16:23:03.254 INFO:journalctl@ceph.mgr.x.smithi098.stdout:Apr 25 16:23:03 smithi098 ceph-c520eaa8-031f-11ef-bc93-c7b262605968-mgr-x[29395]:
2024-04-25T16:23:03.147+0000 7fb074ab1200 -1 mgr[py] Module osd_support has missing NOTIFY_TYPES member
2024-04-25T16:23:03.622 INFO:journalctl@ceph.mgr.x.smithi098.stdout:Apr 25 16:23:03 smithi098 ceph-c520eaa8-031f-11ef-bc93-c7b262605968-mgr-x[29395]:
2024-04-25T16:23:03.324+0000 7fb074ab1200 -1 mgr[py] Module iostat has missing NOTIFY_TYPES member
2024-04-25T16:23:03.622 INFO:journalctl@ceph.mgr.x.smithi098.stdout:Apr 25 16:23:03 smithi098 ceph-c520eaa8-031f-11ef-bc93-c7b262605968-mgr-x[29395]:
2024-04-25T16:23:03.620+0000 7fb074ab1200 -1 mgr[py] Module alerts has missing NOTIFY_TYPES member
2024-04-25T16:23:03.647 INFO:teuthology.orchestra.run.smithi098.stdout:/usr/bin/ceph: stdout {
2024-04-25T16:23:03.647 INFO:teuthology.orchestra.run.smithi098.stdout:/usr/bin/ceph: stdout "epoch": 9,
2024-04-25T16:23:03.647 INFO:teuthology.orchestra.run.smithi098.stdout:/usr/bin/ceph: stdout "available": true,
2024-04-25T16:23:03.647 INFO:teuthology.orchestra.run.smithi098.stdout:/usr/bin/ceph: stdout "active_name": "x",
2024-04-25T16:23:03.647 INFO:teuthology.orchestra.run.smithi098.stdout:/usr/bin/ceph: stdout "num_standby": 0
2024-04-25T16:23:03.648 INFO:teuthology.orchestra.run.smithi098.stdout:/usr/bin/ceph: stdout }
2024-04-25T16:23:03.648 INFO:teuthology.orchestra.run.smithi098.stdout:/usr/bin/ceph: stderr
2024-04-25T16:23:02.745+0000 7fa7bc82b700 1 Processor -- start
2024-04-25T16:23:03.648 INFO:teuthology.orchestra.run.smithi098.stdout:/usr/bin/ceph: stderr
2024-04-25T16:23:02.745+0000 7fa7bc82b700 1 -- start start
2024-04-25T16:23:03.648 INFO:teuthology.orchestra.run.smithi098.stdout:/usr/bin/ceph: stderr
2024-04-25T16:23:02.746+0000 7fa7bc82b700 1 --2- >> [v2:172.21.15.98:3300/0,v1:172.21.15.98:6789/0] conn(0x7fa7b810ae70 0x7fa7b810b280 unknown :-1 s=NONE pgs=0 cs=0 l=0 rev1=0 crypto rx=0 tx=0 comp rx=0 tx=0).connect
2024-04-25T16:23:03.648 INFO:teuthology.orchestra.run.smithi098.stdout:/usr/bin/ceph: stderr
2024-04-25T16:23:02.746+0000 7fa7bc82b700 1 -- --> [v2:172.21.15.98:3300/0,v1:172.21.15.98:6789/0] -- mon_getmap magic: 0 -- 0x7fa7b810b850 con 0x7fa7b810ae70
2024-04-25T16:23:03.648 INFO:teuthology.orchestra.run.smithi098.stdout:/usr/bin/ceph: stderr
2024-04-25T16:23:02.746+0000 7fa7b659c700 1 --2- >> [v2:172.21.15.98:3300/0,v1:172.21.15.98:6789/0] conn(0x7fa7b810ae70 0x7fa7b810b280 unknown :-1 s=BANNER_CONNECTING pgs=0 cs=0 l=0 rev1=0 crypto rx=0 tx=0 comp rx=0 tx=0)._handle_peer_banner_payload supported=3 required=0
2024-04-25T16:23:03.648 INFO:teuthology.orchestra.run.smithi098.stdout:/usr/bin/ceph: stderr
2024-04-25T16:23:02.746+0000 7fa7b659c700 1 --2- >> [v2:172.21.15.98:3300/0,v1:172.21.15.98:6789/0] conn(0x7fa7b810ae70 0x7fa7b810b280 unknown :-1 s=HELLO_CONNECTING pgs=0 cs=0 l=0 rev1=1 crypto rx=0 tx=0 comp rx=0 tx=0).handle_hello peer v2:172.21.15.98:3300/0 says I am v2:172.21.15.98:40214/0 (socket says 172.21.15.98:40214)
2024-04-25T16:23:03.648 INFO:teuthology.orchestra.run.smithi098.stdout:/usr/bin/ceph: stderr
2024-04-25T16:23:02.746+0000 7fa7b659c700 1 -- 172.21.15.98:0/4107843451 learned_addr learned my addr 172.21.15.98:0/4107843451 (peer_addr_for_me v2:172.21.15.98:0/0)
2024-04-25T16:23:03.648 INFO:teuthology.orchestra.run.smithi098.stdout:/usr/bin/ceph: stderr
2024-04-25T16:23:02.746+0000 7fa7b659c700 1 -- 172.21.15.98:0/4107843451 --> [v2:172.21.15.98:3300/0,v1:172.21.15.98:6789/0] -- mon_subscribe({config=0+,monmap=0+}) -- 0x7fa7b810b9d0 con 0x7fa7b810ae70
2024-04-25T16:23:03.648 INFO:teuthology.orchestra.run.smithi098.stdout:/usr/bin/ceph: stderr
2024-04-25T16:23:02.746+0000 7fa7b659c700 1 --2- 172.21.15.98:0/4107843451 >> [v2:172.21.15.98:3300/0,v1:172.21.15.98:6789/0] conn(0x7fa7b810ae70 0x7fa7b810b280 secure :-1 s=READY pgs=57 cs=0 l=1 rev1=1 crypto rx=0x7fa7a80098a0 tx=0x7fa7a8009bb0 comp rx=0 tx=0).ready entity=mon.0 client_cookie=e02d3427eec50200 server_cookie=0 in_seq=0 out_seq=0
2024-04-25T16:23:03.648 INFO:teuthology.orchestra.run.smithi098.stdout:/usr/bin/ceph: stderr
2024-04-25T16:23:02.746+0000 7fa7b559a700 1 -- 172.21.15.98:0/4107843451 <== mon.0 v2:172.21.15.98:3300/0 1 ==== mon_map magic: 0 ==== 205+0+0 (secure 0 0 0) 0x7fa7a8004160 con 0x7fa7b810ae70
2024-04-25T16:23:03.648 INFO:teuthology.orchestra.run.smithi098.stdout:/usr/bin/ceph: stderr
2024-04-25T16:23:02.747+0000 7fa7b559a700 1 -- 172.21.15.98:0/4107843451 <== mon.0 v2:172.21.15.98:3300/0 2 ==== config(25 keys) ==== 1063+0+0 (secure 0 0 0) 0x7fa7a8004300 con 0x7fa7b810ae70
2024-04-25T16:23:03.649 INFO:teuthology.orchestra.run.smithi098.stdout:/usr/bin/ceph: stderr
2024-04-25T16:23:02.747+0000 7fa7b559a700 1 -- 172.21.15.98:0/4107843451 <== mon.0 v2:172.21.15.98:3300/0 3 ==== mon_map magic: 0 ==== 205+0+0 (secure 0 0 0) 0x7fa7a8011960 con 0x7fa7b810ae70
2024-04-25T16:23:03.649 INFO:teuthology.orchestra.run.smithi098.stdout:/usr/bin/ceph: stderr
2024-04-25T16:23:02.747+0000 7fa7bc82b700 1 -- 172.21.15.98:0/4107843451 >> [v2:172.21.15.98:3300/0,v1:172.21.15.98:6789/0] conn(0x7fa7b810ae70 msgr2=0x7fa7b810b280 secure :-1 s=STATE_CONNECTION_ESTABLISHED l=1).mark_down
2024-04-25T16:23:03.649 INFO:teuthology.orchestra.run.smithi098.stdout:/usr/bin/ceph: stderr
2024-04-25T16:23:02.747+0000 7fa7bc82b700 1 --2- 172.21.15.98:0/4107843451 >> [v2:172.21.15.98:3300/0,v1:172.21.15.98:6789/0] conn(0x7fa7b810ae70 0x7fa7b810b280 secure :-1 s=READY pgs=57 cs=0 l=1 rev1=1 crypto rx=0x7fa7a80098a0 tx=0x7fa7a8009bb0 comp rx=0 tx=0).stop
2024-04-25T16:23:03.649 INFO:teuthology.orchestra.run.smithi098.stdout:/usr/bin/ceph: stderr
2024-04-25T16:23:02.748+0000 7fa7bc82b700 1 -- 172.21.15.98:0/4107843451 shutdown_connections
2024-04-25T16:23:03.649 INFO:teuthology.orchestra.run.smithi098.stdout:/usr/bin/ceph: stderr
2024-04-25T16:23:02.748+0000 7fa7bc82b700 1 --2- 172.21.15.98:0/4107843451 >> [v2:172.21.15.98:3300/0,v1:172.21.15.98:6789/0] conn(0x7fa7b810ae70 0x7fa7b810b280 unknown :-1 s=CLOSED pgs=57 cs=0 l=1 rev1=1 crypto rx=0 tx=0 comp rx=0 tx=0).stop
2024-04-25T16:23:03.649 INFO:teuthology.orchestra.run.smithi098.stdout:/usr/bin/ceph: stderr
2024-04-25T16:23:02.748+0000 7fa7bc82b700 1 -- 172.21.15.98:0/4107843451 >> 172.21.15.98:0/4107843451 conn(0x7fa7b81035f0 msgr2=0x7fa7b8105a60 unknown :-1 s=STATE_NONE l=0).mark_down
2024-04-25T16:23:03.649 INFO:teuthology.orchestra.run.smithi098.stdout:/usr/bin/ceph: stderr
2024-04-25T16:23:02.748+0000 7fa7bc82b700 1 -- 172.21.15.98:0/4107843451 shutdown_connections
2024-04-25T16:23:03.649 INFO:teuthology.orchestra.run.smithi098.stdout:/usr/bin/ceph: stderr
2024-04-25T16:23:02.748+0000 7fa7bc82b700 1 -- 172.21.15.98:0/4107843451 wait complete.
2024-04-25T16:23:03.649 INFO:teuthology.orchestra.run.smithi098.stdout:/usr/bin/ceph: stderr
2024-04-25T16:23:02.748+0000 7fa7bc82b700 1 Processor -- start
2024-04-25T16:23:03.649 INFO:teuthology.orchestra.run.smithi098.stdout:/usr/bin/ceph: stderr
2024-04-25T16:23:02.748+0000 7fa7bc82b700 1 -- start start
2024-04-25T16:23:03.649 INFO:teuthology.orchestra.run.smithi098.stdout:/usr/bin/ceph: stderr
2024-04-25T16:23:02.749+0000 7fa7bc82b700 1 --2- >> [v2:172.21.15.98:3300/0,v1:172.21.15.98:6789/0] conn(0x7fa7b810ae70 0x7fa7b810a360 unknown :-1 s=NONE pgs=0 cs=0 l=1 rev1=0 crypto rx=0 tx=0 comp rx=0 tx=0).connect
2024-04-25T16:23:03.649 INFO:teuthology.orchestra.run.smithi098.stdout:/usr/bin/ceph: stderr
2024-04-25T16:23:02.749+0000 7fa7bc82b700 1 -- --> [v2:172.21.15.98:3300/0,v1:172.21.15.98:6789/0] -- mon_getmap magic: 0 -- 0x7fa7b8108700 con 0x7fa7b810ae70
2024-04-25T16:23:03.649 INFO:teuthology.orchestra.run.smithi098.stdout:/usr/bin/ceph: stderr
2024-04-25T16:23:02.749+0000 7fa7b659c700 1 --2- >> [v2:172.21.15.98:3300/0,v1:172.21.15.98:6789/0] conn(0x7fa7b810ae70 0x7fa7b810a360 unknown :-1 s=BANNER_CONNECTING pgs=0 cs=0 l=1 rev1=0 crypto rx=0 tx=0 comp rx=0 tx=0)._handle_peer_banner_payload supported=3 required=0
2024-04-25T16:23:03.650 INFO:teuthology.orchestra.run.smithi098.stdout:/usr/bin/ceph: stderr
2024-04-25T16:23:02.749+0000 7fa7b659c700 1 --2- >> [v2:172.21.15.98:3300/0,v1:172.21.15.98:6789/0] conn(0x7fa7b810ae70 0x7fa7b810a360 unknown :-1 s=HELLO_CONNECTING pgs=0 cs=0 l=1 rev1=1 crypto rx=0 tx=0 comp rx=0 tx=0).handle_hello peer v2:172.21.15.98:3300/0 says I am v2:172.21.15.98:40222/0 (socket says 172.21.15.98:40222)
2024-04-25T16:23:03.650 INFO:teuthology.orchestra.run.smithi098.stdout:/usr/bin/ceph: stderr
2024-04-25T16:23:02.749+0000 7fa7b659c700 1 -- 172.21.15.98:0/2260862681 learned_addr learned my addr 172.21.15.98:0/2260862681 (peer_addr_for_me v2:172.21.15.98:0/0)
2024-04-25T16:23:03.650 INFO:teuthology.orchestra.run.smithi098.stdout:/usr/bin/ceph: stderr
2024-04-25T16:23:02.749+0000 7fa7b659c700 1 -- 172.21.15.98:0/2260862681 --> [v2:172.21.15.98:3300/0,v1:172.21.15.98:6789/0] -- mon_subscribe({config=0+,monmap=0+}) -- 0x7fa7b810a8a0 con 0x7fa7b810ae70
2024-04-25T16:23:03.650 INFO:teuthology.orchestra.run.smithi098.stdout:/usr/bin/ceph: stderr
2024-04-25T16:23:02.749+0000 7fa7b659c700 1 --2- 172.21.15.98:0/2260862681 >> [v2:172.21.15.98:3300/0,v1:172.21.15.98:6789/0] conn(0x7fa7b810ae70 0x7fa7b810a360 secure :-1 s=READY pgs=58 cs=0 l=1 rev1=1 crypto rx=0x7fa7a8000c00 tx=0x7fa7a8011a30 comp rx=0 tx=0).ready entity=mon.0 client_cookie=0 server_cookie=0 in_seq=0 out_seq=0
2024-04-25T16:23:03.650 INFO:teuthology.orchestra.run.smithi098.stdout:/usr/bin/ceph: stderr
2024-04-25T16:23:02.749+0000 7fa7a77fe700 1 -- 172.21.15.98:0/2260862681 <== mon.0 v2:172.21.15.98:3300/0 1 ==== mon_map magic: 0 ==== 205+0+0 (secure 0 0 0) 0x7fa7a8003b20 con 0x7fa7b810ae70
2024-04-25T16:23:03.650 INFO:teuthology.orchestra.run.smithi098.stdout:/usr/bin/ceph: stderr
2024-04-25T16:23:02.750+0000 7fa7bc82b700 1 -- 172.21.15.98:0/2260862681 --> [v2:172.21.15.98:3300/0,v1:172.21.15.98:6789/0] -- mon_subscribe({mgrmap=0+}) -- 0x7fa7b8108af0 con 0x7fa7b810ae70
2024-04-25T16:23:03.650 INFO:teuthology.orchestra.run.smithi098.stdout:/usr/bin/ceph: stderr
2024-04-25T16:23:02.750+0000 7fa7a77fe700 1 -- 172.21.15.98:0/2260862681 <== mon.0 v2:172.21.15.98:3300/0 2 ==== config(25 keys) ==== 1063+0+0 (secure 0 0 0) 0x7fa7a801b8d0 con 0x7fa7b810ae70
2024-04-25T16:23:03.650 INFO:teuthology.orchestra.run.smithi098.stdout:/usr/bin/ceph: stderr
2024-04-25T16:23:02.750+0000 7fa7bc82b700 1 -- 172.21.15.98:0/2260862681 --> [v2:172.21.15.98:3300/0,v1:172.21.15.98:6789/0] -- mon_subscribe({osdmap=0}) -- 0x7fa7b8108fd0 con 0x7fa7b810ae70
2024-04-25T16:23:03.650 INFO:teuthology.orchestra.run.smithi098.stdout:/usr/bin/ceph: stderr
2024-04-25T16:23:02.750+0000 7fa7a77fe700 1 -- 172.21.15.98:0/2260862681 <== mon.0 v2:172.21.15.98:3300/0 3 ==== mon_map magic: 0 ==== 205+0+0 (secure 0 0 0) 0x7fa7a8023820 con 0x7fa7b810ae70
2024-04-25T16:23:03.650 INFO:teuthology.orchestra.run.smithi098.stdout:/usr/bin/ceph: stderr
2024-04-25T16:23:02.751+0000 7fa7bc82b700 1 -- 172.21.15.98:0/2260862681 --> [v2:172.21.15.98:3300/0,v1:172.21.15.98:6789/0] -- mon_command({"prefix": "get_command_descriptions"} v 0) -- 0x7fa798005360 con 0x7fa7b810ae70
2024-04-25T16:23:03.650 INFO:teuthology.orchestra.run.smithi098.stdout:/usr/bin/ceph: stderr
2024-04-25T16:23:02.751+0000 7fa7a77fe700 1 -- 172.21.15.98:0/2260862681 <== mon.0 v2:172.21.15.98:3300/0 4 ==== mgrmap(e 9) ==== 49529+0+0 (secure 0 0 0) 0x7fa7a802c3f0 con 0x7fa7b810ae70
2024-04-25T16:23:03.650 INFO:teuthology.orchestra.run.smithi098.stdout:/usr/bin/ceph: stderr
2024-04-25T16:23:02.751+0000 7fa7a77fe700 1 --2- 172.21.15.98:0/2260862681 >> [v2:172.21.15.98:6800/217035597,v1:172.21.15.98:6801/217035597] conn(0x7fa7a003d6e0 0x7fa7a003fbf0 unknown :-1 s=NONE pgs=0 cs=0 l=1 rev1=0 crypto rx=0 tx=0 comp rx=0 tx=0).connect
2024-04-25T16:23:03.651 INFO:teuthology.orchestra.run.smithi098.stdout:/usr/bin/ceph: stderr
2024-04-25T16:23:02.751+0000 7fa7a77fe700 1 -- 172.21.15.98:0/2260862681 <== mon.0 v2:172.21.15.98:3300/0 5 ==== osd_map(2..2 src has 1..2) ==== 940+0+0 (secure 0 0 0) 0x7fa7a8052bc0 con 0x7fa7b810ae70
2024-04-25T16:23:03.651 INFO:teuthology.orchestra.run.smithi098.stdout:/usr/bin/ceph: stderr
2024-04-25T16:23:02.751+0000 7fa7b5d9b700 1 -- 172.21.15.98:0/2260862681 >> [v2:172.21.15.98:6800/217035597,v1:172.21.15.98:6801/217035597] conn(0x7fa7a003d6e0 msgr2=0x7fa7a003fbf0 unknown :-1 s=STATE_CONNECTING_RE l=1).process reconnect failed to v2:172.21.15.98:6800/217035597
2024-04-25T16:23:03.651 INFO:teuthology.orchestra.run.smithi098.stdout:/usr/bin/ceph: stderr
2024-04-25T16:23:02.751+0000 7fa7b5d9b700 1 --2- 172.21.15.98:0/2260862681 >> [v2:172.21.15.98:6800/217035597,v1:172.21.15.98:6801/217035597] conn(0x7fa7a003d6e0 0x7fa7a003fbf0 unknown :-1 s=START_CONNECT pgs=0 cs=0 l=1 rev1=0 crypto rx=0 tx=0 comp rx=0 tx=0)._fault waiting 0.200000
2024-04-25T16:23:03.651 INFO:teuthology.orchestra.run.smithi098.stdout:/usr/bin/ceph: stderr
2024-04-25T16:23:02.756+0000 7fa7a77fe700 1 -- 172.21.15.98:0/2260862681 <== mon.0 v2:172.21.15.98:3300/0 6 ==== mon_command_ack([{"prefix": "get_command_descriptions"}]=0 v0) ==== 72+0+188370 (secure 0 0 0) 0x7fa7a801f030 con 0x7fa7b810ae70
2024-04-25T16:23:03.651 INFO:teuthology.orchestra.run.smithi098.stdout:/usr/bin/ceph: stderr
2024-04-25T16:23:02.952+0000 7fa7b5d9b700 1 -- 172.21.15.98:0/2260862681 >> [v2:172.21.15.98:6800/217035597,v1:172.21.15.98:6801/217035597] conn(0x7fa7a003d6e0 msgr2=0x7fa7a003fbf0 unknown :-1 s=STATE_CONNECTING_RE l=1).process reconnect failed to v2:172.21.15.98:6800/217035597
2024-04-25T16:23:03.651 INFO:teuthology.orchestra.run.smithi098.stdout:/usr/bin/ceph: stderr
2024-04-25T16:23:02.952+0000 7fa7b5d9b700 1 --2- 172.21.15.98:0/2260862681 >> [v2:172.21.15.98:6800/217035597,v1:172.21.15.98:6801/217035597] conn(0x7fa7a003d6e0 0x7fa7a003fbf0 unknown :-1 s=START_CONNECT pgs=0 cs=0 l=1 rev1=0 crypto rx=0 tx=0 comp rx=0 tx=0)._fault waiting 0.400000
2024-04-25T16:23:03.651 INFO:teuthology.orchestra.run.smithi098.stdout:/usr/bin/ceph: stderr
2024-04-25T16:23:03.016+0000 7fa7bc82b700 1 -- 172.21.15.98:0/2260862681 --> [v2:172.21.15.98:3300/0,v1:172.21.15.98:6789/0] -- mon_command({"prefix": "mgr stat"} v 0) -- 0x7fa798005e60 con 0x7fa7b810ae70
2024-04-25T16:23:03.651 INFO:teuthology.orchestra.run.smithi098.stdout:/usr/bin/ceph: stderr
2024-04-25T16:23:03.017+0000 7fa7a77fe700 1 -- 172.21.15.98:0/2260862681 <== mon.0 v2:172.21.15.98:3300/0 7 ==== mon_command_ack([{"prefix": "mgr stat"}]=0 v9) ==== 56+0+88 (secure 0 0 0) 0x7fa7a80172b0 con 0x7fa7b810ae70
2024-04-25T16:23:03.651 INFO:teuthology.orchestra.run.smithi098.stdout:/usr/bin/ceph: stderr
2024-04-25T16:23:03.019+0000 7fa7bc82b700 1 -- 172.21.15.98:0/2260862681 >> [v2:172.21.15.98:6800/217035597,v1:172.21.15.98:6801/217035597] conn(0x7fa7a003d6e0 msgr2=0x7fa7a003fbf0 unknown :-1 s=STATE_CONNECTING l=1).mark_down
2024-04-25T16:23:03.651 INFO:teuthology.orchestra.run.smithi098.stdout:/usr/bin/ceph: stderr
2024-04-25T16:23:03.019+0000 7fa7bc82b700 1 --2- 172.21.15.98:0/2260862681 >> [v2:172.21.15.98:6800/217035597,v1:172.21.15.98:6801/217035597] conn(0x7fa7a003d6e0 0x7fa7a003fbf0 unknown :-1 s=START_CONNECT pgs=0 cs=0 l=1 rev1=0 crypto rx=0 tx=0 comp rx=0 tx=0).stop
2024-04-25T16:23:03.651 INFO:teuthology.orchestra.run.smithi098.stdout:/usr/bin/ceph: stderr
2024-04-25T16:23:03.019+0000 7fa7bc82b700 1 -- 172.21.15.98:0/2260862681 >> [v2:172.21.15.98:3300/0,v1:172.21.15.98:6789/0] conn(0x7fa7b810ae70 msgr2=0x7fa7b810a360 secure :-1 s=STATE_CONNECTION_ESTABLISHED l=1).mark_down
2024-04-25T16:23:03.651 INFO:teuthology.orchestra.run.smithi098.stdout:/usr/bin/ceph: stderr
2024-04-25T16:23:03.019+0000 7fa7bc82b700 1 --2- 172.21.15.98:0/2260862681 >> [v2:172.21.15.98:3300/0,v1:172.21.15.98:6789/0] conn(0x7fa7b810ae70 0x7fa7b810a360 secure :-1 s=READY pgs=58 cs=0 l=1 rev1=1 crypto rx=0x7fa7a8000c00 tx=0x7fa7a8011a30 comp rx=0 tx=0).stop
2024-04-25T16:23:03.651 INFO:teuthology.orchestra.run.smithi098.stdout:/usr/bin/ceph: stderr
2024-04-25T16:23:03.019+0000 7fa7bc82b700 1 -- 172.21.15.98:0/2260862681 shutdown_connections
2024-04-25T16:23:03.651 INFO:teuthology.orchestra.run.smithi098.stdout:/usr/bin/ceph: stderr
2024-04-25T16:23:03.019+0000 7fa7bc82b700 1 --2- 172.21.15.98:0/2260862681 >> [v2:172.21.15.98:6800/217035597,v1:172.21.15.98:6801/217035597] conn(0x7fa7a003d6e0 0x7fa7a003fbf0 unknown :-1 s=CLOSED pgs=0 cs=0 l=1 rev1=0 crypto rx=0 tx=0 comp rx=0 tx=0).stop
2024-04-25T16:23:03.652 INFO:teuthology.orchestra.run.smithi098.stdout:/usr/bin/ceph: stderr
2024-04-25T16:23:03.019+0000 7fa7bc82b700 1 --2- 172.21.15.98:0/2260862681 >> [v2:172.21.15.98:3300/0,v1:172.21.15.98:6789/0] conn(0x7fa7b810ae70 0x7fa7b810a360 unknown :-1 s=CLOSED pgs=58 cs=0 l=1 rev1=1 crypto rx=0 tx=0 comp rx=0 tx=0).stop
2024-04-25T16:23:03.652 INFO:teuthology.orchestra.run.smithi098.stdout:/usr/bin/ceph: stderr
2024-04-25T16:23:03.019+0000 7fa7bc82b700 1 -- 172.21.15.98:0/2260862681 >> 172.21.15.98:0/2260862681 conn(0x7fa7b81035f0 msgr2=0x7fa7b8103e90 unknown :-1 s=STATE_NONE l=0).mark_down
2024-04-25T16:23:03.652 INFO:teuthology.orchestra.run.smithi098.stdout:/usr/bin/ceph: stderr
2024-04-25T16:23:03.019+0000 7fa7bc82b700 1 -- 172.21.15.98:0/2260862681 shutdown_connections
2024-04-25T16:23:03.652 INFO:teuthology.orchestra.run.smithi098.stdout:/usr/bin/ceph: stderr
2024-04-25T16:23:03.019+0000 7fa7bc82b700 1 -- 172.21.15.98:0/2260862681 wait complete.
2024-04-25T16:23:03.652 INFO:teuthology.orchestra.run.smithi098.stdout:Waiting for the mgr to restart...
2024-04-25T16:23:03.652 INFO:teuthology.orchestra.run.smithi098.stdout:Waiting for mgr epoch 9...
2024-04-25T16:23:03.892 INFO:journalctl@ceph.mgr.x.smithi098.stdout:Apr 25 16:23:03 smithi098 ceph-c520eaa8-031f-11ef-bc93-c7b262605968-mgr-x[29395]:
2024-04-25T16:23:03.723+0000 7fb074ab1200 -1 mgr[py] Module selftest has missing NOTIFY_TYPES member
2024-04-25T16:23:04.254 INFO:journalctl@ceph.mgr.x.smithi098.stdout:Apr 25 16:23:03 smithi098 ceph-c520eaa8-031f-11ef-bc93-c7b262605968-mgr-x[29395]:
2024-04-25T16:23:03.933+0000 7fb074ab1200 -1 mgr[py] Module pg_autoscaler has missing NOTIFY_TYPES member
2024-04-25T16:23:04.254 INFO:journalctl@ceph.mgr.x.smithi098.stdout:Apr 25 16:23:04 smithi098 ceph-c520eaa8-031f-11ef-bc93-c7b262605968-mgr-x[29395]:
2024-04-25T16:23:04.137+0000 7fb074ab1200 -1 mgr[py] Module test_orchestrator has missing NOTIFY_TYPES member
2024-04-25T16:23:05.004 INFO:journalctl@ceph.mgr.x.smithi098.stdout:Apr 25 16:23:04 smithi098 ceph-c520eaa8-031f-11ef-bc93-c7b262605968-mgr-x[29395]:
2024-04-25T16:23:04.739+0000 7fb074ab1200 -1 mgr[py] Module rook has missing NOTIFY_TYPES member
2024-04-25T16:23:05.477 INFO:journalctl@ceph.mgr.x.smithi098.stdout:Apr 25 16:23:05 smithi098 ceph-c520eaa8-031f-11ef-bc93-c7b262605968-mgr-x[29395]:
2024-04-25T16:23:05.171+0000 7fb074ab1200 -1 mgr[py] Module volumes has missing NOTIFY_TYPES member
2024-04-25T16:23:05.477 INFO:journalctl@ceph.mgr.x.smithi098.stdout:Apr 25 16:23:05 smithi098 ceph-c520eaa8-031f-11ef-bc93-c7b262605968-mgr-x[29395]:
2024-04-25T16:23:05.269+0000 7fb074ab1200 -1 mgr[py] Module crash has missing NOTIFY_TYPES member
2024-04-25T16:23:05.477 INFO:journalctl@ceph.mgr.x.smithi098.stdout:Apr 25 16:23:05 smithi098 ceph-c520eaa8-031f-11ef-bc93-c7b262605968-mgr-x[29395]:
2024-04-25T16:23:05.476+0000 7fb074ab1200 -1 mgr[py] Module rgw has missing NOTIFY_TYPES member
2024-04-25T16:23:06.254 INFO:journalctl@ceph.mgr.x.smithi098.stdout:Apr 25 16:23:06 smithi098 ceph-c520eaa8-031f-11ef-bc93-c7b262605968-mgr-x[29395]:
2024-04-25T16:23:06.000+0000 7fb074ab1200 -1 mgr[py] Module prometheus has missing NOTIFY_TYPES member
2024-04-25T16:23:06.254 INFO:journalctl@ceph.mgr.x.smithi098.stdout:Apr 25 16:23:06 smithi098 ceph-c520eaa8-031f-11ef-bc93-c7b262605968-mgr-x[29395]:
2024-04-25T16:23:06.096+0000 7fb074ab1200 -1 mgr[py] Module devicehealth has missing NOTIFY_TYPES member
2024-04-25T16:23:06.699 INFO:journalctl@ceph.mgr.x.smithi098.stdout:Apr 25 16:23:06 smithi098 ceph-c520eaa8-031f-11ef-bc93-c7b262605968-mgr-x[29395]:
2024-04-25T16:23:06.345+0000 7fb074ab1200 -1 mgr[py] Module telemetry has missing NOTIFY_TYPES member
2024-04-25T16:23:06.699 INFO:journalctl@ceph.mgr.x.smithi098.stdout:Apr 25 16:23:06 smithi098 ceph-c520eaa8-031f-11ef-bc93-c7b262605968-mgr-x[29395]:
2024-04-25T16:23:06.481+0000 7fb074ab1200 -1 mgr[py] Module diskprediction_local has missing NOTIFY_TYPES member
2024-04-25T16:23:06.699 INFO:journalctl@ceph.mgr.x.smithi098.stdout:Apr 25 16:23:06 smithi098 ceph-c520eaa8-031f-11ef-bc93-c7b262605968-mgr-x[29395]:
2024-04-25T16:23:06.579+0000 7fb074ab1200 -1 mgr[py] Module osd_perf_query has missing NOTIFY_TYPES member
2024-04-25T16:23:06.699 INFO:journalctl@ceph.mgr.x.smithi098.stdout:Apr 25 16:23:06 smithi098 ceph-c520eaa8-031f-11ef-bc93-c7b262605968-mgr-x[29395]:
2024-04-25T16:23:06.698+0000 7fb074ab1200 -1 mgr[py] Module rbd_support has missing NOTIFY_TYPES member
2024-04-25T16:23:07.254 INFO:journalctl@ceph.mgr.x.smithi098.stdout:Apr 25 16:23:06 smithi098 ceph-c520eaa8-031f-11ef-bc93-c7b262605968-mgr-x[29395]:
2024-04-25T16:23:06.998+0000 7fb074ab1200 -1 mgr[py] Module zabbix has missing NOTIFY_TYPES member
2024-04-25T16:23:07.885 INFO:journalctl@ceph.mgr.x.smithi098.stdout:Apr 25 16:23:07 smithi098 ceph-c520eaa8-031f-11ef-bc93-c7b262605968-mgr-x[29395]:
2024-04-25T16:23:07.604+0000 7fb074ab1200 -1 mgr[py] Module status has missing NOTIFY_TYPES member
2024-04-25T16:23:07.885 INFO:journalctl@ceph.mgr.x.smithi098.stdout:Apr 25 16:23:07 smithi098 ceph-c520eaa8-031f-11ef-bc93-c7b262605968-mgr-x[29395]:
2024-04-25T16:23:07.827+0000 7fb074ab1200 -1 mgr[py] Module nfs has missing NOTIFY_TYPES member
2024-04-25T16:23:08.254 INFO:journalctl@ceph.mon.a.smithi098.stdout:Apr 25 16:23:07 smithi098 ceph-mon[29162]: Active manager daemon x restarted
2024-04-25T16:23:08.254 INFO:journalctl@ceph.mon.a.smithi098.stdout:Apr 25 16:23:07 smithi098 ceph-mon[29162]: Activating manager daemon x
2024-04-25T16:23:08.255 INFO:journalctl@ceph.mon.a.smithi098.stdout:Apr 25 16:23:07 smithi098 ceph-mon[29162]: osdmap e3: 0 total, 0 up, 0 in
2024-04-25T16:23:08.255 INFO:journalctl@ceph.mon.a.smithi098.stdout:Apr 25 16:23:07 smithi098 ceph-mon[29162]: mgrmap e10: x(active, starting, since 0.0069401s)
2024-04-25T16:23:08.255 INFO:journalctl@ceph.mon.a.smithi098.stdout:Apr 25 16:23:07 smithi098 ceph-mon[29162]: from='mgr.14150 172.21.15.98:0/1873260408' entity='mgr.x' cmd=[{"prefix": "mon metadata", "id": "a"}]: dispatch
2024-04-25T16:23:08.255 INFO:journalctl@ceph.mon.a.smithi098.stdout:Apr 25 16:23:07 smithi098 ceph-mon[29162]: from='mgr.14150 172.21.15.98:0/1873260408' entity='mgr.x' cmd=[{"prefix": "mgr metadata", "who": "x", "id": "x"}]: dispatch
2024-04-25T16:23:08.255 INFO:journalctl@ceph.mon.a.smithi098.stdout:Apr 25 16:23:07 smithi098 ceph-mon[29162]: from='mgr.14150 172.21.15.98:0/1873260408' entity='mgr.x' cmd=[{"prefix": "mds metadata"}]: dispatch
2024-04-25T16:23:08.255 INFO:journalctl@ceph.mon.a.smithi098.stdout:Apr 25 16:23:07 smithi098 ceph-mon[29162]: from='mgr.14150 172.21.15.98:0/1873260408' entity='mgr.x' cmd=[{"prefix": "osd metadata"}]: dispatch
2024-04-25T16:23:08.255 INFO:journalctl@ceph.mon.a.smithi098.stdout:Apr 25 16:23:07 smithi098 ceph-mon[29162]: from='mgr.14150 172.21.15.98:0/1873260408' entity='mgr.x' cmd=[{"prefix": "mon metadata"}]: dispatch
2024-04-25T16:23:08.255 INFO:journalctl@ceph.mon.a.smithi098.stdout:Apr 25 16:23:07 smithi098 ceph-mon[29162]: Manager daemon x is now available
2024-04-25T16:23:08.255 INFO:journalctl@ceph.mon.a.smithi098.stdout:Apr 25 16:23:07 smithi098 ceph-mon[29162]: from='mgr.14150 172.21.15.98:0/1873260408' entity='mgr.x' cmd=[{"prefix": "config dump", "format": "json"}]: dispatch
2024-04-25T16:23:09.004 INFO:journalctl@ceph.mon.a.smithi098.stdout:Apr 25 16:23:08 smithi098 ceph-mon[29162]: from='mgr.14150 172.21.15.98:0/1873260408' entity='mgr.x' cmd=[{"prefix":"config rm","who":"mgr","name":"mgr/rbd_support/x/mirror_snapshot_schedule"}]: dispatch
2024-04-25T16:23:09.004 INFO:journalctl@ceph.mon.a.smithi098.stdout:Apr 25 16:23:08 smithi098 ceph-mon[29162]: from='mgr.14150 172.21.15.98:0/1873260408' entity='mgr.x' cmd=[{"prefix":"config rm","who":"mgr","name":"mgr/rbd_support/x/trash_purge_schedule"}]: dispatch
2024-04-25T16:23:09.004 INFO:journalctl@ceph.mon.a.smithi098.stdout:Apr 25 16:23:08 smithi098 ceph-mon[29162]: mgrmap e11: x(active, since 1.00664s)
2024-04-25T16:23:09.616 INFO:teuthology.orchestra.run.smithi098.stdout:/usr/bin/ceph: stdout {
2024-04-25T16:23:09.616 INFO:teuthology.orchestra.run.smithi098.stdout:/usr/bin/ceph: stdout "mgrmap_epoch": 11,
2024-04-25T16:23:09.616 INFO:teuthology.orchestra.run.smithi098.stdout:/usr/bin/ceph: stdout "initialized": true
2024-04-25T16:23:09.616 INFO:teuthology.orchestra.run.smithi098.stdout:/usr/bin/ceph: stdout }
2024-04-25T16:23:09.616 INFO:teuthology.orchestra.run.smithi098.stdout:/usr/bin/ceph: stderr
2024-04-25T16:23:04.125+0000 7fe120218700 1 Processor -- start
2024-04-25T16:23:09.616 INFO:teuthology.orchestra.run.smithi098.stdout:/usr/bin/ceph: stderr
2024-04-25T16:23:04.125+0000 7fe120218700 1 -- start start
2024-04-25T16:23:09.616 INFO:teuthology.orchestra.run.smithi098.stdout:/usr/bin/ceph: stderr
2024-04-25T16:23:04.125+0000 7fe120218700 1 --2- >> [v2:172.21.15.98:3300/0,v1:172.21.15.98:6789/0] conn(0x7fe1181087e0 0x7fe118108bf0 unknown :-1 s=NONE pgs=0 cs=0 l=0 rev1=0 crypto rx=0 tx=0 comp rx=0 tx=0).connect
2024-04-25T16:23:09.617 INFO:teuthology.orchestra.run.smithi098.stdout:/usr/bin/ceph: stderr
2024-04-25T16:23:04.125+0000 7fe120218700 1 -- --> [v2:172.21.15.98:3300/0,v1:172.21.15.98:6789/0] -- mon_getmap magic: 0 -- 0x7fe1181091e0 con 0x7fe1181087e0
2024-04-25T16:23:09.617 INFO:teuthology.orchestra.run.smithi098.stdout:/usr/bin/ceph: stderr
2024-04-25T16:23:04.125+0000 7fe11dfb4700 1 --2- >> [v2:172.21.15.98:3300/0,v1:172.21.15.98:6789/0] conn(0x7fe1181087e0 0x7fe118108bf0 unknown :-1 s=BANNER_CONNECTING pgs=0 cs=0 l=0 rev1=0 crypto rx=0 tx=0 comp rx=0 tx=0)._handle_peer_banner_payload supported=3 required=0
2024-04-25T16:23:09.617 INFO:teuthology.orchestra.run.smithi098.stdout:/usr/bin/ceph: stderr
2024-04-25T16:23:04.125+0000 7fe11dfb4700 1 --2- >> [v2:172.21.15.98:3300/0,v1:172.21.15.98:6789/0] conn(0x7fe1181087e0 0x7fe118108bf0 unknown :-1 s=HELLO_CONNECTING pgs=0 cs=0 l=0 rev1=1 crypto rx=0 tx=0 comp rx=0 tx=0).handle_hello peer v2:172.21.15.98:3300/0 says I am v2:172.21.15.98:40238/0 (socket says 172.21.15.98:40238)
2024-04-25T16:23:09.617 INFO:teuthology.orchestra.run.smithi098.stdout:/usr/bin/ceph: stderr
2024-04-25T16:23:04.125+0000 7fe11dfb4700 1 -- 172.21.15.98:0/459684530 learned_addr learned my addr 172.21.15.98:0/459684530 (peer_addr_for_me v2:172.21.15.98:0/0)
2024-04-25T16:23:09.617 INFO:teuthology.orchestra.run.smithi098.stdout:/usr/bin/ceph: stderr
2024-04-25T16:23:04.126+0000 7fe11dfb4700 1 -- 172.21.15.98:0/459684530 --> [v2:172.21.15.98:3300/0,v1:172.21.15.98:6789/0] -- mon_subscribe({config=0+,monmap=0+}) -- 0x7fe118109910 con 0x7fe1181087e0
2024-04-25T16:23:09.617 INFO:teuthology.orchestra.run.smithi098.stdout:/usr/bin/ceph: stderr
2024-04-25T16:23:04.126+0000 7fe11dfb4700 1 --2- 172.21.15.98:0/459684530 >> [v2:172.21.15.98:3300/0,v1:172.21.15.98:6789/0] conn(0x7fe1181087e0 0x7fe118108bf0 secure :-1 s=READY pgs=59 cs=0 l=1 rev1=1 crypto rx=0x7fe1140098a0 tx=0x7fe114009bb0 comp rx=0 tx=0).ready entity=mon.0 client_cookie=d63e68d05db06a05 server_cookie=0 in_seq=0 out_seq=0
2024-04-25T16:23:09.617 INFO:teuthology.orchestra.run.smithi098.stdout:/usr/bin/ceph: stderr
2024-04-25T16:23:04.126+0000 7fe11cfb2700 1 -- 172.21.15.98:0/459684530 <== mon.0 v2:172.21.15.98:3300/0 1 ==== mon_map magic: 0 ==== 205+0+0 (secure 0 0 0) 0x7fe114004160 con 0x7fe1181087e0
2024-04-25T16:23:09.617 INFO:teuthology.orchestra.run.smithi098.stdout:/usr/bin/ceph: stderr
2024-04-25T16:23:04.126+0000 7fe11cfb2700 1 -- 172.21.15.98:0/459684530 <== mon.0 v2:172.21.15.98:3300/0 2 ==== config(25 keys) ==== 1063+0+0 (secure 0 0 0) 0x7fe114004300 con 0x7fe1181087e0
2024-04-25T16:23:09.617 INFO:teuthology.orchestra.run.smithi098.stdout:/usr/bin/ceph: stderr
2024-04-25T16:23:04.126+0000 7fe11cfb2700 1 -- 172.21.15.98:0/459684530 <== mon.0 v2:172.21.15.98:3300/0 3 ==== mon_map magic: 0 ==== 205+0+0 (secure 0 0 0) 0x7fe114011960 con 0x7fe1181087e0
2024-04-25T16:23:09.617 INFO:teuthology.orchestra.run.smithi098.stdout:/usr/bin/ceph: stderr
2024-04-25T16:23:04.127+0000 7fe120218700 1 -- 172.21.15.98:0/459684530 >> [v2:172.21.15.98:3300/0,v1:172.21.15.98:6789/0] conn(0x7fe1181087e0 msgr2=0x7fe118108bf0 secure :-1 s=STATE_CONNECTION_ESTABLISHED l=1).mark_down
2024-04-25T16:23:09.617 INFO:teuthology.orchestra.run.smithi098.stdout:/usr/bin/ceph: stderr
2024-04-25T16:23:04.127+0000 7fe120218700 1 --2- 172.21.15.98:0/459684530 >> [v2:172.21.15.98:3300/0,v1:172.21.15.98:6789/0] conn(0x7fe1181087e0 0x7fe118108bf0 secure :-1 s=READY pgs=59 cs=0 l=1 rev1=1 crypto rx=0x7fe1140098a0 tx=0x7fe114009bb0 comp rx=0 tx=0).stop
2024-04-25T16:23:09.617 INFO:teuthology.orchestra.run.smithi098.stdout:/usr/bin/ceph: stderr
2024-04-25T16:23:04.127+0000 7fe120218700 1 -- 172.21.15.98:0/459684530 shutdown_connections
2024-04-25T16:23:09.617 INFO:teuthology.orchestra.run.smithi098.stdout:/usr/bin/ceph: stderr
2024-04-25T16:23:04.127+0000 7fe120218700 1 --2- 172.21.15.98:0/459684530 >> [v2:172.21.15.98:3300/0,v1:172.21.15.98:6789/0] conn(0x7fe1181087e0 0x7fe118108bf0 unknown :-1 s=CLOSED pgs=59 cs=0 l=1 rev1=1 crypto rx=0 tx=0 comp rx=0 tx=0).stop
2024-04-25T16:23:09.617 INFO:teuthology.orchestra.run.smithi098.stdout:/usr/bin/ceph: stderr
2024-04-25T16:23:04.127+0000 7fe120218700 1 -- 172.21.15.98:0/459684530 >> 172.21.15.98:0/459684530 conn(0x7fe118103ee0 msgr2=0x7fe118106330 unknown :-1 s=STATE_NONE l=0).mark_down
2024-04-25T16:23:09.618 INFO:teuthology.orchestra.run.smithi098.stdout:/usr/bin/ceph: stderr
2024-04-25T16:23:04.127+0000 7fe120218700 1 -- 172.21.15.98:0/459684530 shutdown_connections
2024-04-25T16:23:09.618 INFO:teuthology.orchestra.run.smithi098.stdout:/usr/bin/ceph: stderr
2024-04-25T16:23:04.127+0000 7fe120218700 1 -- 172.21.15.98:0/459684530 wait complete.
2024-04-25T16:23:09.618 INFO:teuthology.orchestra.run.smithi098.stdout:/usr/bin/ceph: stderr
2024-04-25T16:23:04.128+0000 7fe120218700 1 Processor -- start
2024-04-25T16:23:09.618 INFO:teuthology.orchestra.run.smithi098.stdout:/usr/bin/ceph: stderr
2024-04-25T16:23:04.128+0000 7fe120218700 1 -- start start
2024-04-25T16:23:09.618 INFO:teuthology.orchestra.run.smithi098.stdout:/usr/bin/ceph: stderr
2024-04-25T16:23:04.128+0000 7fe120218700 1 --2- >> [v2:172.21.15.98:3300/0,v1:172.21.15.98:6789/0] conn(0x7fe1181087e0 0x7fe11819ca80 unknown :-1 s=NONE pgs=0 cs=0 l=1 rev1=0 crypto rx=0 tx=0 comp rx=0 tx=0).connect
2024-04-25T16:23:09.618 INFO:teuthology.orchestra.run.smithi098.stdout:/usr/bin/ceph: stderr
2024-04-25T16:23:04.128+0000 7fe120218700 1 -- --> [v2:172.21.15.98:3300/0,v1:172.21.15.98:6789/0] -- mon_getmap magic: 0 -- 0x7fe11810ccc0 con 0x7fe1181087e0
2024-04-25T16:23:09.618 INFO:teuthology.orchestra.run.smithi098.stdout:/usr/bin/ceph: stderr
2024-04-25T16:23:04.128+0000 7fe11dfb4700 1 --2- >> [v2:172.21.15.98:3300/0,v1:172.21.15.98:6789/0] conn(0x7fe1181087e0 0x7fe11819ca80 unknown :-1 s=BANNER_CONNECTING pgs=0 cs=0 l=1 rev1=0 crypto rx=0 tx=0 comp rx=0 tx=0)._handle_peer_banner_payload supported=3 required=0
2024-04-25T16:23:09.618 INFO:teuthology.orchestra.run.smithi098.stdout:/usr/bin/ceph: stderr
2024-04-25T16:23:04.128+0000 7fe11dfb4700 1 --2- >> [v2:172.21.15.98:3300/0,v1:172.21.15.98:6789/0] conn(0x7fe1181087e0 0x7fe11819ca80 unknown :-1 s=HELLO_CONNECTING pgs=0 cs=0 l=1 rev1=1 crypto rx=0 tx=0 comp rx=0 tx=0).handle_hello peer v2:172.21.15.98:3300/0 says I am v2:172.21.15.98:40254/0 (socket says 172.21.15.98:40254)
2024-04-25T16:23:09.618 INFO:teuthology.orchestra.run.smithi098.stdout:/usr/bin/ceph: stderr
2024-04-25T16:23:04.128+0000 7fe11dfb4700 1 -- 172.21.15.98:0/1857767671 learned_addr learned my addr 172.21.15.98:0/1857767671 (peer_addr_for_me v2:172.21.15.98:0/0)
2024-04-25T16:23:09.618 INFO:teuthology.orchestra.run.smithi098.stdout:/usr/bin/ceph: stderr
2024-04-25T16:23:04.129+0000 7fe11dfb4700 1 -- 172.21.15.98:0/1857767671 --> [v2:172.21.15.98:3300/0,v1:172.21.15.98:6789/0] -- mon_subscribe({config=0+,monmap=0+}) -- 0x7fe11819cfc0 con 0x7fe1181087e0
2024-04-25T16:23:09.618 INFO:teuthology.orchestra.run.smithi098.stdout:/usr/bin/ceph: stderr
2024-04-25T16:23:04.129+0000 7fe11dfb4700 1 --2- 172.21.15.98:0/1857767671 >> [v2:172.21.15.98:3300/0,v1:172.21.15.98:6789/0] conn(0x7fe1181087e0 0x7fe11819ca80 secure :-1 s=READY pgs=60 cs=0 l=1 rev1=1 crypto rx=0x7fe114006af0 tx=0x7fe114011a30 comp rx=0 tx=0).ready entity=mon.0 client_cookie=0 server_cookie=0 in_seq=0 out_seq=0
2024-04-25T16:23:09.619 INFO:teuthology.orchestra.run.smithi098.stdout:/usr/bin/ceph: stderr
2024-04-25T16:23:04.129+0000 7fe10effd700 1 -- 172.21.15.98:0/1857767671 <== mon.0 v2:172.21.15.98:3300/0 1 ==== mon_map magic: 0 ==== 205+0+0 (secure 0 0 0) 0x7fe114003af0 con 0x7fe1181087e0
