2024-04-25T16:22:31.506+0000 7f14b4a63700 1 --2- >> [v2:172.21.15.98:3300/0,v1:172.21.15.98:6789/0] conn(0x7f14b007cc70 0x7f14b010c490 unknown :-1 s=HELLO_CONNECTING pgs=0 cs=0 l=0 rev1=1 crypto rx=0 tx=0 comp rx=0 tx=0).handle_hello peer v2:172.21.15.98:3300/0 says I am v2:172.21.15.98:46382/0 (socket says 172.21.15.98:46382)
2024-04-25T16:22:32.452 INFO:teuthology.orchestra.run.smithi098.stdout:/usr/bin/ceph: stderr
2024-04-25T16:22:31.506+0000 7f14b4a63700 1 -- 172.21.15.98:0/2902279158 learned_addr learned my addr 172.21.15.98:0/2902279158 (peer_addr_for_me v2:172.21.15.98:0/0)
2024-04-25T16:22:32.452 INFO:teuthology.orchestra.run.smithi098.stdout:/usr/bin/ceph: stderr
2024-04-25T16:22:31.506+0000 7f14b4a63700 1 -- 172.21.15.98:0/2902279158 --> [v2:172.21.15.98:3300/0,v1:172.21.15.98:6789/0] -- mon_subscribe({config=0+,monmap=0+}) -- 0x7f14b010cbe0 con 0x7f14b007cc70
2024-04-25T16:22:32.452 INFO:teuthology.orchestra.run.smithi098.stdout:/usr/bin/ceph: stderr
2024-04-25T16:22:31.506+0000 7f14b4a63700 1 --2- 172.21.15.98:0/2902279158 >> [v2:172.21.15.98:3300/0,v1:172.21.15.98:6789/0] conn(0x7f14b007cc70 0x7f14b010c490 secure :-1 s=READY pgs=16 cs=0 l=1 rev1=1 crypto rx=0x7f14a40098a0 tx=0x7f14a4009bb0 comp rx=0 tx=0).ready entity=mon.0 client_cookie=d290ae0f66e7a775 server_cookie=0 in_seq=0 out_seq=0
2024-04-25T16:22:32.452 INFO:teuthology.orchestra.run.smithi098.stdout:/usr/bin/ceph: stderr
2024-04-25T16:22:31.506+0000 7f14af7fe700 1 -- 172.21.15.98:0/2902279158 <== mon.0 v2:172.21.15.98:3300/0 1 ==== mon_map magic: 0 ==== 205+0+0 (secure 0 0 0) 0x7f14a4004160 con 0x7f14b007cc70
2024-04-25T16:22:32.452 INFO:teuthology.orchestra.run.smithi098.stdout:/usr/bin/ceph: stderr
2024-04-25T16:22:31.506+0000 7f14af7fe700 1 -- 172.21.15.98:0/2902279158 <== mon.0 v2:172.21.15.98:3300/0 2 ==== config(25 keys) ==== 1032+0+0 (secure 0 0 0) 0x7f14a4004300 con 0x7f14b007cc70
2024-04-25T16:22:32.453 INFO:teuthology.orchestra.run.smithi098.stdout:/usr/bin/ceph: stderr
2024-04-25T16:22:31.506+0000 7f14af7fe700 1 -- 172.21.15.98:0/2902279158 <== mon.0 v2:172.21.15.98:3300/0 3 ==== mon_map magic: 0 ==== 205+0+0 (secure 0 0 0) 0x7f14a40119e0 con 0x7f14b007cc70
2024-04-25T16:22:32.453 INFO:teuthology.orchestra.run.smithi098.stdout:/usr/bin/ceph: stderr
2024-04-25T16:22:31.507+0000 7f14b6cc7700 1 -- 172.21.15.98:0/2902279158 >> [v2:172.21.15.98:3300/0,v1:172.21.15.98:6789/0] conn(0x7f14b007cc70 msgr2=0x7f14b010c490 secure :-1 s=STATE_CONNECTION_ESTABLISHED l=1).mark_down
2024-04-25T16:22:32.453 INFO:teuthology.orchestra.run.smithi098.stdout:/usr/bin/ceph: stderr
2024-04-25T16:22:31.507+0000 7f14b6cc7700 1 --2- 172.21.15.98:0/2902279158 >> [v2:172.21.15.98:3300/0,v1:172.21.15.98:6789/0] conn(0x7f14b007cc70 0x7f14b010c490 secure :-1 s=READY pgs=16 cs=0 l=1 rev1=1 crypto rx=0x7f14a40098a0 tx=0x7f14a4009bb0 comp rx=0 tx=0).stop
2024-04-25T16:22:32.453 INFO:teuthology.orchestra.run.smithi098.stdout:/usr/bin/ceph: stderr
2024-04-25T16:22:31.507+0000 7f14b6cc7700 1 -- 172.21.15.98:0/2902279158 shutdown_connections
2024-04-25T16:22:32.453 INFO:teuthology.orchestra.run.smithi098.stdout:/usr/bin/ceph: stderr
2024-04-25T16:22:31.507+0000 7f14b6cc7700 1 --2- 172.21.15.98:0/2902279158 >> [v2:172.21.15.98:3300/0,v1:172.21.15.98:6789/0] conn(0x7f14b007cc70 0x7f14b010c490 unknown :-1 s=CLOSED pgs=16 cs=0 l=1 rev1=1 crypto rx=0 tx=0 comp rx=0 tx=0).stop
2024-04-25T16:22:32.453 INFO:teuthology.orchestra.run.smithi098.stdout:/usr/bin/ceph: stderr
2024-04-25T16:22:31.507+0000 7f14b6cc7700 1 -- 172.21.15.98:0/2902279158 >> 172.21.15.98:0/2902279158 conn(0x7f14b0103ee0 msgr2=0x7f14b0106330 unknown :-1 s=STATE_NONE l=0).mark_down
2024-04-25T16:22:32.453 INFO:teuthology.orchestra.run.smithi098.stdout:/usr/bin/ceph: stderr
2024-04-25T16:22:31.507+0000 7f14b6cc7700 1 -- 172.21.15.98:0/2902279158 shutdown_connections
2024-04-25T16:22:32.453 INFO:teuthology.orchestra.run.smithi098.stdout:/usr/bin/ceph: stderr
2024-04-25T16:22:31.507+0000 7f14b6cc7700 1 -- 172.21.15.98:0/2902279158 wait complete.
2024-04-25T16:22:32.453 INFO:teuthology.orchestra.run.smithi098.stdout:/usr/bin/ceph: stderr
2024-04-25T16:22:31.508+0000 7f14b6cc7700 1 Processor -- start
2024-04-25T16:22:32.453 INFO:teuthology.orchestra.run.smithi098.stdout:/usr/bin/ceph: stderr
2024-04-25T16:22:31.508+0000 7f14b6cc7700 1 -- start start
2024-04-25T16:22:32.453 INFO:teuthology.orchestra.run.smithi098.stdout:/usr/bin/ceph: stderr
2024-04-25T16:22:31.508+0000 7f14b6cc7700 1 --2- >> [v2:172.21.15.98:3300/0,v1:172.21.15.98:6789/0] conn(0x7f14b007cc70 0x7f14b019db10 unknown :-1 s=NONE pgs=0 cs=0 l=1 rev1=0 crypto rx=0 tx=0 comp rx=0 tx=0).connect
2024-04-25T16:22:32.453 INFO:teuthology.orchestra.run.smithi098.stdout:/usr/bin/ceph: stderr
2024-04-25T16:22:31.508+0000 7f14b6cc7700 1 -- --> [v2:172.21.15.98:3300/0,v1:172.21.15.98:6789/0] -- mon_getmap magic: 0 -- 0x7f14b010db90 con 0x7f14b007cc70
2024-04-25T16:22:32.453 INFO:teuthology.orchestra.run.smithi098.stdout:/usr/bin/ceph: stderr
2024-04-25T16:22:31.508+0000 7f14b4a63700 1 --2- >> [v2:172.21.15.98:3300/0,v1:172.21.15.98:6789/0] conn(0x7f14b007cc70 0x7f14b019db10 unknown :-1 s=BANNER_CONNECTING pgs=0 cs=0 l=1 rev1=0 crypto rx=0 tx=0 comp rx=0 tx=0)._handle_peer_banner_payload supported=3 required=0
2024-04-25T16:22:32.453 INFO:teuthology.orchestra.run.smithi098.stdout:/usr/bin/ceph: stderr
2024-04-25T16:22:31.508+0000 7f14b4a63700 1 --2- >> [v2:172.21.15.98:3300/0,v1:172.21.15.98:6789/0] conn(0x7f14b007cc70 0x7f14b019db10 unknown :-1 s=HELLO_CONNECTING pgs=0 cs=0 l=1 rev1=1 crypto rx=0 tx=0 comp rx=0 tx=0).handle_hello peer v2:172.21.15.98:3300/0 says I am v2:172.21.15.98:46386/0 (socket says 172.21.15.98:46386)
2024-04-25T16:22:32.454 INFO:teuthology.orchestra.run.smithi098.stdout:/usr/bin/ceph: stderr
2024-04-25T16:22:31.508+0000 7f14b4a63700 1 -- 172.21.15.98:0/3655114313 learned_addr learned my addr 172.21.15.98:0/3655114313 (peer_addr_for_me v2:172.21.15.98:0/0)
2024-04-25T16:22:32.454 INFO:teuthology.orchestra.run.smithi098.stdout:/usr/bin/ceph: stderr
2024-04-25T16:22:31.508+0000 7f14b4a63700 1 -- 172.21.15.98:0/3655114313 --> [v2:172.21.15.98:3300/0,v1:172.21.15.98:6789/0] -- mon_subscribe({config=0+,monmap=0+}) -- 0x7f14b019e050 con 0x7f14b007cc70
2024-04-25T16:22:32.454 INFO:teuthology.orchestra.run.smithi098.stdout:/usr/bin/ceph: stderr
2024-04-25T16:22:31.508+0000 7f14b4a63700 1 --2- 172.21.15.98:0/3655114313 >> [v2:172.21.15.98:3300/0,v1:172.21.15.98:6789/0] conn(0x7f14b007cc70 0x7f14b019db10 secure :-1 s=READY pgs=17 cs=0 l=1 rev1=1 crypto rx=0x7f14a40116a0 tx=0x7f14a4011a60 comp rx=0 tx=0).ready entity=mon.0 client_cookie=0 server_cookie=0 in_seq=0 out_seq=0
2024-04-25T16:22:32.454 INFO:teuthology.orchestra.run.smithi098.stdout:/usr/bin/ceph: stderr
2024-04-25T16:22:31.509+0000 7f14adffb700 1 -- 172.21.15.98:0/3655114313 <== mon.0 v2:172.21.15.98:3300/0 1 ==== mon_map magic: 0 ==== 205+0+0 (secure 0 0 0) 0x7f14a40039f0 con 0x7f14b007cc70
2024-04-25T16:22:32.454 INFO:teuthology.orchestra.run.smithi098.stdout:/usr/bin/ceph: stderr
2024-04-25T16:22:31.509+0000 7f14b6cc7700 1 -- 172.21.15.98:0/3655114313 --> [v2:172.21.15.98:3300/0,v1:172.21.15.98:6789/0] -- mon_subscribe({mgrmap=0+}) -- 0x7f14b019e2e0 con 0x7f14b007cc70
2024-04-25T16:22:32.454 INFO:teuthology.orchestra.run.smithi098.stdout:/usr/bin/ceph: stderr
2024-04-25T16:22:31.509+0000 7f14adffb700 1 -- 172.21.15.98:0/3655114313 <== mon.0 v2:172.21.15.98:3300/0 2 ==== config(25 keys) ==== 1032+0+0 (secure 0 0 0) 0x7f14a4003b90 con 0x7f14b007cc70
2024-04-25T16:22:32.454 INFO:teuthology.orchestra.run.smithi098.stdout:/usr/bin/ceph: stderr
2024-04-25T16:22:31.509+0000 7f14adffb700 1 -- 172.21.15.98:0/3655114313 <== mon.0 v2:172.21.15.98:3300/0 3 ==== mon_map magic: 0 ==== 205+0+0 (secure 0 0 0) 0x7f14a401a600 con 0x7f14b007cc70
2024-04-25T16:22:32.454 INFO:teuthology.orchestra.run.smithi098.stdout:/usr/bin/ceph: stderr
2024-04-25T16:22:31.509+0000 7f14b6cc7700 1 -- 172.21.15.98:0/3655114313 --> [v2:172.21.15.98:3300/0,v1:172.21.15.98:6789/0] -- mon_subscribe({osdmap=0}) -- 0x7f14b01a0ef0 con 0x7f14b007cc70
2024-04-25T16:22:32.454 INFO:teuthology.orchestra.run.smithi098.stdout:/usr/bin/ceph: stderr
2024-04-25T16:22:31.510+0000 7f14b6cc7700 1 -- 172.21.15.98:0/3655114313 --> [v2:172.21.15.98:3300/0,v1:172.21.15.98:6789/0] -- mon_command({"prefix": "get_command_descriptions"} v 0) -- 0x7f14b0064cf0 con 0x7f14b007cc70
2024-04-25T16:22:32.454 INFO:teuthology.orchestra.run.smithi098.stdout:/usr/bin/ceph: stderr
2024-04-25T16:22:31.510+0000 7f14adffb700 1 -- 172.21.15.98:0/3655114313 <== mon.0 v2:172.21.15.98:3300/0 4 ==== mgrmap(e 4) ==== 49505+0+0 (secure 0 0 0) 0x7f14a401a8b0 con 0x7f14b007cc70
2024-04-25T16:22:32.454 INFO:teuthology.orchestra.run.smithi098.stdout:/usr/bin/ceph: stderr
2024-04-25T16:22:31.510+0000 7f14adffb700 1 --2- 172.21.15.98:0/3655114313 >> [v2:172.21.15.98:6800/4161723298,v1:172.21.15.98:6801/4161723298] conn(0x7f14a003d5e0 0x7f14a003faf0 unknown :-1 s=NONE pgs=0 cs=0 l=1 rev1=0 crypto rx=0 tx=0 comp rx=0 tx=0).connect
2024-04-25T16:22:32.454 INFO:teuthology.orchestra.run.smithi098.stdout:/usr/bin/ceph: stderr
2024-04-25T16:22:31.510+0000 7f14adffb700 1 -- 172.21.15.98:0/3655114313 <== mon.0 v2:172.21.15.98:3300/0 5 ==== osd_map(1..1 src has 1..1) ==== 725+0+0 (secure 0 0 0) 0x7f14a40529a0 con 0x7f14b007cc70
2024-04-25T16:22:32.454 INFO:teuthology.orchestra.run.smithi098.stdout:/usr/bin/ceph: stderr
2024-04-25T16:22:31.510+0000 7f14affff700 1 --2- 172.21.15.98:0/3655114313 >> [v2:172.21.15.98:6800/4161723298,v1:172.21.15.98:6801/4161723298] conn(0x7f14a003d5e0 0x7f14a003faf0 unknown :-1 s=BANNER_CONNECTING pgs=0 cs=0 l=1 rev1=0 crypto rx=0 tx=0 comp rx=0 tx=0)._handle_peer_banner_payload supported=3 required=0
2024-04-25T16:22:32.455 INFO:teuthology.orchestra.run.smithi098.stdout:/usr/bin/ceph: stderr
2024-04-25T16:22:31.511+0000 7f14affff700 1 --2- 172.21.15.98:0/3655114313 >> [v2:172.21.15.98:6800/4161723298,v1:172.21.15.98:6801/4161723298] conn(0x7f14a003d5e0 0x7f14a003faf0 secure :-1 s=READY pgs=6 cs=0 l=1 rev1=1 crypto rx=0x7f149c006fd0 tx=0x7f149c006e40 comp rx=0 tx=0).ready entity=mgr.14100 client_cookie=0 server_cookie=0 in_seq=0 out_seq=0
2024-04-25T16:22:32.455 INFO:teuthology.orchestra.run.smithi098.stdout:/usr/bin/ceph: stderr
2024-04-25T16:22:31.516+0000 7f14adffb700 1 -- 172.21.15.98:0/3655114313 <== mon.0 v2:172.21.15.98:3300/0 6 ==== mon_command_ack([{"prefix": "get_command_descriptions"}]=0 v0) ==== 72+0+188370 (secure 0 0 0) 0x7f14a400e260 con 0x7f14b007cc70
2024-04-25T16:22:32.455 INFO:teuthology.orchestra.run.smithi098.stdout:/usr/bin/ceph: stderr
2024-04-25T16:22:31.799+0000 7f14b6cc7700 1 -- 172.21.15.98:0/3655114313 --> [v2:172.21.15.98:3300/0,v1:172.21.15.98:6789/0] -- mon_command({"prefix": "status", "format": "json-pretty"} v 0) -- 0x7f14b01a1110 con 0x7f14b007cc70
2024-04-25T16:22:32.455 INFO:teuthology.orchestra.run.smithi098.stdout:/usr/bin/ceph: stderr
2024-04-25T16:22:31.799+0000 7f14adffb700 1 -- 172.21.15.98:0/3655114313 <== mon.0 v2:172.21.15.98:3300/0 7 ==== mon_command_ack([{"prefix": "status", "format": "json-pretty"}]=0 v0) ==== 79+0+1239 (secure 0 0 0) 0x7f14b01a1110 con 0x7f14b007cc70
2024-04-25T16:22:32.455 INFO:teuthology.orchestra.run.smithi098.stdout:/usr/bin/ceph: stderr
2024-04-25T16:22:31.801+0000 7f14b6cc7700 1 -- 172.21.15.98:0/3655114313 >> [v2:172.21.15.98:6800/4161723298,v1:172.21.15.98:6801/4161723298] conn(0x7f14a003d5e0 msgr2=0x7f14a003faf0 secure :-1 s=STATE_CONNECTION_ESTABLISHED l=1).mark_down
2024-04-25T16:22:32.455 INFO:teuthology.orchestra.run.smithi098.stdout:/usr/bin/ceph: stderr
2024-04-25T16:22:31.801+0000 7f14b6cc7700 1 --2- 172.21.15.98:0/3655114313 >> [v2:172.21.15.98:6800/4161723298,v1:172.21.15.98:6801/4161723298] conn(0x7f14a003d5e0 0x7f14a003faf0 secure :-1 s=READY pgs=6 cs=0 l=1 rev1=1 crypto rx=0x7f149c006fd0 tx=0x7f149c006e40 comp rx=0 tx=0).stop
2024-04-25T16:22:32.455 INFO:teuthology.orchestra.run.smithi098.stdout:/usr/bin/ceph: stderr
2024-04-25T16:22:31.801+0000 7f14b6cc7700 1 -- 172.21.15.98:0/3655114313 >> [v2:172.21.15.98:3300/0,v1:172.21.15.98:6789/0] conn(0x7f14b007cc70 msgr2=0x7f14b019db10 secure :-1 s=STATE_CONNECTION_ESTABLISHED l=1).mark_down
2024-04-25T16:22:32.455 INFO:teuthology.orchestra.run.smithi098.stdout:/usr/bin/ceph: stderr
2024-04-25T16:22:31.801+0000 7f14b6cc7700 1 --2- 172.21.15.98:0/3655114313 >> [v2:172.21.15.98:3300/0,v1:172.21.15.98:6789/0] conn(0x7f14b007cc70 0x7f14b019db10 secure :-1 s=READY pgs=17 cs=0 l=1 rev1=1 crypto rx=0x7f14a40116a0 tx=0x7f14a4011a60 comp rx=0 tx=0).stop
2024-04-25T16:22:32.455 INFO:teuthology.orchestra.run.smithi098.stdout:/usr/bin/ceph: stderr
2024-04-25T16:22:31.801+0000 7f14b6cc7700 1 -- 172.21.15.98:0/3655114313 shutdown_connections
2024-04-25T16:22:32.455 INFO:teuthology.orchestra.run.smithi098.stdout:/usr/bin/ceph: stderr
2024-04-25T16:22:31.801+0000 7f14b6cc7700 1 --2- 172.21.15.98:0/3655114313 >> [v2:172.21.15.98:6800/4161723298,v1:172.21.15.98:6801/4161723298] conn(0x7f14a003d5e0 0x7f14a003faf0 unknown :-1 s=CLOSED pgs=6 cs=0 l=1 rev1=1 crypto rx=0 tx=0 comp rx=0 tx=0).stop
2024-04-25T16:22:32.455 INFO:teuthology.orchestra.run.smithi098.stdout:/usr/bin/ceph: stderr
2024-04-25T16:22:31.801+0000 7f14b6cc7700 1 --2- 172.21.15.98:0/3655114313 >> [v2:172.21.15.98:3300/0,v1:172.21.15.98:6789/0] conn(0x7f14b007cc70 0x7f14b019db10 unknown :-1 s=CLOSED pgs=17 cs=0 l=1 rev1=1 crypto rx=0 tx=0 comp rx=0 tx=0).stop
2024-04-25T16:22:32.455 INFO:teuthology.orchestra.run.smithi098.stdout:/usr/bin/ceph: stderr
2024-04-25T16:22:31.801+0000 7f14b6cc7700 1 -- 172.21.15.98:0/3655114313 >> 172.21.15.98:0/3655114313 conn(0x7f14b0103ee0 msgr2=0x7f14b0105800 unknown :-1 s=STATE_NONE l=0).mark_down
2024-04-25T16:22:32.456 INFO:teuthology.orchestra.run.smithi098.stdout:/usr/bin/ceph: stderr
2024-04-25T16:22:31.801+0000 7f14b6cc7700 1 -- 172.21.15.98:0/3655114313 shutdown_connections
2024-04-25T16:22:32.456 INFO:teuthology.orchestra.run.smithi098.stdout:/usr/bin/ceph: stderr
2024-04-25T16:22:31.801+0000 7f14b6cc7700 1 -- 172.21.15.98:0/3655114313 wait complete.
2024-04-25T16:22:32.456 INFO:teuthology.orchestra.run.smithi098.stdout:mgr is available
2024-04-25T16:22:33.365 INFO:journalctl@ceph.mon.a.smithi098.stdout:Apr 25 16:22:33 smithi098 ceph-mon[29162]: from='client.? 172.21.15.98:0/3783227288' entity='client.admin' cmd=[{"prefix": "config assimilate-conf"}]: dispatch
2024-04-25T16:22:33.625 INFO:teuthology.orchestra.run.smithi098.stdout:/usr/bin/ceph: stdout
2024-04-25T16:22:33.625 INFO:teuthology.orchestra.run.smithi098.stdout:/usr/bin/ceph: stdout [global]
2024-04-25T16:22:33.625 INFO:teuthology.orchestra.run.smithi098.stdout:/usr/bin/ceph: stdout fsid = c520eaa8-031f-11ef-bc93-c7b262605968
2024-04-25T16:22:33.625 INFO:teuthology.orchestra.run.smithi098.stdout:/usr/bin/ceph: stdout mon_cluster_log_file_level = debug
2024-04-25T16:22:33.626 INFO:teuthology.orchestra.run.smithi098.stdout:/usr/bin/ceph: stdout mon_osd_allow_pg_remap = true
2024-04-25T16:22:33.626 INFO:teuthology.orchestra.run.smithi098.stdout:/usr/bin/ceph: stdout mon_osd_allow_primary_affinity = true
2024-04-25T16:22:33.626 INFO:teuthology.orchestra.run.smithi098.stdout:/usr/bin/ceph: stdout mon_warn_on_no_sortbitwise = false
2024-04-25T16:22:33.626 INFO:teuthology.orchestra.run.smithi098.stdout:/usr/bin/ceph: stdout osd_crush_chooseleaf_type = 0
2024-04-25T16:22:33.626 INFO:teuthology.orchestra.run.smithi098.stdout:/usr/bin/ceph: stdout
2024-04-25T16:22:33.626 INFO:teuthology.orchestra.run.smithi098.stdout:/usr/bin/ceph: stdout [mgr]
2024-04-25T16:22:33.626 INFO:teuthology.orchestra.run.smithi098.stdout:/usr/bin/ceph: stdout mgr/telemetry/nag = false
2024-04-25T16:22:33.626 INFO:teuthology.orchestra.run.smithi098.stdout:/usr/bin/ceph: stdout
2024-04-25T16:22:33.626 INFO:teuthology.orchestra.run.smithi098.stdout:/usr/bin/ceph: stdout [osd]
2024-04-25T16:22:33.626 INFO:teuthology.orchestra.run.smithi098.stdout:/usr/bin/ceph: stdout mon_osd_backfillfull_ratio = 0.85
2024-04-25T16:22:33.626 INFO:teuthology.orchestra.run.smithi098.stdout:/usr/bin/ceph: stdout mon_osd_full_ratio = 0.9
2024-04-25T16:22:33.627 INFO:teuthology.orchestra.run.smithi098.stdout:/usr/bin/ceph: stdout mon_osd_nearfull_ratio = 0.8
2024-04-25T16:22:33.627 INFO:teuthology.orchestra.run.smithi098.stdout:/usr/bin/ceph: stdout osd_map_max_advance = 10
2024-04-25T16:22:33.627 INFO:teuthology.orchestra.run.smithi098.stdout:/usr/bin/ceph: stdout osd_sloppy_crc = true
2024-04-25T16:22:33.627 INFO:teuthology.orchestra.run.smithi098.stdout:/usr/bin/ceph: stderr
2024-04-25T16:22:32.852+0000 7f6a6aa7d700 1 Processor -- start
2024-04-25T16:22:33.627 INFO:teuthology.orchestra.run.smithi098.stdout:/usr/bin/ceph: stderr
2024-04-25T16:22:32.852+0000 7f6a6aa7d700 1 -- start start
2024-04-25T16:22:33.627 INFO:teuthology.orchestra.run.smithi098.stdout:/usr/bin/ceph: stderr
2024-04-25T16:22:32.852+0000 7f6a6aa7d700 1 --2- >> [v2:172.21.15.98:3300/0,v1:172.21.15.98:6789/0] conn(0x7f6a6407d4e0 0x7f6a6410c570 unknown :-1 s=NONE pgs=0 cs=0 l=0 rev1=0 crypto rx=0 tx=0 comp rx=0 tx=0).connect
2024-04-25T16:22:33.627 INFO:teuthology.orchestra.run.smithi098.stdout:/usr/bin/ceph: stderr
2024-04-25T16:22:32.852+0000 7f6a6aa7d700 1 -- --> [v2:172.21.15.98:3300/0,v1:172.21.15.98:6789/0] -- mon_getmap magic: 0 -- 0x7f6a6410cb40 con 0x7f6a6407d4e0
2024-04-25T16:22:33.627 INFO:teuthology.orchestra.run.smithi098.stdout:/usr/bin/ceph: stderr
2024-04-25T16:22:32.852+0000 7f6a68819700 1 --2- >> [v2:172.21.15.98:3300/0,v1:172.21.15.98:6789/0] conn(0x7f6a6407d4e0 0x7f6a6410c570 unknown :-1 s=BANNER_CONNECTING pgs=0 cs=0 l=0 rev1=0 crypto rx=0 tx=0 comp rx=0 tx=0)._handle_peer_banner_payload supported=3 required=0
2024-04-25T16:22:33.627 INFO:teuthology.orchestra.run.smithi098.stdout:/usr/bin/ceph: stderr
2024-04-25T16:22:32.852+0000 7f6a68819700 1 --2- >> [v2:172.21.15.98:3300/0,v1:172.21.15.98:6789/0] conn(0x7f6a6407d4e0 0x7f6a6410c570 unknown :-1 s=HELLO_CONNECTING pgs=0 cs=0 l=0 rev1=1 crypto rx=0 tx=0 comp rx=0 tx=0).handle_hello peer v2:172.21.15.98:3300/0 says I am v2:172.21.15.98:46392/0 (socket says 172.21.15.98:46392)
2024-04-25T16:22:33.627 INFO:teuthology.orchestra.run.smithi098.stdout:/usr/bin/ceph: stderr
2024-04-25T16:22:32.852+0000 7f6a68819700 1 -- 172.21.15.98:0/2672017800 learned_addr learned my addr 172.21.15.98:0/2672017800 (peer_addr_for_me v2:172.21.15.98:0/0)
2024-04-25T16:22:33.627 INFO:teuthology.orchestra.run.smithi098.stdout:/usr/bin/ceph: stderr
2024-04-25T16:22:32.852+0000 7f6a68819700 1 -- 172.21.15.98:0/2672017800 --> [v2:172.21.15.98:3300/0,v1:172.21.15.98:6789/0] -- mon_subscribe({config=0+,monmap=0+}) -- 0x7f6a6410ccc0 con 0x7f6a6407d4e0
2024-04-25T16:22:33.627 INFO:teuthology.orchestra.run.smithi098.stdout:/usr/bin/ceph: stderr
2024-04-25T16:22:32.853+0000 7f6a68819700 1 --2- 172.21.15.98:0/2672017800 >> [v2:172.21.15.98:3300/0,v1:172.21.15.98:6789/0] conn(0x7f6a6407d4e0 0x7f6a6410c570 secure :-1 s=READY pgs=18 cs=0 l=1 rev1=1 crypto rx=0x7f6a580098a0 tx=0x7f6a58009bb0 comp rx=0 tx=0).ready entity=mon.0 client_cookie=68dd2d5efe286e45 server_cookie=0 in_seq=0 out_seq=0
2024-04-25T16:22:33.627 INFO:teuthology.orchestra.run.smithi098.stdout:/usr/bin/ceph: stderr
2024-04-25T16:22:32.853+0000 7f6a637fe700 1 -- 172.21.15.98:0/2672017800 <== mon.0 v2:172.21.15.98:3300/0 1 ==== mon_map magic: 0 ==== 205+0+0 (secure 0 0 0) 0x7f6a58004160 con 0x7f6a6407d4e0
2024-04-25T16:22:33.628 INFO:teuthology.orchestra.run.smithi098.stdout:/usr/bin/ceph: stderr
2024-04-25T16:22:32.853+0000 7f6a637fe700 1 -- 172.21.15.98:0/2672017800 <== mon.0 v2:172.21.15.98:3300/0 2 ==== config(25 keys) ==== 1032+0+0 (secure 0 0 0) 0x7f6a58004300 con 0x7f6a6407d4e0
2024-04-25T16:22:33.628 INFO:teuthology.orchestra.run.smithi098.stdout:/usr/bin/ceph: stderr
2024-04-25T16:22:32.853+0000 7f6a637fe700 1 -- 172.21.15.98:0/2672017800 <== mon.0 v2:172.21.15.98:3300/0 3 ==== mon_map magic: 0 ==== 205+0+0 (secure 0 0 0) 0x7f6a580119e0 con 0x7f6a6407d4e0
2024-04-25T16:22:33.628 INFO:teuthology.orchestra.run.smithi098.stdout:/usr/bin/ceph: stderr
2024-04-25T16:22:32.853+0000 7f6a6aa7d700 1 -- 172.21.15.98:0/2672017800 >> [v2:172.21.15.98:3300/0,v1:172.21.15.98:6789/0] conn(0x7f6a6407d4e0 msgr2=0x7f6a6410c570 secure :-1 s=STATE_CONNECTION_ESTABLISHED l=1).mark_down
2024-04-25T16:22:33.628 INFO:teuthology.orchestra.run.smithi098.stdout:/usr/bin/ceph: stderr
2024-04-25T16:22:32.853+0000 7f6a6aa7d700 1 --2- 172.21.15.98:0/2672017800 >> [v2:172.21.15.98:3300/0,v1:172.21.15.98:6789/0] conn(0x7f6a6407d4e0 0x7f6a6410c570 secure :-1 s=READY pgs=18 cs=0 l=1 rev1=1 crypto rx=0x7f6a580098a0 tx=0x7f6a58009bb0 comp rx=0 tx=0).stop
2024-04-25T16:22:33.628 INFO:teuthology.orchestra.run.smithi098.stdout:/usr/bin/ceph: stderr
2024-04-25T16:22:32.853+0000 7f6a6aa7d700 1 -- 172.21.15.98:0/2672017800 shutdown_connections
2024-04-25T16:22:33.628 INFO:teuthology.orchestra.run.smithi098.stdout:/usr/bin/ceph: stderr
2024-04-25T16:22:32.853+0000 7f6a6aa7d700 1 --2- 172.21.15.98:0/2672017800 >> [v2:172.21.15.98:3300/0,v1:172.21.15.98:6789/0] conn(0x7f6a6407d4e0 0x7f6a6410c570 unknown :-1 s=CLOSED pgs=18 cs=0 l=1 rev1=1 crypto rx=0 tx=0 comp rx=0 tx=0).stop
2024-04-25T16:22:33.628 INFO:teuthology.orchestra.run.smithi098.stdout:/usr/bin/ceph: stderr
2024-04-25T16:22:32.853+0000 7f6a6aa7d700 1 -- 172.21.15.98:0/2672017800 >> 172.21.15.98:0/2672017800 conn(0x7f6a64103f40 msgr2=0x7f6a64106390 unknown :-1 s=STATE_NONE l=0).mark_down
2024-04-25T16:22:33.628 INFO:teuthology.orchestra.run.smithi098.stdout:/usr/bin/ceph: stderr
2024-04-25T16:22:32.854+0000 7f6a6aa7d700 1 -- 172.21.15.98:0/2672017800 shutdown_connections
2024-04-25T16:22:33.628 INFO:teuthology.orchestra.run.smithi098.stdout:/usr/bin/ceph: stderr
2024-04-25T16:22:32.854+0000 7f6a6aa7d700 1 -- 172.21.15.98:0/2672017800 wait complete.
2024-04-25T16:22:33.628 INFO:teuthology.orchestra.run.smithi098.stdout:/usr/bin/ceph: stderr
2024-04-25T16:22:32.854+0000 7f6a6aa7d700 1 Processor -- start
2024-04-25T16:22:33.628 INFO:teuthology.orchestra.run.smithi098.stdout:/usr/bin/ceph: stderr
2024-04-25T16:22:32.854+0000 7f6a6aa7d700 1 -- start start
2024-04-25T16:22:33.628 INFO:teuthology.orchestra.run.smithi098.stdout:/usr/bin/ceph: stderr
2024-04-25T16:22:32.854+0000 7f6a6aa7d700 1 --2- >> [v2:172.21.15.98:3300/0,v1:172.21.15.98:6789/0] conn(0x7f6a6407d4e0 0x7f6a6419db80 unknown :-1 s=NONE pgs=0 cs=0 l=1 rev1=0 crypto rx=0 tx=0 comp rx=0 tx=0).connect
2024-04-25T16:22:33.628 INFO:teuthology.orchestra.run.smithi098.stdout:/usr/bin/ceph: stderr
2024-04-25T16:22:32.854+0000 7f6a6aa7d700 1 -- --> [v2:172.21.15.98:3300/0,v1:172.21.15.98:6789/0] -- mon_getmap magic: 0 -- 0x7f6a6410dc10 con 0x7f6a6407d4e0
2024-04-25T16:22:33.628 INFO:teuthology.orchestra.run.smithi098.stdout:/usr/bin/ceph: stderr
2024-04-25T16:22:32.855+0000 7f6a68819700 1 --2- >> [v2:172.21.15.98:3300/0,v1:172.21.15.98:6789/0] conn(0x7f6a6407d4e0 0x7f6a6419db80 unknown :-1 s=BANNER_CONNECTING pgs=0 cs=0 l=1 rev1=0 crypto rx=0 tx=0 comp rx=0 tx=0)._handle_peer_banner_payload supported=3 required=0
2024-04-25T16:22:33.629 INFO:teuthology.orchestra.run.smithi098.stdout:/usr/bin/ceph: stderr
2024-04-25T16:22:32.855+0000 7f6a68819700 1 --2- >> [v2:172.21.15.98:3300/0,v1:172.21.15.98:6789/0] conn(0x7f6a6407d4e0 0x7f6a6419db80 unknown :-1 s=HELLO_CONNECTING pgs=0 cs=0 l=1 rev1=1 crypto rx=0 tx=0 comp rx=0 tx=0).handle_hello peer v2:172.21.15.98:3300/0 says I am v2:172.21.15.98:46408/0 (socket says 172.21.15.98:46408)
2024-04-25T16:22:33.629 INFO:teuthology.orchestra.run.smithi098.stdout:/usr/bin/ceph: stderr
2024-04-25T16:22:32.855+0000 7f6a68819700 1 -- 172.21.15.98:0/3783227288 learned_addr learned my addr 172.21.15.98:0/3783227288 (peer_addr_for_me v2:172.21.15.98:0/0)
2024-04-25T16:22:33.629 INFO:teuthology.orchestra.run.smithi098.stdout:/usr/bin/ceph: stderr
2024-04-25T16:22:32.855+0000 7f6a68819700 1 -- 172.21.15.98:0/3783227288 --> [v2:172.21.15.98:3300/0,v1:172.21.15.98:6789/0] -- mon_subscribe({config=0+,monmap=0+}) -- 0x7f6a6419e0c0 con 0x7f6a6407d4e0
2024-04-25T16:22:33.629 INFO:teuthology.orchestra.run.smithi098.stdout:/usr/bin/ceph: stderr
2024-04-25T16:22:32.855+0000 7f6a68819700 1 --2- 172.21.15.98:0/3783227288 >> [v2:172.21.15.98:3300/0,v1:172.21.15.98:6789/0] conn(0x7f6a6407d4e0 0x7f6a6419db80 secure :-1 s=READY pgs=19 cs=0 l=1 rev1=1 crypto rx=0x7f6a580116a0 tx=0x7f6a58011a60 comp rx=0 tx=0).ready entity=mon.0 client_cookie=0 server_cookie=0 in_seq=0 out_seq=0
2024-04-25T16:22:33.629 INFO:teuthology.orchestra.run.smithi098.stdout:/usr/bin/ceph: stderr
2024-04-25T16:22:32.855+0000 7f6a61ffb700 1 -- 172.21.15.98:0/3783227288 <== mon.0 v2:172.21.15.98:3300/0 1 ==== mon_map magic: 0 ==== 205+0+0 (secure 0 0 0) 0x7f6a580039f0 con 0x7f6a6407d4e0
2024-04-25T16:22:33.629 INFO:teuthology.orchestra.run.smithi098.stdout:/usr/bin/ceph: stderr
2024-04-25T16:22:32.855+0000 7f6a61ffb700 1 -- 172.21.15.98:0/3783227288 <== mon.0 v2:172.21.15.98:3300/0 2 ==== config(25 keys) ==== 1032+0+0 (secure 0 0 0) 0x7f6a58003b90 con 0x7f6a6407d4e0
2024-04-25T16:22:33.629 INFO:teuthology.orchestra.run.smithi098.stdout:/usr/bin/ceph: stderr
2024-04-25T16:22:32.855+0000 7f6a6aa7d700 1 -- 172.21.15.98:0/3783227288 --> [v2:172.21.15.98:3300/0,v1:172.21.15.98:6789/0] -- mon_subscribe({mgrmap=0+}) -- 0x7f6a6419e350 con 0x7f6a6407d4e0
2024-04-25T16:22:33.629 INFO:teuthology.orchestra.run.smithi098.stdout:/usr/bin/ceph: stderr
2024-04-25T16:22:32.855+0000 7f6a61ffb700 1 -- 172.21.15.98:0/3783227288 <== mon.0 v2:172.21.15.98:3300/0 3 ==== mon_map magic: 0 ==== 205+0+0 (secure 0 0 0) 0x7f6a5801a600 con 0x7f6a6407d4e0
2024-04-25T16:22:33.629 INFO:teuthology.orchestra.run.smithi098.stdout:/usr/bin/ceph: stderr
2024-04-25T16:22:32.855+0000 7f6a6aa7d700 1 -- 172.21.15.98:0/3783227288 --> [v2:172.21.15.98:3300/0,v1:172.21.15.98:6789/0] -- mon_subscribe({osdmap=0}) -- 0x7f6a641a0f60 con 0x7f6a6407d4e0
2024-04-25T16:22:33.629 INFO:teuthology.orchestra.run.smithi098.stdout:/usr/bin/ceph: stderr
2024-04-25T16:22:32.856+0000 7f6a61ffb700 1 -- 172.21.15.98:0/3783227288 <== mon.0 v2:172.21.15.98:3300/0 4 ==== mgrmap(e 4) ==== 49505+0+0 (secure 0 0 0) 0x7f6a5801a8b0 con 0x7f6a6407d4e0
2024-04-25T16:22:33.629 INFO:teuthology.orchestra.run.smithi098.stdout:/usr/bin/ceph: stderr
2024-04-25T16:22:32.856+0000 7f6a61ffb700 1 --2- 172.21.15.98:0/3783227288 >> [v2:172.21.15.98:6800/4161723298,v1:172.21.15.98:6801/4161723298] conn(0x7f6a5403d5e0 0x7f6a5403faf0 unknown :-1 s=NONE pgs=0 cs=0 l=1 rev1=0 crypto rx=0 tx=0 comp rx=0 tx=0).connect
2024-04-25T16:22:33.629 INFO:teuthology.orchestra.run.smithi098.stdout:/usr/bin/ceph: stderr
2024-04-25T16:22:32.857+0000 7f6a61ffb700 1 -- 172.21.15.98:0/3783227288 <== mon.0 v2:172.21.15.98:3300/0 5 ==== osd_map(1..1 src has 1..1) ==== 725+0+0 (secure 0 0 0) 0x7f6a580529a0 con 0x7f6a6407d4e0
2024-04-25T16:22:33.629 INFO:teuthology.orchestra.run.smithi098.stdout:/usr/bin/ceph: stderr
2024-04-25T16:22:32.857+0000 7f6a6aa7d700 1 -- 172.21.15.98:0/3783227288 --> [v2:172.21.15.98:3300/0,v1:172.21.15.98:6789/0] -- mon_command({"prefix": "get_command_descriptions"} v 0) -- 0x7f6a64064cf0 con 0x7f6a6407d4e0
2024-04-25T16:22:33.629 INFO:teuthology.orchestra.run.smithi098.stdout:/usr/bin/ceph: stderr
2024-04-25T16:22:32.857+0000 7f6a63fff700 1 --2- 172.21.15.98:0/3783227288 >> [v2:172.21.15.98:6800/4161723298,v1:172.21.15.98:6801/4161723298] conn(0x7f6a5403d5e0 0x7f6a5403faf0 unknown :-1 s=BANNER_CONNECTING pgs=0 cs=0 l=1 rev1=0 crypto rx=0 tx=0 comp rx=0 tx=0)._handle_peer_banner_payload supported=3 required=0
2024-04-25T16:22:33.630 INFO:teuthology.orchestra.run.smithi098.stdout:/usr/bin/ceph: stderr
2024-04-25T16:22:32.857+0000 7f6a63fff700 1 --2- 172.21.15.98:0/3783227288 >> [v2:172.21.15.98:6800/4161723298,v1:172.21.15.98:6801/4161723298] conn(0x7f6a5403d5e0 0x7f6a5403faf0 secure :-1 s=READY pgs=7 cs=0 l=1 rev1=1 crypto rx=0x7f6a50006fd0 tx=0x7f6a50006e40 comp rx=0 tx=0).ready entity=mgr.14100 client_cookie=0 server_cookie=0 in_seq=0 out_seq=0
2024-04-25T16:22:33.630 INFO:teuthology.orchestra.run.smithi098.stdout:/usr/bin/ceph: stderr
2024-04-25T16:22:32.862+0000 7f6a61ffb700 1 -- 172.21.15.98:0/3783227288 <== mon.0 v2:172.21.15.98:3300/0 6 ==== mon_command_ack([{"prefix": "get_command_descriptions"}]=0 v0) ==== 72+0+188370 (secure 0 0 0) 0x7f6a5800e260 con 0x7f6a6407d4e0
2024-04-25T16:22:33.630 INFO:teuthology.orchestra.run.smithi098.stdout:/usr/bin/ceph: stderr
2024-04-25T16:22:33.059+0000 7f6a6aa7d700 1 -- 172.21.15.98:0/3783227288 --> [v2:172.21.15.98:3300/0,v1:172.21.15.98:6789/0] -- mon_command({"prefix": "config assimilate-conf"} v 0) -- 0x7f6a641a1130 con 0x7f6a6407d4e0
2024-04-25T16:22:33.630 INFO:teuthology.orchestra.run.smithi098.stdout:/usr/bin/ceph: stderr
2024-04-25T16:22:33.060+0000 7f6a61ffb700 1 -- 172.21.15.98:0/3783227288 <== mon.0 v2:172.21.15.98:3300/0 7 ==== mon_command_ack([{"prefix": "config assimilate-conf"}]=0 v3) ==== 70+0+409 (secure 0 0 0) 0x7f6a58018e10 con 0x7f6a6407d4e0
2024-04-25T16:22:33.630 INFO:teuthology.orchestra.run.smithi098.stdout:/usr/bin/ceph: stderr
2024-04-25T16:22:33.062+0000 7f6a6aa7d700 1 -- 172.21.15.98:0/3783227288 >> [v2:172.21.15.98:6800/4161723298,v1:172.21.15.98:6801/4161723298] conn(0x7f6a5403d5e0 msgr2=0x7f6a5403faf0 secure :-1 s=STATE_CONNECTION_ESTABLISHED l=1).mark_down
2024-04-25T16:22:33.630 INFO:teuthology.orchestra.run.smithi098.stdout:/usr/bin/ceph: stderr
2024-04-25T16:22:33.062+0000 7f6a6aa7d700 1 --2- 172.21.15.98:0/3783227288 >> [v2:172.21.15.98:6800/4161723298,v1:172.21.15.98:6801/4161723298] conn(0x7f6a5403d5e0 0x7f6a5403faf0 secure :-1 s=READY pgs=7 cs=0 l=1 rev1=1 crypto rx=0x7f6a50006fd0 tx=0x7f6a50006e40 comp rx=0 tx=0).stop
2024-04-25T16:22:33.630 INFO:teuthology.orchestra.run.smithi098.stdout:/usr/bin/ceph: stderr
2024-04-25T16:22:33.062+0000 7f6a6aa7d700 1 -- 172.21.15.98:0/3783227288 >> [v2:172.21.15.98:3300/0,v1:172.21.15.98:6789/0] conn(0x7f6a6407d4e0 msgr2=0x7f6a6419db80 secure :-1 s=STATE_CONNECTION_ESTABLISHED l=1).mark_down
2024-04-25T16:22:33.630 INFO:teuthology.orchestra.run.smithi098.stdout:/usr/bin/ceph: stderr
2024-04-25T16:22:33.062+0000 7f6a6aa7d700 1 --2- 172.21.15.98:0/3783227288 >> [v2:172.21.15.98:3300/0,v1:172.21.15.98:6789/0] conn(0x7f6a6407d4e0 0x7f6a6419db80 secure :-1 s=READY pgs=19 cs=0 l=1 rev1=1 crypto rx=0x7f6a580116a0 tx=0x7f6a58011a60 comp rx=0 tx=0).stop
2024-04-25T16:22:33.630 INFO:teuthology.orchestra.run.smithi098.stdout:/usr/bin/ceph: stderr
2024-04-25T16:22:33.062+0000 7f6a6aa7d700 1 -- 172.21.15.98:0/3783227288 shutdown_connections
2024-04-25T16:22:33.630 INFO:teuthology.orchestra.run.smithi098.stdout:/usr/bin/ceph: stderr
2024-04-25T16:22:33.062+0000 7f6a6aa7d700 1 --2- 172.21.15.98:0/3783227288 >> [v2:172.21.15.98:6800/4161723298,v1:172.21.15.98:6801/4161723298] conn(0x7f6a5403d5e0 0x7f6a5403faf0 unknown :-1 s=CLOSED pgs=7 cs=0 l=1 rev1=1 crypto rx=0 tx=0 comp rx=0 tx=0).stop
2024-04-25T16:22:33.631 INFO:teuthology.orchestra.run.smithi098.stdout:/usr/bin/ceph: stderr
2024-04-25T16:22:33.062+0000 7f6a6aa7d700 1 --2- 172.21.15.98:0/3783227288 >> [v2:172.21.15.98:3300/0,v1:172.21.15.98:6789/0] conn(0x7f6a6407d4e0 0x7f6a6419db80 unknown :-1 s=CLOSED pgs=19 cs=0 l=1 rev1=1 crypto rx=0 tx=0 comp rx=0 tx=0).stop
2024-04-25T16:22:33.631 INFO:teuthology.orchestra.run.smithi098.stdout:/usr/bin/ceph: stderr
2024-04-25T16:22:33.062+0000 7f6a6aa7d700 1 -- 172.21.15.98:0/3783227288 >> 172.21.15.98:0/3783227288 conn(0x7f6a64103f40 msgr2=0x7f6a641047a0 unknown :-1 s=STATE_NONE l=0).mark_down
2024-04-25T16:22:33.631 INFO:teuthology.orchestra.run.smithi098.stdout:/usr/bin/ceph: stderr
2024-04-25T16:22:33.062+0000 7f6a6aa7d700 1 -- 172.21.15.98:0/3783227288 shutdown_connections
2024-04-25T16:22:33.631 INFO:teuthology.orchestra.run.smithi098.stdout:/usr/bin/ceph: stderr
2024-04-25T16:22:33.062+0000 7f6a6aa7d700 1 -- 172.21.15.98:0/3783227288 wait complete.
2024-04-25T16:22:33.631 INFO:teuthology.orchestra.run.smithi098.stdout:Enabling cephadm module...
2024-04-25T16:22:34.742 INFO:journalctl@ceph.mon.a.smithi098.stdout:Apr 25 16:22:34 smithi098 ceph-mon[29162]: from='client.? 172.21.15.98:0/1776484558' entity='client.admin' cmd=[{"prefix": "mgr module enable", "module": "cephadm"}]: dispatch
2024-04-25T16:22:34.743 INFO:journalctl@ceph.mgr.x.smithi098.stdout:Apr 25 16:22:34 smithi098 ceph-c520eaa8-031f-11ef-bc93-c7b262605968-mgr-x[29395]: ignoring --setuser ceph since I am not root
2024-04-25T16:22:34.743 INFO:journalctl@ceph.mgr.x.smithi098.stdout:Apr 25 16:22:34 smithi098 ceph-c520eaa8-031f-11ef-bc93-c7b262605968-mgr-x[29395]: ignoring --setgroup ceph since I am not root
2024-04-25T16:22:34.743 INFO:journalctl@ceph.mgr.x.smithi098.stdout:Apr 25 16:22:34 smithi098 ceph-c520eaa8-031f-11ef-bc93-c7b262605968-mgr-x[29395]:
2024-04-25T16:22:34.555+0000 7f59a7d9c200 -1 mgr[py] Module balancer has missing NOTIFY_TYPES member
2024-04-25T16:22:34.743 INFO:journalctl@ceph.mgr.x.smithi098.stdout:Apr 25 16:22:34 smithi098 ceph-c520eaa8-031f-11ef-bc93-c7b262605968-mgr-x[29395]:
2024-04-25T16:22:34.741+0000 7f59a7d9c200 -1 mgr[py] Module orchestrator has missing NOTIFY_TYPES member
2024-04-25T16:22:35.004 INFO:journalctl@ceph.mgr.x.smithi098.stdout:Apr 25 16:22:34 smithi098 ceph-c520eaa8-031f-11ef-bc93-c7b262605968-mgr-x[29395]:
2024-04-25T16:22:34.843+0000 7f59a7d9c200 -1 mgr[py] Module snap_schedule has missing NOTIFY_TYPES member
2024-04-25T16:22:35.504 INFO:journalctl@ceph.mon.a.smithi098.stdout:Apr 25 16:22:35 smithi098 ceph-mon[29162]: from='client.? 172.21.15.98:0/1776484558' entity='client.admin' cmd='[{"prefix": "mgr module enable", "module": "cephadm"}]': finished
2024-04-25T16:22:35.504 INFO:journalctl@ceph.mon.a.smithi098.stdout:Apr 25 16:22:35 smithi098 ceph-mon[29162]: mgrmap e5: x(active, since 11s)
2024-04-25T16:22:35.504 INFO:journalctl@ceph.mgr.x.smithi098.stdout:Apr 25 16:22:35 smithi098 ceph-c520eaa8-031f-11ef-bc93-c7b262605968-mgr-x[29395]:
2024-04-25T16:22:35.154+0000 7f59a7d9c200 -1 mgr[py] Module progress has missing NOTIFY_TYPES member
2024-04-25T16:22:35.504 INFO:journalctl@ceph.mgr.x.smithi098.stdout:Apr 25 16:22:35 smithi098 ceph-c520eaa8-031f-11ef-bc93-c7b262605968-mgr-x[29395]:
2024-04-25T16:22:35.240+0000 7f59a7d9c200 -1 mgr[py] Module influx has missing NOTIFY_TYPES member
2024-04-25T16:22:35.792 INFO:teuthology.orchestra.run.smithi098.stdout:/usr/bin/ceph: stderr
2024-04-25T16:22:34.044+0000 7f78d5dcb700 1 Processor -- start
2024-04-25T16:22:35.792 INFO:teuthology.orchestra.run.smithi098.stdout:/usr/bin/ceph: stderr
2024-04-25T16:22:34.044+0000 7f78d5dcb700 1 -- start start
2024-04-25T16:22:35.792 INFO:teuthology.orchestra.run.smithi098.stdout:/usr/bin/ceph: stderr
2024-04-25T16:22:34.045+0000 7f78d5dcb700 1 --2- >> [v2:172.21.15.98:3300/0,v1:172.21.15.98:6789/0] conn(0x7f78d0109970 0x7f78d0109d80 unknown :-1 s=NONE pgs=0 cs=0 l=0 rev1=0 crypto rx=0 tx=0 comp rx=0 tx=0).connect
2024-04-25T16:22:35.792 INFO:teuthology.orchestra.run.smithi098.stdout:/usr/bin/ceph: stderr
2024-04-25T16:22:34.045+0000 7f78d5dcb700 1 -- --> [v2:172.21.15.98:3300/0,v1:172.21.15.98:6789/0] -- mon_getmap magic: 0 -- 0x7f78d010a370 con 0x7f78d0109970
2024-04-25T16:22:35.793 INFO:teuthology.orchestra.run.smithi098.stdout:/usr/bin/ceph: stderr
2024-04-25T16:22:34.045+0000 7f78cf7fe700 1 --2- >> [v2:172.21.15.98:3300/0,v1:172.21.15.98:6789/0] conn(0x7f78d0109970 0x7f78d0109d80 unknown :-1 s=BANNER_CONNECTING pgs=0 cs=0 l=0 rev1=0 crypto rx=0 tx=0 comp rx=0 tx=0)._handle_peer_banner_payload supported=3 required=0
2024-04-25T16:22:35.793 INFO:teuthology.orchestra.run.smithi098.stdout:/usr/bin/ceph: stderr
2024-04-25T16:22:34.045+0000 7f78cf7fe700 1 --2- >> [v2:172.21.15.98:3300/0,v1:172.21.15.98:6789/0] conn(0x7f78d0109970 0x7f78d0109d80 unknown :-1 s=HELLO_CONNECTING pgs=0 cs=0 l=0 rev1=1 crypto rx=0 tx=0 comp rx=0 tx=0).handle_hello peer v2:172.21.15.98:3300/0 says I am v2:172.21.15.98:46412/0 (socket says 172.21.15.98:46412)
2024-04-25T16:22:35.793 INFO:teuthology.orchestra.run.smithi098.stdout:/usr/bin/ceph: stderr
2024-04-25T16:22:34.045+0000 7f78cf7fe700 1 -- 172.21.15.98:0/3937112332 learned_addr learned my addr 172.21.15.98:0/3937112332 (peer_addr_for_me v2:172.21.15.98:0/0)
2024-04-25T16:22:35.793 INFO:teuthology.orchestra.run.smithi098.stdout:/usr/bin/ceph: stderr
2024-04-25T16:22:34.045+0000 7f78cf7fe700 1 -- 172.21.15.98:0/3937112332 --> [v2:172.21.15.98:3300/0,v1:172.21.15.98:6789/0] -- mon_subscribe({config=0+,monmap=0+}) -- 0x7f78d010aaa0 con 0x7f78d0109970
2024-04-25T16:22:35.793 INFO:teuthology.orchestra.run.smithi098.stdout:/usr/bin/ceph: stderr
2024-04-25T16:22:34.045+0000 7f78cf7fe700 1 --2- 172.21.15.98:0/3937112332 >> [v2:172.21.15.98:3300/0,v1:172.21.15.98:6789/0] conn(0x7f78d0109970 0x7f78d0109d80 secure :-1 s=READY pgs=20 cs=0 l=1 rev1=1 crypto rx=0x7f78c40098a0 tx=0x7f78c4009bb0 comp rx=0 tx=0).ready entity=mon.0 client_cookie=f5c251c27a05f7f2 server_cookie=0 in_seq=0 out_seq=0
2024-04-25T16:22:35.793 INFO:teuthology.orchestra.run.smithi098.stdout:/usr/bin/ceph: stderr
2024-04-25T16:22:34.045+0000 7f78ce7fc700 1 -- 172.21.15.98:0/3937112332 <== mon.0 v2:172.21.15.98:3300/0 1 ==== mon_map magic: 0 ==== 205+0+0 (secure 0 0 0) 0x7f78c4004160 con 0x7f78d0109970
2024-04-25T16:22:35.793 INFO:teuthology.orchestra.run.smithi098.stdout:/usr/bin/ceph: stderr
2024-04-25T16:22:34.045+0000 7f78ce7fc700 1 -- 172.21.15.98:0/3937112332 <== mon.0 v2:172.21.15.98:3300/0 2 ==== config(25 keys) ==== 1032+0+0 (secure 0 0 0) 0x7f78c4004300 con 0x7f78d0109970
2024-04-25T16:22:35.794 INFO:teuthology.orchestra.run.smithi098.stdout:/usr/bin/ceph: stderr
2024-04-25T16:22:34.045+0000 7f78ce7fc700 1 -- 172.21.15.98:0/3937112332 <== mon.0 v2:172.21.15.98:3300/0 3 ==== mon_map magic: 0 ==== 205+0+0 (secure 0 0 0) 0x7f78c40119e0 con 0x7f78d0109970
2024-04-25T16:22:35.794 INFO:teuthology.orchestra.run.smithi098.stdout:/usr/bin/ceph: stderr
2024-04-25T16:22:34.046+0000 7f78d5dcb700 1 -- 172.21.15.98:0/3937112332 >> [v2:172.21.15.98:3300/0,v1:172.21.15.98:6789/0] conn(0x7f78d0109970 msgr2=0x7f78d0109d80 secure :-1 s=STATE_CONNECTION_ESTABLISHED l=1).mark_down
2024-04-25T16:22:35.794 INFO:teuthology.orchestra.run.smithi098.stdout:/usr/bin/ceph: stderr
2024-04-25T16:22:34.046+0000 7f78d5dcb700 1 --2- 172.21.15.98:0/3937112332 >> [v2:172.21.15.98:3300/0,v1:172.21.15.98:6789/0] conn(0x7f78d0109970 0x7f78d0109d80 secure :-1 s=READY pgs=20 cs=0 l=1 rev1=1 crypto rx=0x7f78c40098a0 tx=0x7f78c4009bb0 comp rx=0 tx=0).stop
2024-04-25T16:22:35.794 INFO:teuthology.orchestra.run.smithi098.stdout:/usr/bin/ceph: stderr
2024-04-25T16:22:34.046+0000 7f78d5dcb700 1 -- 172.21.15.98:0/3937112332 shutdown_connections
2024-04-25T16:22:35.794 INFO:teuthology.orchestra.run.smithi098.stdout:/usr/bin/ceph: stderr
2024-04-25T16:22:34.046+0000 7f78d5dcb700 1 --2- 172.21.15.98:0/3937112332 >> [v2:172.21.15.98:3300/0,v1:172.21.15.98:6789/0] conn(0x7f78d0109970 0x7f78d0109d80 unknown :-1 s=CLOSED pgs=20 cs=0 l=1 rev1=1 crypto rx=0 tx=0 comp rx=0 tx=0).stop
2024-04-25T16:22:35.794 INFO:teuthology.orchestra.run.smithi098.stdout:/usr/bin/ceph: stderr
2024-04-25T16:22:34.046+0000 7f78d5dcb700 1 -- 172.21.15.98:0/3937112332 >> 172.21.15.98:0/3937112332 conn(0x7f78d0105010 msgr2=0x7f78d0107460 unknown :-1 s=STATE_NONE l=0).mark_down
2024-04-25T16:22:35.794 INFO:teuthology.orchestra.run.smithi098.stdout:/usr/bin/ceph: stderr
2024-04-25T16:22:34.046+0000 7f78d5dcb700 1 -- 172.21.15.98:0/3937112332 shutdown_connections
2024-04-25T16:22:35.795 INFO:teuthology.orchestra.run.smithi098.stdout:/usr/bin/ceph: stderr
2024-04-25T16:22:34.046+0000 7f78d5dcb700 1 -- 172.21.15.98:0/3937112332 wait complete.
2024-04-25T16:22:35.795 INFO:teuthology.orchestra.run.smithi098.stdout:/usr/bin/ceph: stderr
2024-04-25T16:22:34.047+0000 7f78d5dcb700 1 Processor -- start
2024-04-25T16:22:35.795 INFO:teuthology.orchestra.run.smithi098.stdout:/usr/bin/ceph: stderr
2024-04-25T16:22:34.047+0000 7f78d5dcb700 1 -- start start
2024-04-25T16:22:35.795 INFO:teuthology.orchestra.run.smithi098.stdout:/usr/bin/ceph: stderr
2024-04-25T16:22:34.047+0000 7f78d5dcb700 1 --2- >> [v2:172.21.15.98:3300/0,v1:172.21.15.98:6789/0] conn(0x7f78d0109970 0x7f78d019db90 unknown :-1 s=NONE pgs=0 cs=0 l=1 rev1=0 crypto rx=0 tx=0 comp rx=0 tx=0).connect
2024-04-25T16:22:35.795 INFO:teuthology.orchestra.run.smithi098.stdout:/usr/bin/ceph: stderr
2024-04-25T16:22:34.047+0000 7f78d5dcb700 1 -- --> [v2:172.21.15.98:3300/0,v1:172.21.15.98:6789/0] -- mon_getmap magic: 0 -- 0x7f78d010dcd0 con 0x7f78d0109970
2024-04-25T16:22:35.795 INFO:teuthology.orchestra.run.smithi098.stdout:/usr/bin/ceph: stderr
2024-04-25T16:22:34.047+0000 7f78cf7fe700 1 --2- >> [v2:172.21.15.98:3300/0,v1:172.21.15.98:6789/0] conn(0x7f78d0109970 0x7f78d019db90 unknown :-1 s=BANNER_CONNECTING pgs=0 cs=0 l=1 rev1=0 crypto rx=0 tx=0 comp rx=0 tx=0)._handle_peer_banner_payload supported=3 required=0
2024-04-25T16:22:35.795 INFO:teuthology.orchestra.run.smithi098.stdout:/usr/bin/ceph: stderr
2024-04-25T16:22:34.047+0000 7f78cf7fe700 1 --2- >> [v2:172.21.15.98:3300/0,v1:172.21.15.98:6789/0] conn(0x7f78d0109970 0x7f78d019db90 unknown :-1 s=HELLO_CONNECTING pgs=0 cs=0 l=1 rev1=1 crypto rx=0 tx=0 comp rx=0 tx=0).handle_hello peer v2:172.21.15.98:3300/0 says I am v2:172.21.15.98:46416/0 (socket says 172.21.15.98:46416)
2024-04-25T16:22:35.795 INFO:teuthology.orchestra.run.smithi098.stdout:/usr/bin/ceph: stderr
2024-04-25T16:22:34.047+0000 7f78cf7fe700 1 -- 172.21.15.98:0/1776484558 learned_addr learned my addr 172.21.15.98:0/1776484558 (peer_addr_for_me v2:172.21.15.98:0/0)
2024-04-25T16:22:35.795 INFO:teuthology.orchestra.run.smithi098.stdout:/usr/bin/ceph: stderr
2024-04-25T16:22:34.048+0000 7f78cf7fe700 1 -- 172.21.15.98:0/1776484558 --> [v2:172.21.15.98:3300/0,v1:172.21.15.98:6789/0] -- mon_subscribe({config=0+,monmap=0+}) -- 0x7f78d019e0d0 con 0x7f78d0109970
2024-04-25T16:22:35.795 INFO:teuthology.orchestra.run.smithi098.stdout:/usr/bin/ceph: stderr
2024-04-25T16:22:34.048+0000 7f78cf7fe700 1 --2- 172.21.15.98:0/1776484558 >> [v2:172.21.15.98:3300/0,v1:172.21.15.98:6789/0] conn(0x7f78d0109970 0x7f78d019db90 secure :-1 s=READY pgs=21 cs=0 l=1 rev1=1 crypto rx=0x7f78c4009fb0 tx=0x7f78c4011a60 comp rx=0 tx=0).ready entity=mon.0 client_cookie=0 server_cookie=0 in_seq=0 out_seq=0
2024-04-25T16:22:35.795 INFO:teuthology.orchestra.run.smithi098.stdout:/usr/bin/ceph: stderr
2024-04-25T16:22:34.048+0000 7f78ccff9700 1 -- 172.21.15.98:0/1776484558 <== mon.0 v2:172.21.15.98:3300/0 1 ==== mon_map magic: 0 ==== 205+0+0 (secure 0 0 0) 0x7f78c40038b0 con 0x7f78d0109970
2024-04-25T16:22:35.795 INFO:teuthology.orchestra.run.smithi098.stdout:/usr/bin/ceph: stderr
2024-04-25T16:22:34.048+0000 7f78ccff9700 1 -- 172.21.15.98:0/1776484558 <== mon.0 v2:172.21.15.98:3300/0 2 ==== config(25 keys) ==== 1032+0+0 (secure 0 0 0) 0x7f78c4003a50 con 0x7f78d0109970
2024-04-25T16:22:35.795 INFO:teuthology.orchestra.run.smithi098.stdout:/usr/bin/ceph: stderr
2024-04-25T16:22:34.048+0000 7f78d5dcb700 1 -- 172.21.15.98:0/1776484558 --> [v2:172.21.15.98:3300/0,v1:172.21.15.98:6789/0] -- mon_subscribe({mgrmap=0+}) -- 0x7f78d019e360 con 0x7f78d0109970
2024-04-25T16:22:35.796 INFO:teuthology.orchestra.run.smithi098.stdout:/usr/bin/ceph: stderr
2024-04-25T16:22:34.048+0000 7f78ccff9700 1 -- 172.21.15.98:0/1776484558 <== mon.0 v2:172.21.15.98:3300/0 3 ==== mon_map magic: 0 ==== 205+0+0 (secure 0 0 0) 0x7f78c4019550 con 0x7f78d0109970
2024-04-25T16:22:35.796 INFO:teuthology.orchestra.run.smithi098.stdout:/usr/bin/ceph: stderr
2024-04-25T16:22:34.048+0000 7f78d5dcb700 1 -- 172.21.15.98:0/1776484558 --> [v2:172.21.15.98:3300/0,v1:172.21.15.98:6789/0] -- mon_subscribe({osdmap=0}) -- 0x7f78d01a0f70 con 0x7f78d0109970
2024-04-25T16:22:35.796 INFO:teuthology.orchestra.run.smithi098.stdout:/usr/bin/ceph: stderr
2024-04-25T16:22:34.049+0000 7f78d5dcb700 1 -- 172.21.15.98:0/1776484558 --> [v2:172.21.15.98:3300/0,v1:172.21.15.98:6789/0] -- mon_command({"prefix": "get_command_descriptions"} v 0) -- 0x7f78d0064cf0 con 0x7f78d0109970
2024-04-25T16:22:35.796 INFO:teuthology.orchestra.run.smithi098.stdout:/usr/bin/ceph: stderr
2024-04-25T16:22:34.049+0000 7f78ccff9700 1 -- 172.21.15.98:0/1776484558 <== mon.0 v2:172.21.15.98:3300/0 4 ==== mgrmap(e 4) ==== 49505+0+0 (secure 0 0 0) 0x7f78c4019800 con 0x7f78d0109970
2024-04-25T16:22:35.796 INFO:teuthology.orchestra.run.smithi098.stdout:/usr/bin/ceph: stderr
2024-04-25T16:22:34.049+0000 7f78ccff9700 1 --2- 172.21.15.98:0/1776484558 >> [v2:172.21.15.98:6800/4161723298,v1:172.21.15.98:6801/4161723298] conn(0x7f78b803d5e0 0x7f78b803faf0 unknown :-1 s=NONE pgs=0 cs=0 l=1 rev1=0 crypto rx=0 tx=0 comp rx=0 tx=0).connect
2024-04-25T16:22:35.796 INFO:teuthology.orchestra.run.smithi098.stdout:/usr/bin/ceph: stderr
2024-04-25T16:22:34.049+0000 7f78ccff9700 1 -- 172.21.15.98:0/1776484558 <== mon.0 v2:172.21.15.98:3300/0 5 ==== osd_map(1..1 src has 1..1) ==== 725+0+0 (secure 0 0 0) 0x7f78c4052900 con 0x7f78d0109970
2024-04-25T16:22:35.796 INFO:teuthology.orchestra.run.smithi098.stdout:/usr/bin/ceph: stderr
2024-04-25T16:22:34.049+0000 7f78ceffd700 1 --2- 172.21.15.98:0/1776484558 >> [v2:172.21.15.98:6800/4161723298,v1:172.21.15.98:6801/4161723298] conn(0x7f78b803d5e0 0x7f78b803faf0 unknown :-1 s=BANNER_CONNECTING pgs=0 cs=0 l=1 rev1=0 crypto rx=0 tx=0 comp rx=0 tx=0)._handle_peer_banner_payload supported=3 required=0
2024-04-25T16:22:35.796 INFO:teuthology.orchestra.run.smithi098.stdout:/usr/bin/ceph: stderr
2024-04-25T16:22:34.050+0000 7f78ceffd700 1 --2- 172.21.15.98:0/1776484558 >> [v2:172.21.15.98:6800/4161723298,v1:172.21.15.98:6801/4161723298] conn(0x7f78b803d5e0 0x7f78b803faf0 secure :-1 s=READY pgs=8 cs=0 l=1 rev1=1 crypto rx=0x7f78c0006fd0 tx=0x7f78c0006e40 comp rx=0 tx=0).ready entity=mgr.14100 client_cookie=0 server_cookie=0 in_seq=0 out_seq=0
2024-04-25T16:22:35.796 INFO:teuthology.orchestra.run.smithi098.stdout:/usr/bin/ceph: stderr
2024-04-25T16:22:34.054+0000 7f78ccff9700 1 -- 172.21.15.98:0/1776484558 <== mon.0 v2:172.21.15.98:3300/0 6 ==== mon_command_ack([{"prefix": "get_command_descriptions"}]=0 v0) ==== 72+0+188370 (secure 0 0 0) 0x7f78c4017e90 con 0x7f78d0109970
2024-04-25T16:22:35.796 INFO:teuthology.orchestra.run.smithi098.stdout:/usr/bin/ceph: stderr
2024-04-25T16:22:34.309+0000 7f78d5dcb700 1 -- 172.21.15.98:0/1776484558 --> [v2:172.21.15.98:3300/0,v1:172.21.15.98:6789/0] -- mon_command({"prefix": "mgr module enable", "module": "cephadm"} v 0) -- 0x7f78d01a1260 con 0x7f78d0109970
2024-04-25T16:22:35.797 INFO:teuthology.orchestra.run.smithi098.stdout:/usr/bin/ceph: stderr
2024-04-25T16:22:34.361+0000 7f78ccff9700 1 -- 172.21.15.98:0/1776484558 <== mon.0 v2:172.21.15.98:3300/0 7 ==== mon_command_ack([{"prefix": "mgr module enable", "module": "cephadm"}]=0 v5) ==== 86+0+0 (secure 0 0 0) 0x7f78c4023390 con 0x7f78d0109970
2024-04-25T16:22:35.797 INFO:teuthology.orchestra.run.smithi098.stdout:/usr/bin/ceph: stderr
2024-04-25T16:22:34.363+0000 7f78ccff9700 1 -- 172.21.15.98:0/1776484558 <== mon.0 v2:172.21.15.98:3300/0 8 ==== mgrmap(e 5) ==== 49516+0+0 (secure 0 0 0) 0x7f78c402d440 con 0x7f78d0109970
2024-04-25T16:22:35.797 INFO:teuthology.orchestra.run.smithi098.stdout:/usr/bin/ceph: stderr
2024-04-25T16:22:34.364+0000 7f78d5dcb700 1 -- 172.21.15.98:0/1776484558 >> [v2:172.21.15.98:6800/4161723298,v1:172.21.15.98:6801/4161723298] conn(0x7f78b803d5e0 msgr2=0x7f78b803faf0 secure :-1 s=STATE_CONNECTION_ESTABLISHED l=1).mark_down
2024-04-25T16:22:35.797 INFO:teuthology.orchestra.run.smithi098.stdout:/usr/bin/ceph: stderr
2024-04-25T16:22:34.364+0000 7f78d5dcb700 1 --2- 172.21.15.98:0/1776484558 >> [v2:172.21.15.98:6800/4161723298,v1:172.21.15.98:6801/4161723298] conn(0x7f78b803d5e0 0x7f78b803faf0 secure :-1 s=READY pgs=8 cs=0 l=1 rev1=1 crypto rx=0x7f78c0006fd0 tx=0x7f78c0006e40 comp rx=0 tx=0).stop
2024-04-25T16:22:35.797 INFO:teuthology.orchestra.run.smithi098.stdout:/usr/bin/ceph: stderr
2024-04-25T16:22:34.364+0000 7f78d5dcb700 1 -- 172.21.15.98:0/1776484558 >> [v2:172.21.15.98:3300/0,v1:172.21.15.98:6789/0] conn(0x7f78d0109970 msgr2=0x7f78d019db90 secure :-1 s=STATE_CONNECTION_ESTABLISHED l=1).mark_down
2024-04-25T16:22:35.797 INFO:teuthology.orchestra.run.smithi098.stdout:/usr/bin/ceph: stderr
2024-04-25T16:22:34.364+0000 7f78d5dcb700 1 --2- 172.21.15.98:0/1776484558 >> [v2:172.21.15.98:3300/0,v1:172.21.15.98:6789/0] conn(0x7f78d0109970 0x7f78d019db90 secure :-1 s=READY pgs=21 cs=0 l=1 rev1=1 crypto rx=0x7f78c4009fb0 tx=0x7f78c4011a60 comp rx=0 tx=0).stop
2024-04-25T16:22:35.797 INFO:teuthology.orchestra.run.smithi098.stdout:/usr/bin/ceph: stderr
2024-04-25T16:22:34.364+0000 7f78d5dcb700 1 -- 172.21.15.98:0/1776484558 shutdown_connections
2024-04-25T16:22:35.797 INFO:teuthology.orchestra.run.smithi098.stdout:/usr/bin/ceph: stderr
2024-04-25T16:22:34.364+0000 7f78d5dcb700 1 --2- 172.21.15.98:0/1776484558 >> [v2:172.21.15.98:6800/4161723298,v1:172.21.15.98:6801/4161723298] conn(0x7f78b803d5e0 0x7f78b803faf0 unknown :-1 s=CLOSED pgs=8 cs=0 l=1 rev1=1 crypto rx=0 tx=0 comp rx=0 tx=0).stop
2024-04-25T16:22:35.797 INFO:teuthology.orchestra.run.smithi098.stdout:/usr/bin/ceph: stderr
2024-04-25T16:22:34.364+0000 7f78d5dcb700 1 --2- 172.21.15.98:0/1776484558 >> [v2:172.21.15.98:3300/0,v1:172.21.15.98:6789/0] conn(0x7f78d0109970 0x7f78d019db90 unknown :-1 s=CLOSED pgs=21 cs=0 l=1 rev1=1 crypto rx=0 tx=0 comp rx=0 tx=0).stop
2024-04-25T16:22:35.797 INFO:teuthology.orchestra.run.smithi098.stdout:/usr/bin/ceph: stderr
2024-04-25T16:22:34.364+0000 7f78d5dcb700 1 -- 172.21.15.98:0/1776484558 >> 172.21.15.98:0/1776484558 conn(0x7f78d0105010 msgr2=0x7f78d0105820 unknown :-1 s=STATE_NONE l=0).mark_down
2024-04-25T16:22:35.798 INFO:teuthology.orchestra.run.smithi098.stdout:/usr/bin/ceph: stderr
2024-04-25T16:22:34.364+0000 7f78d5dcb700 1 -- 172.21.15.98:0/1776484558 shutdown_connections
2024-04-25T16:22:35.798 INFO:teuthology.orchestra.run.smithi098.stdout:/usr/bin/ceph: stderr
2024-04-25T16:22:34.364+0000 7f78d5dcb700 1 -- 172.21.15.98:0/1776484558 wait complete.
