2024-04-25T16:28:40.852+0000 7f228d64e700 1 -- 172.21.15.112:0/2769634505 learned_addr learned my addr 172.21.15.112:0/2769634505 (peer_addr_for_me v2:172.21.15.112:0/0)
2024-04-25T16:28:41.770 INFO:teuthology.orchestra.run.smithi112.stdout:/usr/bin/ceph: stderr
2024-04-25T16:28:40.852+0000 7f228d64e700 1 -- 172.21.15.112:0/2769634505 --> [v2:172.21.15.112:3300/0,v1:172.21.15.112:6789/0] -- mon_subscribe({config=0+,monmap=0+}) -- 0x7f228810f1a0 con 0x7f228807cc90
2024-04-25T16:28:41.770 INFO:teuthology.orchestra.run.smithi112.stdout:/usr/bin/ceph: stderr
2024-04-25T16:28:40.852+0000 7f228d64e700 1 --2- 172.21.15.112:0/2769634505 >> [v2:172.21.15.112:3300/0,v1:172.21.15.112:6789/0] conn(0x7f228807cc90 0x7f228810eae0 secure :-1 s=READY pgs=22 cs=0 l=1 rev1=1 crypto rx=0x7f22840098a0 tx=0x7f2284009bb0 comp rx=0 tx=0).ready entity=mon.0 client_cookie=e9c19da625a745e5 server_cookie=0 in_seq=0 out_seq=0
2024-04-25T16:28:41.770 INFO:teuthology.orchestra.run.smithi112.stdout:/usr/bin/ceph: stderr
2024-04-25T16:28:40.852+0000 7f227ffff700 1 -- 172.21.15.112:0/2769634505 <== mon.0 v2:172.21.15.112:3300/0 1 ==== mon_map magic: 0 ==== 205+0+0 (secure 0 0 0) 0x7f2284004160 con 0x7f228807cc90
2024-04-25T16:28:41.770 INFO:teuthology.orchestra.run.smithi112.stdout:/usr/bin/ceph: stderr
2024-04-25T16:28:40.852+0000 7f227ffff700 1 -- 172.21.15.112:0/2769634505 <== mon.0 v2:172.21.15.112:3300/0 2 ==== config(26 keys) ==== 1070+0+0 (secure 0 0 0) 0x7f2284004300 con 0x7f228807cc90
2024-04-25T16:28:41.770 INFO:teuthology.orchestra.run.smithi112.stdout:/usr/bin/ceph: stderr
2024-04-25T16:28:40.852+0000 7f227ffff700 1 -- 172.21.15.112:0/2769634505 <== mon.0 v2:172.21.15.112:3300/0 3 ==== mon_map magic: 0 ==== 205+0+0 (secure 0 0 0) 0x7f2284011af0 con 0x7f228807cc90
2024-04-25T16:28:41.770 INFO:teuthology.orchestra.run.smithi112.stdout:/usr/bin/ceph: stderr
2024-04-25T16:28:40.853+0000 7f228f8b2700 1 -- 172.21.15.112:0/2769634505 >> [v2:172.21.15.112:3300/0,v1:172.21.15.112:6789/0] conn(0x7f228807cc90 msgr2=0x7f228810eae0 secure :-1 s=STATE_CONNECTION_ESTABLISHED l=1).mark_down
2024-04-25T16:28:41.770 INFO:teuthology.orchestra.run.smithi112.stdout:/usr/bin/ceph: stderr
2024-04-25T16:28:40.853+0000 7f228f8b2700 1 --2- 172.21.15.112:0/2769634505 >> [v2:172.21.15.112:3300/0,v1:172.21.15.112:6789/0] conn(0x7f228807cc90 0x7f228810eae0 secure :-1 s=READY pgs=22 cs=0 l=1 rev1=1 crypto rx=0x7f22840098a0 tx=0x7f2284009bb0 comp rx=0 tx=0).stop
2024-04-25T16:28:41.771 INFO:teuthology.orchestra.run.smithi112.stdout:/usr/bin/ceph: stderr
2024-04-25T16:28:40.853+0000 7f228f8b2700 1 -- 172.21.15.112:0/2769634505 shutdown_connections
2024-04-25T16:28:41.771 INFO:teuthology.orchestra.run.smithi112.stdout:/usr/bin/ceph: stderr
2024-04-25T16:28:40.853+0000 7f228f8b2700 1 --2- 172.21.15.112:0/2769634505 >> [v2:172.21.15.112:3300/0,v1:172.21.15.112:6789/0] conn(0x7f228807cc90 0x7f228810eae0 unknown :-1 s=CLOSED pgs=22 cs=0 l=1 rev1=1 crypto rx=0 tx=0 comp rx=0 tx=0).stop
2024-04-25T16:28:41.771 INFO:teuthology.orchestra.run.smithi112.stdout:/usr/bin/ceph: stderr
2024-04-25T16:28:40.853+0000 7f228f8b2700 1 -- 172.21.15.112:0/2769634505 >> 172.21.15.112:0/2769634505 conn(0x7f2288104130 msgr2=0x7f2288106580 unknown :-1 s=STATE_NONE l=0).mark_down
2024-04-25T16:28:41.771 INFO:teuthology.orchestra.run.smithi112.stdout:/usr/bin/ceph: stderr
2024-04-25T16:28:40.853+0000 7f228f8b2700 1 -- 172.21.15.112:0/2769634505 shutdown_connections
2024-04-25T16:28:41.771 INFO:teuthology.orchestra.run.smithi112.stdout:/usr/bin/ceph: stderr
2024-04-25T16:28:40.853+0000 7f228f8b2700 1 -- 172.21.15.112:0/2769634505 wait complete.
2024-04-25T16:28:41.771 INFO:teuthology.orchestra.run.smithi112.stdout:/usr/bin/ceph: stderr
2024-04-25T16:28:40.854+0000 7f228f8b2700 1 Processor -- start
2024-04-25T16:28:41.771 INFO:teuthology.orchestra.run.smithi112.stdout:/usr/bin/ceph: stderr
2024-04-25T16:28:40.854+0000 7f228f8b2700 1 -- start start
2024-04-25T16:28:41.771 INFO:teuthology.orchestra.run.smithi112.stdout:/usr/bin/ceph: stderr
2024-04-25T16:28:40.854+0000 7f228f8b2700 1 --2- >> [v2:172.21.15.112:3300/0,v1:172.21.15.112:6789/0] conn(0x7f228807cc90 0x7f22881a0050 unknown :-1 s=NONE pgs=0 cs=0 l=1 rev1=0 crypto rx=0 tx=0 comp rx=0 tx=0).connect
2024-04-25T16:28:41.771 INFO:teuthology.orchestra.run.smithi112.stdout:/usr/bin/ceph: stderr
2024-04-25T16:28:40.854+0000 7f228f8b2700 1 -- --> [v2:172.21.15.112:3300/0,v1:172.21.15.112:6789/0] -- mon_getmap magic: 0 -- 0x7f22881100b0 con 0x7f228807cc90
2024-04-25T16:28:41.771 INFO:teuthology.orchestra.run.smithi112.stdout:/usr/bin/ceph: stderr
2024-04-25T16:28:40.854+0000 7f228d64e700 1 --2- >> [v2:172.21.15.112:3300/0,v1:172.21.15.112:6789/0] conn(0x7f228807cc90 0x7f22881a0050 unknown :-1 s=BANNER_CONNECTING pgs=0 cs=0 l=1 rev1=0 crypto rx=0 tx=0 comp rx=0 tx=0)._handle_peer_banner_payload supported=3 required=0
2024-04-25T16:28:41.771 INFO:teuthology.orchestra.run.smithi112.stdout:/usr/bin/ceph: stderr
2024-04-25T16:28:40.854+0000 7f228d64e700 1 --2- >> [v2:172.21.15.112:3300/0,v1:172.21.15.112:6789/0] conn(0x7f228807cc90 0x7f22881a0050 unknown :-1 s=HELLO_CONNECTING pgs=0 cs=0 l=1 rev1=1 crypto rx=0 tx=0 comp rx=0 tx=0).handle_hello peer v2:172.21.15.112:3300/0 says I am v2:172.21.15.112:51848/0 (socket says 172.21.15.112:51848)
2024-04-25T16:28:41.771 INFO:teuthology.orchestra.run.smithi112.stdout:/usr/bin/ceph: stderr
2024-04-25T16:28:40.854+0000 7f228d64e700 1 -- 172.21.15.112:0/1728158071 learned_addr learned my addr 172.21.15.112:0/1728158071 (peer_addr_for_me v2:172.21.15.112:0/0)
2024-04-25T16:28:41.772 INFO:teuthology.orchestra.run.smithi112.stdout:/usr/bin/ceph: stderr
2024-04-25T16:28:40.854+0000 7f228d64e700 1 -- 172.21.15.112:0/1728158071 --> [v2:172.21.15.112:3300/0,v1:172.21.15.112:6789/0] -- mon_subscribe({config=0+,monmap=0+}) -- 0x7f22881a0590 con 0x7f228807cc90
2024-04-25T16:28:41.772 INFO:teuthology.orchestra.run.smithi112.stdout:/usr/bin/ceph: stderr
2024-04-25T16:28:40.854+0000 7f228d64e700 1 --2- 172.21.15.112:0/1728158071 >> [v2:172.21.15.112:3300/0,v1:172.21.15.112:6789/0] conn(0x7f228807cc90 0x7f22881a0050 secure :-1 s=READY pgs=23 cs=0 l=1 rev1=1 crypto rx=0x7f2284009fb0 tx=0x7f2284011940 comp rx=0 tx=0).ready entity=mon.0 client_cookie=0 server_cookie=0 in_seq=0 out_seq=0
2024-04-25T16:28:41.772 INFO:teuthology.orchestra.run.smithi112.stdout:/usr/bin/ceph: stderr
2024-04-25T16:28:40.855+0000 7f227e7fc700 1 -- 172.21.15.112:0/1728158071 <== mon.0 v2:172.21.15.112:3300/0 1 ==== mon_map magic: 0 ==== 205+0+0 (secure 0 0 0) 0x7f22840036a0 con 0x7f228807cc90
2024-04-25T16:28:41.772 INFO:teuthology.orchestra.run.smithi112.stdout:/usr/bin/ceph: stderr
2024-04-25T16:28:40.855+0000 7f227e7fc700 1 -- 172.21.15.112:0/1728158071 <== mon.0 v2:172.21.15.112:3300/0 2 ==== config(26 keys) ==== 1070+0+0 (secure 0 0 0) 0x7f228401a430 con 0x7f228807cc90
2024-04-25T16:28:41.772 INFO:teuthology.orchestra.run.smithi112.stdout:/usr/bin/ceph: stderr
2024-04-25T16:28:40.855+0000 7f228f8b2700 1 -- 172.21.15.112:0/1728158071 --> [v2:172.21.15.112:3300/0,v1:172.21.15.112:6789/0] -- mon_subscribe({mgrmap=0+}) -- 0x7f22881a0820 con 0x7f228807cc90
2024-04-25T16:28:41.772 INFO:teuthology.orchestra.run.smithi112.stdout:/usr/bin/ceph: stderr
2024-04-25T16:28:40.855+0000 7f227e7fc700 1 -- 172.21.15.112:0/1728158071 <== mon.0 v2:172.21.15.112:3300/0 3 ==== mon_map magic: 0 ==== 205+0+0 (secure 0 0 0) 0x7f2284019550 con 0x7f228807cc90
2024-04-25T16:28:41.772 INFO:teuthology.orchestra.run.smithi112.stdout:/usr/bin/ceph: stderr
2024-04-25T16:28:40.855+0000 7f228f8b2700 1 -- 172.21.15.112:0/1728158071 --> [v2:172.21.15.112:3300/0,v1:172.21.15.112:6789/0] -- mon_subscribe({osdmap=0}) -- 0x7f22881a3430 con 0x7f228807cc90
2024-04-25T16:28:41.772 INFO:teuthology.orchestra.run.smithi112.stdout:/usr/bin/ceph: stderr
2024-04-25T16:28:40.856+0000 7f227e7fc700 1 -- 172.21.15.112:0/1728158071 <== mon.0 v2:172.21.15.112:3300/0 4 ==== mgrmap(e 4) ==== 49505+0+0 (secure 0 0 0) 0x7f2284019850 con 0x7f228807cc90
2024-04-25T16:28:41.772 INFO:teuthology.orchestra.run.smithi112.stdout:/usr/bin/ceph: stderr
2024-04-25T16:28:40.856+0000 7f228f8b2700 1 -- 172.21.15.112:0/1728158071 --> [v2:172.21.15.112:3300/0,v1:172.21.15.112:6789/0] -- mon_command({"prefix": "get_command_descriptions"} v 0) -- 0x7f2288064cf0 con 0x7f228807cc90
2024-04-25T16:28:41.772 INFO:teuthology.orchestra.run.smithi112.stdout:/usr/bin/ceph: stderr
2024-04-25T16:28:40.856+0000 7f227e7fc700 1 --2- 172.21.15.112:0/1728158071 >> [v2:172.21.15.112:6800/1130097819,v1:172.21.15.112:6801/1130097819] conn(0x7f227403d590 0x7f227403faa0 unknown :-1 s=NONE pgs=0 cs=0 l=1 rev1=0 crypto rx=0 tx=0 comp rx=0 tx=0).connect
2024-04-25T16:28:41.772 INFO:teuthology.orchestra.run.smithi112.stdout:/usr/bin/ceph: stderr
2024-04-25T16:28:40.856+0000 7f227e7fc700 1 -- 172.21.15.112:0/1728158071 <== mon.0 v2:172.21.15.112:3300/0 5 ==== osd_map(1..1 src has 1..1) ==== 725+0+0 (secure 0 0 0) 0x7f22840528b0 con 0x7f228807cc90
2024-04-25T16:28:41.772 INFO:teuthology.orchestra.run.smithi112.stdout:/usr/bin/ceph: stderr
2024-04-25T16:28:40.856+0000 7f228ce4d700 1 --2- 172.21.15.112:0/1728158071 >> [v2:172.21.15.112:6800/1130097819,v1:172.21.15.112:6801/1130097819] conn(0x7f227403d590 0x7f227403faa0 unknown :-1 s=BANNER_CONNECTING pgs=0 cs=0 l=1 rev1=0 crypto rx=0 tx=0 comp rx=0 tx=0)._handle_peer_banner_payload supported=3 required=0
2024-04-25T16:28:41.773 INFO:teuthology.orchestra.run.smithi112.stdout:/usr/bin/ceph: stderr
2024-04-25T16:28:40.856+0000 7f228ce4d700 1 --2- 172.21.15.112:0/1728158071 >> [v2:172.21.15.112:6800/1130097819,v1:172.21.15.112:6801/1130097819] conn(0x7f227403d590 0x7f227403faa0 secure :-1 s=READY pgs=8 cs=0 l=1 rev1=1 crypto rx=0x7f2278006fd0 tx=0x7f2278006e40 comp rx=0 tx=0).ready entity=mgr.14100 client_cookie=0 server_cookie=0 in_seq=0 out_seq=0
2024-04-25T16:28:41.773 INFO:teuthology.orchestra.run.smithi112.stdout:/usr/bin/ceph: stderr
2024-04-25T16:28:40.861+0000 7f227e7fc700 1 -- 172.21.15.112:0/1728158071 <== mon.0 v2:172.21.15.112:3300/0 6 ==== mon_command_ack([{"prefix": "get_command_descriptions"}]=0 v0) ==== 72+0+188370 (secure 0 0 0) 0x7f2284023390 con 0x7f228807cc90
2024-04-25T16:28:41.773 INFO:teuthology.orchestra.run.smithi112.stdout:/usr/bin/ceph: stderr
2024-04-25T16:28:41.115+0000 7f228f8b2700 1 -- 172.21.15.112:0/1728158071 --> [v2:172.21.15.112:3300/0,v1:172.21.15.112:6789/0] -- mon_command({"prefix": "mgr module enable", "module": "cephadm"} v 0) -- 0x7f22881a3650 con 0x7f228807cc90
2024-04-25T16:28:41.773 INFO:teuthology.orchestra.run.smithi112.stdout:/usr/bin/ceph: stderr
2024-04-25T16:28:41.166+0000 7f227e7fc700 1 -- 172.21.15.112:0/1728158071 <== mon.0 v2:172.21.15.112:3300/0 7 ==== mon_command_ack([{"prefix": "mgr module enable", "module": "cephadm"}]=0 v5) ==== 86+0+0 (secure 0 0 0) 0x7f22840522d0 con 0x7f228807cc90
2024-04-25T16:28:41.773 INFO:teuthology.orchestra.run.smithi112.stdout:/usr/bin/ceph: stderr
2024-04-25T16:28:41.168+0000 7f227e7fc700 1 -- 172.21.15.112:0/1728158071 <== mon.0 v2:172.21.15.112:3300/0 8 ==== mgrmap(e 5) ==== 49516+0+0 (secure 0 0 0) 0x7f228400fd80 con 0x7f228807cc90
2024-04-25T16:28:41.773 INFO:teuthology.orchestra.run.smithi112.stdout:/usr/bin/ceph: stderr
2024-04-25T16:28:41.169+0000 7f228f8b2700 1 -- 172.21.15.112:0/1728158071 >> [v2:172.21.15.112:6800/1130097819,v1:172.21.15.112:6801/1130097819] conn(0x7f227403d590 msgr2=0x7f227403faa0 secure :-1 s=STATE_CONNECTION_ESTABLISHED l=1).mark_down
2024-04-25T16:28:41.773 INFO:teuthology.orchestra.run.smithi112.stdout:/usr/bin/ceph: stderr
2024-04-25T16:28:41.169+0000 7f228f8b2700 1 --2- 172.21.15.112:0/1728158071 >> [v2:172.21.15.112:6800/1130097819,v1:172.21.15.112:6801/1130097819] conn(0x7f227403d590 0x7f227403faa0 secure :-1 s=READY pgs=8 cs=0 l=1 rev1=1 crypto rx=0x7f2278006fd0 tx=0x7f2278006e40 comp rx=0 tx=0).stop
2024-04-25T16:28:41.773 INFO:teuthology.orchestra.run.smithi112.stdout:/usr/bin/ceph: stderr
2024-04-25T16:28:41.169+0000 7f228f8b2700 1 -- 172.21.15.112:0/1728158071 >> [v2:172.21.15.112:3300/0,v1:172.21.15.112:6789/0] conn(0x7f228807cc90 msgr2=0x7f22881a0050 secure :-1 s=STATE_CONNECTION_ESTABLISHED l=1).mark_down
2024-04-25T16:28:41.773 INFO:teuthology.orchestra.run.smithi112.stdout:/usr/bin/ceph: stderr
2024-04-25T16:28:41.169+0000 7f228f8b2700 1 --2- 172.21.15.112:0/1728158071 >> [v2:172.21.15.112:3300/0,v1:172.21.15.112:6789/0] conn(0x7f228807cc90 0x7f22881a0050 secure :-1 s=READY pgs=23 cs=0 l=1 rev1=1 crypto rx=0x7f2284009fb0 tx=0x7f2284011940 comp rx=0 tx=0).stop
2024-04-25T16:28:41.773 INFO:teuthology.orchestra.run.smithi112.stdout:/usr/bin/ceph: stderr
2024-04-25T16:28:41.169+0000 7f228f8b2700 1 -- 172.21.15.112:0/1728158071 shutdown_connections
2024-04-25T16:28:41.773 INFO:teuthology.orchestra.run.smithi112.stdout:/usr/bin/ceph: stderr
2024-04-25T16:28:41.169+0000 7f228f8b2700 1 --2- 172.21.15.112:0/1728158071 >> [v2:172.21.15.112:6800/1130097819,v1:172.21.15.112:6801/1130097819] conn(0x7f227403d590 0x7f227403faa0 unknown :-1 s=CLOSED pgs=8 cs=0 l=1 rev1=1 crypto rx=0 tx=0 comp rx=0 tx=0).stop
2024-04-25T16:28:41.773 INFO:teuthology.orchestra.run.smithi112.stdout:/usr/bin/ceph: stderr
2024-04-25T16:28:41.169+0000 7f228f8b2700 1 --2- 172.21.15.112:0/1728158071 >> [v2:172.21.15.112:3300/0,v1:172.21.15.112:6789/0] conn(0x7f228807cc90 0x7f22881a0050 unknown :-1 s=CLOSED pgs=23 cs=0 l=1 rev1=1 crypto rx=0 tx=0 comp rx=0 tx=0).stop
2024-04-25T16:28:41.773 INFO:teuthology.orchestra.run.smithi112.stdout:/usr/bin/ceph: stderr
2024-04-25T16:28:41.169+0000 7f228f8b2700 1 -- 172.21.15.112:0/1728158071 >> 172.21.15.112:0/1728158071 conn(0x7f2288104130 msgr2=0x7f22881059e0 unknown :-1 s=STATE_NONE l=0).mark_down
2024-04-25T16:28:41.774 INFO:teuthology.orchestra.run.smithi112.stdout:/usr/bin/ceph: stderr
2024-04-25T16:28:41.169+0000 7f228f8b2700 1 -- 172.21.15.112:0/1728158071 shutdown_connections
2024-04-25T16:28:41.774 INFO:teuthology.orchestra.run.smithi112.stdout:/usr/bin/ceph: stderr
2024-04-25T16:28:41.169+0000 7f228f8b2700 1 -- 172.21.15.112:0/1728158071 wait complete.
2024-04-25T16:28:42.226 INFO:journalctl@ceph.mon.a.smithi112.stdout:Apr 25 16:28:42 smithi112 ceph-mon[29122]: from='client.? 172.21.15.112:0/1728158071' entity='client.admin' cmd='[{"prefix": "mgr module enable", "module": "cephadm"}]': finished
2024-04-25T16:28:42.226 INFO:journalctl@ceph.mon.a.smithi112.stdout:Apr 25 16:28:42 smithi112 ceph-mon[29122]: mgrmap e5: x(active, since 15s)
2024-04-25T16:28:42.227 INFO:journalctl@ceph.mgr.x.smithi112.stdout:Apr 25 16:28:41 smithi112 ceph-a7905982-0320-11ef-bc93-c7b262605968-mgr-x[29351]:
2024-04-25T16:28:41.976+0000 7f33863fa200 -1 mgr[py] Module progress has missing NOTIFY_TYPES member
2024-04-25T16:28:42.227 INFO:journalctl@ceph.mgr.x.smithi112.stdout:Apr 25 16:28:42 smithi112 ceph-a7905982-0320-11ef-bc93-c7b262605968-mgr-x[29351]:
2024-04-25T16:28:42.066+0000 7f33863fa200 -1 mgr[py] Module influx has missing NOTIFY_TYPES member
2024-04-25T16:28:43.034 INFO:teuthology.orchestra.run.smithi112.stdout:/usr/bin/ceph: stdout {
2024-04-25T16:28:43.034 INFO:teuthology.orchestra.run.smithi112.stdout:/usr/bin/ceph: stdout "epoch": 5,
2024-04-25T16:28:43.034 INFO:teuthology.orchestra.run.smithi112.stdout:/usr/bin/ceph: stdout "available": true,
2024-04-25T16:28:43.034 INFO:teuthology.orchestra.run.smithi112.stdout:/usr/bin/ceph: stdout "active_name": "x",
2024-04-25T16:28:43.035 INFO:teuthology.orchestra.run.smithi112.stdout:/usr/bin/ceph: stdout "num_standby": 0
2024-04-25T16:28:43.035 INFO:teuthology.orchestra.run.smithi112.stdout:/usr/bin/ceph: stdout }
2024-04-25T16:28:43.035 INFO:teuthology.orchestra.run.smithi112.stdout:/usr/bin/ceph: stderr
2024-04-25T16:28:42.225+0000 7fdb150a0700 1 Processor -- start
2024-04-25T16:28:43.035 INFO:teuthology.orchestra.run.smithi112.stdout:/usr/bin/ceph: stderr
2024-04-25T16:28:42.225+0000 7fdb150a0700 1 -- start start
2024-04-25T16:28:43.035 INFO:teuthology.orchestra.run.smithi112.stdout:/usr/bin/ceph: stderr
2024-04-25T16:28:42.225+0000 7fdb150a0700 1 --2- >> [v2:172.21.15.112:3300/0,v1:172.21.15.112:6789/0] conn(0x7fdb1007d700 0x7fdb1010c670 unknown :-1 s=NONE pgs=0 cs=0 l=0 rev1=0 crypto rx=0 tx=0 comp rx=0 tx=0).connect
2024-04-25T16:28:43.035 INFO:teuthology.orchestra.run.smithi112.stdout:/usr/bin/ceph: stderr
2024-04-25T16:28:42.225+0000 7fdb150a0700 1 -- --> [v2:172.21.15.112:3300/0,v1:172.21.15.112:6789/0] -- mon_getmap magic: 0 -- 0x7fdb1010cc80 con 0x7fdb1007d700
2024-04-25T16:28:43.035 INFO:teuthology.orchestra.run.smithi112.stdout:/usr/bin/ceph: stderr
2024-04-25T16:28:42.226+0000 7fdb0ed9d700 1 --2- >> [v2:172.21.15.112:3300/0,v1:172.21.15.112:6789/0] conn(0x7fdb1007d700 0x7fdb1010c670 unknown :-1 s=BANNER_CONNECTING pgs=0 cs=0 l=0 rev1=0 crypto rx=0 tx=0 comp rx=0 tx=0)._handle_peer_banner_payload supported=3 required=0
2024-04-25T16:28:43.035 INFO:teuthology.orchestra.run.smithi112.stdout:/usr/bin/ceph: stderr
2024-04-25T16:28:42.226+0000 7fdb0ed9d700 1 --2- >> [v2:172.21.15.112:3300/0,v1:172.21.15.112:6789/0] conn(0x7fdb1007d700 0x7fdb1010c670 unknown :-1 s=HELLO_CONNECTING pgs=0 cs=0 l=0 rev1=1 crypto rx=0 tx=0 comp rx=0 tx=0).handle_hello peer v2:172.21.15.112:3300/0 says I am v2:172.21.15.112:51868/0 (socket says 172.21.15.112:51868)
2024-04-25T16:28:43.035 INFO:teuthology.orchestra.run.smithi112.stdout:/usr/bin/ceph: stderr
2024-04-25T16:28:42.226+0000 7fdb0ed9d700 1 -- 172.21.15.112:0/1042096447 learned_addr learned my addr 172.21.15.112:0/1042096447 (peer_addr_for_me v2:172.21.15.112:0/0)
2024-04-25T16:28:43.035 INFO:teuthology.orchestra.run.smithi112.stdout:/usr/bin/ceph: stderr
2024-04-25T16:28:42.226+0000 7fdb0ed9d700 1 -- 172.21.15.112:0/1042096447 --> [v2:172.21.15.112:3300/0,v1:172.21.15.112:6789/0] -- mon_subscribe({config=0+,monmap=0+}) -- 0x7fdb1010ce00 con 0x7fdb1007d700
2024-04-25T16:28:43.035 INFO:teuthology.orchestra.run.smithi112.stdout:/usr/bin/ceph: stderr
2024-04-25T16:28:42.226+0000 7fdb0ed9d700 1 --2- 172.21.15.112:0/1042096447 >> [v2:172.21.15.112:3300/0,v1:172.21.15.112:6789/0] conn(0x7fdb1007d700 0x7fdb1010c670 secure :-1 s=READY pgs=26 cs=0 l=1 rev1=1 crypto rx=0x7fdb040098a0 tx=0x7fdb04009bb0 comp rx=0 tx=0).ready entity=mon.0 client_cookie=f191020307f5a63 server_cookie=0 in_seq=0 out_seq=0
2024-04-25T16:28:43.035 INFO:teuthology.orchestra.run.smithi112.stdout:/usr/bin/ceph: stderr
2024-04-25T16:28:42.226+0000 7fdb0dd9b700 1 -- 172.21.15.112:0/1042096447 <== mon.0 v2:172.21.15.112:3300/0 1 ==== mon_map magic: 0 ==== 205+0+0 (secure 0 0 0) 0x7fdb04004160 con 0x7fdb1007d700
2024-04-25T16:28:43.035 INFO:teuthology.orchestra.run.smithi112.stdout:/usr/bin/ceph: stderr
2024-04-25T16:28:42.226+0000 7fdb0dd9b700 1 -- 172.21.15.112:0/1042096447 <== mon.0 v2:172.21.15.112:3300/0 2 ==== config(26 keys) ==== 1070+0+0 (secure 0 0 0) 0x7fdb04004300 con 0x7fdb1007d700
2024-04-25T16:28:43.035 INFO:teuthology.orchestra.run.smithi112.stdout:/usr/bin/ceph: stderr
2024-04-25T16:28:42.226+0000 7fdb0dd9b700 1 -- 172.21.15.112:0/1042096447 <== mon.0 v2:172.21.15.112:3300/0 3 ==== mon_map magic: 0 ==== 205+0+0 (secure 0 0 0) 0x7fdb04011af0 con 0x7fdb1007d700
2024-04-25T16:28:43.036 INFO:teuthology.orchestra.run.smithi112.stdout:/usr/bin/ceph: stderr
2024-04-25T16:28:42.227+0000 7fdb150a0700 1 -- 172.21.15.112:0/1042096447 >> [v2:172.21.15.112:3300/0,v1:172.21.15.112:6789/0] conn(0x7fdb1007d700 msgr2=0x7fdb1010c670 secure :-1 s=STATE_CONNECTION_ESTABLISHED l=1).mark_down
2024-04-25T16:28:43.036 INFO:teuthology.orchestra.run.smithi112.stdout:/usr/bin/ceph: stderr
2024-04-25T16:28:42.227+0000 7fdb150a0700 1 --2- 172.21.15.112:0/1042096447 >> [v2:172.21.15.112:3300/0,v1:172.21.15.112:6789/0] conn(0x7fdb1007d700 0x7fdb1010c670 secure :-1 s=READY pgs=26 cs=0 l=1 rev1=1 crypto rx=0x7fdb040098a0 tx=0x7fdb04009bb0 comp rx=0 tx=0).stop
2024-04-25T16:28:43.036 INFO:teuthology.orchestra.run.smithi112.stdout:/usr/bin/ceph: stderr
2024-04-25T16:28:42.227+0000 7fdb150a0700 1 -- 172.21.15.112:0/1042096447 shutdown_connections
2024-04-25T16:28:43.036 INFO:teuthology.orchestra.run.smithi112.stdout:/usr/bin/ceph: stderr
2024-04-25T16:28:42.227+0000 7fdb150a0700 1 --2- 172.21.15.112:0/1042096447 >> [v2:172.21.15.112:3300/0,v1:172.21.15.112:6789/0] conn(0x7fdb1007d700 0x7fdb1010c670 unknown :-1 s=CLOSED pgs=26 cs=0 l=1 rev1=1 crypto rx=0 tx=0 comp rx=0 tx=0).stop
2024-04-25T16:28:43.036 INFO:teuthology.orchestra.run.smithi112.stdout:/usr/bin/ceph: stderr
2024-04-25T16:28:42.227+0000 7fdb150a0700 1 -- 172.21.15.112:0/1042096447 >> 172.21.15.112:0/1042096447 conn(0x7fdb101040c0 msgr2=0x7fdb10106530 unknown :-1 s=STATE_NONE l=0).mark_down
2024-04-25T16:28:43.036 INFO:teuthology.orchestra.run.smithi112.stdout:/usr/bin/ceph: stderr
2024-04-25T16:28:42.227+0000 7fdb150a0700 1 -- 172.21.15.112:0/1042096447 shutdown_connections
2024-04-25T16:28:43.036 INFO:teuthology.orchestra.run.smithi112.stdout:/usr/bin/ceph: stderr
2024-04-25T16:28:42.227+0000 7fdb150a0700 1 -- 172.21.15.112:0/1042096447 wait complete.
2024-04-25T16:28:43.036 INFO:teuthology.orchestra.run.smithi112.stdout:/usr/bin/ceph: stderr
2024-04-25T16:28:42.228+0000 7fdb150a0700 1 Processor -- start
2024-04-25T16:28:43.036 INFO:teuthology.orchestra.run.smithi112.stdout:/usr/bin/ceph: stderr
2024-04-25T16:28:42.228+0000 7fdb150a0700 1 -- start start
2024-04-25T16:28:43.036 INFO:teuthology.orchestra.run.smithi112.stdout:/usr/bin/ceph: stderr
2024-04-25T16:28:42.229+0000 7fdb150a0700 1 --2- >> [v2:172.21.15.112:3300/0,v1:172.21.15.112:6789/0] conn(0x7fdb1007d700 0x7fdb1019de20 unknown :-1 s=NONE pgs=0 cs=0 l=1 rev1=0 crypto rx=0 tx=0 comp rx=0 tx=0).connect
2024-04-25T16:28:43.036 INFO:teuthology.orchestra.run.smithi112.stdout:/usr/bin/ceph: stderr
2024-04-25T16:28:42.229+0000 7fdb150a0700 1 -- --> [v2:172.21.15.112:3300/0,v1:172.21.15.112:6789/0] -- mon_getmap magic: 0 -- 0x7fdb1010de80 con 0x7fdb1007d700
2024-04-25T16:28:43.036 INFO:teuthology.orchestra.run.smithi112.stdout:/usr/bin/ceph: stderr
2024-04-25T16:28:42.229+0000 7fdb0ed9d700 1 --2- >> [v2:172.21.15.112:3300/0,v1:172.21.15.112:6789/0] conn(0x7fdb1007d700 0x7fdb1019de20 unknown :-1 s=BANNER_CONNECTING pgs=0 cs=0 l=1 rev1=0 crypto rx=0 tx=0 comp rx=0 tx=0)._handle_peer_banner_payload supported=3 required=0
2024-04-25T16:28:43.036 INFO:teuthology.orchestra.run.smithi112.stdout:/usr/bin/ceph: stderr
2024-04-25T16:28:42.229+0000 7fdb0ed9d700 1 --2- >> [v2:172.21.15.112:3300/0,v1:172.21.15.112:6789/0] conn(0x7fdb1007d700 0x7fdb1019de20 unknown :-1 s=HELLO_CONNECTING pgs=0 cs=0 l=1 rev1=1 crypto rx=0 tx=0 comp rx=0 tx=0).handle_hello peer v2:172.21.15.112:3300/0 says I am v2:172.21.15.112:51876/0 (socket says 172.21.15.112:51876)
2024-04-25T16:28:43.036 INFO:teuthology.orchestra.run.smithi112.stdout:/usr/bin/ceph: stderr
2024-04-25T16:28:42.229+0000 7fdb0ed9d700 1 -- 172.21.15.112:0/2985693511 learned_addr learned my addr 172.21.15.112:0/2985693511 (peer_addr_for_me v2:172.21.15.112:0/0)
2024-04-25T16:28:43.037 INFO:teuthology.orchestra.run.smithi112.stdout:/usr/bin/ceph: stderr
2024-04-25T16:28:42.229+0000 7fdb0ed9d700 1 -- 172.21.15.112:0/2985693511 --> [v2:172.21.15.112:3300/0,v1:172.21.15.112:6789/0] -- mon_subscribe({config=0+,monmap=0+}) -- 0x7fdb1019e360 con 0x7fdb1007d700
2024-04-25T16:28:43.037 INFO:teuthology.orchestra.run.smithi112.stdout:/usr/bin/ceph: stderr
2024-04-25T16:28:42.229+0000 7fdb0ed9d700 1 --2- 172.21.15.112:0/2985693511 >> [v2:172.21.15.112:3300/0,v1:172.21.15.112:6789/0] conn(0x7fdb1007d700 0x7fdb1019de20 secure :-1 s=READY pgs=27 cs=0 l=1 rev1=1 crypto rx=0x7fdb040117b0 tx=0x7fdb04011b70 comp rx=0 tx=0).ready entity=mon.0 client_cookie=0 server_cookie=0 in_seq=0 out_seq=0
2024-04-25T16:28:43.037 INFO:teuthology.orchestra.run.smithi112.stdout:/usr/bin/ceph: stderr
2024-04-25T16:28:42.229+0000 7fdaf7fff700 1 -- 172.21.15.112:0/2985693511 <== mon.0 v2:172.21.15.112:3300/0 1 ==== mon_map magic: 0 ==== 205+0+0 (secure 0 0 0) 0x7fdb04003af0 con 0x7fdb1007d700
2024-04-25T16:28:43.037 INFO:teuthology.orchestra.run.smithi112.stdout:/usr/bin/ceph: stderr
2024-04-25T16:28:42.230+0000 7fdaf7fff700 1 -- 172.21.15.112:0/2985693511 <== mon.0 v2:172.21.15.112:3300/0 2 ==== config(26 keys) ==== 1070+0+0 (secure 0 0 0) 0x7fdb04020070 con 0x7fdb1007d700
2024-04-25T16:28:43.037 INFO:teuthology.orchestra.run.smithi112.stdout:/usr/bin/ceph: stderr
2024-04-25T16:28:42.230+0000 7fdb150a0700 1 -- 172.21.15.112:0/2985693511 --> [v2:172.21.15.112:3300/0,v1:172.21.15.112:6789/0] -- mon_subscribe({mgrmap=0+}) -- 0x7fdb1019e5f0 con 0x7fdb1007d700
2024-04-25T16:28:43.037 INFO:teuthology.orchestra.run.smithi112.stdout:/usr/bin/ceph: stderr
2024-04-25T16:28:42.230+0000 7fdaf7fff700 1 -- 172.21.15.112:0/2985693511 <== mon.0 v2:172.21.15.112:3300/0 3 ==== mon_map magic: 0 ==== 205+0+0 (secure 0 0 0) 0x7fdb04019630 con 0x7fdb1007d700
2024-04-25T16:28:43.037 INFO:teuthology.orchestra.run.smithi112.stdout:/usr/bin/ceph: stderr
2024-04-25T16:28:42.230+0000 7fdb150a0700 1 -- 172.21.15.112:0/2985693511 --> [v2:172.21.15.112:3300/0,v1:172.21.15.112:6789/0] -- mon_subscribe({osdmap=0}) -- 0x7fdb101a1200 con 0x7fdb1007d700
2024-04-25T16:28:43.037 INFO:teuthology.orchestra.run.smithi112.stdout:/usr/bin/ceph: stderr
2024-04-25T16:28:42.230+0000 7fdaf7fff700 1 -- 172.21.15.112:0/2985693511 <== mon.0 v2:172.21.15.112:3300/0 4 ==== mgrmap(e 5) ==== 49516+0+0 (secure 0 0 0) 0x7fdb040198a0 con 0x7fdb1007d700
2024-04-25T16:28:43.037 INFO:teuthology.orchestra.run.smithi112.stdout:/usr/bin/ceph: stderr
2024-04-25T16:28:42.231+0000 7fdaf7fff700 1 --2- 172.21.15.112:0/2985693511 >> [v2:172.21.15.112:6800/1130097819,v1:172.21.15.112:6801/1130097819] conn(0x7fdaf803d6d0 0x7fdaf803fbe0 unknown :-1 s=NONE pgs=0 cs=0 l=1 rev1=0 crypto rx=0 tx=0 comp rx=0 tx=0).connect
2024-04-25T16:28:43.037 INFO:teuthology.orchestra.run.smithi112.stdout:/usr/bin/ceph: stderr
2024-04-25T16:28:42.231+0000 7fdaf7fff700 1 -- 172.21.15.112:0/2985693511 <== mon.0 v2:172.21.15.112:3300/0 5 ==== osd_map(1..1 src has 1..1) ==== 725+0+0 (secure 0 0 0) 0x7fdb04059060 con 0x7fdb1007d700
2024-04-25T16:28:43.037 INFO:teuthology.orchestra.run.smithi112.stdout:/usr/bin/ceph: stderr
2024-04-25T16:28:42.231+0000 7fdb0e59c700 1 -- 172.21.15.112:0/2985693511 >> [v2:172.21.15.112:6800/1130097819,v1:172.21.15.112:6801/1130097819] conn(0x7fdaf803d6d0 msgr2=0x7fdaf803fbe0 unknown :-1 s=STATE_CONNECTING_RE l=1).process reconnect failed to v2:172.21.15.112:6800/1130097819
2024-04-25T16:28:43.037 INFO:teuthology.orchestra.run.smithi112.stdout:/usr/bin/ceph: stderr
2024-04-25T16:28:42.231+0000 7fdb0e59c700 1 --2- 172.21.15.112:0/2985693511 >> [v2:172.21.15.112:6800/1130097819,v1:172.21.15.112:6801/1130097819] conn(0x7fdaf803d6d0 0x7fdaf803fbe0 unknown :-1 s=START_CONNECT pgs=0 cs=0 l=1 rev1=0 crypto rx=0 tx=0 comp rx=0 tx=0)._fault waiting 0.200000
2024-04-25T16:28:43.037 INFO:teuthology.orchestra.run.smithi112.stdout:/usr/bin/ceph: stderr
2024-04-25T16:28:42.231+0000 7fdb150a0700 1 -- 172.21.15.112:0/2985693511 --> [v2:172.21.15.112:3300/0,v1:172.21.15.112:6789/0] -- mon_command({"prefix": "get_command_descriptions"} v 0) -- 0x7fdb10064cf0 con 0x7fdb1007d700
2024-04-25T16:28:43.037 INFO:teuthology.orchestra.run.smithi112.stdout:/usr/bin/ceph: stderr
2024-04-25T16:28:42.237+0000 7fdaf7fff700 1 -- 172.21.15.112:0/2985693511 <== mon.0 v2:172.21.15.112:3300/0 6 ==== mon_command_ack([{"prefix": "get_command_descriptions"}]=0 v0) ==== 72+0+188370 (secure 0 0 0) 0x7fdb04018350 con 0x7fdb1007d700
2024-04-25T16:28:43.038 INFO:teuthology.orchestra.run.smithi112.stdout:/usr/bin/ceph: stderr
2024-04-25T16:28:42.432+0000 7fdb0e59c700 1 -- 172.21.15.112:0/2985693511 >> [v2:172.21.15.112:6800/1130097819,v1:172.21.15.112:6801/1130097819] conn(0x7fdaf803d6d0 msgr2=0x7fdaf803fbe0 unknown :-1 s=STATE_CONNECTING_RE l=1).process reconnect failed to v2:172.21.15.112:6800/1130097819
2024-04-25T16:28:43.038 INFO:teuthology.orchestra.run.smithi112.stdout:/usr/bin/ceph: stderr
2024-04-25T16:28:42.432+0000 7fdb0e59c700 1 --2- 172.21.15.112:0/2985693511 >> [v2:172.21.15.112:6800/1130097819,v1:172.21.15.112:6801/1130097819] conn(0x7fdaf803d6d0 0x7fdaf803fbe0 unknown :-1 s=START_CONNECT pgs=0 cs=0 l=1 rev1=0 crypto rx=0 tx=0 comp rx=0 tx=0)._fault waiting 0.400000
2024-04-25T16:28:43.038 INFO:teuthology.orchestra.run.smithi112.stdout:/usr/bin/ceph: stderr
2024-04-25T16:28:42.535+0000 7fdb150a0700 1 -- 172.21.15.112:0/2985693511 --> [v2:172.21.15.112:3300/0,v1:172.21.15.112:6789/0] -- mon_command({"prefix": "mgr stat"} v 0) -- 0x7fdb101a1420 con 0x7fdb1007d700
2024-04-25T16:28:43.038 INFO:teuthology.orchestra.run.smithi112.stdout:/usr/bin/ceph: stderr
2024-04-25T16:28:42.535+0000 7fdaf7fff700 1 -- 172.21.15.112:0/2985693511 <== mon.0 v2:172.21.15.112:3300/0 7 ==== mon_command_ack([{"prefix": "mgr stat"}]=0 v5) ==== 56+0+88 (secure 0 0 0) 0x7fdb040042c0 con 0x7fdb1007d700
2024-04-25T16:28:43.038 INFO:teuthology.orchestra.run.smithi112.stdout:/usr/bin/ceph: stderr
2024-04-25T16:28:42.538+0000 7fdb150a0700 1 -- 172.21.15.112:0/2985693511 >> [v2:172.21.15.112:6800/1130097819,v1:172.21.15.112:6801/1130097819] conn(0x7fdaf803d6d0 msgr2=0x7fdaf803fbe0 unknown :-1 s=STATE_CONNECTING l=1).mark_down
2024-04-25T16:28:43.038 INFO:teuthology.orchestra.run.smithi112.stdout:/usr/bin/ceph: stderr
2024-04-25T16:28:42.538+0000 7fdb150a0700 1 --2- 172.21.15.112:0/2985693511 >> [v2:172.21.15.112:6800/1130097819,v1:172.21.15.112:6801/1130097819] conn(0x7fdaf803d6d0 0x7fdaf803fbe0 unknown :-1 s=START_CONNECT pgs=0 cs=0 l=1 rev1=0 crypto rx=0 tx=0 comp rx=0 tx=0).stop
2024-04-25T16:28:43.038 INFO:teuthology.orchestra.run.smithi112.stdout:/usr/bin/ceph: stderr
2024-04-25T16:28:42.538+0000 7fdb150a0700 1 -- 172.21.15.112:0/2985693511 >> [v2:172.21.15.112:3300/0,v1:172.21.15.112:6789/0] conn(0x7fdb1007d700 msgr2=0x7fdb1019de20 secure :-1 s=STATE_CONNECTION_ESTABLISHED l=1).mark_down
2024-04-25T16:28:43.038 INFO:teuthology.orchestra.run.smithi112.stdout:/usr/bin/ceph: stderr
2024-04-25T16:28:42.538+0000 7fdb150a0700 1 --2- 172.21.15.112:0/2985693511 >> [v2:172.21.15.112:3300/0,v1:172.21.15.112:6789/0] conn(0x7fdb1007d700 0x7fdb1019de20 secure :-1 s=READY pgs=27 cs=0 l=1 rev1=1 crypto rx=0x7fdb040117b0 tx=0x7fdb04011b70 comp rx=0 tx=0).stop
2024-04-25T16:28:43.038 INFO:teuthology.orchestra.run.smithi112.stdout:/usr/bin/ceph: stderr
2024-04-25T16:28:42.538+0000 7fdb150a0700 1 -- 172.21.15.112:0/2985693511 shutdown_connections
2024-04-25T16:28:43.038 INFO:teuthology.orchestra.run.smithi112.stdout:/usr/bin/ceph: stderr
2024-04-25T16:28:42.538+0000 7fdb150a0700 1 --2- 172.21.15.112:0/2985693511 >> [v2:172.21.15.112:6800/1130097819,v1:172.21.15.112:6801/1130097819] conn(0x7fdaf803d6d0 0x7fdaf803fbe0 unknown :-1 s=CLOSED pgs=0 cs=0 l=1 rev1=0 crypto rx=0 tx=0 comp rx=0 tx=0).stop
2024-04-25T16:28:43.038 INFO:teuthology.orchestra.run.smithi112.stdout:/usr/bin/ceph: stderr
2024-04-25T16:28:42.538+0000 7fdb150a0700 1 --2- 172.21.15.112:0/2985693511 >> [v2:172.21.15.112:3300/0,v1:172.21.15.112:6789/0] conn(0x7fdb1007d700 0x7fdb1019de20 unknown :-1 s=CLOSED pgs=27 cs=0 l=1 rev1=1 crypto rx=0 tx=0 comp rx=0 tx=0).stop
2024-04-25T16:28:43.038 INFO:teuthology.orchestra.run.smithi112.stdout:/usr/bin/ceph: stderr
2024-04-25T16:28:42.538+0000 7fdb150a0700 1 -- 172.21.15.112:0/2985693511 >> 172.21.15.112:0/2985693511 conn(0x7fdb101040c0 msgr2=0x7fdb10104910 unknown :-1 s=STATE_NONE l=0).mark_down
2024-04-25T16:28:43.038 INFO:teuthology.orchestra.run.smithi112.stdout:/usr/bin/ceph: stderr
2024-04-25T16:28:42.538+0000 7fdb150a0700 1 -- 172.21.15.112:0/2985693511 shutdown_connections
2024-04-25T16:28:43.039 INFO:teuthology.orchestra.run.smithi112.stdout:/usr/bin/ceph: stderr
2024-04-25T16:28:42.538+0000 7fdb150a0700 1 -- 172.21.15.112:0/2985693511 wait complete.
2024-04-25T16:28:43.039 INFO:teuthology.orchestra.run.smithi112.stdout:Waiting for the mgr to restart...
2024-04-25T16:28:43.039 INFO:teuthology.orchestra.run.smithi112.stdout:Waiting for mgr epoch 5...
2024-04-25T16:28:43.411 INFO:journalctl@ceph.mon.a.smithi112.stdout:Apr 25 16:28:43 smithi112 ceph-mon[29122]: from='client.? 172.21.15.112:0/2985693511' entity='client.admin' cmd=[{"prefix": "mgr stat"}]: dispatch
2024-04-25T16:28:43.411 INFO:journalctl@ceph.mgr.x.smithi112.stdout:Apr 25 16:28:43 smithi112 ceph-a7905982-0320-11ef-bc93-c7b262605968-mgr-x[29351]:
2024-04-25T16:28:43.308+0000 7f33863fa200 -1 mgr[py] Module telegraf has missing NOTIFY_TYPES member
2024-04-25T16:28:43.662 INFO:journalctl@ceph.mgr.x.smithi112.stdout:Apr 25 16:28:43 smithi112 ceph-a7905982-0320-11ef-bc93-c7b262605968-mgr-x[29351]:
2024-04-25T16:28:43.491+0000 7f33863fa200 -1 mgr[py] Module osd_support has missing NOTIFY_TYPES member
2024-04-25T16:28:43.662 INFO:journalctl@ceph.mgr.x.smithi112.stdout:Apr 25 16:28:43 smithi112 ceph-a7905982-0320-11ef-bc93-c7b262605968-mgr-x[29351]:
2024-04-25T16:28:43.662+0000 7f33863fa200 -1 mgr[py] Module iostat has missing NOTIFY_TYPES member
2024-04-25T16:28:44.250 INFO:journalctl@ceph.mgr.x.smithi112.stdout:Apr 25 16:28:43 smithi112 ceph-a7905982-0320-11ef-bc93-c7b262605968-mgr-x[29351]:
2024-04-25T16:28:43.954+0000 7f33863fa200 -1 mgr[py] Module alerts has missing NOTIFY_TYPES member
2024-04-25T16:28:44.251 INFO:journalctl@ceph.mgr.x.smithi112.stdout:Apr 25 16:28:44 smithi112 ceph-a7905982-0320-11ef-bc93-c7b262605968-mgr-x[29351]:
2024-04-25T16:28:44.048+0000 7f33863fa200 -1 mgr[py] Module selftest has missing NOTIFY_TYPES member
2024-04-25T16:28:44.251 INFO:journalctl@ceph.mgr.x.smithi112.stdout:Apr 25 16:28:44 smithi112 ceph-a7905982-0320-11ef-bc93-c7b262605968-mgr-x[29351]:
2024-04-25T16:28:44.250+0000 7f33863fa200 -1 mgr[py] Module pg_autoscaler has missing NOTIFY_TYPES member
2024-04-25T16:28:44.597 INFO:journalctl@ceph.mgr.x.smithi112.stdout:Apr 25 16:28:44 smithi112 ceph-a7905982-0320-11ef-bc93-c7b262605968-mgr-x[29351]:
2024-04-25T16:28:44.447+0000 7f33863fa200 -1 mgr[py] Module test_orchestrator has missing NOTIFY_TYPES member
2024-04-25T16:28:45.097 INFO:journalctl@ceph.mgr.x.smithi112.stdout:Apr 25 16:28:45 smithi112 ceph-a7905982-0320-11ef-bc93-c7b262605968-mgr-x[29351]:
2024-04-25T16:28:45.046+0000 7f33863fa200 -1 mgr[py] Module rook has missing NOTIFY_TYPES member
2024-04-25T16:28:45.769 INFO:journalctl@ceph.mgr.x.smithi112.stdout:Apr 25 16:28:45 smithi112 ceph-a7905982-0320-11ef-bc93-c7b262605968-mgr-x[29351]:
2024-04-25T16:28:45.471+0000 7f33863fa200 -1 mgr[py] Module volumes has missing NOTIFY_TYPES member
2024-04-25T16:28:45.770 INFO:journalctl@ceph.mgr.x.smithi112.stdout:Apr 25 16:28:45 smithi112 ceph-a7905982-0320-11ef-bc93-c7b262605968-mgr-x[29351]:
2024-04-25T16:28:45.568+0000 7f33863fa200 -1 mgr[py] Module crash has missing NOTIFY_TYPES member
2024-04-25T16:28:45.770 INFO:journalctl@ceph.mgr.x.smithi112.stdout:Apr 25 16:28:45 smithi112 ceph-a7905982-0320-11ef-bc93-c7b262605968-mgr-x[29351]:
2024-04-25T16:28:45.769+0000 7f33863fa200 -1 mgr[py] Module rgw has missing NOTIFY_TYPES member
2024-04-25T16:28:46.597 INFO:journalctl@ceph.mgr.x.smithi112.stdout:Apr 25 16:28:46 smithi112 ceph-a7905982-0320-11ef-bc93-c7b262605968-mgr-x[29351]:
2024-04-25T16:28:46.288+0000 7f33863fa200 -1 mgr[py] Module prometheus has missing NOTIFY_TYPES member
2024-04-25T16:28:46.597 INFO:journalctl@ceph.mgr.x.smithi112.stdout:Apr 25 16:28:46 smithi112 ceph-a7905982-0320-11ef-bc93-c7b262605968-mgr-x[29351]:
2024-04-25T16:28:46.380+0000 7f33863fa200 -1 mgr[py] Module devicehealth has missing NOTIFY_TYPES member
2024-04-25T16:28:46.972 INFO:journalctl@ceph.mgr.x.smithi112.stdout:Apr 25 16:28:46 smithi112 ceph-a7905982-0320-11ef-bc93-c7b262605968-mgr-x[29351]:
2024-04-25T16:28:46.627+0000 7f33863fa200 -1 mgr[py] Module telemetry has missing NOTIFY_TYPES member
2024-04-25T16:28:46.972 INFO:journalctl@ceph.mgr.x.smithi112.stdout:Apr 25 16:28:46 smithi112 ceph-a7905982-0320-11ef-bc93-c7b262605968-mgr-x[29351]:
2024-04-25T16:28:46.760+0000 7f33863fa200 -1 mgr[py] Module diskprediction_local has missing NOTIFY_TYPES member
2024-04-25T16:28:46.972 INFO:journalctl@ceph.mgr.x.smithi112.stdout:Apr 25 16:28:46 smithi112 ceph-a7905982-0320-11ef-bc93-c7b262605968-mgr-x[29351]:
2024-04-25T16:28:46.855+0000 7f33863fa200 -1 mgr[py] Module osd_perf_query has missing NOTIFY_TYPES member
2024-04-25T16:28:46.972 INFO:journalctl@ceph.mgr.x.smithi112.stdout:Apr 25 16:28:46 smithi112 ceph-a7905982-0320-11ef-bc93-c7b262605968-mgr-x[29351]:
2024-04-25T16:28:46.972+0000 7f33863fa200 -1 mgr[py] Module rbd_support has missing NOTIFY_TYPES member
2024-04-25T16:28:47.596 INFO:journalctl@ceph.mgr.x.smithi112.stdout:Apr 25 16:28:47 smithi112 ceph-a7905982-0320-11ef-bc93-c7b262605968-mgr-x[29351]:
2024-04-25T16:28:47.272+0000 7f33863fa200 -1 mgr[py] Module zabbix has missing NOTIFY_TYPES member
2024-04-25T16:28:48.143 INFO:journalctl@ceph.mgr.x.smithi112.stdout:Apr 25 16:28:47 smithi112 ceph-a7905982-0320-11ef-bc93-c7b262605968-mgr-x[29351]:
2024-04-25T16:28:47.871+0000 7f33863fa200 -1 mgr[py] Module status has missing NOTIFY_TYPES member
2024-04-25T16:28:48.143 INFO:journalctl@ceph.mgr.x.smithi112.stdout:Apr 25 16:28:48 smithi112 ceph-a7905982-0320-11ef-bc93-c7b262605968-mgr-x[29351]:
2024-04-25T16:28:48.089+0000 7f33863fa200 -1 mgr[py] Module nfs has missing NOTIFY_TYPES member
2024-04-25T16:28:48.597 INFO:journalctl@ceph.mon.a.smithi112.stdout:Apr 25 16:28:48 smithi112 ceph-mon[29122]: Active manager daemon x restarted
2024-04-25T16:28:48.597 INFO:journalctl@ceph.mon.a.smithi112.stdout:Apr 25 16:28:48 smithi112 ceph-mon[29122]: Activating manager daemon x
2024-04-25T16:28:48.597 INFO:journalctl@ceph.mon.a.smithi112.stdout:Apr 25 16:28:48 smithi112 ceph-mon[29122]: osdmap e2: 0 total, 0 up, 0 in
2024-04-25T16:28:48.597 INFO:journalctl@ceph.mon.a.smithi112.stdout:Apr 25 16:28:48 smithi112 ceph-mon[29122]: mgrmap e6: x(active, starting, since 0.00379947s)
2024-04-25T16:28:48.597 INFO:journalctl@ceph.mon.a.smithi112.stdout:Apr 25 16:28:48 smithi112 ceph-mon[29122]: from='mgr.14120 172.21.15.112:0/3051762061' entity='mgr.x' cmd=[{"prefix": "mon metadata", "id": "a"}]: dispatch
2024-04-25T16:28:48.597 INFO:journalctl@ceph.mon.a.smithi112.stdout:Apr 25 16:28:48 smithi112 ceph-mon[29122]: from='mgr.14120 172.21.15.112:0/3051762061' entity='mgr.x' cmd=[{"prefix": "mgr metadata", "who": "x", "id": "x"}]: dispatch
2024-04-25T16:28:48.597 INFO:journalctl@ceph.mon.a.smithi112.stdout:Apr 25 16:28:48 smithi112 ceph-mon[29122]: from='mgr.14120 172.21.15.112:0/3051762061' entity='mgr.x' cmd=[{"prefix": "mds metadata"}]: dispatch
2024-04-25T16:28:48.597 INFO:journalctl@ceph.mon.a.smithi112.stdout:Apr 25 16:28:48 smithi112 ceph-mon[29122]: from='mgr.14120 172.21.15.112:0/3051762061' entity='mgr.x' cmd=[{"prefix": "osd metadata"}]: dispatch
2024-04-25T16:28:48.598 INFO:journalctl@ceph.mon.a.smithi112.stdout:Apr 25 16:28:48 smithi112 ceph-mon[29122]: from='mgr.14120 172.21.15.112:0/3051762061' entity='mgr.x' cmd=[{"prefix": "mon metadata"}]: dispatch
2024-04-25T16:28:48.598 INFO:journalctl@ceph.mon.a.smithi112.stdout:Apr 25 16:28:48 smithi112 ceph-mon[29122]: Manager daemon x is now available
2024-04-25T16:28:48.598 INFO:journalctl@ceph.mon.a.smithi112.stdout:Apr 25 16:28:48 smithi112 ceph-mon[29122]: from='mgr.14120 172.21.15.112:0/3051762061' entity='mgr.x'
2024-04-25T16:28:48.598 INFO:journalctl@ceph.mon.a.smithi112.stdout:Apr 25 16:28:48 smithi112 ceph-mon[29122]: from='mgr.14120 172.21.15.112:0/3051762061' entity='mgr.x'
2024-04-25T16:28:48.598 INFO:journalctl@ceph.mon.a.smithi112.stdout:Apr 25 16:28:48 smithi112 ceph-mon[29122]: from='mgr.14120 172.21.15.112:0/3051762061' entity='mgr.x' cmd=[{"prefix": "config dump", "format": "json"}]: dispatch
2024-04-25T16:28:48.598 INFO:journalctl@ceph.mon.a.smithi112.stdout:Apr 25 16:28:48 smithi112 ceph-mon[29122]: from='mgr.14120 172.21.15.112:0/3051762061' entity='mgr.x' cmd=[{"prefix": "config dump", "format": "json"}]: dispatch
2024-04-25T16:28:49.347 INFO:journalctl@ceph.mon.a.smithi112.stdout:Apr 25 16:28:49 smithi112 ceph-mon[29122]: Found migration_current of "None". Setting to last migration.
2024-04-25T16:28:49.347 INFO:journalctl@ceph.mon.a.smithi112.stdout:Apr 25 16:28:49 smithi112 ceph-mon[29122]: from='mgr.14120 172.21.15.112:0/3051762061' entity='mgr.x' cmd=[{"prefix":"config rm","who":"mgr","name":"mgr/rbd_support/x/mirror_snapshot_schedule"}]: dispatch
2024-04-25T16:28:49.347 INFO:journalctl@ceph.mon.a.smithi112.stdout:Apr 25 16:28:49 smithi112 ceph-mon[29122]: from='mgr.14120 172.21.15.112:0/3051762061' entity='mgr.x' cmd=[{"prefix":"config rm","who":"mgr","name":"mgr/rbd_support/x/trash_purge_schedule"}]: dispatch
2024-04-25T16:28:49.347 INFO:journalctl@ceph.mon.a.smithi112.stdout:Apr 25 16:28:49 smithi112 ceph-mon[29122]: from='mgr.14120 172.21.15.112:0/3051762061' entity='mgr.x'
2024-04-25T16:28:49.347 INFO:journalctl@ceph.mon.a.smithi112.stdout:Apr 25 16:28:49 smithi112 ceph-mon[29122]: from='mgr.14120 172.21.15.112:0/3051762061' entity='mgr.x'
2024-04-25T16:28:49.347 INFO:journalctl@ceph.mon.a.smithi112.stdout:Apr 25 16:28:49 smithi112 ceph-mon[29122]: from='mgr.14120 172.21.15.112:0/3051762061' entity='mgr.x' cmd=[{"prefix": "config dump", "format": "json"}]: dispatch
2024-04-25T16:28:49.347 INFO:journalctl@ceph.mon.a.smithi112.stdout:Apr 25 16:28:49 smithi112 ceph-mon[29122]: mgrmap e7: x(active, since 1.00719s)
2024-04-25T16:28:49.816 INFO:teuthology.orchestra.run.smithi112.stdout:/usr/bin/ceph: stdout {
2024-04-25T16:28:49.816 INFO:teuthology.orchestra.run.smithi112.stdout:/usr/bin/ceph: stdout "mgrmap_epoch": 7,
2024-04-25T16:28:49.817 INFO:teuthology.orchestra.run.smithi112.stdout:/usr/bin/ceph: stdout "initialized": true
2024-04-25T16:28:49.817 INFO:teuthology.orchestra.run.smithi112.stdout:/usr/bin/ceph: stdout }
2024-04-25T16:28:49.817 INFO:teuthology.orchestra.run.smithi112.stdout:/usr/bin/ceph: stderr
2024-04-25T16:28:43.438+0000 7ff04f10c700 1 Processor -- start
2024-04-25T16:28:49.817 INFO:teuthology.orchestra.run.smithi112.stdout:/usr/bin/ceph: stderr
2024-04-25T16:28:43.438+0000 7ff04f10c700 1 -- start start
2024-04-25T16:28:49.817 INFO:teuthology.orchestra.run.smithi112.stdout:/usr/bin/ceph: stderr
2024-04-25T16:28:43.438+0000 7ff04f10c700 1 --2- >> [v2:172.21.15.112:3300/0,v1:172.21.15.112:6789/0] conn(0x7ff04807d680 0x7ff04810c720 unknown :-1 s=NONE pgs=0 cs=0 l=0 rev1=0 crypto rx=0 tx=0 comp rx=0 tx=0).connect
2024-04-25T16:28:49.817 INFO:teuthology.orchestra.run.smithi112.stdout:/usr/bin/ceph: stderr
2024-04-25T16:28:43.438+0000 7ff04f10c700 1 -- --> [v2:172.21.15.112:3300/0,v1:172.21.15.112:6789/0] -- mon_getmap magic: 0 -- 0x7ff04810ccf0 con 0x7ff04807d680
2024-04-25T16:28:49.817 INFO:teuthology.orchestra.run.smithi112.stdout:/usr/bin/ceph: stderr
2024-04-25T16:28:43.438+0000 7ff04cea8700 1 --2- >> [v2:172.21.15.112:3300/0,v1:172.21.15.112:6789/0] conn(0x7ff04807d680 0x7ff04810c720 unknown :-1 s=BANNER_CONNECTING pgs=0 cs=0 l=0 rev1=0 crypto rx=0 tx=0 comp rx=0 tx=0)._handle_peer_banner_payload supported=3 required=0
2024-04-25T16:28:49.817 INFO:teuthology.orchestra.run.smithi112.stdout:/usr/bin/ceph: stderr
2024-04-25T16:28:43.439+0000 7ff04cea8700 1 --2- >> [v2:172.21.15.112:3300/0,v1:172.21.15.112:6789/0] conn(0x7ff04807d680 0x7ff04810c720 unknown :-1 s=HELLO_CONNECTING pgs=0 cs=0 l=0 rev1=1 crypto rx=0 tx=0 comp rx=0 tx=0).handle_hello peer v2:172.21.15.112:3300/0 says I am v2:172.21.15.112:51884/0 (socket says 172.21.15.112:51884)
2024-04-25T16:28:49.817 INFO:teuthology.orchestra.run.smithi112.stdout:/usr/bin/ceph: stderr
2024-04-25T16:28:43.439+0000 7ff04cea8700 1 -- 172.21.15.112:0/3947542993 learned_addr learned my addr 172.21.15.112:0/3947542993 (peer_addr_for_me v2:172.21.15.112:0/0)
2024-04-25T16:28:49.817 INFO:teuthology.orchestra.run.smithi112.stdout:/usr/bin/ceph: stderr
2024-04-25T16:28:43.439+0000 7ff04cea8700 1 -- 172.21.15.112:0/3947542993 --> [v2:172.21.15.112:3300/0,v1:172.21.15.112:6789/0] -- mon_subscribe({config=0+,monmap=0+}) -- 0x7ff04810ce70 con 0x7ff04807d680
2024-04-25T16:28:49.817 INFO:teuthology.orchestra.run.smithi112.stdout:/usr/bin/ceph: stderr
2024-04-25T16:28:43.439+0000 7ff04cea8700 1 --2- 172.21.15.112:0/3947542993 >> [v2:172.21.15.112:3300/0,v1:172.21.15.112:6789/0] conn(0x7ff04807d680 0x7ff04810c720 secure :-1 s=READY pgs=28 cs=0 l=1 rev1=1 crypto rx=0x7ff03c0098a0 tx=0x7ff03c009bb0 comp rx=0 tx=0).ready entity=mon.0 client_cookie=f759d9a07a59d9c0 server_cookie=0 in_seq=0 out_seq=0
2024-04-25T16:28:49.817 INFO:teuthology.orchestra.run.smithi112.stdout:/usr/bin/ceph: stderr
2024-04-25T16:28:43.439+0000 7ff0477fe700 1 -- 172.21.15.112:0/3947542993 <== mon.0 v2:172.21.15.112:3300/0 1 ==== mon_map magic: 0 ==== 205+0+0 (secure 0 0 0) 0x7ff03c004160 con 0x7ff04807d680
2024-04-25T16:28:49.817 INFO:teuthology.orchestra.run.smithi112.stdout:/usr/bin/ceph: stderr
2024-04-25T16:28:43.439+0000 7ff0477fe700 1 -- 172.21.15.112:0/3947542993 <== mon.0 v2:172.21.15.112:3300/0 2 ==== config(26 keys) ==== 1070+0+0 (secure 0 0 0) 0x7ff03c004300 con 0x7ff04807d680
2024-04-25T16:28:49.817 INFO:teuthology.orchestra.run.smithi112.stdout:/usr/bin/ceph: stderr
2024-04-25T16:28:43.439+0000 7ff0477fe700 1 -- 172.21.15.112:0/3947542993 <== mon.0 v2:172.21.15.112:3300/0 3 ==== mon_map magic: 0 ==== 205+0+0 (secure 0 0 0) 0x7ff03c011af0 con 0x7ff04807d680
2024-04-25T16:28:49.818 INFO:teuthology.orchestra.run.smithi112.stdout:/usr/bin/ceph: stderr
2024-04-25T16:28:43.440+0000 7ff04f10c700 1 -- 172.21.15.112:0/3947542993 >> [v2:172.21.15.112:3300/0,v1:172.21.15.112:6789/0] conn(0x7ff04807d680 msgr2=0x7ff04810c720 secure :-1 s=STATE_CONNECTION_ESTABLISHED l=1).mark_down
2024-04-25T16:28:49.818 INFO:teuthology.orchestra.run.smithi112.stdout:/usr/bin/ceph: stderr
2024-04-25T16:28:43.440+0000 7ff04f10c700 1 --2- 172.21.15.112:0/3947542993 >> [v2:172.21.15.112:3300/0,v1:172.21.15.112:6789/0] conn(0x7ff04807d680 0x7ff04810c720 secure :-1 s=READY pgs=28 cs=0 l=1 rev1=1 crypto rx=0x7ff03c0098a0 tx=0x7ff03c009bb0 comp rx=0 tx=0).stop
2024-04-25T16:28:49.818 INFO:teuthology.orchestra.run.smithi112.stdout:/usr/bin/ceph: stderr
2024-04-25T16:28:43.440+0000 7ff04f10c700 1 -- 172.21.15.112:0/3947542993 shutdown_connections
2024-04-25T16:28:49.818 INFO:teuthology.orchestra.run.smithi112.stdout:/usr/bin/ceph: stderr
2024-04-25T16:28:43.440+0000 7ff04f10c700 1 --2- 172.21.15.112:0/3947542993 >> [v2:172.21.15.112:3300/0,v1:172.21.15.112:6789/0] conn(0x7ff04807d680 0x7ff04810c720 unknown :-1 s=CLOSED pgs=28 cs=0 l=1 rev1=1 crypto rx=0 tx=0 comp rx=0 tx=0).stop
2024-04-25T16:28:49.818 INFO:teuthology.orchestra.run.smithi112.stdout:/usr/bin/ceph: stderr
2024-04-25T16:28:43.440+0000 7ff04f10c700 1 -- 172.21.15.112:0/3947542993 >> 172.21.15.112:0/3947542993 conn(0x7ff0481040d0 msgr2=0x7ff048106560 unknown :-1 s=STATE_NONE l=0).mark_down
2024-04-25T16:28:49.818 INFO:teuthology.orchestra.run.smithi112.stdout:/usr/bin/ceph: stderr
2024-04-25T16:28:43.440+0000 7ff04f10c700 1 -- 172.21.15.112:0/3947542993 shutdown_connections
2024-04-25T16:28:49.818 INFO:teuthology.orchestra.run.smithi112.stdout:/usr/bin/ceph: stderr
2024-04-25T16:28:43.440+0000 7ff04f10c700 1 -- 172.21.15.112:0/3947542993 wait complete.
2024-04-25T16:28:49.818 INFO:teuthology.orchestra.run.smithi112.stdout:/usr/bin/ceph: stderr
2024-04-25T16:28:43.441+0000 7ff04f10c700 1 Processor -- start
2024-04-25T16:28:49.818 INFO:teuthology.orchestra.run.smithi112.stdout:/usr/bin/ceph: stderr
2024-04-25T16:28:43.441+0000 7ff04f10c700 1 -- start start
2024-04-25T16:28:49.818 INFO:teuthology.orchestra.run.smithi112.stdout:/usr/bin/ceph: stderr
2024-04-25T16:28:43.441+0000 7ff04f10c700 1 --2- >> [v2:172.21.15.112:3300/0,v1:172.21.15.112:6789/0] conn(0x7ff04807d680 0x7ff04819de50 unknown :-1 s=NONE pgs=0 cs=0 l=1 rev1=0 crypto rx=0 tx=0 comp rx=0 tx=0).connect
2024-04-25T16:28:49.818 INFO:teuthology.orchestra.run.smithi112.stdout:/usr/bin/ceph: stderr
2024-04-25T16:28:43.441+0000 7ff04f10c700 1 -- --> [v2:172.21.15.112:3300/0,v1:172.21.15.112:6789/0] -- mon_getmap magic: 0 -- 0x7ff04810def0 con 0x7ff04807d680
2024-04-25T16:28:49.818 INFO:teuthology.orchestra.run.smithi112.stdout:/usr/bin/ceph: stderr
2024-04-25T16:28:43.441+0000 7ff04cea8700 1 --2- >> [v2:172.21.15.112:3300/0,v1:172.21.15.112:6789/0] conn(0x7ff04807d680 0x7ff04819de50 unknown :-1 s=BANNER_CONNECTING pgs=0 cs=0 l=1 rev1=0 crypto rx=0 tx=0 comp rx=0 tx=0)._handle_peer_banner_payload supported=3 required=0
2024-04-25T16:28:49.818 INFO:teuthology.orchestra.run.smithi112.stdout:/usr/bin/ceph: stderr
2024-04-25T16:28:43.441+0000 7ff04cea8700 1 --2- >> [v2:172.21.15.112:3300/0,v1:172.21.15.112:6789/0] conn(0x7ff04807d680 0x7ff04819de50 unknown :-1 s=HELLO_CONNECTING pgs=0 cs=0 l=1 rev1=1 crypto rx=0 tx=0 comp rx=0 tx=0).handle_hello peer v2:172.21.15.112:3300/0 says I am v2:172.21.15.112:51890/0 (socket says 172.21.15.112:51890)
2024-04-25T16:28:49.819 INFO:teuthology.orchestra.run.smithi112.stdout:/usr/bin/ceph: stderr
2024-04-25T16:28:43.441+0000 7ff04cea8700 1 -- 172.21.15.112:0/1798935949 learned_addr learned my addr 172.21.15.112:0/1798935949 (peer_addr_for_me v2:172.21.15.112:0/0)
2024-04-25T16:28:49.819 INFO:teuthology.orchestra.run.smithi112.stdout:/usr/bin/ceph: stderr
2024-04-25T16:28:43.441+0000 7ff04cea8700 1 -- 172.21.15.112:0/1798935949 --> [v2:172.21.15.112:3300/0,v1:172.21.15.112:6789/0] -- mon_subscribe({config=0+,monmap=0+}) -- 0x7ff04819e390 con 0x7ff04807d680
2024-04-25T16:28:49.819 INFO:teuthology.orchestra.run.smithi112.stdout:/usr/bin/ceph: stderr
2024-04-25T16:28:43.441+0000 7ff04cea8700 1 --2- 172.21.15.112:0/1798935949 >> [v2:172.21.15.112:3300/0,v1:172.21.15.112:6789/0] conn(0x7ff04807d680 0x7ff04819de50 secure :-1 s=READY pgs=29 cs=0 l=1 rev1=1 crypto rx=0x7ff03c009fb0 tx=0x7ff03c011940 comp rx=0 tx=0).ready entity=mon.0 client_cookie=0 server_cookie=0 in_seq=0 out_seq=0
2024-04-25T16:28:49.819 INFO:teuthology.orchestra.run.smithi112.stdout:/usr/bin/ceph: stderr
2024-04-25T16:28:43.442+0000 7ff045ffb700 1 -- 172.21.15.112:0/1798935949 <== mon.0 v2:172.21.15.112:3300/0 1 ==== mon_map magic: 0 ==== 205+0+0 (secure 0 0 0) 0x7ff03c0036a0 con 0x7ff04807d680
