2024-04-25T16:28:49.819 INFO:teuthology.orchestra.run.smithi112.stdout:/usr/bin/ceph: stderr
2024-04-25T16:28:43.442+0000 7ff045ffb700 1 -- 172.21.15.112:0/1798935949 <== mon.0 v2:172.21.15.112:3300/0 2 ==== config(26 keys) ==== 1070+0+0 (secure 0 0 0) 0x7ff03c01a430 con 0x7ff04807d680
2024-04-25T16:28:49.819 INFO:teuthology.orchestra.run.smithi112.stdout:/usr/bin/ceph: stderr
2024-04-25T16:28:43.442+0000 7ff04f10c700 1 -- 172.21.15.112:0/1798935949 --> [v2:172.21.15.112:3300/0,v1:172.21.15.112:6789/0] -- mon_subscribe({mgrmap=0+}) -- 0x7ff04819e620 con 0x7ff04807d680
2024-04-25T16:28:49.819 INFO:teuthology.orchestra.run.smithi112.stdout:/usr/bin/ceph: stderr
2024-04-25T16:28:43.442+0000 7ff045ffb700 1 -- 172.21.15.112:0/1798935949 <== mon.0 v2:172.21.15.112:3300/0 3 ==== mon_map magic: 0 ==== 205+0+0 (secure 0 0 0) 0x7ff03c019550 con 0x7ff04807d680
2024-04-25T16:28:49.819 INFO:teuthology.orchestra.run.smithi112.stdout:/usr/bin/ceph: stderr
2024-04-25T16:28:43.442+0000 7ff04f10c700 1 -- 172.21.15.112:0/1798935949 --> [v2:172.21.15.112:3300/0,v1:172.21.15.112:6789/0] -- mon_subscribe({osdmap=0}) -- 0x7ff0481a1230 con 0x7ff04807d680
2024-04-25T16:28:49.819 INFO:teuthology.orchestra.run.smithi112.stdout:/usr/bin/ceph: stderr
2024-04-25T16:28:43.443+0000 7ff045ffb700 1 -- 172.21.15.112:0/1798935949 <== mon.0 v2:172.21.15.112:3300/0 4 ==== mgrmap(e 5) ==== 49516+0+0 (secure 0 0 0) 0x7ff03c019850 con 0x7ff04807d680
2024-04-25T16:28:49.819 INFO:teuthology.orchestra.run.smithi112.stdout:/usr/bin/ceph: stderr
2024-04-25T16:28:43.443+0000 7ff045ffb700 1 --2- 172.21.15.112:0/1798935949 >> [v2:172.21.15.112:6800/1130097819,v1:172.21.15.112:6801/1130097819] conn(0x7ff03803d5e0 0x7ff03803faf0 unknown :-1 s=NONE pgs=0 cs=0 l=1 rev1=0 crypto rx=0 tx=0 comp rx=0 tx=0).connect
2024-04-25T16:28:49.819 INFO:teuthology.orchestra.run.smithi112.stdout:/usr/bin/ceph: stderr
2024-04-25T16:28:43.443+0000 7ff045ffb700 1 -- 172.21.15.112:0/1798935949 --> [v2:172.21.15.112:6800/1130097819,v1:172.21.15.112:6801/1130097819] -- command(tid 0: {"prefix": "get_command_descriptions"}) -- 0x7ff038040200 con 0x7ff03803d5e0
2024-04-25T16:28:49.819 INFO:teuthology.orchestra.run.smithi112.stdout:/usr/bin/ceph: stderr
2024-04-25T16:28:43.443+0000 7ff045ffb700 1 -- 172.21.15.112:0/1798935949 <== mon.0 v2:172.21.15.112:3300/0 5 ==== osd_map(1..1 src has 1..1) ==== 725+0+0 (secure 0 0 0) 0x7ff03c0536a0 con 0x7ff04807d680
2024-04-25T16:28:49.819 INFO:teuthology.orchestra.run.smithi112.stdout:/usr/bin/ceph: stderr
2024-04-25T16:28:43.443+0000 7ff047fff700 1 -- 172.21.15.112:0/1798935949 >> [v2:172.21.15.112:6800/1130097819,v1:172.21.15.112:6801/1130097819] conn(0x7ff03803d5e0 msgr2=0x7ff03803faf0 unknown :-1 s=STATE_CONNECTING_RE l=1).process reconnect failed to v2:172.21.15.112:6800/1130097819
2024-04-25T16:28:49.819 INFO:teuthology.orchestra.run.smithi112.stdout:/usr/bin/ceph: stderr
2024-04-25T16:28:43.443+0000 7ff047fff700 1 --2- 172.21.15.112:0/1798935949 >> [v2:172.21.15.112:6800/1130097819,v1:172.21.15.112:6801/1130097819] conn(0x7ff03803d5e0 0x7ff03803faf0 unknown :-1 s=START_CONNECT pgs=0 cs=0 l=1 rev1=0 crypto rx=0 tx=0 comp rx=0 tx=0)._fault waiting 0.200000
2024-04-25T16:28:49.820 INFO:teuthology.orchestra.run.smithi112.stdout:/usr/bin/ceph: stderr
2024-04-25T16:28:43.644+0000 7ff047fff700 1 -- 172.21.15.112:0/1798935949 >> [v2:172.21.15.112:6800/1130097819,v1:172.21.15.112:6801/1130097819] conn(0x7ff03803d5e0 msgr2=0x7ff03803faf0 unknown :-1 s=STATE_CONNECTING_RE l=1).process reconnect failed to v2:172.21.15.112:6800/1130097819
2024-04-25T16:28:49.820 INFO:teuthology.orchestra.run.smithi112.stdout:/usr/bin/ceph: stderr
2024-04-25T16:28:43.644+0000 7ff047fff700 1 --2- 172.21.15.112:0/1798935949 >> [v2:172.21.15.112:6800/1130097819,v1:172.21.15.112:6801/1130097819] conn(0x7ff03803d5e0 0x7ff03803faf0 unknown :-1 s=START_CONNECT pgs=0 cs=0 l=1 rev1=0 crypto rx=0 tx=0 comp rx=0 tx=0)._fault waiting 0.400000
2024-04-25T16:28:49.820 INFO:teuthology.orchestra.run.smithi112.stdout:/usr/bin/ceph: stderr
2024-04-25T16:28:44.045+0000 7ff047fff700 1 -- 172.21.15.112:0/1798935949 >> [v2:172.21.15.112:6800/1130097819,v1:172.21.15.112:6801/1130097819] conn(0x7ff03803d5e0 msgr2=0x7ff03803faf0 unknown :-1 s=STATE_CONNECTING_RE l=1).process reconnect failed to v2:172.21.15.112:6800/1130097819
2024-04-25T16:28:49.820 INFO:teuthology.orchestra.run.smithi112.stdout:/usr/bin/ceph: stderr
2024-04-25T16:28:44.045+0000 7ff047fff700 1 --2- 172.21.15.112:0/1798935949 >> [v2:172.21.15.112:6800/1130097819,v1:172.21.15.112:6801/1130097819] conn(0x7ff03803d5e0 0x7ff03803faf0 unknown :-1 s=START_CONNECT pgs=0 cs=0 l=1 rev1=0 crypto rx=0 tx=0 comp rx=0 tx=0)._fault waiting 0.800000
2024-04-25T16:28:49.820 INFO:teuthology.orchestra.run.smithi112.stdout:/usr/bin/ceph: stderr
2024-04-25T16:28:44.846+0000 7ff047fff700 1 -- 172.21.15.112:0/1798935949 >> [v2:172.21.15.112:6800/1130097819,v1:172.21.15.112:6801/1130097819] conn(0x7ff03803d5e0 msgr2=0x7ff03803faf0 unknown :-1 s=STATE_CONNECTING_RE l=1).process reconnect failed to v2:172.21.15.112:6800/1130097819
2024-04-25T16:28:49.820 INFO:teuthology.orchestra.run.smithi112.stdout:/usr/bin/ceph: stderr
2024-04-25T16:28:44.846+0000 7ff047fff700 1 --2- 172.21.15.112:0/1798935949 >> [v2:172.21.15.112:6800/1130097819,v1:172.21.15.112:6801/1130097819] conn(0x7ff03803d5e0 0x7ff03803faf0 unknown :-1 s=START_CONNECT pgs=0 cs=0 l=1 rev1=0 crypto rx=0 tx=0 comp rx=0 tx=0)._fault waiting 1.600000
2024-04-25T16:28:49.820 INFO:teuthology.orchestra.run.smithi112.stdout:/usr/bin/ceph: stderr
2024-04-25T16:28:46.447+0000 7ff047fff700 1 -- 172.21.15.112:0/1798935949 >> [v2:172.21.15.112:6800/1130097819,v1:172.21.15.112:6801/1130097819] conn(0x7ff03803d5e0 msgr2=0x7ff03803faf0 unknown :-1 s=STATE_CONNECTING_RE l=1).process reconnect failed to v2:172.21.15.112:6800/1130097819
2024-04-25T16:28:49.820 INFO:teuthology.orchestra.run.smithi112.stdout:/usr/bin/ceph: stderr
2024-04-25T16:28:46.447+0000 7ff047fff700 1 --2- 172.21.15.112:0/1798935949 >> [v2:172.21.15.112:6800/1130097819,v1:172.21.15.112:6801/1130097819] conn(0x7ff03803d5e0 0x7ff03803faf0 unknown :-1 s=START_CONNECT pgs=0 cs=0 l=1 rev1=0 crypto rx=0 tx=0 comp rx=0 tx=0)._fault waiting 3.200000
2024-04-25T16:28:49.820 INFO:teuthology.orchestra.run.smithi112.stdout:/usr/bin/ceph: stderr
2024-04-25T16:28:48.093+0000 7ff045ffb700 1 -- 172.21.15.112:0/1798935949 <== mon.0 v2:172.21.15.112:3300/0 6 ==== mgrmap(e 6) ==== 49283+0+0 (secure 0 0 0) 0x7ff03c00fd80 con 0x7ff04807d680
2024-04-25T16:28:49.820 INFO:teuthology.orchestra.run.smithi112.stdout:/usr/bin/ceph: stderr
2024-04-25T16:28:48.093+0000 7ff045ffb700 1 -- 172.21.15.112:0/1798935949 >> [v2:172.21.15.112:6800/1130097819,v1:172.21.15.112:6801/1130097819] conn(0x7ff03803d5e0 msgr2=0x7ff03803faf0 unknown :-1 s=STATE_CONNECTING l=1).mark_down
2024-04-25T16:28:49.820 INFO:teuthology.orchestra.run.smithi112.stdout:/usr/bin/ceph: stderr
2024-04-25T16:28:48.093+0000 7ff045ffb700 1 --2- 172.21.15.112:0/1798935949 >> [v2:172.21.15.112:6800/1130097819,v1:172.21.15.112:6801/1130097819] conn(0x7ff03803d5e0 0x7ff03803faf0 unknown :-1 s=START_CONNECT pgs=0 cs=0 l=1 rev1=0 crypto rx=0 tx=0 comp rx=0 tx=0).stop
2024-04-25T16:28:49.820 INFO:teuthology.orchestra.run.smithi112.stdout:/usr/bin/ceph: stderr
2024-04-25T16:28:49.095+0000 7ff045ffb700 1 -- 172.21.15.112:0/1798935949 <== mon.0 v2:172.21.15.112:3300/0 7 ==== mgrmap(e 7) ==== 49410+0+0 (secure 0 0 0) 0x7ff03c018350 con 0x7ff04807d680
2024-04-25T16:28:49.820 INFO:teuthology.orchestra.run.smithi112.stdout:/usr/bin/ceph: stderr
2024-04-25T16:28:49.095+0000 7ff045ffb700 1 --2- 172.21.15.112:0/1798935949 >> [v2:172.21.15.112:6800/108124461,v1:172.21.15.112:6801/108124461] conn(0x7ff038040f20 0x7ff038043340 unknown :-1 s=NONE pgs=0 cs=0 l=1 rev1=0 crypto rx=0 tx=0 comp rx=0 tx=0).connect
2024-04-25T16:28:49.820 INFO:teuthology.orchestra.run.smithi112.stdout:/usr/bin/ceph: stderr
2024-04-25T16:28:49.095+0000 7ff045ffb700 1 -- 172.21.15.112:0/1798935949 --> [v2:172.21.15.112:6800/108124461,v1:172.21.15.112:6801/108124461] -- command(tid 0: {"prefix": "get_command_descriptions"}) -- 0x7ff03c02be50 con 0x7ff038040f20
2024-04-25T16:28:49.820 INFO:teuthology.orchestra.run.smithi112.stdout:/usr/bin/ceph: stderr
2024-04-25T16:28:49.096+0000 7ff047fff700 1 --2- 172.21.15.112:0/1798935949 >> [v2:172.21.15.112:6800/108124461,v1:172.21.15.112:6801/108124461] conn(0x7ff038040f20 0x7ff038043340 unknown :-1 s=BANNER_CONNECTING pgs=0 cs=0 l=1 rev1=0 crypto rx=0 tx=0 comp rx=0 tx=0)._handle_peer_banner_payload supported=3 required=0
2024-04-25T16:28:49.821 INFO:teuthology.orchestra.run.smithi112.stdout:/usr/bin/ceph: stderr
2024-04-25T16:28:49.097+0000 7ff047fff700 1 --2- 172.21.15.112:0/1798935949 >> [v2:172.21.15.112:6800/108124461,v1:172.21.15.112:6801/108124461] conn(0x7ff038040f20 0x7ff038043340 secure :-1 s=READY pgs=1 cs=0 l=1 rev1=1 crypto rx=0x7ff034003a10 tx=0x7ff034009290 comp rx=0 tx=0).ready entity=mgr.14120 client_cookie=0 server_cookie=0 in_seq=0 out_seq=0
2024-04-25T16:28:49.821 INFO:teuthology.orchestra.run.smithi112.stdout:/usr/bin/ceph: stderr
2024-04-25T16:28:49.097+0000 7ff045ffb700 1 -- 172.21.15.112:0/1798935949 <== mgr.14120 v2:172.21.15.112:6800/108124461 1 ==== command_reply(tid 0: 0 ) ==== 8+0+9564 (secure 0 0 0) 0x7ff03c02be50 con 0x7ff038040f20
2024-04-25T16:28:49.821 INFO:teuthology.orchestra.run.smithi112.stdout:/usr/bin/ceph: stderr
2024-04-25T16:28:49.106+0000 7ff04f10c700 1 -- 172.21.15.112:0/1798935949 --> [v2:172.21.15.112:6800/108124461,v1:172.21.15.112:6801/108124461] -- command(tid 1: {"prefix": "mgr_status"}) -- 0x7ff048064cf0 con 0x7ff038040f20
2024-04-25T16:28:49.821 INFO:teuthology.orchestra.run.smithi112.stdout:/usr/bin/ceph: stderr
2024-04-25T16:28:49.106+0000 7ff045ffb700 1 -- 172.21.15.112:0/1798935949 <== mgr.14120 v2:172.21.15.112:6800/108124461 2 ==== command_reply(tid 1: 0 ) ==== 8+0+51 (secure 0 0 0) 0x7ff048064cf0 con 0x7ff038040f20
2024-04-25T16:28:49.821 INFO:teuthology.orchestra.run.smithi112.stdout:/usr/bin/ceph: stderr
2024-04-25T16:28:49.107+0000 7ff04f10c700 1 -- 172.21.15.112:0/1798935949 >> [v2:172.21.15.112:6800/108124461,v1:172.21.15.112:6801/108124461] conn(0x7ff038040f20 msgr2=0x7ff038043340 secure :-1 s=STATE_CONNECTION_ESTABLISHED l=1).mark_down
2024-04-25T16:28:49.821 INFO:teuthology.orchestra.run.smithi112.stdout:/usr/bin/ceph: stderr
2024-04-25T16:28:49.107+0000 7ff04f10c700 1 --2- 172.21.15.112:0/1798935949 >> [v2:172.21.15.112:6800/108124461,v1:172.21.15.112:6801/108124461] conn(0x7ff038040f20 0x7ff038043340 secure :-1 s=READY pgs=1 cs=0 l=1 rev1=1 crypto rx=0x7ff034003a10 tx=0x7ff034009290 comp rx=0 tx=0).stop
2024-04-25T16:28:49.821 INFO:teuthology.orchestra.run.smithi112.stdout:/usr/bin/ceph: stderr
2024-04-25T16:28:49.107+0000 7ff04f10c700 1 -- 172.21.15.112:0/1798935949 >> [v2:172.21.15.112:3300/0,v1:172.21.15.112:6789/0] conn(0x7ff04807d680 msgr2=0x7ff04819de50 secure :-1 s=STATE_CONNECTION_ESTABLISHED l=1).mark_down
2024-04-25T16:28:49.821 INFO:teuthology.orchestra.run.smithi112.stdout:/usr/bin/ceph: stderr
2024-04-25T16:28:49.107+0000 7ff04f10c700 1 --2- 172.21.15.112:0/1798935949 >> [v2:172.21.15.112:3300/0,v1:172.21.15.112:6789/0] conn(0x7ff04807d680 0x7ff04819de50 secure :-1 s=READY pgs=29 cs=0 l=1 rev1=1 crypto rx=0x7ff03c009fb0 tx=0x7ff03c011940 comp rx=0 tx=0).stop
2024-04-25T16:28:49.821 INFO:teuthology.orchestra.run.smithi112.stdout:/usr/bin/ceph: stderr
2024-04-25T16:28:49.107+0000 7ff04f10c700 1 -- 172.21.15.112:0/1798935949 shutdown_connections
2024-04-25T16:28:49.821 INFO:teuthology.orchestra.run.smithi112.stdout:/usr/bin/ceph: stderr
2024-04-25T16:28:49.107+0000 7ff04f10c700 1 --2- 172.21.15.112:0/1798935949 >> [v2:172.21.15.112:6800/108124461,v1:172.21.15.112:6801/108124461] conn(0x7ff038040f20 0x7ff038043340 unknown :-1 s=CLOSED pgs=1 cs=0 l=1 rev1=1 crypto rx=0 tx=0 comp rx=0 tx=0).stop
2024-04-25T16:28:49.821 INFO:teuthology.orchestra.run.smithi112.stdout:/usr/bin/ceph: stderr
2024-04-25T16:28:49.107+0000 7ff04f10c700 1 --2- 172.21.15.112:0/1798935949 >> [v2:172.21.15.112:3300/0,v1:172.21.15.112:6789/0] conn(0x7ff04807d680 0x7ff04819de50 unknown :-1 s=CLOSED pgs=29 cs=0 l=1 rev1=1 crypto rx=0 tx=0 comp rx=0 tx=0).stop
2024-04-25T16:28:49.821 INFO:teuthology.orchestra.run.smithi112.stdout:/usr/bin/ceph: stderr
2024-04-25T16:28:49.107+0000 7ff04f10c700 1 --2- 172.21.15.112:0/1798935949 >> [v2:172.21.15.112:6800/1130097819,v1:172.21.15.112:6801/1130097819] conn(0x7ff03803d5e0 0x7ff03803faf0 unknown :-1 s=CLOSED pgs=0 cs=0 l=1 rev1=0 crypto rx=0 tx=0 comp rx=0 tx=0).stop
2024-04-25T16:28:49.821 INFO:teuthology.orchestra.run.smithi112.stdout:/usr/bin/ceph: stderr
2024-04-25T16:28:49.107+0000 7ff04f10c700 1 -- 172.21.15.112:0/1798935949 >> 172.21.15.112:0/1798935949 conn(0x7ff0481040d0 msgr2=0x7ff048104940 unknown :-1 s=STATE_NONE l=0).mark_down
2024-04-25T16:28:49.821 INFO:teuthology.orchestra.run.smithi112.stdout:/usr/bin/ceph: stderr
2024-04-25T16:28:49.107+0000 7ff04f10c700 1 -- 172.21.15.112:0/1798935949 shutdown_connections
2024-04-25T16:28:49.821 INFO:teuthology.orchestra.run.smithi112.stdout:/usr/bin/ceph: stderr
2024-04-25T16:28:49.107+0000 7ff04f10c700 1 -- 172.21.15.112:0/1798935949 wait complete.
2024-04-25T16:28:49.822 INFO:teuthology.orchestra.run.smithi112.stdout:mgr epoch 5 is available
2024-04-25T16:28:49.822 INFO:teuthology.orchestra.run.smithi112.stdout:Setting orchestrator backend to cephadm...
2024-04-25T16:28:50.209 INFO:journalctl@ceph.mon.a.smithi112.stdout:Apr 25 16:28:50 smithi112 ceph-mon[29122]: [25/Apr/2024:16:28:48] ENGINE Bus STARTING
2024-04-25T16:28:50.209 INFO:journalctl@ceph.mon.a.smithi112.stdout:Apr 25 16:28:50 smithi112 ceph-mon[29122]: [25/Apr/2024:16:28:48] ENGINE Serving on http://172.21.15.112:8765
2024-04-25T16:28:50.209 INFO:journalctl@ceph.mon.a.smithi112.stdout:Apr 25 16:28:50 smithi112 ceph-mon[29122]: [25/Apr/2024:16:28:48] ENGINE Serving on https://172.21.15.112:7150
2024-04-25T16:28:50.209 INFO:journalctl@ceph.mon.a.smithi112.stdout:Apr 25 16:28:50 smithi112 ceph-mon[29122]: [25/Apr/2024:16:28:48] ENGINE Bus STARTED
2024-04-25T16:28:50.209 INFO:journalctl@ceph.mon.a.smithi112.stdout:Apr 25 16:28:50 smithi112 ceph-mon[29122]: from='client.14124 -' entity='client.admin' cmd=[{"prefix": "get_command_descriptions"}]: dispatch
2024-04-25T16:28:50.209 INFO:journalctl@ceph.mon.a.smithi112.stdout:Apr 25 16:28:50 smithi112 ceph-mon[29122]: from='client.14124 -' entity='client.admin' cmd=[{"prefix": "mgr_status"}]: dispatch
2024-04-25T16:28:51.128 INFO:teuthology.orchestra.run.smithi112.stdout:/usr/bin/ceph: stderr
2024-04-25T16:28:50.256+0000 7f247b4f5700 1 Processor -- start
2024-04-25T16:28:51.128 INFO:teuthology.orchestra.run.smithi112.stdout:/usr/bin/ceph: stderr
2024-04-25T16:28:50.256+0000 7f247b4f5700 1 -- start start
2024-04-25T16:28:51.129 INFO:teuthology.orchestra.run.smithi112.stdout:/usr/bin/ceph: stderr
2024-04-25T16:28:50.257+0000 7f247b4f5700 1 --2- >> [v2:172.21.15.112:3300/0,v1:172.21.15.112:6789/0] conn(0x7f247407cc90 0x7f247410eae0 unknown :-1 s=NONE pgs=0 cs=0 l=0 rev1=0 crypto rx=0 tx=0 comp rx=0 tx=0).connect
2024-04-25T16:28:51.129 INFO:teuthology.orchestra.run.smithi112.stdout:/usr/bin/ceph: stderr
2024-04-25T16:28:50.257+0000 7f247b4f5700 1 -- --> [v2:172.21.15.112:3300/0,v1:172.21.15.112:6789/0] -- mon_getmap magic: 0 -- 0x7f247410f020 con 0x7f247407cc90
2024-04-25T16:28:51.129 INFO:teuthology.orchestra.run.smithi112.stdout:/usr/bin/ceph: stderr
2024-04-25T16:28:50.257+0000 7f2479291700 1 --2- >> [v2:172.21.15.112:3300/0,v1:172.21.15.112:6789/0] conn(0x7f247407cc90 0x7f247410eae0 unknown :-1 s=BANNER_CONNECTING pgs=0 cs=0 l=0 rev1=0 crypto rx=0 tx=0 comp rx=0 tx=0)._handle_peer_banner_payload supported=3 required=0
2024-04-25T16:28:51.129 INFO:teuthology.orchestra.run.smithi112.stdout:/usr/bin/ceph: stderr
2024-04-25T16:28:50.257+0000 7f2479291700 1 --2- >> [v2:172.21.15.112:3300/0,v1:172.21.15.112:6789/0] conn(0x7f247407cc90 0x7f247410eae0 unknown :-1 s=HELLO_CONNECTING pgs=0 cs=0 l=0 rev1=1 crypto rx=0 tx=0 comp rx=0 tx=0).handle_hello peer v2:172.21.15.112:3300/0 says I am v2:172.21.15.112:49786/0 (socket says 172.21.15.112:49786)
2024-04-25T16:28:51.129 INFO:teuthology.orchestra.run.smithi112.stdout:/usr/bin/ceph: stderr
2024-04-25T16:28:50.257+0000 7f2479291700 1 -- 172.21.15.112:0/3802885582 learned_addr learned my addr 172.21.15.112:0/3802885582 (peer_addr_for_me v2:172.21.15.112:0/0)
2024-04-25T16:28:51.129 INFO:teuthology.orchestra.run.smithi112.stdout:/usr/bin/ceph: stderr
2024-04-25T16:28:50.257+0000 7f2479291700 1 -- 172.21.15.112:0/3802885582 --> [v2:172.21.15.112:3300/0,v1:172.21.15.112:6789/0] -- mon_subscribe({config=0+,monmap=0+}) -- 0x7f247410f1a0 con 0x7f247407cc90
2024-04-25T16:28:51.129 INFO:teuthology.orchestra.run.smithi112.stdout:/usr/bin/ceph: stderr
2024-04-25T16:28:50.257+0000 7f2479291700 1 --2- 172.21.15.112:0/3802885582 >> [v2:172.21.15.112:3300/0,v1:172.21.15.112:6789/0] conn(0x7f247407cc90 0x7f247410eae0 secure :-1 s=READY pgs=37 cs=0 l=1 rev1=1 crypto rx=0x7f2470009e80 tx=0x7f247000b330 comp rx=0 tx=0).ready entity=mon.0 client_cookie=7ef1ee4b7ee14ec8 server_cookie=0 in_seq=0 out_seq=0
2024-04-25T16:28:51.129 INFO:teuthology.orchestra.run.smithi112.stdout:/usr/bin/ceph: stderr
2024-04-25T16:28:50.257+0000 7f246bfff700 1 -- 172.21.15.112:0/3802885582 <== mon.0 v2:172.21.15.112:3300/0 1 ==== mon_map magic: 0 ==== 205+0+0 (secure 0 0 0) 0x7f2470017070 con 0x7f247407cc90
2024-04-25T16:28:51.129 INFO:teuthology.orchestra.run.smithi112.stdout:/usr/bin/ceph: stderr
2024-04-25T16:28:50.257+0000 7f246bfff700 1 -- 172.21.15.112:0/3802885582 <== mon.0 v2:172.21.15.112:3300/0 2 ==== config(26 keys) ==== 1070+0+0 (secure 0 0 0) 0x7f247000b8c0 con 0x7f247407cc90
2024-04-25T16:28:51.129 INFO:teuthology.orchestra.run.smithi112.stdout:/usr/bin/ceph: stderr
2024-04-25T16:28:50.257+0000 7f246bfff700 1 -- 172.21.15.112:0/3802885582 <== mon.0 v2:172.21.15.112:3300/0 3 ==== mon_map magic: 0 ==== 205+0+0 (secure 0 0 0) 0x7f2470004490 con 0x7f247407cc90
2024-04-25T16:28:51.129 INFO:teuthology.orchestra.run.smithi112.stdout:/usr/bin/ceph: stderr
2024-04-25T16:28:50.258+0000 7f247b4f5700 1 -- 172.21.15.112:0/3802885582 >> [v2:172.21.15.112:3300/0,v1:172.21.15.112:6789/0] conn(0x7f247407cc90 msgr2=0x7f247410eae0 secure :-1 s=STATE_CONNECTION_ESTABLISHED l=1).mark_down
2024-04-25T16:28:51.129 INFO:teuthology.orchestra.run.smithi112.stdout:/usr/bin/ceph: stderr
2024-04-25T16:28:50.258+0000 7f247b4f5700 1 --2- 172.21.15.112:0/3802885582 >> [v2:172.21.15.112:3300/0,v1:172.21.15.112:6789/0] conn(0x7f247407cc90 0x7f247410eae0 secure :-1 s=READY pgs=37 cs=0 l=1 rev1=1 crypto rx=0x7f2470009e80 tx=0x7f247000b330 comp rx=0 tx=0).stop
2024-04-25T16:28:51.129 INFO:teuthology.orchestra.run.smithi112.stdout:/usr/bin/ceph: stderr
2024-04-25T16:28:50.258+0000 7f247b4f5700 1 -- 172.21.15.112:0/3802885582 shutdown_connections
2024-04-25T16:28:51.130 INFO:teuthology.orchestra.run.smithi112.stdout:/usr/bin/ceph: stderr
2024-04-25T16:28:50.258+0000 7f247b4f5700 1 --2- 172.21.15.112:0/3802885582 >> [v2:172.21.15.112:3300/0,v1:172.21.15.112:6789/0] conn(0x7f247407cc90 0x7f247410eae0 unknown :-1 s=CLOSED pgs=37 cs=0 l=1 rev1=1 crypto rx=0 tx=0 comp rx=0 tx=0).stop
2024-04-25T16:28:51.130 INFO:teuthology.orchestra.run.smithi112.stdout:/usr/bin/ceph: stderr
2024-04-25T16:28:50.258+0000 7f247b4f5700 1 -- 172.21.15.112:0/3802885582 >> 172.21.15.112:0/3802885582 conn(0x7f2474104130 msgr2=0x7f2474106580 unknown :-1 s=STATE_NONE l=0).mark_down
2024-04-25T16:28:51.130 INFO:teuthology.orchestra.run.smithi112.stdout:/usr/bin/ceph: stderr
2024-04-25T16:28:50.258+0000 7f247b4f5700 1 -- 172.21.15.112:0/3802885582 shutdown_connections
2024-04-25T16:28:51.130 INFO:teuthology.orchestra.run.smithi112.stdout:/usr/bin/ceph: stderr
2024-04-25T16:28:50.258+0000 7f247b4f5700 1 -- 172.21.15.112:0/3802885582 wait complete.
2024-04-25T16:28:51.130 INFO:teuthology.orchestra.run.smithi112.stdout:/usr/bin/ceph: stderr
2024-04-25T16:28:50.259+0000 7f247b4f5700 1 Processor -- start
2024-04-25T16:28:51.130 INFO:teuthology.orchestra.run.smithi112.stdout:/usr/bin/ceph: stderr
2024-04-25T16:28:50.259+0000 7f247b4f5700 1 -- start start
2024-04-25T16:28:51.130 INFO:teuthology.orchestra.run.smithi112.stdout:/usr/bin/ceph: stderr
2024-04-25T16:28:50.259+0000 7f247b4f5700 1 --2- >> [v2:172.21.15.112:3300/0,v1:172.21.15.112:6789/0] conn(0x7f247407cc90 0x7f247419fff0 unknown :-1 s=NONE pgs=0 cs=0 l=1 rev1=0 crypto rx=0 tx=0 comp rx=0 tx=0).connect
2024-04-25T16:28:51.130 INFO:teuthology.orchestra.run.smithi112.stdout:/usr/bin/ceph: stderr
2024-04-25T16:28:50.259+0000 7f247b4f5700 1 -- --> [v2:172.21.15.112:3300/0,v1:172.21.15.112:6789/0] -- mon_getmap magic: 0 -- 0x7f24741100b0 con 0x7f247407cc90
2024-04-25T16:28:51.130 INFO:teuthology.orchestra.run.smithi112.stdout:/usr/bin/ceph: stderr
2024-04-25T16:28:50.259+0000 7f2479291700 1 --2- >> [v2:172.21.15.112:3300/0,v1:172.21.15.112:6789/0] conn(0x7f247407cc90 0x7f247419fff0 unknown :-1 s=BANNER_CONNECTING pgs=0 cs=0 l=1 rev1=0 crypto rx=0 tx=0 comp rx=0 tx=0)._handle_peer_banner_payload supported=3 required=0
2024-04-25T16:28:51.130 INFO:teuthology.orchestra.run.smithi112.stdout:/usr/bin/ceph: stderr
2024-04-25T16:28:50.259+0000 7f2479291700 1 --2- >> [v2:172.21.15.112:3300/0,v1:172.21.15.112:6789/0] conn(0x7f247407cc90 0x7f247419fff0 unknown :-1 s=HELLO_CONNECTING pgs=0 cs=0 l=1 rev1=1 crypto rx=0 tx=0 comp rx=0 tx=0).handle_hello peer v2:172.21.15.112:3300/0 says I am v2:172.21.15.112:49788/0 (socket says 172.21.15.112:49788)
2024-04-25T16:28:51.130 INFO:teuthology.orchestra.run.smithi112.stdout:/usr/bin/ceph: stderr
2024-04-25T16:28:50.259+0000 7f2479291700 1 -- 172.21.15.112:0/254278407 learned_addr learned my addr 172.21.15.112:0/254278407 (peer_addr_for_me v2:172.21.15.112:0/0)
2024-04-25T16:28:51.130 INFO:teuthology.orchestra.run.smithi112.stdout:/usr/bin/ceph: stderr
2024-04-25T16:28:50.260+0000 7f2479291700 1 -- 172.21.15.112:0/254278407 --> [v2:172.21.15.112:3300/0,v1:172.21.15.112:6789/0] -- mon_subscribe({config=0+,monmap=0+}) -- 0x7f24741a0530 con 0x7f247407cc90
2024-04-25T16:28:51.130 INFO:teuthology.orchestra.run.smithi112.stdout:/usr/bin/ceph: stderr
2024-04-25T16:28:50.260+0000 7f2479291700 1 --2- 172.21.15.112:0/254278407 >> [v2:172.21.15.112:3300/0,v1:172.21.15.112:6789/0] conn(0x7f247407cc90 0x7f247419fff0 secure :-1 s=READY pgs=38 cs=0 l=1 rev1=1 crypto rx=0x7f2470004220 tx=0x7f247000bd50 comp rx=0 tx=0).ready entity=mon.0 client_cookie=0 server_cookie=0 in_seq=0 out_seq=0
2024-04-25T16:28:51.130 INFO:teuthology.orchestra.run.smithi112.stdout:/usr/bin/ceph: stderr
2024-04-25T16:28:50.260+0000 7f246a7fc700 1 -- 172.21.15.112:0/254278407 <== mon.0 v2:172.21.15.112:3300/0 1 ==== mon_map magic: 0 ==== 205+0+0 (secure 0 0 0) 0x7f2470020020 con 0x7f247407cc90
2024-04-25T16:28:51.131 INFO:teuthology.orchestra.run.smithi112.stdout:/usr/bin/ceph: stderr
2024-04-25T16:28:50.260+0000 7f246a7fc700 1 -- 172.21.15.112:0/254278407 <== mon.0 v2:172.21.15.112:3300/0 2 ==== config(26 keys) ==== 1070+0+0 (secure 0 0 0) 0x7f2470012430 con 0x7f247407cc90
2024-04-25T16:28:51.131 INFO:teuthology.orchestra.run.smithi112.stdout:/usr/bin/ceph: stderr
2024-04-25T16:28:50.260+0000 7f247b4f5700 1 -- 172.21.15.112:0/254278407 --> [v2:172.21.15.112:3300/0,v1:172.21.15.112:6789/0] -- mon_subscribe({mgrmap=0+}) -- 0x7f24741a07c0 con 0x7f247407cc90
2024-04-25T16:28:51.131 INFO:teuthology.orchestra.run.smithi112.stdout:/usr/bin/ceph: stderr
2024-04-25T16:28:50.260+0000 7f246a7fc700 1 -- 172.21.15.112:0/254278407 <== mon.0 v2:172.21.15.112:3300/0 3 ==== mon_map magic: 0 ==== 205+0+0 (secure 0 0 0) 0x7f2470017040 con 0x7f247407cc90
2024-04-25T16:28:51.131 INFO:teuthology.orchestra.run.smithi112.stdout:/usr/bin/ceph: stderr
2024-04-25T16:28:50.260+0000 7f247b4f5700 1 -- 172.21.15.112:0/254278407 --> [v2:172.21.15.112:3300/0,v1:172.21.15.112:6789/0] -- mon_subscribe({osdmap=0}) -- 0x7f24741a33d0 con 0x7f247407cc90
2024-04-25T16:28:51.131 INFO:teuthology.orchestra.run.smithi112.stdout:/usr/bin/ceph: stderr
2024-04-25T16:28:50.261+0000 7f246a7fc700 1 -- 172.21.15.112:0/254278407 <== mon.0 v2:172.21.15.112:3300/0 4 ==== mgrmap(e 8) ==== 49516+0+0 (secure 0 0 0) 0x7f2470023020 con 0x7f247407cc90
2024-04-25T16:28:51.131 INFO:teuthology.orchestra.run.smithi112.stdout:/usr/bin/ceph: stderr
2024-04-25T16:28:50.261+0000 7f246a7fc700 1 --2- 172.21.15.112:0/254278407 >> [v2:172.21.15.112:6800/108124461,v1:172.21.15.112:6801/108124461] conn(0x7f246003d630 0x7f246003fb40 unknown :-1 s=NONE pgs=0 cs=0 l=1 rev1=0 crypto rx=0 tx=0 comp rx=0 tx=0).connect
2024-04-25T16:28:51.131 INFO:teuthology.orchestra.run.smithi112.stdout:/usr/bin/ceph: stderr
2024-04-25T16:28:50.261+0000 7f246a7fc700 1 -- 172.21.15.112:0/254278407 <== mon.0 v2:172.21.15.112:3300/0 5 ==== osd_map(2..2 src has 1..2) ==== 940+0+0 (secure 0 0 0) 0x7f247000f050 con 0x7f247407cc90
2024-04-25T16:28:51.131 INFO:teuthology.orchestra.run.smithi112.stdout:/usr/bin/ceph: stderr
2024-04-25T16:28:50.261+0000 7f247b4f5700 1 -- 172.21.15.112:0/254278407 --> [v2:172.21.15.112:3300/0,v1:172.21.15.112:6789/0] -- mon_command({"prefix": "get_command_descriptions"} v 0) -- 0x7f2474064cf0 con 0x7f247407cc90
2024-04-25T16:28:51.131 INFO:teuthology.orchestra.run.smithi112.stdout:/usr/bin/ceph: stderr
2024-04-25T16:28:50.261+0000 7f2478a90700 1 --2- 172.21.15.112:0/254278407 >> [v2:172.21.15.112:6800/108124461,v1:172.21.15.112:6801/108124461] conn(0x7f246003d630 0x7f246003fb40 unknown :-1 s=BANNER_CONNECTING pgs=0 cs=0 l=1 rev1=0 crypto rx=0 tx=0 comp rx=0 tx=0)._handle_peer_banner_payload supported=3 required=0
2024-04-25T16:28:51.131 INFO:teuthology.orchestra.run.smithi112.stdout:/usr/bin/ceph: stderr
2024-04-25T16:28:50.262+0000 7f2478a90700 1 --2- 172.21.15.112:0/254278407 >> [v2:172.21.15.112:6800/108124461,v1:172.21.15.112:6801/108124461] conn(0x7f246003d630 0x7f246003fb40 secure :-1 s=READY pgs=7 cs=0 l=1 rev1=1 crypto rx=0x7f2464006fd0 tx=0x7f2464006e40 comp rx=0 tx=0).ready entity=mgr.14120 client_cookie=0 server_cookie=0 in_seq=0 out_seq=0
2024-04-25T16:28:51.131 INFO:teuthology.orchestra.run.smithi112.stdout:/usr/bin/ceph: stderr
2024-04-25T16:28:50.267+0000 7f246a7fc700 1 -- 172.21.15.112:0/254278407 <== mon.0 v2:172.21.15.112:3300/0 6 ==== mon_command_ack([{"prefix": "get_command_descriptions"}]=0 v0) ==== 72+0+188370 (secure 0 0 0) 0x7f247002a020 con 0x7f247407cc90
2024-04-25T16:28:51.131 INFO:teuthology.orchestra.run.smithi112.stdout:/usr/bin/ceph: stderr
2024-04-25T16:28:50.481+0000 7f247b4f5700 1 -- 172.21.15.112:0/254278407 --> [v2:172.21.15.112:6800/108124461,v1:172.21.15.112:6801/108124461] -- mgr_command(tid 0: {"prefix": "orch set backend", "module_name": "cephadm", "target": ["mon-mgr", ""]}) -- 0x7f24741060f0 con 0x7f246003d630
2024-04-25T16:28:51.131 INFO:teuthology.orchestra.run.smithi112.stdout:/usr/bin/ceph: stderr
2024-04-25T16:28:50.487+0000 7f246a7fc700 1 -- 172.21.15.112:0/254278407 <== mgr.14120 v2:172.21.15.112:6800/108124461 1 ==== mgr_command_reply(tid 0: 0 ) ==== 8+0+0 (secure 0 0 0) 0x7f24741060f0 con 0x7f246003d630
2024-04-25T16:28:51.132 INFO:teuthology.orchestra.run.smithi112.stdout:/usr/bin/ceph: stderr
2024-04-25T16:28:50.489+0000 7f247b4f5700 1 -- 172.21.15.112:0/254278407 >> [v2:172.21.15.112:6800/108124461,v1:172.21.15.112:6801/108124461] conn(0x7f246003d630 msgr2=0x7f246003fb40 secure :-1 s=STATE_CONNECTION_ESTABLISHED l=1).mark_down
2024-04-25T16:28:51.132 INFO:teuthology.orchestra.run.smithi112.stdout:/usr/bin/ceph: stderr
2024-04-25T16:28:50.489+0000 7f247b4f5700 1 --2- 172.21.15.112:0/254278407 >> [v2:172.21.15.112:6800/108124461,v1:172.21.15.112:6801/108124461] conn(0x7f246003d630 0x7f246003fb40 secure :-1 s=READY pgs=7 cs=0 l=1 rev1=1 crypto rx=0x7f2464006fd0 tx=0x7f2464006e40 comp rx=0 tx=0).stop
2024-04-25T16:28:51.132 INFO:teuthology.orchestra.run.smithi112.stdout:/usr/bin/ceph: stderr
2024-04-25T16:28:50.489+0000 7f247b4f5700 1 -- 172.21.15.112:0/254278407 >> [v2:172.21.15.112:3300/0,v1:172.21.15.112:6789/0] conn(0x7f247407cc90 msgr2=0x7f247419fff0 secure :-1 s=STATE_CONNECTION_ESTABLISHED l=1).mark_down
2024-04-25T16:28:51.132 INFO:teuthology.orchestra.run.smithi112.stdout:/usr/bin/ceph: stderr
2024-04-25T16:28:50.489+0000 7f247b4f5700 1 --2- 172.21.15.112:0/254278407 >> [v2:172.21.15.112:3300/0,v1:172.21.15.112:6789/0] conn(0x7f247407cc90 0x7f247419fff0 secure :-1 s=READY pgs=38 cs=0 l=1 rev1=1 crypto rx=0x7f2470004220 tx=0x7f247000bd50 comp rx=0 tx=0).stop
2024-04-25T16:28:51.132 INFO:teuthology.orchestra.run.smithi112.stdout:/usr/bin/ceph: stderr
2024-04-25T16:28:50.489+0000 7f247b4f5700 1 -- 172.21.15.112:0/254278407 shutdown_connections
2024-04-25T16:28:51.132 INFO:teuthology.orchestra.run.smithi112.stdout:/usr/bin/ceph: stderr
2024-04-25T16:28:50.489+0000 7f247b4f5700 1 --2- 172.21.15.112:0/254278407 >> [v2:172.21.15.112:6800/108124461,v1:172.21.15.112:6801/108124461] conn(0x7f246003d630 0x7f246003fb40 unknown :-1 s=CLOSED pgs=7 cs=0 l=1 rev1=1 crypto rx=0 tx=0 comp rx=0 tx=0).stop
2024-04-25T16:28:51.132 INFO:teuthology.orchestra.run.smithi112.stdout:/usr/bin/ceph: stderr
2024-04-25T16:28:50.489+0000 7f247b4f5700 1 --2- 172.21.15.112:0/254278407 >> [v2:172.21.15.112:3300/0,v1:172.21.15.112:6789/0] conn(0x7f247407cc90 0x7f247419fff0 unknown :-1 s=CLOSED pgs=38 cs=0 l=1 rev1=1 crypto rx=0 tx=0 comp rx=0 tx=0).stop
2024-04-25T16:28:51.132 INFO:teuthology.orchestra.run.smithi112.stdout:/usr/bin/ceph: stderr
2024-04-25T16:28:50.489+0000 7f247b4f5700 1 -- 172.21.15.112:0/254278407 >> 172.21.15.112:0/254278407 conn(0x7f2474104130 msgr2=0x7f24741059e0 unknown :-1 s=STATE_NONE l=0).mark_down
2024-04-25T16:28:51.132 INFO:teuthology.orchestra.run.smithi112.stdout:/usr/bin/ceph: stderr
2024-04-25T16:28:50.490+0000 7f247b4f5700 1 -- 172.21.15.112:0/254278407 shutdown_connections
2024-04-25T16:28:51.132 INFO:teuthology.orchestra.run.smithi112.stdout:/usr/bin/ceph: stderr
2024-04-25T16:28:50.490+0000 7f247b4f5700 1 -- 172.21.15.112:0/254278407 wait complete.
2024-04-25T16:28:51.372 INFO:journalctl@ceph.mon.a.smithi112.stdout:Apr 25 16:28:51 smithi112 ceph-mon[29122]: mgrmap e8: x(active, since 2s)
2024-04-25T16:28:51.372 INFO:journalctl@ceph.mon.a.smithi112.stdout:Apr 25 16:28:51 smithi112 ceph-mon[29122]: from='mgr.14120 172.21.15.112:0/3051762061' entity='mgr.x'
2024-04-25T16:28:51.372 INFO:journalctl@ceph.mon.a.smithi112.stdout:Apr 25 16:28:51 smithi112 ceph-mon[29122]: from='mgr.14120 172.21.15.112:0/3051762061' entity='mgr.x' cmd=[{"prefix": "config dump", "format": "json"}]: dispatch
2024-04-25T16:28:52.347 INFO:journalctl@ceph.mon.a.smithi112.stdout:Apr 25 16:28:52 smithi112 ceph-mon[29122]: from='client.14132 -' entity='client.admin' cmd=[{"prefix": "orch set backend", "module_name": "cephadm", "target": ["mon-mgr", ""]}]: dispatch
2024-04-25T16:28:52.359 INFO:teuthology.orchestra.run.smithi112.stdout:/usr/bin/ceph: stdout value unchanged
2024-04-25T16:28:52.360 INFO:teuthology.orchestra.run.smithi112.stdout:/usr/bin/ceph: stderr
2024-04-25T16:28:51.577+0000 7fe763ac6700 1 Processor -- start
2024-04-25T16:28:52.360 INFO:teuthology.orchestra.run.smithi112.stdout:/usr/bin/ceph: stderr
2024-04-25T16:28:51.577+0000 7fe763ac6700 1 -- start start
2024-04-25T16:28:52.360 INFO:teuthology.orchestra.run.smithi112.stdout:/usr/bin/ceph: stderr
2024-04-25T16:28:51.578+0000 7fe763ac6700 1 --2- >> [v2:172.21.15.112:3300/0,v1:172.21.15.112:6789/0] conn(0x7fe75c108a20 0x7fe75c108e30 unknown :-1 s=NONE pgs=0 cs=0 l=0 rev1=0 crypto rx=0 tx=0 comp rx=0 tx=0).connect
2024-04-25T16:28:52.360 INFO:teuthology.orchestra.run.smithi112.stdout:/usr/bin/ceph: stderr
2024-04-25T16:28:51.578+0000 7fe763ac6700 1 -- --> [v2:172.21.15.112:3300/0,v1:172.21.15.112:6789/0] -- mon_getmap magic: 0 -- 0x7fe75c109420 con 0x7fe75c108a20
2024-04-25T16:28:52.360 INFO:teuthology.orchestra.run.smithi112.stdout:/usr/bin/ceph: stderr
2024-04-25T16:28:51.578+0000 7fe761862700 1 --2- >> [v2:172.21.15.112:3300/0,v1:172.21.15.112:6789/0] conn(0x7fe75c108a20 0x7fe75c108e30 unknown :-1 s=BANNER_CONNECTING pgs=0 cs=0 l=0 rev1=0 crypto rx=0 tx=0 comp rx=0 tx=0)._handle_peer_banner_payload supported=3 required=0
2024-04-25T16:28:52.360 INFO:teuthology.orchestra.run.smithi112.stdout:/usr/bin/ceph: stderr
2024-04-25T16:28:51.578+0000 7fe761862700 1 --2- >> [v2:172.21.15.112:3300/0,v1:172.21.15.112:6789/0] conn(0x7fe75c108a20 0x7fe75c108e30 unknown :-1 s=HELLO_CONNECTING pgs=0 cs=0 l=0 rev1=1 crypto rx=0 tx=0 comp rx=0 tx=0).handle_hello peer v2:172.21.15.112:3300/0 says I am v2:172.21.15.112:49798/0 (socket says 172.21.15.112:49798)
2024-04-25T16:28:52.360 INFO:teuthology.orchestra.run.smithi112.stdout:/usr/bin/ceph: stderr
2024-04-25T16:28:51.578+0000 7fe761862700 1 -- 172.21.15.112:0/309915308 learned_addr learned my addr 172.21.15.112:0/309915308 (peer_addr_for_me v2:172.21.15.112:0/0)
2024-04-25T16:28:52.360 INFO:teuthology.orchestra.run.smithi112.stdout:/usr/bin/ceph: stderr
2024-04-25T16:28:51.578+0000 7fe761862700 1 -- 172.21.15.112:0/309915308 --> [v2:172.21.15.112:3300/0,v1:172.21.15.112:6789/0] -- mon_subscribe({config=0+,monmap=0+}) -- 0x7fe75c109b50 con 0x7fe75c108a20
2024-04-25T16:28:52.360 INFO:teuthology.orchestra.run.smithi112.stdout:/usr/bin/ceph: stderr
2024-04-25T16:28:51.578+0000 7fe761862700 1 --2- 172.21.15.112:0/309915308 >> [v2:172.21.15.112:3300/0,v1:172.21.15.112:6789/0] conn(0x7fe75c108a20 0x7fe75c108e30 secure :-1 s=READY pgs=39 cs=0 l=1 rev1=1 crypto rx=0x7fe74c0098a0 tx=0x7fe74c009bb0 comp rx=0 tx=0).ready entity=mon.0 client_cookie=564872010348d664 server_cookie=0 in_seq=0 out_seq=0
2024-04-25T16:28:52.360 INFO:teuthology.orchestra.run.smithi112.stdout:/usr/bin/ceph: stderr
2024-04-25T16:28:51.578+0000 7fe760860700 1 -- 172.21.15.112:0/309915308 <== mon.0 v2:172.21.15.112:3300/0 1 ==== mon_map magic: 0 ==== 205+0+0 (secure 0 0 0) 0x7fe74c004160 con 0x7fe75c108a20
2024-04-25T16:28:52.360 INFO:teuthology.orchestra.run.smithi112.stdout:/usr/bin/ceph: stderr
2024-04-25T16:28:51.578+0000 7fe760860700 1 -- 172.21.15.112:0/309915308 <== mon.0 v2:172.21.15.112:3300/0 2 ==== config(26 keys) ==== 1070+0+0 (secure 0 0 0) 0x7fe74c004300 con 0x7fe75c108a20
2024-04-25T16:28:52.360 INFO:teuthology.orchestra.run.smithi112.stdout:/usr/bin/ceph: stderr
2024-04-25T16:28:51.578+0000 7fe760860700 1 -- 172.21.15.112:0/309915308 <== mon.0 v2:172.21.15.112:3300/0 3 ==== mon_map magic: 0 ==== 205+0+0 (secure 0 0 0) 0x7fe74c011af0 con 0x7fe75c108a20
2024-04-25T16:28:52.360 INFO:teuthology.orchestra.run.smithi112.stdout:/usr/bin/ceph: stderr
2024-04-25T16:28:51.579+0000 7fe763ac6700 1 -- 172.21.15.112:0/309915308 >> [v2:172.21.15.112:3300/0,v1:172.21.15.112:6789/0] conn(0x7fe75c108a20 msgr2=0x7fe75c108e30 secure :-1 s=STATE_CONNECTION_ESTABLISHED l=1).mark_down
2024-04-25T16:28:52.361 INFO:teuthology.orchestra.run.smithi112.stdout:/usr/bin/ceph: stderr
2024-04-25T16:28:51.579+0000 7fe763ac6700 1 --2- 172.21.15.112:0/309915308 >> [v2:172.21.15.112:3300/0,v1:172.21.15.112:6789/0] conn(0x7fe75c108a20 0x7fe75c108e30 secure :-1 s=READY pgs=39 cs=0 l=1 rev1=1 crypto rx=0x7fe74c0098a0 tx=0x7fe74c009bb0 comp rx=0 tx=0).stop
2024-04-25T16:28:52.361 INFO:teuthology.orchestra.run.smithi112.stdout:/usr/bin/ceph: stderr
2024-04-25T16:28:51.579+0000 7fe763ac6700 1 -- 172.21.15.112:0/309915308 shutdown_connections
2024-04-25T16:28:52.361 INFO:teuthology.orchestra.run.smithi112.stdout:/usr/bin/ceph: stderr
2024-04-25T16:28:51.579+0000 7fe763ac6700 1 --2- 172.21.15.112:0/309915308 >> [v2:172.21.15.112:3300/0,v1:172.21.15.112:6789/0] conn(0x7fe75c108a20 0x7fe75c108e30 unknown :-1 s=CLOSED pgs=39 cs=0 l=1 rev1=1 crypto rx=0 tx=0 comp rx=0 tx=0).stop
2024-04-25T16:28:52.361 INFO:teuthology.orchestra.run.smithi112.stdout:/usr/bin/ceph: stderr
2024-04-25T16:28:51.579+0000 7fe763ac6700 1 -- 172.21.15.112:0/309915308 >> 172.21.15.112:0/309915308 conn(0x7fe75c1040e0 msgr2=0x7fe75c106530 unknown :-1 s=STATE_NONE l=0).mark_down
2024-04-25T16:28:52.361 INFO:teuthology.orchestra.run.smithi112.stdout:/usr/bin/ceph: stderr
2024-04-25T16:28:51.579+0000 7fe763ac6700 1 -- 172.21.15.112:0/309915308 shutdown_connections
2024-04-25T16:28:52.361 INFO:teuthology.orchestra.run.smithi112.stdout:/usr/bin/ceph: stderr
2024-04-25T16:28:51.579+0000 7fe763ac6700 1 -- 172.21.15.112:0/309915308 wait complete.
2024-04-25T16:28:52.361 INFO:teuthology.orchestra.run.smithi112.stdout:/usr/bin/ceph: stderr
2024-04-25T16:28:51.580+0000 7fe763ac6700 1 Processor -- start
2024-04-25T16:28:52.361 INFO:teuthology.orchestra.run.smithi112.stdout:/usr/bin/ceph: stderr
2024-04-25T16:28:51.580+0000 7fe763ac6700 1 -- start start
2024-04-25T16:28:52.361 INFO:teuthology.orchestra.run.smithi112.stdout:/usr/bin/ceph: stderr
2024-04-25T16:28:51.580+0000 7fe763ac6700 1 --2- >> [v2:172.21.15.112:3300/0,v1:172.21.15.112:6789/0] conn(0x7fe75c108a20 0x7fe75c07c970 unknown :-1 s=NONE pgs=0 cs=0 l=1 rev1=0 crypto rx=0 tx=0 comp rx=0 tx=0).connect
2024-04-25T16:28:52.361 INFO:teuthology.orchestra.run.smithi112.stdout:/usr/bin/ceph: stderr
2024-04-25T16:28:51.580+0000 7fe763ac6700 1 -- --> [v2:172.21.15.112:3300/0,v1:172.21.15.112:6789/0] -- mon_getmap magic: 0 -- 0x7fe75c10cf00 con 0x7fe75c108a20
2024-04-25T16:28:52.361 INFO:teuthology.orchestra.run.smithi112.stdout:/usr/bin/ceph: stderr
2024-04-25T16:28:51.580+0000 7fe761862700 1 --2- >> [v2:172.21.15.112:3300/0,v1:172.21.15.112:6789/0] conn(0x7fe75c108a20 0x7fe75c07c970 unknown :-1 s=BANNER_CONNECTING pgs=0 cs=0 l=1 rev1=0 crypto rx=0 tx=0 comp rx=0 tx=0)._handle_peer_banner_payload supported=3 required=0
2024-04-25T16:28:52.361 INFO:teuthology.orchestra.run.smithi112.stdout:/usr/bin/ceph: stderr
2024-04-25T16:28:51.580+0000 7fe761862700 1 --2- >> [v2:172.21.15.112:3300/0,v1:172.21.15.112:6789/0] conn(0x7fe75c108a20 0x7fe75c07c970 unknown :-1 s=HELLO_CONNECTING pgs=0 cs=0 l=1 rev1=1 crypto rx=0 tx=0 comp rx=0 tx=0).handle_hello peer v2:172.21.15.112:3300/0 says I am v2:172.21.15.112:49808/0 (socket says 172.21.15.112:49808)
2024-04-25T16:28:52.361 INFO:teuthology.orchestra.run.smithi112.stdout:/usr/bin/ceph: stderr
2024-04-25T16:28:51.580+0000 7fe761862700 1 -- 172.21.15.112:0/2907832583 learned_addr learned my addr 172.21.15.112:0/2907832583 (peer_addr_for_me v2:172.21.15.112:0/0)
2024-04-25T16:28:52.361 INFO:teuthology.orchestra.run.smithi112.stdout:/usr/bin/ceph: stderr
2024-04-25T16:28:51.581+0000 7fe761862700 1 -- 172.21.15.112:0/2907832583 --> [v2:172.21.15.112:3300/0,v1:172.21.15.112:6789/0] -- mon_subscribe({config=0+,monmap=0+}) -- 0x7fe75c07ceb0 con 0x7fe75c108a20
2024-04-25T16:28:52.361 INFO:teuthology.orchestra.run.smithi112.stdout:/usr/bin/ceph: stderr
2024-04-25T16:28:51.581+0000 7fe761862700 1 --2- 172.21.15.112:0/2907832583 >> [v2:172.21.15.112:3300/0,v1:172.21.15.112:6789/0] conn(0x7fe75c108a20 0x7fe75c07c970 secure :-1 s=READY pgs=40 cs=0 l=1 rev1=1 crypto rx=0x7fe74c009fb0 tx=0x7fe74c011890 comp rx=0 tx=0).ready entity=mon.0 client_cookie=0 server_cookie=0 in_seq=0 out_seq=0
2024-04-25T16:28:52.362 INFO:teuthology.orchestra.run.smithi112.stdout:/usr/bin/ceph: stderr
2024-04-25T16:28:51.581+0000 7fe752ffd700 1 -- 172.21.15.112:0/2907832583 <== mon.0 v2:172.21.15.112:3300/0 1 ==== mon_map magic: 0 ==== 205+0+0 (secure 0 0 0) 0x7fe74c0036a0 con 0x7fe75c108a20
2024-04-25T16:28:52.362 INFO:teuthology.orchestra.run.smithi112.stdout:/usr/bin/ceph: stderr
2024-04-25T16:28:51.581+0000 7fe752ffd700 1 -- 172.21.15.112:0/2907832583 <== mon.0 v2:172.21.15.112:3300/0 2 ==== config(26 keys) ==== 1070+0+0 (secure 0 0 0) 0x7fe74c003cd0 con 0x7fe75c108a20
2024-04-25T16:28:52.362 INFO:teuthology.orchestra.run.smithi112.stdout:/usr/bin/ceph: stderr
2024-04-25T16:28:51.581+0000 7fe763ac6700 1 -- 172.21.15.112:0/2907832583 --> [v2:172.21.15.112:3300/0,v1:172.21.15.112:6789/0] -- mon_subscribe({mgrmap=0+}) -- 0x7fe75c1a0c20 con 0x7fe75c108a20
2024-04-25T16:28:52.362 INFO:teuthology.orchestra.run.smithi112.stdout:/usr/bin/ceph: stderr
2024-04-25T16:28:51.581+0000 7fe752ffd700 1 -- 172.21.15.112:0/2907832583 <== mon.0 v2:172.21.15.112:3300/0 3 ==== mon_map magic: 0 ==== 205+0+0 (secure 0 0 0) 0x7fe74c01a430 con 0x7fe75c108a20
2024-04-25T16:28:52.362 INFO:teuthology.orchestra.run.smithi112.stdout:/usr/bin/ceph: stderr
2024-04-25T16:28:51.581+0000 7fe763ac6700 1 -- 172.21.15.112:0/2907832583 --> [v2:172.21.15.112:3300/0,v1:172.21.15.112:6789/0] -- mon_subscribe({osdmap=0}) -- 0x7fe75c1a10a0 con 0x7fe75c108a20
2024-04-25T16:28:52.362 INFO:teuthology.orchestra.run.smithi112.stdout:/usr/bin/ceph: stderr
2024-04-25T16:28:51.582+0000 7fe752ffd700 1 -- 172.21.15.112:0/2907832583 <== mon.0 v2:172.21.15.112:3300/0 4 ==== mgrmap(e 8) ==== 49516+0+0 (secure 0 0 0) 0x7fe74c01a6a0 con 0x7fe75c108a20
2024-04-25T16:28:52.362 INFO:teuthology.orchestra.run.smithi112.stdout:/usr/bin/ceph: stderr
2024-04-25T16:28:51.582+0000 7fe752ffd700 1 --2- 172.21.15.112:0/2907832583 >> [v2:172.21.15.112:6800/108124461,v1:172.21.15.112:6801/108124461] conn(0x7fe74803d690 0x7fe74803fba0 unknown :-1 s=NONE pgs=0 cs=0 l=1 rev1=0 crypto rx=0 tx=0 comp rx=0 tx=0).connect
2024-04-25T16:28:52.362 INFO:teuthology.orchestra.run.smithi112.stdout:/usr/bin/ceph: stderr
2024-04-25T16:28:51.582+0000 7fe752ffd700 1 -- 172.21.15.112:0/2907832583 <== mon.0 v2:172.21.15.112:3300/0 5 ==== osd_map(2..2 src has 1..2) ==== 940+0+0 (secure 0 0 0) 0x7fe74c053900 con 0x7fe75c108a20
2024-04-25T16:28:52.362 INFO:teuthology.orchestra.run.smithi112.stdout:/usr/bin/ceph: stderr
2024-04-25T16:28:51.582+0000 7fe763ac6700 1 -- 172.21.15.112:0/2907832583 --> [v2:172.21.15.112:3300/0,v1:172.21.15.112:6789/0] -- mon_command({"prefix": "get_command_descriptions"} v 0) -- 0x7fe75c064cf0 con 0x7fe75c108a20
2024-04-25T16:28:52.362 INFO:teuthology.orchestra.run.smithi112.stdout:/usr/bin/ceph: stderr
2024-04-25T16:28:51.582+0000 7fe761061700 1 --2- 172.21.15.112:0/2907832583 >> [v2:172.21.15.112:6800/108124461,v1:172.21.15.112:6801/108124461] conn(0x7fe74803d690 0x7fe74803fba0 unknown :-1 s=BANNER_CONNECTING pgs=0 cs=0 l=1 rev1=0 crypto rx=0 tx=0 comp rx=0 tx=0)._handle_peer_banner_payload supported=3 required=0
2024-04-25T16:28:52.362 INFO:teuthology.orchestra.run.smithi112.stdout:/usr/bin/ceph: stderr
2024-04-25T16:28:51.583+0000 7fe761061700 1 --2- 172.21.15.112:0/2907832583 >> [v2:172.21.15.112:6800/108124461,v1:172.21.15.112:6801/108124461] conn(0x7fe74803d690 0x7fe74803fba0 secure :-1 s=READY pgs=8 cs=0 l=1 rev1=1 crypto rx=0x7fe758006fd0 tx=0x7fe758006e40 comp rx=0 tx=0).ready entity=mgr.14120 client_cookie=0 server_cookie=0 in_seq=0 out_seq=0
2024-04-25T16:28:52.362 INFO:teuthology.orchestra.run.smithi112.stdout:/usr/bin/ceph: stderr
2024-04-25T16:28:51.588+0000 7fe752ffd700 1 -- 172.21.15.112:0/2907832583 <== mon.0 v2:172.21.15.112:3300/0 6 ==== mon_command_ack([{"prefix": "get_command_descriptions"}]=0 v0) ==== 72+0+188370 (secure 0 0 0) 0x7fe74c017e90 con 0x7fe75c108a20
2024-04-25T16:28:52.363 INFO:teuthology.orchestra.run.smithi112.stdout:/usr/bin/ceph: stderr
2024-04-25T16:28:51.788+0000 7fe763ac6700 1 -- 172.21.15.112:0/2907832583 --> [v2:172.21.15.112:6800/108124461,v1:172.21.15.112:6801/108124461] -- mgr_command(tid 0: {"prefix": "cephadm set-user", "user": "root", "target": ["mon-mgr", ""]}) -- 0x7fe75c106040 con 0x7fe74803d690
2024-04-25T16:28:52.363 INFO:teuthology.orchestra.run.smithi112.stdout:/usr/bin/ceph: stderr
2024-04-25T16:28:51.789+0000 7fe752ffd700 1 -- 172.21.15.112:0/2907832583 <== mgr.14120 v2:172.21.15.112:6800/108124461 1 ==== mgr_command_reply(tid 0: 0 ) ==== 8+0+16 (secure 0 0 0) 0x7fe75c106040 con 0x7fe74803d690
2024-04-25T16:28:52.363 INFO:teuthology.orchestra.run.smithi112.stdout:/usr/bin/ceph: stderr
2024-04-25T16:28:51.791+0000 7fe763ac6700 1 -- 172.21.15.112:0/2907832583 >> [v2:172.21.15.112:6800/108124461,v1:172.21.15.112:6801/108124461] conn(0x7fe74803d690 msgr2=0x7fe74803fba0 secure :-1 s=STATE_CONNECTION_ESTABLISHED l=1).mark_down
2024-04-25T16:28:52.363 INFO:teuthology.orchestra.run.smithi112.stdout:/usr/bin/ceph: stderr
2024-04-25T16:28:51.791+0000 7fe763ac6700 1 --2- 172.21.15.112:0/2907832583 >> [v2:172.21.15.112:6800/108124461,v1:172.21.15.112:6801/108124461] conn(0x7fe74803d690 0x7fe74803fba0 secure :-1 s=READY pgs=8 cs=0 l=1 rev1=1 crypto rx=0x7fe758006fd0 tx=0x7fe758006e40 comp rx=0 tx=0).stop
2024-04-25T16:28:52.363 INFO:teuthology.orchestra.run.smithi112.stdout:/usr/bin/ceph: stderr
2024-04-25T16:28:51.791+0000 7fe763ac6700 1 -- 172.21.15.112:0/2907832583 >> [v2:172.21.15.112:3300/0,v1:172.21.15.112:6789/0] conn(0x7fe75c108a20 msgr2=0x7fe75c07c970 secure :-1 s=STATE_CONNECTION_ESTABLISHED l=1).mark_down
2024-04-25T16:28:52.363 INFO:teuthology.orchestra.run.smithi112.stdout:/usr/bin/ceph: stderr
2024-04-25T16:28:51.791+0000 7fe763ac6700 1 --2- 172.21.15.112:0/2907832583 >> [v2:172.21.15.112:3300/0,v1:172.21.15.112:6789/0] conn(0x7fe75c108a20 0x7fe75c07c970 secure :-1 s=READY pgs=40 cs=0 l=1 rev1=1 crypto rx=0x7fe74c009fb0 tx=0x7fe74c011890 comp rx=0 tx=0).stop
2024-04-25T16:28:52.363 INFO:teuthology.orchestra.run.smithi112.stdout:/usr/bin/ceph: stderr
2024-04-25T16:28:51.792+0000 7fe763ac6700 1 -- 172.21.15.112:0/2907832583 shutdown_connections
2024-04-25T16:28:52.363 INFO:teuthology.orchestra.run.smithi112.stdout:/usr/bin/ceph: stderr
2024-04-25T16:28:51.792+0000 7fe763ac6700 1 --2- 172.21.15.112:0/2907832583 >> [v2:172.21.15.112:6800/108124461,v1:172.21.15.112:6801/108124461] conn(0x7fe74803d690 0x7fe74803fba0 unknown :-1 s=CLOSED pgs=8 cs=0 l=1 rev1=1 crypto rx=0 tx=0 comp rx=0 tx=0).stop
2024-04-25T16:28:52.363 INFO:teuthology.orchestra.run.smithi112.stdout:/usr/bin/ceph: stderr
2024-04-25T16:28:51.792+0000 7fe763ac6700 1 --2- 172.21.15.112:0/2907832583 >> [v2:172.21.15.112:3300/0,v1:172.21.15.112:6789/0] conn(0x7fe75c108a20 0x7fe75c07c970 unknown :-1 s=CLOSED pgs=40 cs=0 l=1 rev1=1 crypto rx=0 tx=0 comp rx=0 tx=0).stop
2024-04-25T16:28:52.363 INFO:teuthology.orchestra.run.smithi112.stdout:/usr/bin/ceph: stderr
2024-04-25T16:28:51.792+0000 7fe763ac6700 1 -- 172.21.15.112:0/2907832583 >> 172.21.15.112:0/2907832583 conn(0x7fe75c1040e0 msgr2=0x7fe75c105930 unknown :-1 s=STATE_NONE l=0).mark_down
2024-04-25T16:28:52.363 INFO:teuthology.orchestra.run.smithi112.stdout:/usr/bin/ceph: stderr
2024-04-25T16:28:51.792+0000 7fe763ac6700 1 -- 172.21.15.112:0/2907832583 shutdown_connections
2024-04-25T16:28:52.363 INFO:teuthology.orchestra.run.smithi112.stdout:/usr/bin/ceph: stderr
2024-04-25T16:28:51.792+0000 7fe763ac6700 1 -- 172.21.15.112:0/2907832583 wait complete.
2024-04-25T16:28:52.364 INFO:teuthology.orchestra.run.smithi112.stdout:Generating ssh key...
2024-04-25T16:28:53.347 INFO:journalctl@ceph.mon.a.smithi112.stdout:Apr 25 16:28:53 smithi112 ceph-mon[29122]: from='client.14134 -' entity='client.admin' cmd=[{"prefix": "cephadm set-user", "user": "root", "target": ["mon-mgr", ""]}]: dispatch
2024-04-25T16:28:53.347 INFO:journalctl@ceph.mon.a.smithi112.stdout:Apr 25 16:28:53 smithi112 ceph-mon[29122]: from='mgr.14120 172.21.15.112:0/3051762061' entity='mgr.x'
2024-04-25T16:28:53.347 INFO:journalctl@ceph.mon.a.smithi112.stdout:Apr 25 16:28:53 smithi112 ceph-mon[29122]: from='mgr.14120 172.21.15.112:0/3051762061' entity='mgr.x'
2024-04-25T16:28:53.347 INFO:journalctl@ceph.mgr.x.smithi112.stdout:Apr 25 16:28:53 smithi112 ceph-a7905982-0320-11ef-bc93-c7b262605968-mgr-x[29351]: Generating public/private rsa key pair.
2024-04-25T16:28:53.347 INFO:journalctl@ceph.mgr.x.smithi112.stdout:Apr 25 16:28:53 smithi112 ceph-a7905982-0320-11ef-bc93-c7b262605968-mgr-x[29351]: Your identification has been saved in /tmp/tmpi_ijk_y7/key.
2024-04-25T16:28:53.347 INFO:journalctl@ceph.mgr.x.smithi112.stdout:Apr 25 16:28:53 smithi112 ceph-a7905982-0320-11ef-bc93-c7b262605968-mgr-x[29351]: Your public key has been saved in /tmp/tmpi_ijk_y7/key.pub.
2024-04-25T16:28:53.347 INFO:journalctl@ceph.mgr.x.smithi112.stdout:Apr 25 16:28:53 smithi112 ceph-a7905982-0320-11ef-bc93-c7b262605968-mgr-x[29351]: The key fingerprint is:
2024-04-25T16:28:53.347 INFO:journalctl@ceph.mgr.x.smithi112.stdout:Apr 25 16:28:53 smithi112 ceph-a7905982-0320-11ef-bc93-c7b262605968-mgr-x[29351]: SHA256:CFWA5q1gTtCzTSQALmsL4mykqTJIr23CNSiXWf15B64 ceph-a7905982-0320-11ef-bc93-c7b262605968
2024-04-25T16:28:53.348 INFO:journalctl@ceph.mgr.x.smithi112.stdout:Apr 25 16:28:53 smithi112 ceph-a7905982-0320-11ef-bc93-c7b262605968-mgr-x[29351]: The key's randomart image is:
2024-04-25T16:28:53.348 INFO:journalctl@ceph.mgr.x.smithi112.stdout:Apr 25 16:28:53 smithi112 ceph-a7905982-0320-11ef-bc93-c7b262605968-mgr-x[29351]: +---[RSA 3072]----+
2024-04-25T16:28:53.348 INFO:journalctl@ceph.mgr.x.smithi112.stdout:Apr 25 16:28:53 smithi112 ceph-a7905982-0320-11ef-bc93-c7b262605968-mgr-x[29351]: |+o....oo. |
2024-04-25T16:28:53.348 INFO:journalctl@ceph.mgr.x.smithi112.stdout:Apr 25 16:28:53 smithi112 ceph-a7905982-0320-11ef-bc93-c7b262605968-mgr-x[29351]: |o o.+. |
2024-04-25T16:28:53.348 INFO:journalctl@ceph.mgr.x.smithi112.stdout:Apr 25 16:28:53 smithi112 ceph-a7905982-0320-11ef-bc93-c7b262605968-mgr-x[29351]: |.o B.o |
2024-04-25T16:28:53.348 INFO:journalctl@ceph.mgr.x.smithi112.stdout:Apr 25 16:28:53 smithi112 ceph-a7905982-0320-11ef-bc93-c7b262605968-mgr-x[29351]: |..= +.o. . |
2024-04-25T16:28:53.348 INFO:journalctl@ceph.mgr.x.smithi112.stdout:Apr 25 16:28:53 smithi112 ceph-a7905982-0320-11ef-bc93-c7b262605968-mgr-x[29351]: |+*.= ...So . |
2024-04-25T16:28:53.348 INFO:journalctl@ceph.mgr.x.smithi112.stdout:Apr 25 16:28:53 smithi112 ceph-a7905982-0320-11ef-bc93-c7b262605968-mgr-x[29351]: |X+*o. o o . |
2024-04-25T16:28:53.348 INFO:journalctl@ceph.mgr.x.smithi112.stdout:Apr 25 16:28:53 smithi112 ceph-a7905982-0320-11ef-bc93-c7b262605968-mgr-x[29351]: |B*o . o . |
2024-04-25T16:28:53.348 INFO:journalctl@ceph.mgr.x.smithi112.stdout:Apr 25 16:28:53 smithi112 ceph-a7905982-0320-11ef-bc93-c7b262605968-mgr-x[29351]: |*o.o E |
2024-04-25T16:28:53.348 INFO:journalctl@ceph.mgr.x.smithi112.stdout:Apr 25 16:28:53 smithi112 ceph-a7905982-0320-11ef-bc93-c7b262605968-mgr-x[29351]: |oo+. |
