2024-04-25T16:31:11.697+0000 7fcb8de16700 1 --2- >> [v2:172.21.15.78:3300/0,v1:172.21.15.78:6789/0] conn(0x7fcb88104e40 0x7fcb88105260 unknown :-1 s=BANNER_CONNECTING pgs=0 cs=0 l=0 rev1=0 crypto rx=0 tx=0 comp rx=0 tx=0)._handle_peer_banner_payload supported=3 required=0
2024-04-25T16:31:12.503 INFO:teuthology.orchestra.run.smithi078.stdout:/usr/bin/ceph: stderr
2024-04-25T16:31:11.697+0000 7fcb8de16700 1 --2- >> [v2:172.21.15.78:3300/0,v1:172.21.15.78:6789/0] conn(0x7fcb88104e40 0x7fcb88105260 unknown :-1 s=HELLO_CONNECTING pgs=0 cs=0 l=0 rev1=1 crypto rx=0 tx=0 comp rx=0 tx=0).handle_hello peer v2:172.21.15.78:3300/0 says I am v2:172.21.15.78:43376/0 (socket says 172.21.15.78:43376)
2024-04-25T16:31:12.503 INFO:teuthology.orchestra.run.smithi078.stdout:/usr/bin/ceph: stderr
2024-04-25T16:31:11.697+0000 7fcb8de16700 1 -- 172.21.15.78:0/894879692 learned_addr learned my addr 172.21.15.78:0/894879692 (peer_addr_for_me v2:172.21.15.78:0/0)
2024-04-25T16:31:12.503 INFO:teuthology.orchestra.run.smithi078.stdout:/usr/bin/ceph: stderr
2024-04-25T16:31:11.697+0000 7fcb8de16700 1 -- 172.21.15.78:0/894879692 --> [v2:172.21.15.78:3300/0,v1:172.21.15.78:6789/0] -- mon_subscribe({config=0+,monmap=0+}) v3 -- 0x7fcb881057a0 con 0x7fcb88104e40
2024-04-25T16:31:12.504 INFO:teuthology.orchestra.run.smithi078.stdout:/usr/bin/ceph: stderr
2024-04-25T16:31:11.698+0000 7fcb8de16700 1 --2- 172.21.15.78:0/894879692 >> [v2:172.21.15.78:3300/0,v1:172.21.15.78:6789/0] conn(0x7fcb88104e40 0x7fcb88105260 secure :-1 s=READY pgs=88 cs=0 l=1 rev1=1 crypto rx=0x7fcb840098a0 tx=0x7fcb84009bb0 comp rx=0 tx=0).ready entity=mon.0 client_cookie=e7acfbabfccd837f server_cookie=0 in_seq=0 out_seq=0
2024-04-25T16:31:12.504 INFO:teuthology.orchestra.run.smithi078.stdout:/usr/bin/ceph: stderr
2024-04-25T16:31:11.698+0000 7fcb8ce14700 1 -- 172.21.15.78:0/894879692 <== mon.0 v2:172.21.15.78:3300/0 1 ==== mon_map magic: 0 v1 ==== 229+0+0 (secure 0 0 0) 0x7fcb84004180 con 0x7fcb88104e40
2024-04-25T16:31:12.504 INFO:teuthology.orchestra.run.smithi078.stdout:/usr/bin/ceph: stderr
2024-04-25T16:31:11.698+0000 7fcb8ce14700 1 -- 172.21.15.78:0/894879692 <== mon.0 v2:172.21.15.78:3300/0 2 ==== config(27 keys) v1 ==== 1101+0+0 (secure 0 0 0) 0x7fcb840042e0 con 0x7fcb88104e40
2024-04-25T16:31:12.504 INFO:teuthology.orchestra.run.smithi078.stdout:/usr/bin/ceph: stderr
2024-04-25T16:31:11.698+0000 7fcb8ce14700 1 -- 172.21.15.78:0/894879692 <== mon.0 v2:172.21.15.78:3300/0 3 ==== mon_map magic: 0 v1 ==== 229+0+0 (secure 0 0 0) 0x7fcb84011af0 con 0x7fcb88104e40
2024-04-25T16:31:12.504 INFO:teuthology.orchestra.run.smithi078.stdout:/usr/bin/ceph: stderr
2024-04-25T16:31:11.698+0000 7fcb9007a700 1 -- 172.21.15.78:0/894879692 >> [v2:172.21.15.78:3300/0,v1:172.21.15.78:6789/0] conn(0x7fcb88104e40 msgr2=0x7fcb88105260 secure :-1 s=STATE_CONNECTION_ESTABLISHED l=1).mark_down
2024-04-25T16:31:12.504 INFO:teuthology.orchestra.run.smithi078.stdout:/usr/bin/ceph: stderr
2024-04-25T16:31:11.698+0000 7fcb9007a700 1 --2- 172.21.15.78:0/894879692 >> [v2:172.21.15.78:3300/0,v1:172.21.15.78:6789/0] conn(0x7fcb88104e40 0x7fcb88105260 secure :-1 s=READY pgs=88 cs=0 l=1 rev1=1 crypto rx=0x7fcb840098a0 tx=0x7fcb84009bb0 comp rx=0 tx=0).stop
2024-04-25T16:31:12.504 INFO:teuthology.orchestra.run.smithi078.stdout:/usr/bin/ceph: stderr
2024-04-25T16:31:11.698+0000 7fcb9007a700 1 -- 172.21.15.78:0/894879692 shutdown_connections
2024-04-25T16:31:12.504 INFO:teuthology.orchestra.run.smithi078.stdout:/usr/bin/ceph: stderr
2024-04-25T16:31:11.698+0000 7fcb9007a700 1 --2- 172.21.15.78:0/894879692 >> [v2:172.21.15.78:3300/0,v1:172.21.15.78:6789/0] conn(0x7fcb88104e40 0x7fcb88105260 unknown :-1 s=CLOSED pgs=88 cs=0 l=1 rev1=1 crypto rx=0 tx=0 comp rx=0 tx=0).stop
2024-04-25T16:31:12.504 INFO:teuthology.orchestra.run.smithi078.stdout:/usr/bin/ceph: stderr
2024-04-25T16:31:11.698+0000 7fcb9007a700 1 -- 172.21.15.78:0/894879692 >> 172.21.15.78:0/894879692 conn(0x7fcb88100a20 msgr2=0x7fcb88102e40 unknown :-1 s=STATE_NONE l=0).mark_down
2024-04-25T16:31:12.504 INFO:teuthology.orchestra.run.smithi078.stdout:/usr/bin/ceph: stderr
2024-04-25T16:31:11.698+0000 7fcb9007a700 1 -- 172.21.15.78:0/894879692 shutdown_connections
2024-04-25T16:31:12.504 INFO:teuthology.orchestra.run.smithi078.stdout:/usr/bin/ceph: stderr
2024-04-25T16:31:11.698+0000 7fcb9007a700 1 -- 172.21.15.78:0/894879692 wait complete.
2024-04-25T16:31:12.504 INFO:teuthology.orchestra.run.smithi078.stdout:/usr/bin/ceph: stderr
2024-04-25T16:31:11.699+0000 7fcb9007a700 1 Processor -- start
2024-04-25T16:31:12.504 INFO:teuthology.orchestra.run.smithi078.stdout:/usr/bin/ceph: stderr
2024-04-25T16:31:11.699+0000 7fcb9007a700 1 -- start start
2024-04-25T16:31:12.504 INFO:teuthology.orchestra.run.smithi078.stdout:/usr/bin/ceph: stderr
2024-04-25T16:31:11.699+0000 7fcb9007a700 1 --2- >> [v2:172.21.15.78:3300/0,v1:172.21.15.78:6789/0] conn(0x7fcb88104e40 0x7fcb8819c440 unknown :-1 s=NONE pgs=0 cs=0 l=1 rev1=0 crypto rx=0 tx=0 comp rx=0 tx=0).connect
2024-04-25T16:31:12.505 INFO:teuthology.orchestra.run.smithi078.stdout:/usr/bin/ceph: stderr
2024-04-25T16:31:11.699+0000 7fcb9007a700 1 -- --> [v2:172.21.15.78:3300/0,v1:172.21.15.78:6789/0] -- mon_getmap magic: 0 v1 -- 0x7fcb8819c980 con 0x7fcb88104e40
2024-04-25T16:31:12.505 INFO:teuthology.orchestra.run.smithi078.stdout:/usr/bin/ceph: stderr
2024-04-25T16:31:11.699+0000 7fcb8de16700 1 --2- >> [v2:172.21.15.78:3300/0,v1:172.21.15.78:6789/0] conn(0x7fcb88104e40 0x7fcb8819c440 unknown :-1 s=BANNER_CONNECTING pgs=0 cs=0 l=1 rev1=0 crypto rx=0 tx=0 comp rx=0 tx=0)._handle_peer_banner_payload supported=3 required=0
2024-04-25T16:31:12.505 INFO:teuthology.orchestra.run.smithi078.stdout:/usr/bin/ceph: stderr
2024-04-25T16:31:11.699+0000 7fcb8de16700 1 --2- >> [v2:172.21.15.78:3300/0,v1:172.21.15.78:6789/0] conn(0x7fcb88104e40 0x7fcb8819c440 unknown :-1 s=HELLO_CONNECTING pgs=0 cs=0 l=1 rev1=1 crypto rx=0 tx=0 comp rx=0 tx=0).handle_hello peer v2:172.21.15.78:3300/0 says I am v2:172.21.15.78:43390/0 (socket says 172.21.15.78:43390)
2024-04-25T16:31:12.505 INFO:teuthology.orchestra.run.smithi078.stdout:/usr/bin/ceph: stderr
2024-04-25T16:31:11.699+0000 7fcb8de16700 1 -- 172.21.15.78:0/379208916 learned_addr learned my addr 172.21.15.78:0/379208916 (peer_addr_for_me v2:172.21.15.78:0/0)
2024-04-25T16:31:12.505 INFO:teuthology.orchestra.run.smithi078.stdout:/usr/bin/ceph: stderr
2024-04-25T16:31:11.699+0000 7fcb8de16700 1 -- 172.21.15.78:0/379208916 --> [v2:172.21.15.78:3300/0,v1:172.21.15.78:6789/0] -- mon_subscribe({config=0+,monmap=0+}) v3 -- 0x7fcb84009550 con 0x7fcb88104e40
2024-04-25T16:31:12.505 INFO:teuthology.orchestra.run.smithi078.stdout:/usr/bin/ceph: stderr
2024-04-25T16:31:11.700+0000 7fcb8de16700 1 --2- 172.21.15.78:0/379208916 >> [v2:172.21.15.78:3300/0,v1:172.21.15.78:6789/0] conn(0x7fcb88104e40 0x7fcb8819c440 secure :-1 s=READY pgs=89 cs=0 l=1 rev1=1 crypto rx=0x7fcb84011670 tx=0x7fcb84011b50 comp rx=0 tx=0).ready entity=mon.0 client_cookie=0 server_cookie=0 in_seq=0 out_seq=0
2024-04-25T16:31:12.505 INFO:teuthology.orchestra.run.smithi078.stdout:/usr/bin/ceph: stderr
2024-04-25T16:31:11.700+0000 7fcb7effd700 1 -- 172.21.15.78:0/379208916 <== mon.0 v2:172.21.15.78:3300/0 1 ==== mon_map magic: 0 v1 ==== 229+0+0 (secure 0 0 0) 0x7fcb84003a40 con 0x7fcb88104e40
2024-04-25T16:31:12.505 INFO:teuthology.orchestra.run.smithi078.stdout:/usr/bin/ceph: stderr
2024-04-25T16:31:11.700+0000 7fcb7effd700 1 -- 172.21.15.78:0/379208916 <== mon.0 v2:172.21.15.78:3300/0 2 ==== config(27 keys) v1 ==== 1101+0+0 (secure 0 0 0) 0x7fcb84003ba0 con 0x7fcb88104e40
2024-04-25T16:31:12.505 INFO:teuthology.orchestra.run.smithi078.stdout:/usr/bin/ceph: stderr
2024-04-25T16:31:11.700+0000 7fcb7effd700 1 -- 172.21.15.78:0/379208916 <== mon.0 v2:172.21.15.78:3300/0 3 ==== mon_map magic: 0 v1 ==== 229+0+0 (secure 0 0 0) 0x7fcb84024790 con 0x7fcb88104e40
2024-04-25T16:31:12.505 INFO:teuthology.orchestra.run.smithi078.stdout:/usr/bin/ceph: stderr
2024-04-25T16:31:11.700+0000 7fcb9007a700 1 -- 172.21.15.78:0/379208916 --> [v2:172.21.15.78:3300/0,v1:172.21.15.78:6789/0] -- mon_subscribe({mgrmap=0+}) v3 -- 0x7fcb8819cb80 con 0x7fcb88104e40
2024-04-25T16:31:12.505 INFO:teuthology.orchestra.run.smithi078.stdout:/usr/bin/ceph: stderr
2024-04-25T16:31:11.700+0000 7fcb9007a700 1 -- 172.21.15.78:0/379208916 --> [v2:172.21.15.78:3300/0,v1:172.21.15.78:6789/0] -- mon_subscribe({osdmap=0}) v3 -- 0x7fcb8819d020 con 0x7fcb88104e40
2024-04-25T16:31:12.505 INFO:teuthology.orchestra.run.smithi078.stdout:/usr/bin/ceph: stderr
2024-04-25T16:31:11.701+0000 7fcb7effd700 1 -- 172.21.15.78:0/379208916 <== mon.0 v2:172.21.15.78:3300/0 4 ==== mgrmap(e 13) v1 ==== 45339+0+0 (secure 0 0 0) 0x7fcb8401a430 con 0x7fcb88104e40
2024-04-25T16:31:12.505 INFO:teuthology.orchestra.run.smithi078.stdout:/usr/bin/ceph: stderr
2024-04-25T16:31:11.701+0000 7fcb7effd700 1 --2- 172.21.15.78:0/379208916 >> [v2:172.21.15.78:6800/3821924772,v1:172.21.15.78:6801/3821924772] conn(0x7fcb74038460 0x7fcb7403a920 unknown :-1 s=NONE pgs=0 cs=0 l=1 rev1=0 crypto rx=0 tx=0 comp rx=0 tx=0).connect
2024-04-25T16:31:12.505 INFO:teuthology.orchestra.run.smithi078.stdout:/usr/bin/ceph: stderr
2024-04-25T16:31:11.701+0000 7fcb9007a700 1 -- 172.21.15.78:0/379208916 --> [v2:172.21.15.78:3300/0,v1:172.21.15.78:6789/0] -- mon_command({"prefix": "get_command_descriptions"} v 0) v1 -- 0x7fcb88195d20 con 0x7fcb88104e40
2024-04-25T16:31:12.505 INFO:teuthology.orchestra.run.smithi078.stdout:/usr/bin/ceph: stderr
2024-04-25T16:31:11.701+0000 7fcb7effd700 1 -- 172.21.15.78:0/379208916 <== mon.0 v2:172.21.15.78:3300/0 5 ==== osd_map(3..3 src has 1..3) v4 ==== 1155+0+0 (secure 0 0 0) 0x7fcb8404c620 con 0x7fcb88104e40
2024-04-25T16:31:12.506 INFO:teuthology.orchestra.run.smithi078.stdout:/usr/bin/ceph: stderr
2024-04-25T16:31:11.701+0000 7fcb8d615700 1 --2- 172.21.15.78:0/379208916 >> [v2:172.21.15.78:6800/3821924772,v1:172.21.15.78:6801/3821924772] conn(0x7fcb74038460 0x7fcb7403a920 unknown :-1 s=BANNER_CONNECTING pgs=0 cs=0 l=1 rev1=0 crypto rx=0 tx=0 comp rx=0 tx=0)._handle_peer_banner_payload supported=3 required=0
2024-04-25T16:31:12.506 INFO:teuthology.orchestra.run.smithi078.stdout:/usr/bin/ceph: stderr
2024-04-25T16:31:11.701+0000 7fcb8d615700 1 --2- 172.21.15.78:0/379208916 >> [v2:172.21.15.78:6800/3821924772,v1:172.21.15.78:6801/3821924772] conn(0x7fcb74038460 0x7fcb7403a920 secure :-1 s=READY pgs=10 cs=0 l=1 rev1=1 crypto rx=0x7fcb78006fd0 tx=0x7fcb78006e40 comp rx=0 tx=0).ready entity=mgr.14164 client_cookie=0 server_cookie=0 in_seq=0 out_seq=0
2024-04-25T16:31:12.506 INFO:teuthology.orchestra.run.smithi078.stdout:/usr/bin/ceph: stderr
2024-04-25T16:31:11.706+0000 7fcb7effd700 1 -- 172.21.15.78:0/379208916 <== mon.0 v2:172.21.15.78:3300/0 6 ==== mon_command_ack([{"prefix": "get_command_descriptions"}]=0 v0) v1 ==== 72+0+180422 (secure 0 0 0) 0x7fcb84018b00 con 0x7fcb88104e40
2024-04-25T16:31:12.506 INFO:teuthology.orchestra.run.smithi078.stdout:/usr/bin/ceph: stderr
2024-04-25T16:31:11.892+0000 7fcb9007a700 1 -- 172.21.15.78:0/379208916 --> [v2:172.21.15.78:3300/0,v1:172.21.15.78:6789/0] -- mon_command([{prefix=config set, name=osd_memory_target_autotune}] v 0) v1 -- 0x7fcb8802cc70 con 0x7fcb88104e40
2024-04-25T16:31:12.506 INFO:teuthology.orchestra.run.smithi078.stdout:/usr/bin/ceph: stderr
2024-04-25T16:31:11.892+0000 7fcb7effd700 1 -- 172.21.15.78:0/379208916 <== mon.0 v2:172.21.15.78:3300/0 7 ==== mon_command_ack([{prefix=config set, name=osd_memory_target_autotune}]=0 v8)=0 v8) v1 ==== 127+0+0 (secure 0 0 0) 0x7fcb840172b0 con 0x7fcb88104e40
2024-04-25T16:31:12.506 INFO:teuthology.orchestra.run.smithi078.stdout:/usr/bin/ceph: stderr
2024-04-25T16:31:11.894+0000 7fcb9007a700 1 -- 172.21.15.78:0/379208916 >> [v2:172.21.15.78:6800/3821924772,v1:172.21.15.78:6801/3821924772] conn(0x7fcb74038460 msgr2=0x7fcb7403a920 secure :-1 s=STATE_CONNECTION_ESTABLISHED l=1).mark_down
2024-04-25T16:31:12.506 INFO:teuthology.orchestra.run.smithi078.stdout:/usr/bin/ceph: stderr
2024-04-25T16:31:11.894+0000 7fcb9007a700 1 --2- 172.21.15.78:0/379208916 >> [v2:172.21.15.78:6800/3821924772,v1:172.21.15.78:6801/3821924772] conn(0x7fcb74038460 0x7fcb7403a920 secure :-1 s=READY pgs=10 cs=0 l=1 rev1=1 crypto rx=0x7fcb78006fd0 tx=0x7fcb78006e40 comp rx=0 tx=0).stop
2024-04-25T16:31:12.506 INFO:teuthology.orchestra.run.smithi078.stdout:/usr/bin/ceph: stderr
2024-04-25T16:31:11.894+0000 7fcb9007a700 1 -- 172.21.15.78:0/379208916 >> [v2:172.21.15.78:3300/0,v1:172.21.15.78:6789/0] conn(0x7fcb88104e40 msgr2=0x7fcb8819c440 secure :-1 s=STATE_CONNECTION_ESTABLISHED l=1).mark_down
2024-04-25T16:31:12.506 INFO:teuthology.orchestra.run.smithi078.stdout:/usr/bin/ceph: stderr
2024-04-25T16:31:11.894+0000 7fcb9007a700 1 --2- 172.21.15.78:0/379208916 >> [v2:172.21.15.78:3300/0,v1:172.21.15.78:6789/0] conn(0x7fcb88104e40 0x7fcb8819c440 secure :-1 s=READY pgs=89 cs=0 l=1 rev1=1 crypto rx=0x7fcb84011670 tx=0x7fcb84011b50 comp rx=0 tx=0).stop
2024-04-25T16:31:12.507 INFO:teuthology.orchestra.run.smithi078.stdout:/usr/bin/ceph: stderr
2024-04-25T16:31:11.894+0000 7fcb9007a700 1 -- 172.21.15.78:0/379208916 shutdown_connections
2024-04-25T16:31:12.507 INFO:teuthology.orchestra.run.smithi078.stdout:/usr/bin/ceph: stderr
2024-04-25T16:31:11.894+0000 7fcb9007a700 1 --2- 172.21.15.78:0/379208916 >> [v2:172.21.15.78:6800/3821924772,v1:172.21.15.78:6801/3821924772] conn(0x7fcb74038460 0x7fcb7403a920 unknown :-1 s=CLOSED pgs=10 cs=0 l=1 rev1=1 crypto rx=0 tx=0 comp rx=0 tx=0).stop
2024-04-25T16:31:12.507 INFO:teuthology.orchestra.run.smithi078.stdout:/usr/bin/ceph: stderr
2024-04-25T16:31:11.894+0000 7fcb9007a700 1 --2- 172.21.15.78:0/379208916 >> [v2:172.21.15.78:3300/0,v1:172.21.15.78:6789/0] conn(0x7fcb88104e40 0x7fcb8819c440 unknown :-1 s=CLOSED pgs=89 cs=0 l=1 rev1=1 crypto rx=0 tx=0 comp rx=0 tx=0).stop
2024-04-25T16:31:12.507 INFO:teuthology.orchestra.run.smithi078.stdout:/usr/bin/ceph: stderr
2024-04-25T16:31:11.894+0000 7fcb9007a700 1 -- 172.21.15.78:0/379208916 >> 172.21.15.78:0/379208916 conn(0x7fcb88100a20 msgr2=0x7fcb88190a00 unknown :-1 s=STATE_NONE l=0).mark_down
2024-04-25T16:31:12.507 INFO:teuthology.orchestra.run.smithi078.stdout:/usr/bin/ceph: stderr
2024-04-25T16:31:11.894+0000 7fcb9007a700 1 -- 172.21.15.78:0/379208916 shutdown_connections
2024-04-25T16:31:12.507 INFO:teuthology.orchestra.run.smithi078.stdout:/usr/bin/ceph: stderr
2024-04-25T16:31:11.894+0000 7fcb9007a700 1 -- 172.21.15.78:0/379208916 wait complete.
2024-04-25T16:31:13.785 INFO:teuthology.orchestra.run.smithi078.stdout:/usr/bin/ceph: stderr
2024-04-25T16:31:12.917+0000 7fbb7055d700 1 Processor -- start
2024-04-25T16:31:13.785 INFO:teuthology.orchestra.run.smithi078.stdout:/usr/bin/ceph: stderr
2024-04-25T16:31:12.917+0000 7fbb7055d700 1 -- start start
2024-04-25T16:31:13.785 INFO:teuthology.orchestra.run.smithi078.stdout:/usr/bin/ceph: stderr
2024-04-25T16:31:12.917+0000 7fbb7055d700 1 --2- >> [v2:172.21.15.78:3300/0,v1:172.21.15.78:6789/0] conn(0x7fbb6807adb0 0x7fbb68079210 unknown :-1 s=NONE pgs=0 cs=0 l=0 rev1=0 crypto rx=0 tx=0 comp rx=0 tx=0).connect
2024-04-25T16:31:13.785 INFO:teuthology.orchestra.run.smithi078.stdout:/usr/bin/ceph: stderr
2024-04-25T16:31:12.917+0000 7fbb7055d700 1 -- --> [v2:172.21.15.78:3300/0,v1:172.21.15.78:6789/0] -- mon_getmap magic: 0 v1 -- 0x7fbb680797e0 con 0x7fbb6807adb0
2024-04-25T16:31:13.785 INFO:teuthology.orchestra.run.smithi078.stdout:/usr/bin/ceph: stderr
2024-04-25T16:31:12.918+0000 7fbb6e2f9700 1 --2- >> [v2:172.21.15.78:3300/0,v1:172.21.15.78:6789/0] conn(0x7fbb6807adb0 0x7fbb68079210 unknown :-1 s=BANNER_CONNECTING pgs=0 cs=0 l=0 rev1=0 crypto rx=0 tx=0 comp rx=0 tx=0)._handle_peer_banner_payload supported=3 required=0
2024-04-25T16:31:13.785 INFO:teuthology.orchestra.run.smithi078.stdout:/usr/bin/ceph: stderr
2024-04-25T16:31:12.918+0000 7fbb6e2f9700 1 --2- >> [v2:172.21.15.78:3300/0,v1:172.21.15.78:6789/0] conn(0x7fbb6807adb0 0x7fbb68079210 unknown :-1 s=HELLO_CONNECTING pgs=0 cs=0 l=0 rev1=1 crypto rx=0 tx=0 comp rx=0 tx=0).handle_hello peer v2:172.21.15.78:3300/0 says I am v2:172.21.15.78:43406/0 (socket says 172.21.15.78:43406)
2024-04-25T16:31:13.785 INFO:teuthology.orchestra.run.smithi078.stdout:/usr/bin/ceph: stderr
2024-04-25T16:31:12.918+0000 7fbb6e2f9700 1 -- 172.21.15.78:0/3663439230 learned_addr learned my addr 172.21.15.78:0/3663439230 (peer_addr_for_me v2:172.21.15.78:0/0)
2024-04-25T16:31:13.785 INFO:teuthology.orchestra.run.smithi078.stdout:/usr/bin/ceph: stderr
2024-04-25T16:31:12.918+0000 7fbb6e2f9700 1 -- 172.21.15.78:0/3663439230 --> [v2:172.21.15.78:3300/0,v1:172.21.15.78:6789/0] -- mon_subscribe({config=0+,monmap=0+}) v3 -- 0x7fbb68079920 con 0x7fbb6807adb0
2024-04-25T16:31:13.785 INFO:teuthology.orchestra.run.smithi078.stdout:/usr/bin/ceph: stderr
2024-04-25T16:31:12.918+0000 7fbb6e2f9700 1 --2- 172.21.15.78:0/3663439230 >> [v2:172.21.15.78:3300/0,v1:172.21.15.78:6789/0] conn(0x7fbb6807adb0 0x7fbb68079210 secure :-1 s=READY pgs=90 cs=0 l=1 rev1=1 crypto rx=0x7fbb64009e80 tx=0x7fbb6400b330 comp rx=0 tx=0).ready entity=mon.0 client_cookie=8d154375a9acfcb9 server_cookie=0 in_seq=0 out_seq=0
2024-04-25T16:31:13.785 INFO:teuthology.orchestra.run.smithi078.stdout:/usr/bin/ceph: stderr
2024-04-25T16:31:12.918+0000 7fbb6d2f7700 1 -- 172.21.15.78:0/3663439230 <== mon.0 v2:172.21.15.78:3300/0 1 ==== mon_map magic: 0 v1 ==== 229+0+0 (secure 0 0 0) 0x7fbb6400e070 con 0x7fbb6807adb0
2024-04-25T16:31:13.786 INFO:teuthology.orchestra.run.smithi078.stdout:/usr/bin/ceph: stderr
2024-04-25T16:31:12.918+0000 7fbb6d2f7700 1 -- 172.21.15.78:0/3663439230 <== mon.0 v2:172.21.15.78:3300/0 2 ==== config(27 keys) v1 ==== 1101+0+0 (secure 0 0 0) 0x7fbb6400b8c0 con 0x7fbb6807adb0
2024-04-25T16:31:13.786 INFO:teuthology.orchestra.run.smithi078.stdout:/usr/bin/ceph: stderr
2024-04-25T16:31:12.918+0000 7fbb6d2f7700 1 -- 172.21.15.78:0/3663439230 <== mon.0 v2:172.21.15.78:3300/0 3 ==== mon_map magic: 0 v1 ==== 229+0+0 (secure 0 0 0) 0x7fbb640044d0 con 0x7fbb6807adb0
2024-04-25T16:31:13.786 INFO:teuthology.orchestra.run.smithi078.stdout:/usr/bin/ceph: stderr
2024-04-25T16:31:12.919+0000 7fbb7055d700 1 -- 172.21.15.78:0/3663439230 >> [v2:172.21.15.78:3300/0,v1:172.21.15.78:6789/0] conn(0x7fbb6807adb0 msgr2=0x7fbb68079210 secure :-1 s=STATE_CONNECTION_ESTABLISHED l=1).mark_down
2024-04-25T16:31:13.786 INFO:teuthology.orchestra.run.smithi078.stdout:/usr/bin/ceph: stderr
2024-04-25T16:31:12.919+0000 7fbb7055d700 1 --2- 172.21.15.78:0/3663439230 >> [v2:172.21.15.78:3300/0,v1:172.21.15.78:6789/0] conn(0x7fbb6807adb0 0x7fbb68079210 secure :-1 s=READY pgs=90 cs=0 l=1 rev1=1 crypto rx=0x7fbb64009e80 tx=0x7fbb6400b330 comp rx=0 tx=0).stop
2024-04-25T16:31:13.786 INFO:teuthology.orchestra.run.smithi078.stdout:/usr/bin/ceph: stderr
2024-04-25T16:31:12.919+0000 7fbb7055d700 1 -- 172.21.15.78:0/3663439230 shutdown_connections
2024-04-25T16:31:13.786 INFO:teuthology.orchestra.run.smithi078.stdout:/usr/bin/ceph: stderr
2024-04-25T16:31:12.919+0000 7fbb7055d700 1 --2- 172.21.15.78:0/3663439230 >> [v2:172.21.15.78:3300/0,v1:172.21.15.78:6789/0] conn(0x7fbb6807adb0 0x7fbb68079210 unknown :-1 s=CLOSED pgs=90 cs=0 l=1 rev1=1 crypto rx=0 tx=0 comp rx=0 tx=0).stop
2024-04-25T16:31:13.786 INFO:teuthology.orchestra.run.smithi078.stdout:/usr/bin/ceph: stderr
2024-04-25T16:31:12.919+0000 7fbb7055d700 1 -- 172.21.15.78:0/3663439230 >> 172.21.15.78:0/3663439230 conn(0x7fbb68101b20 msgr2=0x7fbb68103f40 unknown :-1 s=STATE_NONE l=0).mark_down
2024-04-25T16:31:13.786 INFO:teuthology.orchestra.run.smithi078.stdout:/usr/bin/ceph: stderr
2024-04-25T16:31:12.919+0000 7fbb7055d700 1 -- 172.21.15.78:0/3663439230 shutdown_connections
2024-04-25T16:31:13.786 INFO:teuthology.orchestra.run.smithi078.stdout:/usr/bin/ceph: stderr
2024-04-25T16:31:12.919+0000 7fbb7055d700 1 -- 172.21.15.78:0/3663439230 wait complete.
2024-04-25T16:31:13.787 INFO:teuthology.orchestra.run.smithi078.stdout:/usr/bin/ceph: stderr
2024-04-25T16:31:12.920+0000 7fbb7055d700 1 Processor -- start
2024-04-25T16:31:13.787 INFO:teuthology.orchestra.run.smithi078.stdout:/usr/bin/ceph: stderr
2024-04-25T16:31:12.920+0000 7fbb7055d700 1 -- start start
2024-04-25T16:31:13.787 INFO:teuthology.orchestra.run.smithi078.stdout:/usr/bin/ceph: stderr
2024-04-25T16:31:12.920+0000 7fbb7055d700 1 --2- >> [v2:172.21.15.78:3300/0,v1:172.21.15.78:6789/0] conn(0x7fbb6807adb0 0x7fbb6819c3a0 unknown :-1 s=NONE pgs=0 cs=0 l=1 rev1=0 crypto rx=0 tx=0 comp rx=0 tx=0).connect
2024-04-25T16:31:13.787 INFO:teuthology.orchestra.run.smithi078.stdout:/usr/bin/ceph: stderr
2024-04-25T16:31:12.920+0000 7fbb7055d700 1 -- --> [v2:172.21.15.78:3300/0,v1:172.21.15.78:6789/0] -- mon_getmap magic: 0 v1 -- 0x7fbb6819c8e0 con 0x7fbb6807adb0
2024-04-25T16:31:13.787 INFO:teuthology.orchestra.run.smithi078.stdout:/usr/bin/ceph: stderr
2024-04-25T16:31:12.920+0000 7fbb6e2f9700 1 --2- >> [v2:172.21.15.78:3300/0,v1:172.21.15.78:6789/0] conn(0x7fbb6807adb0 0x7fbb6819c3a0 unknown :-1 s=BANNER_CONNECTING pgs=0 cs=0 l=1 rev1=0 crypto rx=0 tx=0 comp rx=0 tx=0)._handle_peer_banner_payload supported=3 required=0
2024-04-25T16:31:13.787 INFO:teuthology.orchestra.run.smithi078.stdout:/usr/bin/ceph: stderr
2024-04-25T16:31:12.920+0000 7fbb6e2f9700 1 --2- >> [v2:172.21.15.78:3300/0,v1:172.21.15.78:6789/0] conn(0x7fbb6807adb0 0x7fbb6819c3a0 unknown :-1 s=HELLO_CONNECTING pgs=0 cs=0 l=1 rev1=1 crypto rx=0 tx=0 comp rx=0 tx=0).handle_hello peer v2:172.21.15.78:3300/0 says I am v2:172.21.15.78:43416/0 (socket says 172.21.15.78:43416)
2024-04-25T16:31:13.787 INFO:teuthology.orchestra.run.smithi078.stdout:/usr/bin/ceph: stderr
2024-04-25T16:31:12.920+0000 7fbb6e2f9700 1 -- 172.21.15.78:0/1366635580 learned_addr learned my addr 172.21.15.78:0/1366635580 (peer_addr_for_me v2:172.21.15.78:0/0)
2024-04-25T16:31:13.787 INFO:teuthology.orchestra.run.smithi078.stdout:/usr/bin/ceph: stderr
2024-04-25T16:31:12.920+0000 7fbb6e2f9700 1 -- 172.21.15.78:0/1366635580 --> [v2:172.21.15.78:3300/0,v1:172.21.15.78:6789/0] -- mon_subscribe({config=0+,monmap=0+}) v3 -- 0x7fbb64009b30 con 0x7fbb6807adb0
2024-04-25T16:31:13.787 INFO:teuthology.orchestra.run.smithi078.stdout:/usr/bin/ceph: stderr
2024-04-25T16:31:12.920+0000 7fbb6e2f9700 1 --2- 172.21.15.78:0/1366635580 >> [v2:172.21.15.78:3300/0,v1:172.21.15.78:6789/0] conn(0x7fbb6807adb0 0x7fbb6819c3a0 secure :-1 s=READY pgs=91 cs=0 l=1 rev1=1 crypto rx=0x7fbb64004940 tx=0x7fbb64004a20 comp rx=0 tx=0).ready entity=mon.0 client_cookie=0 server_cookie=0 in_seq=0 out_seq=0
2024-04-25T16:31:13.787 INFO:teuthology.orchestra.run.smithi078.stdout:/usr/bin/ceph: stderr
2024-04-25T16:31:12.920+0000 7fbb5f7fe700 1 -- 172.21.15.78:0/1366635580 <== mon.0 v2:172.21.15.78:3300/0 1 ==== mon_map magic: 0 v1 ==== 229+0+0 (secure 0 0 0) 0x7fbb6400e040 con 0x7fbb6807adb0
2024-04-25T16:31:13.787 INFO:teuthology.orchestra.run.smithi078.stdout:/usr/bin/ceph: stderr
2024-04-25T16:31:12.920+0000 7fbb5f7fe700 1 -- 172.21.15.78:0/1366635580 <== mon.0 v2:172.21.15.78:3300/0 2 ==== config(27 keys) v1 ==== 1101+0+0 (secure 0 0 0) 0x7fbb6400bc40 con 0x7fbb6807adb0
2024-04-25T16:31:13.787 INFO:teuthology.orchestra.run.smithi078.stdout:/usr/bin/ceph: stderr
2024-04-25T16:31:12.921+0000 7fbb7055d700 1 -- 172.21.15.78:0/1366635580 --> [v2:172.21.15.78:3300/0,v1:172.21.15.78:6789/0] -- mon_subscribe({mgrmap=0+}) v3 -- 0x7fbb6819cae0 con 0x7fbb6807adb0
2024-04-25T16:31:13.787 INFO:teuthology.orchestra.run.smithi078.stdout:/usr/bin/ceph: stderr
2024-04-25T16:31:12.921+0000 7fbb7055d700 1 -- 172.21.15.78:0/1366635580 --> [v2:172.21.15.78:3300/0,v1:172.21.15.78:6789/0] -- mon_subscribe({osdmap=0}) v3 -- 0x7fbb6819cfe0 con 0x7fbb6807adb0
2024-04-25T16:31:13.787 INFO:teuthology.orchestra.run.smithi078.stdout:/usr/bin/ceph: stderr
2024-04-25T16:31:12.921+0000 7fbb5f7fe700 1 -- 172.21.15.78:0/1366635580 <== mon.0 v2:172.21.15.78:3300/0 3 ==== mon_map magic: 0 v1 ==== 229+0+0 (secure 0 0 0) 0x7fbb640126e0 con 0x7fbb6807adb0
2024-04-25T16:31:13.788 INFO:teuthology.orchestra.run.smithi078.stdout:/usr/bin/ceph: stderr
2024-04-25T16:31:12.921+0000 7fbb5f7fe700 1 -- 172.21.15.78:0/1366635580 <== mon.0 v2:172.21.15.78:3300/0 4 ==== mgrmap(e 13) v1 ==== 45339+0+0 (secure 0 0 0) 0x7fbb64019040 con 0x7fbb6807adb0
2024-04-25T16:31:13.788 INFO:teuthology.orchestra.run.smithi078.stdout:/usr/bin/ceph: stderr
2024-04-25T16:31:12.921+0000 7fbb5f7fe700 1 --2- 172.21.15.78:0/1366635580 >> [v2:172.21.15.78:6800/3821924772,v1:172.21.15.78:6801/3821924772] conn(0x7fbb54038460 0x7fbb5403a920 unknown :-1 s=NONE pgs=0 cs=0 l=1 rev1=0 crypto rx=0 tx=0 comp rx=0 tx=0).connect
2024-04-25T16:31:13.788 INFO:teuthology.orchestra.run.smithi078.stdout:/usr/bin/ceph: stderr
2024-04-25T16:31:12.921+0000 7fbb7055d700 1 -- 172.21.15.78:0/1366635580 --> [v2:172.21.15.78:3300/0,v1:172.21.15.78:6789/0] -- mon_command({"prefix": "get_command_descriptions"} v 0) v1 -- 0x7fbb6810c930 con 0x7fbb6807adb0
2024-04-25T16:31:13.788 INFO:teuthology.orchestra.run.smithi078.stdout:/usr/bin/ceph: stderr
2024-04-25T16:31:12.922+0000 7fbb5f7fe700 1 -- 172.21.15.78:0/1366635580 <== mon.0 v2:172.21.15.78:3300/0 5 ==== osd_map(3..3 src has 1..3) v4 ==== 1155+0+0 (secure 0 0 0) 0x7fbb6404bf10 con 0x7fbb6807adb0
2024-04-25T16:31:13.788 INFO:teuthology.orchestra.run.smithi078.stdout:/usr/bin/ceph: stderr
2024-04-25T16:31:12.922+0000 7fbb6daf8700 1 --2- 172.21.15.78:0/1366635580 >> [v2:172.21.15.78:6800/3821924772,v1:172.21.15.78:6801/3821924772] conn(0x7fbb54038460 0x7fbb5403a920 unknown :-1 s=BANNER_CONNECTING pgs=0 cs=0 l=1 rev1=0 crypto rx=0 tx=0 comp rx=0 tx=0)._handle_peer_banner_payload supported=3 required=0
2024-04-25T16:31:13.788 INFO:teuthology.orchestra.run.smithi078.stdout:/usr/bin/ceph: stderr
2024-04-25T16:31:12.922+0000 7fbb6daf8700 1 --2- 172.21.15.78:0/1366635580 >> [v2:172.21.15.78:6800/3821924772,v1:172.21.15.78:6801/3821924772] conn(0x7fbb54038460 0x7fbb5403a920 secure :-1 s=READY pgs=11 cs=0 l=1 rev1=1 crypto rx=0x7fbb58006fd0 tx=0x7fbb58006e40 comp rx=0 tx=0).ready entity=mgr.14164 client_cookie=0 server_cookie=0 in_seq=0 out_seq=0
2024-04-25T16:31:13.788 INFO:teuthology.orchestra.run.smithi078.stdout:/usr/bin/ceph: stderr
2024-04-25T16:31:12.926+0000 7fbb5f7fe700 1 -- 172.21.15.78:0/1366635580 <== mon.0 v2:172.21.15.78:3300/0 6 ==== mon_command_ack([{"prefix": "get_command_descriptions"}]=0 v0) v1 ==== 72+0+180422 (secure 0 0 0) 0x7fbb6401f070 con 0x7fbb6807adb0
2024-04-25T16:31:13.788 INFO:teuthology.orchestra.run.smithi078.stdout:/usr/bin/ceph: stderr
2024-04-25T16:31:13.222+0000 7fbb7055d700 1 -- 172.21.15.78:0/1366635580 --> [v2:172.21.15.78:3300/0,v1:172.21.15.78:6789/0] -- mon_command([{prefix=config-key set, key=mgr/dashboard/cluster/status}] v 0) v1 -- 0x7fbb6819fd60 con 0x7fbb6807adb0
2024-04-25T16:31:13.788 INFO:teuthology.orchestra.run.smithi078.stdout:/usr/bin/ceph: stderr
2024-04-25T16:31:13.225+0000 7fbb5f7fe700 1 -- 172.21.15.78:0/1366635580 <== mon.0 v2:172.21.15.78:3300/0 7 ==== mon_command_ack([{prefix=config-key set, key=mgr/dashboard/cluster/status}]=0 set mgr/dashboard/cluster/status v34)=0 set mgr/dashboard/cluster/status v34) v1 ==== 153+0+0 (secure 0 0 0) 0x7fbb6402cb40 con 0x7fbb6807adb0
2024-04-25T16:31:13.788 INFO:teuthology.orchestra.run.smithi078.stdout:/usr/bin/ceph: stderr
2024-04-25T16:31:13.227+0000 7fbb7055d700 1 -- 172.21.15.78:0/1366635580 >> [v2:172.21.15.78:6800/3821924772,v1:172.21.15.78:6801/3821924772] conn(0x7fbb54038460 msgr2=0x7fbb5403a920 secure :-1 s=STATE_CONNECTION_ESTABLISHED l=1).mark_down
2024-04-25T16:31:13.788 INFO:teuthology.orchestra.run.smithi078.stdout:/usr/bin/ceph: stderr
2024-04-25T16:31:13.227+0000 7fbb7055d700 1 --2- 172.21.15.78:0/1366635580 >> [v2:172.21.15.78:6800/3821924772,v1:172.21.15.78:6801/3821924772] conn(0x7fbb54038460 0x7fbb5403a920 secure :-1 s=READY pgs=11 cs=0 l=1 rev1=1 crypto rx=0x7fbb58006fd0 tx=0x7fbb58006e40 comp rx=0 tx=0).stop
2024-04-25T16:31:13.788 INFO:teuthology.orchestra.run.smithi078.stdout:/usr/bin/ceph: stderr
2024-04-25T16:31:13.227+0000 7fbb7055d700 1 -- 172.21.15.78:0/1366635580 >> [v2:172.21.15.78:3300/0,v1:172.21.15.78:6789/0] conn(0x7fbb6807adb0 msgr2=0x7fbb6819c3a0 secure :-1 s=STATE_CONNECTION_ESTABLISHED l=1).mark_down
2024-04-25T16:31:13.788 INFO:teuthology.orchestra.run.smithi078.stdout:/usr/bin/ceph: stderr
2024-04-25T16:31:13.227+0000 7fbb7055d700 1 --2- 172.21.15.78:0/1366635580 >> [v2:172.21.15.78:3300/0,v1:172.21.15.78:6789/0] conn(0x7fbb6807adb0 0x7fbb6819c3a0 secure :-1 s=READY pgs=91 cs=0 l=1 rev1=1 crypto rx=0x7fbb64004940 tx=0x7fbb64004a20 comp rx=0 tx=0).stop
2024-04-25T16:31:13.789 INFO:teuthology.orchestra.run.smithi078.stdout:/usr/bin/ceph: stderr
2024-04-25T16:31:13.227+0000 7fbb7055d700 1 -- 172.21.15.78:0/1366635580 shutdown_connections
2024-04-25T16:31:13.789 INFO:teuthology.orchestra.run.smithi078.stdout:/usr/bin/ceph: stderr
2024-04-25T16:31:13.227+0000 7fbb7055d700 1 --2- 172.21.15.78:0/1366635580 >> [v2:172.21.15.78:6800/3821924772,v1:172.21.15.78:6801/3821924772] conn(0x7fbb54038460 0x7fbb5403a920 unknown :-1 s=CLOSED pgs=11 cs=0 l=1 rev1=1 crypto rx=0 tx=0 comp rx=0 tx=0).stop
2024-04-25T16:31:13.789 INFO:teuthology.orchestra.run.smithi078.stdout:/usr/bin/ceph: stderr
2024-04-25T16:31:13.227+0000 7fbb7055d700 1 --2- 172.21.15.78:0/1366635580 >> [v2:172.21.15.78:3300/0,v1:172.21.15.78:6789/0] conn(0x7fbb6807adb0 0x7fbb6819c3a0 unknown :-1 s=CLOSED pgs=91 cs=0 l=1 rev1=1 crypto rx=0 tx=0 comp rx=0 tx=0).stop
2024-04-25T16:31:13.789 INFO:teuthology.orchestra.run.smithi078.stdout:/usr/bin/ceph: stderr
2024-04-25T16:31:13.227+0000 7fbb7055d700 1 -- 172.21.15.78:0/1366635580 >> 172.21.15.78:0/1366635580 conn(0x7fbb68101b20 msgr2=0x7fbb68102870 unknown :-1 s=STATE_NONE l=0).mark_down
2024-04-25T16:31:13.789 INFO:teuthology.orchestra.run.smithi078.stdout:/usr/bin/ceph: stderr
2024-04-25T16:31:13.227+0000 7fbb7055d700 1 -- 172.21.15.78:0/1366635580 shutdown_connections
2024-04-25T16:31:13.789 INFO:teuthology.orchestra.run.smithi078.stdout:/usr/bin/ceph: stderr
2024-04-25T16:31:13.227+0000 7fbb7055d700 1 -- 172.21.15.78:0/1366635580 wait complete.
2024-04-25T16:31:13.789 INFO:teuthology.orchestra.run.smithi078.stdout:/usr/bin/ceph: stderr set mgr/dashboard/cluster/status
2024-04-25T16:31:13.789 INFO:teuthology.orchestra.run.smithi078.stdout:You can access the Ceph CLI as following in case of multi-cluster or non-default config:
2024-04-25T16:31:13.789 INFO:teuthology.orchestra.run.smithi078.stdout:
2024-04-25T16:31:13.789 INFO:teuthology.orchestra.run.smithi078.stdout: sudo /home/ubuntu/cephtest/cephadm shell --fsid f3e7eeee-0320-11ef-bc93-c7b262605968 -c /etc/ceph/ceph.conf -k /etc/ceph/ceph.client.admin.keyring
2024-04-25T16:31:13.789 INFO:teuthology.orchestra.run.smithi078.stdout:
2024-04-25T16:31:13.789 INFO:teuthology.orchestra.run.smithi078.stdout:Or, if you are only running a single cluster on this host:
2024-04-25T16:31:13.789 INFO:teuthology.orchestra.run.smithi078.stdout:
2024-04-25T16:31:13.789 INFO:teuthology.orchestra.run.smithi078.stdout: sudo /home/ubuntu/cephtest/cephadm shell
2024-04-25T16:31:13.790 INFO:teuthology.orchestra.run.smithi078.stdout:
2024-04-25T16:31:13.790 INFO:teuthology.orchestra.run.smithi078.stdout:Please consider enabling telemetry to help improve Ceph:
2024-04-25T16:31:13.790 INFO:teuthology.orchestra.run.smithi078.stdout:
2024-04-25T16:31:13.790 INFO:teuthology.orchestra.run.smithi078.stdout: ceph telemetry on
2024-04-25T16:31:13.790 INFO:teuthology.orchestra.run.smithi078.stdout:
2024-04-25T16:31:13.790 INFO:teuthology.orchestra.run.smithi078.stdout:For more information see:
2024-04-25T16:31:13.790 INFO:teuthology.orchestra.run.smithi078.stdout:
2024-04-25T16:31:13.790 INFO:teuthology.orchestra.run.smithi078.stdout: https://docs.ceph.com/en/latest/mgr/telemetry/
2024-04-25T16:31:13.790 INFO:teuthology.orchestra.run.smithi078.stdout:
2024-04-25T16:31:13.790 INFO:teuthology.orchestra.run.smithi078.stdout:Bootstrap complete.
2024-04-25T16:31:13.815 INFO:tasks.cephadm:Fetching config...
2024-04-25T16:31:13.815 DEBUG:teuthology.orchestra.run.smithi078:> set -ex
2024-04-25T16:31:13.815 DEBUG:teuthology.orchestra.run.smithi078:> dd if=/etc/ceph/ceph.conf of=/dev/stdout
2024-04-25T16:31:13.833 INFO:tasks.cephadm:Fetching client.admin keyring...
2024-04-25T16:31:13.833 DEBUG:teuthology.orchestra.run.smithi078:> set -ex
2024-04-25T16:31:13.833 DEBUG:teuthology.orchestra.run.smithi078:> dd if=/etc/ceph/ceph.client.admin.keyring of=/dev/stdout
2024-04-25T16:31:13.888 INFO:tasks.cephadm:Fetching mon keyring...
2024-04-25T16:31:13.888 DEBUG:teuthology.orchestra.run.smithi078:> set -ex
2024-04-25T16:31:13.888 DEBUG:teuthology.orchestra.run.smithi078:> sudo dd if=/var/lib/ceph/f3e7eeee-0320-11ef-bc93-c7b262605968/mon.smithi078/keyring of=/dev/stdout
2024-04-25T16:31:13.951 INFO:tasks.cephadm:Fetching pub ssh key...
2024-04-25T16:31:13.951 DEBUG:teuthology.orchestra.run.smithi078:> set -ex
2024-04-25T16:31:13.951 DEBUG:teuthology.orchestra.run.smithi078:> dd if=/home/ubuntu/cephtest/ceph.pub of=/dev/stdout
2024-04-25T16:31:14.006 INFO:tasks.cephadm:Installing pub ssh key for root users...
2024-04-25T16:31:14.006 DEBUG:teuthology.orchestra.run.smithi078:> sudo install -d -m 0700 /root/.ssh && echo 'ssh-rsa AAAAB3NzaC1yc2EAAAADAQABAAABgQCqLRzsRB5KwhoVu90F2Ybd2lthTa4G0Y1PALOXyfUInk9S/+btwNAAx9z3kpxYXR8RjLrdK7/nGnKJwOb6ixAJKWWx/AH9Ogx7tiSh3Jhi8xDGIc9OL2vpJ/Te89CS8htnrKBYoq85UFzCcVi4PUxCW1jqBRzSPJdX2FxPUzSfCT7p2JkH2/kpJqtTJ/DMH0uJFu1LSu7W5ZUdI7fK840B788kA6fhkvDDFDTCk+IVdHuSlJ4/0Flv5RUPJbDpcEhG0s7kC8uTP9n1HQQLyC/VoxRA/UDbVOQwRaZFIbEy4XXSWDE1uBsLowM1x+bnredndj9lIfzRDR/2PZcUMTXoeA7BLWfPH9JaWqwuuF8LLPp6rgnYzwd3w/LwAbLZF37M8D4vC7YmKE9vG1dVGbZNkE4sDEOsHbXS6Q5+ZNBDXhr+HkY6X5YMHGNxe3enOTigERhTwXapMUn1U/QvQ/aNqCj9jn2ZCIIpvlyWVtkoX0mNkwM6r0DDKU2jT18gFxM= ceph-f3e7eeee-0320-11ef-bc93-c7b262605968' | sudo tee -a /root/.ssh/authorized_keys && sudo chmod 0600 /root/.ssh/authorized_keys
2024-04-25T16:31:14.077 INFO:teuthology.orchestra.run.smithi078.stdout:ssh-rsa AAAAB3NzaC1yc2EAAAADAQABAAABgQCqLRzsRB5KwhoVu90F2Ybd2lthTa4G0Y1PALOXyfUInk9S/+btwNAAx9z3kpxYXR8RjLrdK7/nGnKJwOb6ixAJKWWx/AH9Ogx7tiSh3Jhi8xDGIc9OL2vpJ/Te89CS8htnrKBYoq85UFzCcVi4PUxCW1jqBRzSPJdX2FxPUzSfCT7p2JkH2/kpJqtTJ/DMH0uJFu1LSu7W5ZUdI7fK840B788kA6fhkvDDFDTCk+IVdHuSlJ4/0Flv5RUPJbDpcEhG0s7kC8uTP9n1HQQLyC/VoxRA/UDbVOQwRaZFIbEy4XXSWDE1uBsLowM1x+bnredndj9lIfzRDR/2PZcUMTXoeA7BLWfPH9JaWqwuuF8LLPp6rgnYzwd3w/LwAbLZF37M8D4vC7YmKE9vG1dVGbZNkE4sDEOsHbXS6Q5+ZNBDXhr+HkY6X5YMHGNxe3enOTigERhTwXapMUn1U/QvQ/aNqCj9jn2ZCIIpvlyWVtkoX0mNkwM6r0DDKU2jT18gFxM= ceph-f3e7eeee-0320-11ef-bc93-c7b262605968
2024-04-25T16:31:14.087 DEBUG:teuthology.orchestra.run.smithi150:> sudo install -d -m 0700 /root/.ssh && echo 'ssh-rsa AAAAB3NzaC1yc2EAAAADAQABAAABgQCqLRzsRB5KwhoVu90F2Ybd2lthTa4G0Y1PALOXyfUInk9S/+btwNAAx9z3kpxYXR8RjLrdK7/nGnKJwOb6ixAJKWWx/AH9Ogx7tiSh3Jhi8xDGIc9OL2vpJ/Te89CS8htnrKBYoq85UFzCcVi4PUxCW1jqBRzSPJdX2FxPUzSfCT7p2JkH2/kpJqtTJ/DMH0uJFu1LSu7W5ZUdI7fK840B788kA6fhkvDDFDTCk+IVdHuSlJ4/0Flv5RUPJbDpcEhG0s7kC8uTP9n1HQQLyC/VoxRA/UDbVOQwRaZFIbEy4XXSWDE1uBsLowM1x+bnredndj9lIfzRDR/2PZcUMTXoeA7BLWfPH9JaWqwuuF8LLPp6rgnYzwd3w/LwAbLZF37M8D4vC7YmKE9vG1dVGbZNkE4sDEOsHbXS6Q5+ZNBDXhr+HkY6X5YMHGNxe3enOTigERhTwXapMUn1U/QvQ/aNqCj9jn2ZCIIpvlyWVtkoX0mNkwM6r0DDKU2jT18gFxM= ceph-f3e7eeee-0320-11ef-bc93-c7b262605968' | sudo tee -a /root/.ssh/authorized_keys && sudo chmod 0600 /root/.ssh/authorized_keys
2024-04-25T16:31:14.130 INFO:teuthology.orchestra.run.smithi150.stdout:ssh-rsa AAAAB3NzaC1yc2EAAAADAQABAAABgQCqLRzsRB5KwhoVu90F2Ybd2lthTa4G0Y1PALOXyfUInk9S/+btwNAAx9z3kpxYXR8RjLrdK7/nGnKJwOb6ixAJKWWx/AH9Ogx7tiSh3Jhi8xDGIc9OL2vpJ/Te89CS8htnrKBYoq85UFzCcVi4PUxCW1jqBRzSPJdX2FxPUzSfCT7p2JkH2/kpJqtTJ/DMH0uJFu1LSu7W5ZUdI7fK840B788kA6fhkvDDFDTCk+IVdHuSlJ4/0Flv5RUPJbDpcEhG0s7kC8uTP9n1HQQLyC/VoxRA/UDbVOQwRaZFIbEy4XXSWDE1uBsLowM1x+bnredndj9lIfzRDR/2PZcUMTXoeA7BLWfPH9JaWqwuuF8LLPp6rgnYzwd3w/LwAbLZF37M8D4vC7YmKE9vG1dVGbZNkE4sDEOsHbXS6Q5+ZNBDXhr+HkY6X5YMHGNxe3enOTigERhTwXapMUn1U/QvQ/aNqCj9jn2ZCIIpvlyWVtkoX0mNkwM6r0DDKU2jT18gFxM= ceph-f3e7eeee-0320-11ef-bc93-c7b262605968
2024-04-25T16:31:14.142 DEBUG:teuthology.orchestra.run.smithi078:> sudo /home/ubuntu/cephtest/cephadm --image quay.io/ceph/ceph:v18.2.1 shell -c /etc/ceph/ceph.conf -k /etc/ceph/ceph.client.admin.keyring --fsid f3e7eeee-0320-11ef-bc93-c7b262605968 -- ceph config set mgr mgr/cephadm/allow_ptrace true
2024-04-25T16:31:14.354 INFO:journalctl@ceph.mon.smithi078.smithi078.stdout:Apr 25 16:31:14 smithi078 ceph-mon[26643]: from='client.? 172.21.15.78:0/1366635580' entity='client.admin'
2024-04-25T16:31:14.422 INFO:teuthology.orchestra.run.smithi078.stderr:Inferring config /var/lib/ceph/f3e7eeee-0320-11ef-bc93-c7b262605968/mon.smithi078/config
2024-04-25T16:31:16.791 INFO:journalctl@ceph.mon.smithi078.smithi078.stdout:Apr 25 16:31:16 smithi078 ceph-mon[26643]: from='mgr.14164 172.21.15.78:0/3183453754' entity='mgr.smithi078.lwnxay'
2024-04-25T16:31:16.792 INFO:journalctl@ceph.mon.smithi078.smithi078.stdout:Apr 25 16:31:16 smithi078 ceph-mon[26643]: from='mgr.14164 172.21.15.78:0/3183453754' entity='mgr.smithi078.lwnxay'
2024-04-25T16:31:16.792 INFO:journalctl@ceph.mon.smithi078.smithi078.stdout:Apr 25 16:31:16 smithi078 ceph-mon[26643]: from='mgr.14164 172.21.15.78:0/3183453754' entity='mgr.smithi078.lwnxay' cmd=[{"prefix": "config rm", "who": "osd/host:smithi078", "name": "osd_memory_target"}]: dispatch
2024-04-25T16:31:16.792 INFO:journalctl@ceph.mon.smithi078.smithi078.stdout:Apr 25 16:31:16 smithi078 ceph-mon[26643]: from='mgr.14164 172.21.15.78:0/3183453754' entity='mgr.smithi078.lwnxay'
2024-04-25T16:31:16.792 INFO:journalctl@ceph.mon.smithi078.smithi078.stdout:Apr 25 16:31:16 smithi078 ceph-mon[26643]: from='mgr.14164 172.21.15.78:0/3183453754' entity='mgr.smithi078.lwnxay' cmd=[{"prefix": "auth get-or-create", "entity": "client.ceph-exporter.smithi078", "caps": ["mon", "profile ceph-exporter", "mon", "allow r", "mgr", "allow r", "osd", "allow r"]}]: dispatch
2024-04-25T16:31:16.792 INFO:journalctl@ceph.mon.smithi078.smithi078.stdout:Apr 25 16:31:16 smithi078 ceph-mon[26643]: from='mgr.14164 172.21.15.78:0/3183453754' entity='mgr.smithi078.lwnxay' cmd='[{"prefix": "auth get-or-create", "entity": "client.ceph-exporter.smithi078", "caps": ["mon", "profile ceph-exporter", "mon", "allow r", "mgr", "allow r", "osd", "allow r"]}]': finished
2024-04-25T16:31:16.792 INFO:journalctl@ceph.mon.smithi078.smithi078.stdout:Apr 25 16:31:16 smithi078 ceph-mon[26643]: from='mgr.14164 172.21.15.78:0/3183453754' entity='mgr.smithi078.lwnxay' cmd=[{"prefix": "config generate-minimal-conf"}]: dispatch
2024-04-25T16:31:16.792 INFO:journalctl@ceph.mon.smithi078.smithi078.stdout:Apr 25 16:31:16 smithi078 ceph-mon[26643]: Deploying daemon ceph-exporter.smithi078 on smithi078
2024-04-25T16:31:17.022 INFO:teuthology.orchestra.run.smithi078.stderr:2024-04-25T16:31:17.017+0000 7f187ed0e700 1 -- 172.21.15.78:0/2596051858 >> [v2:172.21.15.78:3300/0,v1:172.21.15.78:6789/0] conn(0x7f18780ff780 msgr2=0x7f18780ffba0 secure :-1 s=STATE_CONNECTION_ESTABLISHED l=1).mark_down
2024-04-25T16:31:17.022 INFO:teuthology.orchestra.run.smithi078.stderr:2024-04-25T16:31:17.017+0000 7f187ed0e700 1 --2- 172.21.15.78:0/2596051858 >> [v2:172.21.15.78:3300/0,v1:172.21.15.78:6789/0] conn(0x7f18780ff780 0x7f18780ffba0 secure :-1 s=READY pgs=92 cs=0 l=1 rev1=1 crypto rx=0x7f186c009910 tx=0x7f186c009c20 comp rx=0 tx=0).stop
2024-04-25T16:31:17.022 INFO:teuthology.orchestra.run.smithi078.stderr:2024-04-25T16:31:17.017+0000 7f187ed0e700 1 -- 172.21.15.78:0/2596051858 shutdown_connections
2024-04-25T16:31:17.022 INFO:teuthology.orchestra.run.smithi078.stderr:2024-04-25T16:31:17.017+0000 7f187ed0e700 1 --2- 172.21.15.78:0/2596051858 >> [v2:172.21.15.78:3300/0,v1:172.21.15.78:6789/0] conn(0x7f18780ff780 0x7f18780ffba0 unknown :-1 s=CLOSED pgs=92 cs=0 l=1 rev1=1 crypto rx=0 tx=0 comp rx=0 tx=0).stop
2024-04-25T16:31:17.022 INFO:teuthology.orchestra.run.smithi078.stderr:2024-04-25T16:31:17.017+0000 7f187ed0e700 1 -- 172.21.15.78:0/2596051858 >> 172.21.15.78:0/2596051858 conn(0x7f18780fad00 msgr2=0x7f18780fd160 unknown :-1 s=STATE_NONE l=0).mark_down
2024-04-25T16:31:17.022 INFO:teuthology.orchestra.run.smithi078.stderr:2024-04-25T16:31:17.017+0000 7f187ed0e700 1 -- 172.21.15.78:0/2596051858 shutdown_connections
2024-04-25T16:31:17.022 INFO:teuthology.orchestra.run.smithi078.stderr:2024-04-25T16:31:17.017+0000 7f187ed0e700 1 -- 172.21.15.78:0/2596051858 wait complete.
2024-04-25T16:31:17.023 INFO:teuthology.orchestra.run.smithi078.stderr:2024-04-25T16:31:17.018+0000 7f187ed0e700 1 Processor -- start
2024-04-25T16:31:17.023 INFO:teuthology.orchestra.run.smithi078.stderr:2024-04-25T16:31:17.018+0000 7f187ed0e700 1 -- start start
2024-04-25T16:31:17.023 INFO:teuthology.orchestra.run.smithi078.stderr:2024-04-25T16:31:17.018+0000 7f187ed0e700 1 --2- >> [v2:172.21.15.78:3300/0,v1:172.21.15.78:6789/0] conn(0x7f18780ff780 0x7f18780fccc0 unknown :-1 s=NONE pgs=0 cs=0 l=1 rev1=0 crypto rx=0 tx=0 comp rx=0 tx=0).connect
2024-04-25T16:31:17.023 INFO:teuthology.orchestra.run.smithi078.stderr:2024-04-25T16:31:17.018+0000 7f187ed0e700 1 -- --> [v2:172.21.15.78:3300/0,v1:172.21.15.78:6789/0] -- mon_getmap magic: 0 v1 -- 0x7f18780fd200 con 0x7f18780ff780
2024-04-25T16:31:17.023 INFO:teuthology.orchestra.run.smithi078.stderr:2024-04-25T16:31:17.018+0000 7f187caaa700 1 --2- >> [v2:172.21.15.78:3300/0,v1:172.21.15.78:6789/0] conn(0x7f18780ff780 0x7f18780fccc0 unknown :-1 s=BANNER_CONNECTING pgs=0 cs=0 l=1 rev1=0 crypto rx=0 tx=0 comp rx=0 tx=0)._handle_peer_banner_payload supported=3 required=0
2024-04-25T16:31:17.023 INFO:teuthology.orchestra.run.smithi078.stderr:2024-04-25T16:31:17.018+0000 7f187caaa700 1 --2- >> [v2:172.21.15.78:3300/0,v1:172.21.15.78:6789/0] conn(0x7f18780ff780 0x7f18780fccc0 unknown :-1 s=HELLO_CONNECTING pgs=0 cs=0 l=1 rev1=1 crypto rx=0 tx=0 comp rx=0 tx=0).handle_hello peer v2:172.21.15.78:3300/0 says I am v2:172.21.15.78:43440/0 (socket says 172.21.15.78:43440)
2024-04-25T16:31:17.023 INFO:teuthology.orchestra.run.smithi078.stderr:2024-04-25T16:31:17.018+0000 7f187caaa700 1 -- 172.21.15.78:0/188750936 learned_addr learned my addr 172.21.15.78:0/188750936 (peer_addr_for_me v2:172.21.15.78:0/0)
2024-04-25T16:31:17.023 INFO:teuthology.orchestra.run.smithi078.stderr:2024-04-25T16:31:17.018+0000 7f187caaa700 1 -- 172.21.15.78:0/188750936 --> [v2:172.21.15.78:3300/0,v1:172.21.15.78:6789/0] -- mon_subscribe({config=0+,monmap=0+}) v3 -- 0x7f186c0095f0 con 0x7f18780ff780
2024-04-25T16:31:17.023 INFO:teuthology.orchestra.run.smithi078.stderr:2024-04-25T16:31:17.019+0000 7f187caaa700 1 --2- 172.21.15.78:0/188750936 >> [v2:172.21.15.78:3300/0,v1:172.21.15.78:6789/0] conn(0x7f18780ff780 0x7f18780fccc0 secure :-1 s=READY pgs=93 cs=0 l=1 rev1=1 crypto rx=0x7f186c005950 tx=0x7f186c009e60 comp rx=0 tx=0).ready entity=mon.0 client_cookie=0 server_cookie=0 in_seq=0 out_seq=0
2024-04-25T16:31:17.023 INFO:teuthology.orchestra.run.smithi078.stderr:2024-04-25T16:31:17.019+0000 7f1875ffb700 1 -- 172.21.15.78:0/188750936 <== mon.0 v2:172.21.15.78:3300/0 1 ==== mon_map magic: 0 v1 ==== 229+0+0 (secure 0 0 0) 0x7f186c01d070 con 0x7f18780ff780
2024-04-25T16:31:17.023 INFO:teuthology.orchestra.run.smithi078.stderr:2024-04-25T16:31:17.019+0000 7f187ed0e700 1 -- 172.21.15.78:0/188750936 --> [v2:172.21.15.78:3300/0,v1:172.21.15.78:6789/0] -- mon_subscribe({mgrmap=0+}) v3 -- 0x7f18780fb310 con 0x7f18780ff780
2024-04-25T16:31:17.023 INFO:teuthology.orchestra.run.smithi078.stderr:2024-04-25T16:31:17.019+0000 7f1875ffb700 1 -- 172.21.15.78:0/188750936 <== mon.0 v2:172.21.15.78:3300/0 2 ==== config(27 keys) v1 ==== 1101+0+0 (secure 0 0 0) 0x7f186c00be10 con 0x7f18780ff780
2024-04-25T16:31:17.023 INFO:teuthology.orchestra.run.smithi078.stderr:2024-04-25T16:31:17.019+0000 7f1875ffb700 1 -- 172.21.15.78:0/188750936 <== mon.0 v2:172.21.15.78:3300/0 3 ==== mon_map magic: 0 v1 ==== 229+0+0 (secure 0 0 0) 0x7f186c00f460 con 0x7f18780ff780
2024-04-25T16:31:17.024 INFO:teuthology.orchestra.run.smithi078.stderr:2024-04-25T16:31:17.019+0000 7f187ed0e700 1 -- 172.21.15.78:0/188750936 --> [v2:172.21.15.78:3300/0,v1:172.21.15.78:6789/0] -- mon_subscribe({osdmap=0}) v3 -- 0x7f18780fb7b0 con 0x7f18780ff780
2024-04-25T16:31:17.024 INFO:teuthology.orchestra.run.smithi078.stderr:2024-04-25T16:31:17.020+0000 7f1875ffb700 1 -- 172.21.15.78:0/188750936 <== mon.0 v2:172.21.15.78:3300/0 4 ==== mgrmap(e 13) v1 ==== 45339+0+0 (secure 0 0 0) 0x7f186c00f690 con 0x7f18780ff780
2024-04-25T16:31:17.024 INFO:teuthology.orchestra.run.smithi078.stderr:2024-04-25T16:31:17.020+0000 7f187ed0e700 1 -- 172.21.15.78:0/188750936 --> [v2:172.21.15.78:3300/0,v1:172.21.15.78:6789/0] -- mon_command({"prefix": "get_command_descriptions"} v 0) v1 -- 0x7f18780623c0 con 0x7f18780ff780
2024-04-25T16:31:17.024 INFO:teuthology.orchestra.run.smithi078.stderr:2024-04-25T16:31:17.020+0000 7f1875ffb700 1 --2- 172.21.15.78:0/188750936 >> [v2:172.21.15.78:6800/3821924772,v1:172.21.15.78:6801/3821924772] conn(0x7f18680383c0 0x7f186803a880 unknown :-1 s=NONE pgs=0 cs=0 l=1 rev1=0 crypto rx=0 tx=0 comp rx=0 tx=0).connect
2024-04-25T16:31:17.024 INFO:teuthology.orchestra.run.smithi078.stderr:2024-04-25T16:31:17.020+0000 7f1875ffb700 1 -- 172.21.15.78:0/188750936 <== mon.0 v2:172.21.15.78:3300/0 5 ==== osd_map(3..3 src has 1..3) v4 ==== 1155+0+0 (secure 0 0 0) 0x7f186c04c560 con 0x7f18780ff780
2024-04-25T16:31:17.024 INFO:teuthology.orchestra.run.smithi078.stderr:2024-04-25T16:31:17.020+0000 7f1877fff700 1 --2- 172.21.15.78:0/188750936 >> [v2:172.21.15.78:6800/3821924772,v1:172.21.15.78:6801/3821924772] conn(0x7f18680383c0 0x7f186803a880 unknown :-1 s=BANNER_CONNECTING pgs=0 cs=0 l=1 rev1=0 crypto rx=0 tx=0 comp rx=0 tx=0)._handle_peer_banner_payload supported=3 required=0
2024-04-25T16:31:17.024 INFO:teuthology.orchestra.run.smithi078.stderr:2024-04-25T16:31:17.021+0000 7f1877fff700 1 --2- 172.21.15.78:0/188750936 >> [v2:172.21.15.78:6800/3821924772,v1:172.21.15.78:6801/3821924772] conn(0x7f18680383c0 0x7f186803a880 secure :-1 s=READY pgs=12 cs=0 l=1 rev1=1 crypto rx=0x7f1864006fd0 tx=0x7f1864006e40 comp rx=0 tx=0).ready entity=mgr.14164 client_cookie=0 server_cookie=0 in_seq=0 out_seq=0
2024-04-25T16:31:17.026 INFO:teuthology.orchestra.run.smithi078.stderr:2024-04-25T16:31:17.027+0000 7f1875ffb700 1 -- 172.21.15.78:0/188750936 <== mon.0 v2:172.21.15.78:3300/0 6 ==== mon_command_ack([{"prefix": "get_command_descriptions"}]=0 v0) v1 ==== 72+0+180422 (secure 0 0 0) 0x7f186c02a360 con 0x7f18780ff780
2024-04-25T16:31:17.244 INFO:teuthology.orchestra.run.smithi078.stderr:2024-04-25T16:31:17.244+0000 7f187ed0e700 1 -- 172.21.15.78:0/188750936 --> [v2:172.21.15.78:3300/0,v1:172.21.15.78:6789/0] -- mon_command([{prefix=config set, name=mgr/cephadm/allow_ptrace}] v 0) v1 -- 0x7f187818f1e0 con 0x7f18780ff780
2024-04-25T16:31:17.247 INFO:teuthology.orchestra.run.smithi078.stderr:2024-04-25T16:31:17.248+0000 7f1875ffb700 1 -- 172.21.15.78:0/188750936 <== mon.0 v2:172.21.15.78:3300/0 7 ==== mon_command_ack([{prefix=config set, name=mgr/cephadm/allow_ptrace}]=0 v9)=0 v9) v1 ==== 125+0+0 (secure 0 0 0) 0x7f186c027030 con 0x7f18780ff780
2024-04-25T16:31:17.250 INFO:teuthology.orchestra.run.smithi078.stderr:2024-04-25T16:31:17.250+0000 7f187ed0e700 1 -- 172.21.15.78:0/188750936 >> [v2:172.21.15.78:6800/3821924772,v1:172.21.15.78:6801/3821924772] conn(0x7f18680383c0 msgr2=0x7f186803a880 secure :-1 s=STATE_CONNECTION_ESTABLISHED l=1).mark_down
2024-04-25T16:31:17.250 INFO:teuthology.orchestra.run.smithi078.stderr:2024-04-25T16:31:17.250+0000 7f187ed0e700 1 --2- 172.21.15.78:0/188750936 >> [v2:172.21.15.78:6800/3821924772,v1:172.21.15.78:6801/3821924772] conn(0x7f18680383c0 0x7f186803a880 secure :-1 s=READY pgs=12 cs=0 l=1 rev1=1 crypto rx=0x7f1864006fd0 tx=0x7f1864006e40 comp rx=0 tx=0).stop
2024-04-25T16:31:17.250 INFO:teuthology.orchestra.run.smithi078.stderr:2024-04-25T16:31:17.250+0000 7f187ed0e700 1 -- 172.21.15.78:0/188750936 >> [v2:172.21.15.78:3300/0,v1:172.21.15.78:6789/0] conn(0x7f18780ff780 msgr2=0x7f18780fccc0 secure :-1 s=STATE_CONNECTION_ESTABLISHED l=1).mark_down
2024-04-25T16:31:17.250 INFO:teuthology.orchestra.run.smithi078.stderr:2024-04-25T16:31:17.250+0000 7f187ed0e700 1 --2- 172.21.15.78:0/188750936 >> [v2:172.21.15.78:3300/0,v1:172.21.15.78:6789/0] conn(0x7f18780ff780 0x7f18780fccc0 secure :-1 s=READY pgs=93 cs=0 l=1 rev1=1 crypto rx=0x7f186c005950 tx=0x7f186c009e60 comp rx=0 tx=0).stop
2024-04-25T16:31:17.250 INFO:teuthology.orchestra.run.smithi078.stderr:2024-04-25T16:31:17.250+0000 7f187ed0e700 1 -- 172.21.15.78:0/188750936 shutdown_connections
2024-04-25T16:31:17.250 INFO:teuthology.orchestra.run.smithi078.stderr:2024-04-25T16:31:17.250+0000 7f187ed0e700 1 --2- 172.21.15.78:0/188750936 >> [v2:172.21.15.78:6800/3821924772,v1:172.21.15.78:6801/3821924772] conn(0x7f18680383c0 0x7f186803a880 unknown :-1 s=CLOSED pgs=12 cs=0 l=1 rev1=1 crypto rx=0 tx=0 comp rx=0 tx=0).stop
2024-04-25T16:31:17.250 INFO:teuthology.orchestra.run.smithi078.stderr:2024-04-25T16:31:17.250+0000 7f187ed0e700 1 --2- 172.21.15.78:0/188750936 >> [v2:172.21.15.78:3300/0,v1:172.21.15.78:6789/0] conn(0x7f18780ff780 0x7f18780fccc0 unknown :-1 s=CLOSED pgs=93 cs=0 l=1 rev1=1 crypto rx=0 tx=0 comp rx=0 tx=0).stop
2024-04-25T16:31:17.250 INFO:teuthology.orchestra.run.smithi078.stderr:2024-04-25T16:31:17.250+0000 7f187ed0e700 1 -- 172.21.15.78:0/188750936 >> 172.21.15.78:0/188750936 conn(0x7f18780fad00 msgr2=0x7f1878069090 unknown :-1 s=STATE_NONE l=0).mark_down
2024-04-25T16:31:17.250 INFO:teuthology.orchestra.run.smithi078.stderr:2024-04-25T16:31:17.250+0000 7f187ed0e700 1 -- 172.21.15.78:0/188750936 shutdown_connections
2024-04-25T16:31:17.250 INFO:teuthology.orchestra.run.smithi078.stderr:2024-04-25T16:31:17.250+0000 7f187ed0e700 1 -- 172.21.15.78:0/188750936 wait complete.
2024-04-25T16:31:17.923 INFO:tasks.cephadm:Distributing conf and client.admin keyring to all hosts + 0755
