2024-04-25T16:39:18.833+0000 7f1c3dd31700 1 Processor -- start
2024-04-25T16:39:19.603 INFO:teuthology.orchestra.run.smithi027.stdout:/usr/bin/ceph: stderr
2024-04-25T16:39:18.833+0000 7f1c3dd31700 1 -- start start
2024-04-25T16:39:19.603 INFO:teuthology.orchestra.run.smithi027.stdout:/usr/bin/ceph: stderr
2024-04-25T16:39:18.833+0000 7f1c3dd31700 1 --2- >> [v2:172.21.15.27:3300/0,v1:172.21.15.27:6789/0] conn(0x7f1c3810a2f0 0x7f1c381a0350 unknown :-1 s=NONE pgs=0 cs=0 l=1 rev1=0 crypto rx=0 tx=0 comp rx=0 tx=0).connect
2024-04-25T16:39:19.603 INFO:teuthology.orchestra.run.smithi027.stdout:/usr/bin/ceph: stderr
2024-04-25T16:39:18.833+0000 7f1c3dd31700 1 -- --> [v2:172.21.15.27:3300/0,v1:172.21.15.27:6789/0] -- mon_getmap magic: 0 -- 0x7f1c38110400 con 0x7f1c3810a2f0
2024-04-25T16:39:19.603 INFO:teuthology.orchestra.run.smithi027.stdout:/usr/bin/ceph: stderr
2024-04-25T16:39:18.833+0000 7f1c377fe700 1 --2- >> [v2:172.21.15.27:3300/0,v1:172.21.15.27:6789/0] conn(0x7f1c3810a2f0 0x7f1c381a0350 unknown :-1 s=BANNER_CONNECTING pgs=0 cs=0 l=1 rev1=0 crypto rx=0 tx=0 comp rx=0 tx=0)._handle_peer_banner_payload supported=3 required=0
2024-04-25T16:39:19.603 INFO:teuthology.orchestra.run.smithi027.stdout:/usr/bin/ceph: stderr
2024-04-25T16:39:18.833+0000 7f1c377fe700 1 --2- >> [v2:172.21.15.27:3300/0,v1:172.21.15.27:6789/0] conn(0x7f1c3810a2f0 0x7f1c381a0350 unknown :-1 s=HELLO_CONNECTING pgs=0 cs=0 l=1 rev1=1 crypto rx=0 tx=0 comp rx=0 tx=0).handle_hello peer v2:172.21.15.27:3300/0 says I am v2:172.21.15.27:50656/0 (socket says 172.21.15.27:50656)
2024-04-25T16:39:19.603 INFO:teuthology.orchestra.run.smithi027.stdout:/usr/bin/ceph: stderr
2024-04-25T16:39:18.833+0000 7f1c377fe700 1 -- 172.21.15.27:0/199291395 learned_addr learned my addr 172.21.15.27:0/199291395 (peer_addr_for_me v2:172.21.15.27:0/0)
2024-04-25T16:39:19.603 INFO:teuthology.orchestra.run.smithi027.stdout:/usr/bin/ceph: stderr
2024-04-25T16:39:18.833+0000 7f1c377fe700 1 -- 172.21.15.27:0/199291395 --> [v2:172.21.15.27:3300/0,v1:172.21.15.27:6789/0] -- mon_subscribe({config=0+,monmap=0+}) -- 0x7f1c381a0890 con 0x7f1c3810a2f0
2024-04-25T16:39:19.604 INFO:teuthology.orchestra.run.smithi027.stdout:/usr/bin/ceph: stderr
2024-04-25T16:39:18.834+0000 7f1c377fe700 1 --2- 172.21.15.27:0/199291395 >> [v2:172.21.15.27:3300/0,v1:172.21.15.27:6789/0] conn(0x7f1c3810a2f0 0x7f1c381a0350 secure :-1 s=READY pgs=42 cs=0 l=1 rev1=1 crypto rx=0x7f1c28009fb0 tx=0x7f1c28011ba0 comp rx=0 tx=0).ready entity=mon.0 client_cookie=0 server_cookie=0 in_seq=0 out_seq=0
2024-04-25T16:39:19.604 INFO:teuthology.orchestra.run.smithi027.stdout:/usr/bin/ceph: stderr
2024-04-25T16:39:18.834+0000 7f1c34ff9700 1 -- 172.21.15.27:0/199291395 <== mon.0 v2:172.21.15.27:3300/0 1 ==== mon_map magic: 0 ==== 205+0+0 (secure 0 0 0) 0x7f1c28003b70 con 0x7f1c3810a2f0
2024-04-25T16:39:19.604 INFO:teuthology.orchestra.run.smithi027.stdout:/usr/bin/ceph: stderr
2024-04-25T16:39:18.834+0000 7f1c34ff9700 1 -- 172.21.15.27:0/199291395 <== mon.0 v2:172.21.15.27:3300/0 2 ==== config(27 keys) ==== 1104+0+0 (secure 0 0 0) 0x7f1c28003d10 con 0x7f1c3810a2f0
2024-04-25T16:39:19.604 INFO:teuthology.orchestra.run.smithi027.stdout:/usr/bin/ceph: stderr
2024-04-25T16:39:18.834+0000 7f1c3dd31700 1 -- 172.21.15.27:0/199291395 --> [v2:172.21.15.27:3300/0,v1:172.21.15.27:6789/0] -- mon_subscribe({mgrmap=0+}) -- 0x7f1c381a0b20 con 0x7f1c3810a2f0
2024-04-25T16:39:19.604 INFO:teuthology.orchestra.run.smithi027.stdout:/usr/bin/ceph: stderr
2024-04-25T16:39:18.834+0000 7f1c34ff9700 1 -- 172.21.15.27:0/199291395 <== mon.0 v2:172.21.15.27:3300/0 3 ==== mon_map magic: 0 ==== 205+0+0 (secure 0 0 0) 0x7f1c28024870 con 0x7f1c3810a2f0
2024-04-25T16:39:19.604 INFO:teuthology.orchestra.run.smithi027.stdout:/usr/bin/ceph: stderr
2024-04-25T16:39:18.834+0000 7f1c3dd31700 1 -- 172.21.15.27:0/199291395 --> [v2:172.21.15.27:3300/0,v1:172.21.15.27:6789/0] -- mon_subscribe({osdmap=0}) -- 0x7f1c381a3730 con 0x7f1c3810a2f0
2024-04-25T16:39:19.604 INFO:teuthology.orchestra.run.smithi027.stdout:/usr/bin/ceph: stderr
2024-04-25T16:39:18.835+0000 7f1c34ff9700 1 -- 172.21.15.27:0/199291395 <== mon.0 v2:172.21.15.27:3300/0 4 ==== mgrmap(e 8) ==== 49516+0+0 (secure 0 0 0) 0x7f1c28022020 con 0x7f1c3810a2f0
2024-04-25T16:39:19.604 INFO:teuthology.orchestra.run.smithi027.stdout:/usr/bin/ceph: stderr
2024-04-25T16:39:18.835+0000 7f1c3dd31700 1 -- 172.21.15.27:0/199291395 --> [v2:172.21.15.27:3300/0,v1:172.21.15.27:6789/0] -- mon_command({"prefix": "get_command_descriptions"} v 0) -- 0x7f1c381a0f80 con 0x7f1c3810a2f0
2024-04-25T16:39:19.604 INFO:teuthology.orchestra.run.smithi027.stdout:/usr/bin/ceph: stderr
2024-04-25T16:39:18.835+0000 7f1c34ff9700 1 --2- 172.21.15.27:0/199291395 >> [v2:172.21.15.27:6800/3147840509,v1:172.21.15.27:6801/3147840509] conn(0x7f1c2003d570 0x7f1c2003fa80 unknown :-1 s=NONE pgs=0 cs=0 l=1 rev1=0 crypto rx=0 tx=0 comp rx=0 tx=0).connect
2024-04-25T16:39:19.604 INFO:teuthology.orchestra.run.smithi027.stdout:/usr/bin/ceph: stderr
2024-04-25T16:39:18.835+0000 7f1c34ff9700 1 -- 172.21.15.27:0/199291395 <== mon.0 v2:172.21.15.27:3300/0 5 ==== osd_map(2..2 src has 1..2) ==== 940+0+0 (secure 0 0 0) 0x7f1c280527b0 con 0x7f1c3810a2f0
2024-04-25T16:39:19.604 INFO:teuthology.orchestra.run.smithi027.stdout:/usr/bin/ceph: stderr
2024-04-25T16:39:18.835+0000 7f1c36ffd700 1 --2- 172.21.15.27:0/199291395 >> [v2:172.21.15.27:6800/3147840509,v1:172.21.15.27:6801/3147840509] conn(0x7f1c2003d570 0x7f1c2003fa80 unknown :-1 s=BANNER_CONNECTING pgs=0 cs=0 l=1 rev1=0 crypto rx=0 tx=0 comp rx=0 tx=0)._handle_peer_banner_payload supported=3 required=0
2024-04-25T16:39:19.604 INFO:teuthology.orchestra.run.smithi027.stdout:/usr/bin/ceph: stderr
2024-04-25T16:39:18.836+0000 7f1c36ffd700 1 --2- 172.21.15.27:0/199291395 >> [v2:172.21.15.27:6800/3147840509,v1:172.21.15.27:6801/3147840509] conn(0x7f1c2003d570 0x7f1c2003fa80 secure :-1 s=READY pgs=10 cs=0 l=1 rev1=1 crypto rx=0x7f1c2c006fd0 tx=0x7f1c2c006e40 comp rx=0 tx=0).ready entity=mgr.14118 client_cookie=0 server_cookie=0 in_seq=0 out_seq=0
2024-04-25T16:39:19.604 INFO:teuthology.orchestra.run.smithi027.stdout:/usr/bin/ceph: stderr
2024-04-25T16:39:18.841+0000 7f1c34ff9700 1 -- 172.21.15.27:0/199291395 <== mon.0 v2:172.21.15.27:3300/0 6 ==== mon_command_ack([{"prefix": "get_command_descriptions"}]=0 v0) ==== 72+0+188370 (secure 0 0 0) 0x7f1c28052140 con 0x7f1c3810a2f0
2024-04-25T16:39:19.604 INFO:teuthology.orchestra.run.smithi027.stdout:/usr/bin/ceph: stderr
2024-04-25T16:39:19.052+0000 7f1c3dd31700 1 -- 172.21.15.27:0/199291395 --> [v2:172.21.15.27:6800/3147840509,v1:172.21.15.27:6801/3147840509] -- mgr_command(tid 0: {"prefix": "cephadm get-pub-key", "target": ["mon-mgr", ""]}) -- 0x7f1c38105bc0 con 0x7f1c2003d570
2024-04-25T16:39:19.605 INFO:teuthology.orchestra.run.smithi027.stdout:/usr/bin/ceph: stderr
2024-04-25T16:39:19.052+0000 7f1c34ff9700 1 -- 172.21.15.27:0/199291395 <== mgr.14118 v2:172.21.15.27:6800/3147840509 1 ==== mgr_command_reply(tid 0: 0 ) ==== 8+0+595 (secure 0 0 0) 0x7f1c38105bc0 con 0x7f1c2003d570
2024-04-25T16:39:19.605 INFO:teuthology.orchestra.run.smithi027.stdout:/usr/bin/ceph: stderr
2024-04-25T16:39:19.055+0000 7f1c3dd31700 1 -- 172.21.15.27:0/199291395 >> [v2:172.21.15.27:6800/3147840509,v1:172.21.15.27:6801/3147840509] conn(0x7f1c2003d570 msgr2=0x7f1c2003fa80 secure :-1 s=STATE_CONNECTION_ESTABLISHED l=1).mark_down
2024-04-25T16:39:19.605 INFO:teuthology.orchestra.run.smithi027.stdout:/usr/bin/ceph: stderr
2024-04-25T16:39:19.055+0000 7f1c3dd31700 1 --2- 172.21.15.27:0/199291395 >> [v2:172.21.15.27:6800/3147840509,v1:172.21.15.27:6801/3147840509] conn(0x7f1c2003d570 0x7f1c2003fa80 secure :-1 s=READY pgs=10 cs=0 l=1 rev1=1 crypto rx=0x7f1c2c006fd0 tx=0x7f1c2c006e40 comp rx=0 tx=0).stop
2024-04-25T16:39:19.605 INFO:teuthology.orchestra.run.smithi027.stdout:/usr/bin/ceph: stderr
2024-04-25T16:39:19.055+0000 7f1c3dd31700 1 -- 172.21.15.27:0/199291395 >> [v2:172.21.15.27:3300/0,v1:172.21.15.27:6789/0] conn(0x7f1c3810a2f0 msgr2=0x7f1c381a0350 secure :-1 s=STATE_CONNECTION_ESTABLISHED l=1).mark_down
2024-04-25T16:39:19.605 INFO:teuthology.orchestra.run.smithi027.stdout:/usr/bin/ceph: stderr
2024-04-25T16:39:19.055+0000 7f1c3dd31700 1 --2- 172.21.15.27:0/199291395 >> [v2:172.21.15.27:3300/0,v1:172.21.15.27:6789/0] conn(0x7f1c3810a2f0 0x7f1c381a0350 secure :-1 s=READY pgs=42 cs=0 l=1 rev1=1 crypto rx=0x7f1c28009fb0 tx=0x7f1c28011ba0 comp rx=0 tx=0).stop
2024-04-25T16:39:19.605 INFO:teuthology.orchestra.run.smithi027.stdout:/usr/bin/ceph: stderr
2024-04-25T16:39:19.055+0000 7f1c3dd31700 1 -- 172.21.15.27:0/199291395 shutdown_connections
2024-04-25T16:39:19.605 INFO:teuthology.orchestra.run.smithi027.stdout:/usr/bin/ceph: stderr
2024-04-25T16:39:19.055+0000 7f1c3dd31700 1 --2- 172.21.15.27:0/199291395 >> [v2:172.21.15.27:6800/3147840509,v1:172.21.15.27:6801/3147840509] conn(0x7f1c2003d570 0x7f1c2003fa80 unknown :-1 s=CLOSED pgs=10 cs=0 l=1 rev1=1 crypto rx=0 tx=0 comp rx=0 tx=0).stop
2024-04-25T16:39:19.605 INFO:teuthology.orchestra.run.smithi027.stdout:/usr/bin/ceph: stderr
2024-04-25T16:39:19.055+0000 7f1c3dd31700 1 --2- 172.21.15.27:0/199291395 >> [v2:172.21.15.27:3300/0,v1:172.21.15.27:6789/0] conn(0x7f1c3810a2f0 0x7f1c381a0350 unknown :-1 s=CLOSED pgs=42 cs=0 l=1 rev1=1 crypto rx=0 tx=0 comp rx=0 tx=0).stop
2024-04-25T16:39:19.605 INFO:teuthology.orchestra.run.smithi027.stdout:/usr/bin/ceph: stderr
2024-04-25T16:39:19.055+0000 7f1c3dd31700 1 -- 172.21.15.27:0/199291395 >> 172.21.15.27:0/199291395 conn(0x7f1c38103be0 msgr2=0x7f1c381054b0 unknown :-1 s=STATE_NONE l=0).mark_down
2024-04-25T16:39:19.605 INFO:teuthology.orchestra.run.smithi027.stdout:/usr/bin/ceph: stderr
2024-04-25T16:39:19.055+0000 7f1c3dd31700 1 -- 172.21.15.27:0/199291395 shutdown_connections
2024-04-25T16:39:19.605 INFO:teuthology.orchestra.run.smithi027.stdout:/usr/bin/ceph: stderr
2024-04-25T16:39:19.055+0000 7f1c3dd31700 1 -- 172.21.15.27:0/199291395 wait complete.
2024-04-25T16:39:19.605 INFO:teuthology.orchestra.run.smithi027.stdout:Wrote public SSH key to /home/ubuntu/cephtest/ceph.pub
2024-04-25T16:39:19.605 INFO:teuthology.orchestra.run.smithi027.stdout:Adding key to root@localhost authorized_keys...
2024-04-25T16:39:19.605 INFO:teuthology.orchestra.run.smithi027.stdout:Adding host smithi027...
2024-04-25T16:39:20.202 INFO:journalctl@ceph.mon.a.smithi027.stdout:Apr 25 16:39:19 smithi027 ceph-mon[29133]: from='client.14136 -' entity='client.admin' cmd=[{"prefix": "cephadm get-pub-key", "target": ["mon-mgr", ""]}]: dispatch
2024-04-25T16:39:21.111 INFO:journalctl@ceph.mon.a.smithi027.stdout:Apr 25 16:39:20 smithi027 ceph-mon[29133]: from='client.14138 -' entity='client.admin' cmd=[{"prefix": "orch host add", "hostname": "smithi027", "addr": "172.21.15.27", "target": ["mon-mgr", ""]}]: dispatch
2024-04-25T16:39:21.111 INFO:journalctl@ceph.mon.a.smithi027.stdout:Apr 25 16:39:20 smithi027 ceph-mon[29133]: Deploying cephadm binary to smithi027
2024-04-25T16:39:25.034 INFO:teuthology.orchestra.run.smithi027.stdout:/usr/bin/ceph: stdout Added host 'smithi027' with addr '172.21.15.27'
2024-04-25T16:39:25.034 INFO:teuthology.orchestra.run.smithi027.stdout:/usr/bin/ceph: stderr
2024-04-25T16:39:19.974+0000 7fb9060c3700 1 Processor -- start
2024-04-25T16:39:25.035 INFO:teuthology.orchestra.run.smithi027.stdout:/usr/bin/ceph: stderr
2024-04-25T16:39:19.974+0000 7fb9060c3700 1 -- start start
2024-04-25T16:39:25.035 INFO:teuthology.orchestra.run.smithi027.stdout:/usr/bin/ceph: stderr
2024-04-25T16:39:19.974+0000 7fb9060c3700 1 --2- >> [v2:172.21.15.27:3300/0,v1:172.21.15.27:6789/0] conn(0x7fb90010a8f0 0x7fb90010cd10 unknown :-1 s=NONE pgs=0 cs=0 l=0 rev1=0 crypto rx=0 tx=0 comp rx=0 tx=0).connect
2024-04-25T16:39:25.035 INFO:teuthology.orchestra.run.smithi027.stdout:/usr/bin/ceph: stderr
2024-04-25T16:39:19.974+0000 7fb9060c3700 1 -- --> [v2:172.21.15.27:3300/0,v1:172.21.15.27:6789/0] -- mon_getmap magic: 0 -- 0x7fb90007cdf0 con 0x7fb90010a8f0
2024-04-25T16:39:25.035 INFO:teuthology.orchestra.run.smithi027.stdout:/usr/bin/ceph: stderr
2024-04-25T16:39:19.974+0000 7fb8ff7fe700 1 --2- >> [v2:172.21.15.27:3300/0,v1:172.21.15.27:6789/0] conn(0x7fb90010a8f0 0x7fb90010cd10 unknown :-1 s=BANNER_CONNECTING pgs=0 cs=0 l=0 rev1=0 crypto rx=0 tx=0 comp rx=0 tx=0)._handle_peer_banner_payload supported=3 required=0
2024-04-25T16:39:25.035 INFO:teuthology.orchestra.run.smithi027.stdout:/usr/bin/ceph: stderr
2024-04-25T16:39:19.974+0000 7fb8ff7fe700 1 --2- >> [v2:172.21.15.27:3300/0,v1:172.21.15.27:6789/0] conn(0x7fb90010a8f0 0x7fb90010cd10 unknown :-1 s=HELLO_CONNECTING pgs=0 cs=0 l=0 rev1=1 crypto rx=0 tx=0 comp rx=0 tx=0).handle_hello peer v2:172.21.15.27:3300/0 says I am v2:172.21.15.27:50666/0 (socket says 172.21.15.27:50666)
2024-04-25T16:39:25.035 INFO:teuthology.orchestra.run.smithi027.stdout:/usr/bin/ceph: stderr
2024-04-25T16:39:19.974+0000 7fb8ff7fe700 1 -- 172.21.15.27:0/172291506 learned_addr learned my addr 172.21.15.27:0/172291506 (peer_addr_for_me v2:172.21.15.27:0/0)
2024-04-25T16:39:25.035 INFO:teuthology.orchestra.run.smithi027.stdout:/usr/bin/ceph: stderr
2024-04-25T16:39:19.975+0000 7fb8ff7fe700 1 -- 172.21.15.27:0/172291506 --> [v2:172.21.15.27:3300/0,v1:172.21.15.27:6789/0] -- mon_subscribe({config=0+,monmap=0+}) -- 0x7fb90010d250 con 0x7fb90010a8f0
2024-04-25T16:39:25.035 INFO:teuthology.orchestra.run.smithi027.stdout:/usr/bin/ceph: stderr
2024-04-25T16:39:19.975+0000 7fb8ff7fe700 1 --2- 172.21.15.27:0/172291506 >> [v2:172.21.15.27:3300/0,v1:172.21.15.27:6789/0] conn(0x7fb90010a8f0 0x7fb90010cd10 secure :-1 s=READY pgs=43 cs=0 l=1 rev1=1 crypto rx=0x7fb8f00098a0 tx=0x7fb8f0009bb0 comp rx=0 tx=0).ready entity=mon.0 client_cookie=457af75b02205f2c server_cookie=0 in_seq=0 out_seq=0
2024-04-25T16:39:25.035 INFO:teuthology.orchestra.run.smithi027.stdout:/usr/bin/ceph: stderr
2024-04-25T16:39:19.975+0000 7fb8fe7fc700 1 -- 172.21.15.27:0/172291506 <== mon.0 v2:172.21.15.27:3300/0 1 ==== mon_map magic: 0 ==== 205+0+0 (secure 0 0 0) 0x7fb8f0004160 con 0x7fb90010a8f0
2024-04-25T16:39:25.035 INFO:teuthology.orchestra.run.smithi027.stdout:/usr/bin/ceph: stderr
2024-04-25T16:39:19.975+0000 7fb8fe7fc700 1 -- 172.21.15.27:0/172291506 <== mon.0 v2:172.21.15.27:3300/0 2 ==== config(27 keys) ==== 1104+0+0 (secure 0 0 0) 0x7fb8f0004300 con 0x7fb90010a8f0
2024-04-25T16:39:25.035 INFO:teuthology.orchestra.run.smithi027.stdout:/usr/bin/ceph: stderr
2024-04-25T16:39:19.975+0000 7fb8fe7fc700 1 -- 172.21.15.27:0/172291506 <== mon.0 v2:172.21.15.27:3300/0 3 ==== mon_map magic: 0 ==== 205+0+0 (secure 0 0 0) 0x7fb8f0011b20 con 0x7fb90010a8f0
2024-04-25T16:39:25.035 INFO:teuthology.orchestra.run.smithi027.stdout:/usr/bin/ceph: stderr
2024-04-25T16:39:19.976+0000 7fb9060c3700 1 -- 172.21.15.27:0/172291506 >> [v2:172.21.15.27:3300/0,v1:172.21.15.27:6789/0] conn(0x7fb90010a8f0 msgr2=0x7fb90010cd10 secure :-1 s=STATE_CONNECTION_ESTABLISHED l=1).mark_down
2024-04-25T16:39:25.036 INFO:teuthology.orchestra.run.smithi027.stdout:/usr/bin/ceph: stderr
2024-04-25T16:39:19.976+0000 7fb9060c3700 1 --2- 172.21.15.27:0/172291506 >> [v2:172.21.15.27:3300/0,v1:172.21.15.27:6789/0] conn(0x7fb90010a8f0 0x7fb90010cd10 secure :-1 s=READY pgs=43 cs=0 l=1 rev1=1 crypto rx=0x7fb8f00098a0 tx=0x7fb8f0009bb0 comp rx=0 tx=0).stop
2024-04-25T16:39:25.036 INFO:teuthology.orchestra.run.smithi027.stdout:/usr/bin/ceph: stderr
2024-04-25T16:39:19.976+0000 7fb9060c3700 1 -- 172.21.15.27:0/172291506 shutdown_connections
2024-04-25T16:39:25.036 INFO:teuthology.orchestra.run.smithi027.stdout:/usr/bin/ceph: stderr
2024-04-25T16:39:19.976+0000 7fb9060c3700 1 --2- 172.21.15.27:0/172291506 >> [v2:172.21.15.27:3300/0,v1:172.21.15.27:6789/0] conn(0x7fb90010a8f0 0x7fb90010cd10 unknown :-1 s=CLOSED pgs=43 cs=0 l=1 rev1=1 crypto rx=0 tx=0 comp rx=0 tx=0).stop
2024-04-25T16:39:25.036 INFO:teuthology.orchestra.run.smithi027.stdout:/usr/bin/ceph: stderr
2024-04-25T16:39:19.976+0000 7fb9060c3700 1 -- 172.21.15.27:0/172291506 >> 172.21.15.27:0/172291506 conn(0x7fb9001043d0 msgr2=0x7fb900106820 unknown :-1 s=STATE_NONE l=0).mark_down
2024-04-25T16:39:25.036 INFO:teuthology.orchestra.run.smithi027.stdout:/usr/bin/ceph: stderr
2024-04-25T16:39:19.976+0000 7fb9060c3700 1 -- 172.21.15.27:0/172291506 shutdown_connections
2024-04-25T16:39:25.036 INFO:teuthology.orchestra.run.smithi027.stdout:/usr/bin/ceph: stderr
2024-04-25T16:39:19.976+0000 7fb9060c3700 1 -- 172.21.15.27:0/172291506 wait complete.
2024-04-25T16:39:25.036 INFO:teuthology.orchestra.run.smithi027.stdout:/usr/bin/ceph: stderr
2024-04-25T16:39:19.977+0000 7fb9060c3700 1 Processor -- start
2024-04-25T16:39:25.036 INFO:teuthology.orchestra.run.smithi027.stdout:/usr/bin/ceph: stderr
2024-04-25T16:39:19.977+0000 7fb9060c3700 1 -- start start
2024-04-25T16:39:25.036 INFO:teuthology.orchestra.run.smithi027.stdout:/usr/bin/ceph: stderr
2024-04-25T16:39:19.977+0000 7fb9060c3700 1 --2- >> [v2:172.21.15.27:3300/0,v1:172.21.15.27:6789/0] conn(0x7fb90010a8f0 0x7fb90019e170 unknown :-1 s=NONE pgs=0 cs=0 l=1 rev1=0 crypto rx=0 tx=0 comp rx=0 tx=0).connect
2024-04-25T16:39:25.036 INFO:teuthology.orchestra.run.smithi027.stdout:/usr/bin/ceph: stderr
2024-04-25T16:39:19.977+0000 7fb9060c3700 1 -- --> [v2:172.21.15.27:3300/0,v1:172.21.15.27:6789/0] -- mon_getmap magic: 0 -- 0x7fb90010e1b0 con 0x7fb90010a8f0
2024-04-25T16:39:25.036 INFO:teuthology.orchestra.run.smithi027.stdout:/usr/bin/ceph: stderr
2024-04-25T16:39:19.977+0000 7fb8ff7fe700 1 --2- >> [v2:172.21.15.27:3300/0,v1:172.21.15.27:6789/0] conn(0x7fb90010a8f0 0x7fb90019e170 unknown :-1 s=BANNER_CONNECTING pgs=0 cs=0 l=1 rev1=0 crypto rx=0 tx=0 comp rx=0 tx=0)._handle_peer_banner_payload supported=3 required=0
2024-04-25T16:39:25.036 INFO:teuthology.orchestra.run.smithi027.stdout:/usr/bin/ceph: stderr
2024-04-25T16:39:19.977+0000 7fb8ff7fe700 1 --2- >> [v2:172.21.15.27:3300/0,v1:172.21.15.27:6789/0] conn(0x7fb90010a8f0 0x7fb90019e170 unknown :-1 s=HELLO_CONNECTING pgs=0 cs=0 l=1 rev1=1 crypto rx=0 tx=0 comp rx=0 tx=0).handle_hello peer v2:172.21.15.27:3300/0 says I am v2:172.21.15.27:50680/0 (socket says 172.21.15.27:50680)
2024-04-25T16:39:25.036 INFO:teuthology.orchestra.run.smithi027.stdout:/usr/bin/ceph: stderr
2024-04-25T16:39:19.977+0000 7fb8ff7fe700 1 -- 172.21.15.27:0/2366848247 learned_addr learned my addr 172.21.15.27:0/2366848247 (peer_addr_for_me v2:172.21.15.27:0/0)
2024-04-25T16:39:25.037 INFO:teuthology.orchestra.run.smithi027.stdout:/usr/bin/ceph: stderr
2024-04-25T16:39:19.977+0000 7fb8ff7fe700 1 -- 172.21.15.27:0/2366848247 --> [v2:172.21.15.27:3300/0,v1:172.21.15.27:6789/0] -- mon_subscribe({config=0+,monmap=0+}) -- 0x7fb90019e6b0 con 0x7fb90010a8f0
2024-04-25T16:39:25.037 INFO:teuthology.orchestra.run.smithi027.stdout:/usr/bin/ceph: stderr
2024-04-25T16:39:19.978+0000 7fb8ff7fe700 1 --2- 172.21.15.27:0/2366848247 >> [v2:172.21.15.27:3300/0,v1:172.21.15.27:6789/0] conn(0x7fb90010a8f0 0x7fb90019e170 secure :-1 s=READY pgs=44 cs=0 l=1 rev1=1 crypto rx=0x7fb8f0006af0 tx=0x7fb8f0011c10 comp rx=0 tx=0).ready entity=mon.0 client_cookie=0 server_cookie=0 in_seq=0 out_seq=0
2024-04-25T16:39:25.037 INFO:teuthology.orchestra.run.smithi027.stdout:/usr/bin/ceph: stderr
2024-04-25T16:39:19.978+0000 7fb8fcff9700 1 -- 172.21.15.27:0/2366848247 <== mon.0 v2:172.21.15.27:3300/0 1 ==== mon_map magic: 0 ==== 205+0+0 (secure 0 0 0) 0x7fb8f0003930 con 0x7fb90010a8f0
2024-04-25T16:39:25.037 INFO:teuthology.orchestra.run.smithi027.stdout:/usr/bin/ceph: stderr
2024-04-25T16:39:19.978+0000 7fb9060c3700 1 -- 172.21.15.27:0/2366848247 --> [v2:172.21.15.27:3300/0,v1:172.21.15.27:6789/0] -- mon_subscribe({mgrmap=0+}) -- 0x7fb90019e940 con 0x7fb90010a8f0
2024-04-25T16:39:25.037 INFO:teuthology.orchestra.run.smithi027.stdout:/usr/bin/ceph: stderr
2024-04-25T16:39:19.978+0000 7fb8fcff9700 1 -- 172.21.15.27:0/2366848247 <== mon.0 v2:172.21.15.27:3300/0 2 ==== config(27 keys) ==== 1104+0+0 (secure 0 0 0) 0x7fb8f0003ad0 con 0x7fb90010a8f0
2024-04-25T16:39:25.037 INFO:teuthology.orchestra.run.smithi027.stdout:/usr/bin/ceph: stderr
2024-04-25T16:39:19.978+0000 7fb9060c3700 1 -- 172.21.15.27:0/2366848247 --> [v2:172.21.15.27:3300/0,v1:172.21.15.27:6789/0] -- mon_subscribe({osdmap=0}) -- 0x7fb9001a1550 con 0x7fb90010a8f0
2024-04-25T16:39:25.037 INFO:teuthology.orchestra.run.smithi027.stdout:/usr/bin/ceph: stderr
2024-04-25T16:39:19.978+0000 7fb8fcff9700 1 -- 172.21.15.27:0/2366848247 <== mon.0 v2:172.21.15.27:3300/0 3 ==== mon_map magic: 0 ==== 205+0+0 (secure 0 0 0) 0x7fb8f0019610 con 0x7fb90010a8f0
2024-04-25T16:39:25.037 INFO:teuthology.orchestra.run.smithi027.stdout:/usr/bin/ceph: stderr
2024-04-25T16:39:19.979+0000 7fb9060c3700 1 -- 172.21.15.27:0/2366848247 --> [v2:172.21.15.27:3300/0,v1:172.21.15.27:6789/0] -- mon_command({"prefix": "get_command_descriptions"} v 0) -- 0x7fb900064cf0 con 0x7fb90010a8f0
2024-04-25T16:39:25.037 INFO:teuthology.orchestra.run.smithi027.stdout:/usr/bin/ceph: stderr
2024-04-25T16:39:19.979+0000 7fb8fcff9700 1 -- 172.21.15.27:0/2366848247 <== mon.0 v2:172.21.15.27:3300/0 4 ==== mgrmap(e 8) ==== 49516+0+0 (secure 0 0 0) 0x7fb8f0019950 con 0x7fb90010a8f0
2024-04-25T16:39:25.037 INFO:teuthology.orchestra.run.smithi027.stdout:/usr/bin/ceph: stderr
2024-04-25T16:39:19.979+0000 7fb8fcff9700 1 --2- 172.21.15.27:0/2366848247 >> [v2:172.21.15.27:6800/3147840509,v1:172.21.15.27:6801/3147840509] conn(0x7fb8e803d520 0x7fb8e803fa30 unknown :-1 s=NONE pgs=0 cs=0 l=1 rev1=0 crypto rx=0 tx=0 comp rx=0 tx=0).connect
2024-04-25T16:39:25.037 INFO:teuthology.orchestra.run.smithi027.stdout:/usr/bin/ceph: stderr
2024-04-25T16:39:19.979+0000 7fb8fcff9700 1 -- 172.21.15.27:0/2366848247 <== mon.0 v2:172.21.15.27:3300/0 5 ==== osd_map(2..2 src has 1..2) ==== 940+0+0 (secure 0 0 0) 0x7fb8f00528d0 con 0x7fb90010a8f0
2024-04-25T16:39:25.037 INFO:teuthology.orchestra.run.smithi027.stdout:/usr/bin/ceph: stderr
2024-04-25T16:39:19.979+0000 7fb8feffd700 1 --2- 172.21.15.27:0/2366848247 >> [v2:172.21.15.27:6800/3147840509,v1:172.21.15.27:6801/3147840509] conn(0x7fb8e803d520 0x7fb8e803fa30 unknown :-1 s=BANNER_CONNECTING pgs=0 cs=0 l=1 rev1=0 crypto rx=0 tx=0 comp rx=0 tx=0)._handle_peer_banner_payload supported=3 required=0
2024-04-25T16:39:25.037 INFO:teuthology.orchestra.run.smithi027.stdout:/usr/bin/ceph: stderr
2024-04-25T16:39:19.980+0000 7fb8feffd700 1 --2- 172.21.15.27:0/2366848247 >> [v2:172.21.15.27:6800/3147840509,v1:172.21.15.27:6801/3147840509] conn(0x7fb8e803d520 0x7fb8e803fa30 secure :-1 s=READY pgs=11 cs=0 l=1 rev1=1 crypto rx=0x7fb8f4006fd0 tx=0x7fb8f4006e40 comp rx=0 tx=0).ready entity=mgr.14118 client_cookie=0 server_cookie=0 in_seq=0 out_seq=0
2024-04-25T16:39:25.038 INFO:teuthology.orchestra.run.smithi027.stdout:/usr/bin/ceph: stderr
2024-04-25T16:39:19.984+0000 7fb8fcff9700 1 -- 172.21.15.27:0/2366848247 <== mon.0 v2:172.21.15.27:3300/0 6 ==== mon_command_ack([{"prefix": "get_command_descriptions"}]=0 v0) ==== 72+0+188370 (secure 0 0 0) 0x7fb8f0011e20 con 0x7fb90010a8f0
2024-04-25T16:39:25.038 INFO:teuthology.orchestra.run.smithi027.stdout:/usr/bin/ceph: stderr
2024-04-25T16:39:20.203+0000 7fb9060c3700 1 -- 172.21.15.27:0/2366848247 --> [v2:172.21.15.27:6800/3147840509,v1:172.21.15.27:6801/3147840509] -- mgr_command(tid 0: {"prefix": "orch host add", "hostname": "smithi027", "addr": "172.21.15.27", "target": ["mon-mgr", ""]}) -- 0x7fb900106360 con 0x7fb8e803d520
2024-04-25T16:39:25.038 INFO:teuthology.orchestra.run.smithi027.stdout:/usr/bin/ceph: stderr
2024-04-25T16:39:24.452+0000 7fb8fcff9700 1 -- 172.21.15.27:0/2366848247 <== mgr.14118 v2:172.21.15.27:6800/3147840509 1 ==== mgr_command_reply(tid 0: 0 ) ==== 8+0+48 (secure 0 0 0) 0x7fb900106360 con 0x7fb8e803d520
2024-04-25T16:39:25.038 INFO:teuthology.orchestra.run.smithi027.stdout:/usr/bin/ceph: stderr
2024-04-25T16:39:24.455+0000 7fb9060c3700 1 -- 172.21.15.27:0/2366848247 >> [v2:172.21.15.27:6800/3147840509,v1:172.21.15.27:6801/3147840509] conn(0x7fb8e803d520 msgr2=0x7fb8e803fa30 secure :-1 s=STATE_CONNECTION_ESTABLISHED l=1).mark_down
2024-04-25T16:39:25.038 INFO:teuthology.orchestra.run.smithi027.stdout:/usr/bin/ceph: stderr
2024-04-25T16:39:24.455+0000 7fb9060c3700 1 --2- 172.21.15.27:0/2366848247 >> [v2:172.21.15.27:6800/3147840509,v1:172.21.15.27:6801/3147840509] conn(0x7fb8e803d520 0x7fb8e803fa30 secure :-1 s=READY pgs=11 cs=0 l=1 rev1=1 crypto rx=0x7fb8f4006fd0 tx=0x7fb8f4006e40 comp rx=0 tx=0).stop
2024-04-25T16:39:25.038 INFO:teuthology.orchestra.run.smithi027.stdout:/usr/bin/ceph: stderr
2024-04-25T16:39:24.455+0000 7fb9060c3700 1 -- 172.21.15.27:0/2366848247 >> [v2:172.21.15.27:3300/0,v1:172.21.15.27:6789/0] conn(0x7fb90010a8f0 msgr2=0x7fb90019e170 secure :-1 s=STATE_CONNECTION_ESTABLISHED l=1).mark_down
2024-04-25T16:39:25.038 INFO:teuthology.orchestra.run.smithi027.stdout:/usr/bin/ceph: stderr
2024-04-25T16:39:24.455+0000 7fb9060c3700 1 --2- 172.21.15.27:0/2366848247 >> [v2:172.21.15.27:3300/0,v1:172.21.15.27:6789/0] conn(0x7fb90010a8f0 0x7fb90019e170 secure :-1 s=READY pgs=44 cs=0 l=1 rev1=1 crypto rx=0x7fb8f0006af0 tx=0x7fb8f0011c10 comp rx=0 tx=0).stop
2024-04-25T16:39:25.038 INFO:teuthology.orchestra.run.smithi027.stdout:/usr/bin/ceph: stderr
2024-04-25T16:39:24.455+0000 7fb9060c3700 1 -- 172.21.15.27:0/2366848247 shutdown_connections
2024-04-25T16:39:25.038 INFO:teuthology.orchestra.run.smithi027.stdout:/usr/bin/ceph: stderr
2024-04-25T16:39:24.455+0000 7fb9060c3700 1 --2- 172.21.15.27:0/2366848247 >> [v2:172.21.15.27:6800/3147840509,v1:172.21.15.27:6801/3147840509] conn(0x7fb8e803d520 0x7fb8e803fa30 unknown :-1 s=CLOSED pgs=11 cs=0 l=1 rev1=1 crypto rx=0 tx=0 comp rx=0 tx=0).stop
2024-04-25T16:39:25.038 INFO:teuthology.orchestra.run.smithi027.stdout:/usr/bin/ceph: stderr
2024-04-25T16:39:24.455+0000 7fb9060c3700 1 --2- 172.21.15.27:0/2366848247 >> [v2:172.21.15.27:3300/0,v1:172.21.15.27:6789/0] conn(0x7fb90010a8f0 0x7fb90019e170 unknown :-1 s=CLOSED pgs=44 cs=0 l=1 rev1=1 crypto rx=0 tx=0 comp rx=0 tx=0).stop
2024-04-25T16:39:25.038 INFO:teuthology.orchestra.run.smithi027.stdout:/usr/bin/ceph: stderr
2024-04-25T16:39:24.455+0000 7fb9060c3700 1 -- 172.21.15.27:0/2366848247 >> 172.21.15.27:0/2366848247 conn(0x7fb9001043d0 msgr2=0x7fb900105c50 unknown :-1 s=STATE_NONE l=0).mark_down
2024-04-25T16:39:25.038 INFO:teuthology.orchestra.run.smithi027.stdout:/usr/bin/ceph: stderr
2024-04-25T16:39:24.456+0000 7fb9060c3700 1 -- 172.21.15.27:0/2366848247 shutdown_connections
2024-04-25T16:39:25.038 INFO:teuthology.orchestra.run.smithi027.stdout:/usr/bin/ceph: stderr
2024-04-25T16:39:24.456+0000 7fb9060c3700 1 -- 172.21.15.27:0/2366848247 wait complete.
2024-04-25T16:39:25.039 INFO:teuthology.orchestra.run.smithi027.stdout:Deploying unmanaged mon service...
2024-04-25T16:39:25.700 INFO:journalctl@ceph.mon.a.smithi027.stdout:Apr 25 16:39:25 smithi027 ceph-mon[29133]: from='mgr.14118 172.21.15.27:0/3465185652' entity='mgr.x'
2024-04-25T16:39:25.700 INFO:journalctl@ceph.mon.a.smithi027.stdout:Apr 25 16:39:25 smithi027 ceph-mon[29133]: Added host smithi027
2024-04-25T16:39:25.700 INFO:journalctl@ceph.mon.a.smithi027.stdout:Apr 25 16:39:25 smithi027 ceph-mon[29133]: from='mgr.14118 172.21.15.27:0/3465185652' entity='mgr.x' cmd=[{"prefix": "config dump", "format": "json"}]: dispatch
2024-04-25T16:39:26.303 INFO:teuthology.orchestra.run.smithi027.stdout:/usr/bin/ceph: stdout Scheduled mon update...
2024-04-25T16:39:26.303 INFO:teuthology.orchestra.run.smithi027.stdout:/usr/bin/ceph: stderr
2024-04-25T16:39:25.472+0000 7f28e6918700 1 Processor -- start
2024-04-25T16:39:26.303 INFO:teuthology.orchestra.run.smithi027.stdout:/usr/bin/ceph: stderr
2024-04-25T16:39:25.472+0000 7f28e6918700 1 -- start start
2024-04-25T16:39:26.303 INFO:teuthology.orchestra.run.smithi027.stdout:/usr/bin/ceph: stderr
2024-04-25T16:39:25.472+0000 7f28e6918700 1 --2- >> [v2:172.21.15.27:3300/0,v1:172.21.15.27:6789/0] conn(0x7f28e007d570 0x7f28e010c910 unknown :-1 s=NONE pgs=0 cs=0 l=0 rev1=0 crypto rx=0 tx=0 comp rx=0 tx=0).connect
2024-04-25T16:39:26.303 INFO:teuthology.orchestra.run.smithi027.stdout:/usr/bin/ceph: stderr
2024-04-25T16:39:25.472+0000 7f28e6918700 1 -- --> [v2:172.21.15.27:3300/0,v1:172.21.15.27:6789/0] -- mon_getmap magic: 0 -- 0x7f28e010cf20 con 0x7f28e007d570
2024-04-25T16:39:26.303 INFO:teuthology.orchestra.run.smithi027.stdout:/usr/bin/ceph: stderr
2024-04-25T16:39:25.473+0000 7f28dffff700 1 --2- >> [v2:172.21.15.27:3300/0,v1:172.21.15.27:6789/0] conn(0x7f28e007d570 0x7f28e010c910 unknown :-1 s=BANNER_CONNECTING pgs=0 cs=0 l=0 rev1=0 crypto rx=0 tx=0 comp rx=0 tx=0)._handle_peer_banner_payload supported=3 required=0
2024-04-25T16:39:26.303 INFO:teuthology.orchestra.run.smithi027.stdout:/usr/bin/ceph: stderr
2024-04-25T16:39:25.473+0000 7f28dffff700 1 --2- >> [v2:172.21.15.27:3300/0,v1:172.21.15.27:6789/0] conn(0x7f28e007d570 0x7f28e010c910 unknown :-1 s=HELLO_CONNECTING pgs=0 cs=0 l=0 rev1=1 crypto rx=0 tx=0 comp rx=0 tx=0).handle_hello peer v2:172.21.15.27:3300/0 says I am v2:172.21.15.27:50696/0 (socket says 172.21.15.27:50696)
2024-04-25T16:39:26.303 INFO:teuthology.orchestra.run.smithi027.stdout:/usr/bin/ceph: stderr
2024-04-25T16:39:25.473+0000 7f28dffff700 1 -- 172.21.15.27:0/898548850 learned_addr learned my addr 172.21.15.27:0/898548850 (peer_addr_for_me v2:172.21.15.27:0/0)
2024-04-25T16:39:26.303 INFO:teuthology.orchestra.run.smithi027.stdout:/usr/bin/ceph: stderr
2024-04-25T16:39:25.473+0000 7f28dffff700 1 -- 172.21.15.27:0/898548850 --> [v2:172.21.15.27:3300/0,v1:172.21.15.27:6789/0] -- mon_subscribe({config=0+,monmap=0+}) -- 0x7f28e010d0a0 con 0x7f28e007d570
2024-04-25T16:39:26.304 INFO:teuthology.orchestra.run.smithi027.stdout:/usr/bin/ceph: stderr
2024-04-25T16:39:25.473+0000 7f28dffff700 1 --2- 172.21.15.27:0/898548850 >> [v2:172.21.15.27:3300/0,v1:172.21.15.27:6789/0] conn(0x7f28e007d570 0x7f28e010c910 secure :-1 s=READY pgs=45 cs=0 l=1 rev1=1 crypto rx=0x7f28d00098a0 tx=0x7f28d0009bb0 comp rx=0 tx=0).ready entity=mon.0 client_cookie=64c348100e54b43a server_cookie=0 in_seq=0 out_seq=0
2024-04-25T16:39:26.304 INFO:teuthology.orchestra.run.smithi027.stdout:/usr/bin/ceph: stderr
2024-04-25T16:39:25.473+0000 7f28deffd700 1 -- 172.21.15.27:0/898548850 <== mon.0 v2:172.21.15.27:3300/0 1 ==== mon_map magic: 0 ==== 205+0+0 (secure 0 0 0) 0x7f28d0004160 con 0x7f28e007d570
2024-04-25T16:39:26.304 INFO:teuthology.orchestra.run.smithi027.stdout:/usr/bin/ceph: stderr
2024-04-25T16:39:25.473+0000 7f28deffd700 1 -- 172.21.15.27:0/898548850 <== mon.0 v2:172.21.15.27:3300/0 2 ==== config(27 keys) ==== 1104+0+0 (secure 0 0 0) 0x7f28d0004300 con 0x7f28e007d570
2024-04-25T16:39:26.304 INFO:teuthology.orchestra.run.smithi027.stdout:/usr/bin/ceph: stderr
2024-04-25T16:39:25.473+0000 7f28deffd700 1 -- 172.21.15.27:0/898548850 <== mon.0 v2:172.21.15.27:3300/0 3 ==== mon_map magic: 0 ==== 205+0+0 (secure 0 0 0) 0x7f28d0011b20 con 0x7f28e007d570
2024-04-25T16:39:26.304 INFO:teuthology.orchestra.run.smithi027.stdout:/usr/bin/ceph: stderr
2024-04-25T16:39:25.474+0000 7f28e6918700 1 -- 172.21.15.27:0/898548850 >> [v2:172.21.15.27:3300/0,v1:172.21.15.27:6789/0] conn(0x7f28e007d570 msgr2=0x7f28e010c910 secure :-1 s=STATE_CONNECTION_ESTABLISHED l=1).mark_down
2024-04-25T16:39:26.304 INFO:teuthology.orchestra.run.smithi027.stdout:/usr/bin/ceph: stderr
2024-04-25T16:39:25.474+0000 7f28e6918700 1 --2- 172.21.15.27:0/898548850 >> [v2:172.21.15.27:3300/0,v1:172.21.15.27:6789/0] conn(0x7f28e007d570 0x7f28e010c910 secure :-1 s=READY pgs=45 cs=0 l=1 rev1=1 crypto rx=0x7f28d00098a0 tx=0x7f28d0009bb0 comp rx=0 tx=0).stop
2024-04-25T16:39:26.304 INFO:teuthology.orchestra.run.smithi027.stdout:/usr/bin/ceph: stderr
2024-04-25T16:39:25.474+0000 7f28e6918700 1 -- 172.21.15.27:0/898548850 shutdown_connections
2024-04-25T16:39:26.304 INFO:teuthology.orchestra.run.smithi027.stdout:/usr/bin/ceph: stderr
2024-04-25T16:39:25.474+0000 7f28e6918700 1 --2- 172.21.15.27:0/898548850 >> [v2:172.21.15.27:3300/0,v1:172.21.15.27:6789/0] conn(0x7f28e007d570 0x7f28e010c910 unknown :-1 s=CLOSED pgs=45 cs=0 l=1 rev1=1 crypto rx=0 tx=0 comp rx=0 tx=0).stop
2024-04-25T16:39:26.305 INFO:teuthology.orchestra.run.smithi027.stdout:/usr/bin/ceph: stderr
2024-04-25T16:39:25.474+0000 7f28e6918700 1 -- 172.21.15.27:0/898548850 >> 172.21.15.27:0/898548850 conn(0x7f28e01043c0 msgr2=0x7f28e0106810 unknown :-1 s=STATE_NONE l=0).mark_down
2024-04-25T16:39:26.305 INFO:teuthology.orchestra.run.smithi027.stdout:/usr/bin/ceph: stderr
2024-04-25T16:39:25.474+0000 7f28e6918700 1 -- 172.21.15.27:0/898548850 shutdown_connections
2024-04-25T16:39:26.305 INFO:teuthology.orchestra.run.smithi027.stdout:/usr/bin/ceph: stderr
2024-04-25T16:39:25.474+0000 7f28e6918700 1 -- 172.21.15.27:0/898548850 wait complete.
2024-04-25T16:39:26.305 INFO:teuthology.orchestra.run.smithi027.stdout:/usr/bin/ceph: stderr
2024-04-25T16:39:25.475+0000 7f28e6918700 1 Processor -- start
2024-04-25T16:39:26.305 INFO:teuthology.orchestra.run.smithi027.stdout:/usr/bin/ceph: stderr
2024-04-25T16:39:25.475+0000 7f28e6918700 1 -- start start
2024-04-25T16:39:26.305 INFO:teuthology.orchestra.run.smithi027.stdout:/usr/bin/ceph: stderr
2024-04-25T16:39:25.475+0000 7f28e6918700 1 --2- >> [v2:172.21.15.27:3300/0,v1:172.21.15.27:6789/0] conn(0x7f28e007d570 0x7f28e019e140 unknown :-1 s=NONE pgs=0 cs=0 l=1 rev1=0 crypto rx=0 tx=0 comp rx=0 tx=0).connect
2024-04-25T16:39:26.305 INFO:teuthology.orchestra.run.smithi027.stdout:/usr/bin/ceph: stderr
2024-04-25T16:39:25.475+0000 7f28e6918700 1 -- --> [v2:172.21.15.27:3300/0,v1:172.21.15.27:6789/0] -- mon_getmap magic: 0 -- 0x7f28e010e180 con 0x7f28e007d570
2024-04-25T16:39:26.305 INFO:teuthology.orchestra.run.smithi027.stdout:/usr/bin/ceph: stderr
2024-04-25T16:39:25.475+0000 7f28dffff700 1 --2- >> [v2:172.21.15.27:3300/0,v1:172.21.15.27:6789/0] conn(0x7f28e007d570 0x7f28e019e140 unknown :-1 s=BANNER_CONNECTING pgs=0 cs=0 l=1 rev1=0 crypto rx=0 tx=0 comp rx=0 tx=0)._handle_peer_banner_payload supported=3 required=0
2024-04-25T16:39:26.305 INFO:teuthology.orchestra.run.smithi027.stdout:/usr/bin/ceph: stderr
2024-04-25T16:39:25.475+0000 7f28dffff700 1 --2- >> [v2:172.21.15.27:3300/0,v1:172.21.15.27:6789/0] conn(0x7f28e007d570 0x7f28e019e140 unknown :-1 s=HELLO_CONNECTING pgs=0 cs=0 l=1 rev1=1 crypto rx=0 tx=0 comp rx=0 tx=0).handle_hello peer v2:172.21.15.27:3300/0 says I am v2:172.21.15.27:50704/0 (socket says 172.21.15.27:50704)
2024-04-25T16:39:26.305 INFO:teuthology.orchestra.run.smithi027.stdout:/usr/bin/ceph: stderr
2024-04-25T16:39:25.475+0000 7f28dffff700 1 -- 172.21.15.27:0/2505489048 learned_addr learned my addr 172.21.15.27:0/2505489048 (peer_addr_for_me v2:172.21.15.27:0/0)
2024-04-25T16:39:26.305 INFO:teuthology.orchestra.run.smithi027.stdout:/usr/bin/ceph: stderr
2024-04-25T16:39:25.476+0000 7f28dffff700 1 -- 172.21.15.27:0/2505489048 --> [v2:172.21.15.27:3300/0,v1:172.21.15.27:6789/0] -- mon_subscribe({config=0+,monmap=0+}) -- 0x7f28e019e680 con 0x7f28e007d570
2024-04-25T16:39:26.305 INFO:teuthology.orchestra.run.smithi027.stdout:/usr/bin/ceph: stderr
2024-04-25T16:39:25.476+0000 7f28dffff700 1 --2- 172.21.15.27:0/2505489048 >> [v2:172.21.15.27:3300/0,v1:172.21.15.27:6789/0] conn(0x7f28e007d570 0x7f28e019e140 secure :-1 s=READY pgs=46 cs=0 l=1 rev1=1 crypto rx=0x7f28d0006af0 tx=0x7f28d0011ce0 comp rx=0 tx=0).ready entity=mon.0 client_cookie=0 server_cookie=0 in_seq=0 out_seq=0
2024-04-25T16:39:26.306 INFO:teuthology.orchestra.run.smithi027.stdout:/usr/bin/ceph: stderr
2024-04-25T16:39:25.476+0000 7f28dd7fa700 1 -- 172.21.15.27:0/2505489048 <== mon.0 v2:172.21.15.27:3300/0 1 ==== mon_map magic: 0 ==== 205+0+0 (secure 0 0 0) 0x7f28d0003b90 con 0x7f28e007d570
2024-04-25T16:39:26.306 INFO:teuthology.orchestra.run.smithi027.stdout:/usr/bin/ceph: stderr
2024-04-25T16:39:25.476+0000 7f28dd7fa700 1 -- 172.21.15.27:0/2505489048 <== mon.0 v2:172.21.15.27:3300/0 2 ==== config(27 keys) ==== 1104+0+0 (secure 0 0 0) 0x7f28d0003d30 con 0x7f28e007d570
2024-04-25T16:39:26.306 INFO:teuthology.orchestra.run.smithi027.stdout:/usr/bin/ceph: stderr
2024-04-25T16:39:25.476+0000 7f28e6918700 1 -- 172.21.15.27:0/2505489048 --> [v2:172.21.15.27:3300/0,v1:172.21.15.27:6789/0] -- mon_subscribe({mgrmap=0+}) -- 0x7f28e019e910 con 0x7f28e007d570
2024-04-25T16:39:26.306 INFO:teuthology.orchestra.run.smithi027.stdout:/usr/bin/ceph: stderr
2024-04-25T16:39:25.476+0000 7f28dd7fa700 1 -- 172.21.15.27:0/2505489048 <== mon.0 v2:172.21.15.27:3300/0 3 ==== mon_map magic: 0 ==== 205+0+0 (secure 0 0 0) 0x7f28d00197c0 con 0x7f28e007d570
2024-04-25T16:39:26.306 INFO:teuthology.orchestra.run.smithi027.stdout:/usr/bin/ceph: stderr
2024-04-25T16:39:25.476+0000 7f28e6918700 1 -- 172.21.15.27:0/2505489048 --> [v2:172.21.15.27:3300/0,v1:172.21.15.27:6789/0] -- mon_subscribe({osdmap=0}) -- 0x7f28e01a1520 con 0x7f28e007d570
2024-04-25T16:39:26.306 INFO:teuthology.orchestra.run.smithi027.stdout:/usr/bin/ceph: stderr
2024-04-25T16:39:25.477+0000 7f28dd7fa700 1 -- 172.21.15.27:0/2505489048 <== mon.0 v2:172.21.15.27:3300/0 4 ==== mgrmap(e 8) ==== 49516+0+0 (secure 0 0 0) 0x7f28d0022020 con 0x7f28e007d570
2024-04-25T16:39:26.306 INFO:teuthology.orchestra.run.smithi027.stdout:/usr/bin/ceph: stderr
2024-04-25T16:39:25.477+0000 7f28dd7fa700 1 --2- 172.21.15.27:0/2505489048 >> [v2:172.21.15.27:6800/3147840509,v1:172.21.15.27:6801/3147840509] conn(0x7f28c803d5c0 0x7f28c803fad0 unknown :-1 s=NONE pgs=0 cs=0 l=1 rev1=0 crypto rx=0 tx=0 comp rx=0 tx=0).connect
2024-04-25T16:39:26.306 INFO:teuthology.orchestra.run.smithi027.stdout:/usr/bin/ceph: stderr
2024-04-25T16:39:25.477+0000 7f28dd7fa700 1 -- 172.21.15.27:0/2505489048 <== mon.0 v2:172.21.15.27:3300/0 5 ==== osd_map(2..2 src has 1..2) ==== 940+0+0 (secure 0 0 0) 0x7f28d0053760 con 0x7f28e007d570
2024-04-25T16:39:26.306 INFO:teuthology.orchestra.run.smithi027.stdout:/usr/bin/ceph: stderr
2024-04-25T16:39:25.477+0000 7f28e6918700 1 -- 172.21.15.27:0/2505489048 --> [v2:172.21.15.27:3300/0,v1:172.21.15.27:6789/0] -- mon_command({"prefix": "get_command_descriptions"} v 0) -- 0x7f28e019ed70 con 0x7f28e007d570
2024-04-25T16:39:26.306 INFO:teuthology.orchestra.run.smithi027.stdout:/usr/bin/ceph: stderr
2024-04-25T16:39:25.477+0000 7f28df7fe700 1 --2- 172.21.15.27:0/2505489048 >> [v2:172.21.15.27:6800/3147840509,v1:172.21.15.27:6801/3147840509] conn(0x7f28c803d5c0 0x7f28c803fad0 unknown :-1 s=BANNER_CONNECTING pgs=0 cs=0 l=1 rev1=0 crypto rx=0 tx=0 comp rx=0 tx=0)._handle_peer_banner_payload supported=3 required=0
2024-04-25T16:39:26.306 INFO:teuthology.orchestra.run.smithi027.stdout:/usr/bin/ceph: stderr
2024-04-25T16:39:25.478+0000 7f28df7fe700 1 --2- 172.21.15.27:0/2505489048 >> [v2:172.21.15.27:6800/3147840509,v1:172.21.15.27:6801/3147840509] conn(0x7f28c803d5c0 0x7f28c803fad0 secure :-1 s=READY pgs=12 cs=0 l=1 rev1=1 crypto rx=0x7f28d4006fd0 tx=0x7f28d4006e40 comp rx=0 tx=0).ready entity=mgr.14118 client_cookie=0 server_cookie=0 in_seq=0 out_seq=0
2024-04-25T16:39:26.306 INFO:teuthology.orchestra.run.smithi027.stdout:/usr/bin/ceph: stderr
2024-04-25T16:39:25.483+0000 7f28dd7fa700 1 -- 172.21.15.27:0/2505489048 <== mon.0 v2:172.21.15.27:3300/0 6 ==== mon_command_ack([{"prefix": "get_command_descriptions"}]=0 v0) ==== 72+0+188370 (secure 0 0 0) 0x7f28d0018350 con 0x7f28e007d570
2024-04-25T16:39:26.307 INFO:teuthology.orchestra.run.smithi027.stdout:/usr/bin/ceph: stderr
2024-04-25T16:39:25.710+0000 7f28e6918700 1 -- 172.21.15.27:0/2505489048 --> [v2:172.21.15.27:6800/3147840509,v1:172.21.15.27:6801/3147840509] -- mgr_command(tid 0: {"prefix": "orch apply", "service_type": "mon", "unmanaged": true, "target": ["mon-mgr", ""]}) -- 0x7f28e0106410 con 0x7f28c803d5c0
2024-04-25T16:39:26.307 INFO:teuthology.orchestra.run.smithi027.stdout:/usr/bin/ceph: stderr
2024-04-25T16:39:25.715+0000 7f28dd7fa700 1 -- 172.21.15.27:0/2505489048 <== mgr.14118 v2:172.21.15.27:6800/3147840509 1 ==== mgr_command_reply(tid 0: 0 ) ==== 8+0+24 (secure 0 0 0) 0x7f28e0106410 con 0x7f28c803d5c0
2024-04-25T16:39:26.307 INFO:teuthology.orchestra.run.smithi027.stdout:/usr/bin/ceph: stderr
2024-04-25T16:39:25.718+0000 7f28e6918700 1 -- 172.21.15.27:0/2505489048 >> [v2:172.21.15.27:6800/3147840509,v1:172.21.15.27:6801/3147840509] conn(0x7f28c803d5c0 msgr2=0x7f28c803fad0 secure :-1 s=STATE_CONNECTION_ESTABLISHED l=1).mark_down
2024-04-25T16:39:26.307 INFO:teuthology.orchestra.run.smithi027.stdout:/usr/bin/ceph: stderr
2024-04-25T16:39:25.718+0000 7f28e6918700 1 --2- 172.21.15.27:0/2505489048 >> [v2:172.21.15.27:6800/3147840509,v1:172.21.15.27:6801/3147840509] conn(0x7f28c803d5c0 0x7f28c803fad0 secure :-1 s=READY pgs=12 cs=0 l=1 rev1=1 crypto rx=0x7f28d4006fd0 tx=0x7f28d4006e40 comp rx=0 tx=0).stop
2024-04-25T16:39:26.307 INFO:teuthology.orchestra.run.smithi027.stdout:/usr/bin/ceph: stderr
2024-04-25T16:39:25.718+0000 7f28e6918700 1 -- 172.21.15.27:0/2505489048 >> [v2:172.21.15.27:3300/0,v1:172.21.15.27:6789/0] conn(0x7f28e007d570 msgr2=0x7f28e019e140 secure :-1 s=STATE_CONNECTION_ESTABLISHED l=1).mark_down
2024-04-25T16:39:26.307 INFO:teuthology.orchestra.run.smithi027.stdout:/usr/bin/ceph: stderr
2024-04-25T16:39:25.718+0000 7f28e6918700 1 --2- 172.21.15.27:0/2505489048 >> [v2:172.21.15.27:3300/0,v1:172.21.15.27:6789/0] conn(0x7f28e007d570 0x7f28e019e140 secure :-1 s=READY pgs=46 cs=0 l=1 rev1=1 crypto rx=0x7f28d0006af0 tx=0x7f28d0011ce0 comp rx=0 tx=0).stop
2024-04-25T16:39:26.307 INFO:teuthology.orchestra.run.smithi027.stdout:/usr/bin/ceph: stderr
2024-04-25T16:39:25.718+0000 7f28e6918700 1 -- 172.21.15.27:0/2505489048 shutdown_connections
2024-04-25T16:39:26.307 INFO:teuthology.orchestra.run.smithi027.stdout:/usr/bin/ceph: stderr
2024-04-25T16:39:25.718+0000 7f28e6918700 1 --2- 172.21.15.27:0/2505489048 >> [v2:172.21.15.27:6800/3147840509,v1:172.21.15.27:6801/3147840509] conn(0x7f28c803d5c0 0x7f28c803fad0 unknown :-1 s=CLOSED pgs=12 cs=0 l=1 rev1=1 crypto rx=0 tx=0 comp rx=0 tx=0).stop
2024-04-25T16:39:26.307 INFO:teuthology.orchestra.run.smithi027.stdout:/usr/bin/ceph: stderr
2024-04-25T16:39:25.718+0000 7f28e6918700 1 --2- 172.21.15.27:0/2505489048 >> [v2:172.21.15.27:3300/0,v1:172.21.15.27:6789/0] conn(0x7f28e007d570 0x7f28e019e140 unknown :-1 s=CLOSED pgs=46 cs=0 l=1 rev1=1 crypto rx=0 tx=0 comp rx=0 tx=0).stop
2024-04-25T16:39:26.307 INFO:teuthology.orchestra.run.smithi027.stdout:/usr/bin/ceph: stderr
2024-04-25T16:39:25.718+0000 7f28e6918700 1 -- 172.21.15.27:0/2505489048 >> 172.21.15.27:0/2505489048 conn(0x7f28e01043c0 msgr2=0x7f28e0105d00 unknown :-1 s=STATE_NONE l=0).mark_down
2024-04-25T16:39:26.307 INFO:teuthology.orchestra.run.smithi027.stdout:/usr/bin/ceph: stderr
2024-04-25T16:39:25.718+0000 7f28e6918700 1 -- 172.21.15.27:0/2505489048 shutdown_connections
2024-04-25T16:39:26.307 INFO:teuthology.orchestra.run.smithi027.stdout:/usr/bin/ceph: stderr
2024-04-25T16:39:25.718+0000 7f28e6918700 1 -- 172.21.15.27:0/2505489048 wait complete.
2024-04-25T16:39:26.307 INFO:teuthology.orchestra.run.smithi027.stdout:Deploying unmanaged mgr service...
2024-04-25T16:39:26.881 INFO:journalctl@ceph.mon.a.smithi027.stdout:Apr 25 16:39:26 smithi027 ceph-mon[29133]: from='client.14140 -' entity='client.admin' cmd=[{"prefix": "orch apply", "service_type": "mon", "unmanaged": true, "target": ["mon-mgr", ""]}]: dispatch
2024-04-25T16:39:26.882 INFO:journalctl@ceph.mon.a.smithi027.stdout:Apr 25 16:39:26 smithi027 ceph-mon[29133]: Saving service mon spec with placement count:5
2024-04-25T16:39:26.882 INFO:journalctl@ceph.mon.a.smithi027.stdout:Apr 25 16:39:26 smithi027 ceph-mon[29133]: from='mgr.14118 172.21.15.27:0/3465185652' entity='mgr.x'
2024-04-25T16:39:28.565 INFO:journalctl@ceph.mon.a.smithi027.stdout:Apr 25 16:39:28 smithi027 ceph-mon[29133]: from='mgr.14118 172.21.15.27:0/3465185652' entity='mgr.x'
2024-04-25T16:39:28.565 INFO:journalctl@ceph.mon.a.smithi027.stdout:Apr 25 16:39:28 smithi027 ceph-mon[29133]: from='mgr.14118 172.21.15.27:0/3465185652' entity='mgr.x'
2024-04-25T16:39:28.565 INFO:journalctl@ceph.mon.a.smithi027.stdout:Apr 25 16:39:28 smithi027 ceph-mon[29133]: from='mgr.14118 172.21.15.27:0/3465185652' entity='mgr.x'
2024-04-25T16:39:28.572 INFO:teuthology.orchestra.run.smithi027.stdout:/usr/bin/ceph: stdout Scheduled mgr update...
2024-04-25T16:39:28.572 INFO:teuthology.orchestra.run.smithi027.stdout:/usr/bin/ceph: stderr
2024-04-25T16:39:27.746+0000 7efebd651700 1 Processor -- start
2024-04-25T16:39:28.573 INFO:teuthology.orchestra.run.smithi027.stdout:/usr/bin/ceph: stderr
2024-04-25T16:39:27.746+0000 7efebd651700 1 -- start start
2024-04-25T16:39:28.573 INFO:teuthology.orchestra.run.smithi027.stdout:/usr/bin/ceph: stderr
2024-04-25T16:39:27.746+0000 7efebd651700 1 --2- >> [v2:172.21.15.27:3300/0,v1:172.21.15.27:6789/0] conn(0x7efeb807cca0 0x7efeb810c980 unknown :-1 s=NONE pgs=0 cs=0 l=0 rev1=0 crypto rx=0 tx=0 comp rx=0 tx=0).connect
2024-04-25T16:39:28.573 INFO:teuthology.orchestra.run.smithi027.stdout:/usr/bin/ceph: stderr
2024-04-25T16:39:27.746+0000 7efebd651700 1 -- --> [v2:172.21.15.27:3300/0,v1:172.21.15.27:6789/0] -- mon_getmap magic: 0 -- 0x7efeb810cf50 con 0x7efeb807cca0
2024-04-25T16:39:28.573 INFO:teuthology.orchestra.run.smithi027.stdout:/usr/bin/ceph: stderr
2024-04-25T16:39:27.746+0000 7efeb6ffd700 1 --2- >> [v2:172.21.15.27:3300/0,v1:172.21.15.27:6789/0] conn(0x7efeb807cca0 0x7efeb810c980 unknown :-1 s=BANNER_CONNECTING pgs=0 cs=0 l=0 rev1=0 crypto rx=0 tx=0 comp rx=0 tx=0)._handle_peer_banner_payload supported=3 required=0
2024-04-25T16:39:28.573 INFO:teuthology.orchestra.run.smithi027.stdout:/usr/bin/ceph: stderr
2024-04-25T16:39:27.746+0000 7efeb6ffd700 1 --2- >> [v2:172.21.15.27:3300/0,v1:172.21.15.27:6789/0] conn(0x7efeb807cca0 0x7efeb810c980 unknown :-1 s=HELLO_CONNECTING pgs=0 cs=0 l=0 rev1=1 crypto rx=0 tx=0 comp rx=0 tx=0).handle_hello peer v2:172.21.15.27:3300/0 says I am v2:172.21.15.27:48970/0 (socket says 172.21.15.27:48970)
2024-04-25T16:39:28.573 INFO:teuthology.orchestra.run.smithi027.stdout:/usr/bin/ceph: stderr
2024-04-25T16:39:27.746+0000 7efeb6ffd700 1 -- 172.21.15.27:0/1697483903 learned_addr learned my addr 172.21.15.27:0/1697483903 (peer_addr_for_me v2:172.21.15.27:0/0)
2024-04-25T16:39:28.573 INFO:teuthology.orchestra.run.smithi027.stdout:/usr/bin/ceph: stderr
2024-04-25T16:39:27.747+0000 7efeb6ffd700 1 -- 172.21.15.27:0/1697483903 --> [v2:172.21.15.27:3300/0,v1:172.21.15.27:6789/0] -- mon_subscribe({config=0+,monmap=0+}) -- 0x7efeb810d0d0 con 0x7efeb807cca0
2024-04-25T16:39:28.573 INFO:teuthology.orchestra.run.smithi027.stdout:/usr/bin/ceph: stderr
2024-04-25T16:39:27.747+0000 7efeb6ffd700 1 --2- 172.21.15.27:0/1697483903 >> [v2:172.21.15.27:3300/0,v1:172.21.15.27:6789/0] conn(0x7efeb807cca0 0x7efeb810c980 secure :-1 s=READY pgs=47 cs=0 l=1 rev1=1 crypto rx=0x7efea80098a0 tx=0x7efea8009bb0 comp rx=0 tx=0).ready entity=mon.0 client_cookie=e3b99597cb358004 server_cookie=0 in_seq=0 out_seq=0
2024-04-25T16:39:28.573 INFO:teuthology.orchestra.run.smithi027.stdout:/usr/bin/ceph: stderr
2024-04-25T16:39:27.747+0000 7efeb5ffb700 1 -- 172.21.15.27:0/1697483903 <== mon.0 v2:172.21.15.27:3300/0 1 ==== mon_map magic: 0 ==== 205+0+0 (secure 0 0 0) 0x7efea8004160 con 0x7efeb807cca0
2024-04-25T16:39:28.573 INFO:teuthology.orchestra.run.smithi027.stdout:/usr/bin/ceph: stderr
2024-04-25T16:39:27.747+0000 7efeb5ffb700 1 -- 172.21.15.27:0/1697483903 <== mon.0 v2:172.21.15.27:3300/0 2 ==== config(27 keys) ==== 1135+0+0 (secure 0 0 0) 0x7efea8004300 con 0x7efeb807cca0
2024-04-25T16:39:28.573 INFO:teuthology.orchestra.run.smithi027.stdout:/usr/bin/ceph: stderr
2024-04-25T16:39:27.747+0000 7efeb5ffb700 1 -- 172.21.15.27:0/1697483903 <== mon.0 v2:172.21.15.27:3300/0 3 ==== mon_map magic: 0 ==== 205+0+0 (secure 0 0 0) 0x7efea8011af0 con 0x7efeb807cca0
2024-04-25T16:39:28.573 INFO:teuthology.orchestra.run.smithi027.stdout:/usr/bin/ceph: stderr
2024-04-25T16:39:27.748+0000 7efebd651700 1 -- 172.21.15.27:0/1697483903 >> [v2:172.21.15.27:3300/0,v1:172.21.15.27:6789/0] conn(0x7efeb807cca0 msgr2=0x7efeb810c980 secure :-1 s=STATE_CONNECTION_ESTABLISHED l=1).mark_down
2024-04-25T16:39:28.574 INFO:teuthology.orchestra.run.smithi027.stdout:/usr/bin/ceph: stderr
2024-04-25T16:39:27.748+0000 7efebd651700 1 --2- 172.21.15.27:0/1697483903 >> [v2:172.21.15.27:3300/0,v1:172.21.15.27:6789/0] conn(0x7efeb807cca0 0x7efeb810c980 secure :-1 s=READY pgs=47 cs=0 l=1 rev1=1 crypto rx=0x7efea80098a0 tx=0x7efea8009bb0 comp rx=0 tx=0).stop
2024-04-25T16:39:28.574 INFO:teuthology.orchestra.run.smithi027.stdout:/usr/bin/ceph: stderr
2024-04-25T16:39:27.748+0000 7efebd651700 1 -- 172.21.15.27:0/1697483903 shutdown_connections
2024-04-25T16:39:28.574 INFO:teuthology.orchestra.run.smithi027.stdout:/usr/bin/ceph: stderr
2024-04-25T16:39:27.748+0000 7efebd651700 1 --2- 172.21.15.27:0/1697483903 >> [v2:172.21.15.27:3300/0,v1:172.21.15.27:6789/0] conn(0x7efeb807cca0 0x7efeb810c980 unknown :-1 s=CLOSED pgs=47 cs=0 l=1 rev1=1 crypto rx=0 tx=0 comp rx=0 tx=0).stop
2024-04-25T16:39:28.574 INFO:teuthology.orchestra.run.smithi027.stdout:/usr/bin/ceph: stderr
2024-04-25T16:39:27.748+0000 7efebd651700 1 -- 172.21.15.27:0/1697483903 >> 172.21.15.27:0/1697483903 conn(0x7efeb81043d0 msgr2=0x7efeb8106820 unknown :-1 s=STATE_NONE l=0).mark_down
2024-04-25T16:39:28.574 INFO:teuthology.orchestra.run.smithi027.stdout:/usr/bin/ceph: stderr
2024-04-25T16:39:27.748+0000 7efebd651700 1 -- 172.21.15.27:0/1697483903 shutdown_connections
2024-04-25T16:39:28.574 INFO:teuthology.orchestra.run.smithi027.stdout:/usr/bin/ceph: stderr
2024-04-25T16:39:27.748+0000 7efebd651700 1 -- 172.21.15.27:0/1697483903 wait complete.
2024-04-25T16:39:28.574 INFO:teuthology.orchestra.run.smithi027.stdout:/usr/bin/ceph: stderr
2024-04-25T16:39:27.749+0000 7efebd651700 1 Processor -- start
2024-04-25T16:39:28.574 INFO:teuthology.orchestra.run.smithi027.stdout:/usr/bin/ceph: stderr
2024-04-25T16:39:27.749+0000 7efebd651700 1 -- start start
2024-04-25T16:39:28.574 INFO:teuthology.orchestra.run.smithi027.stdout:/usr/bin/ceph: stderr
