2024-04-25T16:39:06.883+0000 7f5d7e12a700 1 -- --> [v2:172.21.15.27:3300/0,v1:172.21.15.27:6789/0] -- mon_getmap magic: 0 -- 0x7f5d7810e1b0 con 0x7f5d7807ccc0
2024-04-25T16:39:07.740 INFO:teuthology.orchestra.run.smithi027.stdout:/usr/bin/ceph: stderr
2024-04-25T16:39:06.883+0000 7f5d777fe700 1 --2- >> [v2:172.21.15.27:3300/0,v1:172.21.15.27:6789/0] conn(0x7f5d7807ccc0 0x7f5d7810a0d0 unknown :-1 s=BANNER_CONNECTING pgs=0 cs=0 l=1 rev1=0 crypto rx=0 tx=0 comp rx=0 tx=0)._handle_peer_banner_payload supported=3 required=0
2024-04-25T16:39:07.740 INFO:teuthology.orchestra.run.smithi027.stdout:/usr/bin/ceph: stderr
2024-04-25T16:39:06.883+0000 7f5d777fe700 1 --2- >> [v2:172.21.15.27:3300/0,v1:172.21.15.27:6789/0] conn(0x7f5d7807ccc0 0x7f5d7810a0d0 unknown :-1 s=HELLO_CONNECTING pgs=0 cs=0 l=1 rev1=1 crypto rx=0 tx=0 comp rx=0 tx=0).handle_hello peer v2:172.21.15.27:3300/0 says I am v2:172.21.15.27:53200/0 (socket says 172.21.15.27:53200)
2024-04-25T16:39:07.740 INFO:teuthology.orchestra.run.smithi027.stdout:/usr/bin/ceph: stderr
2024-04-25T16:39:06.883+0000 7f5d777fe700 1 -- 172.21.15.27:0/2839792541 learned_addr learned my addr 172.21.15.27:0/2839792541 (peer_addr_for_me v2:172.21.15.27:0/0)
2024-04-25T16:39:07.740 INFO:teuthology.orchestra.run.smithi027.stdout:/usr/bin/ceph: stderr
2024-04-25T16:39:06.884+0000 7f5d777fe700 1 -- 172.21.15.27:0/2839792541 --> [v2:172.21.15.27:3300/0,v1:172.21.15.27:6789/0] -- mon_subscribe({config=0+,monmap=0+}) -- 0x7f5d7810a610 con 0x7f5d7807ccc0
2024-04-25T16:39:07.740 INFO:teuthology.orchestra.run.smithi027.stdout:/usr/bin/ceph: stderr
2024-04-25T16:39:06.884+0000 7f5d777fe700 1 --2- 172.21.15.27:0/2839792541 >> [v2:172.21.15.27:3300/0,v1:172.21.15.27:6789/0] conn(0x7f5d7807ccc0 0x7f5d7810a0d0 secure :-1 s=READY pgs=25 cs=0 l=1 rev1=1 crypto rx=0x7f5d68006af0 tx=0x7f5d68011ce0 comp rx=0 tx=0).ready entity=mon.0 client_cookie=0 server_cookie=0 in_seq=0 out_seq=0
2024-04-25T16:39:07.740 INFO:teuthology.orchestra.run.smithi027.stdout:/usr/bin/ceph: stderr
2024-04-25T16:39:06.884+0000 7f5d74ff9700 1 -- 172.21.15.27:0/2839792541 <== mon.0 v2:172.21.15.27:3300/0 1 ==== mon_map magic: 0 ==== 205+0+0 (secure 0 0 0) 0x7f5d68003b90 con 0x7f5d7807ccc0
2024-04-25T16:39:07.740 INFO:teuthology.orchestra.run.smithi027.stdout:/usr/bin/ceph: stderr
2024-04-25T16:39:06.884+0000 7f5d74ff9700 1 -- 172.21.15.27:0/2839792541 <== mon.0 v2:172.21.15.27:3300/0 2 ==== config(27 keys) ==== 1104+0+0 (secure 0 0 0) 0x7f5d68003d30 con 0x7f5d7807ccc0
2024-04-25T16:39:07.740 INFO:teuthology.orchestra.run.smithi027.stdout:/usr/bin/ceph: stderr
2024-04-25T16:39:06.884+0000 7f5d7e12a700 1 -- 172.21.15.27:0/2839792541 --> [v2:172.21.15.27:3300/0,v1:172.21.15.27:6789/0] -- mon_subscribe({mgrmap=0+}) -- 0x7f5d78108860 con 0x7f5d7807ccc0
2024-04-25T16:39:07.741 INFO:teuthology.orchestra.run.smithi027.stdout:/usr/bin/ceph: stderr
2024-04-25T16:39:06.884+0000 7f5d74ff9700 1 -- 172.21.15.27:0/2839792541 <== mon.0 v2:172.21.15.27:3300/0 3 ==== mon_map magic: 0 ==== 205+0+0 (secure 0 0 0) 0x7f5d680197c0 con 0x7f5d7807ccc0
2024-04-25T16:39:07.741 INFO:teuthology.orchestra.run.smithi027.stdout:/usr/bin/ceph: stderr
2024-04-25T16:39:06.884+0000 7f5d7e12a700 1 -- 172.21.15.27:0/2839792541 --> [v2:172.21.15.27:3300/0,v1:172.21.15.27:6789/0] -- mon_subscribe({osdmap=0}) -- 0x7f5d78108cc0 con 0x7f5d7807ccc0
2024-04-25T16:39:07.741 INFO:teuthology.orchestra.run.smithi027.stdout:/usr/bin/ceph: stderr
2024-04-25T16:39:06.885+0000 7f5d7e12a700 1 -- 172.21.15.27:0/2839792541 --> [v2:172.21.15.27:3300/0,v1:172.21.15.27:6789/0] -- mon_command({"prefix": "get_command_descriptions"} v 0) -- 0x7f5d78064cf0 con 0x7f5d7807ccc0
2024-04-25T16:39:07.741 INFO:teuthology.orchestra.run.smithi027.stdout:/usr/bin/ceph: stderr
2024-04-25T16:39:06.885+0000 7f5d74ff9700 1 -- 172.21.15.27:0/2839792541 <== mon.0 v2:172.21.15.27:3300/0 4 ==== mgrmap(e 5) ==== 49516+0+0 (secure 0 0 0) 0x7f5d68022020 con 0x7f5d7807ccc0
2024-04-25T16:39:07.741 INFO:teuthology.orchestra.run.smithi027.stdout:/usr/bin/ceph: stderr
2024-04-25T16:39:06.885+0000 7f5d74ff9700 1 --2- 172.21.15.27:0/2839792541 >> [v2:172.21.15.27:6800/3946891690,v1:172.21.15.27:6801/3946891690] conn(0x7f5d6003d570 0x7f5d6003fa80 unknown :-1 s=NONE pgs=0 cs=0 l=1 rev1=0 crypto rx=0 tx=0 comp rx=0 tx=0).connect
2024-04-25T16:39:07.741 INFO:teuthology.orchestra.run.smithi027.stdout:/usr/bin/ceph: stderr
2024-04-25T16:39:06.885+0000 7f5d74ff9700 1 -- 172.21.15.27:0/2839792541 <== mon.0 v2:172.21.15.27:3300/0 5 ==== osd_map(1..1 src has 1..1) ==== 725+0+0 (secure 0 0 0) 0x7f5d680523c0 con 0x7f5d7807ccc0
2024-04-25T16:39:07.741 INFO:teuthology.orchestra.run.smithi027.stdout:/usr/bin/ceph: stderr
2024-04-25T16:39:06.885+0000 7f5d76ffd700 1 -- 172.21.15.27:0/2839792541 >> [v2:172.21.15.27:6800/3946891690,v1:172.21.15.27:6801/3946891690] conn(0x7f5d6003d570 msgr2=0x7f5d6003fa80 unknown :-1 s=STATE_CONNECTING_RE l=1).process reconnect failed to v2:172.21.15.27:6800/3946891690
2024-04-25T16:39:07.741 INFO:teuthology.orchestra.run.smithi027.stdout:/usr/bin/ceph: stderr
2024-04-25T16:39:06.886+0000 7f5d76ffd700 1 --2- 172.21.15.27:0/2839792541 >> [v2:172.21.15.27:6800/3946891690,v1:172.21.15.27:6801/3946891690] conn(0x7f5d6003d570 0x7f5d6003fa80 unknown :-1 s=START_CONNECT pgs=0 cs=0 l=1 rev1=0 crypto rx=0 tx=0 comp rx=0 tx=0)._fault waiting 0.200000
2024-04-25T16:39:07.741 INFO:teuthology.orchestra.run.smithi027.stdout:/usr/bin/ceph: stderr
2024-04-25T16:39:06.891+0000 7f5d74ff9700 1 -- 172.21.15.27:0/2839792541 <== mon.0 v2:172.21.15.27:3300/0 6 ==== mon_command_ack([{"prefix": "get_command_descriptions"}]=0 v0) ==== 72+0+188370 (secure 0 0 0) 0x7f5d6802bdf0 con 0x7f5d7807ccc0
2024-04-25T16:39:07.741 INFO:teuthology.orchestra.run.smithi027.stdout:/usr/bin/ceph: stderr
2024-04-25T16:39:07.087+0000 7f5d76ffd700 1 -- 172.21.15.27:0/2839792541 >> [v2:172.21.15.27:6800/3946891690,v1:172.21.15.27:6801/3946891690] conn(0x7f5d6003d570 msgr2=0x7f5d6003fa80 unknown :-1 s=STATE_CONNECTING_RE l=1).process reconnect failed to v2:172.21.15.27:6800/3946891690
2024-04-25T16:39:07.741 INFO:teuthology.orchestra.run.smithi027.stdout:/usr/bin/ceph: stderr
2024-04-25T16:39:07.087+0000 7f5d76ffd700 1 --2- 172.21.15.27:0/2839792541 >> [v2:172.21.15.27:6800/3946891690,v1:172.21.15.27:6801/3946891690] conn(0x7f5d6003d570 0x7f5d6003fa80 unknown :-1 s=START_CONNECT pgs=0 cs=0 l=1 rev1=0 crypto rx=0 tx=0 comp rx=0 tx=0)._fault waiting 0.400000
2024-04-25T16:39:07.741 INFO:teuthology.orchestra.run.smithi027.stdout:/usr/bin/ceph: stderr
2024-04-25T16:39:07.196+0000 7f5d7e12a700 1 -- 172.21.15.27:0/2839792541 --> [v2:172.21.15.27:3300/0,v1:172.21.15.27:6789/0] -- mon_command({"prefix": "mgr stat"} v 0) -- 0x7f5d78109380 con 0x7f5d7807ccc0
2024-04-25T16:39:07.742 INFO:teuthology.orchestra.run.smithi027.stdout:/usr/bin/ceph: stderr
2024-04-25T16:39:07.198+0000 7f5d74ff9700 1 -- 172.21.15.27:0/2839792541 <== mon.0 v2:172.21.15.27:3300/0 7 ==== mon_command_ack([{"prefix": "mgr stat"}]=0 v5) ==== 56+0+88 (secure 0 0 0) 0x7f5d68052120 con 0x7f5d7807ccc0
2024-04-25T16:39:07.742 INFO:teuthology.orchestra.run.smithi027.stdout:/usr/bin/ceph: stderr
2024-04-25T16:39:07.202+0000 7f5d7e12a700 1 -- 172.21.15.27:0/2839792541 >> [v2:172.21.15.27:6800/3946891690,v1:172.21.15.27:6801/3946891690] conn(0x7f5d6003d570 msgr2=0x7f5d6003fa80 unknown :-1 s=STATE_CONNECTING l=1).mark_down
2024-04-25T16:39:07.742 INFO:teuthology.orchestra.run.smithi027.stdout:/usr/bin/ceph: stderr
2024-04-25T16:39:07.202+0000 7f5d7e12a700 1 --2- 172.21.15.27:0/2839792541 >> [v2:172.21.15.27:6800/3946891690,v1:172.21.15.27:6801/3946891690] conn(0x7f5d6003d570 0x7f5d6003fa80 unknown :-1 s=START_CONNECT pgs=0 cs=0 l=1 rev1=0 crypto rx=0 tx=0 comp rx=0 tx=0).stop
2024-04-25T16:39:07.742 INFO:teuthology.orchestra.run.smithi027.stdout:/usr/bin/ceph: stderr
2024-04-25T16:39:07.202+0000 7f5d7e12a700 1 -- 172.21.15.27:0/2839792541 >> [v2:172.21.15.27:3300/0,v1:172.21.15.27:6789/0] conn(0x7f5d7807ccc0 msgr2=0x7f5d7810a0d0 secure :-1 s=STATE_CONNECTION_ESTABLISHED l=1).mark_down
2024-04-25T16:39:07.742 INFO:teuthology.orchestra.run.smithi027.stdout:/usr/bin/ceph: stderr
2024-04-25T16:39:07.202+0000 7f5d7e12a700 1 --2- 172.21.15.27:0/2839792541 >> [v2:172.21.15.27:3300/0,v1:172.21.15.27:6789/0] conn(0x7f5d7807ccc0 0x7f5d7810a0d0 secure :-1 s=READY pgs=25 cs=0 l=1 rev1=1 crypto rx=0x7f5d68006af0 tx=0x7f5d68011ce0 comp rx=0 tx=0).stop
2024-04-25T16:39:07.742 INFO:teuthology.orchestra.run.smithi027.stdout:/usr/bin/ceph: stderr
2024-04-25T16:39:07.202+0000 7f5d7e12a700 1 -- 172.21.15.27:0/2839792541 shutdown_connections
2024-04-25T16:39:07.742 INFO:teuthology.orchestra.run.smithi027.stdout:/usr/bin/ceph: stderr
2024-04-25T16:39:07.202+0000 7f5d7e12a700 1 --2- 172.21.15.27:0/2839792541 >> [v2:172.21.15.27:6800/3946891690,v1:172.21.15.27:6801/3946891690] conn(0x7f5d6003d570 0x7f5d6003fa80 unknown :-1 s=CLOSED pgs=0 cs=0 l=1 rev1=0 crypto rx=0 tx=0 comp rx=0 tx=0).stop
2024-04-25T16:39:07.742 INFO:teuthology.orchestra.run.smithi027.stdout:/usr/bin/ceph: stderr
2024-04-25T16:39:07.202+0000 7f5d7e12a700 1 --2- 172.21.15.27:0/2839792541 >> [v2:172.21.15.27:3300/0,v1:172.21.15.27:6789/0] conn(0x7f5d7807ccc0 0x7f5d7810a0d0 unknown :-1 s=CLOSED pgs=25 cs=0 l=1 rev1=1 crypto rx=0 tx=0 comp rx=0 tx=0).stop
2024-04-25T16:39:07.742 INFO:teuthology.orchestra.run.smithi027.stdout:/usr/bin/ceph: stderr
2024-04-25T16:39:07.202+0000 7f5d7e12a700 1 -- 172.21.15.27:0/2839792541 >> 172.21.15.27:0/2839792541 conn(0x7f5d781043d0 msgr2=0x7f5d78105bf0 unknown :-1 s=STATE_NONE l=0).mark_down
2024-04-25T16:39:07.742 INFO:teuthology.orchestra.run.smithi027.stdout:/usr/bin/ceph: stderr
2024-04-25T16:39:07.203+0000 7f5d7e12a700 1 -- 172.21.15.27:0/2839792541 shutdown_connections
2024-04-25T16:39:07.742 INFO:teuthology.orchestra.run.smithi027.stdout:/usr/bin/ceph: stderr
2024-04-25T16:39:07.203+0000 7f5d7e12a700 1 -- 172.21.15.27:0/2839792541 wait complete.
2024-04-25T16:39:07.742 INFO:teuthology.orchestra.run.smithi027.stdout:Waiting for the mgr to restart...
2024-04-25T16:39:07.742 INFO:teuthology.orchestra.run.smithi027.stdout:Waiting for mgr epoch 5...
2024-04-25T16:39:08.017 INFO:journalctl@ceph.mon.a.smithi027.stdout:Apr 25 16:39:07 smithi027 ceph-mon[29133]: from='client.? 172.21.15.27:0/2839792541' entity='client.admin' cmd=[{"prefix": "mgr stat"}]: dispatch
2024-04-25T16:39:08.315 INFO:journalctl@ceph.mgr.x.smithi027.stdout:Apr 25 16:39:08 smithi027 ceph-21fe9994-0322-11ef-bc93-c7b262605968-mgr-x[29365]:
2024-04-25T16:39:08.018+0000 7f99866f9200 -1 mgr[py] Module telegraf has missing NOTIFY_TYPES member
2024-04-25T16:39:08.315 INFO:journalctl@ceph.mgr.x.smithi027.stdout:Apr 25 16:39:08 smithi027 ceph-21fe9994-0322-11ef-bc93-c7b262605968-mgr-x[29365]:
2024-04-25T16:39:08.203+0000 7f99866f9200 -1 mgr[py] Module osd_support has missing NOTIFY_TYPES member
2024-04-25T16:39:08.685 INFO:journalctl@ceph.mgr.x.smithi027.stdout:Apr 25 16:39:08 smithi027 ceph-21fe9994-0322-11ef-bc93-c7b262605968-mgr-x[29365]:
2024-04-25T16:39:08.381+0000 7f99866f9200 -1 mgr[py] Module iostat has missing NOTIFY_TYPES member
2024-04-25T16:39:08.685 INFO:journalctl@ceph.mgr.x.smithi027.stdout:Apr 25 16:39:08 smithi027 ceph-21fe9994-0322-11ef-bc93-c7b262605968-mgr-x[29365]:
2024-04-25T16:39:08.685+0000 7f99866f9200 -1 mgr[py] Module alerts has missing NOTIFY_TYPES member
2024-04-25T16:39:08.992 INFO:journalctl@ceph.mgr.x.smithi027.stdout:Apr 25 16:39:08 smithi027 ceph-21fe9994-0322-11ef-bc93-c7b262605968-mgr-x[29365]:
2024-04-25T16:39:08.782+0000 7f99866f9200 -1 mgr[py] Module selftest has missing NOTIFY_TYPES member
2024-04-25T16:39:08.992 INFO:journalctl@ceph.mgr.x.smithi027.stdout:Apr 25 16:39:08 smithi027 ceph-21fe9994-0322-11ef-bc93-c7b262605968-mgr-x[29365]:
2024-04-25T16:39:08.993+0000 7f99866f9200 -1 mgr[py] Module pg_autoscaler has missing NOTIFY_TYPES member
2024-04-25T16:39:09.315 INFO:journalctl@ceph.mgr.x.smithi027.stdout:Apr 25 16:39:09 smithi027 ceph-21fe9994-0322-11ef-bc93-c7b262605968-mgr-x[29365]:
2024-04-25T16:39:09.198+0000 7f99866f9200 -1 mgr[py] Module test_orchestrator has missing NOTIFY_TYPES member
2024-04-25T16:39:10.267 INFO:journalctl@ceph.mgr.x.smithi027.stdout:Apr 25 16:39:09 smithi027 ceph-21fe9994-0322-11ef-bc93-c7b262605968-mgr-x[29365]:
2024-04-25T16:39:09.825+0000 7f99866f9200 -1 mgr[py] Module rook has missing NOTIFY_TYPES member
2024-04-25T16:39:10.565 INFO:journalctl@ceph.mgr.x.smithi027.stdout:Apr 25 16:39:10 smithi027 ceph-21fe9994-0322-11ef-bc93-c7b262605968-mgr-x[29365]:
2024-04-25T16:39:10.268+0000 7f99866f9200 -1 mgr[py] Module volumes has missing NOTIFY_TYPES member
2024-04-25T16:39:10.565 INFO:journalctl@ceph.mgr.x.smithi027.stdout:Apr 25 16:39:10 smithi027 ceph-21fe9994-0322-11ef-bc93-c7b262605968-mgr-x[29365]:
2024-04-25T16:39:10.369+0000 7f99866f9200 -1 mgr[py] Module crash has missing NOTIFY_TYPES member
2024-04-25T16:39:11.065 INFO:journalctl@ceph.mgr.x.smithi027.stdout:Apr 25 16:39:10 smithi027 ceph-21fe9994-0322-11ef-bc93-c7b262605968-mgr-x[29365]:
2024-04-25T16:39:10.580+0000 7f99866f9200 -1 mgr[py] Module rgw has missing NOTIFY_TYPES member
2024-04-25T16:39:11.473 INFO:journalctl@ceph.mgr.x.smithi027.stdout:Apr 25 16:39:11 smithi027 ceph-21fe9994-0322-11ef-bc93-c7b262605968-mgr-x[29365]:
2024-04-25T16:39:11.124+0000 7f99866f9200 -1 mgr[py] Module prometheus has missing NOTIFY_TYPES member
2024-04-25T16:39:11.473 INFO:journalctl@ceph.mgr.x.smithi027.stdout:Apr 25 16:39:11 smithi027 ceph-21fe9994-0322-11ef-bc93-c7b262605968-mgr-x[29365]:
2024-04-25T16:39:11.220+0000 7f99866f9200 -1 mgr[py] Module devicehealth has missing NOTIFY_TYPES member
2024-04-25T16:39:11.815 INFO:journalctl@ceph.mgr.x.smithi027.stdout:Apr 25 16:39:11 smithi027 ceph-21fe9994-0322-11ef-bc93-c7b262605968-mgr-x[29365]:
2024-04-25T16:39:11.474+0000 7f99866f9200 -1 mgr[py] Module telemetry has missing NOTIFY_TYPES member
2024-04-25T16:39:11.815 INFO:journalctl@ceph.mgr.x.smithi027.stdout:Apr 25 16:39:11 smithi027 ceph-21fe9994-0322-11ef-bc93-c7b262605968-mgr-x[29365]:
2024-04-25T16:39:11.614+0000 7f99866f9200 -1 mgr[py] Module diskprediction_local has missing NOTIFY_TYPES member
2024-04-25T16:39:11.815 INFO:journalctl@ceph.mgr.x.smithi027.stdout:Apr 25 16:39:11 smithi027 ceph-21fe9994-0322-11ef-bc93-c7b262605968-mgr-x[29365]:
2024-04-25T16:39:11.713+0000 7f99866f9200 -1 mgr[py] Module osd_perf_query has missing NOTIFY_TYPES member
2024-04-25T16:39:12.149 INFO:journalctl@ceph.mgr.x.smithi027.stdout:Apr 25 16:39:11 smithi027 ceph-21fe9994-0322-11ef-bc93-c7b262605968-mgr-x[29365]:
2024-04-25T16:39:11.834+0000 7f99866f9200 -1 mgr[py] Module rbd_support has missing NOTIFY_TYPES member
2024-04-25T16:39:12.150 INFO:journalctl@ceph.mgr.x.smithi027.stdout:Apr 25 16:39:12 smithi027 ceph-21fe9994-0322-11ef-bc93-c7b262605968-mgr-x[29365]:
2024-04-25T16:39:12.151+0000 7f99866f9200 -1 mgr[py] Module zabbix has missing NOTIFY_TYPES member
2024-04-25T16:39:13.055 INFO:journalctl@ceph.mgr.x.smithi027.stdout:Apr 25 16:39:12 smithi027 ceph-21fe9994-0322-11ef-bc93-c7b262605968-mgr-x[29365]:
2024-04-25T16:39:12.777+0000 7f99866f9200 -1 mgr[py] Module status has missing NOTIFY_TYPES member
2024-04-25T16:39:13.056 INFO:journalctl@ceph.mgr.x.smithi027.stdout:Apr 25 16:39:13 smithi027 ceph-21fe9994-0322-11ef-bc93-c7b262605968-mgr-x[29365]:
2024-04-25T16:39:13.003+0000 7f99866f9200 -1 mgr[py] Module nfs has missing NOTIFY_TYPES member
2024-04-25T16:39:13.315 INFO:journalctl@ceph.mon.a.smithi027.stdout:Apr 25 16:39:13 smithi027 ceph-mon[29133]: Active manager daemon x restarted
2024-04-25T16:39:13.315 INFO:journalctl@ceph.mon.a.smithi027.stdout:Apr 25 16:39:13 smithi027 ceph-mon[29133]: Activating manager daemon x
2024-04-25T16:39:13.315 INFO:journalctl@ceph.mon.a.smithi027.stdout:Apr 25 16:39:13 smithi027 ceph-mon[29133]: osdmap e2: 0 total, 0 up, 0 in
2024-04-25T16:39:13.315 INFO:journalctl@ceph.mon.a.smithi027.stdout:Apr 25 16:39:13 smithi027 ceph-mon[29133]: mgrmap e6: x(active, starting, since 0.00404607s)
2024-04-25T16:39:13.316 INFO:journalctl@ceph.mon.a.smithi027.stdout:Apr 25 16:39:13 smithi027 ceph-mon[29133]: from='mgr.14118 172.21.15.27:0/3465185652' entity='mgr.x' cmd=[{"prefix": "mon metadata", "id": "a"}]: dispatch
2024-04-25T16:39:13.316 INFO:journalctl@ceph.mon.a.smithi027.stdout:Apr 25 16:39:13 smithi027 ceph-mon[29133]: from='mgr.14118 172.21.15.27:0/3465185652' entity='mgr.x' cmd=[{"prefix": "mgr metadata", "who": "x", "id": "x"}]: dispatch
2024-04-25T16:39:13.316 INFO:journalctl@ceph.mon.a.smithi027.stdout:Apr 25 16:39:13 smithi027 ceph-mon[29133]: from='mgr.14118 172.21.15.27:0/3465185652' entity='mgr.x' cmd=[{"prefix": "mds metadata"}]: dispatch
2024-04-25T16:39:13.316 INFO:journalctl@ceph.mon.a.smithi027.stdout:Apr 25 16:39:13 smithi027 ceph-mon[29133]: from='mgr.14118 172.21.15.27:0/3465185652' entity='mgr.x' cmd=[{"prefix": "osd metadata"}]: dispatch
2024-04-25T16:39:13.316 INFO:journalctl@ceph.mon.a.smithi027.stdout:Apr 25 16:39:13 smithi027 ceph-mon[29133]: from='mgr.14118 172.21.15.27:0/3465185652' entity='mgr.x' cmd=[{"prefix": "mon metadata"}]: dispatch
2024-04-25T16:39:13.316 INFO:journalctl@ceph.mon.a.smithi027.stdout:Apr 25 16:39:13 smithi027 ceph-mon[29133]: Manager daemon x is now available
2024-04-25T16:39:13.316 INFO:journalctl@ceph.mon.a.smithi027.stdout:Apr 25 16:39:13 smithi027 ceph-mon[29133]: from='mgr.14118 172.21.15.27:0/3465185652' entity='mgr.x'
2024-04-25T16:39:13.316 INFO:journalctl@ceph.mon.a.smithi027.stdout:Apr 25 16:39:13 smithi027 ceph-mon[29133]: from='mgr.14118 172.21.15.27:0/3465185652' entity='mgr.x'
2024-04-25T16:39:13.316 INFO:journalctl@ceph.mon.a.smithi027.stdout:Apr 25 16:39:13 smithi027 ceph-mon[29133]: from='mgr.14118 172.21.15.27:0/3465185652' entity='mgr.x' cmd=[{"prefix": "config dump", "format": "json"}]: dispatch
2024-04-25T16:39:13.316 INFO:journalctl@ceph.mon.a.smithi027.stdout:Apr 25 16:39:13 smithi027 ceph-mon[29133]: from='mgr.14118 172.21.15.27:0/3465185652' entity='mgr.x' cmd=[{"prefix": "config dump", "format": "json"}]: dispatch
2024-04-25T16:39:14.315 INFO:journalctl@ceph.mon.a.smithi027.stdout:Apr 25 16:39:14 smithi027 ceph-mon[29133]: Found migration_current of "None". Setting to last migration.
2024-04-25T16:39:14.315 INFO:journalctl@ceph.mon.a.smithi027.stdout:Apr 25 16:39:14 smithi027 ceph-mon[29133]: from='mgr.14118 172.21.15.27:0/3465185652' entity='mgr.x' cmd=[{"prefix":"config rm","who":"mgr","name":"mgr/rbd_support/x/mirror_snapshot_schedule"}]: dispatch
2024-04-25T16:39:14.315 INFO:journalctl@ceph.mon.a.smithi027.stdout:Apr 25 16:39:14 smithi027 ceph-mon[29133]: from='mgr.14118 172.21.15.27:0/3465185652' entity='mgr.x' cmd=[{"prefix":"config rm","who":"mgr","name":"mgr/rbd_support/x/trash_purge_schedule"}]: dispatch
2024-04-25T16:39:14.315 INFO:journalctl@ceph.mon.a.smithi027.stdout:Apr 25 16:39:14 smithi027 ceph-mon[29133]: from='mgr.14118 172.21.15.27:0/3465185652' entity='mgr.x'
2024-04-25T16:39:14.315 INFO:journalctl@ceph.mon.a.smithi027.stdout:Apr 25 16:39:14 smithi027 ceph-mon[29133]: from='mgr.14118 172.21.15.27:0/3465185652' entity='mgr.x'
2024-04-25T16:39:14.315 INFO:journalctl@ceph.mon.a.smithi027.stdout:Apr 25 16:39:14 smithi027 ceph-mon[29133]: mgrmap e7: x(active, since 1.00709s)
2024-04-25T16:39:14.626 INFO:teuthology.orchestra.run.smithi027.stdout:/usr/bin/ceph: stdout {
2024-04-25T16:39:14.626 INFO:teuthology.orchestra.run.smithi027.stdout:/usr/bin/ceph: stdout "mgrmap_epoch": 7,
2024-04-25T16:39:14.626 INFO:teuthology.orchestra.run.smithi027.stdout:/usr/bin/ceph: stdout "initialized": true
2024-04-25T16:39:14.626 INFO:teuthology.orchestra.run.smithi027.stdout:/usr/bin/ceph: stdout }
2024-04-25T16:39:14.626 INFO:teuthology.orchestra.run.smithi027.stdout:/usr/bin/ceph: stderr
2024-04-25T16:39:08.162+0000 7fb7f595c700 1 Processor -- start
2024-04-25T16:39:14.627 INFO:teuthology.orchestra.run.smithi027.stdout:/usr/bin/ceph: stderr
2024-04-25T16:39:08.163+0000 7fb7f595c700 1 -- start start
2024-04-25T16:39:14.627 INFO:teuthology.orchestra.run.smithi027.stdout:/usr/bin/ceph: stderr
2024-04-25T16:39:08.163+0000 7fb7f595c700 1 --2- >> [v2:172.21.15.27:3300/0,v1:172.21.15.27:6789/0] conn(0x7fb7f007f630 0x7fb7f007db00 unknown :-1 s=NONE pgs=0 cs=0 l=0 rev1=0 crypto rx=0 tx=0 comp rx=0 tx=0).connect
2024-04-25T16:39:14.627 INFO:teuthology.orchestra.run.smithi027.stdout:/usr/bin/ceph: stderr
2024-04-25T16:39:08.163+0000 7fb7f595c700 1 -- --> [v2:172.21.15.27:3300/0,v1:172.21.15.27:6789/0] -- mon_getmap magic: 0 -- 0x7fb7f007e040 con 0x7fb7f007f630
2024-04-25T16:39:14.627 INFO:teuthology.orchestra.run.smithi027.stdout:/usr/bin/ceph: stderr
2024-04-25T16:39:08.163+0000 7fb7eeffd700 1 --2- >> [v2:172.21.15.27:3300/0,v1:172.21.15.27:6789/0] conn(0x7fb7f007f630 0x7fb7f007db00 unknown :-1 s=BANNER_CONNECTING pgs=0 cs=0 l=0 rev1=0 crypto rx=0 tx=0 comp rx=0 tx=0)._handle_peer_banner_payload supported=3 required=0
2024-04-25T16:39:14.627 INFO:teuthology.orchestra.run.smithi027.stdout:/usr/bin/ceph: stderr
2024-04-25T16:39:08.163+0000 7fb7eeffd700 1 --2- >> [v2:172.21.15.27:3300/0,v1:172.21.15.27:6789/0] conn(0x7fb7f007f630 0x7fb7f007db00 unknown :-1 s=HELLO_CONNECTING pgs=0 cs=0 l=0 rev1=1 crypto rx=0 tx=0 comp rx=0 tx=0).handle_hello peer v2:172.21.15.27:3300/0 says I am v2:172.21.15.27:53216/0 (socket says 172.21.15.27:53216)
2024-04-25T16:39:14.627 INFO:teuthology.orchestra.run.smithi027.stdout:/usr/bin/ceph: stderr
2024-04-25T16:39:08.163+0000 7fb7eeffd700 1 -- 172.21.15.27:0/2960968988 learned_addr learned my addr 172.21.15.27:0/2960968988 (peer_addr_for_me v2:172.21.15.27:0/0)
2024-04-25T16:39:14.628 INFO:teuthology.orchestra.run.smithi027.stdout:/usr/bin/ceph: stderr
2024-04-25T16:39:08.163+0000 7fb7eeffd700 1 -- 172.21.15.27:0/2960968988 --> [v2:172.21.15.27:3300/0,v1:172.21.15.27:6789/0] -- mon_subscribe({config=0+,monmap=0+}) -- 0x7fb7f007e1c0 con 0x7fb7f007f630
2024-04-25T16:39:14.628 INFO:teuthology.orchestra.run.smithi027.stdout:/usr/bin/ceph: stderr
2024-04-25T16:39:08.164+0000 7fb7eeffd700 1 --2- 172.21.15.27:0/2960968988 >> [v2:172.21.15.27:3300/0,v1:172.21.15.27:6789/0] conn(0x7fb7f007f630 0x7fb7f007db00 secure :-1 s=READY pgs=26 cs=0 l=1 rev1=1 crypto rx=0x7fb7e40098a0 tx=0x7fb7e4009bb0 comp rx=0 tx=0).ready entity=mon.0 client_cookie=5d06344c108fa9a2 server_cookie=0 in_seq=0 out_seq=0
2024-04-25T16:39:14.628 INFO:teuthology.orchestra.run.smithi027.stdout:/usr/bin/ceph: stderr
2024-04-25T16:39:08.164+0000 7fb7edffb700 1 -- 172.21.15.27:0/2960968988 <== mon.0 v2:172.21.15.27:3300/0 1 ==== mon_map magic: 0 ==== 205+0+0 (secure 0 0 0) 0x7fb7e4004160 con 0x7fb7f007f630
2024-04-25T16:39:14.628 INFO:teuthology.orchestra.run.smithi027.stdout:/usr/bin/ceph: stderr
2024-04-25T16:39:08.164+0000 7fb7edffb700 1 -- 172.21.15.27:0/2960968988 <== mon.0 v2:172.21.15.27:3300/0 2 ==== config(27 keys) ==== 1104+0+0 (secure 0 0 0) 0x7fb7e4004300 con 0x7fb7f007f630
2024-04-25T16:39:14.628 INFO:teuthology.orchestra.run.smithi027.stdout:/usr/bin/ceph: stderr
2024-04-25T16:39:08.164+0000 7fb7edffb700 1 -- 172.21.15.27:0/2960968988 <== mon.0 v2:172.21.15.27:3300/0 3 ==== mon_map magic: 0 ==== 205+0+0 (secure 0 0 0) 0x7fb7e4011b20 con 0x7fb7f007f630
2024-04-25T16:39:14.628 INFO:teuthology.orchestra.run.smithi027.stdout:/usr/bin/ceph: stderr
2024-04-25T16:39:08.165+0000 7fb7f595c700 1 -- 172.21.15.27:0/2960968988 >> [v2:172.21.15.27:3300/0,v1:172.21.15.27:6789/0] conn(0x7fb7f007f630 msgr2=0x7fb7f007db00 secure :-1 s=STATE_CONNECTION_ESTABLISHED l=1).mark_down
2024-04-25T16:39:14.629 INFO:teuthology.orchestra.run.smithi027.stdout:/usr/bin/ceph: stderr
2024-04-25T16:39:08.165+0000 7fb7f595c700 1 --2- 172.21.15.27:0/2960968988 >> [v2:172.21.15.27:3300/0,v1:172.21.15.27:6789/0] conn(0x7fb7f007f630 0x7fb7f007db00 secure :-1 s=READY pgs=26 cs=0 l=1 rev1=1 crypto rx=0x7fb7e40098a0 tx=0x7fb7e4009bb0 comp rx=0 tx=0).stop
2024-04-25T16:39:14.629 INFO:teuthology.orchestra.run.smithi027.stdout:/usr/bin/ceph: stderr
2024-04-25T16:39:08.165+0000 7fb7f595c700 1 -- 172.21.15.27:0/2960968988 shutdown_connections
2024-04-25T16:39:14.629 INFO:teuthology.orchestra.run.smithi027.stdout:/usr/bin/ceph: stderr
2024-04-25T16:39:08.165+0000 7fb7f595c700 1 --2- 172.21.15.27:0/2960968988 >> [v2:172.21.15.27:3300/0,v1:172.21.15.27:6789/0] conn(0x7fb7f007f630 0x7fb7f007db00 unknown :-1 s=CLOSED pgs=26 cs=0 l=1 rev1=1 crypto rx=0 tx=0 comp rx=0 tx=0).stop
2024-04-25T16:39:14.629 INFO:teuthology.orchestra.run.smithi027.stdout:/usr/bin/ceph: stderr
2024-04-25T16:39:08.165+0000 7fb7f595c700 1 -- 172.21.15.27:0/2960968988 >> 172.21.15.27:0/2960968988 conn(0x7fb7f0105490 msgr2=0x7fb7f01078e0 unknown :-1 s=STATE_NONE l=0).mark_down
2024-04-25T16:39:14.629 INFO:teuthology.orchestra.run.smithi027.stdout:/usr/bin/ceph: stderr
2024-04-25T16:39:08.165+0000 7fb7f595c700 1 -- 172.21.15.27:0/2960968988 shutdown_connections
2024-04-25T16:39:14.629 INFO:teuthology.orchestra.run.smithi027.stdout:/usr/bin/ceph: stderr
2024-04-25T16:39:08.165+0000 7fb7f595c700 1 -- 172.21.15.27:0/2960968988 wait complete.
2024-04-25T16:39:14.629 INFO:teuthology.orchestra.run.smithi027.stdout:/usr/bin/ceph: stderr
2024-04-25T16:39:08.165+0000 7fb7f595c700 1 Processor -- start
2024-04-25T16:39:14.629 INFO:teuthology.orchestra.run.smithi027.stdout:/usr/bin/ceph: stderr
2024-04-25T16:39:08.166+0000 7fb7f595c700 1 -- start start
2024-04-25T16:39:14.630 INFO:teuthology.orchestra.run.smithi027.stdout:/usr/bin/ceph: stderr
2024-04-25T16:39:08.166+0000 7fb7f595c700 1 --2- >> [v2:172.21.15.27:3300/0,v1:172.21.15.27:6789/0] conn(0x7fb7f007f630 0x7fb7f01a0300 unknown :-1 s=NONE pgs=0 cs=0 l=1 rev1=0 crypto rx=0 tx=0 comp rx=0 tx=0).connect
2024-04-25T16:39:14.630 INFO:teuthology.orchestra.run.smithi027.stdout:/usr/bin/ceph: stderr
2024-04-25T16:39:08.166+0000 7fb7f595c700 1 -- --> [v2:172.21.15.27:3300/0,v1:172.21.15.27:6789/0] -- mon_getmap magic: 0 -- 0x7fb7f01103b0 con 0x7fb7f007f630
2024-04-25T16:39:14.630 INFO:teuthology.orchestra.run.smithi027.stdout:/usr/bin/ceph: stderr
2024-04-25T16:39:08.166+0000 7fb7eeffd700 1 --2- >> [v2:172.21.15.27:3300/0,v1:172.21.15.27:6789/0] conn(0x7fb7f007f630 0x7fb7f01a0300 unknown :-1 s=BANNER_CONNECTING pgs=0 cs=0 l=1 rev1=0 crypto rx=0 tx=0 comp rx=0 tx=0)._handle_peer_banner_payload supported=3 required=0
2024-04-25T16:39:14.630 INFO:teuthology.orchestra.run.smithi027.stdout:/usr/bin/ceph: stderr
2024-04-25T16:39:08.166+0000 7fb7eeffd700 1 --2- >> [v2:172.21.15.27:3300/0,v1:172.21.15.27:6789/0] conn(0x7fb7f007f630 0x7fb7f01a0300 unknown :-1 s=HELLO_CONNECTING pgs=0 cs=0 l=1 rev1=1 crypto rx=0 tx=0 comp rx=0 tx=0).handle_hello peer v2:172.21.15.27:3300/0 says I am v2:172.21.15.27:53228/0 (socket says 172.21.15.27:53228)
2024-04-25T16:39:14.630 INFO:teuthology.orchestra.run.smithi027.stdout:/usr/bin/ceph: stderr
2024-04-25T16:39:08.166+0000 7fb7eeffd700 1 -- 172.21.15.27:0/1307317107 learned_addr learned my addr 172.21.15.27:0/1307317107 (peer_addr_for_me v2:172.21.15.27:0/0)
2024-04-25T16:39:14.630 INFO:teuthology.orchestra.run.smithi027.stdout:/usr/bin/ceph: stderr
2024-04-25T16:39:08.166+0000 7fb7eeffd700 1 -- 172.21.15.27:0/1307317107 --> [v2:172.21.15.27:3300/0,v1:172.21.15.27:6789/0] -- mon_subscribe({config=0+,monmap=0+}) -- 0x7fb7f01a0840 con 0x7fb7f007f630
2024-04-25T16:39:14.630 INFO:teuthology.orchestra.run.smithi027.stdout:/usr/bin/ceph: stderr
2024-04-25T16:39:08.166+0000 7fb7eeffd700 1 --2- 172.21.15.27:0/1307317107 >> [v2:172.21.15.27:3300/0,v1:172.21.15.27:6789/0] conn(0x7fb7f007f630 0x7fb7f01a0300 secure :-1 s=READY pgs=27 cs=0 l=1 rev1=1 crypto rx=0x7fb7e4006af0 tx=0x7fb7e4011c10 comp rx=0 tx=0).ready entity=mon.0 client_cookie=0 server_cookie=0 in_seq=0 out_seq=0
2024-04-25T16:39:14.630 INFO:teuthology.orchestra.run.smithi027.stdout:/usr/bin/ceph: stderr
2024-04-25T16:39:08.167+0000 7fb7f495a700 1 -- 172.21.15.27:0/1307317107 <== mon.0 v2:172.21.15.27:3300/0 1 ==== mon_map magic: 0 ==== 205+0+0 (secure 0 0 0) 0x7fb7e4003930 con 0x7fb7f007f630
2024-04-25T16:39:14.630 INFO:teuthology.orchestra.run.smithi027.stdout:/usr/bin/ceph: stderr
2024-04-25T16:39:08.167+0000 7fb7f495a700 1 -- 172.21.15.27:0/1307317107 <== mon.0 v2:172.21.15.27:3300/0 2 ==== config(27 keys) ==== 1104+0+0 (secure 0 0 0) 0x7fb7e4003ad0 con 0x7fb7f007f630
2024-04-25T16:39:14.631 INFO:teuthology.orchestra.run.smithi027.stdout:/usr/bin/ceph: stderr
2024-04-25T16:39:08.167+0000 7fb7f595c700 1 -- 172.21.15.27:0/1307317107 --> [v2:172.21.15.27:3300/0,v1:172.21.15.27:6789/0] -- mon_subscribe({mgrmap=0+}) -- 0x7fb7f01a0ad0 con 0x7fb7f007f630
2024-04-25T16:39:14.631 INFO:teuthology.orchestra.run.smithi027.stdout:/usr/bin/ceph: stderr
2024-04-25T16:39:08.167+0000 7fb7f495a700 1 -- 172.21.15.27:0/1307317107 <== mon.0 v2:172.21.15.27:3300/0 3 ==== mon_map magic: 0 ==== 205+0+0 (secure 0 0 0) 0x7fb7e4019610 con 0x7fb7f007f630
2024-04-25T16:39:14.631 INFO:teuthology.orchestra.run.smithi027.stdout:/usr/bin/ceph: stderr
2024-04-25T16:39:08.167+0000 7fb7f595c700 1 -- 172.21.15.27:0/1307317107 --> [v2:172.21.15.27:3300/0,v1:172.21.15.27:6789/0] -- mon_subscribe({osdmap=0}) -- 0x7fb7f01a36e0 con 0x7fb7f007f630
2024-04-25T16:39:14.631 INFO:teuthology.orchestra.run.smithi027.stdout:/usr/bin/ceph: stderr
2024-04-25T16:39:08.168+0000 7fb7f495a700 1 -- 172.21.15.27:0/1307317107 <== mon.0 v2:172.21.15.27:3300/0 4 ==== mgrmap(e 5) ==== 49516+0+0 (secure 0 0 0) 0x7fb7e40198a0 con 0x7fb7f007f630
2024-04-25T16:39:14.631 INFO:teuthology.orchestra.run.smithi027.stdout:/usr/bin/ceph: stderr
2024-04-25T16:39:08.168+0000 7fb7f495a700 1 --2- 172.21.15.27:0/1307317107 >> [v2:172.21.15.27:6800/3946891690,v1:172.21.15.27:6801/3946891690] conn(0x7fb7d803d570 0x7fb7d803fa80 unknown :-1 s=NONE pgs=0 cs=0 l=1 rev1=0 crypto rx=0 tx=0 comp rx=0 tx=0).connect
2024-04-25T16:39:14.631 INFO:teuthology.orchestra.run.smithi027.stdout:/usr/bin/ceph: stderr
2024-04-25T16:39:08.168+0000 7fb7f495a700 1 -- 172.21.15.27:0/1307317107 --> [v2:172.21.15.27:6800/3946891690,v1:172.21.15.27:6801/3946891690] -- command(tid 0: {"prefix": "get_command_descriptions"}) -- 0x7fb7d8040190 con 0x7fb7d803d570
2024-04-25T16:39:14.631 INFO:teuthology.orchestra.run.smithi027.stdout:/usr/bin/ceph: stderr
2024-04-25T16:39:08.168+0000 7fb7f495a700 1 -- 172.21.15.27:0/1307317107 <== mon.0 v2:172.21.15.27:3300/0 5 ==== osd_map(1..1 src has 1..1) ==== 725+0+0 (secure 0 0 0) 0x7fb7e4052860 con 0x7fb7f007f630
2024-04-25T16:39:14.631 INFO:teuthology.orchestra.run.smithi027.stdout:/usr/bin/ceph: stderr
2024-04-25T16:39:08.168+0000 7fb7ee7fc700 1 -- 172.21.15.27:0/1307317107 >> [v2:172.21.15.27:6800/3946891690,v1:172.21.15.27:6801/3946891690] conn(0x7fb7d803d570 msgr2=0x7fb7d803fa80 unknown :-1 s=STATE_CONNECTING_RE l=1).process reconnect failed to v2:172.21.15.27:6800/3946891690
2024-04-25T16:39:14.632 INFO:teuthology.orchestra.run.smithi027.stdout:/usr/bin/ceph: stderr
2024-04-25T16:39:08.168+0000 7fb7ee7fc700 1 --2- 172.21.15.27:0/1307317107 >> [v2:172.21.15.27:6800/3946891690,v1:172.21.15.27:6801/3946891690] conn(0x7fb7d803d570 0x7fb7d803fa80 unknown :-1 s=START_CONNECT pgs=0 cs=0 l=1 rev1=0 crypto rx=0 tx=0 comp rx=0 tx=0)._fault waiting 0.200000
2024-04-25T16:39:14.632 INFO:teuthology.orchestra.run.smithi027.stdout:/usr/bin/ceph: stderr
2024-04-25T16:39:08.369+0000 7fb7ee7fc700 1 -- 172.21.15.27:0/1307317107 >> [v2:172.21.15.27:6800/3946891690,v1:172.21.15.27:6801/3946891690] conn(0x7fb7d803d570 msgr2=0x7fb7d803fa80 unknown :-1 s=STATE_CONNECTING_RE l=1).process reconnect failed to v2:172.21.15.27:6800/3946891690
2024-04-25T16:39:14.632 INFO:teuthology.orchestra.run.smithi027.stdout:/usr/bin/ceph: stderr
2024-04-25T16:39:08.369+0000 7fb7ee7fc700 1 --2- 172.21.15.27:0/1307317107 >> [v2:172.21.15.27:6800/3946891690,v1:172.21.15.27:6801/3946891690] conn(0x7fb7d803d570 0x7fb7d803fa80 unknown :-1 s=START_CONNECT pgs=0 cs=0 l=1 rev1=0 crypto rx=0 tx=0 comp rx=0 tx=0)._fault waiting 0.400000
2024-04-25T16:39:14.632 INFO:teuthology.orchestra.run.smithi027.stdout:/usr/bin/ceph: stderr
2024-04-25T16:39:08.770+0000 7fb7ee7fc700 1 -- 172.21.15.27:0/1307317107 >> [v2:172.21.15.27:6800/3946891690,v1:172.21.15.27:6801/3946891690] conn(0x7fb7d803d570 msgr2=0x7fb7d803fa80 unknown :-1 s=STATE_CONNECTING_RE l=1).process reconnect failed to v2:172.21.15.27:6800/3946891690
2024-04-25T16:39:14.632 INFO:teuthology.orchestra.run.smithi027.stdout:/usr/bin/ceph: stderr
2024-04-25T16:39:08.770+0000 7fb7ee7fc700 1 --2- 172.21.15.27:0/1307317107 >> [v2:172.21.15.27:6800/3946891690,v1:172.21.15.27:6801/3946891690] conn(0x7fb7d803d570 0x7fb7d803fa80 unknown :-1 s=START_CONNECT pgs=0 cs=0 l=1 rev1=0 crypto rx=0 tx=0 comp rx=0 tx=0)._fault waiting 0.800000
2024-04-25T16:39:14.632 INFO:teuthology.orchestra.run.smithi027.stdout:/usr/bin/ceph: stderr
2024-04-25T16:39:09.571+0000 7fb7ee7fc700 1 -- 172.21.15.27:0/1307317107 >> [v2:172.21.15.27:6800/3946891690,v1:172.21.15.27:6801/3946891690] conn(0x7fb7d803d570 msgr2=0x7fb7d803fa80 unknown :-1 s=STATE_CONNECTING_RE l=1).process reconnect failed to v2:172.21.15.27:6800/3946891690
2024-04-25T16:39:14.632 INFO:teuthology.orchestra.run.smithi027.stdout:/usr/bin/ceph: stderr
2024-04-25T16:39:09.571+0000 7fb7ee7fc700 1 --2- 172.21.15.27:0/1307317107 >> [v2:172.21.15.27:6800/3946891690,v1:172.21.15.27:6801/3946891690] conn(0x7fb7d803d570 0x7fb7d803fa80 unknown :-1 s=START_CONNECT pgs=0 cs=0 l=1 rev1=0 crypto rx=0 tx=0 comp rx=0 tx=0)._fault waiting 1.600000
2024-04-25T16:39:14.632 INFO:teuthology.orchestra.run.smithi027.stdout:/usr/bin/ceph: stderr
2024-04-25T16:39:11.173+0000 7fb7ee7fc700 1 -- 172.21.15.27:0/1307317107 >> [v2:172.21.15.27:6800/3946891690,v1:172.21.15.27:6801/3946891690] conn(0x7fb7d803d570 msgr2=0x7fb7d803fa80 unknown :-1 s=STATE_CONNECTING_RE l=1).process reconnect failed to v2:172.21.15.27:6800/3946891690
2024-04-25T16:39:14.633 INFO:teuthology.orchestra.run.smithi027.stdout:/usr/bin/ceph: stderr
2024-04-25T16:39:11.173+0000 7fb7ee7fc700 1 --2- 172.21.15.27:0/1307317107 >> [v2:172.21.15.27:6800/3946891690,v1:172.21.15.27:6801/3946891690] conn(0x7fb7d803d570 0x7fb7d803fa80 unknown :-1 s=START_CONNECT pgs=0 cs=0 l=1 rev1=0 crypto rx=0 tx=0 comp rx=0 tx=0)._fault waiting 3.200000
2024-04-25T16:39:14.633 INFO:teuthology.orchestra.run.smithi027.stdout:/usr/bin/ceph: stderr
2024-04-25T16:39:13.008+0000 7fb7f495a700 1 -- 172.21.15.27:0/1307317107 <== mon.0 v2:172.21.15.27:3300/0 6 ==== mgrmap(e 6) ==== 49283+0+0 (secure 0 0 0) 0x7fb7e400fd80 con 0x7fb7f007f630
2024-04-25T16:39:14.633 INFO:teuthology.orchestra.run.smithi027.stdout:/usr/bin/ceph: stderr
2024-04-25T16:39:13.008+0000 7fb7f495a700 1 -- 172.21.15.27:0/1307317107 >> [v2:172.21.15.27:6800/3946891690,v1:172.21.15.27:6801/3946891690] conn(0x7fb7d803d570 msgr2=0x7fb7d803fa80 unknown :-1 s=STATE_CONNECTING l=1).mark_down
2024-04-25T16:39:14.633 INFO:teuthology.orchestra.run.smithi027.stdout:/usr/bin/ceph: stderr
2024-04-25T16:39:13.008+0000 7fb7f495a700 1 --2- 172.21.15.27:0/1307317107 >> [v2:172.21.15.27:6800/3946891690,v1:172.21.15.27:6801/3946891690] conn(0x7fb7d803d570 0x7fb7d803fa80 unknown :-1 s=START_CONNECT pgs=0 cs=0 l=1 rev1=0 crypto rx=0 tx=0 comp rx=0 tx=0).stop
2024-04-25T16:39:14.633 INFO:teuthology.orchestra.run.smithi027.stdout:/usr/bin/ceph: stderr
2024-04-25T16:39:14.009+0000 7fb7f495a700 1 -- 172.21.15.27:0/1307317107 <== mon.0 v2:172.21.15.27:3300/0 7 ==== mgrmap(e 7) ==== 49410+0+0 (secure 0 0 0) 0x7fb7e4018350 con 0x7fb7f007f630
2024-04-25T16:39:14.634 INFO:teuthology.orchestra.run.smithi027.stdout:/usr/bin/ceph: stderr
2024-04-25T16:39:14.009+0000 7fb7f495a700 1 --2- 172.21.15.27:0/1307317107 >> [v2:172.21.15.27:6800/3147840509,v1:172.21.15.27:6801/3147840509] conn(0x7fb7d8040eb0 0x7fb7d80432d0 unknown :-1 s=NONE pgs=0 cs=0 l=1 rev1=0 crypto rx=0 tx=0 comp rx=0 tx=0).connect
2024-04-25T16:39:14.634 INFO:teuthology.orchestra.run.smithi027.stdout:/usr/bin/ceph: stderr
2024-04-25T16:39:14.009+0000 7fb7f495a700 1 -- 172.21.15.27:0/1307317107 --> [v2:172.21.15.27:6800/3147840509,v1:172.21.15.27:6801/3147840509] -- command(tid 0: {"prefix": "get_command_descriptions"}) -- 0x7fb7e401abd0 con 0x7fb7d8040eb0
2024-04-25T16:39:14.634 INFO:teuthology.orchestra.run.smithi027.stdout:/usr/bin/ceph: stderr
2024-04-25T16:39:14.010+0000 7fb7ee7fc700 1 --2- 172.21.15.27:0/1307317107 >> [v2:172.21.15.27:6800/3147840509,v1:172.21.15.27:6801/3147840509] conn(0x7fb7d8040eb0 0x7fb7d80432d0 unknown :-1 s=BANNER_CONNECTING pgs=0 cs=0 l=1 rev1=0 crypto rx=0 tx=0 comp rx=0 tx=0)._handle_peer_banner_payload supported=3 required=0
2024-04-25T16:39:14.634 INFO:teuthology.orchestra.run.smithi027.stdout:/usr/bin/ceph: stderr
2024-04-25T16:39:14.011+0000 7fb7ee7fc700 1 --2- 172.21.15.27:0/1307317107 >> [v2:172.21.15.27:6800/3147840509,v1:172.21.15.27:6801/3147840509] conn(0x7fb7d8040eb0 0x7fb7d80432d0 secure :-1 s=READY pgs=2 cs=0 l=1 rev1=1 crypto rx=0x7fb7e0003a10 tx=0x7fb7e00092b0 comp rx=0 tx=0).ready entity=mgr.14118 client_cookie=0 server_cookie=0 in_seq=0 out_seq=0
2024-04-25T16:39:14.635 INFO:teuthology.orchestra.run.smithi027.stdout:/usr/bin/ceph: stderr
2024-04-25T16:39:14.011+0000 7fb7f495a700 1 -- 172.21.15.27:0/1307317107 <== mgr.14118 v2:172.21.15.27:6800/3147840509 1 ==== command_reply(tid 0: 0 ) ==== 8+0+9564 (secure 0 0 0) 0x7fb7e401abd0 con 0x7fb7d8040eb0
2024-04-25T16:39:14.635 INFO:teuthology.orchestra.run.smithi027.stdout:/usr/bin/ceph: stderr
2024-04-25T16:39:14.020+0000 7fb7f595c700 1 -- 172.21.15.27:0/1307317107 --> [v2:172.21.15.27:6800/3147840509,v1:172.21.15.27:6801/3147840509] -- command(tid 1: {"prefix": "mgr_status"}) -- 0x7fb7f0064cf0 con 0x7fb7d8040eb0
2024-04-25T16:39:14.635 INFO:teuthology.orchestra.run.smithi027.stdout:/usr/bin/ceph: stderr
2024-04-25T16:39:14.020+0000 7fb7f495a700 1 -- 172.21.15.27:0/1307317107 <== mgr.14118 v2:172.21.15.27:6800/3147840509 2 ==== command_reply(tid 1: 0 ) ==== 8+0+51 (secure 0 0 0) 0x7fb7f0064cf0 con 0x7fb7d8040eb0
2024-04-25T16:39:14.635 INFO:teuthology.orchestra.run.smithi027.stdout:/usr/bin/ceph: stderr
2024-04-25T16:39:14.020+0000 7fb7f595c700 1 -- 172.21.15.27:0/1307317107 >> [v2:172.21.15.27:6800/3147840509,v1:172.21.15.27:6801/3147840509] conn(0x7fb7d8040eb0 msgr2=0x7fb7d80432d0 secure :-1 s=STATE_CONNECTION_ESTABLISHED l=1).mark_down
2024-04-25T16:39:14.635 INFO:teuthology.orchestra.run.smithi027.stdout:/usr/bin/ceph: stderr
2024-04-25T16:39:14.020+0000 7fb7f595c700 1 --2- 172.21.15.27:0/1307317107 >> [v2:172.21.15.27:6800/3147840509,v1:172.21.15.27:6801/3147840509] conn(0x7fb7d8040eb0 0x7fb7d80432d0 secure :-1 s=READY pgs=2 cs=0 l=1 rev1=1 crypto rx=0x7fb7e0003a10 tx=0x7fb7e00092b0 comp rx=0 tx=0).stop
2024-04-25T16:39:14.635 INFO:teuthology.orchestra.run.smithi027.stdout:/usr/bin/ceph: stderr
2024-04-25T16:39:14.020+0000 7fb7f595c700 1 -- 172.21.15.27:0/1307317107 >> [v2:172.21.15.27:3300/0,v1:172.21.15.27:6789/0] conn(0x7fb7f007f630 msgr2=0x7fb7f01a0300 secure :-1 s=STATE_CONNECTION_ESTABLISHED l=1).mark_down
2024-04-25T16:39:14.636 INFO:teuthology.orchestra.run.smithi027.stdout:/usr/bin/ceph: stderr
2024-04-25T16:39:14.020+0000 7fb7f595c700 1 --2- 172.21.15.27:0/1307317107 >> [v2:172.21.15.27:3300/0,v1:172.21.15.27:6789/0] conn(0x7fb7f007f630 0x7fb7f01a0300 secure :-1 s=READY pgs=27 cs=0 l=1 rev1=1 crypto rx=0x7fb7e4006af0 tx=0x7fb7e4011c10 comp rx=0 tx=0).stop
2024-04-25T16:39:14.636 INFO:teuthology.orchestra.run.smithi027.stdout:/usr/bin/ceph: stderr
2024-04-25T16:39:14.020+0000 7fb7f595c700 1 -- 172.21.15.27:0/1307317107 shutdown_connections
2024-04-25T16:39:14.636 INFO:teuthology.orchestra.run.smithi027.stdout:/usr/bin/ceph: stderr
2024-04-25T16:39:14.020+0000 7fb7f595c700 1 --2- 172.21.15.27:0/1307317107 >> [v2:172.21.15.27:3300/0,v1:172.21.15.27:6789/0] conn(0x7fb7f007f630 0x7fb7f01a0300 unknown :-1 s=CLOSED pgs=27 cs=0 l=1 rev1=1 crypto rx=0 tx=0 comp rx=0 tx=0).stop
2024-04-25T16:39:14.636 INFO:teuthology.orchestra.run.smithi027.stdout:/usr/bin/ceph: stderr
2024-04-25T16:39:14.020+0000 7fb7f595c700 1 --2- 172.21.15.27:0/1307317107 >> [v2:172.21.15.27:6800/3147840509,v1:172.21.15.27:6801/3147840509] conn(0x7fb7d8040eb0 0x7fb7d80432d0 unknown :-1 s=CLOSED pgs=2 cs=0 l=1 rev1=1 crypto rx=0 tx=0 comp rx=0 tx=0).stop
2024-04-25T16:39:14.636 INFO:teuthology.orchestra.run.smithi027.stdout:/usr/bin/ceph: stderr
2024-04-25T16:39:14.020+0000 7fb7f595c700 1 --2- 172.21.15.27:0/1307317107 >> [v2:172.21.15.27:6800/3946891690,v1:172.21.15.27:6801/3946891690] conn(0x7fb7d803d570 0x7fb7d803fa80 unknown :-1 s=CLOSED pgs=0 cs=0 l=1 rev1=0 crypto rx=0 tx=0 comp rx=0 tx=0).stop
2024-04-25T16:39:14.636 INFO:teuthology.orchestra.run.smithi027.stdout:/usr/bin/ceph: stderr
2024-04-25T16:39:14.020+0000 7fb7f595c700 1 -- 172.21.15.27:0/1307317107 >> 172.21.15.27:0/1307317107 conn(0x7fb7f0105490 msgr2=0x7fb7f0105ca0 unknown :-1 s=STATE_NONE l=0).mark_down
2024-04-25T16:39:14.636 INFO:teuthology.orchestra.run.smithi027.stdout:/usr/bin/ceph: stderr
2024-04-25T16:39:14.020+0000 7fb7f595c700 1 -- 172.21.15.27:0/1307317107 shutdown_connections
2024-04-25T16:39:14.637 INFO:teuthology.orchestra.run.smithi027.stdout:/usr/bin/ceph: stderr
2024-04-25T16:39:14.021+0000 7fb7f595c700 1 -- 172.21.15.27:0/1307317107 wait complete.
2024-04-25T16:39:14.637 INFO:teuthology.orchestra.run.smithi027.stdout:mgr epoch 5 is available
2024-04-25T16:39:14.637 INFO:teuthology.orchestra.run.smithi027.stdout:Setting orchestrator backend to cephadm...
2024-04-25T16:39:15.110 INFO:journalctl@ceph.mon.a.smithi027.stdout:Apr 25 16:39:15 smithi027 ceph-mon[29133]: from='client.14122 -' entity='client.admin' cmd=[{"prefix": "get_command_descriptions"}]: dispatch
2024-04-25T16:39:15.110 INFO:journalctl@ceph.mon.a.smithi027.stdout:Apr 25 16:39:15 smithi027 ceph-mon[29133]: from='client.14122 -' entity='client.admin' cmd=[{"prefix": "mgr_status"}]: dispatch
2024-04-25T16:39:15.111 INFO:journalctl@ceph.mon.a.smithi027.stdout:Apr 25 16:39:15 smithi027 ceph-mon[29133]: [25/Apr/2024:16:39:14] ENGINE Bus STARTING
2024-04-25T16:39:15.111 INFO:journalctl@ceph.mon.a.smithi027.stdout:Apr 25 16:39:15 smithi027 ceph-mon[29133]: [25/Apr/2024:16:39:14] ENGINE Serving on http://172.21.15.27:8765
2024-04-25T16:39:15.111 INFO:journalctl@ceph.mon.a.smithi027.stdout:Apr 25 16:39:15 smithi027 ceph-mon[29133]: [25/Apr/2024:16:39:14] ENGINE Serving on https://172.21.15.27:7150
2024-04-25T16:39:15.111 INFO:journalctl@ceph.mon.a.smithi027.stdout:Apr 25 16:39:15 smithi027 ceph-mon[29133]: [25/Apr/2024:16:39:14] ENGINE Bus STARTED
2024-04-25T16:39:15.111 INFO:journalctl@ceph.mon.a.smithi027.stdout:Apr 25 16:39:15 smithi027 ceph-mon[29133]: from='mgr.14118 172.21.15.27:0/3465185652' entity='mgr.x' cmd=[{"prefix": "config dump", "format": "json"}]: dispatch
2024-04-25T16:39:15.824 INFO:teuthology.orchestra.run.smithi027.stdout:/usr/bin/ceph: stderr
2024-04-25T16:39:15.109+0000 7fcb94e2f700 1 Processor -- start
2024-04-25T16:39:15.824 INFO:teuthology.orchestra.run.smithi027.stdout:/usr/bin/ceph: stderr
2024-04-25T16:39:15.109+0000 7fcb94e2f700 1 -- start start
2024-04-25T16:39:15.824 INFO:teuthology.orchestra.run.smithi027.stdout:/usr/bin/ceph: stderr
2024-04-25T16:39:15.109+0000 7fcb94e2f700 1 --2- >> [v2:172.21.15.27:3300/0,v1:172.21.15.27:6789/0] conn(0x7fcb90108d00 0x7fcb90109110 unknown :-1 s=NONE pgs=0 cs=0 l=0 rev1=0 crypto rx=0 tx=0 comp rx=0 tx=0).connect
2024-04-25T16:39:15.824 INFO:teuthology.orchestra.run.smithi027.stdout:/usr/bin/ceph: stderr
2024-04-25T16:39:15.109+0000 7fcb94e2f700 1 -- --> [v2:172.21.15.27:3300/0,v1:172.21.15.27:6789/0] -- mon_getmap magic: 0 -- 0x7fcb90109700 con 0x7fcb90108d00
2024-04-25T16:39:15.824 INFO:teuthology.orchestra.run.smithi027.stdout:/usr/bin/ceph: stderr
2024-04-25T16:39:15.110+0000 7fcb8e59c700 1 --2- >> [v2:172.21.15.27:3300/0,v1:172.21.15.27:6789/0] conn(0x7fcb90108d00 0x7fcb90109110 unknown :-1 s=BANNER_CONNECTING pgs=0 cs=0 l=0 rev1=0 crypto rx=0 tx=0 comp rx=0 tx=0)._handle_peer_banner_payload supported=3 required=0
2024-04-25T16:39:15.824 INFO:teuthology.orchestra.run.smithi027.stdout:/usr/bin/ceph: stderr
2024-04-25T16:39:15.110+0000 7fcb8e59c700 1 --2- >> [v2:172.21.15.27:3300/0,v1:172.21.15.27:6789/0] conn(0x7fcb90108d00 0x7fcb90109110 unknown :-1 s=HELLO_CONNECTING pgs=0 cs=0 l=0 rev1=1 crypto rx=0 tx=0 comp rx=0 tx=0).handle_hello peer v2:172.21.15.27:3300/0 says I am v2:172.21.15.27:53310/0 (socket says 172.21.15.27:53310)
2024-04-25T16:39:15.824 INFO:teuthology.orchestra.run.smithi027.stdout:/usr/bin/ceph: stderr
2024-04-25T16:39:15.110+0000 7fcb8e59c700 1 -- 172.21.15.27:0/3052971814 learned_addr learned my addr 172.21.15.27:0/3052971814 (peer_addr_for_me v2:172.21.15.27:0/0)
2024-04-25T16:39:15.824 INFO:teuthology.orchestra.run.smithi027.stdout:/usr/bin/ceph: stderr
2024-04-25T16:39:15.110+0000 7fcb8e59c700 1 -- 172.21.15.27:0/3052971814 --> [v2:172.21.15.27:3300/0,v1:172.21.15.27:6789/0] -- mon_subscribe({config=0+,monmap=0+}) -- 0x7fcb90109e30 con 0x7fcb90108d00
2024-04-25T16:39:15.825 INFO:teuthology.orchestra.run.smithi027.stdout:/usr/bin/ceph: stderr
2024-04-25T16:39:15.110+0000 7fcb8e59c700 1 --2- 172.21.15.27:0/3052971814 >> [v2:172.21.15.27:3300/0,v1:172.21.15.27:6789/0] conn(0x7fcb90108d00 0x7fcb90109110 secure :-1 s=READY pgs=35 cs=0 l=1 rev1=1 crypto rx=0x7fcb80009e80 tx=0x7fcb8000b330 comp rx=0 tx=0).ready entity=mon.0 client_cookie=301a66756a10731b server_cookie=0 in_seq=0 out_seq=0
2024-04-25T16:39:15.825 INFO:teuthology.orchestra.run.smithi027.stdout:/usr/bin/ceph: stderr
2024-04-25T16:39:15.110+0000 7fcb8d59a700 1 -- 172.21.15.27:0/3052971814 <== mon.0 v2:172.21.15.27:3300/0 1 ==== mon_map magic: 0 ==== 205+0+0 (secure 0 0 0) 0x7fcb80017070 con 0x7fcb90108d00
2024-04-25T16:39:15.825 INFO:teuthology.orchestra.run.smithi027.stdout:/usr/bin/ceph: stderr
2024-04-25T16:39:15.110+0000 7fcb8d59a700 1 -- 172.21.15.27:0/3052971814 <== mon.0 v2:172.21.15.27:3300/0 2 ==== config(27 keys) ==== 1104+0+0 (secure 0 0 0) 0x7fcb8000b8c0 con 0x7fcb90108d00
2024-04-25T16:39:15.825 INFO:teuthology.orchestra.run.smithi027.stdout:/usr/bin/ceph: stderr
2024-04-25T16:39:15.110+0000 7fcb8d59a700 1 -- 172.21.15.27:0/3052971814 <== mon.0 v2:172.21.15.27:3300/0 3 ==== mon_map magic: 0 ==== 205+0+0 (secure 0 0 0) 0x7fcb800045c0 con 0x7fcb90108d00
2024-04-25T16:39:15.825 INFO:teuthology.orchestra.run.smithi027.stdout:/usr/bin/ceph: stderr
2024-04-25T16:39:15.111+0000 7fcb94e2f700 1 -- 172.21.15.27:0/3052971814 >> [v2:172.21.15.27:3300/0,v1:172.21.15.27:6789/0] conn(0x7fcb90108d00 msgr2=0x7fcb90109110 secure :-1 s=STATE_CONNECTION_ESTABLISHED l=1).mark_down
2024-04-25T16:39:15.825 INFO:teuthology.orchestra.run.smithi027.stdout:/usr/bin/ceph: stderr
2024-04-25T16:39:15.111+0000 7fcb94e2f700 1 --2- 172.21.15.27:0/3052971814 >> [v2:172.21.15.27:3300/0,v1:172.21.15.27:6789/0] conn(0x7fcb90108d00 0x7fcb90109110 secure :-1 s=READY pgs=35 cs=0 l=1 rev1=1 crypto rx=0x7fcb80009e80 tx=0x7fcb8000b330 comp rx=0 tx=0).stop
2024-04-25T16:39:15.825 INFO:teuthology.orchestra.run.smithi027.stdout:/usr/bin/ceph: stderr
2024-04-25T16:39:15.111+0000 7fcb94e2f700 1 -- 172.21.15.27:0/3052971814 shutdown_connections
2024-04-25T16:39:15.825 INFO:teuthology.orchestra.run.smithi027.stdout:/usr/bin/ceph: stderr
2024-04-25T16:39:15.111+0000 7fcb94e2f700 1 --2- 172.21.15.27:0/3052971814 >> [v2:172.21.15.27:3300/0,v1:172.21.15.27:6789/0] conn(0x7fcb90108d00 0x7fcb90109110 unknown :-1 s=CLOSED pgs=35 cs=0 l=1 rev1=1 crypto rx=0 tx=0 comp rx=0 tx=0).stop
2024-04-25T16:39:15.825 INFO:teuthology.orchestra.run.smithi027.stdout:/usr/bin/ceph: stderr
2024-04-25T16:39:15.111+0000 7fcb94e2f700 1 -- 172.21.15.27:0/3052971814 >> 172.21.15.27:0/3052971814 conn(0x7fcb90104400 msgr2=0x7fcb90106850 unknown :-1 s=STATE_NONE l=0).mark_down
2024-04-25T16:39:15.825 INFO:teuthology.orchestra.run.smithi027.stdout:/usr/bin/ceph: stderr
2024-04-25T16:39:15.111+0000 7fcb94e2f700 1 -- 172.21.15.27:0/3052971814 shutdown_connections
2024-04-25T16:39:15.825 INFO:teuthology.orchestra.run.smithi027.stdout:/usr/bin/ceph: stderr
2024-04-25T16:39:15.111+0000 7fcb94e2f700 1 -- 172.21.15.27:0/3052971814 wait complete.
2024-04-25T16:39:15.825 INFO:teuthology.orchestra.run.smithi027.stdout:/usr/bin/ceph: stderr
2024-04-25T16:39:15.112+0000 7fcb94e2f700 1 Processor -- start
2024-04-25T16:39:15.826 INFO:teuthology.orchestra.run.smithi027.stdout:/usr/bin/ceph: stderr
2024-04-25T16:39:15.112+0000 7fcb94e2f700 1 -- start start
2024-04-25T16:39:15.826 INFO:teuthology.orchestra.run.smithi027.stdout:/usr/bin/ceph: stderr
2024-04-25T16:39:15.112+0000 7fcb94e2f700 1 --2- >> [v2:172.21.15.27:3300/0,v1:172.21.15.27:6789/0] conn(0x7fcb90108d00 0x7fcb9007d1f0 unknown :-1 s=NONE pgs=0 cs=0 l=1 rev1=0 crypto rx=0 tx=0 comp rx=0 tx=0).connect
2024-04-25T16:39:15.826 INFO:teuthology.orchestra.run.smithi027.stdout:/usr/bin/ceph: stderr
2024-04-25T16:39:15.112+0000 7fcb94e2f700 1 -- --> [v2:172.21.15.27:3300/0,v1:172.21.15.27:6789/0] -- mon_getmap magic: 0 -- 0x7fcb9010d1e0 con 0x7fcb90108d00
2024-04-25T16:39:15.826 INFO:teuthology.orchestra.run.smithi027.stdout:/usr/bin/ceph: stderr
2024-04-25T16:39:15.112+0000 7fcb8e59c700 1 --2- >> [v2:172.21.15.27:3300/0,v1:172.21.15.27:6789/0] conn(0x7fcb90108d00 0x7fcb9007d1f0 unknown :-1 s=BANNER_CONNECTING pgs=0 cs=0 l=1 rev1=0 crypto rx=0 tx=0 comp rx=0 tx=0)._handle_peer_banner_payload supported=3 required=0
2024-04-25T16:39:15.826 INFO:teuthology.orchestra.run.smithi027.stdout:/usr/bin/ceph: stderr
2024-04-25T16:39:15.112+0000 7fcb8e59c700 1 --2- >> [v2:172.21.15.27:3300/0,v1:172.21.15.27:6789/0] conn(0x7fcb90108d00 0x7fcb9007d1f0 unknown :-1 s=HELLO_CONNECTING pgs=0 cs=0 l=1 rev1=1 crypto rx=0 tx=0 comp rx=0 tx=0).handle_hello peer v2:172.21.15.27:3300/0 says I am v2:172.21.15.27:53312/0 (socket says 172.21.15.27:53312)
2024-04-25T16:39:15.826 INFO:teuthology.orchestra.run.smithi027.stdout:/usr/bin/ceph: stderr
2024-04-25T16:39:15.112+0000 7fcb8e59c700 1 -- 172.21.15.27:0/316547188 learned_addr learned my addr 172.21.15.27:0/316547188 (peer_addr_for_me v2:172.21.15.27:0/0)
2024-04-25T16:39:15.826 INFO:teuthology.orchestra.run.smithi027.stdout:/usr/bin/ceph: stderr
