2024-04-25T16:39:03.003+0000 7fec237fe700 1 -- 172.21.15.27:0/387365640 <== mon.0 v2:172.21.15.27:3300/0 1 ==== mon_map magic: 0 ==== 205+0+0 (secure 0 0 0) 0x7fec1c017070 con 0x7fec2c10a8c0
2024-04-25T16:39:03.932 INFO:teuthology.orchestra.run.smithi027.stdout:/usr/bin/ceph: stderr
2024-04-25T16:39:03.003+0000 7fec237fe700 1 -- 172.21.15.27:0/387365640 <== mon.0 v2:172.21.15.27:3300/0 2 ==== config(27 keys) ==== 1104+0+0 (secure 0 0 0) 0x7fec1c022070 con 0x7fec2c10a8c0
2024-04-25T16:39:03.932 INFO:teuthology.orchestra.run.smithi027.stdout:/usr/bin/ceph: stderr
2024-04-25T16:39:03.003+0000 7fec30834700 1 -- 172.21.15.27:0/387365640 --> [v2:172.21.15.27:3300/0,v1:172.21.15.27:6789/0] -- mon_subscribe({mgrmap=0+}) -- 0x7fec2c19e930 con 0x7fec2c10a8c0
2024-04-25T16:39:03.932 INFO:teuthology.orchestra.run.smithi027.stdout:/usr/bin/ceph: stderr
2024-04-25T16:39:03.003+0000 7fec237fe700 1 -- 172.21.15.27:0/387365640 <== mon.0 v2:172.21.15.27:3300/0 3 ==== mon_map magic: 0 ==== 205+0+0 (secure 0 0 0) 0x7fec1c01d690 con 0x7fec2c10a8c0
2024-04-25T16:39:03.932 INFO:teuthology.orchestra.run.smithi027.stdout:/usr/bin/ceph: stderr
2024-04-25T16:39:03.003+0000 7fec30834700 1 -- 172.21.15.27:0/387365640 --> [v2:172.21.15.27:3300/0,v1:172.21.15.27:6789/0] -- mon_subscribe({osdmap=0}) -- 0x7fec2c1a1540 con 0x7fec2c10a8c0
2024-04-25T16:39:03.932 INFO:teuthology.orchestra.run.smithi027.stdout:/usr/bin/ceph: stderr
2024-04-25T16:39:03.004+0000 7fec237fe700 1 -- 172.21.15.27:0/387365640 <== mon.0 v2:172.21.15.27:3300/0 4 ==== mgrmap(e 4) ==== 49505+0+0 (secure 0 0 0) 0x7fec1c01d900 con 0x7fec2c10a8c0
2024-04-25T16:39:03.932 INFO:teuthology.orchestra.run.smithi027.stdout:/usr/bin/ceph: stderr
2024-04-25T16:39:03.004+0000 7fec30834700 1 -- 172.21.15.27:0/387365640 --> [v2:172.21.15.27:3300/0,v1:172.21.15.27:6789/0] -- mon_command({"prefix": "get_command_descriptions"} v 0) -- 0x7fec2c064cf0 con 0x7fec2c10a8c0
2024-04-25T16:39:03.932 INFO:teuthology.orchestra.run.smithi027.stdout:/usr/bin/ceph: stderr
2024-04-25T16:39:03.004+0000 7fec237fe700 1 --2- 172.21.15.27:0/387365640 >> [v2:172.21.15.27:6800/3946891690,v1:172.21.15.27:6801/3946891690] conn(0x7fec1803d520 0x7fec1803fa30 unknown :-1 s=NONE pgs=0 cs=0 l=1 rev1=0 crypto rx=0 tx=0 comp rx=0 tx=0).connect
2024-04-25T16:39:03.932 INFO:teuthology.orchestra.run.smithi027.stdout:/usr/bin/ceph: stderr
2024-04-25T16:39:03.004+0000 7fec237fe700 1 -- 172.21.15.27:0/387365640 <== mon.0 v2:172.21.15.27:3300/0 5 ==== osd_map(1..1 src has 1..1) ==== 725+0+0 (secure 0 0 0) 0x7fec1c00f050 con 0x7fec2c10a8c0
2024-04-25T16:39:03.932 INFO:teuthology.orchestra.run.smithi027.stdout:/usr/bin/ceph: stderr
2024-04-25T16:39:03.004+0000 7fec29d9b700 1 --2- 172.21.15.27:0/387365640 >> [v2:172.21.15.27:6800/3946891690,v1:172.21.15.27:6801/3946891690] conn(0x7fec1803d520 0x7fec1803fa30 unknown :-1 s=BANNER_CONNECTING pgs=0 cs=0 l=1 rev1=0 crypto rx=0 tx=0 comp rx=0 tx=0)._handle_peer_banner_payload supported=3 required=0
2024-04-25T16:39:03.932 INFO:teuthology.orchestra.run.smithi027.stdout:/usr/bin/ceph: stderr
2024-04-25T16:39:03.005+0000 7fec29d9b700 1 --2- 172.21.15.27:0/387365640 >> [v2:172.21.15.27:6800/3946891690,v1:172.21.15.27:6801/3946891690] conn(0x7fec1803d520 0x7fec1803fa30 secure :-1 s=READY pgs=6 cs=0 l=1 rev1=1 crypto rx=0x7fec14006fd0 tx=0x7fec14006e40 comp rx=0 tx=0).ready entity=mgr.14100 client_cookie=0 server_cookie=0 in_seq=0 out_seq=0
2024-04-25T16:39:03.933 INFO:teuthology.orchestra.run.smithi027.stdout:/usr/bin/ceph: stderr
2024-04-25T16:39:03.010+0000 7fec237fe700 1 -- 172.21.15.27:0/387365640 <== mon.0 v2:172.21.15.27:3300/0 6 ==== mon_command_ack([{"prefix": "get_command_descriptions"}]=0 v0) ==== 72+0+188370 (secure 0 0 0) 0x7fec1c01c380 con 0x7fec2c10a8c0
2024-04-25T16:39:03.933 INFO:teuthology.orchestra.run.smithi027.stdout:/usr/bin/ceph: stderr
2024-04-25T16:39:03.305+0000 7fec30834700 1 -- 172.21.15.27:0/387365640 --> [v2:172.21.15.27:3300/0,v1:172.21.15.27:6789/0] -- mon_command({"prefix": "status", "format": "json-pretty"} v 0) -- 0x7fec2c1a1710 con 0x7fec2c10a8c0
2024-04-25T16:39:03.933 INFO:teuthology.orchestra.run.smithi027.stdout:/usr/bin/ceph: stderr
2024-04-25T16:39:03.306+0000 7fec237fe700 1 -- 172.21.15.27:0/387365640 <== mon.0 v2:172.21.15.27:3300/0 7 ==== mon_command_ack([{"prefix": "status", "format": "json-pretty"}]=0 v0) ==== 79+0+1239 (secure 0 0 0) 0x7fec1c04c4f0 con 0x7fec2c10a8c0
2024-04-25T16:39:03.933 INFO:teuthology.orchestra.run.smithi027.stdout:/usr/bin/ceph: stderr
2024-04-25T16:39:03.309+0000 7fec30834700 1 -- 172.21.15.27:0/387365640 >> [v2:172.21.15.27:6800/3946891690,v1:172.21.15.27:6801/3946891690] conn(0x7fec1803d520 msgr2=0x7fec1803fa30 secure :-1 s=STATE_CONNECTION_ESTABLISHED l=1).mark_down
2024-04-25T16:39:03.933 INFO:teuthology.orchestra.run.smithi027.stdout:/usr/bin/ceph: stderr
2024-04-25T16:39:03.309+0000 7fec30834700 1 --2- 172.21.15.27:0/387365640 >> [v2:172.21.15.27:6800/3946891690,v1:172.21.15.27:6801/3946891690] conn(0x7fec1803d520 0x7fec1803fa30 secure :-1 s=READY pgs=6 cs=0 l=1 rev1=1 crypto rx=0x7fec14006fd0 tx=0x7fec14006e40 comp rx=0 tx=0).stop
2024-04-25T16:39:03.933 INFO:teuthology.orchestra.run.smithi027.stdout:/usr/bin/ceph: stderr
2024-04-25T16:39:03.309+0000 7fec30834700 1 -- 172.21.15.27:0/387365640 >> [v2:172.21.15.27:3300/0,v1:172.21.15.27:6789/0] conn(0x7fec2c10a8c0 msgr2=0x7fec2c19e160 secure :-1 s=STATE_CONNECTION_ESTABLISHED l=1).mark_down
2024-04-25T16:39:03.933 INFO:teuthology.orchestra.run.smithi027.stdout:/usr/bin/ceph: stderr
2024-04-25T16:39:03.309+0000 7fec30834700 1 --2- 172.21.15.27:0/387365640 >> [v2:172.21.15.27:3300/0,v1:172.21.15.27:6789/0] conn(0x7fec2c10a8c0 0x7fec2c19e160 secure :-1 s=READY pgs=17 cs=0 l=1 rev1=1 crypto rx=0x7fec1c009e50 tx=0x7fec1c00bd50 comp rx=0 tx=0).stop
2024-04-25T16:39:03.933 INFO:teuthology.orchestra.run.smithi027.stdout:/usr/bin/ceph: stderr
2024-04-25T16:39:03.309+0000 7fec30834700 1 -- 172.21.15.27:0/387365640 shutdown_connections
2024-04-25T16:39:03.933 INFO:teuthology.orchestra.run.smithi027.stdout:/usr/bin/ceph: stderr
2024-04-25T16:39:03.309+0000 7fec30834700 1 --2- 172.21.15.27:0/387365640 >> [v2:172.21.15.27:6800/3946891690,v1:172.21.15.27:6801/3946891690] conn(0x7fec1803d520 0x7fec1803fa30 unknown :-1 s=CLOSED pgs=6 cs=0 l=1 rev1=1 crypto rx=0 tx=0 comp rx=0 tx=0).stop
2024-04-25T16:39:03.933 INFO:teuthology.orchestra.run.smithi027.stdout:/usr/bin/ceph: stderr
2024-04-25T16:39:03.309+0000 7fec30834700 1 --2- 172.21.15.27:0/387365640 >> [v2:172.21.15.27:3300/0,v1:172.21.15.27:6789/0] conn(0x7fec2c10a8c0 0x7fec2c19e160 unknown :-1 s=CLOSED pgs=17 cs=0 l=1 rev1=1 crypto rx=0 tx=0 comp rx=0 tx=0).stop
2024-04-25T16:39:03.933 INFO:teuthology.orchestra.run.smithi027.stdout:/usr/bin/ceph: stderr
2024-04-25T16:39:03.309+0000 7fec30834700 1 -- 172.21.15.27:0/387365640 >> 172.21.15.27:0/387365640 conn(0x7fec2c1043c0 msgr2=0x7fec2c105d50 unknown :-1 s=STATE_NONE l=0).mark_down
2024-04-25T16:39:03.933 INFO:teuthology.orchestra.run.smithi027.stdout:/usr/bin/ceph: stderr
2024-04-25T16:39:03.309+0000 7fec30834700 1 -- 172.21.15.27:0/387365640 shutdown_connections
2024-04-25T16:39:03.933 INFO:teuthology.orchestra.run.smithi027.stdout:/usr/bin/ceph: stderr
2024-04-25T16:39:03.309+0000 7fec30834700 1 -- 172.21.15.27:0/387365640 wait complete.
2024-04-25T16:39:03.933 INFO:teuthology.orchestra.run.smithi027.stdout:mgr is available
2024-04-25T16:39:04.815 INFO:journalctl@ceph.mon.a.smithi027.stdout:Apr 25 16:39:04 smithi027 ceph-mon[29133]: from='client.? 172.21.15.27:0/2062161530' entity='client.admin' cmd=[{"prefix": "config assimilate-conf"}]: dispatch
2024-04-25T16:39:05.068 INFO:teuthology.orchestra.run.smithi027.stdout:/usr/bin/ceph: stdout
2024-04-25T16:39:05.076 INFO:teuthology.orchestra.run.smithi027.stdout:/usr/bin/ceph: stdout [global]
2024-04-25T16:39:05.076 INFO:teuthology.orchestra.run.smithi027.stdout:/usr/bin/ceph: stdout fsid = 21fe9994-0322-11ef-bc93-c7b262605968
2024-04-25T16:39:05.076 INFO:teuthology.orchestra.run.smithi027.stdout:/usr/bin/ceph: stdout mon_cluster_log_file_level = debug
2024-04-25T16:39:05.076 INFO:teuthology.orchestra.run.smithi027.stdout:/usr/bin/ceph: stdout mon_osd_allow_pg_remap = true
2024-04-25T16:39:05.076 INFO:teuthology.orchestra.run.smithi027.stdout:/usr/bin/ceph: stdout mon_osd_allow_primary_affinity = true
2024-04-25T16:39:05.076 INFO:teuthology.orchestra.run.smithi027.stdout:/usr/bin/ceph: stdout mon_warn_on_no_sortbitwise = false
2024-04-25T16:39:05.076 INFO:teuthology.orchestra.run.smithi027.stdout:/usr/bin/ceph: stdout osd_crush_chooseleaf_type = 0
2024-04-25T16:39:05.076 INFO:teuthology.orchestra.run.smithi027.stdout:/usr/bin/ceph: stdout
2024-04-25T16:39:05.076 INFO:teuthology.orchestra.run.smithi027.stdout:/usr/bin/ceph: stdout [mgr]
2024-04-25T16:39:05.076 INFO:teuthology.orchestra.run.smithi027.stdout:/usr/bin/ceph: stdout mgr/telemetry/nag = false
2024-04-25T16:39:05.076 INFO:teuthology.orchestra.run.smithi027.stdout:/usr/bin/ceph: stdout
2024-04-25T16:39:05.077 INFO:teuthology.orchestra.run.smithi027.stdout:/usr/bin/ceph: stdout [osd]
2024-04-25T16:39:05.077 INFO:teuthology.orchestra.run.smithi027.stdout:/usr/bin/ceph: stdout bdev_async_discard = True
2024-04-25T16:39:05.077 INFO:teuthology.orchestra.run.smithi027.stdout:/usr/bin/ceph: stdout mon_osd_backfillfull_ratio = 0.85
2024-04-25T16:39:05.077 INFO:teuthology.orchestra.run.smithi027.stdout:/usr/bin/ceph: stdout mon_osd_full_ratio = 0.9
2024-04-25T16:39:05.077 INFO:teuthology.orchestra.run.smithi027.stdout:/usr/bin/ceph: stdout mon_osd_nearfull_ratio = 0.8
2024-04-25T16:39:05.077 INFO:teuthology.orchestra.run.smithi027.stdout:/usr/bin/ceph: stdout osd_map_max_advance = 10
2024-04-25T16:39:05.077 INFO:teuthology.orchestra.run.smithi027.stdout:/usr/bin/ceph: stdout osd_sloppy_crc = true
2024-04-25T16:39:05.077 INFO:teuthology.orchestra.run.smithi027.stdout:/usr/bin/ceph: stderr
2024-04-25T16:39:04.339+0000 7fdc7e260700 1 Processor -- start
2024-04-25T16:39:05.077 INFO:teuthology.orchestra.run.smithi027.stdout:/usr/bin/ceph: stderr
2024-04-25T16:39:04.339+0000 7fdc7e260700 1 -- start start
2024-04-25T16:39:05.077 INFO:teuthology.orchestra.run.smithi027.stdout:/usr/bin/ceph: stderr
2024-04-25T16:39:04.340+0000 7fdc7e260700 1 --2- >> [v2:172.21.15.27:3300/0,v1:172.21.15.27:6789/0] conn(0x7fdc78108d10 0x7fdc78109120 unknown :-1 s=NONE pgs=0 cs=0 l=0 rev1=0 crypto rx=0 tx=0 comp rx=0 tx=0).connect
2024-04-25T16:39:05.077 INFO:teuthology.orchestra.run.smithi027.stdout:/usr/bin/ceph: stderr
2024-04-25T16:39:04.340+0000 7fdc7e260700 1 -- --> [v2:172.21.15.27:3300/0,v1:172.21.15.27:6789/0] -- mon_getmap magic: 0 -- 0x7fdc78109710 con 0x7fdc78108d10
2024-04-25T16:39:05.077 INFO:teuthology.orchestra.run.smithi027.stdout:/usr/bin/ceph: stderr
2024-04-25T16:39:04.340+0000 7fdc777fe700 1 --2- >> [v2:172.21.15.27:3300/0,v1:172.21.15.27:6789/0] conn(0x7fdc78108d10 0x7fdc78109120 unknown :-1 s=BANNER_CONNECTING pgs=0 cs=0 l=0 rev1=0 crypto rx=0 tx=0 comp rx=0 tx=0)._handle_peer_banner_payload supported=3 required=0
2024-04-25T16:39:05.077 INFO:teuthology.orchestra.run.smithi027.stdout:/usr/bin/ceph: stderr
2024-04-25T16:39:04.340+0000 7fdc777fe700 1 --2- >> [v2:172.21.15.27:3300/0,v1:172.21.15.27:6789/0] conn(0x7fdc78108d10 0x7fdc78109120 unknown :-1 s=HELLO_CONNECTING pgs=0 cs=0 l=0 rev1=1 crypto rx=0 tx=0 comp rx=0 tx=0).handle_hello peer v2:172.21.15.27:3300/0 says I am v2:172.21.15.27:59082/0 (socket says 172.21.15.27:59082)
2024-04-25T16:39:05.078 INFO:teuthology.orchestra.run.smithi027.stdout:/usr/bin/ceph: stderr
2024-04-25T16:39:04.340+0000 7fdc777fe700 1 -- 172.21.15.27:0/367541722 learned_addr learned my addr 172.21.15.27:0/367541722 (peer_addr_for_me v2:172.21.15.27:0/0)
2024-04-25T16:39:05.078 INFO:teuthology.orchestra.run.smithi027.stdout:/usr/bin/ceph: stderr
2024-04-25T16:39:04.340+0000 7fdc777fe700 1 -- 172.21.15.27:0/367541722 --> [v2:172.21.15.27:3300/0,v1:172.21.15.27:6789/0] -- mon_subscribe({config=0+,monmap=0+}) -- 0x7fdc78109e40 con 0x7fdc78108d10
2024-04-25T16:39:05.078 INFO:teuthology.orchestra.run.smithi027.stdout:/usr/bin/ceph: stderr
2024-04-25T16:39:04.341+0000 7fdc777fe700 1 --2- 172.21.15.27:0/367541722 >> [v2:172.21.15.27:3300/0,v1:172.21.15.27:6789/0] conn(0x7fdc78108d10 0x7fdc78109120 secure :-1 s=READY pgs=18 cs=0 l=1 rev1=1 crypto rx=0x7fdc680098a0 tx=0x7fdc68009bb0 comp rx=0 tx=0).ready entity=mon.0 client_cookie=8bda8de2c3ca45f8 server_cookie=0 in_seq=0 out_seq=0
2024-04-25T16:39:05.078 INFO:teuthology.orchestra.run.smithi027.stdout:/usr/bin/ceph: stderr
2024-04-25T16:39:04.341+0000 7fdc767fc700 1 -- 172.21.15.27:0/367541722 <== mon.0 v2:172.21.15.27:3300/0 1 ==== mon_map magic: 0 ==== 205+0+0 (secure 0 0 0) 0x7fdc68004160 con 0x7fdc78108d10
2024-04-25T16:39:05.078 INFO:teuthology.orchestra.run.smithi027.stdout:/usr/bin/ceph: stderr
2024-04-25T16:39:04.341+0000 7fdc767fc700 1 -- 172.21.15.27:0/367541722 <== mon.0 v2:172.21.15.27:3300/0 2 ==== config(27 keys) ==== 1104+0+0 (secure 0 0 0) 0x7fdc68004300 con 0x7fdc78108d10
2024-04-25T16:39:05.078 INFO:teuthology.orchestra.run.smithi027.stdout:/usr/bin/ceph: stderr
2024-04-25T16:39:04.341+0000 7fdc767fc700 1 -- 172.21.15.27:0/367541722 <== mon.0 v2:172.21.15.27:3300/0 3 ==== mon_map magic: 0 ==== 205+0+0 (secure 0 0 0) 0x7fdc68011b20 con 0x7fdc78108d10
2024-04-25T16:39:05.078 INFO:teuthology.orchestra.run.smithi027.stdout:/usr/bin/ceph: stderr
2024-04-25T16:39:04.341+0000 7fdc7e260700 1 -- 172.21.15.27:0/367541722 >> [v2:172.21.15.27:3300/0,v1:172.21.15.27:6789/0] conn(0x7fdc78108d10 msgr2=0x7fdc78109120 secure :-1 s=STATE_CONNECTION_ESTABLISHED l=1).mark_down
2024-04-25T16:39:05.078 INFO:teuthology.orchestra.run.smithi027.stdout:/usr/bin/ceph: stderr
2024-04-25T16:39:04.341+0000 7fdc7e260700 1 --2- 172.21.15.27:0/367541722 >> [v2:172.21.15.27:3300/0,v1:172.21.15.27:6789/0] conn(0x7fdc78108d10 0x7fdc78109120 secure :-1 s=READY pgs=18 cs=0 l=1 rev1=1 crypto rx=0x7fdc680098a0 tx=0x7fdc68009bb0 comp rx=0 tx=0).stop
2024-04-25T16:39:05.078 INFO:teuthology.orchestra.run.smithi027.stdout:/usr/bin/ceph: stderr
2024-04-25T16:39:04.341+0000 7fdc7e260700 1 -- 172.21.15.27:0/367541722 shutdown_connections
2024-04-25T16:39:05.078 INFO:teuthology.orchestra.run.smithi027.stdout:/usr/bin/ceph: stderr
2024-04-25T16:39:04.341+0000 7fdc7e260700 1 --2- 172.21.15.27:0/367541722 >> [v2:172.21.15.27:3300/0,v1:172.21.15.27:6789/0] conn(0x7fdc78108d10 0x7fdc78109120 unknown :-1 s=CLOSED pgs=18 cs=0 l=1 rev1=1 crypto rx=0 tx=0 comp rx=0 tx=0).stop
2024-04-25T16:39:05.078 INFO:teuthology.orchestra.run.smithi027.stdout:/usr/bin/ceph: stderr
2024-04-25T16:39:04.341+0000 7fdc7e260700 1 -- 172.21.15.27:0/367541722 >> 172.21.15.27:0/367541722 conn(0x7fdc781043d0 msgr2=0x7fdc78106820 unknown :-1 s=STATE_NONE l=0).mark_down
2024-04-25T16:39:05.078 INFO:teuthology.orchestra.run.smithi027.stdout:/usr/bin/ceph: stderr
2024-04-25T16:39:04.342+0000 7fdc7e260700 1 -- 172.21.15.27:0/367541722 shutdown_connections
2024-04-25T16:39:05.078 INFO:teuthology.orchestra.run.smithi027.stdout:/usr/bin/ceph: stderr
2024-04-25T16:39:04.342+0000 7fdc7e260700 1 -- 172.21.15.27:0/367541722 wait complete.
2024-04-25T16:39:05.079 INFO:teuthology.orchestra.run.smithi027.stdout:/usr/bin/ceph: stderr
2024-04-25T16:39:04.342+0000 7fdc7e260700 1 Processor -- start
2024-04-25T16:39:05.079 INFO:teuthology.orchestra.run.smithi027.stdout:/usr/bin/ceph: stderr
2024-04-25T16:39:04.342+0000 7fdc7e260700 1 -- start start
2024-04-25T16:39:05.079 INFO:teuthology.orchestra.run.smithi027.stdout:/usr/bin/ceph: stderr
2024-04-25T16:39:04.342+0000 7fdc7e260700 1 --2- >> [v2:172.21.15.27:3300/0,v1:172.21.15.27:6789/0] conn(0x7fdc78108d10 0x7fdc7807c980 unknown :-1 s=NONE pgs=0 cs=0 l=1 rev1=0 crypto rx=0 tx=0 comp rx=0 tx=0).connect
2024-04-25T16:39:05.079 INFO:teuthology.orchestra.run.smithi027.stdout:/usr/bin/ceph: stderr
2024-04-25T16:39:04.343+0000 7fdc7e260700 1 -- --> [v2:172.21.15.27:3300/0,v1:172.21.15.27:6789/0] -- mon_getmap magic: 0 -- 0x7fdc7810d1f0 con 0x7fdc78108d10
2024-04-25T16:39:05.079 INFO:teuthology.orchestra.run.smithi027.stdout:/usr/bin/ceph: stderr
2024-04-25T16:39:04.343+0000 7fdc777fe700 1 --2- >> [v2:172.21.15.27:3300/0,v1:172.21.15.27:6789/0] conn(0x7fdc78108d10 0x7fdc7807c980 unknown :-1 s=BANNER_CONNECTING pgs=0 cs=0 l=1 rev1=0 crypto rx=0 tx=0 comp rx=0 tx=0)._handle_peer_banner_payload supported=3 required=0
2024-04-25T16:39:05.079 INFO:teuthology.orchestra.run.smithi027.stdout:/usr/bin/ceph: stderr
2024-04-25T16:39:04.343+0000 7fdc777fe700 1 --2- >> [v2:172.21.15.27:3300/0,v1:172.21.15.27:6789/0] conn(0x7fdc78108d10 0x7fdc7807c980 unknown :-1 s=HELLO_CONNECTING pgs=0 cs=0 l=1 rev1=1 crypto rx=0 tx=0 comp rx=0 tx=0).handle_hello peer v2:172.21.15.27:3300/0 says I am v2:172.21.15.27:59088/0 (socket says 172.21.15.27:59088)
2024-04-25T16:39:05.079 INFO:teuthology.orchestra.run.smithi027.stdout:/usr/bin/ceph: stderr
2024-04-25T16:39:04.343+0000 7fdc777fe700 1 -- 172.21.15.27:0/2062161530 learned_addr learned my addr 172.21.15.27:0/2062161530 (peer_addr_for_me v2:172.21.15.27:0/0)
2024-04-25T16:39:05.079 INFO:teuthology.orchestra.run.smithi027.stdout:/usr/bin/ceph: stderr
2024-04-25T16:39:04.343+0000 7fdc777fe700 1 -- 172.21.15.27:0/2062161530 --> [v2:172.21.15.27:3300/0,v1:172.21.15.27:6789/0] -- mon_subscribe({config=0+,monmap=0+}) -- 0x7fdc7807cec0 con 0x7fdc78108d10
2024-04-25T16:39:05.079 INFO:teuthology.orchestra.run.smithi027.stdout:/usr/bin/ceph: stderr
2024-04-25T16:39:04.343+0000 7fdc777fe700 1 --2- 172.21.15.27:0/2062161530 >> [v2:172.21.15.27:3300/0,v1:172.21.15.27:6789/0] conn(0x7fdc78108d10 0x7fdc7807c980 secure :-1 s=READY pgs=19 cs=0 l=1 rev1=1 crypto rx=0x7fdc68009870 tx=0x7fdc68011c10 comp rx=0 tx=0).ready entity=mon.0 client_cookie=0 server_cookie=0 in_seq=0 out_seq=0
2024-04-25T16:39:05.079 INFO:teuthology.orchestra.run.smithi027.stdout:/usr/bin/ceph: stderr
2024-04-25T16:39:04.343+0000 7fdc74ff9700 1 -- 172.21.15.27:0/2062161530 <== mon.0 v2:172.21.15.27:3300/0 1 ==== mon_map magic: 0 ==== 205+0+0 (secure 0 0 0) 0x7fdc68003930 con 0x7fdc78108d10
2024-04-25T16:39:05.079 INFO:teuthology.orchestra.run.smithi027.stdout:/usr/bin/ceph: stderr
2024-04-25T16:39:04.343+0000 7fdc74ff9700 1 -- 172.21.15.27:0/2062161530 <== mon.0 v2:172.21.15.27:3300/0 2 ==== config(27 keys) ==== 1104+0+0 (secure 0 0 0) 0x7fdc68003ad0 con 0x7fdc78108d10
2024-04-25T16:39:05.079 INFO:teuthology.orchestra.run.smithi027.stdout:/usr/bin/ceph: stderr
2024-04-25T16:39:04.343+0000 7fdc74ff9700 1 -- 172.21.15.27:0/2062161530 <== mon.0 v2:172.21.15.27:3300/0 3 ==== mon_map magic: 0 ==== 205+0+0 (secure 0 0 0) 0x7fdc68019530 con 0x7fdc78108d10
2024-04-25T16:39:05.079 INFO:teuthology.orchestra.run.smithi027.stdout:/usr/bin/ceph: stderr
2024-04-25T16:39:04.343+0000 7fdc7e260700 1 -- 172.21.15.27:0/2062161530 --> [v2:172.21.15.27:3300/0,v1:172.21.15.27:6789/0] -- mon_subscribe({mgrmap=0+}) -- 0x7fdc781a0f20 con 0x7fdc78108d10
2024-04-25T16:39:05.079 INFO:teuthology.orchestra.run.smithi027.stdout:/usr/bin/ceph: stderr
2024-04-25T16:39:04.343+0000 7fdc7e260700 1 -- 172.21.15.27:0/2062161530 --> [v2:172.21.15.27:3300/0,v1:172.21.15.27:6789/0] -- mon_subscribe({osdmap=0}) -- 0x7fdc781a1320 con 0x7fdc78108d10
2024-04-25T16:39:05.080 INFO:teuthology.orchestra.run.smithi027.stdout:/usr/bin/ceph: stderr
2024-04-25T16:39:04.344+0000 7fdc74ff9700 1 -- 172.21.15.27:0/2062161530 <== mon.0 v2:172.21.15.27:3300/0 4 ==== mgrmap(e 4) ==== 49505+0+0 (secure 0 0 0) 0x7fdc68019830 con 0x7fdc78108d10
2024-04-25T16:39:05.080 INFO:teuthology.orchestra.run.smithi027.stdout:/usr/bin/ceph: stderr
2024-04-25T16:39:04.345+0000 7fdc7e260700 1 -- 172.21.15.27:0/2062161530 --> [v2:172.21.15.27:3300/0,v1:172.21.15.27:6789/0] -- mon_command({"prefix": "get_command_descriptions"} v 0) -- 0x7fdc78064cf0 con 0x7fdc78108d10
2024-04-25T16:39:05.080 INFO:teuthology.orchestra.run.smithi027.stdout:/usr/bin/ceph: stderr
2024-04-25T16:39:04.345+0000 7fdc74ff9700 1 --2- 172.21.15.27:0/2062161530 >> [v2:172.21.15.27:6800/3946891690,v1:172.21.15.27:6801/3946891690] conn(0x7fdc6403d4d0 0x7fdc6403f9e0 unknown :-1 s=NONE pgs=0 cs=0 l=1 rev1=0 crypto rx=0 tx=0 comp rx=0 tx=0).connect
2024-04-25T16:39:05.080 INFO:teuthology.orchestra.run.smithi027.stdout:/usr/bin/ceph: stderr
2024-04-25T16:39:04.345+0000 7fdc74ff9700 1 -- 172.21.15.27:0/2062161530 <== mon.0 v2:172.21.15.27:3300/0 5 ==== osd_map(1..1 src has 1..1) ==== 725+0+0 (secure 0 0 0) 0x7fdc68052a90 con 0x7fdc78108d10
2024-04-25T16:39:05.080 INFO:teuthology.orchestra.run.smithi027.stdout:/usr/bin/ceph: stderr
2024-04-25T16:39:04.345+0000 7fdc76ffd700 1 --2- 172.21.15.27:0/2062161530 >> [v2:172.21.15.27:6800/3946891690,v1:172.21.15.27:6801/3946891690] conn(0x7fdc6403d4d0 0x7fdc6403f9e0 unknown :-1 s=BANNER_CONNECTING pgs=0 cs=0 l=1 rev1=0 crypto rx=0 tx=0 comp rx=0 tx=0)._handle_peer_banner_payload supported=3 required=0
2024-04-25T16:39:05.080 INFO:teuthology.orchestra.run.smithi027.stdout:/usr/bin/ceph: stderr
2024-04-25T16:39:04.345+0000 7fdc76ffd700 1 --2- 172.21.15.27:0/2062161530 >> [v2:172.21.15.27:6800/3946891690,v1:172.21.15.27:6801/3946891690] conn(0x7fdc6403d4d0 0x7fdc6403f9e0 secure :-1 s=READY pgs=7 cs=0 l=1 rev1=1 crypto rx=0x7fdc60006fd0 tx=0x7fdc60006e40 comp rx=0 tx=0).ready entity=mgr.14100 client_cookie=0 server_cookie=0 in_seq=0 out_seq=0
2024-04-25T16:39:05.080 INFO:teuthology.orchestra.run.smithi027.stdout:/usr/bin/ceph: stderr
2024-04-25T16:39:04.350+0000 7fdc74ff9700 1 -- 172.21.15.27:0/2062161530 <== mon.0 v2:172.21.15.27:3300/0 6 ==== mon_command_ack([{"prefix": "get_command_descriptions"}]=0 v0) ==== 72+0+188370 (secure 0 0 0) 0x7fdc68011e20 con 0x7fdc78108d10
2024-04-25T16:39:05.080 INFO:teuthology.orchestra.run.smithi027.stdout:/usr/bin/ceph: stderr
2024-04-25T16:39:04.559+0000 7fdc7e260700 1 -- 172.21.15.27:0/2062161530 --> [v2:172.21.15.27:3300/0,v1:172.21.15.27:6789/0] -- mon_command({"prefix": "config assimilate-conf"} v 0) -- 0x7fdc781a1730 con 0x7fdc78108d10
2024-04-25T16:39:05.080 INFO:teuthology.orchestra.run.smithi027.stdout:/usr/bin/ceph: stderr
2024-04-25T16:39:04.560+0000 7fdc74ff9700 1 -- 172.21.15.27:0/2062161530 <== mon.0 v2:172.21.15.27:3300/0 7 ==== mon_command_ack([{"prefix": "config assimilate-conf"}]=0 v3) ==== 70+0+436 (secure 0 0 0) 0x7fdc781a1730 con 0x7fdc78108d10
2024-04-25T16:39:05.080 INFO:teuthology.orchestra.run.smithi027.stdout:/usr/bin/ceph: stderr
2024-04-25T16:39:04.563+0000 7fdc7e260700 1 -- 172.21.15.27:0/2062161530 >> [v2:172.21.15.27:6800/3946891690,v1:172.21.15.27:6801/3946891690] conn(0x7fdc6403d4d0 msgr2=0x7fdc6403f9e0 secure :-1 s=STATE_CONNECTION_ESTABLISHED l=1).mark_down
2024-04-25T16:39:05.080 INFO:teuthology.orchestra.run.smithi027.stdout:/usr/bin/ceph: stderr
2024-04-25T16:39:04.563+0000 7fdc7e260700 1 --2- 172.21.15.27:0/2062161530 >> [v2:172.21.15.27:6800/3946891690,v1:172.21.15.27:6801/3946891690] conn(0x7fdc6403d4d0 0x7fdc6403f9e0 secure :-1 s=READY pgs=7 cs=0 l=1 rev1=1 crypto rx=0x7fdc60006fd0 tx=0x7fdc60006e40 comp rx=0 tx=0).stop
2024-04-25T16:39:05.080 INFO:teuthology.orchestra.run.smithi027.stdout:/usr/bin/ceph: stderr
2024-04-25T16:39:04.563+0000 7fdc7e260700 1 -- 172.21.15.27:0/2062161530 >> [v2:172.21.15.27:3300/0,v1:172.21.15.27:6789/0] conn(0x7fdc78108d10 msgr2=0x7fdc7807c980 secure :-1 s=STATE_CONNECTION_ESTABLISHED l=1).mark_down
2024-04-25T16:39:05.080 INFO:teuthology.orchestra.run.smithi027.stdout:/usr/bin/ceph: stderr
2024-04-25T16:39:04.563+0000 7fdc7e260700 1 --2- 172.21.15.27:0/2062161530 >> [v2:172.21.15.27:3300/0,v1:172.21.15.27:6789/0] conn(0x7fdc78108d10 0x7fdc7807c980 secure :-1 s=READY pgs=19 cs=0 l=1 rev1=1 crypto rx=0x7fdc68009870 tx=0x7fdc68011c10 comp rx=0 tx=0).stop
2024-04-25T16:39:05.081 INFO:teuthology.orchestra.run.smithi027.stdout:/usr/bin/ceph: stderr
2024-04-25T16:39:04.563+0000 7fdc7e260700 1 -- 172.21.15.27:0/2062161530 shutdown_connections
2024-04-25T16:39:05.081 INFO:teuthology.orchestra.run.smithi027.stdout:/usr/bin/ceph: stderr
2024-04-25T16:39:04.563+0000 7fdc7e260700 1 --2- 172.21.15.27:0/2062161530 >> [v2:172.21.15.27:6800/3946891690,v1:172.21.15.27:6801/3946891690] conn(0x7fdc6403d4d0 0x7fdc6403f9e0 unknown :-1 s=CLOSED pgs=7 cs=0 l=1 rev1=1 crypto rx=0 tx=0 comp rx=0 tx=0).stop
2024-04-25T16:39:05.081 INFO:teuthology.orchestra.run.smithi027.stdout:/usr/bin/ceph: stderr
2024-04-25T16:39:04.563+0000 7fdc7e260700 1 --2- 172.21.15.27:0/2062161530 >> [v2:172.21.15.27:3300/0,v1:172.21.15.27:6789/0] conn(0x7fdc78108d10 0x7fdc7807c980 unknown :-1 s=CLOSED pgs=19 cs=0 l=1 rev1=1 crypto rx=0 tx=0 comp rx=0 tx=0).stop
2024-04-25T16:39:05.081 INFO:teuthology.orchestra.run.smithi027.stdout:/usr/bin/ceph: stderr
2024-04-25T16:39:04.563+0000 7fdc7e260700 1 -- 172.21.15.27:0/2062161530 >> 172.21.15.27:0/2062161530 conn(0x7fdc781043d0 msgr2=0x7fdc78105c70 unknown :-1 s=STATE_NONE l=0).mark_down
2024-04-25T16:39:05.081 INFO:teuthology.orchestra.run.smithi027.stdout:/usr/bin/ceph: stderr
2024-04-25T16:39:04.563+0000 7fdc7e260700 1 -- 172.21.15.27:0/2062161530 shutdown_connections
2024-04-25T16:39:05.081 INFO:teuthology.orchestra.run.smithi027.stdout:/usr/bin/ceph: stderr
2024-04-25T16:39:04.563+0000 7fdc7e260700 1 -- 172.21.15.27:0/2062161530 wait complete.
2024-04-25T16:39:05.081 INFO:teuthology.orchestra.run.smithi027.stdout:Enabling cephadm module...
2024-04-25T16:39:06.037 INFO:journalctl@ceph.mon.a.smithi027.stdout:Apr 25 16:39:05 smithi027 ceph-mon[29133]: from='client.? 172.21.15.27:0/1124794143' entity='client.admin' cmd=[{"prefix": "mgr module enable", "module": "cephadm"}]: dispatch
2024-04-25T16:39:06.037 INFO:journalctl@ceph.mgr.x.smithi027.stdout:Apr 25 16:39:05 smithi027 ceph-21fe9994-0322-11ef-bc93-c7b262605968-mgr-x[29365]: ignoring --setuser ceph since I am not root
2024-04-25T16:39:06.037 INFO:journalctl@ceph.mgr.x.smithi027.stdout:Apr 25 16:39:05 smithi027 ceph-21fe9994-0322-11ef-bc93-c7b262605968-mgr-x[29365]: ignoring --setgroup ceph since I am not root
2024-04-25T16:39:06.037 INFO:journalctl@ceph.mgr.x.smithi027.stdout:Apr 25 16:39:06 smithi027 ceph-21fe9994-0322-11ef-bc93-c7b262605968-mgr-x[29365]:
2024-04-25T16:39:06.037+0000 7f99866f9200 -1 mgr[py] Module balancer has missing NOTIFY_TYPES member
2024-04-25T16:39:06.315 INFO:journalctl@ceph.mgr.x.smithi027.stdout:Apr 25 16:39:06 smithi027 ceph-21fe9994-0322-11ef-bc93-c7b262605968-mgr-x[29365]:
2024-04-25T16:39:06.232+0000 7f99866f9200 -1 mgr[py] Module orchestrator has missing NOTIFY_TYPES member
2024-04-25T16:39:06.447 INFO:teuthology.orchestra.run.smithi027.stdout:/usr/bin/ceph: stderr
2024-04-25T16:39:05.505+0000 7f6dd374c700 1 Processor -- start
2024-04-25T16:39:06.447 INFO:teuthology.orchestra.run.smithi027.stdout:/usr/bin/ceph: stderr
2024-04-25T16:39:05.505+0000 7f6dd374c700 1 -- start start
2024-04-25T16:39:06.447 INFO:teuthology.orchestra.run.smithi027.stdout:/usr/bin/ceph: stderr
2024-04-25T16:39:05.505+0000 7f6dd374c700 1 --2- >> [v2:172.21.15.27:3300/0,v1:172.21.15.27:6789/0] conn(0x7f6dcc07f630 0x7f6dcc07db00 unknown :-1 s=NONE pgs=0 cs=0 l=0 rev1=0 crypto rx=0 tx=0 comp rx=0 tx=0).connect
2024-04-25T16:39:06.448 INFO:teuthology.orchestra.run.smithi027.stdout:/usr/bin/ceph: stderr
2024-04-25T16:39:05.505+0000 7f6dd374c700 1 -- --> [v2:172.21.15.27:3300/0,v1:172.21.15.27:6789/0] -- mon_getmap magic: 0 -- 0x7f6dcc07e040 con 0x7f6dcc07f630
2024-04-25T16:39:06.448 INFO:teuthology.orchestra.run.smithi027.stdout:/usr/bin/ceph: stderr
2024-04-25T16:39:05.505+0000 7f6dd14e8700 1 --2- >> [v2:172.21.15.27:3300/0,v1:172.21.15.27:6789/0] conn(0x7f6dcc07f630 0x7f6dcc07db00 unknown :-1 s=BANNER_CONNECTING pgs=0 cs=0 l=0 rev1=0 crypto rx=0 tx=0 comp rx=0 tx=0)._handle_peer_banner_payload supported=3 required=0
2024-04-25T16:39:06.448 INFO:teuthology.orchestra.run.smithi027.stdout:/usr/bin/ceph: stderr
2024-04-25T16:39:05.505+0000 7f6dd14e8700 1 --2- >> [v2:172.21.15.27:3300/0,v1:172.21.15.27:6789/0] conn(0x7f6dcc07f630 0x7f6dcc07db00 unknown :-1 s=HELLO_CONNECTING pgs=0 cs=0 l=0 rev1=1 crypto rx=0 tx=0 comp rx=0 tx=0).handle_hello peer v2:172.21.15.27:3300/0 says I am v2:172.21.15.27:59104/0 (socket says 172.21.15.27:59104)
2024-04-25T16:39:06.448 INFO:teuthology.orchestra.run.smithi027.stdout:/usr/bin/ceph: stderr
2024-04-25T16:39:05.505+0000 7f6dd14e8700 1 -- 172.21.15.27:0/2341070294 learned_addr learned my addr 172.21.15.27:0/2341070294 (peer_addr_for_me v2:172.21.15.27:0/0)
2024-04-25T16:39:06.448 INFO:teuthology.orchestra.run.smithi027.stdout:/usr/bin/ceph: stderr
2024-04-25T16:39:05.506+0000 7f6dd14e8700 1 -- 172.21.15.27:0/2341070294 --> [v2:172.21.15.27:3300/0,v1:172.21.15.27:6789/0] -- mon_subscribe({config=0+,monmap=0+}) -- 0x7f6dcc07e1c0 con 0x7f6dcc07f630
2024-04-25T16:39:06.448 INFO:teuthology.orchestra.run.smithi027.stdout:/usr/bin/ceph: stderr
2024-04-25T16:39:05.506+0000 7f6dd14e8700 1 --2- 172.21.15.27:0/2341070294 >> [v2:172.21.15.27:3300/0,v1:172.21.15.27:6789/0] conn(0x7f6dcc07f630 0x7f6dcc07db00 secure :-1 s=READY pgs=20 cs=0 l=1 rev1=1 crypto rx=0x7f6dc80098a0 tx=0x7f6dc8009bb0 comp rx=0 tx=0).ready entity=mon.0 client_cookie=b1814dabfa223afc server_cookie=0 in_seq=0 out_seq=0
2024-04-25T16:39:06.448 INFO:teuthology.orchestra.run.smithi027.stdout:/usr/bin/ceph: stderr
2024-04-25T16:39:05.506+0000 7f6dc3fff700 1 -- 172.21.15.27:0/2341070294 <== mon.0 v2:172.21.15.27:3300/0 1 ==== mon_map magic: 0 ==== 205+0+0 (secure 0 0 0) 0x7f6dc8004160 con 0x7f6dcc07f630
2024-04-25T16:39:06.448 INFO:teuthology.orchestra.run.smithi027.stdout:/usr/bin/ceph: stderr
2024-04-25T16:39:05.506+0000 7f6dc3fff700 1 -- 172.21.15.27:0/2341070294 <== mon.0 v2:172.21.15.27:3300/0 2 ==== config(27 keys) ==== 1104+0+0 (secure 0 0 0) 0x7f6dc8004300 con 0x7f6dcc07f630
2024-04-25T16:39:06.448 INFO:teuthology.orchestra.run.smithi027.stdout:/usr/bin/ceph: stderr
2024-04-25T16:39:05.506+0000 7f6dc3fff700 1 -- 172.21.15.27:0/2341070294 <== mon.0 v2:172.21.15.27:3300/0 3 ==== mon_map magic: 0 ==== 205+0+0 (secure 0 0 0) 0x7f6dc8011b20 con 0x7f6dcc07f630
2024-04-25T16:39:06.448 INFO:teuthology.orchestra.run.smithi027.stdout:/usr/bin/ceph: stderr
2024-04-25T16:39:05.507+0000 7f6dd374c700 1 -- 172.21.15.27:0/2341070294 >> [v2:172.21.15.27:3300/0,v1:172.21.15.27:6789/0] conn(0x7f6dcc07f630 msgr2=0x7f6dcc07db00 secure :-1 s=STATE_CONNECTION_ESTABLISHED l=1).mark_down
2024-04-25T16:39:06.448 INFO:teuthology.orchestra.run.smithi027.stdout:/usr/bin/ceph: stderr
2024-04-25T16:39:05.507+0000 7f6dd374c700 1 --2- 172.21.15.27:0/2341070294 >> [v2:172.21.15.27:3300/0,v1:172.21.15.27:6789/0] conn(0x7f6dcc07f630 0x7f6dcc07db00 secure :-1 s=READY pgs=20 cs=0 l=1 rev1=1 crypto rx=0x7f6dc80098a0 tx=0x7f6dc8009bb0 comp rx=0 tx=0).stop
2024-04-25T16:39:06.448 INFO:teuthology.orchestra.run.smithi027.stdout:/usr/bin/ceph: stderr
2024-04-25T16:39:05.507+0000 7f6dd374c700 1 -- 172.21.15.27:0/2341070294 shutdown_connections
2024-04-25T16:39:06.448 INFO:teuthology.orchestra.run.smithi027.stdout:/usr/bin/ceph: stderr
2024-04-25T16:39:05.507+0000 7f6dd374c700 1 --2- 172.21.15.27:0/2341070294 >> [v2:172.21.15.27:3300/0,v1:172.21.15.27:6789/0] conn(0x7f6dcc07f630 0x7f6dcc07db00 unknown :-1 s=CLOSED pgs=20 cs=0 l=1 rev1=1 crypto rx=0 tx=0 comp rx=0 tx=0).stop
2024-04-25T16:39:06.449 INFO:teuthology.orchestra.run.smithi027.stdout:/usr/bin/ceph: stderr
2024-04-25T16:39:05.507+0000 7f6dd374c700 1 -- 172.21.15.27:0/2341070294 >> 172.21.15.27:0/2341070294 conn(0x7f6dcc105510 msgr2=0x7f6dcc107960 unknown :-1 s=STATE_NONE l=0).mark_down
2024-04-25T16:39:06.449 INFO:teuthology.orchestra.run.smithi027.stdout:/usr/bin/ceph: stderr
2024-04-25T16:39:05.507+0000 7f6dd374c700 1 -- 172.21.15.27:0/2341070294 shutdown_connections
2024-04-25T16:39:06.449 INFO:teuthology.orchestra.run.smithi027.stdout:/usr/bin/ceph: stderr
2024-04-25T16:39:05.507+0000 7f6dd374c700 1 -- 172.21.15.27:0/2341070294 wait complete.
2024-04-25T16:39:06.449 INFO:teuthology.orchestra.run.smithi027.stdout:/usr/bin/ceph: stderr
2024-04-25T16:39:05.508+0000 7f6dd374c700 1 Processor -- start
2024-04-25T16:39:06.449 INFO:teuthology.orchestra.run.smithi027.stdout:/usr/bin/ceph: stderr
2024-04-25T16:39:05.508+0000 7f6dd374c700 1 -- start start
2024-04-25T16:39:06.449 INFO:teuthology.orchestra.run.smithi027.stdout:/usr/bin/ceph: stderr
2024-04-25T16:39:05.508+0000 7f6dd374c700 1 --2- >> [v2:172.21.15.27:3300/0,v1:172.21.15.27:6789/0] conn(0x7f6dcc07f630 0x7f6dcc1a0330 unknown :-1 s=NONE pgs=0 cs=0 l=1 rev1=0 crypto rx=0 tx=0 comp rx=0 tx=0).connect
2024-04-25T16:39:06.449 INFO:teuthology.orchestra.run.smithi027.stdout:/usr/bin/ceph: stderr
2024-04-25T16:39:05.508+0000 7f6dd374c700 1 -- --> [v2:172.21.15.27:3300/0,v1:172.21.15.27:6789/0] -- mon_getmap magic: 0 -- 0x7f6dcc1103b0 con 0x7f6dcc07f630
2024-04-25T16:39:06.449 INFO:teuthology.orchestra.run.smithi027.stdout:/usr/bin/ceph: stderr
2024-04-25T16:39:05.508+0000 7f6dd14e8700 1 --2- >> [v2:172.21.15.27:3300/0,v1:172.21.15.27:6789/0] conn(0x7f6dcc07f630 0x7f6dcc1a0330 unknown :-1 s=BANNER_CONNECTING pgs=0 cs=0 l=1 rev1=0 crypto rx=0 tx=0 comp rx=0 tx=0)._handle_peer_banner_payload supported=3 required=0
2024-04-25T16:39:06.449 INFO:teuthology.orchestra.run.smithi027.stdout:/usr/bin/ceph: stderr
2024-04-25T16:39:05.508+0000 7f6dd14e8700 1 --2- >> [v2:172.21.15.27:3300/0,v1:172.21.15.27:6789/0] conn(0x7f6dcc07f630 0x7f6dcc1a0330 unknown :-1 s=HELLO_CONNECTING pgs=0 cs=0 l=1 rev1=1 crypto rx=0 tx=0 comp rx=0 tx=0).handle_hello peer v2:172.21.15.27:3300/0 says I am v2:172.21.15.27:59112/0 (socket says 172.21.15.27:59112)
2024-04-25T16:39:06.450 INFO:teuthology.orchestra.run.smithi027.stdout:/usr/bin/ceph: stderr
2024-04-25T16:39:05.508+0000 7f6dd14e8700 1 -- 172.21.15.27:0/1124794143 learned_addr learned my addr 172.21.15.27:0/1124794143 (peer_addr_for_me v2:172.21.15.27:0/0)
2024-04-25T16:39:06.450 INFO:teuthology.orchestra.run.smithi027.stdout:/usr/bin/ceph: stderr
2024-04-25T16:39:05.508+0000 7f6dd14e8700 1 -- 172.21.15.27:0/1124794143 --> [v2:172.21.15.27:3300/0,v1:172.21.15.27:6789/0] -- mon_subscribe({config=0+,monmap=0+}) -- 0x7f6dcc1a0870 con 0x7f6dcc07f630
2024-04-25T16:39:06.450 INFO:teuthology.orchestra.run.smithi027.stdout:/usr/bin/ceph: stderr
2024-04-25T16:39:05.509+0000 7f6dd14e8700 1 --2- 172.21.15.27:0/1124794143 >> [v2:172.21.15.27:3300/0,v1:172.21.15.27:6789/0] conn(0x7f6dcc07f630 0x7f6dcc1a0330 secure :-1 s=READY pgs=21 cs=0 l=1 rev1=1 crypto rx=0x7f6dc8006af0 tx=0x7f6dc8011c10 comp rx=0 tx=0).ready entity=mon.0 client_cookie=0 server_cookie=0 in_seq=0 out_seq=0
2024-04-25T16:39:06.450 INFO:teuthology.orchestra.run.smithi027.stdout:/usr/bin/ceph: stderr
2024-04-25T16:39:05.509+0000 7f6dc27fc700 1 -- 172.21.15.27:0/1124794143 <== mon.0 v2:172.21.15.27:3300/0 1 ==== mon_map magic: 0 ==== 205+0+0 (secure 0 0 0) 0x7f6dc8003930 con 0x7f6dcc07f630
2024-04-25T16:39:06.450 INFO:teuthology.orchestra.run.smithi027.stdout:/usr/bin/ceph: stderr
2024-04-25T16:39:05.509+0000 7f6dc27fc700 1 -- 172.21.15.27:0/1124794143 <== mon.0 v2:172.21.15.27:3300/0 2 ==== config(27 keys) ==== 1104+0+0 (secure 0 0 0) 0x7f6dc8003ad0 con 0x7f6dcc07f630
2024-04-25T16:39:06.450 INFO:teuthology.orchestra.run.smithi027.stdout:/usr/bin/ceph: stderr
2024-04-25T16:39:05.509+0000 7f6dd374c700 1 -- 172.21.15.27:0/1124794143 --> [v2:172.21.15.27:3300/0,v1:172.21.15.27:6789/0] -- mon_subscribe({mgrmap=0+}) -- 0x7f6dcc1a0b00 con 0x7f6dcc07f630
2024-04-25T16:39:06.450 INFO:teuthology.orchestra.run.smithi027.stdout:/usr/bin/ceph: stderr
2024-04-25T16:39:05.509+0000 7f6dc27fc700 1 -- 172.21.15.27:0/1124794143 <== mon.0 v2:172.21.15.27:3300/0 3 ==== mon_map magic: 0 ==== 205+0+0 (secure 0 0 0) 0x7f6dc8019610 con 0x7f6dcc07f630
2024-04-25T16:39:06.450 INFO:teuthology.orchestra.run.smithi027.stdout:/usr/bin/ceph: stderr
2024-04-25T16:39:05.509+0000 7f6dd374c700 1 -- 172.21.15.27:0/1124794143 --> [v2:172.21.15.27:3300/0,v1:172.21.15.27:6789/0] -- mon_subscribe({osdmap=0}) -- 0x7f6dcc1a3710 con 0x7f6dcc07f630
2024-04-25T16:39:06.450 INFO:teuthology.orchestra.run.smithi027.stdout:/usr/bin/ceph: stderr
2024-04-25T16:39:05.510+0000 7f6dc27fc700 1 -- 172.21.15.27:0/1124794143 <== mon.0 v2:172.21.15.27:3300/0 4 ==== mgrmap(e 4) ==== 49505+0+0 (secure 0 0 0) 0x7f6dc8019880 con 0x7f6dcc07f630
2024-04-25T16:39:06.450 INFO:teuthology.orchestra.run.smithi027.stdout:/usr/bin/ceph: stderr
2024-04-25T16:39:05.510+0000 7f6dc27fc700 1 --2- 172.21.15.27:0/1124794143 >> [v2:172.21.15.27:6800/3946891690,v1:172.21.15.27:6801/3946891690] conn(0x7f6db803d520 0x7f6db803fa30 unknown :-1 s=NONE pgs=0 cs=0 l=1 rev1=0 crypto rx=0 tx=0 comp rx=0 tx=0).connect
2024-04-25T16:39:06.450 INFO:teuthology.orchestra.run.smithi027.stdout:/usr/bin/ceph: stderr
2024-04-25T16:39:05.510+0000 7f6dd374c700 1 -- 172.21.15.27:0/1124794143 --> [v2:172.21.15.27:3300/0,v1:172.21.15.27:6789/0] -- mon_command({"prefix": "get_command_descriptions"} v 0) -- 0x7f6dcc1a0f60 con 0x7f6dcc07f630
2024-04-25T16:39:06.450 INFO:teuthology.orchestra.run.smithi027.stdout:/usr/bin/ceph: stderr
2024-04-25T16:39:05.510+0000 7f6dc27fc700 1 -- 172.21.15.27:0/1124794143 <== mon.0 v2:172.21.15.27:3300/0 5 ==== osd_map(1..1 src has 1..1) ==== 725+0+0 (secure 0 0 0) 0x7f6dc80538c0 con 0x7f6dcc07f630
2024-04-25T16:39:06.450 INFO:teuthology.orchestra.run.smithi027.stdout:/usr/bin/ceph: stderr
2024-04-25T16:39:05.510+0000 7f6dd0ce7700 1 --2- 172.21.15.27:0/1124794143 >> [v2:172.21.15.27:6800/3946891690,v1:172.21.15.27:6801/3946891690] conn(0x7f6db803d520 0x7f6db803fa30 unknown :-1 s=BANNER_CONNECTING pgs=0 cs=0 l=1 rev1=0 crypto rx=0 tx=0 comp rx=0 tx=0)._handle_peer_banner_payload supported=3 required=0
2024-04-25T16:39:06.451 INFO:teuthology.orchestra.run.smithi027.stdout:/usr/bin/ceph: stderr
2024-04-25T16:39:05.510+0000 7f6dd0ce7700 1 --2- 172.21.15.27:0/1124794143 >> [v2:172.21.15.27:6800/3946891690,v1:172.21.15.27:6801/3946891690] conn(0x7f6db803d520 0x7f6db803fa30 secure :-1 s=READY pgs=8 cs=0 l=1 rev1=1 crypto rx=0x7f6dbc006fd0 tx=0x7f6dbc006e40 comp rx=0 tx=0).ready entity=mgr.14100 client_cookie=0 server_cookie=0 in_seq=0 out_seq=0
2024-04-25T16:39:06.451 INFO:teuthology.orchestra.run.smithi027.stdout:/usr/bin/ceph: stderr
2024-04-25T16:39:05.515+0000 7f6dc27fc700 1 -- 172.21.15.27:0/1124794143 <== mon.0 v2:172.21.15.27:3300/0 6 ==== mon_command_ack([{"prefix": "get_command_descriptions"}]=0 v0) ==== 72+0+188370 (secure 0 0 0) 0x7f6dc8011e20 con 0x7f6dcc07f630
2024-04-25T16:39:06.451 INFO:teuthology.orchestra.run.smithi027.stdout:/usr/bin/ceph: stderr
2024-04-25T16:39:05.781+0000 7f6dd374c700 1 -- 172.21.15.27:0/1124794143 --> [v2:172.21.15.27:3300/0,v1:172.21.15.27:6789/0] -- mon_command({"prefix": "mgr module enable", "module": "cephadm"} v 0) -- 0x7f6dcc1a38e0 con 0x7f6dcc07f630
2024-04-25T16:39:06.451 INFO:teuthology.orchestra.run.smithi027.stdout:/usr/bin/ceph: stderr
2024-04-25T16:39:05.833+0000 7f6dc27fc700 1 -- 172.21.15.27:0/1124794143 <== mon.0 v2:172.21.15.27:3300/0 7 ==== mon_command_ack([{"prefix": "mgr module enable", "module": "cephadm"}]=0 v5) ==== 86+0+0 (secure 0 0 0) 0x7f6dc8033030 con 0x7f6dcc07f630
2024-04-25T16:39:06.451 INFO:teuthology.orchestra.run.smithi027.stdout:/usr/bin/ceph: stderr
2024-04-25T16:39:05.835+0000 7f6dc27fc700 1 -- 172.21.15.27:0/1124794143 <== mon.0 v2:172.21.15.27:3300/0 8 ==== mgrmap(e 5) ==== 49516+0+0 (secure 0 0 0) 0x7f6dc802d440 con 0x7f6dcc07f630
2024-04-25T16:39:06.451 INFO:teuthology.orchestra.run.smithi027.stdout:/usr/bin/ceph: stderr
2024-04-25T16:39:05.836+0000 7f6dd374c700 1 -- 172.21.15.27:0/1124794143 >> [v2:172.21.15.27:6800/3946891690,v1:172.21.15.27:6801/3946891690] conn(0x7f6db803d520 msgr2=0x7f6db803fa30 secure :-1 s=STATE_CONNECTION_ESTABLISHED l=1).mark_down
2024-04-25T16:39:06.451 INFO:teuthology.orchestra.run.smithi027.stdout:/usr/bin/ceph: stderr
2024-04-25T16:39:05.836+0000 7f6dd374c700 1 --2- 172.21.15.27:0/1124794143 >> [v2:172.21.15.27:6800/3946891690,v1:172.21.15.27:6801/3946891690] conn(0x7f6db803d520 0x7f6db803fa30 secure :-1 s=READY pgs=8 cs=0 l=1 rev1=1 crypto rx=0x7f6dbc006fd0 tx=0x7f6dbc006e40 comp rx=0 tx=0).stop
2024-04-25T16:39:06.451 INFO:teuthology.orchestra.run.smithi027.stdout:/usr/bin/ceph: stderr
2024-04-25T16:39:05.836+0000 7f6dd374c700 1 -- 172.21.15.27:0/1124794143 >> [v2:172.21.15.27:3300/0,v1:172.21.15.27:6789/0] conn(0x7f6dcc07f630 msgr2=0x7f6dcc1a0330 secure :-1 s=STATE_CONNECTION_ESTABLISHED l=1).mark_down
2024-04-25T16:39:06.451 INFO:teuthology.orchestra.run.smithi027.stdout:/usr/bin/ceph: stderr
2024-04-25T16:39:05.836+0000 7f6dd374c700 1 --2- 172.21.15.27:0/1124794143 >> [v2:172.21.15.27:3300/0,v1:172.21.15.27:6789/0] conn(0x7f6dcc07f630 0x7f6dcc1a0330 secure :-1 s=READY pgs=21 cs=0 l=1 rev1=1 crypto rx=0x7f6dc8006af0 tx=0x7f6dc8011c10 comp rx=0 tx=0).stop
2024-04-25T16:39:06.451 INFO:teuthology.orchestra.run.smithi027.stdout:/usr/bin/ceph: stderr
2024-04-25T16:39:05.836+0000 7f6dd374c700 1 -- 172.21.15.27:0/1124794143 shutdown_connections
2024-04-25T16:39:06.452 INFO:teuthology.orchestra.run.smithi027.stdout:/usr/bin/ceph: stderr
2024-04-25T16:39:05.836+0000 7f6dd374c700 1 --2- 172.21.15.27:0/1124794143 >> [v2:172.21.15.27:6800/3946891690,v1:172.21.15.27:6801/3946891690] conn(0x7f6db803d520 0x7f6db803fa30 unknown :-1 s=CLOSED pgs=8 cs=0 l=1 rev1=1 crypto rx=0 tx=0 comp rx=0 tx=0).stop
2024-04-25T16:39:06.452 INFO:teuthology.orchestra.run.smithi027.stdout:/usr/bin/ceph: stderr
2024-04-25T16:39:05.836+0000 7f6dd374c700 1 --2- 172.21.15.27:0/1124794143 >> [v2:172.21.15.27:3300/0,v1:172.21.15.27:6789/0] conn(0x7f6dcc07f630 0x7f6dcc1a0330 unknown :-1 s=CLOSED pgs=21 cs=0 l=1 rev1=1 crypto rx=0 tx=0 comp rx=0 tx=0).stop
2024-04-25T16:39:06.452 INFO:teuthology.orchestra.run.smithi027.stdout:/usr/bin/ceph: stderr
2024-04-25T16:39:05.836+0000 7f6dd374c700 1 -- 172.21.15.27:0/1124794143 >> 172.21.15.27:0/1124794143 conn(0x7f6dcc105510 msgr2=0x7f6dcc106df0 unknown :-1 s=STATE_NONE l=0).mark_down
2024-04-25T16:39:06.452 INFO:teuthology.orchestra.run.smithi027.stdout:/usr/bin/ceph: stderr
2024-04-25T16:39:05.836+0000 7f6dd374c700 1 -- 172.21.15.27:0/1124794143 shutdown_connections
2024-04-25T16:39:06.452 INFO:teuthology.orchestra.run.smithi027.stdout:/usr/bin/ceph: stderr
2024-04-25T16:39:05.836+0000 7f6dd374c700 1 -- 172.21.15.27:0/1124794143 wait complete.
2024-04-25T16:39:06.663 INFO:journalctl@ceph.mgr.x.smithi027.stdout:Apr 25 16:39:06 smithi027 ceph-21fe9994-0322-11ef-bc93-c7b262605968-mgr-x[29365]:
2024-04-25T16:39:06.339+0000 7f99866f9200 -1 mgr[py] Module snap_schedule has missing NOTIFY_TYPES member
2024-04-25T16:39:06.663 INFO:journalctl@ceph.mgr.x.smithi027.stdout:Apr 25 16:39:06 smithi027 ceph-21fe9994-0322-11ef-bc93-c7b262605968-mgr-x[29365]:
2024-04-25T16:39:06.664+0000 7f99866f9200 -1 mgr[py] Module progress has missing NOTIFY_TYPES member
2024-04-25T16:39:07.065 INFO:journalctl@ceph.mon.a.smithi027.stdout:Apr 25 16:39:06 smithi027 ceph-mon[29133]: from='client.? 172.21.15.27:0/1124794143' entity='client.admin' cmd='[{"prefix": "mgr module enable", "module": "cephadm"}]': finished
2024-04-25T16:39:07.065 INFO:journalctl@ceph.mon.a.smithi027.stdout:Apr 25 16:39:06 smithi027 ceph-mon[29133]: mgrmap e5: x(active, since 11s)
2024-04-25T16:39:07.065 INFO:journalctl@ceph.mgr.x.smithi027.stdout:Apr 25 16:39:06 smithi027 ceph-21fe9994-0322-11ef-bc93-c7b262605968-mgr-x[29365]:
2024-04-25T16:39:06.755+0000 7f99866f9200 -1 mgr[py] Module influx has missing NOTIFY_TYPES member
2024-04-25T16:39:07.737 INFO:teuthology.orchestra.run.smithi027.stdout:/usr/bin/ceph: stdout {
2024-04-25T16:39:07.738 INFO:teuthology.orchestra.run.smithi027.stdout:/usr/bin/ceph: stdout "epoch": 5,
2024-04-25T16:39:07.738 INFO:teuthology.orchestra.run.smithi027.stdout:/usr/bin/ceph: stdout "available": true,
2024-04-25T16:39:07.738 INFO:teuthology.orchestra.run.smithi027.stdout:/usr/bin/ceph: stdout "active_name": "x",
2024-04-25T16:39:07.738 INFO:teuthology.orchestra.run.smithi027.stdout:/usr/bin/ceph: stdout "num_standby": 0
2024-04-25T16:39:07.738 INFO:teuthology.orchestra.run.smithi027.stdout:/usr/bin/ceph: stdout }
2024-04-25T16:39:07.738 INFO:teuthology.orchestra.run.smithi027.stdout:/usr/bin/ceph: stderr
2024-04-25T16:39:06.880+0000 7f5d7e12a700 1 Processor -- start
2024-04-25T16:39:07.738 INFO:teuthology.orchestra.run.smithi027.stdout:/usr/bin/ceph: stderr
2024-04-25T16:39:06.880+0000 7f5d7e12a700 1 -- start start
2024-04-25T16:39:07.738 INFO:teuthology.orchestra.run.smithi027.stdout:/usr/bin/ceph: stderr
2024-04-25T16:39:06.880+0000 7f5d7e12a700 1 --2- >> [v2:172.21.15.27:3300/0,v1:172.21.15.27:6789/0] conn(0x7f5d7807ccc0 0x7f5d7810c960 unknown :-1 s=NONE pgs=0 cs=0 l=0 rev1=0 crypto rx=0 tx=0 comp rx=0 tx=0).connect
2024-04-25T16:39:07.738 INFO:teuthology.orchestra.run.smithi027.stdout:/usr/bin/ceph: stderr
2024-04-25T16:39:06.880+0000 7f5d7e12a700 1 -- --> [v2:172.21.15.27:3300/0,v1:172.21.15.27:6789/0] -- mon_getmap magic: 0 -- 0x7f5d7810cf50 con 0x7f5d7807ccc0
2024-04-25T16:39:07.738 INFO:teuthology.orchestra.run.smithi027.stdout:/usr/bin/ceph: stderr
2024-04-25T16:39:06.880+0000 7f5d777fe700 1 --2- >> [v2:172.21.15.27:3300/0,v1:172.21.15.27:6789/0] conn(0x7f5d7807ccc0 0x7f5d7810c960 unknown :-1 s=BANNER_CONNECTING pgs=0 cs=0 l=0 rev1=0 crypto rx=0 tx=0 comp rx=0 tx=0)._handle_peer_banner_payload supported=3 required=0
2024-04-25T16:39:07.738 INFO:teuthology.orchestra.run.smithi027.stdout:/usr/bin/ceph: stderr
2024-04-25T16:39:06.880+0000 7f5d777fe700 1 --2- >> [v2:172.21.15.27:3300/0,v1:172.21.15.27:6789/0] conn(0x7f5d7807ccc0 0x7f5d7810c960 unknown :-1 s=HELLO_CONNECTING pgs=0 cs=0 l=0 rev1=1 crypto rx=0 tx=0 comp rx=0 tx=0).handle_hello peer v2:172.21.15.27:3300/0 says I am v2:172.21.15.27:53184/0 (socket says 172.21.15.27:53184)
2024-04-25T16:39:07.739 INFO:teuthology.orchestra.run.smithi027.stdout:/usr/bin/ceph: stderr
2024-04-25T16:39:06.880+0000 7f5d777fe700 1 -- 172.21.15.27:0/2334062686 learned_addr learned my addr 172.21.15.27:0/2334062686 (peer_addr_for_me v2:172.21.15.27:0/0)
2024-04-25T16:39:07.739 INFO:teuthology.orchestra.run.smithi027.stdout:/usr/bin/ceph: stderr
2024-04-25T16:39:06.881+0000 7f5d777fe700 1 -- 172.21.15.27:0/2334062686 --> [v2:172.21.15.27:3300/0,v1:172.21.15.27:6789/0] -- mon_subscribe({config=0+,monmap=0+}) -- 0x7f5d7810d0d0 con 0x7f5d7807ccc0
2024-04-25T16:39:07.739 INFO:teuthology.orchestra.run.smithi027.stdout:/usr/bin/ceph: stderr
2024-04-25T16:39:06.881+0000 7f5d777fe700 1 --2- 172.21.15.27:0/2334062686 >> [v2:172.21.15.27:3300/0,v1:172.21.15.27:6789/0] conn(0x7f5d7807ccc0 0x7f5d7810c960 secure :-1 s=READY pgs=24 cs=0 l=1 rev1=1 crypto rx=0x7f5d680098a0 tx=0x7f5d68009bb0 comp rx=0 tx=0).ready entity=mon.0 client_cookie=6dc3246a160c7d79 server_cookie=0 in_seq=0 out_seq=0
2024-04-25T16:39:07.739 INFO:teuthology.orchestra.run.smithi027.stdout:/usr/bin/ceph: stderr
2024-04-25T16:39:06.881+0000 7f5d767fc700 1 -- 172.21.15.27:0/2334062686 <== mon.0 v2:172.21.15.27:3300/0 1 ==== mon_map magic: 0 ==== 205+0+0 (secure 0 0 0) 0x7f5d68004160 con 0x7f5d7807ccc0
2024-04-25T16:39:07.739 INFO:teuthology.orchestra.run.smithi027.stdout:/usr/bin/ceph: stderr
2024-04-25T16:39:06.881+0000 7f5d767fc700 1 -- 172.21.15.27:0/2334062686 <== mon.0 v2:172.21.15.27:3300/0 2 ==== config(27 keys) ==== 1104+0+0 (secure 0 0 0) 0x7f5d68004300 con 0x7f5d7807ccc0
2024-04-25T16:39:07.739 INFO:teuthology.orchestra.run.smithi027.stdout:/usr/bin/ceph: stderr
2024-04-25T16:39:06.881+0000 7f5d767fc700 1 -- 172.21.15.27:0/2334062686 <== mon.0 v2:172.21.15.27:3300/0 3 ==== mon_map magic: 0 ==== 205+0+0 (secure 0 0 0) 0x7f5d68011b20 con 0x7f5d7807ccc0
2024-04-25T16:39:07.739 INFO:teuthology.orchestra.run.smithi027.stdout:/usr/bin/ceph: stderr
2024-04-25T16:39:06.882+0000 7f5d7e12a700 1 -- 172.21.15.27:0/2334062686 >> [v2:172.21.15.27:3300/0,v1:172.21.15.27:6789/0] conn(0x7f5d7807ccc0 msgr2=0x7f5d7810c960 secure :-1 s=STATE_CONNECTION_ESTABLISHED l=1).mark_down
2024-04-25T16:39:07.739 INFO:teuthology.orchestra.run.smithi027.stdout:/usr/bin/ceph: stderr
2024-04-25T16:39:06.882+0000 7f5d7e12a700 1 --2- 172.21.15.27:0/2334062686 >> [v2:172.21.15.27:3300/0,v1:172.21.15.27:6789/0] conn(0x7f5d7807ccc0 0x7f5d7810c960 secure :-1 s=READY pgs=24 cs=0 l=1 rev1=1 crypto rx=0x7f5d680098a0 tx=0x7f5d68009bb0 comp rx=0 tx=0).stop
2024-04-25T16:39:07.739 INFO:teuthology.orchestra.run.smithi027.stdout:/usr/bin/ceph: stderr
2024-04-25T16:39:06.882+0000 7f5d7e12a700 1 -- 172.21.15.27:0/2334062686 shutdown_connections
2024-04-25T16:39:07.739 INFO:teuthology.orchestra.run.smithi027.stdout:/usr/bin/ceph: stderr
2024-04-25T16:39:06.882+0000 7f5d7e12a700 1 --2- 172.21.15.27:0/2334062686 >> [v2:172.21.15.27:3300/0,v1:172.21.15.27:6789/0] conn(0x7f5d7807ccc0 0x7f5d7810c960 unknown :-1 s=CLOSED pgs=24 cs=0 l=1 rev1=1 crypto rx=0 tx=0 comp rx=0 tx=0).stop
2024-04-25T16:39:07.739 INFO:teuthology.orchestra.run.smithi027.stdout:/usr/bin/ceph: stderr
2024-04-25T16:39:06.882+0000 7f5d7e12a700 1 -- 172.21.15.27:0/2334062686 >> 172.21.15.27:0/2334062686 conn(0x7f5d781043d0 msgr2=0x7f5d78106820 unknown :-1 s=STATE_NONE l=0).mark_down
2024-04-25T16:39:07.739 INFO:teuthology.orchestra.run.smithi027.stdout:/usr/bin/ceph: stderr
2024-04-25T16:39:06.882+0000 7f5d7e12a700 1 -- 172.21.15.27:0/2334062686 shutdown_connections
2024-04-25T16:39:07.739 INFO:teuthology.orchestra.run.smithi027.stdout:/usr/bin/ceph: stderr
2024-04-25T16:39:06.882+0000 7f5d7e12a700 1 -- 172.21.15.27:0/2334062686 wait complete.
2024-04-25T16:39:07.740 INFO:teuthology.orchestra.run.smithi027.stdout:/usr/bin/ceph: stderr
2024-04-25T16:39:06.883+0000 7f5d7e12a700 1 Processor -- start
2024-04-25T16:39:07.740 INFO:teuthology.orchestra.run.smithi027.stdout:/usr/bin/ceph: stderr
2024-04-25T16:39:06.883+0000 7f5d7e12a700 1 -- start start
2024-04-25T16:39:07.740 INFO:teuthology.orchestra.run.smithi027.stdout:/usr/bin/ceph: stderr
2024-04-25T16:39:06.883+0000 7f5d7e12a700 1 --2- >> [v2:172.21.15.27:3300/0,v1:172.21.15.27:6789/0] conn(0x7f5d7807ccc0 0x7f5d7810a0d0 unknown :-1 s=NONE pgs=0 cs=0 l=1 rev1=0 crypto rx=0 tx=0 comp rx=0 tx=0).connect
2024-04-25T16:39:07.740 INFO:teuthology.orchestra.run.smithi027.stdout:/usr/bin/ceph: stderr
