2024-04-25T16:39:31.980+0000 7fa8bffff700 1 --2- >> [v2:172.21.15.27:3300/0,v1:172.21.15.27:6789/0] conn(0x7fa8c007cc40 0x7fa8c019e140 unknown :-1 s=HELLO_CONNECTING pgs=0 cs=0 l=1 rev1=1 crypto rx=0 tx=0 comp rx=0 tx=0).handle_hello peer v2:172.21.15.27:3300/0 says I am v2:172.21.15.27:49026/0 (socket says 172.21.15.27:49026)
2024-04-25T16:39:33.844 INFO:teuthology.orchestra.run.smithi027.stdout:/usr/bin/ceph: stderr
2024-04-25T16:39:31.980+0000 7fa8bffff700 1 -- 172.21.15.27:0/3089739700 learned_addr learned my addr 172.21.15.27:0/3089739700 (peer_addr_for_me v2:172.21.15.27:0/0)
2024-04-25T16:39:33.844 INFO:teuthology.orchestra.run.smithi027.stdout:/usr/bin/ceph: stderr
2024-04-25T16:39:31.980+0000 7fa8bffff700 1 -- 172.21.15.27:0/3089739700 --> [v2:172.21.15.27:3300/0,v1:172.21.15.27:6789/0] -- mon_subscribe({config=0+,monmap=0+}) -- 0x7fa8c019e680 con 0x7fa8c007cc40
2024-04-25T16:39:33.844 INFO:teuthology.orchestra.run.smithi027.stdout:/usr/bin/ceph: stderr
2024-04-25T16:39:31.980+0000 7fa8bffff700 1 --2- 172.21.15.27:0/3089739700 >> [v2:172.21.15.27:3300/0,v1:172.21.15.27:6789/0] conn(0x7fa8c007cc40 0x7fa8c019e140 secure :-1 s=READY pgs=54 cs=0 l=1 rev1=1 crypto rx=0x7fa8b00117b0 tx=0x7fa8b0011b70 comp rx=0 tx=0).ready entity=mon.0 client_cookie=0 server_cookie=0 in_seq=0 out_seq=0
2024-04-25T16:39:33.844 INFO:teuthology.orchestra.run.smithi027.stdout:/usr/bin/ceph: stderr
2024-04-25T16:39:31.980+0000 7fa8bd7fa700 1 -- 172.21.15.27:0/3089739700 <== mon.0 v2:172.21.15.27:3300/0 1 ==== mon_map magic: 0 ==== 205+0+0 (secure 0 0 0) 0x7fa8b00039e0 con 0x7fa8c007cc40
2024-04-25T16:39:33.844 INFO:teuthology.orchestra.run.smithi027.stdout:/usr/bin/ceph: stderr
2024-04-25T16:39:31.980+0000 7fa8c64e8700 1 -- 172.21.15.27:0/3089739700 --> [v2:172.21.15.27:3300/0,v1:172.21.15.27:6789/0] -- mon_subscribe({mgrmap=0+}) -- 0x7fa8c019e910 con 0x7fa8c007cc40
2024-04-25T16:39:33.844 INFO:teuthology.orchestra.run.smithi027.stdout:/usr/bin/ceph: stderr
2024-04-25T16:39:31.980+0000 7fa8bd7fa700 1 -- 172.21.15.27:0/3089739700 <== mon.0 v2:172.21.15.27:3300/0 2 ==== config(27 keys) ==== 1135+0+0 (secure 0 0 0) 0x7fa8b0003b80 con 0x7fa8c007cc40
2024-04-25T16:39:33.844 INFO:teuthology.orchestra.run.smithi027.stdout:/usr/bin/ceph: stderr
2024-04-25T16:39:31.980+0000 7fa8bd7fa700 1 -- 172.21.15.27:0/3089739700 <== mon.0 v2:172.21.15.27:3300/0 3 ==== mon_map magic: 0 ==== 205+0+0 (secure 0 0 0) 0x7fa8b0024780 con 0x7fa8c007cc40
2024-04-25T16:39:33.844 INFO:teuthology.orchestra.run.smithi027.stdout:/usr/bin/ceph: stderr
2024-04-25T16:39:31.980+0000 7fa8c64e8700 1 -- 172.21.15.27:0/3089739700 --> [v2:172.21.15.27:3300/0,v1:172.21.15.27:6789/0] -- mon_subscribe({osdmap=0}) -- 0x7fa8c01a1520 con 0x7fa8c007cc40
2024-04-25T16:39:33.844 INFO:teuthology.orchestra.run.smithi027.stdout:/usr/bin/ceph: stderr
2024-04-25T16:39:31.981+0000 7fa8c64e8700 1 -- 172.21.15.27:0/3089739700 --> [v2:172.21.15.27:3300/0,v1:172.21.15.27:6789/0] -- mon_command({"prefix": "get_command_descriptions"} v 0) -- 0x7fa8c0064cf0 con 0x7fa8c007cc40
2024-04-25T16:39:33.844 INFO:teuthology.orchestra.run.smithi027.stdout:/usr/bin/ceph: stderr
2024-04-25T16:39:31.981+0000 7fa8bd7fa700 1 -- 172.21.15.27:0/3089739700 <== mon.0 v2:172.21.15.27:3300/0 4 ==== mgrmap(e 8) ==== 49516+0+0 (secure 0 0 0) 0x7fa8b0022020 con 0x7fa8c007cc40
2024-04-25T16:39:33.844 INFO:teuthology.orchestra.run.smithi027.stdout:/usr/bin/ceph: stderr
2024-04-25T16:39:31.982+0000 7fa8bd7fa700 1 --2- 172.21.15.27:0/3089739700 >> [v2:172.21.15.27:6800/3147840509,v1:172.21.15.27:6801/3147840509] conn(0x7fa8a803d570 0x7fa8a803fa80 unknown :-1 s=NONE pgs=0 cs=0 l=1 rev1=0 crypto rx=0 tx=0 comp rx=0 tx=0).connect
2024-04-25T16:39:33.845 INFO:teuthology.orchestra.run.smithi027.stdout:/usr/bin/ceph: stderr
2024-04-25T16:39:31.982+0000 7fa8bd7fa700 1 -- 172.21.15.27:0/3089739700 <== mon.0 v2:172.21.15.27:3300/0 5 ==== osd_map(2..2 src has 1..2) ==== 940+0+0 (secure 0 0 0) 0x7fa8b0052460 con 0x7fa8c007cc40
2024-04-25T16:39:33.845 INFO:teuthology.orchestra.run.smithi027.stdout:/usr/bin/ceph: stderr
2024-04-25T16:39:31.982+0000 7fa8bf7fe700 1 --2- 172.21.15.27:0/3089739700 >> [v2:172.21.15.27:6800/3147840509,v1:172.21.15.27:6801/3147840509] conn(0x7fa8a803d570 0x7fa8a803fa80 unknown :-1 s=BANNER_CONNECTING pgs=0 cs=0 l=1 rev1=0 crypto rx=0 tx=0 comp rx=0 tx=0)._handle_peer_banner_payload supported=3 required=0
2024-04-25T16:39:33.845 INFO:teuthology.orchestra.run.smithi027.stdout:/usr/bin/ceph: stderr
2024-04-25T16:39:31.982+0000 7fa8bf7fe700 1 --2- 172.21.15.27:0/3089739700 >> [v2:172.21.15.27:6800/3147840509,v1:172.21.15.27:6801/3147840509] conn(0x7fa8a803d570 0x7fa8a803fa80 secure :-1 s=READY pgs=16 cs=0 l=1 rev1=1 crypto rx=0x7fa8b4006fd0 tx=0x7fa8b4006e40 comp rx=0 tx=0).ready entity=mgr.14118 client_cookie=0 server_cookie=0 in_seq=0 out_seq=0
2024-04-25T16:39:33.845 INFO:teuthology.orchestra.run.smithi027.stdout:/usr/bin/ceph: stderr
2024-04-25T16:39:31.987+0000 7fa8bd7fa700 1 -- 172.21.15.27:0/3089739700 <== mon.0 v2:172.21.15.27:3300/0 6 ==== mon_command_ack([{"prefix": "get_command_descriptions"}]=0 v0) ==== 72+0+188370 (secure 0 0 0) 0x7fa8b0051df0 con 0x7fa8c007cc40
2024-04-25T16:39:33.845 INFO:teuthology.orchestra.run.smithi027.stdout:/usr/bin/ceph: stderr
2024-04-25T16:39:32.278+0000 7fa8c64e8700 1 -- 172.21.15.27:0/3089739700 --> [v2:172.21.15.27:3300/0,v1:172.21.15.27:6789/0] -- mon_command({"prefix": "mgr module enable", "module": "dashboard"} v 0) -- 0x7fa8c01a1a90 con 0x7fa8c007cc40
2024-04-25T16:39:33.845 INFO:teuthology.orchestra.run.smithi027.stdout:/usr/bin/ceph: stderr
2024-04-25T16:39:33.198+0000 7fa8bd7fa700 1 -- 172.21.15.27:0/3089739700 <== mon.0 v2:172.21.15.27:3300/0 7 ==== mon_command_ack([{"prefix": "mgr module enable", "module": "dashboard"}]=0 v9) ==== 88+0+0 (secure 0 0 0) 0x7fa8b0029df0 con 0x7fa8c007cc40
2024-04-25T16:39:33.845 INFO:teuthology.orchestra.run.smithi027.stdout:/usr/bin/ceph: stderr
2024-04-25T16:39:33.200+0000 7fa8bd7fa700 1 -- 172.21.15.27:0/3089739700 <== mon.0 v2:172.21.15.27:3300/0 8 ==== mgrmap(e 9) ==== 49529+0+0 (secure 0 0 0) 0x7fa8b0019ca0 con 0x7fa8c007cc40
2024-04-25T16:39:33.845 INFO:teuthology.orchestra.run.smithi027.stdout:/usr/bin/ceph: stderr
2024-04-25T16:39:33.201+0000 7fa8c64e8700 1 -- 172.21.15.27:0/3089739700 >> [v2:172.21.15.27:6800/3147840509,v1:172.21.15.27:6801/3147840509] conn(0x7fa8a803d570 msgr2=0x7fa8a803fa80 secure :-1 s=STATE_CONNECTION_ESTABLISHED l=1).mark_down
2024-04-25T16:39:33.845 INFO:teuthology.orchestra.run.smithi027.stdout:/usr/bin/ceph: stderr
2024-04-25T16:39:33.201+0000 7fa8c64e8700 1 --2- 172.21.15.27:0/3089739700 >> [v2:172.21.15.27:6800/3147840509,v1:172.21.15.27:6801/3147840509] conn(0x7fa8a803d570 0x7fa8a803fa80 secure :-1 s=READY pgs=16 cs=0 l=1 rev1=1 crypto rx=0x7fa8b4006fd0 tx=0x7fa8b4006e40 comp rx=0 tx=0).stop
2024-04-25T16:39:33.845 INFO:teuthology.orchestra.run.smithi027.stdout:/usr/bin/ceph: stderr
2024-04-25T16:39:33.201+0000 7fa8c64e8700 1 -- 172.21.15.27:0/3089739700 >> [v2:172.21.15.27:3300/0,v1:172.21.15.27:6789/0] conn(0x7fa8c007cc40 msgr2=0x7fa8c019e140 secure :-1 s=STATE_CONNECTION_ESTABLISHED l=1).mark_down
2024-04-25T16:39:33.846 INFO:teuthology.orchestra.run.smithi027.stdout:/usr/bin/ceph: stderr
2024-04-25T16:39:33.201+0000 7fa8c64e8700 1 --2- 172.21.15.27:0/3089739700 >> [v2:172.21.15.27:3300/0,v1:172.21.15.27:6789/0] conn(0x7fa8c007cc40 0x7fa8c019e140 secure :-1 s=READY pgs=54 cs=0 l=1 rev1=1 crypto rx=0x7fa8b00117b0 tx=0x7fa8b0011b70 comp rx=0 tx=0).stop
2024-04-25T16:39:33.846 INFO:teuthology.orchestra.run.smithi027.stdout:/usr/bin/ceph: stderr
2024-04-25T16:39:33.201+0000 7fa8c64e8700 1 -- 172.21.15.27:0/3089739700 shutdown_connections
2024-04-25T16:39:33.846 INFO:teuthology.orchestra.run.smithi027.stdout:/usr/bin/ceph: stderr
2024-04-25T16:39:33.201+0000 7fa8c64e8700 1 --2- 172.21.15.27:0/3089739700 >> [v2:172.21.15.27:6800/3147840509,v1:172.21.15.27:6801/3147840509] conn(0x7fa8a803d570 0x7fa8a803fa80 unknown :-1 s=CLOSED pgs=16 cs=0 l=1 rev1=1 crypto rx=0 tx=0 comp rx=0 tx=0).stop
2024-04-25T16:39:33.846 INFO:teuthology.orchestra.run.smithi027.stdout:/usr/bin/ceph: stderr
2024-04-25T16:39:33.201+0000 7fa8c64e8700 1 --2- 172.21.15.27:0/3089739700 >> [v2:172.21.15.27:3300/0,v1:172.21.15.27:6789/0] conn(0x7fa8c007cc40 0x7fa8c019e140 unknown :-1 s=CLOSED pgs=54 cs=0 l=1 rev1=1 crypto rx=0 tx=0 comp rx=0 tx=0).stop
2024-04-25T16:39:33.846 INFO:teuthology.orchestra.run.smithi027.stdout:/usr/bin/ceph: stderr
2024-04-25T16:39:33.201+0000 7fa8c64e8700 1 -- 172.21.15.27:0/3089739700 >> 172.21.15.27:0/3089739700 conn(0x7fa8c01043d0 msgr2=0x7fa8c0105c60 unknown :-1 s=STATE_NONE l=0).mark_down
2024-04-25T16:39:33.846 INFO:teuthology.orchestra.run.smithi027.stdout:/usr/bin/ceph: stderr
2024-04-25T16:39:33.201+0000 7fa8c64e8700 1 -- 172.21.15.27:0/3089739700 shutdown_connections
2024-04-25T16:39:33.846 INFO:teuthology.orchestra.run.smithi027.stdout:/usr/bin/ceph: stderr
2024-04-25T16:39:33.201+0000 7fa8c64e8700 1 -- 172.21.15.27:0/3089739700 wait complete.
2024-04-25T16:39:34.088 INFO:journalctl@ceph.mgr.x.smithi027.stdout:Apr 25 16:39:34 smithi027 ceph-21fe9994-0322-11ef-bc93-c7b262605968-mgr-x[29365]:
2024-04-25T16:39:34.049+0000 7fe0747cd200 -1 mgr[py] Module progress has missing NOTIFY_TYPES member
2024-04-25T16:39:34.414 INFO:journalctl@ceph.mon.a.smithi027.stdout:Apr 25 16:39:34 smithi027 ceph-mon[29133]: from='client.? 172.21.15.27:0/3089739700' entity='client.admin' cmd='[{"prefix": "mgr module enable", "module": "dashboard"}]': finished
2024-04-25T16:39:34.414 INFO:journalctl@ceph.mon.a.smithi027.stdout:Apr 25 16:39:34 smithi027 ceph-mon[29133]: mgrmap e9: x(active, since 20s)
2024-04-25T16:39:34.414 INFO:journalctl@ceph.mgr.x.smithi027.stdout:Apr 25 16:39:34 smithi027 ceph-21fe9994-0322-11ef-bc93-c7b262605968-mgr-x[29365]:
2024-04-25T16:39:34.141+0000 7fe0747cd200 -1 mgr[py] Module influx has missing NOTIFY_TYPES member
2024-04-25T16:39:35.193 INFO:teuthology.orchestra.run.smithi027.stdout:/usr/bin/ceph: stdout {
2024-04-25T16:39:35.193 INFO:teuthology.orchestra.run.smithi027.stdout:/usr/bin/ceph: stdout "epoch": 9,
2024-04-25T16:39:35.194 INFO:teuthology.orchestra.run.smithi027.stdout:/usr/bin/ceph: stdout "available": true,
2024-04-25T16:39:35.194 INFO:teuthology.orchestra.run.smithi027.stdout:/usr/bin/ceph: stdout "active_name": "x",
2024-04-25T16:39:35.194 INFO:teuthology.orchestra.run.smithi027.stdout:/usr/bin/ceph: stdout "num_standby": 0
2024-04-25T16:39:35.194 INFO:teuthology.orchestra.run.smithi027.stdout:/usr/bin/ceph: stdout }
2024-04-25T16:39:35.194 INFO:teuthology.orchestra.run.smithi027.stdout:/usr/bin/ceph: stderr
2024-04-25T16:39:34.267+0000 7f52479cc700 1 Processor -- start
2024-04-25T16:39:35.194 INFO:teuthology.orchestra.run.smithi027.stdout:/usr/bin/ceph: stderr
2024-04-25T16:39:34.267+0000 7f52479cc700 1 -- start start
2024-04-25T16:39:35.194 INFO:teuthology.orchestra.run.smithi027.stdout:/usr/bin/ceph: stderr
2024-04-25T16:39:34.267+0000 7f52479cc700 1 --2- >> [v2:172.21.15.27:3300/0,v1:172.21.15.27:6789/0] conn(0x7f524007cce0 0x7f524010c940 unknown :-1 s=NONE pgs=0 cs=0 l=0 rev1=0 crypto rx=0 tx=0 comp rx=0 tx=0).connect
2024-04-25T16:39:35.194 INFO:teuthology.orchestra.run.smithi027.stdout:/usr/bin/ceph: stderr
2024-04-25T16:39:34.267+0000 7f52479cc700 1 -- --> [v2:172.21.15.27:3300/0,v1:172.21.15.27:6789/0] -- mon_getmap magic: 0 -- 0x7f524010cf50 con 0x7f524007cce0
2024-04-25T16:39:35.194 INFO:teuthology.orchestra.run.smithi027.stdout:/usr/bin/ceph: stderr
2024-04-25T16:39:34.267+0000 7f5245768700 1 --2- >> [v2:172.21.15.27:3300/0,v1:172.21.15.27:6789/0] conn(0x7f524007cce0 0x7f524010c940 unknown :-1 s=BANNER_CONNECTING pgs=0 cs=0 l=0 rev1=0 crypto rx=0 tx=0 comp rx=0 tx=0)._handle_peer_banner_payload supported=3 required=0
2024-04-25T16:39:35.194 INFO:teuthology.orchestra.run.smithi027.stdout:/usr/bin/ceph: stderr
2024-04-25T16:39:34.267+0000 7f5245768700 1 --2- >> [v2:172.21.15.27:3300/0,v1:172.21.15.27:6789/0] conn(0x7f524007cce0 0x7f524010c940 unknown :-1 s=HELLO_CONNECTING pgs=0 cs=0 l=0 rev1=1 crypto rx=0 tx=0 comp rx=0 tx=0).handle_hello peer v2:172.21.15.27:3300/0 says I am v2:172.21.15.27:49056/0 (socket says 172.21.15.27:49056)
2024-04-25T16:39:35.194 INFO:teuthology.orchestra.run.smithi027.stdout:/usr/bin/ceph: stderr
2024-04-25T16:39:34.267+0000 7f5245768700 1 -- 172.21.15.27:0/4023720571 learned_addr learned my addr 172.21.15.27:0/4023720571 (peer_addr_for_me v2:172.21.15.27:0/0)
2024-04-25T16:39:35.195 INFO:teuthology.orchestra.run.smithi027.stdout:/usr/bin/ceph: stderr
2024-04-25T16:39:34.268+0000 7f5245768700 1 -- 172.21.15.27:0/4023720571 --> [v2:172.21.15.27:3300/0,v1:172.21.15.27:6789/0] -- mon_subscribe({config=0+,monmap=0+}) -- 0x7f524010d0d0 con 0x7f524007cce0
2024-04-25T16:39:35.195 INFO:teuthology.orchestra.run.smithi027.stdout:/usr/bin/ceph: stderr
2024-04-25T16:39:34.268+0000 7f5245768700 1 --2- 172.21.15.27:0/4023720571 >> [v2:172.21.15.27:3300/0,v1:172.21.15.27:6789/0] conn(0x7f524007cce0 0x7f524010c940 secure :-1 s=READY pgs=57 cs=0 l=1 rev1=1 crypto rx=0x7f523c0098a0 tx=0x7f523c009bb0 comp rx=0 tx=0).ready entity=mon.0 client_cookie=b84499b45e7e95e1 server_cookie=0 in_seq=0 out_seq=0
2024-04-25T16:39:35.195 INFO:teuthology.orchestra.run.smithi027.stdout:/usr/bin/ceph: stderr
2024-04-25T16:39:34.268+0000 7f5237fff700 1 -- 172.21.15.27:0/4023720571 <== mon.0 v2:172.21.15.27:3300/0 1 ==== mon_map magic: 0 ==== 205+0+0 (secure 0 0 0) 0x7f523c004160 con 0x7f524007cce0
2024-04-25T16:39:35.195 INFO:teuthology.orchestra.run.smithi027.stdout:/usr/bin/ceph: stderr
2024-04-25T16:39:34.268+0000 7f5237fff700 1 -- 172.21.15.27:0/4023720571 <== mon.0 v2:172.21.15.27:3300/0 2 ==== config(27 keys) ==== 1135+0+0 (secure 0 0 0) 0x7f523c004300 con 0x7f524007cce0
2024-04-25T16:39:35.195 INFO:teuthology.orchestra.run.smithi027.stdout:/usr/bin/ceph: stderr
2024-04-25T16:39:34.268+0000 7f5237fff700 1 -- 172.21.15.27:0/4023720571 <== mon.0 v2:172.21.15.27:3300/0 3 ==== mon_map magic: 0 ==== 205+0+0 (secure 0 0 0) 0x7f523c011af0 con 0x7f524007cce0
2024-04-25T16:39:35.195 INFO:teuthology.orchestra.run.smithi027.stdout:/usr/bin/ceph: stderr
2024-04-25T16:39:34.269+0000 7f52479cc700 1 -- 172.21.15.27:0/4023720571 >> [v2:172.21.15.27:3300/0,v1:172.21.15.27:6789/0] conn(0x7f524007cce0 msgr2=0x7f524010c940 secure :-1 s=STATE_CONNECTION_ESTABLISHED l=1).mark_down
2024-04-25T16:39:35.195 INFO:teuthology.orchestra.run.smithi027.stdout:/usr/bin/ceph: stderr
2024-04-25T16:39:34.269+0000 7f52479cc700 1 --2- 172.21.15.27:0/4023720571 >> [v2:172.21.15.27:3300/0,v1:172.21.15.27:6789/0] conn(0x7f524007cce0 0x7f524010c940 secure :-1 s=READY pgs=57 cs=0 l=1 rev1=1 crypto rx=0x7f523c0098a0 tx=0x7f523c009bb0 comp rx=0 tx=0).stop
2024-04-25T16:39:35.195 INFO:teuthology.orchestra.run.smithi027.stdout:/usr/bin/ceph: stderr
2024-04-25T16:39:34.269+0000 7f52479cc700 1 -- 172.21.15.27:0/4023720571 shutdown_connections
2024-04-25T16:39:35.195 INFO:teuthology.orchestra.run.smithi027.stdout:/usr/bin/ceph: stderr
2024-04-25T16:39:34.269+0000 7f52479cc700 1 --2- 172.21.15.27:0/4023720571 >> [v2:172.21.15.27:3300/0,v1:172.21.15.27:6789/0] conn(0x7f524007cce0 0x7f524010c940 unknown :-1 s=CLOSED pgs=57 cs=0 l=1 rev1=1 crypto rx=0 tx=0 comp rx=0 tx=0).stop
2024-04-25T16:39:35.195 INFO:teuthology.orchestra.run.smithi027.stdout:/usr/bin/ceph: stderr
2024-04-25T16:39:34.269+0000 7f52479cc700 1 -- 172.21.15.27:0/4023720571 >> 172.21.15.27:0/4023720571 conn(0x7f52401043d0 msgr2=0x7f5240106820 unknown :-1 s=STATE_NONE l=0).mark_down
2024-04-25T16:39:35.195 INFO:teuthology.orchestra.run.smithi027.stdout:/usr/bin/ceph: stderr
2024-04-25T16:39:34.269+0000 7f52479cc700 1 -- 172.21.15.27:0/4023720571 shutdown_connections
2024-04-25T16:39:35.195 INFO:teuthology.orchestra.run.smithi027.stdout:/usr/bin/ceph: stderr
2024-04-25T16:39:34.269+0000 7f52479cc700 1 -- 172.21.15.27:0/4023720571 wait complete.
2024-04-25T16:39:35.195 INFO:teuthology.orchestra.run.smithi027.stdout:/usr/bin/ceph: stderr
2024-04-25T16:39:34.270+0000 7f52479cc700 1 Processor -- start
2024-04-25T16:39:35.195 INFO:teuthology.orchestra.run.smithi027.stdout:/usr/bin/ceph: stderr
2024-04-25T16:39:34.270+0000 7f52479cc700 1 -- start start
2024-04-25T16:39:35.196 INFO:teuthology.orchestra.run.smithi027.stdout:/usr/bin/ceph: stderr
2024-04-25T16:39:34.270+0000 7f52479cc700 1 --2- >> [v2:172.21.15.27:3300/0,v1:172.21.15.27:6789/0] conn(0x7f524007cce0 0x7f524019e170 unknown :-1 s=NONE pgs=0 cs=0 l=1 rev1=0 crypto rx=0 tx=0 comp rx=0 tx=0).connect
2024-04-25T16:39:35.196 INFO:teuthology.orchestra.run.smithi027.stdout:/usr/bin/ceph: stderr
2024-04-25T16:39:34.270+0000 7f52479cc700 1 -- --> [v2:172.21.15.27:3300/0,v1:172.21.15.27:6789/0] -- mon_getmap magic: 0 -- 0x7f524010e1f0 con 0x7f524007cce0
2024-04-25T16:39:35.196 INFO:teuthology.orchestra.run.smithi027.stdout:/usr/bin/ceph: stderr
2024-04-25T16:39:34.270+0000 7f5245768700 1 --2- >> [v2:172.21.15.27:3300/0,v1:172.21.15.27:6789/0] conn(0x7f524007cce0 0x7f524019e170 unknown :-1 s=BANNER_CONNECTING pgs=0 cs=0 l=1 rev1=0 crypto rx=0 tx=0 comp rx=0 tx=0)._handle_peer_banner_payload supported=3 required=0
2024-04-25T16:39:35.196 INFO:teuthology.orchestra.run.smithi027.stdout:/usr/bin/ceph: stderr
2024-04-25T16:39:34.270+0000 7f5245768700 1 --2- >> [v2:172.21.15.27:3300/0,v1:172.21.15.27:6789/0] conn(0x7f524007cce0 0x7f524019e170 unknown :-1 s=HELLO_CONNECTING pgs=0 cs=0 l=1 rev1=1 crypto rx=0 tx=0 comp rx=0 tx=0).handle_hello peer v2:172.21.15.27:3300/0 says I am v2:172.21.15.27:49070/0 (socket says 172.21.15.27:49070)
2024-04-25T16:39:35.196 INFO:teuthology.orchestra.run.smithi027.stdout:/usr/bin/ceph: stderr
2024-04-25T16:39:34.270+0000 7f5245768700 1 -- 172.21.15.27:0/2494473048 learned_addr learned my addr 172.21.15.27:0/2494473048 (peer_addr_for_me v2:172.21.15.27:0/0)
2024-04-25T16:39:35.197 INFO:teuthology.orchestra.run.smithi027.stdout:/usr/bin/ceph: stderr
2024-04-25T16:39:34.271+0000 7f5245768700 1 -- 172.21.15.27:0/2494473048 --> [v2:172.21.15.27:3300/0,v1:172.21.15.27:6789/0] -- mon_subscribe({config=0+,monmap=0+}) -- 0x7f524019e6b0 con 0x7f524007cce0
2024-04-25T16:39:35.197 INFO:teuthology.orchestra.run.smithi027.stdout:/usr/bin/ceph: stderr
2024-04-25T16:39:34.271+0000 7f5245768700 1 --2- 172.21.15.27:0/2494473048 >> [v2:172.21.15.27:3300/0,v1:172.21.15.27:6789/0] conn(0x7f524007cce0 0x7f524019e170 secure :-1 s=READY pgs=58 cs=0 l=1 rev1=1 crypto rx=0x7f523c009520 tx=0x7f523c0045f0 comp rx=0 tx=0).ready entity=mon.0 client_cookie=0 server_cookie=0 in_seq=0 out_seq=0
2024-04-25T16:39:35.197 INFO:teuthology.orchestra.run.smithi027.stdout:/usr/bin/ceph: stderr
2024-04-25T16:39:34.271+0000 7f52367fc700 1 -- 172.21.15.27:0/2494473048 <== mon.0 v2:172.21.15.27:3300/0 1 ==== mon_map magic: 0 ==== 205+0+0 (secure 0 0 0) 0x7f523c0036a0 con 0x7f524007cce0
2024-04-25T16:39:35.197 INFO:teuthology.orchestra.run.smithi027.stdout:/usr/bin/ceph: stderr
2024-04-25T16:39:34.271+0000 7f52479cc700 1 -- 172.21.15.27:0/2494473048 --> [v2:172.21.15.27:3300/0,v1:172.21.15.27:6789/0] -- mon_subscribe({mgrmap=0+}) -- 0x7f524019e940 con 0x7f524007cce0
2024-04-25T16:39:35.197 INFO:teuthology.orchestra.run.smithi027.stdout:/usr/bin/ceph: stderr
2024-04-25T16:39:34.271+0000 7f52367fc700 1 -- 172.21.15.27:0/2494473048 <== mon.0 v2:172.21.15.27:3300/0 2 ==== config(27 keys) ==== 1135+0+0 (secure 0 0 0) 0x7f523c01a430 con 0x7f524007cce0
2024-04-25T16:39:35.197 INFO:teuthology.orchestra.run.smithi027.stdout:/usr/bin/ceph: stderr
2024-04-25T16:39:34.271+0000 7f52367fc700 1 -- 172.21.15.27:0/2494473048 <== mon.0 v2:172.21.15.27:3300/0 3 ==== mon_map magic: 0 ==== 205+0+0 (secure 0 0 0) 0x7f523c019550 con 0x7f524007cce0
2024-04-25T16:39:35.197 INFO:teuthology.orchestra.run.smithi027.stdout:/usr/bin/ceph: stderr
2024-04-25T16:39:34.271+0000 7f52479cc700 1 -- 172.21.15.27:0/2494473048 --> [v2:172.21.15.27:3300/0,v1:172.21.15.27:6789/0] -- mon_subscribe({osdmap=0}) -- 0x7f52401a1550 con 0x7f524007cce0
2024-04-25T16:39:35.197 INFO:teuthology.orchestra.run.smithi027.stdout:/usr/bin/ceph: stderr
2024-04-25T16:39:34.272+0000 7f52479cc700 1 -- 172.21.15.27:0/2494473048 --> [v2:172.21.15.27:3300/0,v1:172.21.15.27:6789/0] -- mon_command({"prefix": "get_command_descriptions"} v 0) -- 0x7f5240064cf0 con 0x7f524007cce0
2024-04-25T16:39:35.197 INFO:teuthology.orchestra.run.smithi027.stdout:/usr/bin/ceph: stderr
2024-04-25T16:39:34.272+0000 7f52367fc700 1 -- 172.21.15.27:0/2494473048 <== mon.0 v2:172.21.15.27:3300/0 4 ==== mgrmap(e 9) ==== 49529+0+0 (secure 0 0 0) 0x7f523c019850 con 0x7f524007cce0
2024-04-25T16:39:35.197 INFO:teuthology.orchestra.run.smithi027.stdout:/usr/bin/ceph: stderr
2024-04-25T16:39:34.273+0000 7f52367fc700 1 --2- 172.21.15.27:0/2494473048 >> [v2:172.21.15.27:6800/3147840509,v1:172.21.15.27:6801/3147840509] conn(0x7f522c03d570 0x7f522c03fa80 unknown :-1 s=NONE pgs=0 cs=0 l=1 rev1=0 crypto rx=0 tx=0 comp rx=0 tx=0).connect
2024-04-25T16:39:35.198 INFO:teuthology.orchestra.run.smithi027.stdout:/usr/bin/ceph: stderr
2024-04-25T16:39:34.273+0000 7f52367fc700 1 -- 172.21.15.27:0/2494473048 <== mon.0 v2:172.21.15.27:3300/0 5 ==== osd_map(2..2 src has 1..2) ==== 940+0+0 (secure 0 0 0) 0x7f523c052700 con 0x7f524007cce0
2024-04-25T16:39:35.198 INFO:teuthology.orchestra.run.smithi027.stdout:/usr/bin/ceph: stderr
2024-04-25T16:39:34.273+0000 7f5244f67700 1 -- 172.21.15.27:0/2494473048 >> [v2:172.21.15.27:6800/3147840509,v1:172.21.15.27:6801/3147840509] conn(0x7f522c03d570 msgr2=0x7f522c03fa80 unknown :-1 s=STATE_CONNECTING_RE l=1).process reconnect failed to v2:172.21.15.27:6800/3147840509
2024-04-25T16:39:35.198 INFO:teuthology.orchestra.run.smithi027.stdout:/usr/bin/ceph: stderr
2024-04-25T16:39:34.273+0000 7f5244f67700 1 --2- 172.21.15.27:0/2494473048 >> [v2:172.21.15.27:6800/3147840509,v1:172.21.15.27:6801/3147840509] conn(0x7f522c03d570 0x7f522c03fa80 unknown :-1 s=START_CONNECT pgs=0 cs=0 l=1 rev1=0 crypto rx=0 tx=0 comp rx=0 tx=0)._fault waiting 0.200000
2024-04-25T16:39:35.198 INFO:teuthology.orchestra.run.smithi027.stdout:/usr/bin/ceph: stderr
2024-04-25T16:39:34.278+0000 7f52367fc700 1 -- 172.21.15.27:0/2494473048 <== mon.0 v2:172.21.15.27:3300/0 6 ==== mon_command_ack([{"prefix": "get_command_descriptions"}]=0 v0) ==== 72+0+188370 (secure 0 0 0) 0x7f523c023390 con 0x7f524007cce0
2024-04-25T16:39:35.198 INFO:teuthology.orchestra.run.smithi027.stdout:/usr/bin/ceph: stderr
2024-04-25T16:39:34.474+0000 7f5244f67700 1 -- 172.21.15.27:0/2494473048 >> [v2:172.21.15.27:6800/3147840509,v1:172.21.15.27:6801/3147840509] conn(0x7f522c03d570 msgr2=0x7f522c03fa80 unknown :-1 s=STATE_CONNECTING_RE l=1).process reconnect failed to v2:172.21.15.27:6800/3147840509
2024-04-25T16:39:35.198 INFO:teuthology.orchestra.run.smithi027.stdout:/usr/bin/ceph: stderr
2024-04-25T16:39:34.474+0000 7f5244f67700 1 --2- 172.21.15.27:0/2494473048 >> [v2:172.21.15.27:6800/3147840509,v1:172.21.15.27:6801/3147840509] conn(0x7f522c03d570 0x7f522c03fa80 unknown :-1 s=START_CONNECT pgs=0 cs=0 l=1 rev1=0 crypto rx=0 tx=0 comp rx=0 tx=0)._fault waiting 0.400000
2024-04-25T16:39:35.198 INFO:teuthology.orchestra.run.smithi027.stdout:/usr/bin/ceph: stderr
2024-04-25T16:39:34.565+0000 7f52479cc700 1 -- 172.21.15.27:0/2494473048 --> [v2:172.21.15.27:3300/0,v1:172.21.15.27:6789/0] -- mon_command({"prefix": "mgr stat"} v 0) -- 0x7f52401a1720 con 0x7f524007cce0
2024-04-25T16:39:35.198 INFO:teuthology.orchestra.run.smithi027.stdout:/usr/bin/ceph: stderr
2024-04-25T16:39:34.566+0000 7f52367fc700 1 -- 172.21.15.27:0/2494473048 <== mon.0 v2:172.21.15.27:3300/0 7 ==== mon_command_ack([{"prefix": "mgr stat"}]=0 v9) ==== 56+0+88 (secure 0 0 0) 0x7f523c02cdf0 con 0x7f524007cce0
2024-04-25T16:39:35.198 INFO:teuthology.orchestra.run.smithi027.stdout:/usr/bin/ceph: stderr
2024-04-25T16:39:34.570+0000 7f52479cc700 1 -- 172.21.15.27:0/2494473048 >> [v2:172.21.15.27:6800/3147840509,v1:172.21.15.27:6801/3147840509] conn(0x7f522c03d570 msgr2=0x7f522c03fa80 unknown :-1 s=STATE_CONNECTING l=1).mark_down
2024-04-25T16:39:35.198 INFO:teuthology.orchestra.run.smithi027.stdout:/usr/bin/ceph: stderr
2024-04-25T16:39:34.570+0000 7f52479cc700 1 --2- 172.21.15.27:0/2494473048 >> [v2:172.21.15.27:6800/3147840509,v1:172.21.15.27:6801/3147840509] conn(0x7f522c03d570 0x7f522c03fa80 unknown :-1 s=START_CONNECT pgs=0 cs=0 l=1 rev1=0 crypto rx=0 tx=0 comp rx=0 tx=0).stop
2024-04-25T16:39:35.198 INFO:teuthology.orchestra.run.smithi027.stdout:/usr/bin/ceph: stderr
2024-04-25T16:39:34.570+0000 7f52479cc700 1 -- 172.21.15.27:0/2494473048 >> [v2:172.21.15.27:3300/0,v1:172.21.15.27:6789/0] conn(0x7f524007cce0 msgr2=0x7f524019e170 secure :-1 s=STATE_CONNECTION_ESTABLISHED l=1).mark_down
2024-04-25T16:39:35.199 INFO:teuthology.orchestra.run.smithi027.stdout:/usr/bin/ceph: stderr
2024-04-25T16:39:34.570+0000 7f52479cc700 1 --2- 172.21.15.27:0/2494473048 >> [v2:172.21.15.27:3300/0,v1:172.21.15.27:6789/0] conn(0x7f524007cce0 0x7f524019e170 secure :-1 s=READY pgs=58 cs=0 l=1 rev1=1 crypto rx=0x7f523c009520 tx=0x7f523c0045f0 comp rx=0 tx=0).stop
2024-04-25T16:39:35.199 INFO:teuthology.orchestra.run.smithi027.stdout:/usr/bin/ceph: stderr
2024-04-25T16:39:34.571+0000 7f52479cc700 1 -- 172.21.15.27:0/2494473048 shutdown_connections
2024-04-25T16:39:35.199 INFO:teuthology.orchestra.run.smithi027.stdout:/usr/bin/ceph: stderr
2024-04-25T16:39:34.571+0000 7f52479cc700 1 --2- 172.21.15.27:0/2494473048 >> [v2:172.21.15.27:6800/3147840509,v1:172.21.15.27:6801/3147840509] conn(0x7f522c03d570 0x7f522c03fa80 unknown :-1 s=CLOSED pgs=0 cs=0 l=1 rev1=0 crypto rx=0 tx=0 comp rx=0 tx=0).stop
2024-04-25T16:39:35.199 INFO:teuthology.orchestra.run.smithi027.stdout:/usr/bin/ceph: stderr
2024-04-25T16:39:34.571+0000 7f52479cc700 1 --2- 172.21.15.27:0/2494473048 >> [v2:172.21.15.27:3300/0,v1:172.21.15.27:6789/0] conn(0x7f524007cce0 0x7f524019e170 unknown :-1 s=CLOSED pgs=58 cs=0 l=1 rev1=1 crypto rx=0 tx=0 comp rx=0 tx=0).stop
2024-04-25T16:39:35.199 INFO:teuthology.orchestra.run.smithi027.stdout:/usr/bin/ceph: stderr
2024-04-25T16:39:34.571+0000 7f52479cc700 1 -- 172.21.15.27:0/2494473048 >> 172.21.15.27:0/2494473048 conn(0x7f52401043d0 msgr2=0x7f5240105c30 unknown :-1 s=STATE_NONE l=0).mark_down
2024-04-25T16:39:35.199 INFO:teuthology.orchestra.run.smithi027.stdout:/usr/bin/ceph: stderr
2024-04-25T16:39:34.571+0000 7f52479cc700 1 -- 172.21.15.27:0/2494473048 shutdown_connections
2024-04-25T16:39:35.199 INFO:teuthology.orchestra.run.smithi027.stdout:/usr/bin/ceph: stderr
2024-04-25T16:39:34.571+0000 7f52479cc700 1 -- 172.21.15.27:0/2494473048 wait complete.
2024-04-25T16:39:35.199 INFO:teuthology.orchestra.run.smithi027.stdout:Waiting for the mgr to restart...
2024-04-25T16:39:35.199 INFO:teuthology.orchestra.run.smithi027.stdout:Waiting for mgr epoch 9...
2024-04-25T16:39:35.438 INFO:journalctl@ceph.mon.a.smithi027.stdout:Apr 25 16:39:35 smithi027 ceph-mon[29133]: from='client.? 172.21.15.27:0/2494473048' entity='client.admin' cmd=[{"prefix": "mgr stat"}]: dispatch
2024-04-25T16:39:35.438 INFO:journalctl@ceph.mgr.x.smithi027.stdout:Apr 25 16:39:35 smithi027 ceph-21fe9994-0322-11ef-bc93-c7b262605968-mgr-x[29365]:
2024-04-25T16:39:35.419+0000 7fe0747cd200 -1 mgr[py] Module telegraf has missing NOTIFY_TYPES member
2024-04-25T16:39:35.737 INFO:journalctl@ceph.mgr.x.smithi027.stdout:Apr 25 16:39:35 smithi027 ceph-21fe9994-0322-11ef-bc93-c7b262605968-mgr-x[29365]:
2024-04-25T16:39:35.606+0000 7fe0747cd200 -1 mgr[py] Module osd_support has missing NOTIFY_TYPES member
2024-04-25T16:39:36.065 INFO:journalctl@ceph.mgr.x.smithi027.stdout:Apr 25 16:39:35 smithi027 ceph-21fe9994-0322-11ef-bc93-c7b262605968-mgr-x[29365]:
2024-04-25T16:39:35.799+0000 7fe0747cd200 -1 mgr[py] Module iostat has missing NOTIFY_TYPES member
2024-04-25T16:39:36.411 INFO:journalctl@ceph.mgr.x.smithi027.stdout:Apr 25 16:39:36 smithi027 ceph-21fe9994-0322-11ef-bc93-c7b262605968-mgr-x[29365]:
2024-04-25T16:39:36.104+0000 7fe0747cd200 -1 mgr[py] Module alerts has missing NOTIFY_TYPES member
2024-04-25T16:39:36.412 INFO:journalctl@ceph.mgr.x.smithi027.stdout:Apr 25 16:39:36 smithi027 ceph-21fe9994-0322-11ef-bc93-c7b262605968-mgr-x[29365]:
2024-04-25T16:39:36.202+0000 7fe0747cd200 -1 mgr[py] Module selftest has missing NOTIFY_TYPES member
2024-04-25T16:39:36.412 INFO:journalctl@ceph.mgr.x.smithi027.stdout:Apr 25 16:39:36 smithi027 ceph-21fe9994-0322-11ef-bc93-c7b262605968-mgr-x[29365]:
2024-04-25T16:39:36.412+0000 7fe0747cd200 -1 mgr[py] Module pg_autoscaler has missing NOTIFY_TYPES member
2024-04-25T16:39:36.815 INFO:journalctl@ceph.mgr.x.smithi027.stdout:Apr 25 16:39:36 smithi027 ceph-21fe9994-0322-11ef-bc93-c7b262605968-mgr-x[29365]:
2024-04-25T16:39:36.616+0000 7fe0747cd200 -1 mgr[py] Module test_orchestrator has missing NOTIFY_TYPES member
2024-04-25T16:39:37.565 INFO:journalctl@ceph.mgr.x.smithi027.stdout:Apr 25 16:39:37 smithi027 ceph-21fe9994-0322-11ef-bc93-c7b262605968-mgr-x[29365]:
2024-04-25T16:39:37.246+0000 7fe0747cd200 -1 mgr[py] Module rook has missing NOTIFY_TYPES member
2024-04-25T16:39:38.006 INFO:journalctl@ceph.mgr.x.smithi027.stdout:Apr 25 16:39:37 smithi027 ceph-21fe9994-0322-11ef-bc93-c7b262605968-mgr-x[29365]:
2024-04-25T16:39:37.693+0000 7fe0747cd200 -1 mgr[py] Module volumes has missing NOTIFY_TYPES member
2024-04-25T16:39:38.007 INFO:journalctl@ceph.mgr.x.smithi027.stdout:Apr 25 16:39:37 smithi027 ceph-21fe9994-0322-11ef-bc93-c7b262605968-mgr-x[29365]:
2024-04-25T16:39:37.794+0000 7fe0747cd200 -1 mgr[py] Module crash has missing NOTIFY_TYPES member
2024-04-25T16:39:38.007 INFO:journalctl@ceph.mgr.x.smithi027.stdout:Apr 25 16:39:38 smithi027 ceph-21fe9994-0322-11ef-bc93-c7b262605968-mgr-x[29365]:
2024-04-25T16:39:38.007+0000 7fe0747cd200 -1 mgr[py] Module rgw has missing NOTIFY_TYPES member
2024-04-25T16:39:38.815 INFO:journalctl@ceph.mgr.x.smithi027.stdout:Apr 25 16:39:38 smithi027 ceph-21fe9994-0322-11ef-bc93-c7b262605968-mgr-x[29365]:
2024-04-25T16:39:38.553+0000 7fe0747cd200 -1 mgr[py] Module prometheus has missing NOTIFY_TYPES member
2024-04-25T16:39:38.815 INFO:journalctl@ceph.mgr.x.smithi027.stdout:Apr 25 16:39:38 smithi027 ceph-21fe9994-0322-11ef-bc93-c7b262605968-mgr-x[29365]:
2024-04-25T16:39:38.650+0000 7fe0747cd200 -1 mgr[py] Module devicehealth has missing NOTIFY_TYPES member
2024-04-25T16:39:39.273 INFO:journalctl@ceph.mgr.x.smithi027.stdout:Apr 25 16:39:38 smithi027 ceph-21fe9994-0322-11ef-bc93-c7b262605968-mgr-x[29365]:
2024-04-25T16:39:38.910+0000 7fe0747cd200 -1 mgr[py] Module telemetry has missing NOTIFY_TYPES member
2024-04-25T16:39:39.273 INFO:journalctl@ceph.mgr.x.smithi027.stdout:Apr 25 16:39:39 smithi027 ceph-21fe9994-0322-11ef-bc93-c7b262605968-mgr-x[29365]:
2024-04-25T16:39:39.051+0000 7fe0747cd200 -1 mgr[py] Module diskprediction_local has missing NOTIFY_TYPES member
2024-04-25T16:39:39.273 INFO:journalctl@ceph.mgr.x.smithi027.stdout:Apr 25 16:39:39 smithi027 ceph-21fe9994-0322-11ef-bc93-c7b262605968-mgr-x[29365]:
2024-04-25T16:39:39.152+0000 7fe0747cd200 -1 mgr[py] Module osd_perf_query has missing NOTIFY_TYPES member
2024-04-25T16:39:39.273 INFO:journalctl@ceph.mgr.x.smithi027.stdout:Apr 25 16:39:39 smithi027 ceph-21fe9994-0322-11ef-bc93-c7b262605968-mgr-x[29365]:
2024-04-25T16:39:39.273+0000 7fe0747cd200 -1 mgr[py] Module rbd_support has missing NOTIFY_TYPES member
2024-04-25T16:39:40.065 INFO:journalctl@ceph.mgr.x.smithi027.stdout:Apr 25 16:39:39 smithi027 ceph-21fe9994-0322-11ef-bc93-c7b262605968-mgr-x[29365]:
2024-04-25T16:39:39.592+0000 7fe0747cd200 -1 mgr[py] Module zabbix has missing NOTIFY_TYPES member
2024-04-25T16:39:40.511 INFO:journalctl@ceph.mgr.x.smithi027.stdout:Apr 25 16:39:40 smithi027 ceph-21fe9994-0322-11ef-bc93-c7b262605968-mgr-x[29365]:
2024-04-25T16:39:40.226+0000 7fe0747cd200 -1 mgr[py] Module status has missing NOTIFY_TYPES member
2024-04-25T16:39:40.511 INFO:journalctl@ceph.mgr.x.smithi027.stdout:Apr 25 16:39:40 smithi027 ceph-21fe9994-0322-11ef-bc93-c7b262605968-mgr-x[29365]:
2024-04-25T16:39:40.458+0000 7fe0747cd200 -1 mgr[py] Module nfs has missing NOTIFY_TYPES member
2024-04-25T16:39:40.815 INFO:journalctl@ceph.mon.a.smithi027.stdout:Apr 25 16:39:40 smithi027 ceph-mon[29133]: Active manager daemon x restarted
2024-04-25T16:39:40.815 INFO:journalctl@ceph.mon.a.smithi027.stdout:Apr 25 16:39:40 smithi027 ceph-mon[29133]: Activating manager daemon x
2024-04-25T16:39:40.815 INFO:journalctl@ceph.mon.a.smithi027.stdout:Apr 25 16:39:40 smithi027 ceph-mon[29133]: osdmap e3: 0 total, 0 up, 0 in
2024-04-25T16:39:40.815 INFO:journalctl@ceph.mon.a.smithi027.stdout:Apr 25 16:39:40 smithi027 ceph-mon[29133]: mgrmap e10: x(active, starting, since 0.00458708s)
2024-04-25T16:39:40.815 INFO:journalctl@ceph.mon.a.smithi027.stdout:Apr 25 16:39:40 smithi027 ceph-mon[29133]: from='mgr.14150 172.21.15.27:0/223577036' entity='mgr.x' cmd=[{"prefix": "mon metadata", "id": "a"}]: dispatch
2024-04-25T16:39:40.816 INFO:journalctl@ceph.mon.a.smithi027.stdout:Apr 25 16:39:40 smithi027 ceph-mon[29133]: from='mgr.14150 172.21.15.27:0/223577036' entity='mgr.x' cmd=[{"prefix": "mgr metadata", "who": "x", "id": "x"}]: dispatch
2024-04-25T16:39:40.816 INFO:journalctl@ceph.mon.a.smithi027.stdout:Apr 25 16:39:40 smithi027 ceph-mon[29133]: from='mgr.14150 172.21.15.27:0/223577036' entity='mgr.x' cmd=[{"prefix": "mds metadata"}]: dispatch
2024-04-25T16:39:40.816 INFO:journalctl@ceph.mon.a.smithi027.stdout:Apr 25 16:39:40 smithi027 ceph-mon[29133]: from='mgr.14150 172.21.15.27:0/223577036' entity='mgr.x' cmd=[{"prefix": "osd metadata"}]: dispatch
2024-04-25T16:39:40.816 INFO:journalctl@ceph.mon.a.smithi027.stdout:Apr 25 16:39:40 smithi027 ceph-mon[29133]: from='mgr.14150 172.21.15.27:0/223577036' entity='mgr.x' cmd=[{"prefix": "mon metadata"}]: dispatch
2024-04-25T16:39:40.816 INFO:journalctl@ceph.mon.a.smithi027.stdout:Apr 25 16:39:40 smithi027 ceph-mon[29133]: Manager daemon x is now available
2024-04-25T16:39:40.816 INFO:journalctl@ceph.mon.a.smithi027.stdout:Apr 25 16:39:40 smithi027 ceph-mon[29133]: from='mgr.14150 172.21.15.27:0/223577036' entity='mgr.x' cmd=[{"prefix": "config dump", "format": "json"}]: dispatch
2024-04-25T16:39:41.680 INFO:journalctl@ceph.mon.a.smithi027.stdout:Apr 25 16:39:41 smithi027 ceph-mon[29133]: from='mgr.14150 172.21.15.27:0/223577036' entity='mgr.x' cmd=[{"prefix":"config rm","who":"mgr","name":"mgr/rbd_support/x/mirror_snapshot_schedule"}]: dispatch
2024-04-25T16:39:41.681 INFO:journalctl@ceph.mon.a.smithi027.stdout:Apr 25 16:39:41 smithi027 ceph-mon[29133]: from='mgr.14150 172.21.15.27:0/223577036' entity='mgr.x' cmd=[{"prefix":"config rm","who":"mgr","name":"mgr/rbd_support/x/trash_purge_schedule"}]: dispatch
2024-04-25T16:39:41.681 INFO:journalctl@ceph.mon.a.smithi027.stdout:Apr 25 16:39:41 smithi027 ceph-mon[29133]: mgrmap e11: x(active, since 1.00803s)
2024-04-25T16:39:42.378 INFO:teuthology.orchestra.run.smithi027.stdout:/usr/bin/ceph: stdout {
2024-04-25T16:39:42.379 INFO:teuthology.orchestra.run.smithi027.stdout:/usr/bin/ceph: stdout "mgrmap_epoch": 11,
2024-04-25T16:39:42.379 INFO:teuthology.orchestra.run.smithi027.stdout:/usr/bin/ceph: stdout "initialized": true
2024-04-25T16:39:42.379 INFO:teuthology.orchestra.run.smithi027.stdout:/usr/bin/ceph: stdout }
2024-04-25T16:39:42.379 INFO:teuthology.orchestra.run.smithi027.stdout:/usr/bin/ceph: stderr
2024-04-25T16:39:35.737+0000 7f22e270d700 1 Processor -- start
2024-04-25T16:39:42.379 INFO:teuthology.orchestra.run.smithi027.stdout:/usr/bin/ceph: stderr
2024-04-25T16:39:35.737+0000 7f22e270d700 1 -- start start
2024-04-25T16:39:42.379 INFO:teuthology.orchestra.run.smithi027.stdout:/usr/bin/ceph: stderr
2024-04-25T16:39:35.738+0000 7f22e270d700 1 --2- >> [v2:172.21.15.27:3300/0,v1:172.21.15.27:6789/0] conn(0x7f22dc10a270 0x7f22dc10a680 unknown :-1 s=NONE pgs=0 cs=0 l=0 rev1=0 crypto rx=0 tx=0 comp rx=0 tx=0).connect
2024-04-25T16:39:42.379 INFO:teuthology.orchestra.run.smithi027.stdout:/usr/bin/ceph: stderr
2024-04-25T16:39:35.738+0000 7f22e270d700 1 -- --> [v2:172.21.15.27:3300/0,v1:172.21.15.27:6789/0] -- mon_getmap magic: 0 -- 0x7f22dc10ac70 con 0x7f22dc10a270
2024-04-25T16:39:42.379 INFO:teuthology.orchestra.run.smithi027.stdout:/usr/bin/ceph: stderr
2024-04-25T16:39:35.738+0000 7f22dbfff700 1 --2- >> [v2:172.21.15.27:3300/0,v1:172.21.15.27:6789/0] conn(0x7f22dc10a270 0x7f22dc10a680 unknown :-1 s=BANNER_CONNECTING pgs=0 cs=0 l=0 rev1=0 crypto rx=0 tx=0 comp rx=0 tx=0)._handle_peer_banner_payload supported=3 required=0
2024-04-25T16:39:42.379 INFO:teuthology.orchestra.run.smithi027.stdout:/usr/bin/ceph: stderr
2024-04-25T16:39:35.738+0000 7f22dbfff700 1 --2- >> [v2:172.21.15.27:3300/0,v1:172.21.15.27:6789/0] conn(0x7f22dc10a270 0x7f22dc10a680 unknown :-1 s=HELLO_CONNECTING pgs=0 cs=0 l=0 rev1=1 crypto rx=0 tx=0 comp rx=0 tx=0).handle_hello peer v2:172.21.15.27:3300/0 says I am v2:172.21.15.27:49084/0 (socket says 172.21.15.27:49084)
2024-04-25T16:39:42.379 INFO:teuthology.orchestra.run.smithi027.stdout:/usr/bin/ceph: stderr
2024-04-25T16:39:35.738+0000 7f22dbfff700 1 -- 172.21.15.27:0/2384402787 learned_addr learned my addr 172.21.15.27:0/2384402787 (peer_addr_for_me v2:172.21.15.27:0/0)
2024-04-25T16:39:42.379 INFO:teuthology.orchestra.run.smithi027.stdout:/usr/bin/ceph: stderr
2024-04-25T16:39:35.738+0000 7f22dbfff700 1 -- 172.21.15.27:0/2384402787 --> [v2:172.21.15.27:3300/0,v1:172.21.15.27:6789/0] -- mon_subscribe({config=0+,monmap=0+}) -- 0x7f22dc108f90 con 0x7f22dc10a270
2024-04-25T16:39:42.379 INFO:teuthology.orchestra.run.smithi027.stdout:/usr/bin/ceph: stderr
2024-04-25T16:39:35.739+0000 7f22dbfff700 1 --2- 172.21.15.27:0/2384402787 >> [v2:172.21.15.27:3300/0,v1:172.21.15.27:6789/0] conn(0x7f22dc10a270 0x7f22dc10a680 secure :-1 s=READY pgs=59 cs=0 l=1 rev1=1 crypto rx=0x7f22cc0098a0 tx=0x7f22cc009bb0 comp rx=0 tx=0).ready entity=mon.0 client_cookie=5e6860fab3cde0fe server_cookie=0 in_seq=0 out_seq=0
2024-04-25T16:39:42.380 INFO:teuthology.orchestra.run.smithi027.stdout:/usr/bin/ceph: stderr
2024-04-25T16:39:35.739+0000 7f22daffd700 1 -- 172.21.15.27:0/2384402787 <== mon.0 v2:172.21.15.27:3300/0 1 ==== mon_map magic: 0 ==== 205+0+0 (secure 0 0 0) 0x7f22cc004160 con 0x7f22dc10a270
2024-04-25T16:39:42.380 INFO:teuthology.orchestra.run.smithi027.stdout:/usr/bin/ceph: stderr
2024-04-25T16:39:35.739+0000 7f22daffd700 1 -- 172.21.15.27:0/2384402787 <== mon.0 v2:172.21.15.27:3300/0 2 ==== config(27 keys) ==== 1135+0+0 (secure 0 0 0) 0x7f22cc004300 con 0x7f22dc10a270
2024-04-25T16:39:42.380 INFO:teuthology.orchestra.run.smithi027.stdout:/usr/bin/ceph: stderr
2024-04-25T16:39:35.739+0000 7f22daffd700 1 -- 172.21.15.27:0/2384402787 <== mon.0 v2:172.21.15.27:3300/0 3 ==== mon_map magic: 0 ==== 205+0+0 (secure 0 0 0) 0x7f22cc011af0 con 0x7f22dc10a270
2024-04-25T16:39:42.380 INFO:teuthology.orchestra.run.smithi027.stdout:/usr/bin/ceph: stderr
2024-04-25T16:39:35.740+0000 7f22e270d700 1 -- 172.21.15.27:0/2384402787 >> [v2:172.21.15.27:3300/0,v1:172.21.15.27:6789/0] conn(0x7f22dc10a270 msgr2=0x7f22dc10a680 secure :-1 s=STATE_CONNECTION_ESTABLISHED l=1).mark_down
2024-04-25T16:39:42.380 INFO:teuthology.orchestra.run.smithi027.stdout:/usr/bin/ceph: stderr
2024-04-25T16:39:35.740+0000 7f22e270d700 1 --2- 172.21.15.27:0/2384402787 >> [v2:172.21.15.27:3300/0,v1:172.21.15.27:6789/0] conn(0x7f22dc10a270 0x7f22dc10a680 secure :-1 s=READY pgs=59 cs=0 l=1 rev1=1 crypto rx=0x7f22cc0098a0 tx=0x7f22cc009bb0 comp rx=0 tx=0).stop
2024-04-25T16:39:42.380 INFO:teuthology.orchestra.run.smithi027.stdout:/usr/bin/ceph: stderr
2024-04-25T16:39:35.740+0000 7f22e270d700 1 -- 172.21.15.27:0/2384402787 shutdown_connections
2024-04-25T16:39:42.380 INFO:teuthology.orchestra.run.smithi027.stdout:/usr/bin/ceph: stderr
2024-04-25T16:39:35.740+0000 7f22e270d700 1 --2- 172.21.15.27:0/2384402787 >> [v2:172.21.15.27:3300/0,v1:172.21.15.27:6789/0] conn(0x7f22dc10a270 0x7f22dc10a680 unknown :-1 s=CLOSED pgs=59 cs=0 l=1 rev1=1 crypto rx=0 tx=0 comp rx=0 tx=0).stop
2024-04-25T16:39:42.380 INFO:teuthology.orchestra.run.smithi027.stdout:/usr/bin/ceph: stderr
2024-04-25T16:39:35.740+0000 7f22e270d700 1 -- 172.21.15.27:0/2384402787 >> 172.21.15.27:0/2384402787 conn(0x7f22dc103bb0 msgr2=0x7f22dc106000 unknown :-1 s=STATE_NONE l=0).mark_down
2024-04-25T16:39:42.380 INFO:teuthology.orchestra.run.smithi027.stdout:/usr/bin/ceph: stderr
2024-04-25T16:39:35.740+0000 7f22e270d700 1 -- 172.21.15.27:0/2384402787 shutdown_connections
2024-04-25T16:39:42.380 INFO:teuthology.orchestra.run.smithi027.stdout:/usr/bin/ceph: stderr
2024-04-25T16:39:35.740+0000 7f22e270d700 1 -- 172.21.15.27:0/2384402787 wait complete.
2024-04-25T16:39:42.380 INFO:teuthology.orchestra.run.smithi027.stdout:/usr/bin/ceph: stderr
2024-04-25T16:39:35.741+0000 7f22e270d700 1 Processor -- start
2024-04-25T16:39:42.380 INFO:teuthology.orchestra.run.smithi027.stdout:/usr/bin/ceph: stderr
2024-04-25T16:39:35.741+0000 7f22e270d700 1 -- start start
2024-04-25T16:39:42.380 INFO:teuthology.orchestra.run.smithi027.stdout:/usr/bin/ceph: stderr
2024-04-25T16:39:35.742+0000 7f22e270d700 1 --2- >> [v2:172.21.15.27:3300/0,v1:172.21.15.27:6789/0] conn(0x7f22dc10a270 0x7f22dc19c1b0 unknown :-1 s=NONE pgs=0 cs=0 l=1 rev1=0 crypto rx=0 tx=0 comp rx=0 tx=0).connect
2024-04-25T16:39:42.381 INFO:teuthology.orchestra.run.smithi027.stdout:/usr/bin/ceph: stderr
2024-04-25T16:39:35.742+0000 7f22e270d700 1 -- --> [v2:172.21.15.27:3300/0,v1:172.21.15.27:6789/0] -- mon_getmap magic: 0 -- 0x7f22dc107e80 con 0x7f22dc10a270
2024-04-25T16:39:42.381 INFO:teuthology.orchestra.run.smithi027.stdout:/usr/bin/ceph: stderr
2024-04-25T16:39:35.742+0000 7f22dbfff700 1 --2- >> [v2:172.21.15.27:3300/0,v1:172.21.15.27:6789/0] conn(0x7f22dc10a270 0x7f22dc19c1b0 unknown :-1 s=BANNER_CONNECTING pgs=0 cs=0 l=1 rev1=0 crypto rx=0 tx=0 comp rx=0 tx=0)._handle_peer_banner_payload supported=3 required=0
2024-04-25T16:39:42.381 INFO:teuthology.orchestra.run.smithi027.stdout:/usr/bin/ceph: stderr
2024-04-25T16:39:35.742+0000 7f22dbfff700 1 --2- >> [v2:172.21.15.27:3300/0,v1:172.21.15.27:6789/0] conn(0x7f22dc10a270 0x7f22dc19c1b0 unknown :-1 s=HELLO_CONNECTING pgs=0 cs=0 l=1 rev1=1 crypto rx=0 tx=0 comp rx=0 tx=0).handle_hello peer v2:172.21.15.27:3300/0 says I am v2:172.21.15.27:49092/0 (socket says 172.21.15.27:49092)
2024-04-25T16:39:42.381 INFO:teuthology.orchestra.run.smithi027.stdout:/usr/bin/ceph: stderr
2024-04-25T16:39:35.742+0000 7f22dbfff700 1 -- 172.21.15.27:0/3822070686 learned_addr learned my addr 172.21.15.27:0/3822070686 (peer_addr_for_me v2:172.21.15.27:0/0)
2024-04-25T16:39:42.381 INFO:teuthology.orchestra.run.smithi027.stdout:/usr/bin/ceph: stderr
2024-04-25T16:39:35.742+0000 7f22dbfff700 1 -- 172.21.15.27:0/3822070686 --> [v2:172.21.15.27:3300/0,v1:172.21.15.27:6789/0] -- mon_subscribe({config=0+,monmap=0+}) -- 0x7f22dc19c6f0 con 0x7f22dc10a270
2024-04-25T16:39:42.381 INFO:teuthology.orchestra.run.smithi027.stdout:/usr/bin/ceph: stderr
2024-04-25T16:39:35.742+0000 7f22dbfff700 1 --2- 172.21.15.27:0/3822070686 >> [v2:172.21.15.27:3300/0,v1:172.21.15.27:6789/0] conn(0x7f22dc10a270 0x7f22dc19c1b0 secure :-1 s=READY pgs=60 cs=0 l=1 rev1=1 crypto rx=0x7f22cc006af0 tx=0x7f22cc004520 comp rx=0 tx=0).ready entity=mon.0 client_cookie=0 server_cookie=0 in_seq=0 out_seq=0
2024-04-25T16:39:42.381 INFO:teuthology.orchestra.run.smithi027.stdout:/usr/bin/ceph: stderr
2024-04-25T16:39:35.742+0000 7f22d97fa700 1 -- 172.21.15.27:0/3822070686 <== mon.0 v2:172.21.15.27:3300/0 1 ==== mon_map magic: 0 ==== 205+0+0 (secure 0 0 0) 0x7f22cc0036a0 con 0x7f22dc10a270
2024-04-25T16:39:42.381 INFO:teuthology.orchestra.run.smithi027.stdout:/usr/bin/ceph: stderr
2024-04-25T16:39:35.742+0000 7f22d97fa700 1 -- 172.21.15.27:0/3822070686 <== mon.0 v2:172.21.15.27:3300/0 2 ==== config(27 keys) ==== 1135+0+0 (secure 0 0 0) 0x7f22cc01a430 con 0x7f22dc10a270
2024-04-25T16:39:42.381 INFO:teuthology.orchestra.run.smithi027.stdout:/usr/bin/ceph: stderr
2024-04-25T16:39:35.742+0000 7f22d97fa700 1 -- 172.21.15.27:0/3822070686 <== mon.0 v2:172.21.15.27:3300/0 3 ==== mon_map magic: 0 ==== 205+0+0 (secure 0 0 0) 0x7f22cc0193c0 con 0x7f22dc10a270
2024-04-25T16:39:42.381 INFO:teuthology.orchestra.run.smithi027.stdout:/usr/bin/ceph: stderr
2024-04-25T16:39:35.743+0000 7f22e270d700 1 -- 172.21.15.27:0/3822070686 --> [v2:172.21.15.27:3300/0,v1:172.21.15.27:6789/0] -- mon_subscribe({mgrmap=0+}) -- 0x7f22dc19c980 con 0x7f22dc10a270
2024-04-25T16:39:42.381 INFO:teuthology.orchestra.run.smithi027.stdout:/usr/bin/ceph: stderr
2024-04-25T16:39:35.744+0000 7f22e270d700 1 -- 172.21.15.27:0/3822070686 --> [v2:172.21.15.27:3300/0,v1:172.21.15.27:6789/0] -- mon_subscribe({osdmap=0}) -- 0x7f22dc19f590 con 0x7f22dc10a270
2024-04-25T16:39:42.381 INFO:teuthology.orchestra.run.smithi027.stdout:/usr/bin/ceph: stderr
2024-04-25T16:39:35.744+0000 7f22d97fa700 1 -- 172.21.15.27:0/3822070686 <== mon.0 v2:172.21.15.27:3300/0 4 ==== mgrmap(e 9) ==== 49529+0+0 (secure 0 0 0) 0x7f22cc01a990 con 0x7f22dc10a270
2024-04-25T16:39:42.381 INFO:teuthology.orchestra.run.smithi027.stdout:/usr/bin/ceph: stderr
2024-04-25T16:39:35.745+0000 7f22d97fa700 1 --2- 172.21.15.27:0/3822070686 >> [v2:172.21.15.27:6800/3147840509,v1:172.21.15.27:6801/3147840509] conn(0x7f22c803f7a0 0x7f22c8041cb0 unknown :-1 s=NONE pgs=0 cs=0 l=1 rev1=0 crypto rx=0 tx=0 comp rx=0 tx=0).connect
2024-04-25T16:39:42.382 INFO:teuthology.orchestra.run.smithi027.stdout:/usr/bin/ceph: stderr
2024-04-25T16:39:35.745+0000 7f22d97fa700 1 -- 172.21.15.27:0/3822070686 --> [v2:172.21.15.27:6800/3147840509,v1:172.21.15.27:6801/3147840509] -- command(tid 0: {"prefix": "get_command_descriptions"}) -- 0x7f22c80423c0 con 0x7f22c803f7a0
2024-04-25T16:39:42.382 INFO:teuthology.orchestra.run.smithi027.stdout:/usr/bin/ceph: stderr
2024-04-25T16:39:35.745+0000 7f22db7fe700 1 -- 172.21.15.27:0/3822070686 >> [v2:172.21.15.27:6800/3147840509,v1:172.21.15.27:6801/3147840509] conn(0x7f22c803f7a0 msgr2=0x7f22c8041cb0 unknown :-1 s=STATE_CONNECTING_RE l=1).process reconnect failed to v2:172.21.15.27:6800/3147840509
2024-04-25T16:39:42.382 INFO:teuthology.orchestra.run.smithi027.stdout:/usr/bin/ceph: stderr
2024-04-25T16:39:35.745+0000 7f22d97fa700 1 -- 172.21.15.27:0/3822070686 <== mon.0 v2:172.21.15.27:3300/0 5 ==== osd_map(2..2 src has 1..2) ==== 940+0+0 (secure 0 0 0) 0x7f22cc0525b0 con 0x7f22dc10a270
2024-04-25T16:39:42.382 INFO:teuthology.orchestra.run.smithi027.stdout:/usr/bin/ceph: stderr
2024-04-25T16:39:35.745+0000 7f22db7fe700 1 --2- 172.21.15.27:0/3822070686 >> [v2:172.21.15.27:6800/3147840509,v1:172.21.15.27:6801/3147840509] conn(0x7f22c803f7a0 0x7f22c8041cb0 unknown :-1 s=START_CONNECT pgs=0 cs=0 l=1 rev1=0 crypto rx=0 tx=0 comp rx=0 tx=0)._fault waiting 0.200000
2024-04-25T16:39:42.382 INFO:teuthology.orchestra.run.smithi027.stdout:/usr/bin/ceph: stderr
2024-04-25T16:39:35.946+0000 7f22db7fe700 1 -- 172.21.15.27:0/3822070686 >> [v2:172.21.15.27:6800/3147840509,v1:172.21.15.27:6801/3147840509] conn(0x7f22c803f7a0 msgr2=0x7f22c8041cb0 unknown :-1 s=STATE_CONNECTING_RE l=1).process reconnect failed to v2:172.21.15.27:6800/3147840509
2024-04-25T16:39:42.382 INFO:teuthology.orchestra.run.smithi027.stdout:/usr/bin/ceph: stderr
2024-04-25T16:39:35.946+0000 7f22db7fe700 1 --2- 172.21.15.27:0/3822070686 >> [v2:172.21.15.27:6800/3147840509,v1:172.21.15.27:6801/3147840509] conn(0x7f22c803f7a0 0x7f22c8041cb0 unknown :-1 s=START_CONNECT pgs=0 cs=0 l=1 rev1=0 crypto rx=0 tx=0 comp rx=0 tx=0)._fault waiting 0.400000
2024-04-25T16:39:42.382 INFO:teuthology.orchestra.run.smithi027.stdout:/usr/bin/ceph: stderr
2024-04-25T16:39:36.347+0000 7f22db7fe700 1 -- 172.21.15.27:0/3822070686 >> [v2:172.21.15.27:6800/3147840509,v1:172.21.15.27:6801/3147840509] conn(0x7f22c803f7a0 msgr2=0x7f22c8041cb0 unknown :-1 s=STATE_CONNECTING_RE l=1).process reconnect failed to v2:172.21.15.27:6800/3147840509
2024-04-25T16:39:42.382 INFO:teuthology.orchestra.run.smithi027.stdout:/usr/bin/ceph: stderr
2024-04-25T16:39:36.347+0000 7f22db7fe700 1 --2- 172.21.15.27:0/3822070686 >> [v2:172.21.15.27:6800/3147840509,v1:172.21.15.27:6801/3147840509] conn(0x7f22c803f7a0 0x7f22c8041cb0 unknown :-1 s=START_CONNECT pgs=0 cs=0 l=1 rev1=0 crypto rx=0 tx=0 comp rx=0 tx=0)._fault waiting 0.800000
2024-04-25T16:39:42.382 INFO:teuthology.orchestra.run.smithi027.stdout:/usr/bin/ceph: stderr
2024-04-25T16:39:37.148+0000 7f22db7fe700 1 -- 172.21.15.27:0/3822070686 >> [v2:172.21.15.27:6800/3147840509,v1:172.21.15.27:6801/3147840509] conn(0x7f22c803f7a0 msgr2=0x7f22c8041cb0 unknown :-1 s=STATE_CONNECTING_RE l=1).process reconnect failed to v2:172.21.15.27:6800/3147840509
2024-04-25T16:39:42.382 INFO:teuthology.orchestra.run.smithi027.stdout:/usr/bin/ceph: stderr
2024-04-25T16:39:37.148+0000 7f22db7fe700 1 --2- 172.21.15.27:0/3822070686 >> [v2:172.21.15.27:6800/3147840509,v1:172.21.15.27:6801/3147840509] conn(0x7f22c803f7a0 0x7f22c8041cb0 unknown :-1 s=START_CONNECT pgs=0 cs=0 l=1 rev1=0 crypto rx=0 tx=0 comp rx=0 tx=0)._fault waiting 1.600000
2024-04-25T16:39:42.382 INFO:teuthology.orchestra.run.smithi027.stdout:/usr/bin/ceph: stderr
2024-04-25T16:39:38.749+0000 7f22db7fe700 1 -- 172.21.15.27:0/3822070686 >> [v2:172.21.15.27:6800/3147840509,v1:172.21.15.27:6801/3147840509] conn(0x7f22c803f7a0 msgr2=0x7f22c8041cb0 unknown :-1 s=STATE_CONNECTING_RE l=1).process reconnect failed to v2:172.21.15.27:6800/3147840509
2024-04-25T16:39:42.382 INFO:teuthology.orchestra.run.smithi027.stdout:/usr/bin/ceph: stderr
2024-04-25T16:39:38.749+0000 7f22db7fe700 1 --2- 172.21.15.27:0/3822070686 >> [v2:172.21.15.27:6800/3147840509,v1:172.21.15.27:6801/3147840509] conn(0x7f22c803f7a0 0x7f22c8041cb0 unknown :-1 s=START_CONNECT pgs=0 cs=0 l=1 rev1=0 crypto rx=0 tx=0 comp rx=0 tx=0)._fault waiting 3.200000
2024-04-25T16:39:42.382 INFO:teuthology.orchestra.run.smithi027.stdout:/usr/bin/ceph: stderr
2024-04-25T16:39:40.463+0000 7f22d97fa700 1 -- 172.21.15.27:0/3822070686 <== mon.0 v2:172.21.15.27:3300/0 6 ==== mgrmap(e 10) ==== 49296+0+0 (secure 0 0 0) 0x7f22cc003840 con 0x7f22dc10a270
2024-04-25T16:39:42.383 INFO:teuthology.orchestra.run.smithi027.stdout:/usr/bin/ceph: stderr
